Jul 31 06:43:19.859205 np0000187760 devstack@neutron-api.service[101601]: DEBUG neutron.plugins.ml2.drivers.ovn.mech_driver.ovsdb.ovsdb_monitor [None req-8de30332-674c-44ca-a54f-6fb50f68b00e None None] Hash Ring: Node 88c559a9416351b992b7dcd17e6dab2b (host: np0000187760) handling event "create" for row 9097624a-2f91-4135-a8d4-2d220f6b4cb6 (table: ACL) {{(pid=101601) notify /opt/stack/neutron/neutron/plugins/ml2/drivers/ovn/mech_driver/ovsdb/ovsdb_monitor.py:1013}}
Jul 31 06:43:19.859406 np0000187760 devstack@neutron-api.service[101601]: DEBUG neutron.plugins.ml2.drivers.ovn.mech_driver.ovsdb.ovsdb_monitor [None req-8de30332-674c-44ca-a54f-6fb50f68b00e None None] Hash Ring: Node 88c559a9416351b992b7dcd17e6dab2b (host: np0000187760) handling event "create" for row 11b4ff5b-971d-469c-a5a3-c9321b82850d (table: NB_Global) {{(pid=101601) notify /opt/stack/neutron/neutron/plugins/ml2/drivers/ovn/mech_driver/ovsdb/ovsdb_monitor.py:1013}}
Jul 31 06:43:19.859560 np0000187760 devstack@neutron-api.service[101601]: DEBUG neutron.plugins.ml2.drivers.ovn.mech_driver.ovsdb.ovsdb_monitor [None req-8de30332-674c-44ca-a54f-6fb50f68b00e None None] Hash Ring: Node 88c559a9416351b992b7dcd17e6dab2b (host: np0000187760) handling event "create" for row 9bdd853c-ea77-4d72-a877-930975db47e5 (table: Port_Group) {{(pid=101601) notify /opt/stack/neutron/neutron/plugins/ml2/drivers/ovn/mech_driver/ovsdb/ovsdb_monitor.py:1013}}
Jul 31 06:43:19.860568 np0000187760 devstack@neutron-api.service[101601]: INFO neutron.plugins.ml2.drivers.ovn.mech_driver.ovsdb.impl_idl_ovn [None req-8de30332-674c-44ca-a54f-6fb50f68b00e None None] Getting OvsdbSbOvnIdl for WorkerService with retry
Jul 31 06:43:19.887452 np0000187760 devstack@neutron-api.service[101600]: DEBUG oslo_concurrency.processutils [None req-750bb73e-6f28-4bef-a2b5-7b8f8cec5c45 None None] CMD "ovsdb-client transact ssl:199.204.45.70:6641 --timeout 180 -p /opt/stack/data/CA/int-ca/private/devstack-cert.key -c /opt/stack/data/CA/int-ca/devstack-cert.crt -C /opt/stack/data/CA/int-ca/ca-chain.pem ["OVN_Northbound", {"op": "wait", "timeout": 0, "table": "Port_Group", "where": [["name", "==", "pvlan_pg_drop"]], "until": "==", "rows": []}, {"op": "insert", "table": "ACL", "row": {"action": "drop", "direction": "to-lport", "match": "outport == @pvlan_pg_drop && ip", "priority": 1010}, "uuid-name": "pvlandroptoport"}, {"op": "insert", "table": "ACL", "row": {"action": "drop", "direction": "from-lport", "match": "inport == @pvlan_pg_drop && ip", "priority": 1010}, "uuid-name": "pvlandropfromport"}, {"op": "insert", "table": "Port_Group", "row": {"name": "pvlan_pg_drop", "acls": ["set", [["named-uuid", "pvlandroptoport"], ["named-uuid", "pvlandropfromport"]]]}}]" returned: 0 in 0.043s {{(pid=101600) execute /opt/stack/data/venv/lib/python3.12/site-packages/oslo_concurrency/processutils.py:468}}
Jul 31 06:43:19.889195 np0000187760 devstack@neutron-api.service[101602]: DEBUG oslo_concurrency.processutils [None req-201e404b-33a3-44fb-9776-fb01aed75389 None None] CMD "ovsdb-client transact ssl:199.204.45.70:6641 --timeout 180 -p /opt/stack/data/CA/int-ca/private/devstack-cert.key -c /opt/stack/data/CA/int-ca/devstack-cert.crt -C /opt/stack/data/CA/int-ca/ca-chain.pem ["OVN_Northbound", {"op": "wait", "timeout": 0, "table": "Port_Group", "where": [["name", "==", "pvlan_pg_drop"]], "until": "==", "rows": []}, {"op": "insert", "table": "ACL", "row": {"action": "drop", "direction": "to-lport", "match": "outport == @pvlan_pg_drop && ip", "priority": 1010}, "uuid-name": "pvlandroptoport"}, {"op": "insert", "table": "ACL", "row": {"action": "drop", "direction": "from-lport", "match": "inport == @pvlan_pg_drop && ip", "priority": 1010}, "uuid-name": "pvlandropfromport"}, {"op": "insert", "table": "Port_Group", "row": {"name": "pvlan_pg_drop", "acls": ["set", [["named-uuid", "pvlandroptoport"], ["named-uuid", "pvlandropfromport"]]]}}]" returned: 0 in 0.043s {{(pid=101602) execute /opt/stack/data/venv/lib/python3.12/site-packages/oslo_concurrency/processutils.py:468}}
Jul 31 06:43:19.891764 np0000187760 devstack@neutron-api.service[101600]: WSGI app 0 (mountpoint='') ready in 7 seconds on interpreter 0x79a100ea4668 pid: 101600 (default app)
Jul 31 06:43:19.893429 np0000187760 devstack@neutron-api.service[101602]: WSGI app 0 (mountpoint='') ready in 7 seconds on interpreter 0x79a100ea4668 pid: 101602 (default app)
Jul 31 06:43:19.893487 np0000187760 devstack@neutron-api.service[101601]: DEBUG ovsdbapp.backend.ovs_idl [None req-8de30332-674c-44ca-a54f-6fb50f68b00e None None] Created lookup_table index Chassis.name {{(pid=101601) autocreate_indices /opt/stack/data/venv/lib/python3.12/site-packages/ovsdbapp/backend/ovs_idl/__init__.py:87}}
Jul 31 06:43:19.893655 np0000187760 devstack@neutron-api.service[101601]: DEBUG ovsdbapp.backend.ovs_idl [None req-8de30332-674c-44ca-a54f-6fb50f68b00e None None] Created lookup_table index Port_Binding.logical_port {{(pid=101601) autocreate_indices /opt/stack/data/venv/lib/python3.12/site-packages/ovsdbapp/backend/ovs_idl/__init__.py:87}}
Jul 31 06:43:19.893715 np0000187760 devstack@neutron-api.service[101601]: DEBUG ovsdbapp.backend.ovs_idl [None req-8de30332-674c-44ca-a54f-6fb50f68b00e None None] Created schema index Chassis_Private.name {{(pid=101601) autocreate_indices /opt/stack/data/venv/lib/python3.12/site-packages/ovsdbapp/backend/ovs_idl/__init__.py:106}}
Jul 31 06:43:19.893819 np0000187760 devstack@neutron-api.service[101601]: DEBUG ovsdbapp.backend.ovs_idl [None req-8de30332-674c-44ca-a54f-6fb50f68b00e None None] Created schema index Datapath_Binding.tunnel_key {{(pid=101601) autocreate_indices /opt/stack/data/venv/lib/python3.12/site-packages/ovsdbapp/backend/ovs_idl/__init__.py:106}}
Jul 31 06:43:19.895953 np0000187760 devstack@neutron-api.service[101601]: INFO ovsdbapp.backend.ovs_idl.vlog [None req-8de30332-674c-44ca-a54f-6fb50f68b00e None None] ssl:199.204.45.70:6642: connecting...
Jul 31 06:43:19.901452 np0000187760 devstack@neutron-api.service[101601]: INFO ovsdbapp.backend.ovs_idl.vlog [None req-8de30332-674c-44ca-a54f-6fb50f68b00e None None] ssl:199.204.45.70:6642: connected
Jul 31 06:43:19.929667 np0000187760 devstack@neutron-api.service[101601]: DEBUG neutron.common.ovn.hash_ring_manager [None req-8de30332-674c-44ca-a54f-6fb50f68b00e None None] Allow caching, nodes 4>=4 {{(pid=101601) _wait_startup_before_caching /opt/stack/neutron/neutron/common/ovn/hash_ring_manager.py:71}}
Jul 31 06:43:19.933493 np0000187760 devstack@neutron-api.service[101601]: DEBUG neutron.common.ovn.hash_ring_manager [None req-8de30332-674c-44ca-a54f-6fb50f68b00e None None] Hash Ring loaded. 4 active nodes. 0 offline nodes {{(pid=101601) _load_hash_ring /opt/stack/neutron/neutron/common/ovn/hash_ring_manager.py:110}}
Jul 31 06:43:19.933962 np0000187760 devstack@neutron-api.service[101601]: DEBUG ovsdbapp.backend.ovs_idl.event [None req-8de30332-674c-44ca-a54f-6fb50f68b00e None None] Matched CREATE: ChassisAgentWriteEvent(events=('create', 'update'), table='Chassis_Private', conditions=None, old_conditions=None), priority=20 to row=Chassis_Private(uuid=c7d2a32b-fd32-4172-a034-192bd9030ed1, chassis=e0553a5c-5cbf-4b02-9c37-f865fcd1f269, external_ids={'neutron:ovn-bridge': 'br-int', 'neutron:ovn-neutron-agent-id': '62bde14e-897d-5a96-bd7c-6cc49902a806', 'neutron:ovn-neutron-agent-sb-cfg': '0'}, name='faf06979-5868-4c34-8ea2-1f4c974c6c5e', nb_cfg=0, nb_cfg_timestamp=0) old= {{(pid=101601) matches /opt/stack/data/venv/lib/python3.12/site-packages/ovsdbapp/backend/ovs_idl/event.py:55}}
Jul 31 06:43:19.934379 np0000187760 devstack@neutron-api.service[101601]: DEBUG ovsdbapp.backend.ovs_idl.event [None req-8de30332-674c-44ca-a54f-6fb50f68b00e None None] Matched CREATE: ChassisOVNAgentWriteEvent(events=('create', 'update'), table='Chassis_Private', conditions=None, old_conditions=None), priority=20 to row=Chassis_Private(uuid=c7d2a32b-fd32-4172-a034-192bd9030ed1, chassis=e0553a5c-5cbf-4b02-9c37-f865fcd1f269, external_ids={'neutron:ovn-bridge': 'br-int', 'neutron:ovn-neutron-agent-id': '62bde14e-897d-5a96-bd7c-6cc49902a806', 'neutron:ovn-neutron-agent-sb-cfg': '0'}, name='faf06979-5868-4c34-8ea2-1f4c974c6c5e', nb_cfg=0, nb_cfg_timestamp=0) old= {{(pid=101601) matches /opt/stack/data/venv/lib/python3.12/site-packages/ovsdbapp/backend/ovs_idl/event.py:55}}
Jul 31 06:43:19.934649 np0000187760 devstack@neutron-api.service[101601]: DEBUG neutron.plugins.ml2.drivers.ovn.mech_driver.ovsdb.ovsdb_monitor [None req-8de30332-674c-44ca-a54f-6fb50f68b00e None None] Hash Ring: Node 88c559a9416351b992b7dcd17e6dab2b (host: np0000187760) handling event "create" for row 99ff1f3b-4d44-4a54-b50e-777aefe6c6a9 (table: Encap) {{(pid=101601) notify /opt/stack/neutron/neutron/plugins/ml2/drivers/ovn/mech_driver/ovsdb/ovsdb_monitor.py:1013}}
Jul 31 06:43:19.937140 np0000187760 devstack@neutron-api.service[101601]: INFO neutron.plugins.ml2.drivers.ovn.mech_driver.mech_driver [None req-8de30332-674c-44ca-a54f-6fb50f68b00e None None] WorkerService process has finished the post initialization
Jul 31 06:43:19.937527 np0000187760 devstack@neutron-api.service[101601]: DEBUG oslo_concurrency.processutils [None req-8de30332-674c-44ca-a54f-6fb50f68b00e None None] Running cmd (subprocess): ovsdb-client transact ssl:199.204.45.70:6641 --timeout 180 -p /opt/stack/data/CA/int-ca/private/devstack-cert.key -c /opt/stack/data/CA/int-ca/devstack-cert.crt -C /opt/stack/data/CA/int-ca/ca-chain.pem ["OVN_Northbound", {"op": "wait", "timeout": 0, "table": "Port_Group", "where": [["name", "==", "pvlan_pg_drop"]], "until": "==", "rows": []}, {"op": "insert", "table": "ACL", "row": {"action": "drop", "direction": "to-lport", "match": "outport == @pvlan_pg_drop && ip", "priority": 1010}, "uuid-name": "pvlandroptoport"}, {"op": "insert", "table": "ACL", "row": {"action": "drop", "direction": "from-lport", "match": "inport == @pvlan_pg_drop && ip", "priority": 1010}, "uuid-name": "pvlandropfromport"}, {"op": "insert", "table": "Port_Group", "row": {"name": "pvlan_pg_drop", "acls": ["set", [["named-uuid", "pvlandroptoport"], ["named-uuid", "pvlandropfromport"]]]}}] {{(pid=101601) execute /opt/stack/data/venv/lib/python3.12/site-packages/oslo_concurrency/processutils.py:440}}
Jul 31 06:43:19.975887 np0000187760 devstack@neutron-api.service[101601]: DEBUG oslo_concurrency.processutils [None req-8de30332-674c-44ca-a54f-6fb50f68b00e None None] CMD "ovsdb-client transact ssl:199.204.45.70:6641 --timeout 180 -p /opt/stack/data/CA/int-ca/private/devstack-cert.key -c /opt/stack/data/CA/int-ca/devstack-cert.crt -C /opt/stack/data/CA/int-ca/ca-chain.pem ["OVN_Northbound", {"op": "wait", "timeout": 0, "table": "Port_Group", "where": [["name", "==", "pvlan_pg_drop"]], "until": "==", "rows": []}, {"op": "insert", "table": "ACL", "row": {"action": "drop", "direction": "to-lport", "match": "outport == @pvlan_pg_drop && ip", "priority": 1010}, "uuid-name": "pvlandroptoport"}, {"op": "insert", "table": "ACL", "row": {"action": "drop", "direction": "from-lport", "match": "inport == @pvlan_pg_drop && ip", "priority": 1010}, "uuid-name": "pvlandropfromport"}, {"op": "insert", "table": "Port_Group", "row": {"name": "pvlan_pg_drop", "acls": ["set", [["named-uuid", "pvlandroptoport"], ["named-uuid", "pvlandropfromport"]]]}}]" returned: 0 in 0.038s {{(pid=101601) execute /opt/stack/data/venv/lib/python3.12/site-packages/oslo_concurrency/processutils.py:468}}
Jul 31 06:43:19.979736 np0000187760 devstack@neutron-api.service[101601]: WSGI app 0 (mountpoint='') ready in 7 seconds on interpreter 0x79a100ea4668 pid: 101601 (default app)
Jul 31 06:43:21.032342 np0000187760 devstack@neutron-api.service[101603]: DEBUG neutron.common.ovn.hash_ring_manager [-] Allow caching, nodes 4>=4 {{(pid=101603) _wait_startup_before_caching /opt/stack/neutron/neutron/common/ovn/hash_ring_manager.py:71}}
Jul 31 06:43:21.032649 np0000187760 devstack@neutron-api.service[101603]: DEBUG neutron.plugins.ml2.drivers.ovn.mech_driver.ovsdb.ovsdb_monitor [-] Hash Ring: Node cff51bd55ff550f58f43a8e1cf9ef1e1 (host: np0000187760) handling event "update" for row 929f1955-c004-4c91-ae00-6b73fb230ae2 (table: Connection) {{(pid=101603) notify /opt/stack/neutron/neutron/plugins/ml2/drivers/ovn/mech_driver/ovsdb/ovsdb_monitor.py:1013}}
Jul 31 06:43:21.032691 np0000187760 devstack@neutron-api.service[101602]: DEBUG neutron.plugins.ml2.drivers.ovn.mech_driver.ovsdb.ovsdb_monitor [-] Hash Ring: Node 14d89d8fad925f698cce8f7ec0ec5e47 (host: np0000187760) handling event "update" for row 929f1955-c004-4c91-ae00-6b73fb230ae2 (table: Connection) {{(pid=101602) notify /opt/stack/neutron/neutron/plugins/ml2/drivers/ovn/mech_driver/ovsdb/ovsdb_monitor.py:1013}}
Jul 31 06:43:23.530443 np0000187760 devstack@neutron-api.service[101603]: DEBUG neutron.plugins.ml2.drivers.ovn.mech_driver.ovsdb.ovsdb_monitor [-] Hash Ring: Node cff51bd55ff550f58f43a8e1cf9ef1e1 (host: np0000187760) handling event "update" for row 929f1955-c004-4c91-ae00-6b73fb230ae2 (table: Connection) {{(pid=101603) notify /opt/stack/neutron/neutron/plugins/ml2/drivers/ovn/mech_driver/ovsdb/ovsdb_monitor.py:1013}}
Jul 31 06:43:23.532830 np0000187760 devstack@neutron-api.service[101602]: DEBUG neutron.plugins.ml2.drivers.ovn.mech_driver.ovsdb.ovsdb_monitor [-] Hash Ring: Node 14d89d8fad925f698cce8f7ec0ec5e47 (host: np0000187760) handling event "update" for row 929f1955-c004-4c91-ae00-6b73fb230ae2 (table: Connection) {{(pid=101602) notify /opt/stack/neutron/neutron/plugins/ml2/drivers/ovn/mech_driver/ovsdb/ovsdb_monitor.py:1013}}
Jul 31 06:43:26.029318 np0000187760 devstack@neutron-api.service[101603]: DEBUG neutron.api.wsgi [None req-74195a55-d333-455b-85a0-ae4b47696fb6 admin admin] Missing Content-Type {{(pid=101603) get_content_type /opt/stack/neutron/neutron/api/wsgi.py:80}}
Jul 31 06:43:26.030045 np0000187760 devstack@neutron-api.service[101603]: DEBUG neutron.api.wsgi [None req-74195a55-d333-455b-85a0-ae4b47696fb6 admin admin] https://199.204.45.70/networking/v2.0/extensions returned with HTTP 200 {{(pid=101603) __call__ /opt/stack/neutron/neutron/api/wsgi.py:540}}
Jul 31 06:43:26.030149 np0000187760 devstack@neutron-api.service[101603]: [pid: 101603|app: 0|req: 2/2] 199.204.45.70 () {64 vars in 1316 bytes} [Fri Jul 31 06:43:25 2026] GET /networking/v2.0/extensions => generated 16171 bytes in 465 msecs (HTTP/1.1 200) 4 headers in 159 bytes (1 switches on core 0)
Jul 31 06:43:26.462848 np0000187760 devstack@neutron-api.service[101600]: DEBUG neutron.api.v2.base [None req-b5eef173-56ed-4f7b-8df4-c28febcc1510 admin admin] Request body: {'subnetpool': {'is_default': True, 'shared': True, 'name': 'shared-default-subnetpool-v4', 'default_prefixlen': 26, 'prefixes': ['10.1.0.0/20']}} {{(pid=101600) prepare_request_body /opt/stack/neutron/neutron/api/v2/base.py:727}}
Jul 31 06:43:26.664692 np0000187760 devstack@neutron-api.service[101600]: DEBUG neutron.policy [None req-b5eef173-56ed-4f7b-8df4-c28febcc1510 admin admin] Loaded default policies from ['neutron'] under neutron.policies entry points {{(pid=101600) register_rules /opt/stack/neutron/neutron/policy.py:65}}
Jul 31 06:43:26.826369 np0000187760 devstack@neutron-api.service[101600]: DEBUG neutron_lib.callbacks.manager [None req-b5eef173-56ed-4f7b-8df4-c28febcc1510 admin admin] Publish callbacks ['neutron.objects.securitygroup.RbacNeutronDbObjectMixin.validate_rbac_policy_change-2236412655978', 'neutron.objects.address_group.RbacNeutronDbObjectMixin.validate_rbac_policy_change-2236412730856', 'neutron.objects.network.RbacNeutronDbObjectMixin.validate_rbac_policy_change-2236412592500', 'neutron.objects.qos.policy.RbacNeutronDbObjectMixin.validate_rbac_policy_change-2236412624572', 'neutron.objects.subnetpool.RbacNeutronDbObjectMixin.validate_rbac_policy_change-2236412614285', 'neutron.objects.address_scope.RbacNeutronDbObjectMixin.validate_rbac_policy_change-2236412614650', 'neutron.plugins.ml2.plugin.External_net_db_mixin._process_ext_policy_create-3968586', 'neutron.plugins.ml2.plugin.NeutronDbPluginV2.validate_network_rbac_policy_change-3974754'] for rbac-policy (None), before_create {{(pid=101600) _notify_loop /opt/stack/data/venv/lib/python3.12/site-packages/neutron_lib/callbacks/manager.py:184}}
Jul 31 06:43:26.880367 np0000187760 devstack@neutron-api.service[101600]: DEBUG neutron_lib.callbacks.manager [None req-b5eef173-56ed-4f7b-8df4-c28febcc1510 admin admin] Publish callbacks [] for subnetpool (None), before_response {{(pid=101600) _notify_loop /opt/stack/data/venv/lib/python3.12/site-packages/neutron_lib/callbacks/manager.py:184}}
Jul 31 06:43:26.881289 np0000187760 devstack@neutron-api.service[101600]: [pid: 101600|app: 0|req: 1/3] 199.204.45.70 () {68 vars in 1360 bytes} [Fri Jul 31 06:43:26 2026] POST /networking/v2.0/subnetpools => generated 533 bytes in 543 msecs (HTTP/1.1 201) 4 headers in 162 bytes (1 switches on core 0)
Jul 31 06:43:27.240198 np0000187760 devstack@neutron-api.service[101602]: DEBUG neutron.api.v2.base [None req-5f760386-bcf0-4c94-acee-98d7c3446735 admin admin] Request body: {'subnetpool': {'is_default': True, 'shared': True, 'name': 'shared-default-subnetpool-v6', 'default_prefixlen': 64, 'prefixes': ['fd59:3701:4a16::/56']}} {{(pid=101602) prepare_request_body /opt/stack/neutron/neutron/api/v2/base.py:727}}
Jul 31 06:43:27.420977 np0000187760 devstack@neutron-api.service[101602]: DEBUG neutron.policy [None req-5f760386-bcf0-4c94-acee-98d7c3446735 admin admin] Loaded default policies from ['neutron'] under neutron.policies entry points {{(pid=101602) register_rules /opt/stack/neutron/neutron/policy.py:65}}
Jul 31 06:43:27.570862 np0000187760 devstack@neutron-api.service[101602]: DEBUG neutron_lib.callbacks.manager [None req-5f760386-bcf0-4c94-acee-98d7c3446735 admin admin] Publish callbacks ['neutron.objects.securitygroup.RbacNeutronDbObjectMixin.validate_rbac_policy_change-2236412650233', 'neutron.objects.address_group.RbacNeutronDbObjectMixin.validate_rbac_policy_change-2236412730896', 'neutron.objects.network.RbacNeutronDbObjectMixin.validate_rbac_policy_change-2236412619444', 'neutron.objects.qos.policy.RbacNeutronDbObjectMixin.validate_rbac_policy_change-2236412701419', 'neutron.objects.subnetpool.RbacNeutronDbObjectMixin.validate_rbac_policy_change-2236412691874', 'neutron.objects.address_scope.RbacNeutronDbObjectMixin.validate_rbac_policy_change-2236412692215', 'neutron.plugins.ml2.plugin.External_net_db_mixin._process_ext_policy_create-4183458', 'neutron.plugins.ml2.plugin.NeutronDbPluginV2.validate_network_rbac_policy_change-4190606'] for rbac-policy (None), before_create {{(pid=101602) _notify_loop /opt/stack/data/venv/lib/python3.12/site-packages/neutron_lib/callbacks/manager.py:184}}
Jul 31 06:43:27.615399 np0000187760 devstack@neutron-api.service[101602]: DEBUG neutron_lib.callbacks.manager [None req-5f760386-bcf0-4c94-acee-98d7c3446735 admin admin] Publish callbacks [] for subnetpool (None), before_response {{(pid=101602) _notify_loop /opt/stack/data/venv/lib/python3.12/site-packages/neutron_lib/callbacks/manager.py:184}}
Jul 31 06:43:27.615929 np0000187760 devstack@neutron-api.service[101602]: [pid: 101602|app: 0|req: 1/4] 199.204.45.70 () {68 vars in 1360 bytes} [Fri Jul 31 06:43:27 2026] POST /networking/v2.0/subnetpools => generated 543 bytes in 494 msecs (HTTP/1.1 201) 4 headers in 162 bytes (1 switches on core 0)
Jul 31 06:43:28.047601 np0000187760 devstack@neutron-api.service[101601]: DEBUG neutron.api.v2.base [None req-aa81e0b5-b08e-473e-a609-22501880cd94 admin admin] Request body: {'network': {'admin_state_up': True, 'name': 'private'}} {{(pid=101601) prepare_request_body /opt/stack/neutron/neutron/api/v2/base.py:727}}
Jul 31 06:43:28.084205 np0000187760 devstack@neutron-api.service[101601]: DEBUG neutron.pecan_wsgi.hooks.quota_enforcement [None req-aa81e0b5-b08e-473e-a609-22501880cd94 admin admin] Made reservation on behalf of a71a8c331f2a4d858b6c2ebd2eab7880 for: {'network': 1} {{(pid=101601) before /opt/stack/neutron/neutron/pecan_wsgi/hooks/quota_enforcement.py:66}}
Jul 31 06:43:28.251763 np0000187760 devstack@neutron-api.service[101601]: DEBUG neutron.policy [None req-aa81e0b5-b08e-473e-a609-22501880cd94 admin admin] Loaded default policies from ['neutron'] under neutron.policies entry points {{(pid=101601) register_rules /opt/stack/neutron/neutron/policy.py:65}}
Jul 31 06:43:28.358285 np0000187760 devstack@neutron-api.service[101601]: DEBUG neutron_lib.callbacks.manager [None req-aa81e0b5-b08e-473e-a609-22501880cd94 admin admin] Publish callbacks ['neutron.plugins.ml2.plugin.SecurityGroupDbMixin._ensure_default_security_group_handler-105328'] for network (None), before_create {{(pid=101601) _notify_loop /opt/stack/data/venv/lib/python3.12/site-packages/neutron_lib/callbacks/manager.py:184}}
Jul 31 06:43:28.382850 np0000187760 devstack@neutron-api.service[101601]: DEBUG neutron_lib.callbacks.manager [None req-aa81e0b5-b08e-473e-a609-22501880cd94 admin admin] Publish callbacks [] for security_group (None), before_create {{(pid=101601) _notify_loop /opt/stack/data/venv/lib/python3.12/site-packages/neutron_lib/callbacks/manager.py:184}}
Jul 31 06:43:28.481806 np0000187760 devstack@neutron-api.service[101601]: DEBUG neutron_lib.callbacks.manager [None req-aa81e0b5-b08e-473e-a609-22501880cd94 admin admin] Publish callbacks ['neutron.plugins.ml2.drivers.ovn.mech_driver.mech_driver.OVNMechanismDriver._create_security_group_precommit-337466'] for security_group (bbe41404-61c5-4f37-9e63-e970db0f0362), precommit_create {{(pid=101601) _notify_loop /opt/stack/data/venv/lib/python3.12/site-packages/neutron_lib/callbacks/manager.py:184}}
Jul 31 06:43:28.482003 np0000187760 devstack@neutron-api.service[101601]: DEBUG neutron.db.ovn_revision_numbers_db [None req-aa81e0b5-b08e-473e-a609-22501880cd94 admin admin] create_initial_revision uuid=bbe41404-61c5-4f37-9e63-e970db0f0362, type=security_groups, rev=-1 {{(pid=101601) create_initial_revision /opt/stack/neutron/neutron/db/ovn_revision_numbers_db.py:98}}
Jul 31 06:43:28.484424 np0000187760 devstack@neutron-api.service[101601]: DEBUG neutron.db.ovn_revision_numbers_db [None req-aa81e0b5-b08e-473e-a609-22501880cd94 admin admin] create_initial_revision uuid=0aeab7ad-af8c-40b2-9104-bc153fc49cf5, type=security_group_rules, rev=-1 {{(pid=101601) create_initial_revision /opt/stack/neutron/neutron/db/ovn_revision_numbers_db.py:98}}
Jul 31 06:43:28.485509 np0000187760 devstack@neutron-api.service[101601]: DEBUG neutron.db.ovn_revision_numbers_db [None req-aa81e0b5-b08e-473e-a609-22501880cd94 admin admin] create_initial_revision uuid=207d8d6c-8bd8-4c04-988b-93d898253c11, type=security_group_rules, rev=-1 {{(pid=101601) create_initial_revision /opt/stack/neutron/neutron/db/ovn_revision_numbers_db.py:98}}
Jul 31 06:43:28.486642 np0000187760 devstack@neutron-api.service[101601]: DEBUG neutron.db.ovn_revision_numbers_db [None req-aa81e0b5-b08e-473e-a609-22501880cd94 admin admin] create_initial_revision uuid=bc2595de-7437-40b8-a05f-1358337a5801, type=security_group_rules, rev=-1 {{(pid=101601) create_initial_revision /opt/stack/neutron/neutron/db/ovn_revision_numbers_db.py:98}}
Jul 31 06:43:28.487653 np0000187760 devstack@neutron-api.service[101601]: DEBUG neutron.db.ovn_revision_numbers_db [None req-aa81e0b5-b08e-473e-a609-22501880cd94 admin admin] create_initial_revision uuid=ddb0f32d-ef66-4335-89d5-006c6fdb4b30, type=security_group_rules, rev=-1 {{(pid=101601) create_initial_revision /opt/stack/neutron/neutron/db/ovn_revision_numbers_db.py:98}}
Jul 31 06:43:28.495184 np0000187760 devstack@neutron-api.service[101601]: DEBUG neutron_lib.callbacks.manager [None req-aa81e0b5-b08e-473e-a609-22501880cd94 admin admin] Publish callbacks ['neutron.plugins.ml2.drivers.ovn.mech_driver.mech_driver.OVNMechanismDriver._create_security_group-337440', 'neutron.plugins.ml2.ovo_rpc._ObjectChangeHandler.handle_event-2039286'] for security_group (bbe41404-61c5-4f37-9e63-e970db0f0362), after_create {{(pid=101601) _notify_loop /opt/stack/data/venv/lib/python3.12/site-packages/neutron_lib/callbacks/manager.py:184}}
Jul 31 06:43:28.495930 np0000187760 devstack@neutron-api.service[101601]: INFO neutron.plugins.ml2.drivers.ovn.mech_driver.ovsdb.extensions.qos [None req-aa81e0b5-b08e-473e-a609-22501880cd94 admin admin] Starting OVNClientQosExtension
Jul 31 06:43:28.495930 np0000187760 devstack@neutron-api.service[101601]: INFO neutron.plugins.ml2.drivers.ovn.mech_driver.ovsdb.extensions.placement [None req-aa81e0b5-b08e-473e-a609-22501880cd94 admin admin] Starting OVNClientPlacementExtension
Jul 31 06:43:28.497091 np0000187760 devstack@neutron-api.service[101601]: DEBUG ovsdbapp.backend.ovs_idl.transaction [-] Running txn n=1 command(idx=0): PgAddCommand(_result=None, name=pg_bbe41404_61c5_4f37_9e63_e970db0f0362, may_exist=False, columns={'acls': [], 'external_ids': {'neutron:security_group_id': 'bbe41404-61c5-4f37-9e63-e970db0f0362'}}) {{(pid=101601) do_commit /opt/stack/data/venv/lib/python3.12/site-packages/ovsdbapp/backend/ovs_idl/transaction.py:89}}
Jul 31 06:43:28.498968 np0000187760 devstack@neutron-api.service[101601]: DEBUG ovsdbapp.backend.ovs_idl.transaction [-] Running txn n=1 command(idx=1): PgAclAddCommand(_result=None, entity=pg_bbe41404_61c5_4f37_9e63_e970db0f0362, direction=to-lport, priority=1002, match=outport == @pg_bbe41404_61c5_4f37_9e63_e970db0f0362 && ip6 && ip6.src == $pg_bbe41404_61c5_4f37_9e63_e970db0f0362_ip6, action=allow-related, log=False, may_exist=True, severity=[], name=[], meter=[], external_ids={'neutron:security_group_rule_id': '0aeab7ad-af8c-40b2-9104-bc153fc49cf5'}) {{(pid=101601) do_commit /opt/stack/data/venv/lib/python3.12/site-packages/ovsdbapp/backend/ovs_idl/transaction.py:89}}
Jul 31 06:43:28.499384 np0000187760 devstack@neutron-api.service[101601]: DEBUG ovsdbapp.backend.ovs_idl.transaction [-] Running txn n=1 command(idx=2): PgAclAddCommand(_result=None, entity=pg_bbe41404_61c5_4f37_9e63_e970db0f0362, direction=from-lport, priority=1002, match=inport == @pg_bbe41404_61c5_4f37_9e63_e970db0f0362 && ip6, action=allow-related, log=False, may_exist=True, severity=[], name=[], meter=[], external_ids={'neutron:security_group_rule_id': '207d8d6c-8bd8-4c04-988b-93d898253c11'}) {{(pid=101601) do_commit /opt/stack/data/venv/lib/python3.12/site-packages/ovsdbapp/backend/ovs_idl/transaction.py:89}}
Jul 31 06:43:28.499752 np0000187760 devstack@neutron-api.service[101601]: DEBUG ovsdbapp.backend.ovs_idl.transaction [-] Running txn n=1 command(idx=3): PgAclAddCommand(_result=None, entity=pg_bbe41404_61c5_4f37_9e63_e970db0f0362, direction=to-lport, priority=1002, match=outport == @pg_bbe41404_61c5_4f37_9e63_e970db0f0362 && ip4 && ip4.src == $pg_bbe41404_61c5_4f37_9e63_e970db0f0362_ip4, action=allow-related, log=False, may_exist=True, severity=[], name=[], meter=[], external_ids={'neutron:security_group_rule_id': 'bc2595de-7437-40b8-a05f-1358337a5801'}) {{(pid=101601) do_commit /opt/stack/data/venv/lib/python3.12/site-packages/ovsdbapp/backend/ovs_idl/transaction.py:89}}
Jul 31 06:43:28.500429 np0000187760 devstack@neutron-api.service[101601]: DEBUG ovsdbapp.backend.ovs_idl.transaction [-] Running txn n=1 command(idx=4): PgAclAddCommand(_result=None, entity=pg_bbe41404_61c5_4f37_9e63_e970db0f0362, direction=from-lport, priority=1002, match=inport == @pg_bbe41404_61c5_4f37_9e63_e970db0f0362 && ip4, action=allow-related, log=False, may_exist=True, severity=[], name=[], meter=[], external_ids={'neutron:security_group_rule_id': 'ddb0f32d-ef66-4335-89d5-006c6fdb4b30'}) {{(pid=101601) do_commit /opt/stack/data/venv/lib/python3.12/site-packages/ovsdbapp/backend/ovs_idl/transaction.py:89}}
Jul 31 06:43:28.507377 np0000187760 devstack@neutron-api.service[101603]: DEBUG neutron.plugins.ml2.drivers.ovn.mech_driver.ovsdb.ovsdb_monitor [-] Hash Ring: Node cff51bd55ff550f58f43a8e1cf9ef1e1 (host: np0000187760) handling event "create" for row 02b26ba8-825c-4ec7-bbe2-d975efb3b6d8 (table: ACL) {{(pid=101603) notify /opt/stack/neutron/neutron/plugins/ml2/drivers/ovn/mech_driver/ovsdb/ovsdb_monitor.py:1013}}
Jul 31 06:43:28.507377 np0000187760 devstack@neutron-api.service[101603]: DEBUG neutron.plugins.ml2.drivers.ovn.mech_driver.ovsdb.ovsdb_monitor [-] Hash Ring: Node cff51bd55ff550f58f43a8e1cf9ef1e1 (host: np0000187760) handling event "create" for row 0933d0a0-4c61-4bc1-8d06-73720abe70ab (table: ACL) {{(pid=101603) notify /opt/stack/neutron/neutron/plugins/ml2/drivers/ovn/mech_driver/ovsdb/ovsdb_monitor.py:1013}}
Jul 31 06:43:28.508317 np0000187760 devstack@neutron-api.service[101603]: DEBUG neutron.plugins.ml2.drivers.ovn.mech_driver.ovsdb.ovsdb_monitor [-] Hash Ring: Node cff51bd55ff550f58f43a8e1cf9ef1e1 (host: np0000187760) handling event "create" for row 3037db9d-b9ea-475a-8b56-4964d4774616 (table: ACL) {{(pid=101603) notify /opt/stack/neutron/neutron/plugins/ml2/drivers/ovn/mech_driver/ovsdb/ovsdb_monitor.py:1013}}
Jul 31 06:43:28.508317 np0000187760 devstack@neutron-api.service[101603]: DEBUG neutron.plugins.ml2.drivers.ovn.mech_driver.ovsdb.ovsdb_monitor [-] Hash Ring: Node cff51bd55ff550f58f43a8e1cf9ef1e1 (host: np0000187760) handling event "create" for row 969ef265-598c-47ba-890e-877e300cc0e9 (table: ACL) {{(pid=101603) notify /opt/stack/neutron/neutron/plugins/ml2/drivers/ovn/mech_driver/ovsdb/ovsdb_monitor.py:1013}}
Jul 31 06:43:28.508317 np0000187760 devstack@neutron-api.service[101603]: DEBUG neutron.plugins.ml2.drivers.ovn.mech_driver.ovsdb.ovsdb_monitor [-] Hash Ring: Node cff51bd55ff550f58f43a8e1cf9ef1e1 (host: np0000187760) handling event "create" for row 3c66e1e6-3449-45f5-9dee-70eee8cc91fb (table: Port_Group) {{(pid=101603) notify /opt/stack/neutron/neutron/plugins/ml2/drivers/ovn/mech_driver/ovsdb/ovsdb_monitor.py:1013}}
Jul 31 06:43:28.508691 np0000187760 devstack@neutron-api.service[101601]: DEBUG neutron.plugins.ml2.drivers.ovn.mech_driver.ovsdb.ovsdb_monitor [-] Hash Ring: Node 88c559a9416351b992b7dcd17e6dab2b (host: np0000187760) handling event "create" for row 969ef265-598c-47ba-890e-877e300cc0e9 (table: ACL) {{(pid=101601) notify /opt/stack/neutron/neutron/plugins/ml2/drivers/ovn/mech_driver/ovsdb/ovsdb_monitor.py:1013}}
Jul 31 06:43:28.508691 np0000187760 devstack@neutron-api.service[101601]: DEBUG neutron.plugins.ml2.drivers.ovn.mech_driver.ovsdb.ovsdb_monitor [-] Hash Ring: Node 88c559a9416351b992b7dcd17e6dab2b (host: np0000187760) handling event "create" for row 3c66e1e6-3449-45f5-9dee-70eee8cc91fb (table: Port_Group) {{(pid=101601) notify /opt/stack/neutron/neutron/plugins/ml2/drivers/ovn/mech_driver/ovsdb/ovsdb_monitor.py:1013}}
Jul 31 06:43:28.510858 np0000187760 devstack@neutron-api.service[101602]: DEBUG neutron.plugins.ml2.drivers.ovn.mech_driver.ovsdb.ovsdb_monitor [-] Hash Ring: Node 14d89d8fad925f698cce8f7ec0ec5e47 (host: np0000187760) handling event "create" for row 02b26ba8-825c-4ec7-bbe2-d975efb3b6d8 (table: ACL) {{(pid=101602) notify /opt/stack/neutron/neutron/plugins/ml2/drivers/ovn/mech_driver/ovsdb/ovsdb_monitor.py:1013}}
Jul 31 06:43:28.511309 np0000187760 devstack@neutron-api.service[101602]: DEBUG neutron.plugins.ml2.drivers.ovn.mech_driver.ovsdb.ovsdb_monitor [-] Hash Ring: Node 14d89d8fad925f698cce8f7ec0ec5e47 (host: np0000187760) handling event "create" for row 0933d0a0-4c61-4bc1-8d06-73720abe70ab (table: ACL) {{(pid=101602) notify /opt/stack/neutron/neutron/plugins/ml2/drivers/ovn/mech_driver/ovsdb/ovsdb_monitor.py:1013}}
Jul 31 06:43:28.511398 np0000187760 devstack@neutron-api.service[101600]: DEBUG neutron.plugins.ml2.drivers.ovn.mech_driver.ovsdb.ovsdb_monitor [-] Hash Ring: Node c139581ab6ff5dca94dc79a6d5b36b99 (host: np0000187760) handling event "create" for row 3c66e1e6-3449-45f5-9dee-70eee8cc91fb (table: Port_Group) {{(pid=101600) notify /opt/stack/neutron/neutron/plugins/ml2/drivers/ovn/mech_driver/ovsdb/ovsdb_monitor.py:1013}}
Jul 31 06:43:28.539721 np0000187760 devstack@neutron-api.service[101601]: INFO neutron.db.ovn_revision_numbers_db [None req-aa81e0b5-b08e-473e-a609-22501880cd94 admin admin] Successfully bumped revision number for resource bbe41404-61c5-4f37-9e63-e970db0f0362 (type: security_groups) to 1
Jul 31 06:43:28.558127 np0000187760 devstack@neutron-api.service[101601]: INFO neutron.db.ovn_revision_numbers_db [None req-aa81e0b5-b08e-473e-a609-22501880cd94 admin admin] Successfully bumped revision number for resource 0aeab7ad-af8c-40b2-9104-bc153fc49cf5 (type: security_group_rules) to 0
Jul 31 06:43:28.576444 np0000187760 devstack@neutron-api.service[101601]: INFO neutron.db.ovn_revision_numbers_db [None req-aa81e0b5-b08e-473e-a609-22501880cd94 admin admin] Successfully bumped revision number for resource 207d8d6c-8bd8-4c04-988b-93d898253c11 (type: security_group_rules) to 0
Jul 31 06:43:28.593083 np0000187760 devstack@neutron-api.service[101601]: INFO neutron.db.ovn_revision_numbers_db [None req-aa81e0b5-b08e-473e-a609-22501880cd94 admin admin] Successfully bumped revision number for resource bc2595de-7437-40b8-a05f-1358337a5801 (type: security_group_rules) to 0
Jul 31 06:43:28.608273 np0000187760 devstack@neutron-api.service[101601]: INFO neutron.db.ovn_revision_numbers_db [None req-aa81e0b5-b08e-473e-a609-22501880cd94 admin admin] Successfully bumped revision number for resource ddb0f32d-ef66-4335-89d5-006c6fdb4b30 (type: security_group_rules) to 0
Jul 31 06:43:28.637184 np0000187760 devstack@neutron-api.service[101601]: DEBUG neutron.api.rpc.handlers.resources_rpc [None req-aa81e0b5-b08e-473e-a609-22501880cd94 admin admin] Pushing event updated for resources: {'SecurityGroup': ['ID=bbe41404-61c5-4f37-9e63-e970db0f0362,revision_number=1']} {{(pid=101601) push /opt/stack/neutron/neutron/api/rpc/handlers/resources_rpc.py:237}}
Jul 31 06:43:28.645163 np0000187760 devstack@neutron-api.service[101601]: DEBUG ovsdbapp.backend.ovs_idl.transaction [-] Running txn n=1 command(idx=0): CheckLivenessCommand(_result=None) {{(pid=101601) do_commit /opt/stack/data/venv/lib/python3.12/site-packages/ovsdbapp/backend/ovs_idl/transaction.py:89}}
Jul 31 06:43:28.649251 np0000187760 devstack@neutron-api.service[101603]: DEBUG neutron.plugins.ml2.drivers.ovn.mech_driver.ovsdb.ovsdb_monitor [-] Hash Ring: Node cff51bd55ff550f58f43a8e1cf9ef1e1 (host: np0000187760) handling event "update" for row 11b4ff5b-971d-469c-a5a3-c9321b82850d (table: NB_Global) {{(pid=101603) notify /opt/stack/neutron/neutron/plugins/ml2/drivers/ovn/mech_driver/ovsdb/ovsdb_monitor.py:1013}}
Jul 31 06:43:28.649904 np0000187760 devstack@neutron-api.service[101601]: DEBUG neutron.plugins.ml2.drivers.ovn.mech_driver.ovsdb.ovsdb_monitor [-] Hash Ring: Node 88c559a9416351b992b7dcd17e6dab2b (host: np0000187760) handling event "update" for row 11b4ff5b-971d-469c-a5a3-c9321b82850d (table: NB_Global) {{(pid=101601) notify /opt/stack/neutron/neutron/plugins/ml2/drivers/ovn/mech_driver/ovsdb/ovsdb_monitor.py:1013}}
Jul 31 06:43:28.651607 np0000187760 devstack@neutron-api.service[101602]: DEBUG neutron.plugins.ml2.drivers.ovn.mech_driver.ovsdb.ovsdb_monitor [-] Hash Ring: Node 14d89d8fad925f698cce8f7ec0ec5e47 (host: np0000187760) handling event "update" for row 11b4ff5b-971d-469c-a5a3-c9321b82850d (table: NB_Global) {{(pid=101602) notify /opt/stack/neutron/neutron/plugins/ml2/drivers/ovn/mech_driver/ovsdb/ovsdb_monitor.py:1013}}
Jul 31 06:43:28.653289 np0000187760 devstack@neutron-api.service[101601]: DEBUG neutron.api.rpc.callbacks.version_manager [None req-aa81e0b5-b08e-473e-a609-22501880cd94 admin admin] Tracked resource versions report:
Jul 31 06:43:28.653289 np0000187760 devstack@neutron-api.service[101601]: pushed versions:
Jul 31 06:43:28.653289 np0000187760 devstack@neutron-api.service[101601]: { 'AddressGroup': {'1.2'},
Jul 31 06:43:28.653289 np0000187760 devstack@neutron-api.service[101601]: 'Agent': {'1.1'},
Jul 31 06:43:28.653289 np0000187760 devstack@neutron-api.service[101601]: 'ConntrackHelper': {'1.0'},
Jul 31 06:43:28.653289 np0000187760 devstack@neutron-api.service[101601]: 'LocalIPAssociation': {'1.0'},
Jul 31 06:43:28.653289 np0000187760 devstack@neutron-api.service[101601]: 'Log': {'1.0'},
Jul 31 06:43:28.653289 np0000187760 devstack@neutron-api.service[101601]: 'NDPProxy': {'1.0'},
Jul 31 06:43:28.653289 np0000187760 devstack@neutron-api.service[101601]: 'Network': {'1.3'},
Jul 31 06:43:28.653289 np0000187760 devstack@neutron-api.service[101601]: 'Port': {'1.11'},
Jul 31 06:43:28.653289 np0000187760 devstack@neutron-api.service[101601]: 'PortForwarding': {'1.3'},
Jul 31 06:43:28.653289 np0000187760 devstack@neutron-api.service[101601]: 'QosPolicy': {'1.10'},
Jul 31 06:43:28.653289 np0000187760 devstack@neutron-api.service[101601]: 'SecurityGroup': {'1.6'},
Jul 31 06:43:28.653289 np0000187760 devstack@neutron-api.service[101601]: 'SecurityGroupRule': {'1.3'},
Jul 31 06:43:28.653289 np0000187760 devstack@neutron-api.service[101601]: 'SubPort': {'1.0'},
Jul 31 06:43:28.653289 np0000187760 devstack@neutron-api.service[101601]: 'Subnet': {'1.2'},
Jul 31 06:43:28.653289 np0000187760 devstack@neutron-api.service[101601]: 'Trunk': {'1.1'}}
Jul 31 06:43:28.653289 np0000187760 devstack@neutron-api.service[101601]: consumer versions:
Jul 31 06:43:28.653289 np0000187760 devstack@neutron-api.service[101601]: {}
Jul 31 06:43:28.653289 np0000187760 devstack@neutron-api.service[101601]: {{(pid=101601) report /opt/stack/neutron/neutron/api/rpc/callbacks/version_manager.py:183}}
Jul 31 06:43:28.653957 np0000187760 devstack@neutron-api.service[101603]: DEBUG ovsdbapp.backend.ovs_idl.event [-] Matched UPDATE: ChassisAgentWriteEvent(events=('create', 'update'), table='Chassis_Private', conditions=None, old_conditions=None), priority=20 to row=Chassis_Private(uuid=c7d2a32b-fd32-4172-a034-192bd9030ed1, chassis=e0553a5c-5cbf-4b02-9c37-f865fcd1f269, external_ids={'neutron:ovn-bridge': 'br-int', 'neutron:ovn-neutron-agent-id': '62bde14e-897d-5a96-bd7c-6cc49902a806', 'neutron:ovn-neutron-agent-sb-cfg': '0'}, name='faf06979-5868-4c34-8ea2-1f4c974c6c5e', nb_cfg=1, nb_cfg_timestamp=1785480208649) old=Chassis_Private(uuid=c7d2a32b-fd32-4172-a034-192bd9030ed1, nb_cfg=0, nb_cfg_timestamp=0) {{(pid=101603) matches /opt/stack/data/venv/lib/python3.12/site-packages/ovsdbapp/backend/ovs_idl/event.py:55}}
Jul 31 06:43:28.654074 np0000187760 devstack@neutron-api.service[101600]: DEBUG ovsdbapp.backend.ovs_idl.event [-] Matched UPDATE: ChassisAgentWriteEvent(events=('create', 'update'), table='Chassis_Private', conditions=None, old_conditions=None), priority=20 to row=Chassis_Private(uuid=c7d2a32b-fd32-4172-a034-192bd9030ed1, chassis=e0553a5c-5cbf-4b02-9c37-f865fcd1f269, external_ids={'neutron:ovn-bridge': 'br-int', 'neutron:ovn-neutron-agent-id': '62bde14e-897d-5a96-bd7c-6cc49902a806', 'neutron:ovn-neutron-agent-sb-cfg': '0'}, name='faf06979-5868-4c34-8ea2-1f4c974c6c5e', nb_cfg=1, nb_cfg_timestamp=1785480208649) old=Chassis_Private(uuid=c7d2a32b-fd32-4172-a034-192bd9030ed1, nb_cfg=0, nb_cfg_timestamp=0) {{(pid=101600) matches /opt/stack/data/venv/lib/python3.12/site-packages/ovsdbapp/backend/ovs_idl/event.py:55}}
Jul 31 06:43:28.654218 np0000187760 devstack@neutron-api.service[101602]: DEBUG neutron.plugins.ml2.drivers.ovn.mech_driver.ovsdb.ovsdb_monitor [-] Hash Ring: Node 14d89d8fad925f698cce8f7ec0ec5e47 (host: np0000187760) handling event "update" for row 11b4ff5b-971d-469c-a5a3-c9321b82850d (table: NB_Global) {{(pid=101602) notify /opt/stack/neutron/neutron/plugins/ml2/drivers/ovn/mech_driver/ovsdb/ovsdb_monitor.py:1013}}
Jul 31 06:43:28.654449 np0000187760 devstack@neutron-api.service[101600]: DEBUG neutron.plugins.ml2.drivers.ovn.mech_driver.ovsdb.ovsdb_monitor [-] Hash Ring: Node c139581ab6ff5dca94dc79a6d5b36b99 (host: np0000187760) handling event "update" for row c7d2a32b-fd32-4172-a034-192bd9030ed1 (table: Chassis_Private) {{(pid=101600) notify /opt/stack/neutron/neutron/plugins/ml2/drivers/ovn/mech_driver/ovsdb/ovsdb_monitor.py:1013}}
Jul 31 06:43:28.655391 np0000187760 devstack@neutron-api.service[101602]: DEBUG neutron.plugins.ml2.drivers.ovn.mech_driver.ovsdb.ovsdb_monitor [-] Hash Ring: Node 14d89d8fad925f698cce8f7ec0ec5e47 (host: np0000187760) handling event "update" for row 11b4ff5b-971d-469c-a5a3-c9321b82850d (table: NB_Global) {{(pid=101602) notify /opt/stack/neutron/neutron/plugins/ml2/drivers/ovn/mech_driver/ovsdb/ovsdb_monitor.py:1013}}
Jul 31 06:43:28.656994 np0000187760 devstack@neutron-api.service[101602]: DEBUG ovsdbapp.backend.ovs_idl.event [-] Matched UPDATE: ChassisAgentWriteEvent(events=('create', 'update'), table='Chassis_Private', conditions=None, old_conditions=None), priority=20 to row=Chassis_Private(uuid=c7d2a32b-fd32-4172-a034-192bd9030ed1, chassis=e0553a5c-5cbf-4b02-9c37-f865fcd1f269, external_ids={'neutron:ovn-bridge': 'br-int', 'neutron:ovn-neutron-agent-id': '62bde14e-897d-5a96-bd7c-6cc49902a806', 'neutron:ovn-neutron-agent-sb-cfg': '0'}, name='faf06979-5868-4c34-8ea2-1f4c974c6c5e', nb_cfg=1, nb_cfg_timestamp=1785480208649) old=Chassis_Private(uuid=c7d2a32b-fd32-4172-a034-192bd9030ed1, nb_cfg=0, nb_cfg_timestamp=0) {{(pid=101602) matches /opt/stack/data/venv/lib/python3.12/site-packages/ovsdbapp/backend/ovs_idl/event.py:55}}
Jul 31 06:43:28.660761 np0000187760 devstack@neutron-api.service[101602]: DEBUG neutron.plugins.ml2.drivers.ovn.mech_driver.ovsdb.ovsdb_monitor [-] Hash Ring: Node 14d89d8fad925f698cce8f7ec0ec5e47 (host: np0000187760) handling event "update" for row 11b4ff5b-971d-469c-a5a3-c9321b82850d (table: NB_Global) {{(pid=101602) notify /opt/stack/neutron/neutron/plugins/ml2/drivers/ovn/mech_driver/ovsdb/ovsdb_monitor.py:1013}}
Jul 31 06:43:28.660869 np0000187760 devstack@neutron-api.service[101603]: DEBUG neutron.plugins.ml2.drivers.ovn.mech_driver.ovsdb.ovsdb_monitor [-] Hash Ring: Node cff51bd55ff550f58f43a8e1cf9ef1e1 (host: np0000187760) handling event "update" for row 11b4ff5b-971d-469c-a5a3-c9321b82850d (table: NB_Global) {{(pid=101603) notify /opt/stack/neutron/neutron/plugins/ml2/drivers/ovn/mech_driver/ovsdb/ovsdb_monitor.py:1013}}
Jul 31 06:43:28.662357 np0000187760 devstack@neutron-api.service[101601]: DEBUG ovsdbapp.backend.ovs_idl.event [-] Matched UPDATE: ChassisAgentWriteEvent(events=('create', 'update'), table='Chassis_Private', conditions=None, old_conditions=None), priority=20 to row=Chassis_Private(uuid=c7d2a32b-fd32-4172-a034-192bd9030ed1, chassis=e0553a5c-5cbf-4b02-9c37-f865fcd1f269, external_ids={'neutron:ovn-bridge': 'br-int', 'neutron:ovn-neutron-agent-id': '62bde14e-897d-5a96-bd7c-6cc49902a806', 'neutron:ovn-neutron-agent-sb-cfg': '0'}, name='faf06979-5868-4c34-8ea2-1f4c974c6c5e', nb_cfg=1, nb_cfg_timestamp=1785480208649) old=Chassis_Private(uuid=c7d2a32b-fd32-4172-a034-192bd9030ed1, nb_cfg=0, nb_cfg_timestamp=0) {{(pid=101601) matches /opt/stack/data/venv/lib/python3.12/site-packages/ovsdbapp/backend/ovs_idl/event.py:55}}
Jul 31 06:43:28.662535 np0000187760 devstack@neutron-api.service[101603]: DEBUG neutron.plugins.ml2.drivers.ovn.mech_driver.ovsdb.ovsdb_monitor [-] Hash Ring: Node cff51bd55ff550f58f43a8e1cf9ef1e1 (host: np0000187760) handling event "update" for row 11b4ff5b-971d-469c-a5a3-c9321b82850d (table: NB_Global) {{(pid=101603) notify /opt/stack/neutron/neutron/plugins/ml2/drivers/ovn/mech_driver/ovsdb/ovsdb_monitor.py:1013}}
Jul 31 06:43:28.663220 np0000187760 devstack@neutron-api.service[101600]: DEBUG ovsdbapp.backend.ovs_idl.event [-] Matched UPDATE: ChassisOVNAgentWriteEvent(events=('create', 'update'), table='Chassis_Private', conditions=None, old_conditions=None), priority=20 to row=Chassis_Private(uuid=c7d2a32b-fd32-4172-a034-192bd9030ed1, chassis=e0553a5c-5cbf-4b02-9c37-f865fcd1f269, external_ids={'neutron:ovn-bridge': 'br-int', 'neutron:ovn-neutron-agent-id': '62bde14e-897d-5a96-bd7c-6cc49902a806', 'neutron:ovn-neutron-agent-sb-cfg': '1'}, name='faf06979-5868-4c34-8ea2-1f4c974c6c5e', nb_cfg=1, nb_cfg_timestamp=1785480208649) old=Chassis_Private(uuid=c7d2a32b-fd32-4172-a034-192bd9030ed1, external_ids={'neutron:ovn-bridge': 'br-int', 'neutron:ovn-neutron-agent-id': '62bde14e-897d-5a96-bd7c-6cc49902a806', 'neutron:ovn-neutron-agent-sb-cfg': '0'}) {{(pid=101600) matches /opt/stack/data/venv/lib/python3.12/site-packages/ovsdbapp/backend/ovs_idl/event.py:55}}
Jul 31 06:43:28.663420 np0000187760 devstack@neutron-api.service[101600]: DEBUG neutron.plugins.ml2.drivers.ovn.mech_driver.ovsdb.ovsdb_monitor [-] Hash Ring: Node c139581ab6ff5dca94dc79a6d5b36b99 (host: np0000187760) handling event "update" for row c7d2a32b-fd32-4172-a034-192bd9030ed1 (table: Chassis_Private) {{(pid=101600) notify /opt/stack/neutron/neutron/plugins/ml2/drivers/ovn/mech_driver/ovsdb/ovsdb_monitor.py:1013}}
Jul 31 06:43:28.664162 np0000187760 devstack@neutron-api.service[101603]: DEBUG neutron.plugins.ml2.drivers.ovn.mech_driver.ovsdb.ovsdb_monitor [-] Hash Ring: Node cff51bd55ff550f58f43a8e1cf9ef1e1 (host: np0000187760) handling event "update" for row 11b4ff5b-971d-469c-a5a3-c9321b82850d (table: NB_Global) {{(pid=101603) notify /opt/stack/neutron/neutron/plugins/ml2/drivers/ovn/mech_driver/ovsdb/ovsdb_monitor.py:1013}}
Jul 31 06:43:28.664333 np0000187760 devstack@neutron-api.service[101602]: DEBUG ovsdbapp.backend.ovs_idl.event [-] Matched UPDATE: ChassisOVNAgentWriteEvent(events=('create', 'update'), table='Chassis_Private', conditions=None, old_conditions=None), priority=20 to row=Chassis_Private(uuid=c7d2a32b-fd32-4172-a034-192bd9030ed1, chassis=e0553a5c-5cbf-4b02-9c37-f865fcd1f269, external_ids={'neutron:ovn-bridge': 'br-int', 'neutron:ovn-neutron-agent-id': '62bde14e-897d-5a96-bd7c-6cc49902a806', 'neutron:ovn-neutron-agent-sb-cfg': '1'}, name='faf06979-5868-4c34-8ea2-1f4c974c6c5e', nb_cfg=1, nb_cfg_timestamp=1785480208649) old=Chassis_Private(uuid=c7d2a32b-fd32-4172-a034-192bd9030ed1, external_ids={'neutron:ovn-bridge': 'br-int', 'neutron:ovn-neutron-agent-id': '62bde14e-897d-5a96-bd7c-6cc49902a806', 'neutron:ovn-neutron-agent-sb-cfg': '0'}) {{(pid=101602) matches /opt/stack/data/venv/lib/python3.12/site-packages/ovsdbapp/backend/ovs_idl/event.py:55}}
Jul 31 06:43:28.664752 np0000187760 devstack@neutron-api.service[101603]: DEBUG neutron.common.ovn.hash_ring_manager [-] Allow caching, nodes 4>=4 {{(pid=101603) _wait_startup_before_caching /opt/stack/neutron/neutron/common/ovn/hash_ring_manager.py:71}}
Jul 31 06:43:28.665151 np0000187760 devstack@neutron-api.service[101603]: DEBUG neutron.plugins.ml2.drivers.ovn.mech_driver.ovsdb.ovsdb_monitor [-] Hash Ring: Node cff51bd55ff550f58f43a8e1cf9ef1e1 (host: np0000187760) handling event "update" for row c7d2a32b-fd32-4172-a034-192bd9030ed1 (table: Chassis_Private) {{(pid=101603) notify /opt/stack/neutron/neutron/plugins/ml2/drivers/ovn/mech_driver/ovsdb/ovsdb_monitor.py:1013}}
Jul 31 06:43:28.666250 np0000187760 devstack@neutron-api.service[101601]: DEBUG neutron.plugins.ml2.drivers.ovn.mech_driver.ovsdb.ovsdb_monitor [-] Hash Ring: Node 88c559a9416351b992b7dcd17e6dab2b (host: np0000187760) handling event "update" for row 11b4ff5b-971d-469c-a5a3-c9321b82850d (table: NB_Global) {{(pid=101601) notify /opt/stack/neutron/neutron/plugins/ml2/drivers/ovn/mech_driver/ovsdb/ovsdb_monitor.py:1013}}
Jul 31 06:43:28.666347 np0000187760 devstack@neutron-api.service[101603]: DEBUG ovsdbapp.backend.ovs_idl.event [-] Matched UPDATE: ChassisOVNAgentWriteEvent(events=('create', 'update'), table='Chassis_Private', conditions=None, old_conditions=None), priority=20 to row=Chassis_Private(uuid=c7d2a32b-fd32-4172-a034-192bd9030ed1, chassis=e0553a5c-5cbf-4b02-9c37-f865fcd1f269, external_ids={'neutron:ovn-bridge': 'br-int', 'neutron:ovn-neutron-agent-id': '62bde14e-897d-5a96-bd7c-6cc49902a806', 'neutron:ovn-neutron-agent-sb-cfg': '1'}, name='faf06979-5868-4c34-8ea2-1f4c974c6c5e', nb_cfg=1, nb_cfg_timestamp=1785480208649) old=Chassis_Private(uuid=c7d2a32b-fd32-4172-a034-192bd9030ed1, external_ids={'neutron:ovn-bridge': 'br-int', 'neutron:ovn-neutron-agent-id': '62bde14e-897d-5a96-bd7c-6cc49902a806', 'neutron:ovn-neutron-agent-sb-cfg': '0'}) {{(pid=101603) matches /opt/stack/data/venv/lib/python3.12/site-packages/ovsdbapp/backend/ovs_idl/event.py:55}}
Jul 31 06:43:28.666638 np0000187760 devstack@neutron-api.service[101603]: DEBUG neutron.plugins.ml2.drivers.ovn.mech_driver.ovsdb.ovsdb_monitor [-] Hash Ring: Node cff51bd55ff550f58f43a8e1cf9ef1e1 (host: np0000187760) handling event "update" for row c7d2a32b-fd32-4172-a034-192bd9030ed1 (table: Chassis_Private) {{(pid=101603) notify /opt/stack/neutron/neutron/plugins/ml2/drivers/ovn/mech_driver/ovsdb/ovsdb_monitor.py:1013}}
Jul 31 06:43:28.669752 np0000187760 devstack@neutron-api.service[101601]: DEBUG ovsdbapp.backend.ovs_idl.event [-] Matched UPDATE: ChassisOVNAgentWriteEvent(events=('create', 'update'), table='Chassis_Private', conditions=None, old_conditions=None), priority=20 to row=Chassis_Private(uuid=c7d2a32b-fd32-4172-a034-192bd9030ed1, chassis=e0553a5c-5cbf-4b02-9c37-f865fcd1f269, external_ids={'neutron:ovn-bridge': 'br-int', 'neutron:ovn-neutron-agent-id': '62bde14e-897d-5a96-bd7c-6cc49902a806', 'neutron:ovn-neutron-agent-sb-cfg': '1'}, name='faf06979-5868-4c34-8ea2-1f4c974c6c5e', nb_cfg=1, nb_cfg_timestamp=1785480208649) old=Chassis_Private(uuid=c7d2a32b-fd32-4172-a034-192bd9030ed1, external_ids={'neutron:ovn-bridge': 'br-int', 'neutron:ovn-neutron-agent-id': '62bde14e-897d-5a96-bd7c-6cc49902a806', 'neutron:ovn-neutron-agent-sb-cfg': '0'}) {{(pid=101601) matches /opt/stack/data/venv/lib/python3.12/site-packages/ovsdbapp/backend/ovs_idl/event.py:55}}
Jul 31 06:43:28.670780 np0000187760 devstack@neutron-api.service[101601]: DEBUG neutron.plugins.ml2.drivers.ovn.mech_driver.ovsdb.ovsdb_monitor [-] Hash Ring: Node 88c559a9416351b992b7dcd17e6dab2b (host: np0000187760) handling event "update" for row 11b4ff5b-971d-469c-a5a3-c9321b82850d (table: NB_Global) {{(pid=101601) notify /opt/stack/neutron/neutron/plugins/ml2/drivers/ovn/mech_driver/ovsdb/ovsdb_monitor.py:1013}}
