+ exec neutron-metadata-agent --config-file /etc/neutron/neutron.conf --config-file /tmp/pod-shared/neutron-agent.ini --config-file /etc/neutron/metadata_agent.ini /var/lib/openstack/lib/python3.10/site-packages/neutron/common/utils.py:54: UserWarning: pkg_resources is deprecated as an API. See https://setuptools.pypa.io/en/latest/pkg_resources.html. The pkg_resources package is slated for removal as early as 2025-11-30. Refrain from using this package or pin to Setuptools<81. import pkg_resources
2026-04-14 06:25:12.306 38 INFO neutron.common.config [-] Logging enabled!
2026-04-14 06:25:12.306 38 INFO neutron.common.config [-] /var/lib/openstack/bin/neutron-metadata-agent version 23.5.0 /var/lib/openstack/lib/python3.10/site-packages/memcache.py:1303: SyntaxWarning: "is" with a literal. Did you mean "=="? if key is '': /var/lib/openstack/lib/python3.10/site-packages/memcache.py:1304: SyntaxWarning: "is" with a literal. Did you mean "=="? if key_extra_len is 0:
2026-04-14 06:25:12.322 38 INFO oslo_service.service [None req-26a4348e-428d-4c85-ab0b-0fa370649b50 - - - - - -] Starting 2 workers
2026-04-14 06:25:12.331 47 INFO eventlet.wsgi.server [-] (47) wsgi starting up on http:/var/lib/neutron/openstack-helm/metadata_proxy
2026-04-14 06:25:12.332 46 INFO eventlet.wsgi.server [-] (46) wsgi starting up on http:/var/lib/neutron/openstack-helm/metadata_proxy
2026-04-14 06:26:35.192 46 INFO eventlet.wsgi.server [-] 169.254.169.254, "GET / HTTP/1.1" status: 404 len: 176 time: 0.1141984
2026-04-14 06:28:44.768 46 INFO eventlet.wsgi.server [-] 169.254.169.254, "GET / HTTP/1.1" status: 404 len: 176 time: 0.0047429
2026-04-14 06:31:54.836 47 INFO eventlet.wsgi.server [-] 169.254.169.254, "GET / HTTP/1.1" status: 404 len: 176 time: 0.0078297
2026-04-14 06:32:24.796 47 INFO eventlet.wsgi.server [-] 169.254.169.254, "GET / HTTP/1.1" status: 404 len: 176 time: 0.0073130
2026-04-14 06:35:04.772 46 INFO eventlet.wsgi.server [-] 169.254.169.254, "GET / HTTP/1.1" status: 404 len: 176 time: 0.0061803
2026-04-14 06:38:14.887 47 INFO eventlet.wsgi.server [-] 169.254.169.254, "GET / HTTP/1.1" status: 404 len: 176 time: 0.0905304
2026-04-14 06:41:25.411 46 INFO eventlet.wsgi.server [-] 169.254.169.254, "GET / HTTP/1.1" status: 404 len: 176 time: 0.0075467
2026-04-14 06:42:24.825 46 INFO eventlet.wsgi.server [-] 169.254.169.254, "GET / HTTP/1.1" status: 404 len: 176 time: 0.0070744
2026-04-14 06:44:34.840 47 INFO eventlet.wsgi.server [-] 169.254.169.254, "GET / HTTP/1.1" status: 404 len: 176 time: 0.0087156
2026-04-14 06:47:44.790 46 INFO eventlet.wsgi.server [-] 169.254.169.254, "GET / HTTP/1.1" status: 404 len: 176 time: 0.0044267
2026-04-14 06:50:54.882 47 INFO eventlet.wsgi.server [-] 169.254.169.254, "GET / HTTP/1.1" status: 404 len: 176 time: 0.0588846
2026-04-14 06:52:24.781 47 INFO eventlet.wsgi.server [-] 169.254.169.254, "GET / HTTP/1.1" status: 404 len: 176 time: 0.0046837
2026-04-14 06:54:04.823 46 INFO eventlet.wsgi.server [-] 169.254.169.254, "GET / HTTP/1.1" status: 404 len: 176 time: 0.0067604
2026-04-14 06:57:14.795 46 INFO eventlet.wsgi.server [-] 169.254.169.254, "GET / HTTP/1.1" status: 404 len: 176 time: 0.0094900
2026-04-14 07:00:24.848 46 INFO eventlet.wsgi.server [-] 169.254.169.254, "GET / HTTP/1.1" status: 404 len: 176 time: 0.0058832
2026-04-14 07:02:24.995 47 INFO eventlet.wsgi.server [-] 169.254.169.254, "GET / HTTP/1.1" status: 404 len: 176 time: 0.0993915
2026-04-14 07:03:34.881 46 INFO eventlet.wsgi.server [-] 169.254.169.254, "GET / HTTP/1.1" status: 404 len: 176 time: 0.0050230
2026-04-14 07:04:00.301 47 INFO eventlet.wsgi.server [-] 10.100.0.10, "GET /2009-04-04/meta-data/instance-id HTTP/1.1" status: 200 len: 146 time: 1.5751135
2026-04-14 07:04:00.338 47 INFO eventlet.wsgi.server [-] 10.100.0.10, "GET /2009-04-04/meta-data/public-keys HTTP/1.1" status: 200 len: 164 time: 0.0296278
2026-04-14 07:04:00.362 47 INFO eventlet.wsgi.server [-] 10.100.0.10, "GET /2009-04-04/meta-data/public-keys/0/openssh-key HTTP/1.1" status: 200 len: 341 time: 0.0190778
2026-04-14 07:04:00.398 47 INFO eventlet.wsgi.server [-] 10.100.0.10, "GET /2009-04-04/meta-data/instance-id HTTP/1.1" status: 200 len: 146 time: 0.0264728
2026-04-14 07:04:00.425 46 INFO eventlet.wsgi.server [-] 10.100.0.10, "GET /2009-04-04/meta-data/ami-launch-index HTTP/1.1" status: 200 len: 136 time: 0.0207653
2026-04-14 07:04:00.444 46 INFO eventlet.wsgi.server [-] 10.100.0.10, "GET /2009-04-04/meta-data/instance-type HTTP/1.1" status: 200 len: 142 time: 0.0141017
2026-04-14 07:04:00.459 46 INFO eventlet.wsgi.server [-] 10.100.0.10, "GET /2009-04-04/meta-data/local-ipv4 HTTP/1.1" status: 200 len: 147 time: 0.0099740
2026-04-14 07:04:00.478 46 INFO eventlet.wsgi.server [-] 10.100.0.10, "GET /2009-04-04/meta-data/public-ipv4 HTTP/1.1" status: 200 len: 149 time: 0.0141611
2026-04-14 07:04:00.494 46 INFO eventlet.wsgi.server [-] 10.100.0.10, "GET /2009-04-04/meta-data/hostname HTTP/1.1" status: 200 len: 193 time: 0.0093434
2026-04-14 07:04:00.511 46 INFO eventlet.wsgi.server [-] 10.100.0.10, "GET /2009-04-04/meta-data/local-hostname HTTP/1.1" status: 200 len: 193 time: 0.0102007
2026-04-14 07:04:00.531 46 INFO eventlet.wsgi.server [-] 10.100.0.10, "GET /2009-04-04/user-data HTTP/1.1" status: 200 len: 231 time: 0.0140500
2026-04-14 07:04:00.547 46 INFO eventlet.wsgi.server [-] 10.100.0.10, "GET /2009-04-04/meta-data/block-device-mapping HTTP/1.1" status: 200 len: 143 time: 0.0092866
2026-04-14 07:04:00.567 46 INFO eventlet.wsgi.server [-] 10.100.0.10, "GET /2009-04-04/meta-data/block-device-mapping/ami HTTP/1.1" status: 200 len: 138 time: 0.0094476
2026-04-14 07:04:00.583 46 INFO eventlet.wsgi.server [-] 10.100.0.10, "GET /2009-04-04/meta-data/block-device-mapping/root HTTP/1.1" status: 200 len: 143 time: 0.0120409
2026-04-14 07:04:00.606 46 INFO eventlet.wsgi.server [-] 10.100.0.10, "GET /2009-04-04/meta-data/public-hostname HTTP/1.1" status: 200 len: 193 time: 0.0137269
2026-04-14 07:04:00.624 46 INFO eventlet.wsgi.server [-] 10.100.0.10, "GET /2009-04-04/meta-data/placement/availability-zone HTTP/1.1" status: 200 len: 139 time: 0.0125163
2026-04-14 07:04:02.241 47 INFO eventlet.wsgi.server [-] 10.100.0.5, "GET /2009-04-04/meta-data/instance-id HTTP/1.1" status: 200 len: 146 time: 0.2650566
2026-04-14 07:04:02.267 47 INFO eventlet.wsgi.server [-] 10.100.0.5, "GET /2009-04-04/meta-data/public-keys HTTP/1.1" status: 200 len: 164 time: 0.0164986
2026-04-14 07:04:02.289 47 INFO eventlet.wsgi.server [-] 10.100.0.5, "GET /2009-04-04/meta-data/public-keys/0/openssh-key HTTP/1.1" status: 200 len: 341 time: 0.0171177
2026-04-14 07:04:02.308 47 INFO eventlet.wsgi.server [-] 10.100.0.5, "GET /2009-04-04/meta-data/instance-id HTTP/1.1" status: 200 len: 146 time: 0.0129666
2026-04-14 07:04:02.329 47 INFO eventlet.wsgi.server [-] 10.100.0.5, "GET /2009-04-04/meta-data/ami-launch-index HTTP/1.1" status: 200 len: 136 time: 0.0124466
2026-04-14 07:04:02.352 47 INFO eventlet.wsgi.server [-] 10.100.0.5, "GET /2009-04-04/meta-data/instance-type HTTP/1.1" status: 200 len: 142 time: 0.0146360
2026-04-14 07:04:02.374 47 INFO eventlet.wsgi.server [-] 10.100.0.5, "GET /2009-04-04/meta-data/local-ipv4 HTTP/1.1" status: 200 len: 146 time: 0.0131114
2026-04-14 07:04:02.396 47 INFO eventlet.wsgi.server [-] 10.100.0.5, "GET /2009-04-04/meta-data/public-ipv4 HTTP/1.1" status: 200 len: 149 time: 0.0131488
2026-04-14 07:04:02.414 47 INFO eventlet.wsgi.server [-] 10.100.0.5, "GET /2009-04-04/meta-data/hostname HTTP/1.1" status: 200 len: 201 time: 0.0121870
2026-04-14 07:04:02.432 47 INFO eventlet.wsgi.server [-] 10.100.0.5, "GET /2009-04-04/meta-data/local-hostname HTTP/1.1" status: 200 len: 201 time: 0.0118313
2026-04-14 07:04:02.454 47 INFO eventlet.wsgi.server [-] 10.100.0.5, "GET /2009-04-04/user-data HTTP/1.1" status: 200 len: 231 time: 0.0158145
2026-04-14 07:04:02.488 46 INFO eventlet.wsgi.server [-] 10.100.0.5, "GET /2009-04-04/meta-data/block-device-mapping HTTP/1.1" status: 200 len: 143 time: 0.0133646
2026-04-14 07:04:02.509 47 INFO eventlet.wsgi.server [-] 10.100.0.5, "GET /2009-04-04/meta-data/block-device-mapping/ami HTTP/1.1" status: 200 len: 138 time: 0.0146782
2026-04-14 07:04:02.538 46 INFO eventlet.wsgi.server [-] 10.100.0.5, "GET /2009-04-04/meta-data/block-device-mapping/root HTTP/1.1" status: 200 len: 143 time: 0.0201719
2026-04-14 07:04:02.558 46 INFO eventlet.wsgi.server [-] 10.100.0.5, "GET /2009-04-04/meta-data/public-hostname HTTP/1.1" status: 200 len: 201 time: 0.0134952
2026-04-14 07:04:02.582 46 INFO eventlet.wsgi.server [-] 10.100.0.5, "GET /2009-04-04/meta-data/placement/availability-zone HTTP/1.1" status: 200 len: 139 time: 0.0175216
2026-04-14 07:04:22.554 46 INFO eventlet.wsgi.server [-] 10.100.0.10, "GET /2009-04-04/meta-data/instance-id HTTP/1.1" status: 200 len: 146 time: 2.6917667
2026-04-14 07:04:22.584 46 INFO eventlet.wsgi.server [-] 10.100.0.10, "GET /2009-04-04/meta-data/public-keys HTTP/1.1" status: 200 len: 164 time: 0.0181184
2026-04-14 07:04:22.606 46 INFO eventlet.wsgi.server [-] 10.100.0.10, "GET /2009-04-04/meta-data/public-keys/0/openssh-key HTTP/1.1" status: 200 len: 341 time: 0.0158083
2026-04-14 07:04:22.625 46 INFO eventlet.wsgi.server [-] 10.100.0.10, "GET /2009-04-04/meta-data/instance-id HTTP/1.1" status: 200 len: 146 time: 0.0130510
2026-04-14 07:04:22.649 46 INFO eventlet.wsgi.server [-] 10.100.0.10, "GET /2009-04-04/meta-data/ami-launch-index HTTP/1.1" status: 200 len: 136 time: 0.0147901
2026-04-14 07:04:22.669 46 INFO eventlet.wsgi.server [-] 10.100.0.10, "GET /2009-04-04/meta-data/instance-type HTTP/1.1" status: 200 len: 142 time: 0.0137670
2026-04-14 07:04:22.691 46 INFO eventlet.wsgi.server [-] 10.100.0.10, "GET /2009-04-04/meta-data/local-ipv4 HTTP/1.1" status: 200 len: 147 time: 0.0126164
2026-04-14 07:04:22.712 46 INFO eventlet.wsgi.server [-] 10.100.0.10, "GET /2009-04-04/meta-data/public-ipv4 HTTP/1.1" status: 200 len: 149 time: 0.0144212
2026-04-14 07:04:22.730 46 INFO eventlet.wsgi.server [-] 10.100.0.10, "GET /2009-04-04/meta-data/hostname HTTP/1.1" status: 200 len: 193 time: 0.0130610
2026-04-14 07:04:22.752 46 INFO eventlet.wsgi.server [-] 10.100.0.10, "GET /2009-04-04/meta-data/local-hostname HTTP/1.1" status: 200 len: 193 time: 0.0157311
2026-04-14 07:04:22.774 46 INFO eventlet.wsgi.server [-] 10.100.0.10, "GET /2009-04-04/user-data HTTP/1.1" status: 200 len: 231 time: 0.0137563
2026-04-14 07:04:22.793 46 INFO eventlet.wsgi.server [-] 10.100.0.10, "GET /2009-04-04/meta-data/block-device-mapping HTTP/1.1" status: 200 len: 143 time: 0.0137124
2026-04-14 07:04:22.812 46 INFO eventlet.wsgi.server [-] 10.100.0.10, "GET /2009-04-04/meta-data/block-device-mapping/ami HTTP/1.1" status: 200 len: 138 time: 0.0128984
2026-04-14 07:04:22.832 46 INFO eventlet.wsgi.server [-] 10.100.0.10, "GET /2009-04-04/meta-data/block-device-mapping/root HTTP/1.1" status: 200 len: 143 time: 0.0150790
2026-04-14 07:04:22.849 46 INFO eventlet.wsgi.server [-] 10.100.0.10, "GET /2009-04-04/meta-data/public-hostname HTTP/1.1" status: 200 len: 193 time: 0.0116899
2026-04-14 07:04:22.870 47 INFO eventlet.wsgi.server [-] 10.100.0.10, "GET /2009-04-04/meta-data/placement/availability-zone HTTP/1.1" status: 200 len: 139 time: 0.0131950
2026-04-14 07:06:35.481 46 INFO eventlet.wsgi.server [-] 10.100.0.7, "GET /2009-04-04/meta-data/instance-id HTTP/1.1" status: 200 len: 146 time: 0.2423024
2026-04-14 07:06:35.505 47 INFO eventlet.wsgi.server [-] 10.100.0.7, "GET /2009-04-04/meta-data/public-keys HTTP/1.1" status: 200 len: 174 time: 0.0179350
2026-04-14 07:06:35.527 46 INFO eventlet.wsgi.server [-] 10.100.0.7, "GET /2009-04-04/meta-data/public-keys/0/openssh-key HTTP/1.1" status: 200 len: 341 time: 0.0143349
2026-04-14 07:06:35.547 46 INFO eventlet.wsgi.server [-] 10.100.0.7, "GET /2009-04-04/meta-data/instance-id HTTP/1.1" status: 200 len: 146 time: 0.0134220
2026-04-14 07:06:35.569 46 INFO eventlet.wsgi.server [-] 10.100.0.7, "GET /2009-04-04/meta-data/ami-launch-index HTTP/1.1" status: 200 len: 136 time: 0.0150855
2026-04-14 07:06:35.591 46 INFO eventlet.wsgi.server [-] 10.100.0.7, "GET /2009-04-04/meta-data/instance-type HTTP/1.1" status: 200 len: 142 time: 0.0157170
2026-04-14 07:06:35.622 47 INFO eventlet.wsgi.server [-] 10.100.0.7, "GET /2009-04-04/meta-data/local-ipv4 HTTP/1.1" status: 200 len: 146 time: 0.0219803
2026-04-14 07:06:35.643 47 INFO eventlet.wsgi.server [-] 10.100.0.7, "GET /2009-04-04/meta-data/public-ipv4 HTTP/1.1" status: 200 len: 149 time: 0.0161068
2026-04-14 07:06:35.666 47 INFO eventlet.wsgi.server [-] 10.100.0.7, "GET /2009-04-04/meta-data/hostname HTTP/1.1" status: 200 len: 191 time: 0.0151536
2026-04-14 07:06:35.686 47 INFO eventlet.wsgi.server [-] 10.100.0.7, "GET /2009-04-04/meta-data/local-hostname HTTP/1.1" status: 200 len: 191 time: 0.0134916
2026-04-14 07:06:35.704 47 INFO neutron.agent.metadata.agent [-] The instance: ce37187c-dd65-4327-90f7-bcf0aa90816b is not present anymore, skipping cache...
2026-04-14 07:06:35.758 47 INFO eventlet.wsgi.server [-] 10.100.0.7, "GET /2009-04-04/user-data HTTP/1.1" status: 404 len: 297 time: 0.0655985
2026-04-14 07:06:35.784 46 INFO eventlet.wsgi.server [-] 10.100.0.7, "GET /2009-04-04/meta-data/block-device-mapping HTTP/1.1" status: 200 len: 143 time: 0.0155823
2026-04-14 07:06:35.801 46 INFO eventlet.wsgi.server [-] 10.100.0.7, "GET /2009-04-04/meta-data/block-device-mapping/ami HTTP/1.1" status: 200 len: 138 time: 0.0117323
2026-04-14 07:06:35.818 46 INFO eventlet.wsgi.server [-] 10.100.0.7, "GET /2009-04-04/meta-data/block-device-mapping/root HTTP/1.1" status: 200 len: 143 time: 0.0116446
2026-04-14 07:06:35.839 46 INFO eventlet.wsgi.server [-] 10.100.0.7, "GET /2009-04-04/meta-data/public-hostname HTTP/1.1" status: 200 len: 191 time: 0.0132079
2026-04-14 07:06:35.857 46 INFO eventlet.wsgi.server [-] 10.100.0.7, "GET /2009-04-04/meta-data/placement/availability-zone HTTP/1.1" status: 200 len: 139 time: 0.0116541
2026-04-14 07:06:44.842 46 INFO eventlet.wsgi.server [-] 169.254.169.254, "GET / HTTP/1.1" status: 404 len: 176 time: 0.0059187
2026-04-14 07:07:09.437 46 INFO eventlet.wsgi.server [-] 10.100.0.13, "GET /2009-04-04/meta-data/instance-id HTTP/1.1" status: 200 len: 146 time: 0.5121880
2026-04-14 07:07:09.459 46 INFO eventlet.wsgi.server [-] 10.100.0.13, "GET /2009-04-04/meta-data/public-keys HTTP/1.1" status: 200 len: 176 time: 0.0143225
2026-04-14 07:07:09.480 47 INFO eventlet.wsgi.server [-] 10.100.0.13, "GET /2009-04-04/meta-data/public-keys/0/openssh-key HTTP/1.1" status: 200 len: 341 time: 0.0140738
2026-04-14 07:07:09.499 47 INFO eventlet.wsgi.server [-] 10.100.0.13, "GET /2009-04-04/meta-data/instance-id HTTP/1.1" status: 200 len: 146 time: 0.0136001
2026-04-14 07:07:09.522 47 INFO eventlet.wsgi.server [-] 10.100.0.13, "GET /2009-04-04/meta-data/ami-launch-index HTTP/1.1" status: 200 len: 136 time: 0.0141625
2026-04-14 07:07:09.541 47 INFO eventlet.wsgi.server [-] 10.100.0.13, "GET /2009-04-04/meta-data/instance-type HTTP/1.1" status: 200 len: 142 time: 0.0122442
2026-04-14 07:07:09.562 47 INFO eventlet.wsgi.server [-] 10.100.0.13, "GET /2009-04-04/meta-data/local-ipv4 HTTP/1.1" status: 200 len: 147 time: 0.0121548
2026-04-14 07:07:09.580 47 INFO eventlet.wsgi.server [-] 10.100.0.13, "GET /2009-04-04/meta-data/public-ipv4 HTTP/1.1" status: 200 len: 149 time: 0.0107718
2026-04-14 07:07:09.599 47 INFO eventlet.wsgi.server [-] 10.100.0.13, "GET /2009-04-04/meta-data/hostname HTTP/1.1" status: 200 len: 190 time: 0.0110660
2026-04-14 07:07:09.623 46 INFO eventlet.wsgi.server [-] 10.100.0.13, "GET /2009-04-04/meta-data/local-hostname HTTP/1.1" status: 200 len: 190 time: 0.0158601
2026-04-14 07:07:09.643 47 INFO neutron.agent.metadata.agent [-] The instance: 0acfc429-fef2-4eba-bb25-4cf9b1a99a57 is not present anymore, skipping cache...
2026-04-14 07:07:09.804 47 INFO eventlet.wsgi.server [-] 10.100.0.13, "GET /2009-04-04/user-data HTTP/1.1" status: 404 len: 297 time: 0.1759670
2026-04-14 07:07:09.831 46 INFO eventlet.wsgi.server [-] 10.100.0.13, "GET /2009-04-04/meta-data/block-device-mapping HTTP/1.1" status: 200 len: 143 time: 0.0141897
2026-04-14 07:07:09.854 47 INFO eventlet.wsgi.server [-] 10.100.0.13, "GET /2009-04-04/meta-data/block-device-mapping/ami HTTP/1.1" status: 200 len: 138 time: 0.0161302
2026-04-14 07:07:09.873 47 INFO eventlet.wsgi.server [-] 10.100.0.13, "GET /2009-04-04/meta-data/block-device-mapping/root HTTP/1.1" status: 200 len: 143 time: 0.0118318
2026-04-14 07:07:09.898 47 INFO eventlet.wsgi.server [-] 10.100.0.13, "GET /2009-04-04/meta-data/public-hostname HTTP/1.1" status: 200 len: 190 time: 0.0184002
2026-04-14 07:07:09.917 47 INFO eventlet.wsgi.server [-] 10.100.0.13, "GET /2009-04-04/meta-data/placement/availability-zone HTTP/1.1" status: 200 len: 139 time: 0.0137925
2026-04-14 07:07:41.041 47 INFO eventlet.wsgi.server [-] 10.100.0.11, "GET /latest/meta-data/public-ipv4 HTTP/1.1" status: 200 len: 149 time: 0.3204236
2026-04-14 07:07:41.351 47 INFO eventlet.wsgi.server [-] 10.100.0.11, "POST /openstack/2013-10-17/password HTTP/1.1" status: 200 len: 134 time: 0.1908734
2026-04-14 07:09:25.521 46 INFO eventlet.wsgi.server [-] 10.2.1.56, "GET /2009-04-04/meta-data/instance-id HTTP/1.1" status: 200 len: 146 time: 0.3676431
2026-04-14 07:09:25.557 46 INFO eventlet.wsgi.server [-] 10.2.1.56, "GET /2009-04-04/meta-data/public-keys HTTP/1.1" status: 200 len: 173 time: 0.0238564
2026-04-14 07:09:25.592 47 INFO eventlet.wsgi.server [-] 10.2.1.56, "GET /2009-04-04/meta-data/public-keys/0/openssh-key HTTP/1.1" status: 200 len: 341 time: 0.0229418
2026-04-14 07:09:25.620 47 INFO eventlet.wsgi.server [-] 10.2.1.56, "GET /2009-04-04/meta-data/instance-id HTTP/1.1" status: 200 len: 146 time: 0.0155447
2026-04-14 07:09:25.644 47 INFO eventlet.wsgi.server [-] 10.2.1.56, "GET /2009-04-04/meta-data/ami-launch-index HTTP/1.1" status: 200 len: 136 time: 0.0142992
2026-04-14 07:09:25.664 47 INFO eventlet.wsgi.server [-] 10.2.1.56, "GET /2009-04-04/meta-data/instance-type HTTP/1.1" status: 200 len: 142 time: 0.0149844
2026-04-14 07:09:25.688 47 INFO eventlet.wsgi.server [-] 10.2.1.56, "GET /2009-04-04/meta-data/local-ipv4 HTTP/1.1" status: 200 len: 144 time: 0.0140085
2026-04-14 07:09:25.722 46 INFO eventlet.wsgi.server [-] 10.2.1.56, "GET /2009-04-04/meta-data/public-ipv4 HTTP/1.1" status: 200 len: 149 time: 0.0236940
2026-04-14 07:09:25.746 46 INFO eventlet.wsgi.server [-] 10.2.1.56, "GET /2009-04-04/meta-data/hostname HTTP/1.1" status: 200 len: 185 time: 0.0167043
2026-04-14 07:09:25.772 47 INFO eventlet.wsgi.server [-] 10.2.1.56, "GET /2009-04-04/meta-data/local-hostname HTTP/1.1" status: 200 len: 185 time: 0.0191264
2026-04-14 07:09:25.802 47 INFO neutron.agent.metadata.agent [-] The instance: e4e62d0e-4748-497e-9434-2ae4fbb72f18 is not present anymore, skipping cache...
2026-04-14 07:09:25.856 47 INFO eventlet.wsgi.server [-] 10.2.1.56, "GET /2009-04-04/user-data HTTP/1.1" status: 404 len: 297 time: 0.0714340
2026-04-14 07:09:25.892 47 INFO eventlet.wsgi.server [-] 10.2.1.56, "GET /2009-04-04/meta-data/block-device-mapping HTTP/1.1" status: 200 len: 143 time: 0.0219405
2026-04-14 07:09:25.910 47 INFO eventlet.wsgi.server [-] 10.2.1.56, "GET /2009-04-04/meta-data/block-device-mapping/ami HTTP/1.1" status: 200 len: 138 time: 0.0121298
2026-04-14 07:09:25.929 47 INFO eventlet.wsgi.server [-] 10.2.1.56, "GET /2009-04-04/meta-data/block-device-mapping/root HTTP/1.1" status: 200 len: 143 time: 0.0130327
2026-04-14 07:09:25.947 46 INFO eventlet.wsgi.server [-] 10.2.1.56, "GET /2009-04-04/meta-data/public-hostname HTTP/1.1" status: 200 len: 185 time: 0.0112796
2026-04-14 07:09:25.971 46 INFO eventlet.wsgi.server [-] 10.2.1.56, "GET /2009-04-04/meta-data/placement/availability-zone HTTP/1.1" status: 200 len: 139 time: 0.0170600
2026-04-14 07:09:36.143 46 INFO eventlet.wsgi.server [-] 10.2.2.232, "GET /2009-04-04/meta-data/instance-id HTTP/1.1" status: 200 len: 146 time: 0.3911600
2026-04-14 07:09:36.169 46 INFO eventlet.wsgi.server [-] 10.2.2.232, "GET /2009-04-04/meta-data/public-keys HTTP/1.1" status: 200 len: 173 time: 0.0145380
2026-04-14 07:09:36.188 46 INFO eventlet.wsgi.server [-] 10.2.2.232, "GET /2009-04-04/meta-data/public-keys/0/openssh-key HTTP/1.1" status: 200 len: 341 time: 0.0144069
2026-04-14 07:09:36.204 46 INFO eventlet.wsgi.server [-] 10.2.2.232, "GET /2009-04-04/meta-data/instance-id HTTP/1.1" status: 200 len: 146 time: 0.0111115
2026-04-14 07:09:36.225 46 INFO eventlet.wsgi.server [-] 10.2.2.232, "GET /2009-04-04/meta-data/ami-launch-index HTTP/1.1" status: 200 len: 136 time: 0.0136964
2026-04-14 07:09:36.243 46 INFO eventlet.wsgi.server [-] 10.2.2.232, "GET /2009-04-04/meta-data/instance-type HTTP/1.1" status: 200 len: 142 time: 0.0116520
2026-04-14 07:09:36.260 46 INFO eventlet.wsgi.server [-] 10.2.2.232, "GET /2009-04-04/meta-data/local-ipv4 HTTP/1.1" status: 200 len: 146 time: 0.0120437
2026-04-14 07:09:36.284 46 INFO eventlet.wsgi.server [-] 10.2.2.232, "GET /2009-04-04/meta-data/public-ipv4 HTTP/1.1" status: 200 len: 149 time: 0.0151901
2026-04-14 07:09:36.317 47 INFO eventlet.wsgi.server [-] 10.2.2.232, "GET /2009-04-04/meta-data/hostname HTTP/1.1" status: 200 len: 185 time: 0.0256991
2026-04-14 07:09:36.343 46 INFO eventlet.wsgi.server [-] 10.2.2.232, "GET /2009-04-04/meta-data/local-hostname HTTP/1.1" status: 200 len: 185 time: 0.0173178
2026-04-14 07:09:36.362 46 INFO neutron.agent.metadata.agent [-] The instance: 50de3ab1-cab0-4380-aa9c-9a95ff8a2578 is not present anymore, skipping cache...
2026-04-14 07:09:36.437 46 INFO eventlet.wsgi.server [-] 10.2.2.232, "GET /2009-04-04/user-data HTTP/1.1" status: 404 len: 297 time: 0.0873139
2026-04-14 07:09:36.491 46 INFO eventlet.wsgi.server [-] 10.2.2.232, "GET /2009-04-04/meta-data/block-device-mapping HTTP/1.1" status: 200 len: 143 time: 0.0205796
2026-04-14 07:09:36.512 46 INFO eventlet.wsgi.server [-] 10.2.2.232, "GET /2009-04-04/meta-data/block-device-mapping/ami HTTP/1.1" status: 200 len: 138 time: 0.0142784
2026-04-14 07:09:36.532 46 INFO eventlet.wsgi.server [-] 10.2.2.232, "GET /2009-04-04/meta-data/block-device-mapping/root HTTP/1.1" status: 200 len: 143 time: 0.0131631
2026-04-14 07:09:36.549 46 INFO eventlet.wsgi.server [-] 10.2.2.232, "GET /2009-04-04/meta-data/public-hostname HTTP/1.1" status: 200 len: 185 time: 0.0102267
2026-04-14 07:09:36.566 46 INFO eventlet.wsgi.server [-] 10.2.2.232, "GET /2009-04-04/meta-data/placement/availability-zone HTTP/1.1" status: 200 len: 139 time: 0.0118299
2026-04-14 07:09:54.812 47 INFO eventlet.wsgi.server [-] 169.254.169.254, "GET / HTTP/1.1" status: 404 len: 176 time: 0.0058031
2026-04-14 07:12:24.855 46 INFO eventlet.wsgi.server [-] 169.254.169.254, "GET / HTTP/1.1" status: 404 len: 176 time: 0.0046599
2026-04-14 07:13:04.846 46 INFO eventlet.wsgi.server [-] 169.254.169.254, "GET / HTTP/1.1" status: 404 len: 176 time: 0.0506926
2026-04-14 07:16:14.790 46 INFO eventlet.wsgi.server [-] 169.254.169.254, "GET / HTTP/1.1" status: 404 len: 176 time: 0.0065532