2026-02-25 07:18:58.623 7 INFO cinder.api.openstack.wsgi [None req-a24c5329-1576-4ae5-9306-30279c786884 46a7be38250f4c3ba143890c82d7b089 f99747f725b94cbab99385b61e50cf05 - - default default] GET http://cinder-api.openstack.svc.cluster.local:8776/v3/f99747f725b94cbab99385b61e50cf05/volumes/3add4748-cd6a-478a-b301-1032c6e53fcb /var/lib/openstack/lib/python3.12/site-packages/oslo_context/context.py:100: DeprecationWarning: Policy enforcement is depending on the value of is_admin. This key is deprecated. Please update your policy file to use the standard policy values. warnings.warn('Policy enforcement is depending on the value of '
2026-02-25 07:18:58.637 7 INFO cinder.volume.api [None req-a24c5329-1576-4ae5-9306-30279c786884 46a7be38250f4c3ba143890c82d7b089 f99747f725b94cbab99385b61e50cf05 - - default default] Volume info retrieved successfully.
2026-02-25 07:18:58.644 7 INFO cinder.api.openstack.wsgi [None req-a24c5329-1576-4ae5-9306-30279c786884 46a7be38250f4c3ba143890c82d7b089 f99747f725b94cbab99385b61e50cf05 - - default default] http://cinder-api.openstack.svc.cluster.local:8776/v3/f99747f725b94cbab99385b61e50cf05/volumes/3add4748-cd6a-478a-b301-1032c6e53fcb returned with HTTP 200 [pid: 7|app: 0|req: 370/745] 10.0.0.58 () {32 vars in 774 bytes} [Wed Feb 25 07:18:58 2026] GET /v3/f99747f725b94cbab99385b61e50cf05/volumes/3add4748-cd6a-478a-b301-1032c6e53fcb => generated 1385 bytes in 28 msecs (HTTP/1.1 200) 7 headers in 286 bytes (1 switches on core 0) /var/lib/openstack/lib/python3.12/site-packages/pycadf/identifier.py:70: UserWarning: Invalid uuid: cinderv3. To ensure interoperability, identifiers should be a valid uuid. warnings.warn(('Invalid uuid: %s. To ensure interoperability, '
2026-02-25 07:18:59.665 8 INFO cinder.api.openstack.wsgi [None req-7c9a0868-eafe-441e-af31-f8f70caba1f3 46a7be38250f4c3ba143890c82d7b089 f99747f725b94cbab99385b61e50cf05 - - default default] GET http://cinder-api.openstack.svc.cluster.local:8776/v3/f99747f725b94cbab99385b61e50cf05/volumes/3add4748-cd6a-478a-b301-1032c6e53fcb
2026-02-25 07:18:59.674 8 INFO cinder.api.openstack.wsgi [None req-7c9a0868-eafe-441e-af31-f8f70caba1f3 46a7be38250f4c3ba143890c82d7b089 f99747f725b94cbab99385b61e50cf05 - - default default] http://cinder-api.openstack.svc.cluster.local:8776/v3/f99747f725b94cbab99385b61e50cf05/volumes/3add4748-cd6a-478a-b301-1032c6e53fcb returned with HTTP 404 [pid: 8|app: 0|req: 376/746] 10.0.0.58 () {32 vars in 774 bytes} [Wed Feb 25 07:18:59 2026] GET /v3/f99747f725b94cbab99385b61e50cf05/volumes/3add4748-cd6a-478a-b301-1032c6e53fcb => generated 109 bytes in 16 msecs (HTTP/1.1 404) 7 headers in 292 bytes (1 switches on core 0)
2026-02-25 07:19:02.936 7 INFO cinder.api.openstack.wsgi [None req-a24c5329-1576-4ae5-9306-30279c786884 46a7be38250f4c3ba143890c82d7b089 f99747f725b94cbab99385b61e50cf05 - - default default] GET http://10.0.0.248:8776/
2026-02-25 07:19:02.937 8 INFO cinder.api.openstack.wsgi [None req-7c9a0868-eafe-441e-af31-f8f70caba1f3 46a7be38250f4c3ba143890c82d7b089 f99747f725b94cbab99385b61e50cf05 - - default default] GET http://10.0.0.248:8776/
2026-02-25 07:19:02.937 7 INFO cinder.api.openstack.wsgi [None req-a24c5329-1576-4ae5-9306-30279c786884 46a7be38250f4c3ba143890c82d7b089 f99747f725b94cbab99385b61e50cf05 - - default default] http://10.0.0.248:8776/ returned with HTTP 300
2026-02-25 07:19:02.938 8 INFO cinder.api.openstack.wsgi [None req-7c9a0868-eafe-441e-af31-f8f70caba1f3 46a7be38250f4c3ba143890c82d7b089 f99747f725b94cbab99385b61e50cf05 - - default default] http://10.0.0.248:8776/ returned with HTTP 300 /var/lib/openstack/lib/python3.12/site-packages/pycadf/identifier.py:70: UserWarning: Invalid uuid: cinderv3. To ensure interoperability, identifiers should be a valid uuid. warnings.warn(('Invalid uuid: %s. To ensure interoperability, '
2026-02-25 07:19:12.263 7 INFO cinder.api.openstack.wsgi [None req-00bb13ad-2966-42ae-b172-9bd7174b7946 7bf1d0f3456f492484ca85f4ea0bb747 b529ee6c9bf2463b983ef8668af1b5aa - - default default] POST http://cinder-api.openstack.svc.cluster.local:8776/v3/b529ee6c9bf2463b983ef8668af1b5aa/volumes
2026-02-25 07:19:12.265 7 INFO cinder.api.v3.volumes [None req-00bb13ad-2966-42ae-b172-9bd7174b7946 7bf1d0f3456f492484ca85f4ea0bb747 b529ee6c9bf2463b983ef8668af1b5aa - - default default] Create volume of 1 GB
2026-02-25 07:19:12.273 7 INFO cinder.volume.api [None req-00bb13ad-2966-42ae-b172-9bd7174b7946 7bf1d0f3456f492484ca85f4ea0bb747 b529ee6c9bf2463b983ef8668af1b5aa - - default default] Availability Zones retrieved successfully.
2026-02-25 07:19:12.437 7 INFO cinder.volume.api [None req-00bb13ad-2966-42ae-b172-9bd7174b7946 7bf1d0f3456f492484ca85f4ea0bb747 b529ee6c9bf2463b983ef8668af1b5aa - - default default] Create volume request issued successfully.
2026-02-25 07:19:12.438 7 INFO cinder.api.openstack.wsgi [None req-00bb13ad-2966-42ae-b172-9bd7174b7946 7bf1d0f3456f492484ca85f4ea0bb747 b529ee6c9bf2463b983ef8668af1b5aa - - default default] http://cinder-api.openstack.svc.cluster.local:8776/v3/b529ee6c9bf2463b983ef8668af1b5aa/volumes returned with HTTP 202 [pid: 7|app: 0|req: 372/749] 10.0.0.58 () {34 vars in 721 bytes} [Wed Feb 25 07:19:12 2026] POST /v3/b529ee6c9bf2463b983ef8668af1b5aa/volumes => generated 860 bytes in 280 msecs (HTTP/1.1 202) 7 headers in 291 bytes (1 switches on core 0)
2026-02-25 07:19:12.461 8 INFO cinder.api.openstack.wsgi [None req-1bcd3b32-c3af-4681-b317-313b33fbdcbe 7bf1d0f3456f492484ca85f4ea0bb747 b529ee6c9bf2463b983ef8668af1b5aa - - default default] GET http://cinder-api.openstack.svc.cluster.local:8776/v3/b529ee6c9bf2463b983ef8668af1b5aa/volumes/2c479398-cd2d-4059-97e4-7807d4689dcd /var/lib/openstack/lib/python3.12/site-packages/oslo_context/context.py:100: DeprecationWarning: Policy enforcement is depending on the value of is_admin. This key is deprecated. Please update your policy file to use the standard policy values. warnings.warn('Policy enforcement is depending on the value of '
2026-02-25 07:19:12.489 8 INFO cinder.volume.api [None req-1bcd3b32-c3af-4681-b317-313b33fbdcbe 7bf1d0f3456f492484ca85f4ea0bb747 b529ee6c9bf2463b983ef8668af1b5aa - - default default] Volume info retrieved successfully.
2026-02-25 07:19:12.496 8 INFO cinder.api.openstack.wsgi [None req-1bcd3b32-c3af-4681-b317-313b33fbdcbe 7bf1d0f3456f492484ca85f4ea0bb747 b529ee6c9bf2463b983ef8668af1b5aa - - default default] http://cinder-api.openstack.svc.cluster.local:8776/v3/b529ee6c9bf2463b983ef8668af1b5aa/volumes/2c479398-cd2d-4059-97e4-7807d4689dcd returned with HTTP 200 [pid: 8|app: 0|req: 378/750] 10.0.0.58 () {32 vars in 774 bytes} [Wed Feb 25 07:19:12 2026] GET /v3/b529ee6c9bf2463b983ef8668af1b5aa/volumes/2c479398-cd2d-4059-97e4-7807d4689dcd => generated 928 bytes in 41 msecs (HTTP/1.1 200) 7 headers in 285 bytes (1 switches on core 0)
2026-02-25 07:19:12.936 7 INFO cinder.api.openstack.wsgi [None req-00bb13ad-2966-42ae-b172-9bd7174b7946 7bf1d0f3456f492484ca85f4ea0bb747 b529ee6c9bf2463b983ef8668af1b5aa - - default default] GET http://10.0.0.248:8776/
2026-02-25 07:19:12.936 8 INFO cinder.api.openstack.wsgi [None req-1bcd3b32-c3af-4681-b317-313b33fbdcbe 7bf1d0f3456f492484ca85f4ea0bb747 b529ee6c9bf2463b983ef8668af1b5aa - - default default] GET http://10.0.0.248:8776/
2026-02-25 07:19:12.937 7 INFO cinder.api.openstack.wsgi [None req-00bb13ad-2966-42ae-b172-9bd7174b7946 7bf1d0f3456f492484ca85f4ea0bb747 b529ee6c9bf2463b983ef8668af1b5aa - - default default] http://10.0.0.248:8776/ returned with HTTP 300
2026-02-25 07:19:12.937 8 INFO cinder.api.openstack.wsgi [None req-1bcd3b32-c3af-4681-b317-313b33fbdcbe 7bf1d0f3456f492484ca85f4ea0bb747 b529ee6c9bf2463b983ef8668af1b5aa - - default default] http://10.0.0.248:8776/ returned with HTTP 300 /var/lib/openstack/lib/python3.12/site-packages/pycadf/identifier.py:70: UserWarning: Invalid uuid: cinderv3. To ensure interoperability, identifiers should be a valid uuid. warnings.warn(('Invalid uuid: %s. To ensure interoperability, '
2026-02-25 07:19:13.520 8 INFO cinder.api.openstack.wsgi [None req-e4993851-20a4-4569-a6bd-a426d3823769 7bf1d0f3456f492484ca85f4ea0bb747 b529ee6c9bf2463b983ef8668af1b5aa - - default default] GET http://cinder-api.openstack.svc.cluster.local:8776/v3/b529ee6c9bf2463b983ef8668af1b5aa/volumes/2c479398-cd2d-4059-97e4-7807d4689dcd /var/lib/openstack/lib/python3.12/site-packages/oslo_context/context.py:100: DeprecationWarning: Policy enforcement is depending on the value of is_admin. This key is deprecated. Please update your policy file to use the standard policy values. warnings.warn('Policy enforcement is depending on the value of '
2026-02-25 07:19:13.537 8 INFO cinder.volume.api [None req-e4993851-20a4-4569-a6bd-a426d3823769 7bf1d0f3456f492484ca85f4ea0bb747 b529ee6c9bf2463b983ef8668af1b5aa - - default default] Volume info retrieved successfully.
2026-02-25 07:19:13.548 8 INFO cinder.api.openstack.wsgi [None req-e4993851-20a4-4569-a6bd-a426d3823769 7bf1d0f3456f492484ca85f4ea0bb747 b529ee6c9bf2463b983ef8668af1b5aa - - default default] http://cinder-api.openstack.svc.cluster.local:8776/v3/b529ee6c9bf2463b983ef8668af1b5aa/volumes/2c479398-cd2d-4059-97e4-7807d4689dcd returned with HTTP 200 [pid: 8|app: 0|req: 380/753] 10.0.0.58 () {32 vars in 774 bytes} [Wed Feb 25 07:19:13 2026] GET /v3/b529ee6c9bf2463b983ef8668af1b5aa/volumes/2c479398-cd2d-4059-97e4-7807d4689dcd => generated 953 bytes in 35 msecs (HTTP/1.1 200) 7 headers in 285 bytes (1 switches on core 0)
2026-02-25 07:19:22.936 7 INFO cinder.api.openstack.wsgi [None req-00bb13ad-2966-42ae-b172-9bd7174b7946 7bf1d0f3456f492484ca85f4ea0bb747 b529ee6c9bf2463b983ef8668af1b5aa - - default default] GET http://10.0.0.248:8776/
2026-02-25 07:19:22.936 8 INFO cinder.api.openstack.wsgi [None req-e4993851-20a4-4569-a6bd-a426d3823769 7bf1d0f3456f492484ca85f4ea0bb747 b529ee6c9bf2463b983ef8668af1b5aa - - default default] GET http://10.0.0.248:8776/
2026-02-25 07:19:22.936 7 INFO cinder.api.openstack.wsgi [None req-00bb13ad-2966-42ae-b172-9bd7174b7946 7bf1d0f3456f492484ca85f4ea0bb747 b529ee6c9bf2463b983ef8668af1b5aa - - default default] http://10.0.0.248:8776/ returned with HTTP 300
2026-02-25 07:19:22.937 8 INFO cinder.api.openstack.wsgi [None req-e4993851-20a4-4569-a6bd-a426d3823769 7bf1d0f3456f492484ca85f4ea0bb747 b529ee6c9bf2463b983ef8668af1b5aa - - default default] http://10.0.0.248:8776/ returned with HTTP 300 /var/lib/openstack/lib/python3.12/site-packages/pycadf/identifier.py:70: UserWarning: Invalid uuid: cinderv3. To ensure interoperability, identifiers should be a valid uuid. warnings.warn(('Invalid uuid: %s. To ensure interoperability, '
2026-02-25 07:19:30.635 7 INFO cinder.api.openstack.wsgi [None req-c49d8245-980b-49f0-8c39-f68a9fb4dd9f 7bf1d0f3456f492484ca85f4ea0bb747 b529ee6c9bf2463b983ef8668af1b5aa - - default default] POST http://cinder-api.openstack.svc.cluster.local:8776/v3/b529ee6c9bf2463b983ef8668af1b5aa/volumes/2c479398-cd2d-4059-97e4-7807d4689dcd/action /var/lib/openstack/lib/python3.12/site-packages/oslo_context/context.py:100: DeprecationWarning: Policy enforcement is depending on the value of is_admin. This key is deprecated. Please update your policy file to use the standard policy values. warnings.warn('Policy enforcement is depending on the value of '
2026-02-25 07:19:30.653 7 INFO cinder.volume.api [None req-c49d8245-980b-49f0-8c39-f68a9fb4dd9f 7bf1d0f3456f492484ca85f4ea0bb747 b529ee6c9bf2463b983ef8668af1b5aa - - default default] Volume info retrieved successfully.
2026-02-25 07:19:30.670 7 INFO cinder.volume.api [None req-c49d8245-980b-49f0-8c39-f68a9fb4dd9f 7bf1d0f3456f492484ca85f4ea0bb747 b529ee6c9bf2463b983ef8668af1b5aa - - default default] Update volume admin metadata completed successfully.
2026-02-25 07:19:31.175 7 INFO cinder.volume.api [None req-c49d8245-980b-49f0-8c39-f68a9fb4dd9f 7bf1d0f3456f492484ca85f4ea0bb747 b529ee6c9bf2463b983ef8668af1b5aa - - default default] Attach volume completed successfully.
2026-02-25 07:19:31.175 7 INFO cinder.api.openstack.wsgi [None req-c49d8245-980b-49f0-8c39-f68a9fb4dd9f 7bf1d0f3456f492484ca85f4ea0bb747 b529ee6c9bf2463b983ef8668af1b5aa - - default default] http://cinder-api.openstack.svc.cluster.local:8776/v3/b529ee6c9bf2463b983ef8668af1b5aa/volumes/2c479398-cd2d-4059-97e4-7807d4689dcd/action returned with HTTP 202 [pid: 7|app: 0|req: 375/756] 10.0.0.58 () {34 vars in 809 bytes} [Wed Feb 25 07:19:30 2026] POST /v3/b529ee6c9bf2463b983ef8668af1b5aa/volumes/2c479398-cd2d-4059-97e4-7807d4689dcd/action => generated 0 bytes in 548 msecs (HTTP/1.1 202) 7 headers in 289 bytes (1 switches on core 0) /var/lib/openstack/lib/python3.12/site-packages/pycadf/identifier.py:70: UserWarning: Invalid uuid: cinderv3. To ensure interoperability, identifiers should be a valid uuid. warnings.warn(('Invalid uuid: %s. To ensure interoperability, '
2026-02-25 07:19:31.193 8 INFO cinder.api.openstack.wsgi [None req-93516a81-daac-4ac3-a2e6-d719c849947e 7bf1d0f3456f492484ca85f4ea0bb747 b529ee6c9bf2463b983ef8668af1b5aa - - default default] GET http://cinder-api.openstack.svc.cluster.local:8776/v3/b529ee6c9bf2463b983ef8668af1b5aa/volumes/2c479398-cd2d-4059-97e4-7807d4689dcd /var/lib/openstack/lib/python3.12/site-packages/oslo_context/context.py:100: DeprecationWarning: Policy enforcement is depending on the value of is_admin. This key is deprecated. Please update your policy file to use the standard policy values. warnings.warn('Policy enforcement is depending on the value of '
2026-02-25 07:19:31.215 8 INFO cinder.volume.api [None req-93516a81-daac-4ac3-a2e6-d719c849947e 7bf1d0f3456f492484ca85f4ea0bb747 b529ee6c9bf2463b983ef8668af1b5aa - - default default] Volume info retrieved successfully.
2026-02-25 07:19:31.226 8 INFO cinder.api.openstack.wsgi [None req-93516a81-daac-4ac3-a2e6-d719c849947e 7bf1d0f3456f492484ca85f4ea0bb747 b529ee6c9bf2463b983ef8668af1b5aa - - default default] http://cinder-api.openstack.svc.cluster.local:8776/v3/b529ee6c9bf2463b983ef8668af1b5aa/volumes/2c479398-cd2d-4059-97e4-7807d4689dcd returned with HTTP 200 [pid: 8|app: 0|req: 382/757] 10.0.0.58 () {32 vars in 774 bytes} [Wed Feb 25 07:19:31 2026] GET /v3/b529ee6c9bf2463b983ef8668af1b5aa/volumes/2c479398-cd2d-4059-97e4-7807d4689dcd => generated 1287 bytes in 38 msecs (HTTP/1.1 200) 7 headers in 286 bytes (1 switches on core 0) /var/lib/openstack/lib/python3.12/site-packages/pycadf/identifier.py:70: UserWarning: Invalid uuid: cinderv3. To ensure interoperability, identifiers should be a valid uuid. warnings.warn(('Invalid uuid: %s. To ensure interoperability, '
2026-02-25 07:19:31.245 7 INFO cinder.api.openstack.wsgi [None req-8d001215-b60e-4557-b5c8-ed1019ce1109 7bf1d0f3456f492484ca85f4ea0bb747 b529ee6c9bf2463b983ef8668af1b5aa - - default default] POST http://cinder-api.openstack.svc.cluster.local:8776/v3/b529ee6c9bf2463b983ef8668af1b5aa/volumes/2c479398-cd2d-4059-97e4-7807d4689dcd/action /var/lib/openstack/lib/python3.12/site-packages/oslo_context/context.py:100: DeprecationWarning: Policy enforcement is depending on the value of is_admin. This key is deprecated. Please update your policy file to use the standard policy values. warnings.warn('Policy enforcement is depending on the value of '
2026-02-25 07:19:31.264 7 INFO cinder.volume.api [None req-8d001215-b60e-4557-b5c8-ed1019ce1109 7bf1d0f3456f492484ca85f4ea0bb747 b529ee6c9bf2463b983ef8668af1b5aa - - default default] Volume info retrieved successfully.
2026-02-25 07:19:31.769 7 INFO cinder.volume.api [None req-8d001215-b60e-4557-b5c8-ed1019ce1109 7bf1d0f3456f492484ca85f4ea0bb747 b529ee6c9bf2463b983ef8668af1b5aa - - default default] Detach volume completed successfully.
2026-02-25 07:19:31.770 7 INFO cinder.api.openstack.wsgi [None req-8d001215-b60e-4557-b5c8-ed1019ce1109 7bf1d0f3456f492484ca85f4ea0bb747 b529ee6c9bf2463b983ef8668af1b5aa - - default default] http://cinder-api.openstack.svc.cluster.local:8776/v3/b529ee6c9bf2463b983ef8668af1b5aa/volumes/2c479398-cd2d-4059-97e4-7807d4689dcd/action returned with HTTP 202 [pid: 7|app: 0|req: 376/758] 10.0.0.58 () {34 vars in 809 bytes} [Wed Feb 25 07:19:31 2026] POST /v3/b529ee6c9bf2463b983ef8668af1b5aa/volumes/2c479398-cd2d-4059-97e4-7807d4689dcd/action => generated 0 bytes in 531 msecs (HTTP/1.1 202) 7 headers in 289 bytes (1 switches on core 0) /var/lib/openstack/lib/python3.12/site-packages/pycadf/identifier.py:70: UserWarning: Invalid uuid: cinderv3. To ensure interoperability, identifiers should be a valid uuid. warnings.warn(('Invalid uuid: %s. To ensure interoperability, '
2026-02-25 07:19:31.790 8 INFO cinder.api.openstack.wsgi [None req-526c488c-1e35-454c-a32f-613b1890cd8d 7bf1d0f3456f492484ca85f4ea0bb747 b529ee6c9bf2463b983ef8668af1b5aa - - default default] GET http://cinder-api.openstack.svc.cluster.local:8776/v3/b529ee6c9bf2463b983ef8668af1b5aa/volumes/2c479398-cd2d-4059-97e4-7807d4689dcd /var/lib/openstack/lib/python3.12/site-packages/oslo_context/context.py:100: DeprecationWarning: Policy enforcement is depending on the value of is_admin. This key is deprecated. Please update your policy file to use the standard policy values. warnings.warn('Policy enforcement is depending on the value of '
2026-02-25 07:19:31.819 8 INFO cinder.volume.api [None req-526c488c-1e35-454c-a32f-613b1890cd8d 7bf1d0f3456f492484ca85f4ea0bb747 b529ee6c9bf2463b983ef8668af1b5aa - - default default] Volume info retrieved successfully.
2026-02-25 07:19:31.826 8 INFO cinder.api.openstack.wsgi [None req-526c488c-1e35-454c-a32f-613b1890cd8d 7bf1d0f3456f492484ca85f4ea0bb747 b529ee6c9bf2463b983ef8668af1b5aa - - default default] http://cinder-api.openstack.svc.cluster.local:8776/v3/b529ee6c9bf2463b983ef8668af1b5aa/volumes/2c479398-cd2d-4059-97e4-7807d4689dcd returned with HTTP 200 [pid: 8|app: 0|req: 383/759] 10.0.0.58 () {32 vars in 774 bytes} [Wed Feb 25 07:19:31 2026] GET /v3/b529ee6c9bf2463b983ef8668af1b5aa/volumes/2c479398-cd2d-4059-97e4-7807d4689dcd => generated 972 bytes in 46 msecs (HTTP/1.1 200) 7 headers in 285 bytes (1 switches on core 0)
2026-02-25 07:19:32.936 7 INFO cinder.api.openstack.wsgi [None req-8d001215-b60e-4557-b5c8-ed1019ce1109 7bf1d0f3456f492484ca85f4ea0bb747 b529ee6c9bf2463b983ef8668af1b5aa - - default default] GET http://10.0.0.248:8776/
2026-02-25 07:19:32.937 8 INFO cinder.api.openstack.wsgi [None req-526c488c-1e35-454c-a32f-613b1890cd8d 7bf1d0f3456f492484ca85f4ea0bb747 b529ee6c9bf2463b983ef8668af1b5aa - - default default] GET http://10.0.0.248:8776/
2026-02-25 07:19:32.937 8 INFO cinder.api.openstack.wsgi [None req-526c488c-1e35-454c-a32f-613b1890cd8d 7bf1d0f3456f492484ca85f4ea0bb747 b529ee6c9bf2463b983ef8668af1b5aa - - default default] http://10.0.0.248:8776/ returned with HTTP 300
2026-02-25 07:19:32.938 7 INFO cinder.api.openstack.wsgi [None req-8d001215-b60e-4557-b5c8-ed1019ce1109 7bf1d0f3456f492484ca85f4ea0bb747 b529ee6c9bf2463b983ef8668af1b5aa - - default default] http://10.0.0.248:8776/ returned with HTTP 300 /var/lib/openstack/lib/python3.12/site-packages/pycadf/identifier.py:70: UserWarning: Invalid uuid: cinderv3. To ensure interoperability, identifiers should be a valid uuid. warnings.warn(('Invalid uuid: %s. To ensure interoperability, '
2026-02-25 07:19:38.774 8 INFO cinder.api.openstack.wsgi [None req-3dde190f-4ae8-4f99-a74e-4808330faaef 7bf1d0f3456f492484ca85f4ea0bb747 b529ee6c9bf2463b983ef8668af1b5aa - - default default] GET http://cinder-api.openstack.svc.cluster.local:8776/v3/b529ee6c9bf2463b983ef8668af1b5aa/volumes/2c479398-cd2d-4059-97e4-7807d4689dcd /var/lib/openstack/lib/python3.12/site-packages/oslo_context/context.py:100: DeprecationWarning: Policy enforcement is depending on the value of is_admin. This key is deprecated. Please update your policy file to use the standard policy values. warnings.warn('Policy enforcement is depending on the value of '
2026-02-25 07:19:38.792 8 INFO cinder.volume.api [None req-3dde190f-4ae8-4f99-a74e-4808330faaef 7bf1d0f3456f492484ca85f4ea0bb747 b529ee6c9bf2463b983ef8668af1b5aa - - default default] Volume info retrieved successfully.
2026-02-25 07:19:38.799 8 INFO cinder.api.openstack.wsgi [None req-3dde190f-4ae8-4f99-a74e-4808330faaef 7bf1d0f3456f492484ca85f4ea0bb747 b529ee6c9bf2463b983ef8668af1b5aa - - default default] http://cinder-api.openstack.svc.cluster.local:8776/v3/b529ee6c9bf2463b983ef8668af1b5aa/volumes/2c479398-cd2d-4059-97e4-7807d4689dcd returned with HTTP 200 [pid: 8|app: 0|req: 385/762] 10.0.0.58 () {32 vars in 774 bytes} [Wed Feb 25 07:19:38 2026] GET /v3/b529ee6c9bf2463b983ef8668af1b5aa/volumes/2c479398-cd2d-4059-97e4-7807d4689dcd => generated 972 bytes in 35 msecs (HTTP/1.1 200) 7 headers in 285 bytes (1 switches on core 0) /var/lib/openstack/lib/python3.12/site-packages/pycadf/identifier.py:70: UserWarning: Invalid uuid: cinderv3. To ensure interoperability, identifiers should be a valid uuid. warnings.warn(('Invalid uuid: %s. To ensure interoperability, '
2026-02-25 07:19:38.818 7 INFO cinder.api.openstack.wsgi [None req-a8fcc7d3-9085-4fa9-b0cd-30a72d7f3fac 7bf1d0f3456f492484ca85f4ea0bb747 b529ee6c9bf2463b983ef8668af1b5aa - - default default] DELETE http://cinder-api.openstack.svc.cluster.local:8776/v3/b529ee6c9bf2463b983ef8668af1b5aa/volumes/2c479398-cd2d-4059-97e4-7807d4689dcd
2026-02-25 07:19:38.818 7 INFO cinder.api.v3.volumes [None req-a8fcc7d3-9085-4fa9-b0cd-30a72d7f3fac 7bf1d0f3456f492484ca85f4ea0bb747 b529ee6c9bf2463b983ef8668af1b5aa - - default default] Delete volume with id: 2c479398-cd2d-4059-97e4-7807d4689dcd /var/lib/openstack/lib/python3.12/site-packages/oslo_context/context.py:100: DeprecationWarning: Policy enforcement is depending on the value of is_admin. This key is deprecated. Please update your policy file to use the standard policy values. warnings.warn('Policy enforcement is depending on the value of '
2026-02-25 07:19:38.832 7 INFO cinder.volume.api [None req-a8fcc7d3-9085-4fa9-b0cd-30a72d7f3fac 7bf1d0f3456f492484ca85f4ea0bb747 b529ee6c9bf2463b983ef8668af1b5aa - - default default] Volume info retrieved successfully.
2026-02-25 07:19:38.855 7 INFO cinder.volume.api [None req-a8fcc7d3-9085-4fa9-b0cd-30a72d7f3fac 7bf1d0f3456f492484ca85f4ea0bb747 b529ee6c9bf2463b983ef8668af1b5aa - - default default] Delete volume request issued successfully.
2026-02-25 07:19:38.855 7 INFO cinder.api.openstack.wsgi [None req-a8fcc7d3-9085-4fa9-b0cd-30a72d7f3fac 7bf1d0f3456f492484ca85f4ea0bb747 b529ee6c9bf2463b983ef8668af1b5aa - - default default] http://cinder-api.openstack.svc.cluster.local:8776/v3/b529ee6c9bf2463b983ef8668af1b5aa/volumes/2c479398-cd2d-4059-97e4-7807d4689dcd returned with HTTP 202 [pid: 7|app: 0|req: 378/763] 10.0.0.58 () {32 vars in 777 bytes} [Wed Feb 25 07:19:38 2026] DELETE /v3/b529ee6c9bf2463b983ef8668af1b5aa/volumes/2c479398-cd2d-4059-97e4-7807d4689dcd => generated 0 bytes in 42 msecs (HTTP/1.1 202) 6 headers in 233 bytes (1 switches on core 0) /var/lib/openstack/lib/python3.12/site-packages/pycadf/identifier.py:70: UserWarning: Invalid uuid: cinderv3. To ensure interoperability, identifiers should be a valid uuid. warnings.warn(('Invalid uuid: %s. To ensure interoperability, '
2026-02-25 07:19:38.866 8 INFO cinder.api.openstack.wsgi [None req-9492f4de-de05-446e-91c5-d634c9ea07e3 7bf1d0f3456f492484ca85f4ea0bb747 b529ee6c9bf2463b983ef8668af1b5aa - - default default] GET http://cinder-api.openstack.svc.cluster.local:8776/v3/b529ee6c9bf2463b983ef8668af1b5aa/volumes/2c479398-cd2d-4059-97e4-7807d4689dcd /var/lib/openstack/lib/python3.12/site-packages/oslo_context/context.py:100: DeprecationWarning: Policy enforcement is depending on the value of is_admin. This key is deprecated. Please update your policy file to use the standard policy values. warnings.warn('Policy enforcement is depending on the value of '
2026-02-25 07:19:38.881 8 INFO cinder.volume.api [None req-9492f4de-de05-446e-91c5-d634c9ea07e3 7bf1d0f3456f492484ca85f4ea0bb747 b529ee6c9bf2463b983ef8668af1b5aa - - default default] Volume info retrieved successfully.
2026-02-25 07:19:38.887 8 INFO cinder.api.openstack.wsgi [None req-9492f4de-de05-446e-91c5-d634c9ea07e3 7bf1d0f3456f492484ca85f4ea0bb747 b529ee6c9bf2463b983ef8668af1b5aa - - default default] http://cinder-api.openstack.svc.cluster.local:8776/v3/b529ee6c9bf2463b983ef8668af1b5aa/volumes/2c479398-cd2d-4059-97e4-7807d4689dcd returned with HTTP 200 [pid: 8|app: 0|req: 386/764] 10.0.0.58 () {32 vars in 774 bytes} [Wed Feb 25 07:19:38 2026] GET /v3/b529ee6c9bf2463b983ef8668af1b5aa/volumes/2c479398-cd2d-4059-97e4-7807d4689dcd => generated 971 bytes in 27 msecs (HTTP/1.1 200) 7 headers in 285 bytes (1 switches on core 0) /var/lib/openstack/lib/python3.12/site-packages/pycadf/identifier.py:70: UserWarning: Invalid uuid: cinderv3. To ensure interoperability, identifiers should be a valid uuid. warnings.warn(('Invalid uuid: %s. To ensure interoperability, '
2026-02-25 07:19:39.912 7 INFO cinder.api.openstack.wsgi [None req-e57cd139-c85e-4fba-910d-2a164640a857 7bf1d0f3456f492484ca85f4ea0bb747 b529ee6c9bf2463b983ef8668af1b5aa - - default default] GET http://cinder-api.openstack.svc.cluster.local:8776/v3/b529ee6c9bf2463b983ef8668af1b5aa/volumes/2c479398-cd2d-4059-97e4-7807d4689dcd
2026-02-25 07:19:39.923 7 INFO cinder.api.openstack.wsgi [None req-e57cd139-c85e-4fba-910d-2a164640a857 7bf1d0f3456f492484ca85f4ea0bb747 b529ee6c9bf2463b983ef8668af1b5aa - - default default] http://cinder-api.openstack.svc.cluster.local:8776/v3/b529ee6c9bf2463b983ef8668af1b5aa/volumes/2c479398-cd2d-4059-97e4-7807d4689dcd returned with HTTP 404 [pid: 7|app: 0|req: 379/765] 10.0.0.58 () {32 vars in 774 bytes} [Wed Feb 25 07:19:39 2026] GET /v3/b529ee6c9bf2463b983ef8668af1b5aa/volumes/2c479398-cd2d-4059-97e4-7807d4689dcd => generated 109 bytes in 20 msecs (HTTP/1.1 404) 7 headers in 292 bytes (1 switches on core 0)
2026-02-25 07:19:42.935 8 INFO cinder.api.openstack.wsgi [None req-9492f4de-de05-446e-91c5-d634c9ea07e3 7bf1d0f3456f492484ca85f4ea0bb747 b529ee6c9bf2463b983ef8668af1b5aa - - default default] GET http://10.0.0.248:8776/
2026-02-25 07:19:42.936 7 INFO cinder.api.openstack.wsgi [None req-e57cd139-c85e-4fba-910d-2a164640a857 7bf1d0f3456f492484ca85f4ea0bb747 b529ee6c9bf2463b983ef8668af1b5aa - - default default] GET http://10.0.0.248:8776/
2026-02-25 07:19:42.936 8 INFO cinder.api.openstack.wsgi [None req-9492f4de-de05-446e-91c5-d634c9ea07e3 7bf1d0f3456f492484ca85f4ea0bb747 b529ee6c9bf2463b983ef8668af1b5aa - - default default] http://10.0.0.248:8776/ returned with HTTP 300
2026-02-25 07:19:42.937 7 INFO cinder.api.openstack.wsgi [None req-e57cd139-c85e-4fba-910d-2a164640a857 7bf1d0f3456f492484ca85f4ea0bb747 b529ee6c9bf2463b983ef8668af1b5aa - - default default] http://10.0.0.248:8776/ returned with HTTP 300 /var/lib/openstack/lib/python3.12/site-packages/pycadf/identifier.py:70: UserWarning: Invalid uuid: cinderv3. To ensure interoperability, identifiers should be a valid uuid. warnings.warn(('Invalid uuid: %s. To ensure interoperability, '
2026-02-25 07:19:45.432 8 INFO cinder.api.openstack.wsgi [None req-95de2b8d-6b68-4c9f-8de8-7e31fb67e6ec bf7a1ceebcc342abb968361a98117b3f 46d6bb0167ec466b80943b50c7f5bdfa - - default default] GET http://cinder-api.openstack.svc.cluster.local:8776/v3/46d6bb0167ec466b80943b50c7f5bdfa/volumes
2026-02-25 07:19:45.459 8 INFO cinder.volume.api [None req-95de2b8d-6b68-4c9f-8de8-7e31fb67e6ec bf7a1ceebcc342abb968361a98117b3f 46d6bb0167ec466b80943b50c7f5bdfa - - default default] Get all volumes completed successfully.
2026-02-25 07:19:45.460 8 INFO cinder.api.openstack.wsgi [None req-95de2b8d-6b68-4c9f-8de8-7e31fb67e6ec bf7a1ceebcc342abb968361a98117b3f 46d6bb0167ec466b80943b50c7f5bdfa - - default default] http://cinder-api.openstack.svc.cluster.local:8776/v3/46d6bb0167ec466b80943b50c7f5bdfa/volumes returned with HTTP 200 [pid: 8|app: 0|req: 388/768] 10.0.0.58 () {32 vars in 700 bytes} [Wed Feb 25 07:19:45 2026] GET /v3/46d6bb0167ec466b80943b50c7f5bdfa/volumes => generated 15 bytes in 161 msecs (HTTP/1.1 200) 7 headers in 284 bytes (1 switches on core 0)
2026-02-25 07:19:45.472 7 INFO cinder.api.openstack.wsgi [None req-8da84b2b-07fe-4424-8613-93dce000743c bf7a1ceebcc342abb968361a98117b3f 46d6bb0167ec466b80943b50c7f5bdfa - - default default] POST http://cinder-api.openstack.svc.cluster.local:8776/v3/46d6bb0167ec466b80943b50c7f5bdfa/volumes
2026-02-25 07:19:45.475 7 INFO cinder.api.v3.volumes [None req-8da84b2b-07fe-4424-8613-93dce000743c bf7a1ceebcc342abb968361a98117b3f 46d6bb0167ec466b80943b50c7f5bdfa - - default default] Create volume of 1 GB
2026-02-25 07:19:45.481 7 INFO cinder.volume.api [None req-8da84b2b-07fe-4424-8613-93dce000743c bf7a1ceebcc342abb968361a98117b3f 46d6bb0167ec466b80943b50c7f5bdfa - - default default] Availability Zones retrieved successfully.
2026-02-25 07:19:45.649 7 INFO cinder.volume.api [None req-8da84b2b-07fe-4424-8613-93dce000743c bf7a1ceebcc342abb968361a98117b3f 46d6bb0167ec466b80943b50c7f5bdfa - - default default] Create volume request issued successfully.
2026-02-25 07:19:45.654 7 INFO cinder.api.openstack.wsgi [None req-8da84b2b-07fe-4424-8613-93dce000743c bf7a1ceebcc342abb968361a98117b3f 46d6bb0167ec466b80943b50c7f5bdfa - - default default] http://cinder-api.openstack.svc.cluster.local:8776/v3/46d6bb0167ec466b80943b50c7f5bdfa/volumes returned with HTTP 202 [pid: 7|app: 0|req: 381/769] 10.0.0.58 () {34 vars in 722 bytes} [Wed Feb 25 07:19:45 2026] POST /v3/46d6bb0167ec466b80943b50c7f5bdfa/volumes => generated 875 bytes in 187 msecs (HTTP/1.1 202) 7 headers in 291 bytes (1 switches on core 0)
2026-02-25 07:19:45.672 8 INFO cinder.api.openstack.wsgi [None req-09829a7b-feff-4168-abc9-426d95ef13db bf7a1ceebcc342abb968361a98117b3f 46d6bb0167ec466b80943b50c7f5bdfa - - default default] GET http://cinder-api.openstack.svc.cluster.local:8776/v3/46d6bb0167ec466b80943b50c7f5bdfa/volumes/cecb6f5b-65de-47be-8d28-d81c01dba65b /var/lib/openstack/lib/python3.12/site-packages/oslo_context/context.py:100: DeprecationWarning: Policy enforcement is depending on the value of is_admin. This key is deprecated. Please update your policy file to use the standard policy values. warnings.warn('Policy enforcement is depending on the value of '
2026-02-25 07:19:45.706 8 INFO cinder.volume.api [None req-09829a7b-feff-4168-abc9-426d95ef13db bf7a1ceebcc342abb968361a98117b3f 46d6bb0167ec466b80943b50c7f5bdfa - - default default] Volume info retrieved successfully.
2026-02-25 07:19:45.718 8 INFO cinder.api.openstack.wsgi [None req-09829a7b-feff-4168-abc9-426d95ef13db bf7a1ceebcc342abb968361a98117b3f 46d6bb0167ec466b80943b50c7f5bdfa - - default default] http://cinder-api.openstack.svc.cluster.local:8776/v3/46d6bb0167ec466b80943b50c7f5bdfa/volumes/cecb6f5b-65de-47be-8d28-d81c01dba65b returned with HTTP 200 [pid: 8|app: 0|req: 389/770] 10.0.0.58 () {32 vars in 774 bytes} [Wed Feb 25 07:19:45 2026] GET /v3/46d6bb0167ec466b80943b50c7f5bdfa/volumes/cecb6f5b-65de-47be-8d28-d81c01dba65b => generated 943 bytes in 50 msecs (HTTP/1.1 200) 7 headers in 285 bytes (1 switches on core 0) /var/lib/openstack/lib/python3.12/site-packages/pycadf/identifier.py:70: UserWarning: Invalid uuid: cinderv3. To ensure interoperability, identifiers should be a valid uuid. warnings.warn(('Invalid uuid: %s. To ensure interoperability, '
2026-02-25 07:19:46.739 7 INFO cinder.api.openstack.wsgi [None req-07d8321b-fea4-46af-9985-86b5d53c48c1 bf7a1ceebcc342abb968361a98117b3f 46d6bb0167ec466b80943b50c7f5bdfa - - default default] GET http://cinder-api.openstack.svc.cluster.local:8776/v3/46d6bb0167ec466b80943b50c7f5bdfa/volumes/cecb6f5b-65de-47be-8d28-d81c01dba65b /var/lib/openstack/lib/python3.12/site-packages/oslo_context/context.py:100: DeprecationWarning: Policy enforcement is depending on the value of is_admin. This key is deprecated. Please update your policy file to use the standard policy values. warnings.warn('Policy enforcement is depending on the value of '
2026-02-25 07:19:46.754 7 INFO cinder.volume.api [None req-07d8321b-fea4-46af-9985-86b5d53c48c1 bf7a1ceebcc342abb968361a98117b3f 46d6bb0167ec466b80943b50c7f5bdfa - - default default] Volume info retrieved successfully.
2026-02-25 07:19:46.760 7 INFO cinder.api.openstack.wsgi [None req-07d8321b-fea4-46af-9985-86b5d53c48c1 bf7a1ceebcc342abb968361a98117b3f 46d6bb0167ec466b80943b50c7f5bdfa - - default default] http://cinder-api.openstack.svc.cluster.local:8776/v3/46d6bb0167ec466b80943b50c7f5bdfa/volumes/cecb6f5b-65de-47be-8d28-d81c01dba65b returned with HTTP 200 [pid: 7|app: 0|req: 382/771] 10.0.0.58 () {32 vars in 774 bytes} [Wed Feb 25 07:19:46 2026] GET /v3/46d6bb0167ec466b80943b50c7f5bdfa/volumes/cecb6f5b-65de-47be-8d28-d81c01dba65b => generated 968 bytes in 28 msecs (HTTP/1.1 200) 7 headers in 285 bytes (1 switches on core 0) /var/lib/openstack/lib/python3.12/site-packages/pycadf/identifier.py:70: UserWarning: Invalid uuid: cinderv3. To ensure interoperability, identifiers should be a valid uuid. warnings.warn(('Invalid uuid: %s. To ensure interoperability, '
2026-02-25 07:19:46.780 8 INFO cinder.api.openstack.wsgi [None req-e9771563-82fd-4683-b557-d3798d63674e bf7a1ceebcc342abb968361a98117b3f 46d6bb0167ec466b80943b50c7f5bdfa - - default default] GET http://cinder-api.openstack.svc.cluster.local:8776/v3/46d6bb0167ec466b80943b50c7f5bdfa/volumes/cecb6f5b-65de-47be-8d28-d81c01dba65b /var/lib/openstack/lib/python3.12/site-packages/oslo_context/context.py:100: DeprecationWarning: Policy enforcement is depending on the value of is_admin. This key is deprecated. Please update your policy file to use the standard policy values. warnings.warn('Policy enforcement is depending on the value of '
2026-02-25 07:19:46.795 8 INFO cinder.volume.api [None req-e9771563-82fd-4683-b557-d3798d63674e bf7a1ceebcc342abb968361a98117b3f 46d6bb0167ec466b80943b50c7f5bdfa - - default default] Volume info retrieved successfully.
2026-02-25 07:19:46.800 8 INFO cinder.api.openstack.wsgi [None req-e9771563-82fd-4683-b557-d3798d63674e bf7a1ceebcc342abb968361a98117b3f 46d6bb0167ec466b80943b50c7f5bdfa - - default default] http://cinder-api.openstack.svc.cluster.local:8776/v3/46d6bb0167ec466b80943b50c7f5bdfa/volumes/cecb6f5b-65de-47be-8d28-d81c01dba65b returned with HTTP 200 [pid: 8|app: 0|req: 390/772] 10.0.0.58 () {32 vars in 774 bytes} [Wed Feb 25 07:19:46 2026] GET /v3/46d6bb0167ec466b80943b50c7f5bdfa/volumes/cecb6f5b-65de-47be-8d28-d81c01dba65b => generated 968 bytes in 27 msecs (HTTP/1.1 200) 7 headers in 285 bytes (1 switches on core 0) /var/lib/openstack/lib/python3.12/site-packages/pycadf/identifier.py:70: UserWarning: Invalid uuid: cinderv3. To ensure interoperability, identifiers should be a valid uuid. warnings.warn(('Invalid uuid: %s. To ensure interoperability, '
2026-02-25 07:19:46.824 7 INFO cinder.api.openstack.wsgi [None req-d8b6ac21-037e-43cd-aecc-b449dff1fcc8 bf7a1ceebcc342abb968361a98117b3f 46d6bb0167ec466b80943b50c7f5bdfa - - default default] POST http://cinder-api.openstack.svc.cluster.local:8776/v3/46d6bb0167ec466b80943b50c7f5bdfa/volumes
2026-02-25 07:19:46.828 7 INFO cinder.api.v3.volumes [None req-d8b6ac21-037e-43cd-aecc-b449dff1fcc8 bf7a1ceebcc342abb968361a98117b3f 46d6bb0167ec466b80943b50c7f5bdfa - - default default] Create volume of 1 GB
2026-02-25 07:19:46.837 7 INFO cinder.volume.api [None req-d8b6ac21-037e-43cd-aecc-b449dff1fcc8 bf7a1ceebcc342abb968361a98117b3f 46d6bb0167ec466b80943b50c7f5bdfa - - default default] Availability Zones retrieved successfully.
2026-02-25 07:19:47.106 7 INFO cinder.volume.api [None req-d8b6ac21-037e-43cd-aecc-b449dff1fcc8 bf7a1ceebcc342abb968361a98117b3f 46d6bb0167ec466b80943b50c7f5bdfa - - default default] Create volume request issued successfully.
2026-02-25 07:19:47.107 7 INFO cinder.api.openstack.wsgi [None req-d8b6ac21-037e-43cd-aecc-b449dff1fcc8 bf7a1ceebcc342abb968361a98117b3f 46d6bb0167ec466b80943b50c7f5bdfa - - default default] http://cinder-api.openstack.svc.cluster.local:8776/v3/46d6bb0167ec466b80943b50c7f5bdfa/volumes returned with HTTP 202 [pid: 7|app: 0|req: 383/773] 10.0.0.58 () {34 vars in 722 bytes} [Wed Feb 25 07:19:46 2026] POST /v3/46d6bb0167ec466b80943b50c7f5bdfa/volumes => generated 875 bytes in 291 msecs (HTTP/1.1 202) 7 headers in 291 bytes (1 switches on core 0) /var/lib/openstack/lib/python3.12/site-packages/pycadf/identifier.py:70: UserWarning: Invalid uuid: cinderv3. To ensure interoperability, identifiers should be a valid uuid. warnings.warn(('Invalid uuid: %s. To ensure interoperability, '
2026-02-25 07:19:47.131 8 INFO cinder.api.openstack.wsgi [None req-558b3e47-bb0b-4e6f-acab-1c8607e3ffa5 bf7a1ceebcc342abb968361a98117b3f 46d6bb0167ec466b80943b50c7f5bdfa - - default default] GET http://cinder-api.openstack.svc.cluster.local:8776/v3/46d6bb0167ec466b80943b50c7f5bdfa/volumes/fbf2f4f3-ac7e-467a-8f51-573cb260142b /var/lib/openstack/lib/python3.12/site-packages/oslo_context/context.py:100: DeprecationWarning: Policy enforcement is depending on the value of is_admin. This key is deprecated. Please update your policy file to use the standard policy values. warnings.warn('Policy enforcement is depending on the value of '
2026-02-25 07:19:47.150 8 INFO cinder.volume.api [None req-558b3e47-bb0b-4e6f-acab-1c8607e3ffa5 bf7a1ceebcc342abb968361a98117b3f 46d6bb0167ec466b80943b50c7f5bdfa - - default default] Volume info retrieved successfully.
2026-02-25 07:19:47.158 8 INFO cinder.api.openstack.wsgi [None req-558b3e47-bb0b-4e6f-acab-1c8607e3ffa5 bf7a1ceebcc342abb968361a98117b3f 46d6bb0167ec466b80943b50c7f5bdfa - - default default] http://cinder-api.openstack.svc.cluster.local:8776/v3/46d6bb0167ec466b80943b50c7f5bdfa/volumes/fbf2f4f3-ac7e-467a-8f51-573cb260142b returned with HTTP 200 [pid: 8|app: 0|req: 391/774] 10.0.0.58 () {32 vars in 774 bytes} [Wed Feb 25 07:19:47 2026] GET /v3/46d6bb0167ec466b80943b50c7f5bdfa/volumes/fbf2f4f3-ac7e-467a-8f51-573cb260142b => generated 943 bytes in 33 msecs (HTTP/1.1 200) 7 headers in 285 bytes (1 switches on core 0) /var/lib/openstack/lib/python3.12/site-packages/pycadf/identifier.py:70: UserWarning: Invalid uuid: cinderv3. To ensure interoperability, identifiers should be a valid uuid. warnings.warn(('Invalid uuid: %s. To ensure interoperability, '
2026-02-25 07:19:47.423 7 INFO cinder.api.openstack.wsgi [None req-48737044-c2c9-4ec8-86c1-b377f505b4d9 e8a3a02bd2fa4bd7aeb6fac41e07da03 3c482f8a86ca4187969243d957bad9b6 - - default default] GET http://cinder-api.openstack.svc.cluster.local:8776/v3/3c482f8a86ca4187969243d957bad9b6/os-quota-sets/1532db2b0dd84bf299f13a08df709bbb?usage=true /var/lib/openstack/lib/python3.12/site-packages/oslo_context/context.py:100: DeprecationWarning: Policy enforcement is depending on the value of is_admin. This key is deprecated. Please update your policy file to use the standard policy values. warnings.warn('Policy enforcement is depending on the value of '
2026-02-25 07:19:47.441 7 INFO cinder.api.openstack.wsgi [None req-48737044-c2c9-4ec8-86c1-b377f505b4d9 e8a3a02bd2fa4bd7aeb6fac41e07da03 3c482f8a86ca4187969243d957bad9b6 - - default default] http://cinder-api.openstack.svc.cluster.local:8776/v3/3c482f8a86ca4187969243d957bad9b6/os-quota-sets/1532db2b0dd84bf299f13a08df709bbb?usage=true returned with HTTP 200 [pid: 7|app: 0|req: 384/775] 10.0.0.47 () {28 vars in 735 bytes} [Wed Feb 25 07:19:47 2026] GET /v3/3c482f8a86ca4187969243d957bad9b6/os-quota-sets/1532db2b0dd84bf299f13a08df709bbb?usage=true => generated 847 bytes in 153 msecs (HTTP/1.1 200) 7 headers in 285 bytes (1 switches on core 0) /var/lib/openstack/lib/python3.12/site-packages/pycadf/identifier.py:70: UserWarning: Invalid uuid: cinderv3. To ensure interoperability, identifiers should be a valid uuid. warnings.warn(('Invalid uuid: %s. To ensure interoperability, '
2026-02-25 07:19:47.450 8 INFO cinder.api.openstack.wsgi [None req-43d4eb16-901c-4a02-9882-9f07b44b3f55 e8a3a02bd2fa4bd7aeb6fac41e07da03 3c482f8a86ca4187969243d957bad9b6 - - default default] GET http://cinder-api.openstack.svc.cluster.local:8776/v3/3c482f8a86ca4187969243d957bad9b6/os-quota-sets/28b0232e423d4dff8b65ea194ab6722a?usage=true
2026-02-25 07:19:47.486 8 INFO cinder.api.openstack.wsgi [None req-43d4eb16-901c-4a02-9882-9f07b44b3f55 e8a3a02bd2fa4bd7aeb6fac41e07da03 3c482f8a86ca4187969243d957bad9b6 - - default default] http://cinder-api.openstack.svc.cluster.local:8776/v3/3c482f8a86ca4187969243d957bad9b6/os-quota-sets/28b0232e423d4dff8b65ea194ab6722a?usage=true returned with HTTP 200 [pid: 8|app: 0|req: 392/776] 10.0.0.47 () {28 vars in 735 bytes} [Wed Feb 25 07:19:47 2026] GET /v3/3c482f8a86ca4187969243d957bad9b6/os-quota-sets/28b0232e423d4dff8b65ea194ab6722a?usage=true => generated 847 bytes in 43 msecs (HTTP/1.1 200) 7 headers in 285 bytes (1 switches on core 0)
2026-02-25 07:19:47.499 7 INFO cinder.api.openstack.wsgi [None req-f164151a-9865-437f-a1d2-01327e3d53a3 e8a3a02bd2fa4bd7aeb6fac41e07da03 3c482f8a86ca4187969243d957bad9b6 - - default default] GET http://cinder-api.openstack.svc.cluster.local:8776/v3/3c482f8a86ca4187969243d957bad9b6/os-quota-sets/2dc652080b274900abbed6b57557724d?usage=true
2026-02-25 07:19:47.515 7 INFO cinder.api.openstack.wsgi [None req-f164151a-9865-437f-a1d2-01327e3d53a3 e8a3a02bd2fa4bd7aeb6fac41e07da03 3c482f8a86ca4187969243d957bad9b6 - - default default] http://cinder-api.openstack.svc.cluster.local:8776/v3/3c482f8a86ca4187969243d957bad9b6/os-quota-sets/2dc652080b274900abbed6b57557724d?usage=true returned with HTTP 200 [pid: 7|app: 0|req: 385/777] 10.0.0.47 () {28 vars in 735 bytes} [Wed Feb 25 07:19:47 2026] GET /v3/3c482f8a86ca4187969243d957bad9b6/os-quota-sets/2dc652080b274900abbed6b57557724d?usage=true => generated 847 bytes in 24 msecs (HTTP/1.1 200) 7 headers in 285 bytes (1 switches on core 0)
2026-02-25 07:19:47.526 8 INFO cinder.api.openstack.wsgi [None req-f062210b-1b3a-4c0c-a29b-0970449af216 e8a3a02bd2fa4bd7aeb6fac41e07da03 3c482f8a86ca4187969243d957bad9b6 - - default default] GET http://cinder-api.openstack.svc.cluster.local:8776/v3/3c482f8a86ca4187969243d957bad9b6/os-quota-sets/3c482f8a86ca4187969243d957bad9b6?usage=true
2026-02-25 07:19:47.544 8 INFO cinder.api.openstack.wsgi [None req-f062210b-1b3a-4c0c-a29b-0970449af216 e8a3a02bd2fa4bd7aeb6fac41e07da03 3c482f8a86ca4187969243d957bad9b6 - - default default] http://cinder-api.openstack.svc.cluster.local:8776/v3/3c482f8a86ca4187969243d957bad9b6/os-quota-sets/3c482f8a86ca4187969243d957bad9b6?usage=true returned with HTTP 200 [pid: 8|app: 0|req: 393/778] 10.0.0.47 () {28 vars in 735 bytes} [Wed Feb 25 07:19:47 2026] GET /v3/3c482f8a86ca4187969243d957bad9b6/os-quota-sets/3c482f8a86ca4187969243d957bad9b6?usage=true => generated 845 bytes in 27 msecs (HTTP/1.1 200) 7 headers in 285 bytes (1 switches on core 0)
2026-02-25 07:19:47.557 7 INFO cinder.api.openstack.wsgi [None req-92aaf91e-4bd2-452d-924d-e180ae4d1e82 e8a3a02bd2fa4bd7aeb6fac41e07da03 3c482f8a86ca4187969243d957bad9b6 - - default default] GET http://cinder-api.openstack.svc.cluster.local:8776/v3/3c482f8a86ca4187969243d957bad9b6/os-quota-sets/3c4e3784c04c4064ad9d7964f4210f07?usage=true
2026-02-25 07:19:47.580 7 INFO cinder.api.openstack.wsgi [None req-92aaf91e-4bd2-452d-924d-e180ae4d1e82 e8a3a02bd2fa4bd7aeb6fac41e07da03 3c482f8a86ca4187969243d957bad9b6 - - default default] http://cinder-api.openstack.svc.cluster.local:8776/v3/3c482f8a86ca4187969243d957bad9b6/os-quota-sets/3c4e3784c04c4064ad9d7964f4210f07?usage=true returned with HTTP 200 [pid: 7|app: 0|req: 386/779] 10.0.0.47 () {28 vars in 735 bytes} [Wed Feb 25 07:19:47 2026] GET /v3/3c482f8a86ca4187969243d957bad9b6/os-quota-sets/3c4e3784c04c4064ad9d7964f4210f07?usage=true => generated 847 bytes in 31 msecs (HTTP/1.1 200) 7 headers in 285 bytes (1 switches on core 0)
2026-02-25 07:19:47.590 8 INFO cinder.api.openstack.wsgi [None req-cbb22671-b6db-455a-92c6-bbb11f3b4d09 e8a3a02bd2fa4bd7aeb6fac41e07da03 3c482f8a86ca4187969243d957bad9b6 - - default default] GET http://cinder-api.openstack.svc.cluster.local:8776/v3/3c482f8a86ca4187969243d957bad9b6/os-quota-sets/46d6bb0167ec466b80943b50c7f5bdfa?usage=true
2026-02-25 07:19:47.609 8 INFO cinder.api.openstack.wsgi [None req-cbb22671-b6db-455a-92c6-bbb11f3b4d09 e8a3a02bd2fa4bd7aeb6fac41e07da03 3c482f8a86ca4187969243d957bad9b6 - - default default] http://cinder-api.openstack.svc.cluster.local:8776/v3/3c482f8a86ca4187969243d957bad9b6/os-quota-sets/46d6bb0167ec466b80943b50c7f5bdfa?usage=true returned with HTTP 200 [pid: 8|app: 0|req: 394/780] 10.0.0.47 () {28 vars in 735 bytes} [Wed Feb 25 07:19:47 2026] GET /v3/3c482f8a86ca4187969243d957bad9b6/os-quota-sets/46d6bb0167ec466b80943b50c7f5bdfa?usage=true => generated 847 bytes in 26 msecs (HTTP/1.1 200) 7 headers in 285 bytes (1 switches on core 0)
2026-02-25 07:19:47.621 7 INFO cinder.api.openstack.wsgi [None req-4b5883f1-0c5b-4244-8e48-596a00719e62 e8a3a02bd2fa4bd7aeb6fac41e07da03 3c482f8a86ca4187969243d957bad9b6 - - default default] GET http://cinder-api.openstack.svc.cluster.local:8776/v3/3c482f8a86ca4187969243d957bad9b6/os-quota-sets/4d1f4fd4e4cd463ca190905920155144?usage=true
2026-02-25 07:19:47.652 7 INFO cinder.api.openstack.wsgi [None req-4b5883f1-0c5b-4244-8e48-596a00719e62 e8a3a02bd2fa4bd7aeb6fac41e07da03 3c482f8a86ca4187969243d957bad9b6 - - default default] http://cinder-api.openstack.svc.cluster.local:8776/v3/3c482f8a86ca4187969243d957bad9b6/os-quota-sets/4d1f4fd4e4cd463ca190905920155144?usage=true returned with HTTP 200 [pid: 7|app: 0|req: 387/781] 10.0.0.47 () {28 vars in 735 bytes} [Wed Feb 25 07:19:47 2026] GET /v3/3c482f8a86ca4187969243d957bad9b6/os-quota-sets/4d1f4fd4e4cd463ca190905920155144?usage=true => generated 847 bytes in 38 msecs (HTTP/1.1 200) 7 headers in 285 bytes (1 switches on core 0)
2026-02-25 07:19:47.664 8 INFO cinder.api.openstack.wsgi [None req-947484c4-16b4-40ce-8f28-1295bc5b4c31 e8a3a02bd2fa4bd7aeb6fac41e07da03 3c482f8a86ca4187969243d957bad9b6 - - default default] GET http://cinder-api.openstack.svc.cluster.local:8776/v3/3c482f8a86ca4187969243d957bad9b6/os-quota-sets/545138d8faa8469b8d682d0776a155e2?usage=true
2026-02-25 07:19:47.717 8 INFO cinder.api.openstack.wsgi [None req-947484c4-16b4-40ce-8f28-1295bc5b4c31 e8a3a02bd2fa4bd7aeb6fac41e07da03 3c482f8a86ca4187969243d957bad9b6 - - default default] http://cinder-api.openstack.svc.cluster.local:8776/v3/3c482f8a86ca4187969243d957bad9b6/os-quota-sets/545138d8faa8469b8d682d0776a155e2?usage=true returned with HTTP 200 [pid: 8|app: 0|req: 395/782] 10.0.0.47 () {28 vars in 735 bytes} [Wed Feb 25 07:19:47 2026] GET /v3/3c482f8a86ca4187969243d957bad9b6/os-quota-sets/545138d8faa8469b8d682d0776a155e2?usage=true => generated 847 bytes in 62 msecs (HTTP/1.1 200) 7 headers in 285 bytes (1 switches on core 0)
2026-02-25 07:19:47.728 7 INFO cinder.api.openstack.wsgi [None req-28187587-8fe1-42be-8b01-84193c291fd8 e8a3a02bd2fa4bd7aeb6fac41e07da03 3c482f8a86ca4187969243d957bad9b6 - - default default] GET http://cinder-api.openstack.svc.cluster.local:8776/v3/3c482f8a86ca4187969243d957bad9b6/os-quota-sets/5f74d0f04d6c45b994ab7f6ca186007c?usage=true
2026-02-25 07:19:47.758 7 INFO cinder.api.openstack.wsgi [None req-28187587-8fe1-42be-8b01-84193c291fd8 e8a3a02bd2fa4bd7aeb6fac41e07da03 3c482f8a86ca4187969243d957bad9b6 - - default default] http://cinder-api.openstack.svc.cluster.local:8776/v3/3c482f8a86ca4187969243d957bad9b6/os-quota-sets/5f74d0f04d6c45b994ab7f6ca186007c?usage=true returned with HTTP 200 [pid: 7|app: 0|req: 388/783] 10.0.0.47 () {28 vars in 735 bytes} [Wed Feb 25 07:19:47 2026] GET /v3/3c482f8a86ca4187969243d957bad9b6/os-quota-sets/5f74d0f04d6c45b994ab7f6ca186007c?usage=true => generated 845 bytes in 35 msecs (HTTP/1.1 200) 7 headers in 285 bytes (1 switches on core 0)
2026-02-25 07:19:47.769 8 INFO cinder.api.openstack.wsgi [None req-57cb8343-ebbb-4070-a7f5-70746a0ebfb7 e8a3a02bd2fa4bd7aeb6fac41e07da03 3c482f8a86ca4187969243d957bad9b6 - - default default] GET http://cinder-api.openstack.svc.cluster.local:8776/v3/3c482f8a86ca4187969243d957bad9b6/os-quota-sets/744d4e1759824d4ea56006774caf2c53?usage=true
2026-02-25 07:19:47.785 8 INFO cinder.api.openstack.wsgi [None req-57cb8343-ebbb-4070-a7f5-70746a0ebfb7 e8a3a02bd2fa4bd7aeb6fac41e07da03 3c482f8a86ca4187969243d957bad9b6 - - default default] http://cinder-api.openstack.svc.cluster.local:8776/v3/3c482f8a86ca4187969243d957bad9b6/os-quota-sets/744d4e1759824d4ea56006774caf2c53?usage=true returned with HTTP 200 [pid: 8|app: 0|req: 396/784] 10.0.0.47 () {28 vars in 735 bytes} [Wed Feb 25 07:19:47 2026] GET /v3/3c482f8a86ca4187969243d957bad9b6/os-quota-sets/744d4e1759824d4ea56006774caf2c53?usage=true => generated 847 bytes in 23 msecs (HTTP/1.1 200) 7 headers in 285 bytes (1 switches on core 0)
2026-02-25 07:19:47.800 7 INFO cinder.api.openstack.wsgi [None req-30408af6-92dd-4e00-8a19-4237777fe27f e8a3a02bd2fa4bd7aeb6fac41e07da03 3c482f8a86ca4187969243d957bad9b6 - - default default] GET http://cinder-api.openstack.svc.cluster.local:8776/v3/3c482f8a86ca4187969243d957bad9b6/os-quota-sets/8fbc04dd18504aadab7c6e222574e2a4?usage=true
2026-02-25 07:19:47.815 7 INFO cinder.api.openstack.wsgi [None req-30408af6-92dd-4e00-8a19-4237777fe27f e8a3a02bd2fa4bd7aeb6fac41e07da03 3c482f8a86ca4187969243d957bad9b6 - - default default] http://cinder-api.openstack.svc.cluster.local:8776/v3/3c482f8a86ca4187969243d957bad9b6/os-quota-sets/8fbc04dd18504aadab7c6e222574e2a4?usage=true returned with HTTP 200 [pid: 7|app: 0|req: 389/785] 10.0.0.47 () {28 vars in 735 bytes} [Wed Feb 25 07:19:47 2026] GET /v3/3c482f8a86ca4187969243d957bad9b6/os-quota-sets/8fbc04dd18504aadab7c6e222574e2a4?usage=true => generated 847 bytes in 22 msecs (HTTP/1.1 200) 7 headers in 285 bytes (1 switches on core 0)
2026-02-25 07:19:47.829 8 INFO cinder.api.openstack.wsgi [None req-a1a3fb6e-775b-48db-b106-fb87cda5de5a e8a3a02bd2fa4bd7aeb6fac41e07da03 3c482f8a86ca4187969243d957bad9b6 - - default default] GET http://cinder-api.openstack.svc.cluster.local:8776/v3/3c482f8a86ca4187969243d957bad9b6/os-quota-sets/b2227e7aec4e47dc9a1f04c9f4fdf3b5?usage=true
