2026-03-04 02:32:45.316 9 INFO neutron.wsgi [None req-ce9a3ed9-9834-4ecc-bc3b-9c522d2d2ca0 bcf2610efd8c4f2eb4e4c30588e3cb2d 79fc3856c9654c3eb86f9a22688279ef - - default default] 10.0.0.179 "PUT /v2.0/routers/b5ae5eed-92d7-41d3-9082-94342e97f373/add_router_interface HTTP/1.1" status: 200 len: 503 time: 2.3718328
2026-03-04 02:32:45.317 10 INFO neutron.wsgi [None req-225ce75b-8a8b-4a62-a7fa-accaad0c95c1 bcf2610efd8c4f2eb4e4c30588e3cb2d 79fc3856c9654c3eb86f9a22688279ef - - default default] 10.0.0.179 "DELETE /v2.0/security-groups/0dfeeec1-2e7c-4d9c-add8-7d48b32f171a HTTP/1.1" status: 204 len: 168 time: 0.2066038
2026-03-04 02:32:45.332 9 INFO neutron.wsgi [req-6b97ec19-e452-4560-8e23-281359d38fd7 req-7d77913e-b3ec-400f-ad2e-4e89da1a285b 69629d12232e4d8c84a5b576a8b3c5c2 685e825c5d124258b4c3fa3d701d0cb5 - - default default] 10.0.0.147 "GET /v2.0/quotas/685e825c5d124258b4c3fa3d701d0cb5 HTTP/1.1" status: 200 len: 386 time: 0.0103729
2026-03-04 02:32:45.452 9 INFO neutron.wsgi [req-6b97ec19-e452-4560-8e23-281359d38fd7 req-fe079d3c-4d4f-4e95-ae45-289091fb4cb0 69629d12232e4d8c84a5b576a8b3c5c2 685e825c5d124258b4c3fa3d701d0cb5 - - default default] 10.0.0.147 "GET /v2.0/ports?tenant_id=685e825c5d124258b4c3fa3d701d0cb5&fields=id HTTP/1.1" status: 200 len: 348 time: 0.1132720
2026-03-04 02:32:45.770 9 INFO neutron.wsgi [req-6b97ec19-e452-4560-8e23-281359d38fd7 req-f84ad242-952a-46b2-b3ea-0a3c3c35cc19 7f6808a736204204b900259adadebfc1 dd649a7e0fa94d889784905637a9c9ce - - 0b47a8ef162b449791a7619f7bd9f895 0b47a8ef162b449791a7619f7bd9f895] 10.0.0.147 "GET /v2.0/networks/6745359d-730f-4ace-ae0c-0482a4452fb2?fields=segments HTTP/1.1" status: 200 len: 212 time: 0.3053777
2026-03-04 02:32:45.861 9 INFO neutron.wsgi [req-6b97ec19-e452-4560-8e23-281359d38fd7 req-6b9db203-64ba-41b6-83a6-8adedbb5ede7 7f6808a736204204b900259adadebfc1 dd649a7e0fa94d889784905637a9c9ce - - 0b47a8ef162b449791a7619f7bd9f895 0b47a8ef162b449791a7619f7bd9f895] 10.0.0.147 "GET /v2.0/networks/6745359d-730f-4ace-ae0c-0482a4452fb2?fields=provider%3Aphysical_network&fields=provider%3Anetwork_type HTTP/1.1" status: 200 len: 277 time: 0.0813105
2026-03-04 02:32:45.862 9 INFO neutron.db.ovn_revision_numbers_db [None req-0acd042f-30f6-48fb-b08c-6fc067a3f98a bcf2610efd8c4f2eb4e4c30588e3cb2d 79fc3856c9654c3eb86f9a22688279ef - - default default] Successfully bumped revision number for resource 8a8a90e3-90b7-46e5-a457-013fe1f2ca9c (type: security_groups) to 1
2026-03-04 02:32:45.874 9 INFO neutron.db.ovn_revision_numbers_db [None req-0acd042f-30f6-48fb-b08c-6fc067a3f98a bcf2610efd8c4f2eb4e4c30588e3cb2d 79fc3856c9654c3eb86f9a22688279ef - - default default] Successfully bumped revision number for resource 522bae3f-4dbd-43e1-a6de-6b49e8e557e4 (type: security_group_rules) to 0
2026-03-04 02:32:45.889 9 INFO neutron.db.ovn_revision_numbers_db [None req-0acd042f-30f6-48fb-b08c-6fc067a3f98a bcf2610efd8c4f2eb4e4c30588e3cb2d 79fc3856c9654c3eb86f9a22688279ef - - default default] Successfully bumped revision number for resource 57a52988-4dec-4d98-b4ea-0dd18a5d2fb6 (type: security_group_rules) to 0
2026-03-04 02:32:45.902 9 INFO neutron.db.ovn_revision_numbers_db [None req-0acd042f-30f6-48fb-b08c-6fc067a3f98a bcf2610efd8c4f2eb4e4c30588e3cb2d 79fc3856c9654c3eb86f9a22688279ef - - default default] Successfully bumped revision number for resource 61cce2aa-377c-4c06-8c6b-3bdb8a26c043 (type: security_group_rules) to 0
2026-03-04 02:32:45.914 9 INFO neutron.db.ovn_revision_numbers_db [None req-0acd042f-30f6-48fb-b08c-6fc067a3f98a bcf2610efd8c4f2eb4e4c30588e3cb2d 79fc3856c9654c3eb86f9a22688279ef - - default default] Successfully bumped revision number for resource 8630d8e3-dace-40fa-a19c-7a1cd9a9ed4d (type: security_group_rules) to 0
2026-03-04 02:32:45.936 9 INFO neutron.wsgi [None req-0acd042f-30f6-48fb-b08c-6fc067a3f98a bcf2610efd8c4f2eb4e4c30588e3cb2d 79fc3856c9654c3eb86f9a22688279ef - - default default] 10.0.0.179 "GET /v2.0/security-groups?tenant_id=6a5cfa099e944c329122b19e1a107ddb&name=default HTTP/1.1" status: 200 len: 2996 time: 0.5035591
2026-03-04 02:32:45.993 9 INFO neutron.wsgi [req-5603678b-e88a-40d3-9dbf-bb2883520881 req-91264b92-7836-4915-a6f7-d5569ee2edcb 69629d12232e4d8c84a5b576a8b3c5c2 685e825c5d124258b4c3fa3d701d0cb5 - - default default] 10.0.0.147 "GET /v2.0/ports?device_id=acb7b995-5534-48ae-af99-2609f9caa5bc HTTP/1.1" status: 200 len: 210 time: 0.0228517
2026-03-04 02:32:46.214 9 INFO neutron.wsgi [None req-bbff86c0-2cef-41b4-a457-3001050377cf bcf2610efd8c4f2eb4e4c30588e3cb2d 79fc3856c9654c3eb86f9a22688279ef - - default default] 10.0.0.179 "DELETE /v2.0/security-groups/8a8a90e3-90b7-46e5-a457-013fe1f2ca9c HTTP/1.1" status: 204 len: 168 time: 0.2729039
2026-03-04 02:32:46.636 9 INFO neutron.db.ovn_revision_numbers_db [None req-5931d4e2-2cd1-4563-bd3b-5abc314637a3 bcf2610efd8c4f2eb4e4c30588e3cb2d 79fc3856c9654c3eb86f9a22688279ef - - default default] Successfully bumped revision number for resource de6772c4-fe26-4a27-bc92-f69060b2caba (type: security_groups) to 1
2026-03-04 02:32:46.666 9 INFO neutron.db.ovn_revision_numbers_db [None req-5931d4e2-2cd1-4563-bd3b-5abc314637a3 bcf2610efd8c4f2eb4e4c30588e3cb2d 79fc3856c9654c3eb86f9a22688279ef - - default default] Successfully bumped revision number for resource 10accd56-77b7-44d3-84ea-7011ceba95e8 (type: security_group_rules) to 0
2026-03-04 02:32:46.716 9 INFO neutron.db.ovn_revision_numbers_db [None req-5931d4e2-2cd1-4563-bd3b-5abc314637a3 bcf2610efd8c4f2eb4e4c30588e3cb2d 79fc3856c9654c3eb86f9a22688279ef - - default default] Successfully bumped revision number for resource 40141750-a542-450f-ac7d-cbe2eafbd7a7 (type: security_group_rules) to 0
2026-03-04 02:32:46.750 9 INFO neutron.db.ovn_revision_numbers_db [None req-5931d4e2-2cd1-4563-bd3b-5abc314637a3 bcf2610efd8c4f2eb4e4c30588e3cb2d 79fc3856c9654c3eb86f9a22688279ef - - default default] Successfully bumped revision number for resource 9f15ea39-eba8-41ed-addf-1ca2a50da3d0 (type: security_group_rules) to 0
2026-03-04 02:32:46.775 9 INFO neutron.wsgi [req-5eef8e11-411a-4f70-bb78-e6c394be8635 req-7193b40c-5ac3-4d64-9ea9-bcbef4f21b69 65d5b1b1ce0744929738b022f0e023f0 3bc9e5d1220d442dba8a12ec9321dfc8 - - default default] 10.0.0.147 "GET /v2.0/ports?device_id=e2e36d16-f45d-4c00-85f1-acf041fc2666 HTTP/1.1" status: 200 len: 1210 time: 0.1231723
2026-03-04 02:32:46.776 9 INFO neutron.db.ovn_revision_numbers_db [None req-5931d4e2-2cd1-4563-bd3b-5abc314637a3 bcf2610efd8c4f2eb4e4c30588e3cb2d 79fc3856c9654c3eb86f9a22688279ef - - default default] Successfully bumped revision number for resource ddf5f42c-3914-4726-9286-e9af0ec1ed73 (type: security_group_rules) to 0
2026-03-04 02:32:46.813 9 INFO neutron.wsgi [None req-5931d4e2-2cd1-4563-bd3b-5abc314637a3 bcf2610efd8c4f2eb4e4c30588e3cb2d 79fc3856c9654c3eb86f9a22688279ef - - default default] 10.0.0.179 "GET /v2.0/security-groups?tenant_id=f1846bcd0cb94c41846abcd7e521fc1b&name=default HTTP/1.1" status: 200 len: 2996 time: 0.3428702
2026-03-04 02:32:46.858 9 INFO neutron.wsgi [req-5eef8e11-411a-4f70-bb78-e6c394be8635 req-6b653a3e-2903-4d53-a124-f5635a9f0f97 65d5b1b1ce0744929738b022f0e023f0 3bc9e5d1220d442dba8a12ec9321dfc8 - - default default] 10.0.0.147 "GET /v2.0/security-groups?id=d7718c87-7ba3-41f7-9547-1cbea9e787d6&id=8d2084ce-6397-4e56-b60d-9f166c6c7b78&fields=id&fields=name HTTP/1.1" status: 200 len: 406 time: 0.0711126
2026-03-04 02:32:46.904 10 INFO neutron.wsgi [req-6b97ec19-e452-4560-8e23-281359d38fd7 req-c4b07dc2-1b74-4ac6-8cb4-b95f860eea1a 69629d12232e4d8c84a5b576a8b3c5c2 685e825c5d124258b4c3fa3d701d0cb5 - - default default] 199.204.45.162 "GET /v2.0/networks?id=6745359d-730f-4ace-ae0c-0482a4452fb2 HTTP/1.1" status: 200 len: 859 time: 0.0993469
2026-03-04 02:32:46.994 10 INFO neutron.wsgi [req-6b97ec19-e452-4560-8e23-281359d38fd7 req-f22fbc0a-784a-43c4-8864-a43af7953c64 69629d12232e4d8c84a5b576a8b3c5c2 685e825c5d124258b4c3fa3d701d0cb5 - - default default] 199.204.45.162 "GET /v2.0/security-groups?fields=id&fields=name&tenant_id=685e825c5d124258b4c3fa3d701d0cb5 HTTP/1.1" status: 200 len: 471 time: 0.0819023
2026-03-04 02:32:47.029 10 WARNING neutron_lib.context [req-6b97ec19-e452-4560-8e23-281359d38fd7 req-21384e73-0a49-49db-85d4-753aba4e192b 69629d12232e4d8c84a5b576a8b3c5c2 685e825c5d124258b4c3fa3d701d0cb5 - - default default] Method 'is_advsvc' is deprecated since 2023.2 release (neutron-lib 3.8.0) and will be removed once support for the old RBAC API policies will be removed from Neutron. Please use method 'is_service_role' instead.
2026-03-04 02:32:47.086 9 INFO neutron.wsgi [req-abb9ac70-2902-46e9-8bfd-b3ca22161ca7 req-23e39009-0217-4e92-ad5c-83f82c3464e9 69629d12232e4d8c84a5b576a8b3c5c2 685e825c5d124258b4c3fa3d701d0cb5 - - default default] 10.0.0.147 "GET /v2.0/ports?device_id=acb7b995-5534-48ae-af99-2609f9caa5bc HTTP/1.1" status: 200 len: 210 time: 0.0239935
2026-03-04 02:32:47.159 10 INFO neutron.wsgi [None req-3e148f5c-38e2-4fa2-ba4a-feee0e75d961 bcf2610efd8c4f2eb4e4c30588e3cb2d 79fc3856c9654c3eb86f9a22688279ef - - default default] 10.0.0.179 "DELETE /v2.0/security-groups/de6772c4-fe26-4a27-bc92-f69060b2caba HTTP/1.1" status: 204 len: 168 time: 0.3399878
2026-03-04 02:32:47.261 9 INFO neutron.wsgi [None req-f29ba90b-da05-4df5-a36d-f00d5edd44c5 54703fd5d755455bac43281656ff3177 8b56979aae194c6e9e250e4e835978b1 - - default default] 10.0.0.179 "GET /v2.0/ports?device_id=e2e36d16-f45d-4c00-85f1-acf041fc2666 HTTP/1.1" status: 200 len: 1443 time: 0.3731475
2026-03-04 02:32:47.339 9 INFO neutron.wsgi [None req-90c5928d-c907-4099-b1ac-8d1d3cb992c0 65d5b1b1ce0744929738b022f0e023f0 3bc9e5d1220d442dba8a12ec9321dfc8 - - default default] 10.0.0.179 "GET /v2.0/floatingips?floating_network_id=23d00f21-e629-4a10-9f63-09857d39d79a&port_id=c8f184c5-6b21-4e77-b2bb-70d76ea4dbfe HTTP/1.1" status: 200 len: 1054 time: 0.0699704
2026-03-04 02:32:47.391 10 WARNING neutron.scheduler.dhcp_agent_scheduler [req-6b97ec19-e452-4560-8e23-281359d38fd7 req-21384e73-0a49-49db-85d4-753aba4e192b 69629d12232e4d8c84a5b576a8b3c5c2 685e825c5d124258b4c3fa3d701d0cb5 - - default default] No more DHCP agents
2026-03-04 02:32:47.393 10 WARNING neutron.api.rpc.agentnotifiers.dhcp_rpc_agent_api [req-6b97ec19-e452-4560-8e23-281359d38fd7 req-21384e73-0a49-49db-85d4-753aba4e192b 69629d12232e4d8c84a5b576a8b3c5c2 685e825c5d124258b4c3fa3d701d0cb5 - - default default] Unable to schedule network 6745359d-730f-4ace-ae0c-0482a4452fb2: no agents available; will retry on subsequent port and subnet creation events.
2026-03-04 02:32:47.565 10 INFO neutron.db.ovn_revision_numbers_db [req-6b97ec19-e452-4560-8e23-281359d38fd7 req-21384e73-0a49-49db-85d4-753aba4e192b 69629d12232e4d8c84a5b576a8b3c5c2 685e825c5d124258b4c3fa3d701d0cb5 - - default default] Successfully bumped revision number for resource 72d72d59-21b0-4472-991e-1d75c2dec0d1 (type: ports) to 1
2026-03-04 02:32:47.579 9 INFO neutron.wsgi [req-524d07c1-f720-4cbd-9d1e-b2ab20236ef4 req-32f6b808-494d-43f1-82d9-4885a692ae4a 7f6808a736204204b900259adadebfc1 dd649a7e0fa94d889784905637a9c9ce - - 0b47a8ef162b449791a7619f7bd9f895 0b47a8ef162b449791a7619f7bd9f895] 10.0.0.97 "GET /v2.0/ports?device_id=e2e36d16-f45d-4c00-85f1-acf041fc2666 HTTP/1.1" status: 200 len: 1448 time: 0.0396576
2026-03-04 02:32:47.609 10 INFO neutron.wsgi [req-6b97ec19-e452-4560-8e23-281359d38fd7 req-21384e73-0a49-49db-85d4-753aba4e192b 69629d12232e4d8c84a5b576a8b3c5c2 685e825c5d124258b4c3fa3d701d0cb5 - - default default] 199.204.45.162 "POST /v2.0/ports HTTP/1.1" status: 201 len: 1158 time: 0.5875387 /var/lib/openstack/lib/python3.10/site-packages/pycadf/identifier.py:71: UserWarning: Invalid uuid: neutron. To ensure interoperability, identifiers should be a valid uuid. warnings.warn(('Invalid uuid: %s. To ensure interoperability, '
2026-03-04 02:32:47.628 9 INFO neutron.wsgi [req-524d07c1-f720-4cbd-9d1e-b2ab20236ef4 req-cda903ea-60f8-4b43-a9f9-6d3b8e89507f 7f6808a736204204b900259adadebfc1 dd649a7e0fa94d889784905637a9c9ce - - 0b47a8ef162b449791a7619f7bd9f895 0b47a8ef162b449791a7619f7bd9f895] 10.0.0.97 "GET /v2.0/security-groups?id=d7718c87-7ba3-41f7-9547-1cbea9e787d6&id=8d2084ce-6397-4e56-b60d-9f166c6c7b78&fields=id&fields=name HTTP/1.1" status: 200 len: 406 time: 0.0444262
2026-03-04 02:32:47.712 9 INFO neutron.wsgi [req-e2ca6f2d-c34a-4c22-82f2-ae201b813ef1 req-79d680e3-8d25-4b98-9bb5-ebacc7908150 98e34285af834696b20cc3bad666a005 d52845640dfb46308c3e4ca40349a33b - - default default] 10.0.0.147 "GET /v2.0/networks?id=b92e76c7-05ff-4bb3-abf8-d96193145f05 HTTP/1.1" status: 200 len: 871 time: 0.0737848
2026-03-04 02:32:47.731 9 INFO neutron.wsgi [req-e2ca6f2d-c34a-4c22-82f2-ae201b813ef1 req-40ecdcdf-94aa-4c28-9161-ec3856abb2ad 98e34285af834696b20cc3bad666a005 d52845640dfb46308c3e4ca40349a33b - - default default] 10.0.0.147 "GET /v2.0/quotas/d52845640dfb46308c3e4ca40349a33b HTTP/1.1" status: 200 len: 386 time: 0.0112197
2026-03-04 02:32:47.819 9 INFO neutron.wsgi [req-e2ca6f2d-c34a-4c22-82f2-ae201b813ef1 req-30f6edd8-d5b2-4fd7-86f4-cff5840560cc 98e34285af834696b20cc3bad666a005 d52845640dfb46308c3e4ca40349a33b - - default default] 10.0.0.147 "GET /v2.0/ports?tenant_id=d52845640dfb46308c3e4ca40349a33b&fields=id HTTP/1.1" status: 200 len: 302 time: 0.0843015
2026-03-04 02:32:47.896 9 INFO neutron.wsgi [req-e2ca6f2d-c34a-4c22-82f2-ae201b813ef1 req-6451c30e-ea00-4496-95fa-ffabfde0034a 7f6808a736204204b900259adadebfc1 dd649a7e0fa94d889784905637a9c9ce - - 0b47a8ef162b449791a7619f7bd9f895 0b47a8ef162b449791a7619f7bd9f895] 10.0.0.147 "GET /v2.0/networks/b92e76c7-05ff-4bb3-abf8-d96193145f05?fields=segments HTTP/1.1" status: 200 len: 212 time: 0.0671892
2026-03-04 02:32:47.960 9 INFO neutron.wsgi [req-e2ca6f2d-c34a-4c22-82f2-ae201b813ef1 req-ef4f78cb-a8d7-474e-be25-b8b8400aa417 7f6808a736204204b900259adadebfc1 dd649a7e0fa94d889784905637a9c9ce - - 0b47a8ef162b449791a7619f7bd9f895 0b47a8ef162b449791a7619f7bd9f895] 10.0.0.147 "GET /v2.0/networks/b92e76c7-05ff-4bb3-abf8-d96193145f05?fields=provider%3Aphysical_network&fields=provider%3Anetwork_type HTTP/1.1" status: 200 len: 277 time: 0.0558445
2026-03-04 02:32:48.113 10 INFO neutron.db.ovn_revision_numbers_db [req-6b97ec19-e452-4560-8e23-281359d38fd7 req-cd76e4f5-4d72-461b-ac46-8a93080d8fc6 7f6808a736204204b900259adadebfc1 dd649a7e0fa94d889784905637a9c9ce - - 0b47a8ef162b449791a7619f7bd9f895 0b47a8ef162b449791a7619f7bd9f895] Successfully bumped revision number for resource 72d72d59-21b0-4472-991e-1d75c2dec0d1 (type: ports) to 2
2026-03-04 02:32:48.133 9 INFO neutron.wsgi [req-75c81696-4b02-42dd-a6ff-ed1db15a6bc3 req-2dbe2a32-b6ee-4b96-bc24-b29ccc3f7409 98e34285af834696b20cc3bad666a005 d52845640dfb46308c3e4ca40349a33b - - default default] 10.0.0.147 "GET /v2.0/ports?device_id=7a7cfb99-2c2f-4e22-8fe1-7dcc81f1faa1 HTTP/1.1" status: 200 len: 210 time: 0.0280302
2026-03-04 02:32:48.205 9 INFO neutron.wsgi [req-ea2b6dba-13d0-47a9-a779-8091679c519d req-545cc3e1-af82-45f2-ba3c-d0b1a791e189 69629d12232e4d8c84a5b576a8b3c5c2 685e825c5d124258b4c3fa3d701d0cb5 - - default default] 10.0.0.147 "GET /v2.0/ports?device_id=acb7b995-5534-48ae-af99-2609f9caa5bc HTTP/1.1" status: 200 len: 1168 time: 0.0485504
2026-03-04 02:32:48.265 9 INFO neutron.wsgi [req-ea2b6dba-13d0-47a9-a779-8091679c519d req-dab64901-7c9a-4f1d-978e-a817f2d3b6dc 69629d12232e4d8c84a5b576a8b3c5c2 685e825c5d124258b4c3fa3d701d0cb5 - - default default] 10.0.0.147 "GET /v2.0/security-groups?id=d0466b2a-4db3-475a-91fe-499c1d1c42d0&fields=id&fields=name HTTP/1.1" status: 200 len: 312 time: 0.0517359
2026-03-04 02:32:48.444 10 INFO neutron.db.ovn_revision_numbers_db [req-6b97ec19-e452-4560-8e23-281359d38fd7 req-cd76e4f5-4d72-461b-ac46-8a93080d8fc6 7f6808a736204204b900259adadebfc1 dd649a7e0fa94d889784905637a9c9ce - - 0b47a8ef162b449791a7619f7bd9f895 0b47a8ef162b449791a7619f7bd9f895] Successfully bumped revision number for resource 72d72d59-21b0-4472-991e-1d75c2dec0d1 (type: ports) to 2
2026-03-04 02:32:48.470 10 INFO neutron.wsgi [req-6b97ec19-e452-4560-8e23-281359d38fd7 req-cd76e4f5-4d72-461b-ac46-8a93080d8fc6 7f6808a736204204b900259adadebfc1 dd649a7e0fa94d889784905637a9c9ce - - 0b47a8ef162b449791a7619f7bd9f895 0b47a8ef162b449791a7619f7bd9f895] 199.204.45.162 "PUT /v2.0/ports/72d72d59-21b0-4472-991e-1d75c2dec0d1 HTTP/1.1" status: 200 len: 1376 time: 0.8538506 /var/lib/openstack/lib/python3.10/site-packages/pycadf/identifier.py:71: UserWarning: Invalid uuid: neutron. To ensure interoperability, identifiers should be a valid uuid. warnings.warn(('Invalid uuid: %s. To ensure interoperability, '
2026-03-04 02:32:48.518 10 INFO neutron.notifiers.nova [-] Nova event matching ['req-d2681ddd-5f51-4ce0-86a8-7f001e6fe785'] response: {'name': 'network-changed', 'server_uuid': 'acb7b995-5534-48ae-af99-2609f9caa5bc', 'tag': '72d72d59-21b0-4472-991e-1d75c2dec0d1', 'status': 'completed', 'code': 200}
2026-03-04 02:32:48.545 10 INFO neutron.wsgi [req-6b97ec19-e452-4560-8e23-281359d38fd7 req-276dcc63-4ae4-4d36-a29b-e76ffabe350b 7f6808a736204204b900259adadebfc1 dd649a7e0fa94d889784905637a9c9ce - - 0b47a8ef162b449791a7619f7bd9f895 0b47a8ef162b449791a7619f7bd9f895] 199.204.45.162 "GET /v2.0/ports?tenant_id=685e825c5d124258b4c3fa3d701d0cb5&device_id=acb7b995-5534-48ae-af99-2609f9caa5bc HTTP/1.1" status: 200 len: 1407 time: 0.0378435
2026-03-04 02:32:48.572 10 INFO neutron.wsgi [req-6b97ec19-e452-4560-8e23-281359d38fd7 req-27428cab-5ae8-4850-baad-f45f4678a348 7f6808a736204204b900259adadebfc1 dd649a7e0fa94d889784905637a9c9ce - - 0b47a8ef162b449791a7619f7bd9f895 0b47a8ef162b449791a7619f7bd9f895] 199.204.45.162 "GET /v2.0/floatingips?fixed_ip_address=10.100.0.4&port_id=72d72d59-21b0-4472-991e-1d75c2dec0d1 HTTP/1.1" status: 200 len: 217 time: 0.0183446
2026-03-04 02:32:48.622 10 INFO neutron.wsgi [req-6b97ec19-e452-4560-8e23-281359d38fd7 req-fc200946-211b-4654-a741-618d28607684 7f6808a736204204b900259adadebfc1 dd649a7e0fa94d889784905637a9c9ce - - 0b47a8ef162b449791a7619f7bd9f895 0b47a8ef162b449791a7619f7bd9f895] 199.204.45.162 "GET /v2.0/subnets?id=d3ea0479-3f77-4198-83e8-f541155b4548 HTTP/1.1" status: 200 len: 852 time: 0.0396371
2026-03-04 02:32:48.650 10 INFO neutron.wsgi [req-6b97ec19-e452-4560-8e23-281359d38fd7 req-d7207b05-8594-407a-846f-0c898e2fb7cd 7f6808a736204204b900259adadebfc1 dd649a7e0fa94d889784905637a9c9ce - - 0b47a8ef162b449791a7619f7bd9f895 0b47a8ef162b449791a7619f7bd9f895] 199.204.45.162 "GET /v2.0/ports?network_id=6745359d-730f-4ace-ae0c-0482a4452fb2&device_owner=network%3Adhcp HTTP/1.1" status: 200 len: 210 time: 0.0218284
2026-03-04 02:32:48.714 10 INFO neutron.wsgi [req-6b97ec19-e452-4560-8e23-281359d38fd7 req-b4e34045-dcf8-4324-8523-42933db9cf3d 7f6808a736204204b900259adadebfc1 dd649a7e0fa94d889784905637a9c9ce - - 0b47a8ef162b449791a7619f7bd9f895 0b47a8ef162b449791a7619f7bd9f895] 199.204.45.162 "GET /v2.0/networks/6745359d-730f-4ace-ae0c-0482a4452fb2?fields=segments HTTP/1.1" status: 200 len: 212 time: 0.0574861
2026-03-04 02:32:48.792 10 INFO neutron.wsgi [req-6b97ec19-e452-4560-8e23-281359d38fd7 req-f361665d-48f1-4136-929d-24359f6ffb04 7f6808a736204204b900259adadebfc1 dd649a7e0fa94d889784905637a9c9ce - - 0b47a8ef162b449791a7619f7bd9f895 0b47a8ef162b449791a7619f7bd9f895] 199.204.45.162 "GET /v2.0/networks/6745359d-730f-4ace-ae0c-0482a4452fb2?fields=provider%3Aphysical_network&fields=provider%3Anetwork_type HTTP/1.1" status: 200 len: 277 time: 0.0659976
2026-03-04 02:32:48.811 10 INFO neutron.wsgi [-] 10.0.0.220 "GET / HTTP/1.1" status: 200 len: 247 time: 0.0027502
2026-03-04 02:32:48.812 9 INFO neutron.wsgi [-] 10.0.0.220 "GET / HTTP/1.1" status: 200 len: 247 time: 0.0036643
2026-03-04 02:32:48.949 10 INFO neutron.wsgi [req-e9531f93-ce01-4a48-b200-4c6ac287b0c8 req-630004ed-1a21-4c71-8564-a197e0d14640 7f6808a736204204b900259adadebfc1 dd649a7e0fa94d889784905637a9c9ce - - 0b47a8ef162b449791a7619f7bd9f895 0b47a8ef162b449791a7619f7bd9f895] 199.204.45.162 "GET /v2.0/ports?tenant_id=685e825c5d124258b4c3fa3d701d0cb5&device_id=acb7b995-5534-48ae-af99-2609f9caa5bc HTTP/1.1" status: 200 len: 1407 time: 0.1077061
2026-03-04 02:32:49.038 10 INFO neutron.wsgi [req-e9531f93-ce01-4a48-b200-4c6ac287b0c8 req-a07e0626-b541-4871-9417-08edd2c23224 7f6808a736204204b900259adadebfc1 dd649a7e0fa94d889784905637a9c9ce - - 0b47a8ef162b449791a7619f7bd9f895 0b47a8ef162b449791a7619f7bd9f895] 199.204.45.162 "GET /v2.0/networks?id=6745359d-730f-4ace-ae0c-0482a4452fb2 HTTP/1.1" status: 200 len: 958 time: 0.0756545
2026-03-04 02:32:49.070 9 INFO neutron.wsgi [req-e2ca6f2d-c34a-4c22-82f2-ae201b813ef1 req-e60aed90-89b5-49eb-8175-b762b1268916 98e34285af834696b20cc3bad666a005 d52845640dfb46308c3e4ca40349a33b - - default default] 199.204.45.162 "GET /v2.0/networks?id=b92e76c7-05ff-4bb3-abf8-d96193145f05 HTTP/1.1" status: 200 len: 871 time: 0.1063848
2026-03-04 02:32:49.075 10 INFO neutron.wsgi [req-e9531f93-ce01-4a48-b200-4c6ac287b0c8 req-6de3470d-808f-4a98-b4e6-8451f32d61be 7f6808a736204204b900259adadebfc1 dd649a7e0fa94d889784905637a9c9ce - - 0b47a8ef162b449791a7619f7bd9f895 0b47a8ef162b449791a7619f7bd9f895] 199.204.45.162 "GET /v2.0/floatingips?fixed_ip_address=10.100.0.4&port_id=72d72d59-21b0-4472-991e-1d75c2dec0d1 HTTP/1.1" status: 200 len: 217 time: 0.0266783
2026-03-04 02:32:49.079 9 WARNING neutron_lib.context [req-e2ca6f2d-c34a-4c22-82f2-ae201b813ef1 req-a75217b6-a23f-4699-aaf7-67baf054fbda 98e34285af834696b20cc3bad666a005 d52845640dfb46308c3e4ca40349a33b - - default default] Method 'is_advsvc' is deprecated since 2023.2 release (neutron-lib 3.8.0) and will be removed once support for the old RBAC API policies will be removed from Neutron. Please use method 'is_service_role' instead.
2026-03-04 02:32:49.095 9 INFO neutron.plugins.ml2.drivers.ovn.mech_driver.mech_driver [None req-c7941d8f-798b-4ce2-8866-f4cd2a57569c - - - - - -] OVN reports status up for port: 72d72d59-21b0-4472-991e-1d75c2dec0d1
2026-03-04 02:32:49.109 10 INFO neutron.wsgi [req-e9531f93-ce01-4a48-b200-4c6ac287b0c8 req-61ed05e3-bbb2-429d-b493-8187a19d66ec 7f6808a736204204b900259adadebfc1 dd649a7e0fa94d889784905637a9c9ce - - 0b47a8ef162b449791a7619f7bd9f895 0b47a8ef162b449791a7619f7bd9f895] 199.204.45.162 "GET /v2.0/subnets?id=d3ea0479-3f77-4198-83e8-f541155b4548 HTTP/1.1" status: 200 len: 852 time: 0.0311937
2026-03-04 02:32:49.118 9 INFO neutron.plugins.ml2.plugin [None req-c7941d8f-798b-4ce2-8866-f4cd2a57569c - - - - - -] Attempt 1 to provision port 72d72d59-21b0-4472-991e-1d75c2dec0d1
2026-03-04 02:32:49.153 10 INFO neutron.wsgi [req-e9531f93-ce01-4a48-b200-4c6ac287b0c8 req-faef6730-63db-4f06-9b9c-8b140123d3a1 7f6808a736204204b900259adadebfc1 dd649a7e0fa94d889784905637a9c9ce - - 0b47a8ef162b449791a7619f7bd9f895 0b47a8ef162b449791a7619f7bd9f895] 199.204.45.162 "GET /v2.0/ports?network_id=6745359d-730f-4ace-ae0c-0482a4452fb2&device_owner=network%3Adhcp HTTP/1.1" status: 200 len: 210 time: 0.0249798
2026-03-04 02:32:49.230 10 INFO neutron.wsgi [req-e9531f93-ce01-4a48-b200-4c6ac287b0c8 req-d026b135-dfdd-480a-b1af-6e8236fb1793 7f6808a736204204b900259adadebfc1 dd649a7e0fa94d889784905637a9c9ce - - 0b47a8ef162b449791a7619f7bd9f895 0b47a8ef162b449791a7619f7bd9f895] 199.204.45.162 "GET /v2.0/networks/6745359d-730f-4ace-ae0c-0482a4452fb2?fields=segments HTTP/1.1" status: 200 len: 212 time: 0.0699036
2026-03-04 02:32:49.258 9 INFO neutron.notifiers.nova [-] Nova event matching ['req-6e21637b-3447-41e6-a301-ebb3425eba38'] response: {'server_uuid': 'acb7b995-5534-48ae-af99-2609f9caa5bc', 'name': 'network-vif-plugged', 'status': 'completed', 'tag': '72d72d59-21b0-4472-991e-1d75c2dec0d1', 'code': 200}
2026-03-04 02:32:49.269 9 INFO neutron.wsgi [req-d6c4f886-677f-4591-8166-e36eddef83da req-fa8f656a-9328-49d1-b99b-031e487bc8c3 98e34285af834696b20cc3bad666a005 d52845640dfb46308c3e4ca40349a33b - - default default] 10.0.0.147 "GET /v2.0/ports?device_id=7a7cfb99-2c2f-4e22-8fe1-7dcc81f1faa1 HTTP/1.1" status: 200 len: 210 time: 0.0282114
2026-03-04 02:32:49.316 10 INFO neutron.wsgi [req-e9531f93-ce01-4a48-b200-4c6ac287b0c8 req-832bccc0-227a-482d-99e0-72747526b6ae 7f6808a736204204b900259adadebfc1 dd649a7e0fa94d889784905637a9c9ce - - 0b47a8ef162b449791a7619f7bd9f895 0b47a8ef162b449791a7619f7bd9f895] 199.204.45.162 "GET /v2.0/networks/6745359d-730f-4ace-ae0c-0482a4452fb2?fields=provider%3Aphysical_network&fields=provider%3Anetwork_type HTTP/1.1" status: 200 len: 277 time: 0.0761716
2026-03-04 02:32:49.395 9 INFO neutron.wsgi [req-f9cfe93a-2232-44cb-8f02-c3d36126ab6c req-97775944-c5df-49a8-9828-09f493d13137 69629d12232e4d8c84a5b576a8b3c5c2 685e825c5d124258b4c3fa3d701d0cb5 - - default default] 10.0.0.147 "GET /v2.0/ports?device_id=acb7b995-5534-48ae-af99-2609f9caa5bc HTTP/1.1" status: 200 len: 1170 time: 0.0551586
2026-03-04 02:32:49.479 9 INFO neutron.wsgi [req-f9cfe93a-2232-44cb-8f02-c3d36126ab6c req-98c5eb72-d150-4353-8c45-33cb415cb33f 69629d12232e4d8c84a5b576a8b3c5c2 685e825c5d124258b4c3fa3d701d0cb5 - - default default] 10.0.0.147 "GET /v2.0/security-groups?id=d0466b2a-4db3-475a-91fe-499c1d1c42d0&fields=id&fields=name HTTP/1.1" status: 200 len: 312 time: 0.0747616
2026-03-04 02:32:49.546 9 INFO neutron.db.ovn_revision_numbers_db [None req-c7941d8f-798b-4ce2-8866-f4cd2a57569c - - - - - -] Successfully bumped revision number for resource 72d72d59-21b0-4472-991e-1d75c2dec0d1 (type: ports) to 4
2026-03-04 02:32:49.587 9 WARNING neutron.scheduler.dhcp_agent_scheduler [req-e2ca6f2d-c34a-4c22-82f2-ae201b813ef1 req-a75217b6-a23f-4699-aaf7-67baf054fbda 98e34285af834696b20cc3bad666a005 d52845640dfb46308c3e4ca40349a33b - - default default] No more DHCP agents
2026-03-04 02:32:49.592 9 WARNING neutron.api.rpc.agentnotifiers.dhcp_rpc_agent_api [req-e2ca6f2d-c34a-4c22-82f2-ae201b813ef1 req-a75217b6-a23f-4699-aaf7-67baf054fbda 98e34285af834696b20cc3bad666a005 d52845640dfb46308c3e4ca40349a33b - - default default] Unable to schedule network b92e76c7-05ff-4bb3-abf8-d96193145f05: no agents available; will retry on subsequent port and subnet creation events. /var/lib/openstack/lib/python3.10/site-packages/pycadf/identifier.py:71: UserWarning: Invalid uuid: neutron. To ensure interoperability, identifiers should be a valid uuid. warnings.warn(('Invalid uuid: %s. To ensure interoperability, '
2026-03-04 02:32:49.733 9 INFO neutron.wsgi [req-53f38f58-5a76-4c9c-99d1-774d4a0b5cdf req-a08487e6-2566-42f3-a0a8-852abc78f0ce 65d5b1b1ce0744929738b022f0e023f0 3bc9e5d1220d442dba8a12ec9321dfc8 - - default default] 10.0.0.147 "GET /v2.0/ports?device_id=e2e36d16-f45d-4c00-85f1-acf041fc2666 HTTP/1.1" status: 200 len: 1210 time: 0.0456014
2026-03-04 02:32:49.772 9 INFO neutron.plugins.ml2.drivers.ovn.mech_driver.mech_driver [None req-c7941d8f-798b-4ce2-8866-f4cd2a57569c - - - - - -] OVN reports status down for port: c8f184c5-6b21-4e77-b2bb-70d76ea4dbfe
2026-03-04 02:32:49.804 9 INFO neutron.db.ovn_revision_numbers_db [req-e2ca6f2d-c34a-4c22-82f2-ae201b813ef1 req-a75217b6-a23f-4699-aaf7-67baf054fbda 98e34285af834696b20cc3bad666a005 d52845640dfb46308c3e4ca40349a33b - - default default] Successfully bumped revision number for resource cd17be24-e461-41b0-a8ba-c4f9e9e846ad (type: ports) to 1
2026-03-04 02:32:49.811 9 INFO neutron.wsgi [req-53f38f58-5a76-4c9c-99d1-774d4a0b5cdf req-1cf73818-f625-4a94-bc4d-a8b2f89c12b1 65d5b1b1ce0744929738b022f0e023f0 3bc9e5d1220d442dba8a12ec9321dfc8 - - default default] 10.0.0.147 "GET /v2.0/security-groups?id=d7718c87-7ba3-41f7-9547-1cbea9e787d6&id=8d2084ce-6397-4e56-b60d-9f166c6c7b78&fields=id&fields=name HTTP/1.1" status: 200 len: 406 time: 0.0712576
2026-03-04 02:32:49.831 9 INFO neutron.wsgi [req-e2ca6f2d-c34a-4c22-82f2-ae201b813ef1 req-a75217b6-a23f-4699-aaf7-67baf054fbda 98e34285af834696b20cc3bad666a005 d52845640dfb46308c3e4ca40349a33b - - default default] 199.204.45.162 "POST /v2.0/ports HTTP/1.1" status: 201 len: 1162 time: 0.7557375
2026-03-04 02:32:50.127 10 WARNING neutron.plugins.ml2.drivers.ovn.mech_driver.ovsdb.ovn_client [None req-bb7dfab9-54d8-433b-91ad-d2fed24618f7 - - - - - -] No hosting information found for port aac7253b-75d6-4661-bf99-2f2232629c9f: RuntimeError: No hosting information found for port aac7253b-75d6-4661-bf99-2f2232629c9f
2026-03-04 02:32:50.174 9 INFO neutron.db.ovn_revision_numbers_db [None req-c7941d8f-798b-4ce2-8866-f4cd2a57569c - - - - - -] Successfully bumped revision number for resource c8f184c5-6b21-4e77-b2bb-70d76ea4dbfe (type: ports) to 5
2026-03-04 02:32:50.192 10 INFO neutron.wsgi [req-a3fe2fe4-08af-43dd-a73f-3937451afb56 req-06b3b716-b2a3-4a26-92f0-625edbd660cc 65d5b1b1ce0744929738b022f0e023f0 3bc9e5d1220d442dba8a12ec9321dfc8 - - default default] 199.204.45.162 "GET /v2.0/ports?device_id=e2e36d16-f45d-4c00-85f1-acf041fc2666 HTTP/1.1" status: 200 len: 1208 time: 0.1380572 /var/lib/openstack/lib/python3.10/site-packages/pycadf/identifier.py:71: UserWarning: Invalid uuid: neutron. To ensure interoperability, identifiers should be a valid uuid. warnings.warn(('Invalid uuid: %s. To ensure interoperability, '
2026-03-04 02:32:50.406 9 INFO neutron.wsgi [req-6cbcce98-c093-4b01-abed-12d69ce9c447 req-44d4e02e-8c98-4091-9d0f-aaec060a2b27 98e34285af834696b20cc3bad666a005 d52845640dfb46308c3e4ca40349a33b - - default default] 10.0.0.147 "GET /v2.0/ports?device_id=7a7cfb99-2c2f-4e22-8fe1-7dcc81f1faa1 HTTP/1.1" status: 200 len: 1172 time: 0.0521269
2026-03-04 02:32:50.460 9 INFO neutron.wsgi [req-6cbcce98-c093-4b01-abed-12d69ce9c447 req-798eb339-7d48-497e-8b0f-65e270ab571a 98e34285af834696b20cc3bad666a005 d52845640dfb46308c3e4ca40349a33b - - default default] 10.0.0.147 "GET /v2.0/security-groups?id=90d7c456-161c-4a2d-a267-55b53ef4713c&fields=id&fields=name HTTP/1.1" status: 200 len: 286 time: 0.0469847
2026-03-04 02:32:50.461 9 INFO neutron.db.ovn_revision_numbers_db [req-e2ca6f2d-c34a-4c22-82f2-ae201b813ef1 req-7397aae1-9ade-4359-987e-ced798a5a9fc 7f6808a736204204b900259adadebfc1 dd649a7e0fa94d889784905637a9c9ce - - 0b47a8ef162b449791a7619f7bd9f895 0b47a8ef162b449791a7619f7bd9f895] Successfully bumped revision number for resource cd17be24-e461-41b0-a8ba-c4f9e9e846ad (type: ports) to 2
2026-03-04 02:32:50.664 10 INFO neutron.db.l3_db [req-a3fe2fe4-08af-43dd-a73f-3937451afb56 req-fbc62fdf-929a-4126-b65c-39cb55fef76c 65d5b1b1ce0744929738b022f0e023f0 3bc9e5d1220d442dba8a12ec9321dfc8 - - default default] Floating IP ba45291f-0362-4214-a92a-62f404c237ac disassociated. External IP: 10.96.250.207, port: c8f184c5-6b21-4e77-b2bb-70d76ea4dbfe.
2026-03-04 02:32:50.688 9 INFO neutron.wsgi [req-d82bf69b-9814-4b88-92d3-371c45f8eaa9 req-8f866ba9-6500-4dc3-abb1-a577a8c946c1 69629d12232e4d8c84a5b576a8b3c5c2 685e825c5d124258b4c3fa3d701d0cb5 - - default default] 10.0.0.147 "GET /v2.0/ports?device_id=acb7b995-5534-48ae-af99-2609f9caa5bc HTTP/1.1" status: 200 len: 1170 time: 0.1345286 /var/lib/openstack/lib/python3.10/site-packages/pycadf/identifier.py:71: UserWarning: Invalid uuid: neutron. To ensure interoperability, identifiers should be a valid uuid. warnings.warn(('Invalid uuid: %s. To ensure interoperability, '
2026-03-04 02:32:50.707 9 INFO neutron.db.ovn_revision_numbers_db [req-e2ca6f2d-c34a-4c22-82f2-ae201b813ef1 req-7397aae1-9ade-4359-987e-ced798a5a9fc 7f6808a736204204b900259adadebfc1 dd649a7e0fa94d889784905637a9c9ce - - 0b47a8ef162b449791a7619f7bd9f895 0b47a8ef162b449791a7619f7bd9f895] Successfully bumped revision number for resource cd17be24-e461-41b0-a8ba-c4f9e9e846ad (type: ports) to 2
2026-03-04 02:32:50.734 9 INFO neutron.wsgi [req-e2ca6f2d-c34a-4c22-82f2-ae201b813ef1 req-7397aae1-9ade-4359-987e-ced798a5a9fc 7f6808a736204204b900259adadebfc1 dd649a7e0fa94d889784905637a9c9ce - - 0b47a8ef162b449791a7619f7bd9f895 0b47a8ef162b449791a7619f7bd9f895] 199.204.45.162 "PUT /v2.0/ports/cd17be24-e461-41b0-a8ba-c4f9e9e846ad HTTP/1.1" status: 200 len: 1380 time: 0.8959467
2026-03-04 02:32:50.742 9 INFO neutron.wsgi [req-d82bf69b-9814-4b88-92d3-371c45f8eaa9 req-0e5137a1-c3b2-4314-9df8-74754127ebb2 69629d12232e4d8c84a5b576a8b3c5c2 685e825c5d124258b4c3fa3d701d0cb5 - - default default] 10.0.0.147 "GET /v2.0/security-groups?id=d0466b2a-4db3-475a-91fe-499c1d1c42d0&fields=id&fields=name HTTP/1.1" status: 200 len: 312 time: 0.0441566
2026-03-04 02:32:50.853 9 INFO neutron.wsgi [req-e2ca6f2d-c34a-4c22-82f2-ae201b813ef1 req-df98c705-9119-4c9e-ae33-0cf37bf9ce96 7f6808a736204204b900259adadebfc1 dd649a7e0fa94d889784905637a9c9ce - - 0b47a8ef162b449791a7619f7bd9f895 0b47a8ef162b449791a7619f7bd9f895] 199.204.45.162 "GET /v2.0/ports?tenant_id=d52845640dfb46308c3e4ca40349a33b&device_id=7a7cfb99-2c2f-4e22-8fe1-7dcc81f1faa1 HTTP/1.1" status: 200 len: 1411 time: 0.0742378
2026-03-04 02:32:50.889 9 INFO neutron.wsgi [req-350983e0-2a7b-4420-ad4a-01935b9c7884 req-ec01527a-4891-412f-810b-d06a84e1379b 69629d12232e4d8c84a5b576a8b3c5c2 685e825c5d124258b4c3fa3d701d0cb5 - - default default] 10.0.0.147 "GET /v2.0/ports?device_id=acb7b995-5534-48ae-af99-2609f9caa5bc HTTP/1.1" status: 200 len: 1170 time: 0.0735271
2026-03-04 02:32:50.912 10 INFO neutron.wsgi [req-a3fe2fe4-08af-43dd-a73f-3937451afb56 req-fbc62fdf-929a-4126-b65c-39cb55fef76c 65d5b1b1ce0744929738b022f0e023f0 3bc9e5d1220d442dba8a12ec9321dfc8 - - default default] 199.204.45.162 "DELETE /v2.0/ports/c8f184c5-6b21-4e77-b2bb-70d76ea4dbfe HTTP/1.1" status: 204 len: 173 time: 0.7141917
2026-03-04 02:32:50.922 9 INFO neutron.wsgi [req-e2ca6f2d-c34a-4c22-82f2-ae201b813ef1 req-84fbb658-ad33-4d8a-95d5-a7eb8c7521a4 7f6808a736204204b900259adadebfc1 dd649a7e0fa94d889784905637a9c9ce - - 0b47a8ef162b449791a7619f7bd9f895 0b47a8ef162b449791a7619f7bd9f895] 199.204.45.162 "GET /v2.0/floatingips?fixed_ip_address=10.100.0.14&port_id=cd17be24-e461-41b0-a8ba-c4f9e9e846ad HTTP/1.1" status: 200 len: 217 time: 0.0644448
2026-03-04 02:32:50.947 9 INFO neutron.wsgi [req-31a26eb8-9841-4bfb-9637-beee8ce355ff req-67d1cac8-e1f7-4c18-bd78-e03cca6e4253 65d5b1b1ce0744929738b022f0e023f0 3bc9e5d1220d442dba8a12ec9321dfc8 - - default default] 10.0.0.147 "GET /v2.0/ports?device_id=e2e36d16-f45d-4c00-85f1-acf041fc2666 HTTP/1.1" status: 200 len: 210 time: 0.0430498
2026-03-04 02:32:50.979 9 INFO neutron.wsgi [req-350983e0-2a7b-4420-ad4a-01935b9c7884 req-04cc91c3-9930-4d69-82e6-9f8f84ddc4ab 69629d12232e4d8c84a5b576a8b3c5c2 685e825c5d124258b4c3fa3d701d0cb5 - - default default] 10.0.0.147 "GET /v2.0/security-groups?id=d0466b2a-4db3-475a-91fe-499c1d1c42d0&fields=id&fields=name HTTP/1.1" status: 200 len: 312 time: 0.0755761
2026-03-04 02:32:50.982 9 INFO neutron.wsgi [req-e2ca6f2d-c34a-4c22-82f2-ae201b813ef1 req-dc70ecb9-fcf4-4789-a1e0-fa9885def493 7f6808a736204204b900259adadebfc1 dd649a7e0fa94d889784905637a9c9ce - - 0b47a8ef162b449791a7619f7bd9f895 0b47a8ef162b449791a7619f7bd9f895] 199.204.45.162 "GET /v2.0/subnets?id=32665404-8941-4633-a145-a10a7f2632a2 HTTP/1.1" status: 200 len: 865 time: 0.0522602
2026-03-04 02:32:50.998 10 INFO neutron.notifiers.nova [-] Nova event matching ['req-ad5da988-e0f3-4b4e-8723-a772aca83fc4'] response: {'server_uuid': 'e2e36d16-f45d-4c00-85f1-acf041fc2666', 'name': 'network-vif-deleted', 'tag': 'c8f184c5-6b21-4e77-b2bb-70d76ea4dbfe', 'status': 'completed', 'code': 200} /var/lib/openstack/lib/python3.10/site-packages/pycadf/identifier.py:71: UserWarning: Invalid uuid: neutron. To ensure interoperability, identifiers should be a valid uuid. warnings.warn(('Invalid uuid: %s. To ensure interoperability, '
2026-03-04 02:32:51.035 9 INFO neutron.wsgi [req-e2ca6f2d-c34a-4c22-82f2-ae201b813ef1 req-3bba31d8-2872-4a94-8383-124e7804bae9 7f6808a736204204b900259adadebfc1 dd649a7e0fa94d889784905637a9c9ce - - 0b47a8ef162b449791a7619f7bd9f895 0b47a8ef162b449791a7619f7bd9f895] 199.204.45.162 "GET /v2.0/ports?network_id=b92e76c7-05ff-4bb3-abf8-d96193145f05&device_owner=network%3Adhcp HTTP/1.1" status: 200 len: 210 time: 0.0473108
2026-03-04 02:32:51.059 10 INFO neutron.wsgi [None req-f630ffd3-628c-4675-9cb1-d639adc29479 0f1bda52ab8b4fab9f2b400a21821200 474403898e1d4276887ae5609589939e - - default default] 10.0.0.179 "GET /v2.0/ports?device_id=acb7b995-5534-48ae-af99-2609f9caa5bc HTTP/1.1" status: 200 len: 1404 time: 0.0446451
2026-03-04 02:32:51.108 9 INFO neutron.wsgi [req-e2ca6f2d-c34a-4c22-82f2-ae201b813ef1 req-c335fd72-6e8f-4a93-9c82-3ae3a87be23b 7f6808a736204204b900259adadebfc1 dd649a7e0fa94d889784905637a9c9ce - - 0b47a8ef162b449791a7619f7bd9f895 0b47a8ef162b449791a7619f7bd9f895] 199.204.45.162 "GET /v2.0/networks/b92e76c7-05ff-4bb3-abf8-d96193145f05?fields=segments HTTP/1.1" status: 200 len: 212 time: 0.0679018
2026-03-04 02:32:51.172 9 INFO neutron.wsgi [req-e2ca6f2d-c34a-4c22-82f2-ae201b813ef1 req-bb7a7e60-14cb-460e-9f87-44855df48d44 7f6808a736204204b900259adadebfc1 dd649a7e0fa94d889784905637a9c9ce - - 0b47a8ef162b449791a7619f7bd9f895 0b47a8ef162b449791a7619f7bd9f895] 199.204.45.162 "GET /v2.0/networks/b92e76c7-05ff-4bb3-abf8-d96193145f05?fields=provider%3Aphysical_network&fields=provider%3Anetwork_type HTTP/1.1" status: 200 len: 277 time: 0.0521204
2026-03-04 02:32:51.330 9 INFO neutron.notifiers.nova [-] Nova event matching ['req-dcc57efa-c63b-4e58-91b4-a62e3367b770'] response: {'server_uuid': 'acb7b995-5534-48ae-af99-2609f9caa5bc', 'name': 'network-vif-plugged', 'status': 'completed', 'tag': '72d72d59-21b0-4472-991e-1d75c2dec0d1', 'code': 200}
2026-03-04 02:32:51.330 9 INFO neutron.notifiers.nova [-] Nova event matching ['req-dcc57efa-c63b-4e58-91b4-a62e3367b770'] response: {'server_uuid': 'e2e36d16-f45d-4c00-85f1-acf041fc2666', 'name': 'network-vif-unplugged', 'status': 'completed', 'tag': 'c8f184c5-6b21-4e77-b2bb-70d76ea4dbfe', 'code': 200}
2026-03-04 02:32:51.331 9 INFO neutron.notifiers.nova [-] Nova event matching ['req-dcc57efa-c63b-4e58-91b4-a62e3367b770'] response: {'server_uuid': 'e2e36d16-f45d-4c00-85f1-acf041fc2666', 'name': 'network-vif-plugged', 'status': 'completed', 'tag': 'c8f184c5-6b21-4e77-b2bb-70d76ea4dbfe', 'code': 200}
2026-03-04 02:32:51.331 9 INFO neutron.notifiers.nova [-] Nova event matching ['req-dcc57efa-c63b-4e58-91b4-a62e3367b770'] response: {'name': 'network-changed', 'server_uuid': '7a7cfb99-2c2f-4e22-8fe1-7dcc81f1faa1', 'tag': 'cd17be24-e461-41b0-a8ba-c4f9e9e846ad', 'status': 'completed', 'code': 200}
2026-03-04 02:32:51.340 10 INFO neutron.db.l3_db [None req-7fc8ae81-7119-4fe2-8a9b-85f119adfe8c 69629d12232e4d8c84a5b576a8b3c5c2 685e825c5d124258b4c3fa3d701d0cb5 - - default default] Floating IP 60859cbe-c301-49bc-8ecb-71418518200e associated. External IP: 10.96.250.217, port: 72d72d59-21b0-4472-991e-1d75c2dec0d1.
2026-03-04 02:32:51.427 9 INFO neutron.plugins.ml2.drivers.ovn.mech_driver.mech_driver [None req-c7941d8f-798b-4ce2-8866-f4cd2a57569c - - - - - -] OVN reports status up for port: cd17be24-e461-41b0-a8ba-c4f9e9e846ad
2026-03-04 02:32:51.446 9 INFO neutron.wsgi [req-c1647798-4ec1-4a46-8457-87a9fc728797 req-7a6f10bc-38a8-4731-adc1-146aa39aa132 7f6808a736204204b900259adadebfc1 dd649a7e0fa94d889784905637a9c9ce - - 0b47a8ef162b449791a7619f7bd9f895 0b47a8ef162b449791a7619f7bd9f895] 199.204.45.162 "GET /v2.0/ports?tenant_id=d52845640dfb46308c3e4ca40349a33b&device_id=7a7cfb99-2c2f-4e22-8fe1-7dcc81f1faa1 HTTP/1.1" status: 200 len: 1411 time: 0.0900495
2026-03-04 02:32:51.451 9 INFO neutron.plugins.ml2.plugin [None req-c7941d8f-798b-4ce2-8866-f4cd2a57569c - - - - - -] Attempt 1 to provision port cd17be24-e461-41b0-a8ba-c4f9e9e846ad
2026-03-04 02:32:51.588 9 INFO neutron.wsgi [req-c1647798-4ec1-4a46-8457-87a9fc728797 req-52b48179-a87a-4050-b7ab-15a336e44fcc 7f6808a736204204b900259adadebfc1 dd649a7e0fa94d889784905637a9c9ce - - 0b47a8ef162b449791a7619f7bd9f895 0b47a8ef162b449791a7619f7bd9f895] 199.204.45.162 "GET /v2.0/networks?id=b92e76c7-05ff-4bb3-abf8-d96193145f05 HTTP/1.1" status: 200 len: 970 time: 0.1204598
2026-03-04 02:32:51.625 9 INFO neutron.wsgi [req-c1647798-4ec1-4a46-8457-87a9fc728797 req-89284fa8-5b6b-4e14-8532-2050b1ac97b7 7f6808a736204204b900259adadebfc1 dd649a7e0fa94d889784905637a9c9ce - - 0b47a8ef162b449791a7619f7bd9f895 0b47a8ef162b449791a7619f7bd9f895] 199.204.45.162 "GET /v2.0/floatingips?fixed_ip_address=10.100.0.14&port_id=cd17be24-e461-41b0-a8ba-c4f9e9e846ad HTTP/1.1" status: 200 len: 217 time: 0.0298002
2026-03-04 02:32:51.634 9 INFO neutron.wsgi [req-4c752a29-9d45-490e-8eaf-120716271702 req-91ebe502-95af-4448-90ff-20c8ee712fbc 98e34285af834696b20cc3bad666a005 d52845640dfb46308c3e4ca40349a33b - - default default] 10.0.0.147 "GET /v2.0/ports?device_id=7a7cfb99-2c2f-4e22-8fe1-7dcc81f1faa1 HTTP/1.1" status: 200 len: 1172 time: 0.0959325
2026-03-04 02:32:51.895 10 INFO neutron.db.ovn_revision_numbers_db [None req-7fc8ae81-7119-4fe2-8a9b-85f119adfe8c 69629d12232e4d8c84a5b576a8b3c5c2 685e825c5d124258b4c3fa3d701d0cb5 - - default default] Successfully bumped revision number for resource 60859cbe-c301-49bc-8ecb-71418518200e (type: floatingips) to 4
2026-03-04 02:32:52.037 10 INFO neutron.db.ovn_revision_numbers_db [None req-7fc8ae81-7119-4fe2-8a9b-85f119adfe8c 69629d12232e4d8c84a5b576a8b3c5c2 685e825c5d124258b4c3fa3d701d0cb5 - - default default] Successfully bumped revision number for resource 60859cbe-c301-49bc-8ecb-71418518200e (type: floatingips) to 5
2026-03-04 02:32:52.046 9 INFO neutron.wsgi [req-c1647798-4ec1-4a46-8457-87a9fc728797 req-49706280-ce08-4d45-b4bb-2c712b498009 7f6808a736204204b900259adadebfc1 dd649a7e0fa94d889784905637a9c9ce - - 0b47a8ef162b449791a7619f7bd9f895 0b47a8ef162b449791a7619f7bd9f895] 199.204.45.162 "GET /v2.0/subnets?id=32665404-8941-4633-a145-a10a7f2632a2 HTTP/1.1" status: 200 len: 865 time: 0.4107122
2026-03-04 02:32:52.067 10 INFO neutron.wsgi [None req-7fc8ae81-7119-4fe2-8a9b-85f119adfe8c 69629d12232e4d8c84a5b576a8b3c5c2 685e825c5d124258b4c3fa3d701d0cb5 - - default default] 10.0.0.179 "PUT /v2.0/floatingips/60859cbe-c301-49bc-8ecb-71418518200e HTTP/1.1" status: 200 len: 1049 time: 1.0015249 /var/lib/openstack/lib/python3.10/site-packages/pycadf/identifier.py:71: UserWarning: Invalid uuid: neutron. To ensure interoperability, identifiers should be a valid uuid. warnings.warn(('Invalid uuid: %s. To ensure interoperability, '
2026-03-04 02:32:52.091 9 INFO neutron.wsgi [req-4c752a29-9d45-490e-8eaf-120716271702 req-5b2e3f74-1cde-4f89-a6c9-82567795aff9 98e34285af834696b20cc3bad666a005 d52845640dfb46308c3e4ca40349a33b - - default default] 10.0.0.147 "GET /v2.0/security-groups?id=90d7c456-161c-4a2d-a267-55b53ef4713c&fields=id&fields=name HTTP/1.1" status: 200 len: 286 time: 0.4450743
2026-03-04 02:32:52.107 9 INFO neutron.wsgi [None req-f739997b-7579-47a8-ba21-9c4b08644e10 4bcaf528304548549780ff6f7faf0b0e e4e6bb9f024743d0a637ebb40bd57676 - - default default] 10.0.0.179 "POST /v2.0/qos/policies HTTP/1.1" status: 201 len: 558 time: 0.5041072
2026-03-04 02:32:52.109 9 INFO neutron.wsgi [req-c1647798-4ec1-4a46-8457-87a9fc728797 req-c8b32d05-db39-4194-b3e1-66c070fd216f 7f6808a736204204b900259adadebfc1 dd649a7e0fa94d889784905637a9c9ce - - 0b47a8ef162b449791a7619f7bd9f895 0b47a8ef162b449791a7619f7bd9f895] 199.204.45.162 "GET /v2.0/ports?network_id=b92e76c7-05ff-4bb3-abf8-d96193145f05&device_owner=network%3Adhcp HTTP/1.1" status: 200 len: 210 time: 0.0418437
2026-03-04 02:32:52.131 10 INFO neutron.wsgi [None req-b6a01d49-ec3f-432f-b5ee-0eb4b45571a2 69629d12232e4d8c84a5b576a8b3c5c2 685e825c5d124258b4c3fa3d701d0cb5 - - default default] 10.0.0.179 "GET /v2.0/floatingips/60859cbe-c301-49bc-8ecb-71418518200e HTTP/1.1" status: 200 len: 1051 time: 0.0553167
2026-03-04 02:32:52.226 9 INFO neutron.wsgi [None req-7450a516-895c-4081-8551-2241f7a32c8a 4bcaf528304548549780ff6f7faf0b0e e4e6bb9f024743d0a637ebb40bd57676 - - default default] 10.0.0.179 "POST /v2.0/qos/policies HTTP/1.1" status: 201 len: 558 time: 0.1124692
2026-03-04 02:32:52.230 9 INFO neutron.wsgi [req-c1647798-4ec1-4a46-8457-87a9fc728797 req-2d98f16f-cebd-4c5e-a26b-b9beda269a00 7f6808a736204204b900259adadebfc1 dd649a7e0fa94d889784905637a9c9ce - - 0b47a8ef162b449791a7619f7bd9f895 0b47a8ef162b449791a7619f7bd9f895] 199.204.45.162 "GET /v2.0/networks/b92e76c7-05ff-4bb3-abf8-d96193145f05?fields=segments HTTP/1.1" status: 200 len: 212 time: 0.1098206
2026-03-04 02:32:52.301 10 INFO neutron.wsgi [None req-763db99d-5407-4510-ba80-0bf06b928168 4bcaf528304548549780ff6f7faf0b0e e4e6bb9f024743d0a637ebb40bd57676 - - default default] 10.0.0.179 "POST /v2.0/qos/policies HTTP/1.1" status: 201 len: 558 time: 0.0689971
2026-03-04 02:32:52.322 9 INFO neutron.wsgi [req-c1647798-4ec1-4a46-8457-87a9fc728797 req-cf9388db-5152-436f-b116-9ffae563c059 7f6808a736204204b900259adadebfc1 dd649a7e0fa94d889784905637a9c9ce - - 0b47a8ef162b449791a7619f7bd9f895 0b47a8ef162b449791a7619f7bd9f895] 199.204.45.162 "GET /v2.0/networks/b92e76c7-05ff-4bb3-abf8-d96193145f05?fields=provider%3Aphysical_network&fields=provider%3Anetwork_type HTTP/1.1" status: 200 len: 277 time: 0.0855150
2026-03-04 02:32:52.367 9 INFO neutron.db.ovn_revision_numbers_db [None req-c7941d8f-798b-4ce2-8866-f4cd2a57569c - - - - - -] Successfully bumped revision number for resource cd17be24-e461-41b0-a8ba-c4f9e9e846ad (type: ports) to 4
2026-03-04 02:32:52.367 10 INFO neutron.wsgi [None req-0604a45d-5efa-4899-98b6-9bb3c1ad7443 4bcaf528304548549780ff6f7faf0b0e e4e6bb9f024743d0a637ebb40bd57676 - - default default] 10.0.0.179 "POST /v2.0/qos/policies HTTP/1.1" status: 201 len: 558 time: 0.0596364
2026-03-04 02:32:52.376 9 INFO neutron.wsgi [None req-e16843df-7a0e-4bcb-b7bc-52f98191cb2b 65d5b1b1ce0744929738b022f0e023f0 3bc9e5d1220d442dba8a12ec9321dfc8 - - default default] 10.0.0.179 "DELETE /v2.0/security-groups/d7718c87-7ba3-41f7-9547-1cbea9e787d6 HTTP/1.1" status: 204 len: 168 time: 0.2448671
2026-03-04 02:32:52.394 10 INFO neutron.api.v2.resource [None req-59ad5bff-3820-4358-bdf5-6a7d3fc28ced 65d5b1b1ce0744929738b022f0e023f0 3bc9e5d1220d442dba8a12ec9321dfc8 - - default default] show failed (client error): The resource could not be found.
2026-03-04 02:32:52.395 10 INFO neutron.wsgi [None req-59ad5bff-3820-4358-bdf5-6a7d3fc28ced 65d5b1b1ce0744929738b022f0e023f0 3bc9e5d1220d442dba8a12ec9321dfc8 - - default default] 10.0.0.179 "GET /v2.0/security-groups/d7718c87-7ba3-41f7-9547-1cbea9e787d6 HTTP/1.1" status: 404 len: 347 time: 0.0144804
2026-03-04 02:32:52.448 9 INFO neutron.wsgi [None req-1613597a-6652-40c4-90fd-96e73de221f1 4bcaf528304548549780ff6f7faf0b0e e4e6bb9f024743d0a637ebb40bd57676 - - default default] 10.0.0.179 "POST /v2.0/qos/policies HTTP/1.1" status: 201 len: 558 time: 0.0755799 /var/lib/openstack/lib/python3.10/site-packages/pycadf/identifier.py:71: UserWarning: Invalid uuid: neutron. To ensure interoperability, identifiers should be a valid uuid. warnings.warn(('Invalid uuid: %s. To ensure interoperability, '
2026-03-04 02:32:52.484 9 INFO neutron.wsgi [None req-94fcb278-4b36-4f7d-be6a-0d04b977f38c 4bcaf528304548549780ff6f7faf0b0e e4e6bb9f024743d0a637ebb40bd57676 - - default default] 10.0.0.179 "PUT /v2.0/policies/241c23a2-de83-4a81-9037-3bee0ac2ef5e/tags HTTP/1.1" status: 200 len: 210 time: 0.0300143
2026-03-04 02:32:52.519 9 INFO neutron.wsgi [None req-e1546421-ec6c-4057-92c6-d355c6055a6f 4bcaf528304548549780ff6f7faf0b0e e4e6bb9f024743d0a637ebb40bd57676 - - default default] 10.0.0.179 "PUT /v2.0/policies/24195cea-e197-49ef-9fb6-137faa1bd2b3/tags HTTP/1.1" status: 200 len: 218 time: 0.0295210
2026-03-04 02:32:52.555 9 INFO neutron.wsgi [None req-fa181807-9ee6-4575-9bcf-e54997206a56 4bcaf528304548549780ff6f7faf0b0e e4e6bb9f024743d0a637ebb40bd57676 - - default default] 10.0.0.179 "PUT /v2.0/policies/2512ff90-b0db-4311-9ca2-5c925656e4ed/tags HTTP/1.1" status: 200 len: 227 time: 0.0288680
2026-03-04 02:32:52.598 9 INFO neutron.wsgi [None req-fe85b031-1912-47df-b7d4-13939a57c337 4bcaf528304548549780ff6f7faf0b0e e4e6bb9f024743d0a637ebb40bd57676 - - default default] 10.0.0.179 "PUT /v2.0/policies/f0080a97-5799-4271-be01-48743754ce57/tags HTTP/1.1" status: 200 len: 212 time: 0.0362024
2026-03-04 02:32:52.820 10 INFO neutron.wsgi [None req-f2889930-7614-4ef6-8d91-0ef9e503e0ba 65d5b1b1ce0744929738b022f0e023f0 3bc9e5d1220d442dba8a12ec9321dfc8 - - default default] 10.0.0.179 "DELETE /v2.0/floatingips/ba45291f-0362-4214-a92a-62f404c237ac HTTP/1.1" status: 204 len: 168 time: 0.4161923
2026-03-04 02:32:53.030 10 INFO neutron.wsgi [None req-b58d1577-8493-458d-b693-28410e04fbf9 65d5b1b1ce0744929738b022f0e023f0 3bc9e5d1220d442dba8a12ec9321dfc8 - - default default] 10.0.0.179 "DELETE /v2.0/security-groups/8d2084ce-6397-4e56-b60d-9f166c6c7b78 HTTP/1.1" status: 204 len: 168 time: 0.2045004
2026-03-04 02:32:53.055 10 INFO neutron.notifiers.nova [-] Nova event matching ['req-2b05a7fb-a7e1-4a18-a458-03024f1c2268'] response: {'name': 'network-changed', 'server_uuid': 'acb7b995-5534-48ae-af99-2609f9caa5bc', 'tag': '72d72d59-21b0-4472-991e-1d75c2dec0d1', 'status': 'completed', 'code': 200}
2026-03-04 02:32:53.139 9 INFO neutron.wsgi [req-daa0982d-868a-45b3-9942-bc14d6d98696 req-de209d99-0417-48d7-aaa8-eff5edce6aaa 7f6808a736204204b900259adadebfc1 dd649a7e0fa94d889784905637a9c9ce - - 0b47a8ef162b449791a7619f7bd9f895 0b47a8ef162b449791a7619f7bd9f895] 199.204.45.162 "GET /v2.0/ports?tenant_id=685e825c5d124258b4c3fa3d701d0cb5&device_id=acb7b995-5534-48ae-af99-2609f9caa5bc HTTP/1.1" status: 200 len: 1409 time: 0.0601559
2026-03-04 02:32:53.169 10 INFO neutron.wsgi [None req-8773545b-fe3d-4772-9b0b-cccebacaef17 daea10e1054344f4a50e6994dbefb339 e5cbe1ecd9e04e2b8466d54533ffa393 - - default default] 10.0.0.179 "GET /v2.0/qos/policies?tags=red HTTP/1.1" status: 200 len: 1296 time: 0.2085164
2026-03-04 02:32:53.287 9 INFO neutron.wsgi [req-daa0982d-868a-45b3-9942-bc14d6d98696 req-5f51d5b1-7bb5-4d5f-bde8-e881220a98c8 7f6808a736204204b900259adadebfc1 dd649a7e0fa94d889784905637a9c9ce - - 0b47a8ef162b449791a7619f7bd9f895 0b47a8ef162b449791a7619f7bd9f895] 199.204.45.162 "GET /v2.0/networks?id=6745359d-730f-4ace-ae0c-0482a4452fb2 HTTP/1.1" status: 200 len: 958 time: 0.1365652
2026-03-04 02:32:53.369 9 INFO neutron.wsgi [None req-39b2412c-589d-421f-aac4-9768b4d9853c daea10e1054344f4a50e6994dbefb339 e5cbe1ecd9e04e2b8466d54533ffa393 - - default default] 10.0.0.179 "GET /v2.0/qos/policies?tags=red%2Cblue HTTP/1.1" status: 200 len: 941 time: 0.1904538
2026-03-04 02:32:53.394 9 INFO neutron.notifiers.nova [-] Nova event matching ['req-7d2a63a1-1c6e-4cb7-9e90-37a8d40073de'] response: {'server_uuid': '7a7cfb99-2c2f-4e22-8fe1-7dcc81f1faa1', 'name': 'network-vif-plugged', 'status': 'completed', 'tag': 'cd17be24-e461-41b0-a8ba-c4f9e9e846ad', 'code': 200}
