2026-03-04 02:33:15.027 9 WARNING neutron_lib.context [None req-439e6fb6-ab3a-45bc-9d6f-7cac0aef436b efe4413560644bc195da60fae1944fef e36218c95fa24585b2de9b52e7ebb443 - - default default] Method 'is_advsvc' is deprecated since 2023.2 release (neutron-lib 3.8.0) and will be removed once support for the old RBAC API policies will be removed from Neutron. Please use method 'is_service_role' instead.
2026-03-04 02:33:15.257 9 WARNING neutron.scheduler.dhcp_agent_scheduler [None req-439e6fb6-ab3a-45bc-9d6f-7cac0aef436b efe4413560644bc195da60fae1944fef e36218c95fa24585b2de9b52e7ebb443 - - default default] No more DHCP agents
2026-03-04 02:33:15.260 9 WARNING neutron.api.rpc.agentnotifiers.dhcp_rpc_agent_api [None req-439e6fb6-ab3a-45bc-9d6f-7cac0aef436b efe4413560644bc195da60fae1944fef e36218c95fa24585b2de9b52e7ebb443 - - default default] Unable to schedule network 1b25eaeb-8ef2-4721-a01d-291b29fa4905: no agents available; will retry on subsequent port and subnet creation events.
2026-03-04 02:33:15.266 10 INFO neutron.wsgi [None req-073a233f-e8ee-4aa8-ba4d-0d2ef55bf3a7 bcf2610efd8c4f2eb4e4c30588e3cb2d 79fc3856c9654c3eb86f9a22688279ef - - default default] 10.0.0.179 "DELETE /v2.0/security-groups/f6189195-4cd8-421b-b6ee-cddcbdfbdea8 HTTP/1.1" status: 204 len: 168 time: 0.2394648
2026-03-04 02:33:15.366 10 INFO neutron.wsgi [None req-0b5caa80-d1e7-4d6e-b514-111bf64ace6a 9a3f68c233314023b2540587299519e9 649c8e96dfde4ab3a119fb2ced9d3970 - - default default] 10.0.0.179 "DELETE /v2.0/networks/761a817a-86fa-4f53-8dde-8ae1efc11f2e HTTP/1.1" status: 204 len: 168 time: 0.8348010
2026-03-04 02:33:15.384 10 INFO neutron.pecan_wsgi.hooks.translation [None req-144004d3-46ac-4cd4-88b6-8bc815a21be0 9a3f68c233314023b2540587299519e9 649c8e96dfde4ab3a119fb2ced9d3970 - - default default] DELETE failed (client error): The resource could not be found.
2026-03-04 02:33:15.386 10 INFO neutron.wsgi [None req-144004d3-46ac-4cd4-88b6-8bc815a21be0 9a3f68c233314023b2540587299519e9 649c8e96dfde4ab3a119fb2ced9d3970 - - default default] 10.0.0.179 "DELETE /v2.0/subnets/f09e7e83-000b-494a-b2dc-506e378816b0 HTTP/1.1" status: 404 len: 337 time: 0.0140316
2026-03-04 02:33:15.403 10 INFO neutron.pecan_wsgi.hooks.translation [None req-14ea256b-a1a6-4f2c-9e64-3f2085e726e0 9a3f68c233314023b2540587299519e9 649c8e96dfde4ab3a119fb2ced9d3970 - - default default] DELETE failed (client error): The resource could not be found.
2026-03-04 02:33:15.406 10 INFO neutron.wsgi [None req-14ea256b-a1a6-4f2c-9e64-3f2085e726e0 9a3f68c233314023b2540587299519e9 649c8e96dfde4ab3a119fb2ced9d3970 - - default default] 10.0.0.179 "DELETE /v2.0/subnets/5712f48a-101c-438a-9827-bdb5a5c2f6b1 HTTP/1.1" status: 404 len: 337 time: 0.0168283
2026-03-04 02:33:15.427 10 INFO neutron.pecan_wsgi.hooks.translation [None req-cb10a437-b3af-450c-a417-c66d2d222d99 9a3f68c233314023b2540587299519e9 649c8e96dfde4ab3a119fb2ced9d3970 - - default default] DELETE failed (client error): The resource could not be found.
2026-03-04 02:33:15.429 10 INFO neutron.wsgi [None req-cb10a437-b3af-450c-a417-c66d2d222d99 9a3f68c233314023b2540587299519e9 649c8e96dfde4ab3a119fb2ced9d3970 - - default default] 10.0.0.179 "DELETE /v2.0/subnets/61d99665-f841-435b-8d39-48ee612bf9fd HTTP/1.1" status: 404 len: 337 time: 0.0180869
2026-03-04 02:33:15.472 10 INFO neutron.wsgi [None req-73bc76e8-1fbe-4555-b84a-5e85c0dff20a bcf2610efd8c4f2eb4e4c30588e3cb2d 79fc3856c9654c3eb86f9a22688279ef - - default default] 10.0.0.179 "GET /v2.0/security-groups?tenant_id=78efb35a2722430a96bc79a0db3a36fc&name=default HTTP/1.1" status: 200 len: 2996 time: 0.0349250
2026-03-04 02:33:15.666 10 INFO neutron.wsgi [None req-ef86759d-366c-4c12-8fe7-453da23c69cb bcf2610efd8c4f2eb4e4c30588e3cb2d 79fc3856c9654c3eb86f9a22688279ef - - default default] 10.0.0.179 "DELETE /v2.0/security-groups/5b0340bb-25f9-46bc-876e-4a1e0ec3af9c HTTP/1.1" status: 204 len: 168 time: 0.1884217
2026-03-04 02:33:15.723 9 INFO neutron.db.ovn_revision_numbers_db [None req-439e6fb6-ab3a-45bc-9d6f-7cac0aef436b efe4413560644bc195da60fae1944fef e36218c95fa24585b2de9b52e7ebb443 - - default default] Successfully bumped revision number for resource ffb3bb26-cd31-415c-8863-6e863ec95e1a (type: ports) to 2
2026-03-04 02:33:15.741 10 INFO neutron.services.segments.plugin [-] Segment 3e75f5fa-2044-422c-a0fc-e24bc788ee4c resource provider aggregate not found
2026-03-04 02:33:15.749 10 INFO neutron.services.segments.plugin [-] Segment 3e75f5fa-2044-422c-a0fc-e24bc788ee4c resource provider aggregate not found
2026-03-04 02:33:15.756 10 INFO neutron.services.segments.plugin [-] Segment 3e75f5fa-2044-422c-a0fc-e24bc788ee4c resource provider not found; error: Placement Client Error (4xx): {"errors": [{"status": 404, "title": "Not Found", "detail": "The resource could not be found.\n\n No resource provider with uuid 3e75f5fa-2044-422c-a0fc-e24bc788ee4c found for delete ", "request_id": "req-0d026f63-930b-4fe0-8ba8-712c7905bace"}]}
2026-03-04 02:33:15.763 9 INFO neutron.db.ovn_revision_numbers_db [None req-439e6fb6-ab3a-45bc-9d6f-7cac0aef436b efe4413560644bc195da60fae1944fef e36218c95fa24585b2de9b52e7ebb443 - - default default] Successfully bumped revision number for resource ee9449bd-7d64-47c8-a073-f11c65c327c5 (type: subnets) to 0
2026-03-04 02:33:15.768 10 INFO neutron.services.segments.plugin [-] Segment 3e75f5fa-2044-422c-a0fc-e24bc788ee4c resource provider not found; error: Placement Client Error (4xx): {"errors": [{"status": 404, "title": "Not Found", "detail": "The resource could not be found.\n\n No resource provider with uuid 3e75f5fa-2044-422c-a0fc-e24bc788ee4c found for delete ", "request_id": "req-b8d29c28-b59d-4a93-94de-5047a8249e1e"}]}
2026-03-04 02:33:15.791 9 INFO neutron.wsgi [None req-439e6fb6-ab3a-45bc-9d6f-7cac0aef436b efe4413560644bc195da60fae1944fef e36218c95fa24585b2de9b52e7ebb443 - - default default] 10.0.0.179 "POST /v2.0/subnets HTTP/1.1" status: 201 len: 830 time: 0.7691722
2026-03-04 02:33:15.801 10 WARNING neutron_lib.context [None req-24d9f5f2-de9b-4012-98b3-47d2ba152b92 efe4413560644bc195da60fae1944fef e36218c95fa24585b2de9b52e7ebb443 - - default default] Method 'is_advsvc' is deprecated since 2023.2 release (neutron-lib 3.8.0) and will be removed once support for the old RBAC API policies will be removed from Neutron. Please use method 'is_service_role' instead.
2026-03-04 02:33:16.185 10 WARNING neutron.scheduler.dhcp_agent_scheduler [None req-24d9f5f2-de9b-4012-98b3-47d2ba152b92 efe4413560644bc195da60fae1944fef e36218c95fa24585b2de9b52e7ebb443 - - default default] No more DHCP agents
2026-03-04 02:33:16.188 10 WARNING neutron.api.rpc.agentnotifiers.dhcp_rpc_agent_api [None req-24d9f5f2-de9b-4012-98b3-47d2ba152b92 efe4413560644bc195da60fae1944fef e36218c95fa24585b2de9b52e7ebb443 - - default default] Unable to schedule network 1b25eaeb-8ef2-4721-a01d-291b29fa4905: no agents available; will retry on subsequent port and subnet creation events.
2026-03-04 02:33:16.229 10 INFO neutron.db.ovn_revision_numbers_db [None req-24d9f5f2-de9b-4012-98b3-47d2ba152b92 efe4413560644bc195da60fae1944fef e36218c95fa24585b2de9b52e7ebb443 - - default default] Successfully bumped revision number for resource 6495171f-4e5f-4bf5-be8f-119e1c4ae50e (type: subnets) to 0
2026-03-04 02:33:16.253 10 INFO neutron.wsgi [None req-24d9f5f2-de9b-4012-98b3-47d2ba152b92 efe4413560644bc195da60fae1944fef e36218c95fa24585b2de9b52e7ebb443 - - default default] 10.0.0.179 "POST /v2.0/subnets HTTP/1.1" status: 201 len: 900 time: 0.4570205
2026-03-04 02:33:16.268 10 WARNING neutron_lib.context [None req-58e725d6-a321-41dc-91f9-598f8da922f7 efe4413560644bc195da60fae1944fef e36218c95fa24585b2de9b52e7ebb443 - - default default] Method 'is_advsvc' is deprecated since 2023.2 release (neutron-lib 3.8.0) and will be removed once support for the old RBAC API policies will be removed from Neutron. Please use method 'is_service_role' instead.
2026-03-04 02:33:16.391 10 INFO neutron.db.segments_db [None req-58e725d6-a321-41dc-91f9-598f8da922f7 efe4413560644bc195da60fae1944fef e36218c95fa24585b2de9b52e7ebb443 - - default default] Added segment 84cfda3a-eacc-41b9-85b9-143237eb806d of type geneve for network 6237cd78-0983-4a59-9638-60c2a2e4e7be
2026-03-04 02:33:16.546 10 INFO neutron.wsgi [None req-694c5586-4f74-4e82-b2db-2a60cb6b1278 bcf2610efd8c4f2eb4e4c30588e3cb2d 79fc3856c9654c3eb86f9a22688279ef - - default default] 10.0.0.20 "GET /v2.0/security-groups HTTP/1.1" status: 200 len: 22363 time: 0.4314864
2026-03-04 02:33:16.587 10 INFO neutron.db.ovn_revision_numbers_db [None req-58e725d6-a321-41dc-91f9-598f8da922f7 efe4413560644bc195da60fae1944fef e36218c95fa24585b2de9b52e7ebb443 - - default default] Successfully bumped revision number for resource 6237cd78-0983-4a59-9638-60c2a2e4e7be (type: networks) to 1
2026-03-04 02:33:16.618 10 INFO neutron.wsgi [None req-a0498e9d-5bbe-4aeb-8a44-4dbf069c9fc4 bcf2610efd8c4f2eb4e4c30588e3cb2d 79fc3856c9654c3eb86f9a22688279ef - - default default] 10.0.0.20 "GET /v2.0/subnets HTTP/1.1" status: 200 len: 4142 time: 0.0598326
2026-03-04 02:33:16.659 10 INFO neutron.wsgi [None req-af838ae6-ef4b-490d-912e-0c3ff866838f bcf2610efd8c4f2eb4e4c30588e3cb2d 79fc3856c9654c3eb86f9a22688279ef - - default default] 10.0.0.20 "GET /v2.0/routers HTTP/1.1" status: 200 len: 189 time: 0.0365033
2026-03-04 02:33:16.684 10 INFO neutron.wsgi [None req-69899608-4d43-4528-99a2-d24296ea3cd0 bcf2610efd8c4f2eb4e4c30588e3cb2d 79fc3856c9654c3eb86f9a22688279ef - - default default] 10.0.0.20 "GET /v2.0/agents?binary=ovn-controller HTTP/1.1" status: 200 len: 591 time: 0.0246756
2026-03-04 02:33:16.759 10 INFO neutron.wsgi [None req-55dc18b3-9a3f-42ff-9e02-36b6e081acd7 bcf2610efd8c4f2eb4e4c30588e3cb2d 79fc3856c9654c3eb86f9a22688279ef - - default default] 10.0.0.20 "GET /v2.0/subnets HTTP/1.1" status: 200 len: 4142 time: 0.0703616
2026-03-04 02:33:16.778 10 INFO neutron.wsgi [None req-37f24986-75fb-457f-b809-e7d16bb9883c bcf2610efd8c4f2eb4e4c30588e3cb2d 79fc3856c9654c3eb86f9a22688279ef - - default default] 10.0.0.20 "GET /v2.0/subnetpools HTTP/1.1" status: 200 len: 193 time: 0.0155139
2026-03-04 02:33:16.785 9 INFO neutron.db.ovn_revision_numbers_db [None req-df6652a0-c852-41a5-9b3f-c2a0e832413e bcf2610efd8c4f2eb4e4c30588e3cb2d 79fc3856c9654c3eb86f9a22688279ef - - default default] Successfully bumped revision number for resource 5dc55469-37be-4774-8153-a5c5f152485c (type: security_groups) to 1
2026-03-04 02:33:16.800 9 INFO neutron.db.ovn_revision_numbers_db [None req-df6652a0-c852-41a5-9b3f-c2a0e832413e bcf2610efd8c4f2eb4e4c30588e3cb2d 79fc3856c9654c3eb86f9a22688279ef - - default default] Successfully bumped revision number for resource 05b4a086-fd27-4ad8-ad1e-71c3068b7d6d (type: security_group_rules) to 0
2026-03-04 02:33:16.829 9 INFO neutron.db.ovn_revision_numbers_db [None req-df6652a0-c852-41a5-9b3f-c2a0e832413e bcf2610efd8c4f2eb4e4c30588e3cb2d 79fc3856c9654c3eb86f9a22688279ef - - default default] Successfully bumped revision number for resource 233db561-7f31-4893-91bc-9c7e31933785 (type: security_group_rules) to 0
2026-03-04 02:33:16.849 9 INFO neutron.db.ovn_revision_numbers_db [None req-df6652a0-c852-41a5-9b3f-c2a0e832413e bcf2610efd8c4f2eb4e4c30588e3cb2d 79fc3856c9654c3eb86f9a22688279ef - - default default] Successfully bumped revision number for resource b4f955b0-fa2e-4202-8847-8592e7c994cb (type: security_group_rules) to 0
2026-03-04 02:33:16.874 9 INFO neutron.db.ovn_revision_numbers_db [None req-df6652a0-c852-41a5-9b3f-c2a0e832413e bcf2610efd8c4f2eb4e4c30588e3cb2d 79fc3856c9654c3eb86f9a22688279ef - - default default] Successfully bumped revision number for resource dd746664-edb2-45aa-ad68-865113116452 (type: security_group_rules) to 0
2026-03-04 02:33:16.896 10 INFO neutron.wsgi [None req-31509088-bb8d-40f2-b413-04210d1afa3a bcf2610efd8c4f2eb4e4c30588e3cb2d 79fc3856c9654c3eb86f9a22688279ef - - default default] 10.0.0.20 "GET /v2.0/networks HTTP/1.1" status: 200 len: 4642 time: 0.1170785
2026-03-04 02:33:16.901 10 WARNING neutron.scheduler.dhcp_agent_scheduler [None req-58e725d6-a321-41dc-91f9-598f8da922f7 efe4413560644bc195da60fae1944fef e36218c95fa24585b2de9b52e7ebb443 - - default default] No more DHCP agents
2026-03-04 02:33:16.903 10 WARNING neutron.api.rpc.agentnotifiers.dhcp_rpc_agent_api [None req-58e725d6-a321-41dc-91f9-598f8da922f7 efe4413560644bc195da60fae1944fef e36218c95fa24585b2de9b52e7ebb443 - - default default] Unable to schedule network 6237cd78-0983-4a59-9638-60c2a2e4e7be: no agents available; will retry on subsequent port and subnet creation events.
2026-03-04 02:33:16.902 9 INFO neutron.wsgi [None req-df6652a0-c852-41a5-9b3f-c2a0e832413e bcf2610efd8c4f2eb4e4c30588e3cb2d 79fc3856c9654c3eb86f9a22688279ef - - default default] 10.0.0.179 "GET /v2.0/security-groups?tenant_id=3cc3a60b09b541379615fec5a23d794a&name=default HTTP/1.1" status: 200 len: 2996 time: 0.6301579
2026-03-04 02:33:16.933 10 INFO neutron.wsgi [None req-b52204ac-0f7b-4787-9d12-d42e6b12b25c bcf2610efd8c4f2eb4e4c30588e3cb2d 79fc3856c9654c3eb86f9a22688279ef - - default default] 10.0.0.20 "GET /v2.0/agents HTTP/1.1" status: 200 len: 997 time: 0.0304947
2026-03-04 02:33:16.959 10 INFO neutron.wsgi [None req-cf0e8bd4-0093-461c-bd2b-5bab78167a73 bcf2610efd8c4f2eb4e4c30588e3cb2d 79fc3856c9654c3eb86f9a22688279ef - - default default] 10.0.0.20 "GET /v2.0/network-ip-availabilities HTTP/1.1" status: 200 len: 2942 time: 0.0253515
2026-03-04 02:33:16.986 10 INFO neutron.wsgi [None req-b77f2a2f-f41d-44bd-9043-86c92776cfa7 bcf2610efd8c4f2eb4e4c30588e3cb2d 79fc3856c9654c3eb86f9a22688279ef - - default default] 10.0.0.20 "GET /v2.0/floatingips HTTP/1.1" status: 200 len: 193 time: 0.0249133
2026-03-04 02:33:17.033 9 WARNING neutron_lib.context [None req-da3d1c21-f947-45dd-b8cd-d6790804979a b7547e5335444753acc3c29ef961f2b3 36c8f34a9f2a4d7098086159fa501ab5 - - default default] Method 'is_advsvc' is deprecated since 2023.2 release (neutron-lib 3.8.0) and will be removed once support for the old RBAC API policies will be removed from Neutron. Please use method 'is_service_role' instead.
2026-03-04 02:33:17.076 10 INFO neutron.wsgi [None req-ed19d494-e944-4b2b-b01b-1540c9508810 bcf2610efd8c4f2eb4e4c30588e3cb2d 79fc3856c9654c3eb86f9a22688279ef - - default default] 10.0.0.20 "GET /v2.0/ports HTTP/1.1" status: 200 len: 8313 time: 0.0888052
2026-03-04 02:33:17.077 10 INFO neutron.db.ovn_revision_numbers_db [None req-58e725d6-a321-41dc-91f9-598f8da922f7 efe4413560644bc195da60fae1944fef e36218c95fa24585b2de9b52e7ebb443 - - default default] Successfully bumped revision number for resource 33796021-7ff3-4249-aa18-bb49bd189e45 (type: ports) to 1
2026-03-04 02:33:17.103 10 INFO neutron.wsgi [None req-58e725d6-a321-41dc-91f9-598f8da922f7 efe4413560644bc195da60fae1944fef e36218c95fa24585b2de9b52e7ebb443 - - default default] 10.0.0.179 "POST /v2.0/networks HTTP/1.1" status: 201 len: 837 time: 0.8401647
2026-03-04 02:33:17.115 10 WARNING neutron_lib.context [None req-bb7b73a0-b01b-46ad-80ef-b40246cfe80b efe4413560644bc195da60fae1944fef e36218c95fa24585b2de9b52e7ebb443 - - default default] Method 'is_advsvc' is deprecated since 2023.2 release (neutron-lib 3.8.0) and will be removed once support for the old RBAC API policies will be removed from Neutron. Please use method 'is_service_role' instead.
2026-03-04 02:33:17.186 9 INFO neutron.wsgi [None req-5d50fc5f-b009-4409-bbd2-09c822621e48 bcf2610efd8c4f2eb4e4c30588e3cb2d 79fc3856c9654c3eb86f9a22688279ef - - default default] 10.0.0.179 "DELETE /v2.0/security-groups/5dc55469-37be-4774-8153-a5c5f152485c HTTP/1.1" status: 204 len: 168 time: 0.2784300
2026-03-04 02:33:17.209 9 INFO neutron.db.ovn_revision_numbers_db [None req-da3d1c21-f947-45dd-b8cd-d6790804979a b7547e5335444753acc3c29ef961f2b3 36c8f34a9f2a4d7098086159fa501ab5 - - default default] Successfully bumped revision number for resource 32bdfb98-aa6d-4329-9a4e-9d754765535d (type: security_groups) to 1
2026-03-04 02:33:17.224 9 INFO neutron.db.ovn_revision_numbers_db [None req-da3d1c21-f947-45dd-b8cd-d6790804979a b7547e5335444753acc3c29ef961f2b3 36c8f34a9f2a4d7098086159fa501ab5 - - default default] Successfully bumped revision number for resource 80886eef-cc72-4a71-9748-681611073a3f (type: security_group_rules) to 0
2026-03-04 02:33:17.236 9 INFO neutron.db.ovn_revision_numbers_db [None req-da3d1c21-f947-45dd-b8cd-d6790804979a b7547e5335444753acc3c29ef961f2b3 36c8f34a9f2a4d7098086159fa501ab5 - - default default] Successfully bumped revision number for resource b3d3c399-6c8b-4b48-9b3d-9ee779a77813 (type: security_group_rules) to 0
2026-03-04 02:33:17.260 9 INFO neutron.db.ovn_revision_numbers_db [None req-da3d1c21-f947-45dd-b8cd-d6790804979a b7547e5335444753acc3c29ef961f2b3 36c8f34a9f2a4d7098086159fa501ab5 - - default default] Successfully bumped revision number for resource cb8256e2-b412-46c4-853e-f6e9b6ee0d03 (type: security_group_rules) to 0
2026-03-04 02:33:17.275 9 INFO neutron.db.ovn_revision_numbers_db [None req-da3d1c21-f947-45dd-b8cd-d6790804979a b7547e5335444753acc3c29ef961f2b3 36c8f34a9f2a4d7098086159fa501ab5 - - default default] Successfully bumped revision number for resource f298b812-5f49-440e-bd2c-63951050f75b (type: security_group_rules) to 0
2026-03-04 02:33:17.383 9 INFO neutron.db.ovn_revision_numbers_db [None req-da3d1c21-f947-45dd-b8cd-d6790804979a b7547e5335444753acc3c29ef961f2b3 36c8f34a9f2a4d7098086159fa501ab5 - - default default] Successfully bumped revision number for resource 4f1c32b2-c400-45d9-9199-eb77858b0934 (type: security_groups) to 1
2026-03-04 02:33:17.402 9 INFO neutron.db.ovn_revision_numbers_db [None req-da3d1c21-f947-45dd-b8cd-d6790804979a b7547e5335444753acc3c29ef961f2b3 36c8f34a9f2a4d7098086159fa501ab5 - - default default] Successfully bumped revision number for resource 247fa4bd-0151-489a-b6f3-a688e4fd7218 (type: security_group_rules) to 0
2026-03-04 02:33:17.405 10 WARNING neutron.scheduler.dhcp_agent_scheduler [None req-bb7b73a0-b01b-46ad-80ef-b40246cfe80b efe4413560644bc195da60fae1944fef e36218c95fa24585b2de9b52e7ebb443 - - default default] No more DHCP agents
2026-03-04 02:33:17.409 10 WARNING neutron.api.rpc.agentnotifiers.dhcp_rpc_agent_api [None req-bb7b73a0-b01b-46ad-80ef-b40246cfe80b efe4413560644bc195da60fae1944fef e36218c95fa24585b2de9b52e7ebb443 - - default default] Unable to schedule network 6237cd78-0983-4a59-9638-60c2a2e4e7be: no agents available; will retry on subsequent port and subnet creation events.
2026-03-04 02:33:17.422 9 INFO neutron.db.ovn_revision_numbers_db [None req-da3d1c21-f947-45dd-b8cd-d6790804979a b7547e5335444753acc3c29ef961f2b3 36c8f34a9f2a4d7098086159fa501ab5 - - default default] Successfully bumped revision number for resource a0611326-7ba2-44ac-966d-dfb679764312 (type: security_group_rules) to 0
2026-03-04 02:33:17.447 9 INFO neutron.wsgi [None req-da3d1c21-f947-45dd-b8cd-d6790804979a b7547e5335444753acc3c29ef961f2b3 36c8f34a9f2a4d7098086159fa501ab5 - - default default] 10.0.0.179 "POST /v2.0/security-groups HTTP/1.1" status: 201 len: 1737 time: 0.4659550
2026-03-04 02:33:17.455 9 WARNING neutron_lib.context [None req-63ac6840-b38a-4a4c-99fc-7c2101741807 b7547e5335444753acc3c29ef961f2b3 36c8f34a9f2a4d7098086159fa501ab5 - - default default] Method 'is_advsvc' is deprecated since 2023.2 release (neutron-lib 3.8.0) and will be removed once support for the old RBAC API policies will be removed from Neutron. Please use method 'is_service_role' instead.
2026-03-04 02:33:17.470 10 INFO neutron.db.ovn_revision_numbers_db [None req-4fade41b-1ac6-4910-b01a-17cb02592514 bcf2610efd8c4f2eb4e4c30588e3cb2d 79fc3856c9654c3eb86f9a22688279ef - - default default] Successfully bumped revision number for resource 578f1c34-5916-4aa6-aa3a-1eea80812e0d (type: security_groups) to 1
2026-03-04 02:33:17.487 10 INFO neutron.db.ovn_revision_numbers_db [None req-4fade41b-1ac6-4910-b01a-17cb02592514 bcf2610efd8c4f2eb4e4c30588e3cb2d 79fc3856c9654c3eb86f9a22688279ef - - default default] Successfully bumped revision number for resource 5f5297af-ab20-4420-a8b3-1140f0be72b7 (type: security_group_rules) to 0
2026-03-04 02:33:17.507 10 INFO neutron.db.ovn_revision_numbers_db [None req-4fade41b-1ac6-4910-b01a-17cb02592514 bcf2610efd8c4f2eb4e4c30588e3cb2d 79fc3856c9654c3eb86f9a22688279ef - - default default] Successfully bumped revision number for resource bdf32cae-2a79-4049-b78d-d38b6f6f9889 (type: security_group_rules) to 0
2026-03-04 02:33:17.533 10 INFO neutron.db.ovn_revision_numbers_db [None req-4fade41b-1ac6-4910-b01a-17cb02592514 bcf2610efd8c4f2eb4e4c30588e3cb2d 79fc3856c9654c3eb86f9a22688279ef - - default default] Successfully bumped revision number for resource d8c69b64-31d5-420e-9584-0ee2f75f06e0 (type: security_group_rules) to 0
2026-03-04 02:33:17.557 10 INFO neutron.db.ovn_revision_numbers_db [None req-4fade41b-1ac6-4910-b01a-17cb02592514 bcf2610efd8c4f2eb4e4c30588e3cb2d 79fc3856c9654c3eb86f9a22688279ef - - default default] Successfully bumped revision number for resource dc6bb05f-92b0-449a-9860-481b123096a5 (type: security_group_rules) to 0
2026-03-04 02:33:17.561 9 INFO neutron.db.ovn_revision_numbers_db [None req-63ac6840-b38a-4a4c-99fc-7c2101741807 b7547e5335444753acc3c29ef961f2b3 36c8f34a9f2a4d7098086159fa501ab5 - - default default] Successfully bumped revision number for resource f0c1798d-5bc4-4901-a7f1-c3b68b2e7a46 (type: security_groups) to 1
2026-03-04 02:33:17.574 9 INFO neutron.db.ovn_revision_numbers_db [None req-63ac6840-b38a-4a4c-99fc-7c2101741807 b7547e5335444753acc3c29ef961f2b3 36c8f34a9f2a4d7098086159fa501ab5 - - default default] Successfully bumped revision number for resource 371b63cb-1bc8-42ab-babb-357434f9654f (type: security_group_rules) to 0
2026-03-04 02:33:17.589 9 INFO neutron.db.ovn_revision_numbers_db [None req-63ac6840-b38a-4a4c-99fc-7c2101741807 b7547e5335444753acc3c29ef961f2b3 36c8f34a9f2a4d7098086159fa501ab5 - - default default] Successfully bumped revision number for resource 65f194d1-f248-4540-9b20-6431eaee4d46 (type: security_group_rules) to 0
2026-03-04 02:33:17.591 10 INFO neutron.wsgi [None req-4fade41b-1ac6-4910-b01a-17cb02592514 bcf2610efd8c4f2eb4e4c30588e3cb2d 79fc3856c9654c3eb86f9a22688279ef - - default default] 10.0.0.179 "GET /v2.0/security-groups?tenant_id=8e912acf4b88431a95274df7f50db324&name=default HTTP/1.1" status: 200 len: 2996 time: 0.2913043
2026-03-04 02:33:17.608 9 INFO neutron.wsgi [None req-63ac6840-b38a-4a4c-99fc-7c2101741807 b7547e5335444753acc3c29ef961f2b3 36c8f34a9f2a4d7098086159fa501ab5 - - default default] 10.0.0.179 "POST /v2.0/security-groups HTTP/1.1" status: 201 len: 1737 time: 0.1571853
2026-03-04 02:33:17.621 9 WARNING neutron_lib.context [None req-cd65a606-d51c-48ba-9587-96e1a225ee23 b7547e5335444753acc3c29ef961f2b3 36c8f34a9f2a4d7098086159fa501ab5 - - default default] Method 'is_advsvc' is deprecated since 2023.2 release (neutron-lib 3.8.0) and will be removed once support for the old RBAC API policies will be removed from Neutron. Please use method 'is_service_role' instead.
2026-03-04 02:33:17.727 9 INFO neutron.db.ovn_revision_numbers_db [None req-cd65a606-d51c-48ba-9587-96e1a225ee23 b7547e5335444753acc3c29ef961f2b3 36c8f34a9f2a4d7098086159fa501ab5 - - default default] Successfully bumped revision number for resource 59bbdf96-2a3d-4bc9-934c-e6616007b659 (type: security_groups) to 1
2026-03-04 02:33:17.738 9 INFO neutron.db.ovn_revision_numbers_db [None req-cd65a606-d51c-48ba-9587-96e1a225ee23 b7547e5335444753acc3c29ef961f2b3 36c8f34a9f2a4d7098086159fa501ab5 - - default default] Successfully bumped revision number for resource 113d6699-2852-4ecd-aada-278b48899644 (type: security_group_rules) to 0
2026-03-04 02:33:17.752 9 INFO neutron.db.ovn_revision_numbers_db [None req-cd65a606-d51c-48ba-9587-96e1a225ee23 b7547e5335444753acc3c29ef961f2b3 36c8f34a9f2a4d7098086159fa501ab5 - - default default] Successfully bumped revision number for resource b225e0ea-f449-4cfe-a872-e861cfbad435 (type: security_group_rules) to 0
2026-03-04 02:33:17.770 9 INFO neutron.wsgi [None req-cd65a606-d51c-48ba-9587-96e1a225ee23 b7547e5335444753acc3c29ef961f2b3 36c8f34a9f2a4d7098086159fa501ab5 - - default default] 10.0.0.179 "POST /v2.0/security-groups HTTP/1.1" status: 201 len: 1737 time: 0.1539199
2026-03-04 02:33:17.777 9 WARNING neutron_lib.context [None req-9a765eb7-8210-44be-add1-ca53e3f0154c b7547e5335444753acc3c29ef961f2b3 36c8f34a9f2a4d7098086159fa501ab5 - - default default] Method 'is_advsvc' is deprecated since 2023.2 release (neutron-lib 3.8.0) and will be removed once support for the old RBAC API policies will be removed from Neutron. Please use method 'is_service_role' instead.
2026-03-04 02:33:17.864 10 INFO neutron.wsgi [None req-2173be58-4a91-4a72-976d-684d87bdccf2 bcf2610efd8c4f2eb4e4c30588e3cb2d 79fc3856c9654c3eb86f9a22688279ef - - default default] 10.0.0.179 "DELETE /v2.0/security-groups/578f1c34-5916-4aa6-aa3a-1eea80812e0d HTTP/1.1" status: 204 len: 168 time: 0.2675512
2026-03-04 02:33:17.876 9 INFO neutron.db.ovn_revision_numbers_db [None req-9a765eb7-8210-44be-add1-ca53e3f0154c b7547e5335444753acc3c29ef961f2b3 36c8f34a9f2a4d7098086159fa501ab5 - - default default] Successfully bumped revision number for resource 0ba1d422-757a-44ed-b4e4-55362003ca84 (type: security_groups) to 1
2026-03-04 02:33:17.888 9 INFO neutron.db.ovn_revision_numbers_db [None req-9a765eb7-8210-44be-add1-ca53e3f0154c b7547e5335444753acc3c29ef961f2b3 36c8f34a9f2a4d7098086159fa501ab5 - - default default] Successfully bumped revision number for resource b88600b8-c6e3-4fd5-b893-3990b9764d96 (type: security_group_rules) to 0
2026-03-04 02:33:17.900 9 INFO neutron.db.ovn_revision_numbers_db [None req-9a765eb7-8210-44be-add1-ca53e3f0154c b7547e5335444753acc3c29ef961f2b3 36c8f34a9f2a4d7098086159fa501ab5 - - default default] Successfully bumped revision number for resource f6874cc7-c1ef-4bbd-8b23-bbea58b6d442 (type: security_group_rules) to 0
2026-03-04 02:33:17.915 9 INFO neutron.wsgi [None req-9a765eb7-8210-44be-add1-ca53e3f0154c b7547e5335444753acc3c29ef961f2b3 36c8f34a9f2a4d7098086159fa501ab5 - - default default] 10.0.0.179 "POST /v2.0/security-groups HTTP/1.1" status: 201 len: 1737 time: 0.1414926
2026-03-04 02:33:17.927 10 WARNING neutron_lib.context [None req-0dc3f46d-0e98-4f13-a1f3-397ea48a4520 b7547e5335444753acc3c29ef961f2b3 36c8f34a9f2a4d7098086159fa501ab5 - - default default] Method 'is_advsvc' is deprecated since 2023.2 release (neutron-lib 3.8.0) and will be removed once support for the old RBAC API policies will be removed from Neutron. Please use method 'is_service_role' instead.
2026-03-04 02:33:17.961 10 INFO neutron.db.ovn_revision_numbers_db [None req-bb7b73a0-b01b-46ad-80ef-b40246cfe80b efe4413560644bc195da60fae1944fef e36218c95fa24585b2de9b52e7ebb443 - - default default] Successfully bumped revision number for resource 33796021-7ff3-4249-aa18-bb49bd189e45 (type: ports) to 2
2026-03-04 02:33:18.001 10 INFO neutron.db.ovn_revision_numbers_db [None req-bb7b73a0-b01b-46ad-80ef-b40246cfe80b efe4413560644bc195da60fae1944fef e36218c95fa24585b2de9b52e7ebb443 - - default default] Successfully bumped revision number for resource 2f6d3f96-a416-4258-9e2c-f3d3952be699 (type: subnets) to 0
2026-03-04 02:33:18.017 10 INFO neutron.wsgi [None req-bb7b73a0-b01b-46ad-80ef-b40246cfe80b efe4413560644bc195da60fae1944fef e36218c95fa24585b2de9b52e7ebb443 - - default default] 10.0.0.179 "POST /v2.0/subnets HTTP/1.1" status: 201 len: 831 time: 0.9073396
2026-03-04 02:33:18.027 10 WARNING neutron_lib.context [None req-02a768f5-2f32-48b5-a2f2-3db745b34221 efe4413560644bc195da60fae1944fef e36218c95fa24585b2de9b52e7ebb443 - - default default] Method 'is_advsvc' is deprecated since 2023.2 release (neutron-lib 3.8.0) and will be removed once support for the old RBAC API policies will be removed from Neutron. Please use method 'is_service_role' instead.
2026-03-04 02:33:18.061 10 INFO neutron.db.ovn_revision_numbers_db [None req-0dc3f46d-0e98-4f13-a1f3-397ea48a4520 b7547e5335444753acc3c29ef961f2b3 36c8f34a9f2a4d7098086159fa501ab5 - - default default] Successfully bumped revision number for resource bff20516-90a0-4698-8ce8-be345127aa96 (type: security_groups) to 1
2026-03-04 02:33:18.069 9 INFO neutron.wsgi [None req-e2403c72-8072-4041-bbfa-f00db3fda4d9 bcf2610efd8c4f2eb4e4c30588e3cb2d 79fc3856c9654c3eb86f9a22688279ef - - default default] 10.0.0.179 "GET /v2.0/security-groups?tenant_id=649c8e96dfde4ab3a119fb2ced9d3970&name=default HTTP/1.1" status: 200 len: 2996 time: 0.0343511
2026-03-04 02:33:18.082 10 INFO neutron.db.ovn_revision_numbers_db [None req-0dc3f46d-0e98-4f13-a1f3-397ea48a4520 b7547e5335444753acc3c29ef961f2b3 36c8f34a9f2a4d7098086159fa501ab5 - - default default] Successfully bumped revision number for resource 6faa9802-6260-403d-8784-672f86184d97 (type: security_group_rules) to 0
2026-03-04 02:33:18.098 10 INFO neutron.db.ovn_revision_numbers_db [None req-0dc3f46d-0e98-4f13-a1f3-397ea48a4520 b7547e5335444753acc3c29ef961f2b3 36c8f34a9f2a4d7098086159fa501ab5 - - default default] Successfully bumped revision number for resource d1eca37a-1d61-4af3-bd0c-2e872c8a449c (type: security_group_rules) to 0
2026-03-04 02:33:18.127 10 INFO neutron.wsgi [None req-0dc3f46d-0e98-4f13-a1f3-397ea48a4520 b7547e5335444753acc3c29ef961f2b3 36c8f34a9f2a4d7098086159fa501ab5 - - default default] 10.0.0.179 "POST /v2.0/security-groups HTTP/1.1" status: 201 len: 1737 time: 0.2046611
2026-03-04 02:33:18.187 9 INFO neutron.wsgi [None req-3f41fba4-6abd-4234-a4a0-ac95828b01e0 b7547e5335444753acc3c29ef961f2b3 36c8f34a9f2a4d7098086159fa501ab5 - - default default] 10.0.0.179 "PUT /v2.0/security-groups/4f1c32b2-c400-45d9-9199-eb77858b0934/tags HTTP/1.1" status: 200 len: 210 time: 0.0525382
2026-03-04 02:33:18.239 9 INFO neutron.wsgi [None req-7d48ce0f-f5d4-4d2e-aeb5-ec3433cda3af b7547e5335444753acc3c29ef961f2b3 36c8f34a9f2a4d7098086159fa501ab5 - - default default] 10.0.0.179 "PUT /v2.0/security-groups/f0c1798d-5bc4-4901-a7f1-c3b68b2e7a46/tags HTTP/1.1" status: 200 len: 218 time: 0.0447810
2026-03-04 02:33:18.284 9 INFO neutron.wsgi [None req-d8ac683a-2925-42d5-8635-4f0e96059411 b7547e5335444753acc3c29ef961f2b3 36c8f34a9f2a4d7098086159fa501ab5 - - default default] 10.0.0.179 "PUT /v2.0/security-groups/59bbdf96-2a3d-4bc9-934c-e6616007b659/tags HTTP/1.1" status: 200 len: 227 time: 0.0394747
2026-03-04 02:33:18.289 10 WARNING neutron.scheduler.dhcp_agent_scheduler [None req-02a768f5-2f32-48b5-a2f2-3db745b34221 efe4413560644bc195da60fae1944fef e36218c95fa24585b2de9b52e7ebb443 - - default default] No more DHCP agents
2026-03-04 02:33:18.291 10 WARNING neutron.api.rpc.agentnotifiers.dhcp_rpc_agent_api [None req-02a768f5-2f32-48b5-a2f2-3db745b34221 efe4413560644bc195da60fae1944fef e36218c95fa24585b2de9b52e7ebb443 - - default default] Unable to schedule network 6237cd78-0983-4a59-9638-60c2a2e4e7be: no agents available; will retry on subsequent port and subnet creation events.
2026-03-04 02:33:18.322 10 INFO neutron.db.ovn_revision_numbers_db [None req-02a768f5-2f32-48b5-a2f2-3db745b34221 efe4413560644bc195da60fae1944fef e36218c95fa24585b2de9b52e7ebb443 - - default default] Successfully bumped revision number for resource 8b1cf8f9-0aec-490f-88e5-af0781fc946d (type: subnets) to 0
2026-03-04 02:33:18.325 9 INFO neutron.wsgi [None req-58c69902-2a90-4abd-a293-8f7bbb0059ef b7547e5335444753acc3c29ef961f2b3 36c8f34a9f2a4d7098086159fa501ab5 - - default default] 10.0.0.179 "PUT /v2.0/security-groups/0ba1d422-757a-44ed-b4e4-55362003ca84/tags HTTP/1.1" status: 200 len: 212 time: 0.0345993
2026-03-04 02:33:18.335 9 INFO neutron.wsgi [None req-00a97107-13ce-42b6-b436-c0bbd9629265 bcf2610efd8c4f2eb4e4c30588e3cb2d 79fc3856c9654c3eb86f9a22688279ef - - default default] 10.0.0.179 "DELETE /v2.0/security-groups/422836d5-22ef-426a-9420-7df91c18b67d HTTP/1.1" status: 204 len: 168 time: 0.2562194
2026-03-04 02:33:18.347 10 INFO neutron.wsgi [None req-02a768f5-2f32-48b5-a2f2-3db745b34221 efe4413560644bc195da60fae1944fef e36218c95fa24585b2de9b52e7ebb443 - - default default] 10.0.0.179 "POST /v2.0/subnets HTTP/1.1" status: 201 len: 905 time: 0.3237765
2026-03-04 02:33:18.360 9 WARNING neutron_lib.context [None req-b4e78d91-ffff-43e7-a612-0867657f3a09 efe4413560644bc195da60fae1944fef e36218c95fa24585b2de9b52e7ebb443 - - default default] Method 'is_advsvc' is deprecated since 2023.2 release (neutron-lib 3.8.0) and will be removed once support for the old RBAC API policies will be removed from Neutron. Please use method 'is_service_role' instead.
2026-03-04 02:33:18.380 10 INFO neutron.wsgi [None req-2cab46a7-3e9b-42f0-9d39-f0dfb31e1165 b7547e5335444753acc3c29ef961f2b3 36c8f34a9f2a4d7098086159fa501ab5 - - default default] 10.0.0.179 "GET /v2.0/security-groups?tags=red HTTP/1.1" status: 200 len: 4813 time: 0.0487518
2026-03-04 02:33:18.432 10 INFO neutron.wsgi [None req-c5050971-fba3-42ab-bc01-f4ddefe126bf b7547e5335444753acc3c29ef961f2b3 36c8f34a9f2a4d7098086159fa501ab5 - - default default] 10.0.0.179 "GET /v2.0/security-groups?tags=red%2Cblue HTTP/1.1" status: 200 len: 3289 time: 0.0459995
2026-03-04 02:33:18.478 10 INFO neutron.wsgi [None req-057ae239-8df5-4384-be82-ccfb09ad9844 b7547e5335444753acc3c29ef961f2b3 36c8f34a9f2a4d7098086159fa501ab5 - - default default] 10.0.0.179 "GET /v2.0/security-groups?tags-any=blue HTTP/1.1" status: 200 len: 3289 time: 0.0403435
2026-03-04 02:33:18.523 10 INFO neutron.wsgi [None req-a685fe16-df50-455f-86f2-766cbede7aca b7547e5335444753acc3c29ef961f2b3 36c8f34a9f2a4d7098086159fa501ab5 - - default default] 10.0.0.179 "GET /v2.0/security-groups?tags-any=red%2Cblue HTTP/1.1" status: 200 len: 4813 time: 0.0392540
2026-03-04 02:33:18.568 10 INFO neutron.wsgi [None req-f26e2eb9-2aa9-479b-83b3-e891f873f15b b7547e5335444753acc3c29ef961f2b3 36c8f34a9f2a4d7098086159fa501ab5 - - default default] 10.0.0.179 "GET /v2.0/security-groups?not-tags=red HTTP/1.1" status: 200 len: 6041 time: 0.0393372
2026-03-04 02:33:18.623 10 INFO neutron.wsgi [None req-b6d5889d-79ea-4556-9375-a5f0aaa59f64 b7547e5335444753acc3c29ef961f2b3 36c8f34a9f2a4d7098086159fa501ab5 - - default default] 10.0.0.179 "GET /v2.0/security-groups?not-tags=red%2Cblue HTTP/1.1" status: 200 len: 7565 time: 0.0501194
2026-03-04 02:33:18.689 10 INFO neutron.wsgi [None req-68149dc8-52ea-42e5-bdc1-d3613b513b58 b7547e5335444753acc3c29ef961f2b3 36c8f34a9f2a4d7098086159fa501ab5 - - default default] 10.0.0.179 "GET /v2.0/security-groups?not-tags-any=blue HTTP/1.1" status: 200 len: 7565 time: 0.0605414
2026-03-04 02:33:18.731 10 INFO neutron.wsgi [None req-578d89bb-20af-4afa-a97b-b26d7cf1df65 b7547e5335444753acc3c29ef961f2b3 36c8f34a9f2a4d7098086159fa501ab5 - - default default] 10.0.0.179 "GET /v2.0/security-groups?not-tags-any=red%2Cblue HTTP/1.1" status: 200 len: 6041 time: 0.0370984
2026-03-04 02:33:18.809 9 INFO neutron.wsgi [-] 10.0.0.220 "GET / HTTP/1.1" status: 200 len: 247 time: 0.0013955
2026-03-04 02:33:18.811 9 INFO neutron.wsgi [-] 10.0.0.220 "GET / HTTP/1.1" status: 200 len: 247 time: 0.0010741
2026-03-04 02:33:18.853 10 INFO neutron.wsgi [None req-8f7c90ab-9943-4602-9bb1-ba4b17f91818 b7547e5335444753acc3c29ef961f2b3 36c8f34a9f2a4d7098086159fa501ab5 - - default default] 10.0.0.179 "DELETE /v2.0/security-groups/4f1c32b2-c400-45d9-9199-eb77858b0934 HTTP/1.1" status: 204 len: 168 time: 0.1151981
2026-03-04 02:33:18.855 9 WARNING neutron.scheduler.dhcp_agent_scheduler [None req-b4e78d91-ffff-43e7-a612-0867657f3a09 efe4413560644bc195da60fae1944fef e36218c95fa24585b2de9b52e7ebb443 - - default default] No more DHCP agents
2026-03-04 02:33:18.858 9 WARNING neutron.api.rpc.agentnotifiers.dhcp_rpc_agent_api [None req-b4e78d91-ffff-43e7-a612-0867657f3a09 efe4413560644bc195da60fae1944fef e36218c95fa24585b2de9b52e7ebb443 - - default default] Unable to schedule network 23d00f21-e629-4a10-9f63-09857d39d79a: no agents available; will retry on subsequent port and subnet creation events.
2026-03-04 02:33:18.973 10 INFO neutron.wsgi [None req-b470b4d0-0d94-46b4-b767-4884a4fbc8d5 b7547e5335444753acc3c29ef961f2b3 36c8f34a9f2a4d7098086159fa501ab5 - - default default] 10.0.0.179 "DELETE /v2.0/security-groups/f0c1798d-5bc4-4901-a7f1-c3b68b2e7a46 HTTP/1.1" status: 204 len: 168 time: 0.1151578
2026-03-04 02:33:19.013 9 INFO neutron.db.ovn_revision_numbers_db [None req-b4e78d91-ffff-43e7-a612-0867657f3a09 efe4413560644bc195da60fae1944fef e36218c95fa24585b2de9b52e7ebb443 - - default default] Successfully bumped revision number for resource d9d269e0-7760-4449-ac79-f7217cb0b667 (type: ports) to 1
2026-03-04 02:33:19.094 10 INFO neutron.wsgi [None req-1de8e056-484e-46a0-ac36-08d7a57090b7 b7547e5335444753acc3c29ef961f2b3 36c8f34a9f2a4d7098086159fa501ab5 - - default default] 10.0.0.179 "DELETE /v2.0/security-groups/59bbdf96-2a3d-4bc9-934c-e6616007b659 HTTP/1.1" status: 204 len: 168 time: 0.1160929
2026-03-04 02:33:19.208 10 INFO neutron.wsgi [None req-6dbc0ffb-6d25-43bc-b0d8-3760401e97e1 b7547e5335444753acc3c29ef961f2b3 36c8f34a9f2a4d7098086159fa501ab5 - - default default] 10.0.0.179 "DELETE /v2.0/security-groups/0ba1d422-757a-44ed-b4e4-55362003ca84 HTTP/1.1" status: 204 len: 168 time: 0.1101058
2026-03-04 02:33:19.328 10 INFO neutron.wsgi [None req-78ac1eff-10cb-4325-b5b7-1259cd05f059 b7547e5335444753acc3c29ef961f2b3 36c8f34a9f2a4d7098086159fa501ab5 - - default default] 10.0.0.179 "DELETE /v2.0/security-groups/bff20516-90a0-4698-8ce8-be345127aa96 HTTP/1.1" status: 204 len: 168 time: 0.1139126
2026-03-04 02:33:19.830 9 INFO neutron.plugins.ml2.drivers.ovn.mech_driver.mech_driver [None req-c7941d8f-798b-4ce2-8866-f4cd2a57569c - - - - - -] OVN reports status up for port: d9d269e0-7760-4449-ac79-f7217cb0b667
2026-03-04 02:33:19.849 9 INFO neutron.plugins.ml2.plugin [None req-c7941d8f-798b-4ce2-8866-f4cd2a57569c - - - - - -] Attempt 1 to provision port d9d269e0-7760-4449-ac79-f7217cb0b667
2026-03-04 02:33:19.853 9 INFO neutron.plugins.ml2.drivers.ovn.mech_driver.ovsdb.ovsdb_monitor [None req-c881d822-3a97-4bd3-a653-d1d519a2f591 - - - - - -] Router f2ceed39-f75d-4e6a-b6d2-9b6bfd58a2d6 is bound to host instance
2026-03-04 02:33:19.920 9 INFO neutron.db.ovn_revision_numbers_db [None req-b4e78d91-ffff-43e7-a612-0867657f3a09 efe4413560644bc195da60fae1944fef e36218c95fa24585b2de9b52e7ebb443 - - default default] Successfully bumped revision number for resource d9d269e0-7760-4449-ac79-f7217cb0b667 (type: router_ports) to 1
2026-03-04 02:33:20.064 9 INFO neutron.db.ovn_revision_numbers_db [None req-b4e78d91-ffff-43e7-a612-0867657f3a09 efe4413560644bc195da60fae1944fef e36218c95fa24585b2de9b52e7ebb443 - - default default] Successfully bumped revision number for resource f2ceed39-f75d-4e6a-b6d2-9b6bfd58a2d6 (type: routers) to 2
2026-03-04 02:33:20.087 9 INFO neutron.wsgi [None req-b4e78d91-ffff-43e7-a612-0867657f3a09 efe4413560644bc195da60fae1944fef e36218c95fa24585b2de9b52e7ebb443 - - default default] 10.0.0.179 "POST /v2.0/routers HTTP/1.1" status: 201 len: 865 time: 1.7328517
2026-03-04 02:33:20.469 9 INFO neutron.db.ovn_revision_numbers_db [None req-c881d822-3a97-4bd3-a653-d1d519a2f591 - - - - - -] Successfully bumped revision number for resource d9d269e0-7760-4449-ac79-f7217cb0b667 (type: ports) to 1
2026-03-04 02:33:20.618 10 INFO neutron.db.ovn_revision_numbers_db [None req-0dd1669b-36d1-4179-aa47-2972d3b59457 bcf2610efd8c4f2eb4e4c30588e3cb2d 79fc3856c9654c3eb86f9a22688279ef - - default default] Successfully bumped revision number for resource 85c62fba-48ea-43c5-b3d9-2e99fe255668 (type: security_groups) to 1
2026-03-04 02:33:20.642 10 INFO neutron.db.ovn_revision_numbers_db [None req-0dd1669b-36d1-4179-aa47-2972d3b59457 bcf2610efd8c4f2eb4e4c30588e3cb2d 79fc3856c9654c3eb86f9a22688279ef - - default default] Successfully bumped revision number for resource 2bb1b013-0fc7-42ed-ba08-6c0f1ed3dc90 (type: security_group_rules) to 0
2026-03-04 02:33:20.659 10 INFO neutron.db.ovn_revision_numbers_db [None req-0dd1669b-36d1-4179-aa47-2972d3b59457 bcf2610efd8c4f2eb4e4c30588e3cb2d 79fc3856c9654c3eb86f9a22688279ef - - default default] Successfully bumped revision number for resource 80639873-1d17-4d60-acc3-eed4560b90a8 (type: security_group_rules) to 0
2026-03-04 02:33:20.681 10 INFO neutron.db.ovn_revision_numbers_db [None req-0dd1669b-36d1-4179-aa47-2972d3b59457 bcf2610efd8c4f2eb4e4c30588e3cb2d 79fc3856c9654c3eb86f9a22688279ef - - default default] Successfully bumped revision number for resource b5a14661-4915-4272-8338-57b7ce39e1ad (type: security_group_rules) to 0
2026-03-04 02:33:20.720 10 INFO neutron.db.ovn_revision_numbers_db [None req-0dd1669b-36d1-4179-aa47-2972d3b59457 bcf2610efd8c4f2eb4e4c30588e3cb2d 79fc3856c9654c3eb86f9a22688279ef - - default default] Successfully bumped revision number for resource f1409505-79f8-4a5c-b3fe-30b554e60100 (type: security_group_rules) to 0
2026-03-04 02:33:20.722 9 INFO neutron.db.ovn_revision_numbers_db [None req-c881d822-3a97-4bd3-a653-d1d519a2f591 - - - - - -] Successfully bumped revision number for resource d9d269e0-7760-4449-ac79-f7217cb0b667 (type: router_ports) to 3
2026-03-04 02:33:20.750 10 INFO neutron.wsgi [None req-0dd1669b-36d1-4179-aa47-2972d3b59457 bcf2610efd8c4f2eb4e4c30588e3cb2d 79fc3856c9654c3eb86f9a22688279ef - - default default] 10.0.0.179 "GET /v2.0/security-groups?tenant_id=006ff46d6cbd49f88c165b66f3018a5f&name=default HTTP/1.1" status: 200 len: 2996 time: 0.6325817
2026-03-04 02:33:20.953 10 WARNING neutron.scheduler.dhcp_agent_scheduler [None req-8cdd5cb2-def5-48d4-b145-8295a80c7c0f efe4413560644bc195da60fae1944fef e36218c95fa24585b2de9b52e7ebb443 - - default default] No more DHCP agents
2026-03-04 02:33:20.957 10 WARNING neutron.api.rpc.agentnotifiers.dhcp_rpc_agent_api [None req-8cdd5cb2-def5-48d4-b145-8295a80c7c0f efe4413560644bc195da60fae1944fef e36218c95fa24585b2de9b52e7ebb443 - - default default] Unable to schedule network bdc89fc0-96cd-4394-82ae-f9e8a7a73f61: no agents available; will retry on subsequent port and subnet creation events.
2026-03-04 02:33:20.956 9 INFO neutron.db.ovn_revision_numbers_db [None req-c881d822-3a97-4bd3-a653-d1d519a2f591 - - - - - -] Successfully bumped revision number for resource d9d269e0-7760-4449-ac79-f7217cb0b667 (type: ports) to 2
2026-03-04 02:33:21.046 9 INFO neutron.wsgi [None req-b32c7b51-ba7e-4a3c-a15d-4d5cf7ea82e4 bcf2610efd8c4f2eb4e4c30588e3cb2d 79fc3856c9654c3eb86f9a22688279ef - - default default] 10.0.0.179 "DELETE /v2.0/security-groups/85c62fba-48ea-43c5-b3d9-2e99fe255668 HTTP/1.1" status: 204 len: 168 time: 0.2907600
2026-03-04 02:33:21.174 10 INFO neutron.db.ovn_revision_numbers_db [None req-8cdd5cb2-def5-48d4-b145-8295a80c7c0f efe4413560644bc195da60fae1944fef e36218c95fa24585b2de9b52e7ebb443 - - default default] Successfully bumped revision number for resource ff14ecac-3441-4b36-a06e-c4ec1d257f65 (type: ports) to 1
2026-03-04 02:33:21.239 9 INFO neutron.db.ovn_revision_numbers_db [None req-c881d822-3a97-4bd3-a653-d1d519a2f591 - - - - - -] Successfully bumped revision number for resource d9d269e0-7760-4449-ac79-f7217cb0b667 (type: ports) to 4
2026-03-04 02:33:21.248 9 INFO neutron.wsgi [None req-ea32434d-4390-4def-b670-16432b34878b bcf2610efd8c4f2eb4e4c30588e3cb2d 79fc3856c9654c3eb86f9a22688279ef - - default default] 10.0.0.179 "GET /v2.0/security-groups?tenant_id=36c8f34a9f2a4d7098086159fa501ab5&name=default HTTP/1.1" status: 200 len: 2996 time: 0.0360467
2026-03-04 02:33:21.465 9 INFO neutron.db.ovn_revision_numbers_db [None req-c881d822-3a97-4bd3-a653-d1d519a2f591 - - - - - -] Successfully bumped revision number for resource d9d269e0-7760-4449-ac79-f7217cb0b667 (type: router_ports) to 4
2026-03-04 02:33:21.566 10 INFO neutron.wsgi [None req-65518448-1330-43a4-b931-36d6e15861d9 bcf2610efd8c4f2eb4e4c30588e3cb2d 79fc3856c9654c3eb86f9a22688279ef - - default default] 10.0.0.179 "DELETE /v2.0/security-groups/32bdfb98-aa6d-4329-9a4e-9d754765535d HTTP/1.1" status: 204 len: 168 time: 0.3127158
2026-03-04 02:33:21.684 10 INFO neutron.db.ovn_revision_numbers_db [None req-8cdd5cb2-def5-48d4-b145-8295a80c7c0f efe4413560644bc195da60fae1944fef e36218c95fa24585b2de9b52e7ebb443 - - default default] Successfully bumped revision number for resource ff14ecac-3441-4b36-a06e-c4ec1d257f65 (type: router_ports) to 1
2026-03-04 02:33:21.813 9 INFO neutron.db.ovn_revision_numbers_db [None req-511f3bd1-54a9-4b8f-9a1a-c2ebadac08ec bcf2610efd8c4f2eb4e4c30588e3cb2d 79fc3856c9654c3eb86f9a22688279ef - - default default] Successfully bumped revision number for resource c9dc9f46-990f-408d-b4ef-9ad79d37090e (type: security_groups) to 1
2026-03-04 02:33:21.828 9 INFO neutron.db.ovn_revision_numbers_db [None req-511f3bd1-54a9-4b8f-9a1a-c2ebadac08ec bcf2610efd8c4f2eb4e4c30588e3cb2d 79fc3856c9654c3eb86f9a22688279ef - - default default] Successfully bumped revision number for resource 57fd6568-2164-44b0-8b5c-5c0677297c82 (type: security_group_rules) to 0
2026-03-04 02:33:21.840 10 INFO neutron.db.ovn_revision_numbers_db [None req-8cdd5cb2-def5-48d4-b145-8295a80c7c0f efe4413560644bc195da60fae1944fef e36218c95fa24585b2de9b52e7ebb443 - - default default] Successfully bumped revision number for resource ff14ecac-3441-4b36-a06e-c4ec1d257f65 (type: ports) to 1
2026-03-04 02:33:21.844 9 INFO neutron.db.ovn_revision_numbers_db [None req-511f3bd1-54a9-4b8f-9a1a-c2ebadac08ec bcf2610efd8c4f2eb4e4c30588e3cb2d 79fc3856c9654c3eb86f9a22688279ef - - default default] Successfully bumped revision number for resource 768e5b28-7117-4e57-a5e8-527979a7aeab (type: security_group_rules) to 0
2026-03-04 02:33:21.862 9 INFO neutron.db.ovn_revision_numbers_db [None req-511f3bd1-54a9-4b8f-9a1a-c2ebadac08ec bcf2610efd8c4f2eb4e4c30588e3cb2d 79fc3856c9654c3eb86f9a22688279ef - - default default] Successfully bumped revision number for resource d4fb37fd-e128-40e1-ba72-9eec8d17d588 (type: security_group_rules) to 0
2026-03-04 02:33:21.875 9 INFO neutron.db.ovn_revision_numbers_db [None req-511f3bd1-54a9-4b8f-9a1a-c2ebadac08ec bcf2610efd8c4f2eb4e4c30588e3cb2d 79fc3856c9654c3eb86f9a22688279ef - - default default] Successfully bumped revision number for resource e0d1e77b-17a1-442f-b9df-02397817ed71 (type: security_group_rules) to 0
2026-03-04 02:33:21.898 9 INFO neutron.wsgi [None req-511f3bd1-54a9-4b8f-9a1a-c2ebadac08ec bcf2610efd8c4f2eb4e4c30588e3cb2d 79fc3856c9654c3eb86f9a22688279ef - - default default] 10.0.0.179 "GET /v2.0/security-groups?tenant_id=0844421e5cc549b0910289b2a159b5ed&name=default HTTP/1.1" status: 200 len: 2996 time: 0.2104201
2026-03-04 02:33:21.910 10 WARNING neutron.scheduler.dhcp_agent_scheduler [None req-8cdd5cb2-def5-48d4-b145-8295a80c7c0f efe4413560644bc195da60fae1944fef e36218c95fa24585b2de9b52e7ebb443 - - default default] No more DHCP agents
2026-03-04 02:33:21.912 10 WARNING neutron.api.rpc.agentnotifiers.dhcp_rpc_agent_api [None req-8cdd5cb2-def5-48d4-b145-8295a80c7c0f efe4413560644bc195da60fae1944fef e36218c95fa24585b2de9b52e7ebb443 - - default default] Unable to schedule network bdc89fc0-96cd-4394-82ae-f9e8a7a73f61: no agents available; will retry on subsequent port and subnet creation events.
2026-03-04 02:33:22.093 9 INFO neutron.wsgi [None req-893db8ad-2754-4cdb-acc2-d1e52ba4660f bcf2610efd8c4f2eb4e4c30588e3cb2d 79fc3856c9654c3eb86f9a22688279ef - - default default] 10.0.0.179 "DELETE /v2.0/security-groups/c9dc9f46-990f-408d-b4ef-9ad79d37090e HTTP/1.1" status: 204 len: 168 time: 0.1910720
2026-03-04 02:33:22.184 10 INFO neutron.db.ovn_revision_numbers_db [None req-8cdd5cb2-def5-48d4-b145-8295a80c7c0f efe4413560644bc195da60fae1944fef e36218c95fa24585b2de9b52e7ebb443 - - default default] Successfully bumped revision number for resource ff14ecac-3441-4b36-a06e-c4ec1d257f65 (type: router_ports) to 1
2026-03-04 02:33:22.188 10 INFO neutron.wsgi [None req-8cdd5cb2-def5-48d4-b145-8295a80c7c0f efe4413560644bc195da60fae1944fef e36218c95fa24585b2de9b52e7ebb443 - - default default] 10.0.0.179 "PUT /v2.0/routers/f2ceed39-f75d-4e6a-b6d2-9b6bfd58a2d6/add_router_interface HTTP/1.1" status: 200 len: 503 time: 2.0909338
2026-03-04 02:33:22.544 9 INFO neutron.plugins.ml2.drivers.ovn.mech_driver.mech_driver [None req-c7941d8f-798b-4ce2-8866-f4cd2a57569c - - - - - -] OVN reports status up for port: ff14ecac-3441-4b36-a06e-c4ec1d257f65
2026-03-04 02:33:22.557 9 INFO neutron.plugins.ml2.plugin [None req-c7941d8f-798b-4ce2-8866-f4cd2a57569c - - - - - -] Attempt 1 to provision port ff14ecac-3441-4b36-a06e-c4ec1d257f65
2026-03-04 02:33:22.783 9 WARNING neutron.scheduler.dhcp_agent_scheduler [None req-590eb596-d53a-4ba7-98c5-4603dcd778e9 efe4413560644bc195da60fae1944fef e36218c95fa24585b2de9b52e7ebb443 - - default default] No more DHCP agents
2026-03-04 02:33:22.793 9 WARNING neutron.api.rpc.agentnotifiers.dhcp_rpc_agent_api [None req-590eb596-d53a-4ba7-98c5-4603dcd778e9 efe4413560644bc195da60fae1944fef e36218c95fa24585b2de9b52e7ebb443 - - default default] Unable to schedule network 1b25eaeb-8ef2-4721-a01d-291b29fa4905: no agents available; will retry on subsequent port and subnet creation events.
2026-03-04 02:33:22.906 10 WARNING neutron_lib.context [None req-eaebefae-0c7e-4f05-903a-17208481f309 b05307810b1043bda5b1f5e01e5cf092 af514c692b4b4d848163559e4ba1d4dc - - default default] Method 'is_advsvc' is deprecated since 2023.2 release (neutron-lib 3.8.0) and will be removed once support for the old RBAC API policies will be removed from Neutron. Please use method 'is_service_role' instead.
2026-03-04 02:33:23.042 10 INFO neutron.db.ovn_revision_numbers_db [None req-eaebefae-0c7e-4f05-903a-17208481f309 b05307810b1043bda5b1f5e01e5cf092 af514c692b4b4d848163559e4ba1d4dc - - default default] Successfully bumped revision number for resource 3834958d-c104-46d6-aeff-2fd9c2325e52 (type: security_groups) to 1
2026-03-04 02:33:23.058 10 INFO neutron.db.ovn_revision_numbers_db [None req-eaebefae-0c7e-4f05-903a-17208481f309 b05307810b1043bda5b1f5e01e5cf092 af514c692b4b4d848163559e4ba1d4dc - - default default] Successfully bumped revision number for resource 80c7156a-1361-4c48-bb93-a4bbe7ceeb01 (type: security_group_rules) to 0
