2026-03-04 02:33:56.265 10 INFO neutron.wsgi [req-d166b084-d008-4c8e-9dc6-cbcb3cfd80c6 req-6cc48360-69bb-4d56-8565-dc57ca4c667d 7f6808a736204204b900259adadebfc1 dd649a7e0fa94d889784905637a9c9ce - - 0b47a8ef162b449791a7619f7bd9f895 0b47a8ef162b449791a7619f7bd9f895] 10.0.0.97 "GET /v2.0/security-groups?id=68dae6be-248e-4522-bab5-1e9d4cba716b&fields=id&fields=name HTTP/1.1" status: 200 len: 311 time: 0.0385313
2026-03-04 02:33:56.958 9 INFO neutron.db.ovn_revision_numbers_db [None req-0676807d-a940-4ae7-8b0a-b829cfcf5e07 bcf2610efd8c4f2eb4e4c30588e3cb2d 79fc3856c9654c3eb86f9a22688279ef - - default default] Successfully bumped revision number for resource 5f437f72-809a-491e-aa58-5ce373113bfe (type: security_groups) to 1
2026-03-04 02:33:56.974 9 INFO neutron.db.ovn_revision_numbers_db [None req-0676807d-a940-4ae7-8b0a-b829cfcf5e07 bcf2610efd8c4f2eb4e4c30588e3cb2d 79fc3856c9654c3eb86f9a22688279ef - - default default] Successfully bumped revision number for resource 0a89ee3c-105b-4503-9ce6-dab4032ce2b4 (type: security_group_rules) to 0
2026-03-04 02:33:56.988 9 INFO neutron.db.ovn_revision_numbers_db [None req-0676807d-a940-4ae7-8b0a-b829cfcf5e07 bcf2610efd8c4f2eb4e4c30588e3cb2d 79fc3856c9654c3eb86f9a22688279ef - - default default] Successfully bumped revision number for resource 68d5e476-70a7-4b3a-b795-6d8ab6a244f7 (type: security_group_rules) to 0
2026-03-04 02:33:57.005 9 INFO neutron.db.ovn_revision_numbers_db [None req-0676807d-a940-4ae7-8b0a-b829cfcf5e07 bcf2610efd8c4f2eb4e4c30588e3cb2d 79fc3856c9654c3eb86f9a22688279ef - - default default] Successfully bumped revision number for resource 6cb4ec73-c000-4c10-b0a1-c4b2ee419916 (type: security_group_rules) to 0
2026-03-04 02:33:57.021 9 INFO neutron.db.ovn_revision_numbers_db [None req-0676807d-a940-4ae7-8b0a-b829cfcf5e07 bcf2610efd8c4f2eb4e4c30588e3cb2d 79fc3856c9654c3eb86f9a22688279ef - - default default] Successfully bumped revision number for resource f99d10a9-7856-4e57-8530-1a43f5a04a8e (type: security_group_rules) to 0
2026-03-04 02:33:57.044 9 INFO neutron.wsgi [None req-0676807d-a940-4ae7-8b0a-b829cfcf5e07 bcf2610efd8c4f2eb4e4c30588e3cb2d 79fc3856c9654c3eb86f9a22688279ef - - default default] 10.0.0.179 "GET /v2.0/security-groups?tenant_id=05aa1bf66a254f8890e243383956465d&name=default HTTP/1.1" status: 200 len: 3000 time: 0.3889179
2026-03-04 02:33:57.236 10 INFO neutron.wsgi [None req-37c9d499-6c02-4fb5-9fed-1cae92637417 bcf2610efd8c4f2eb4e4c30588e3cb2d 79fc3856c9654c3eb86f9a22688279ef - - default default] 10.0.0.179 "DELETE /v2.0/security-groups/5f437f72-809a-491e-aa58-5ce373113bfe HTTP/1.1" status: 204 len: 168 time: 0.1884325
2026-03-04 02:33:57.480 10 INFO neutron.db.ovn_revision_numbers_db [None req-18e18a55-6ce8-4a6f-9a55-e2342ae70bb2 bcf2610efd8c4f2eb4e4c30588e3cb2d 79fc3856c9654c3eb86f9a22688279ef - - default default] Successfully bumped revision number for resource cafe0573-4385-4863-b50e-65d29003856a (type: security_groups) to 1
2026-03-04 02:33:57.494 10 INFO neutron.db.ovn_revision_numbers_db [None req-18e18a55-6ce8-4a6f-9a55-e2342ae70bb2 bcf2610efd8c4f2eb4e4c30588e3cb2d 79fc3856c9654c3eb86f9a22688279ef - - default default] Successfully bumped revision number for resource 004eb195-2613-4abf-858d-21bcc87e3e20 (type: security_group_rules) to 0
2026-03-04 02:33:57.506 10 INFO neutron.db.ovn_revision_numbers_db [None req-18e18a55-6ce8-4a6f-9a55-e2342ae70bb2 bcf2610efd8c4f2eb4e4c30588e3cb2d 79fc3856c9654c3eb86f9a22688279ef - - default default] Successfully bumped revision number for resource 233be6d0-eef8-4f6e-9cf8-308100f79e46 (type: security_group_rules) to 0
2026-03-04 02:33:57.521 10 INFO neutron.db.ovn_revision_numbers_db [None req-18e18a55-6ce8-4a6f-9a55-e2342ae70bb2 bcf2610efd8c4f2eb4e4c30588e3cb2d 79fc3856c9654c3eb86f9a22688279ef - - default default] Successfully bumped revision number for resource e5a9ef82-a2c9-4493-a215-41fedc8c9062 (type: security_group_rules) to 0
2026-03-04 02:33:57.535 10 INFO neutron.db.ovn_revision_numbers_db [None req-18e18a55-6ce8-4a6f-9a55-e2342ae70bb2 bcf2610efd8c4f2eb4e4c30588e3cb2d 79fc3856c9654c3eb86f9a22688279ef - - default default] Successfully bumped revision number for resource fbf4f126-4308-4a3f-bfec-e2516a576359 (type: security_group_rules) to 0
2026-03-04 02:33:57.556 10 INFO neutron.wsgi [None req-18e18a55-6ce8-4a6f-9a55-e2342ae70bb2 bcf2610efd8c4f2eb4e4c30588e3cb2d 79fc3856c9654c3eb86f9a22688279ef - - default default] 10.0.0.179 "GET /v2.0/security-groups?tenant_id=532a6df3966e4898b67595108e6536a8&name=default HTTP/1.1" status: 200 len: 3000 time: 0.1833777
2026-03-04 02:33:57.750 10 INFO neutron.wsgi [None req-685c78e7-bd8f-43ac-888f-5513f9609780 bcf2610efd8c4f2eb4e4c30588e3cb2d 79fc3856c9654c3eb86f9a22688279ef - - default default] 10.0.0.179 "DELETE /v2.0/security-groups/cafe0573-4385-4863-b50e-65d29003856a HTTP/1.1" status: 204 len: 168 time: 0.1853178
2026-03-04 02:33:59.071 10 WARNING neutron_lib.context [None req-ea89d9a5-dc31-469d-9746-376e15384f90 6ba084b25aa547659d3ddbc7b4e41b0b b8d01b254ae34a6da8b939d16ab91d6f - - default default] Method 'is_advsvc' is deprecated since 2023.2 release (neutron-lib 3.8.0) and will be removed once support for the old RBAC API policies will be removed from Neutron. Please use method 'is_service_role' instead.
2026-03-04 02:33:59.207 10 INFO neutron.db.ovn_revision_numbers_db [None req-ea89d9a5-dc31-469d-9746-376e15384f90 6ba084b25aa547659d3ddbc7b4e41b0b b8d01b254ae34a6da8b939d16ab91d6f - - default default] Successfully bumped revision number for resource 739d4ec5-9900-4a0b-9365-a2f0744ce1ab (type: security_groups) to 1
2026-03-04 02:33:59.225 10 INFO neutron.db.ovn_revision_numbers_db [None req-ea89d9a5-dc31-469d-9746-376e15384f90 6ba084b25aa547659d3ddbc7b4e41b0b b8d01b254ae34a6da8b939d16ab91d6f - - default default] Successfully bumped revision number for resource 01a72234-28d2-436d-9172-be94373da778 (type: security_group_rules) to 0
2026-03-04 02:33:59.252 10 INFO neutron.db.ovn_revision_numbers_db [None req-ea89d9a5-dc31-469d-9746-376e15384f90 6ba084b25aa547659d3ddbc7b4e41b0b b8d01b254ae34a6da8b939d16ab91d6f - - default default] Successfully bumped revision number for resource 39ce957f-aa75-4317-a854-f763079b3ec7 (type: security_group_rules) to 0
2026-03-04 02:33:59.271 10 INFO neutron.db.ovn_revision_numbers_db [None req-ea89d9a5-dc31-469d-9746-376e15384f90 6ba084b25aa547659d3ddbc7b4e41b0b b8d01b254ae34a6da8b939d16ab91d6f - - default default] Successfully bumped revision number for resource 42fb29b7-ec83-4925-b514-c43f25679493 (type: security_group_rules) to 0
2026-03-04 02:33:59.289 10 INFO neutron.db.ovn_revision_numbers_db [None req-ea89d9a5-dc31-469d-9746-376e15384f90 6ba084b25aa547659d3ddbc7b4e41b0b b8d01b254ae34a6da8b939d16ab91d6f - - default default] Successfully bumped revision number for resource afac8f3b-fc6f-404d-ae19-4db20bd9540c (type: security_group_rules) to 0
2026-03-04 02:33:59.387 10 INFO neutron.db.ovn_revision_numbers_db [None req-ea89d9a5-dc31-469d-9746-376e15384f90 6ba084b25aa547659d3ddbc7b4e41b0b b8d01b254ae34a6da8b939d16ab91d6f - - default default] Successfully bumped revision number for resource ec81a20a-7976-4b05-a3fe-3c002075c165 (type: security_groups) to 1
2026-03-04 02:33:59.408 10 INFO neutron.db.ovn_revision_numbers_db [None req-ea89d9a5-dc31-469d-9746-376e15384f90 6ba084b25aa547659d3ddbc7b4e41b0b b8d01b254ae34a6da8b939d16ab91d6f - - default default] Successfully bumped revision number for resource 2a169dc6-a50c-4e66-9898-ee0c8edb31d4 (type: security_group_rules) to 0
2026-03-04 02:33:59.425 10 INFO neutron.db.ovn_revision_numbers_db [None req-ea89d9a5-dc31-469d-9746-376e15384f90 6ba084b25aa547659d3ddbc7b4e41b0b b8d01b254ae34a6da8b939d16ab91d6f - - default default] Successfully bumped revision number for resource 5250c4d4-1fd1-4c25-9d8a-8cea8c3e282d (type: security_group_rules) to 0
2026-03-04 02:33:59.445 10 INFO neutron.wsgi [None req-ea89d9a5-dc31-469d-9746-376e15384f90 6ba084b25aa547659d3ddbc7b4e41b0b b8d01b254ae34a6da8b939d16ab91d6f - - default default] 10.0.0.179 "POST /v2.0/security-groups HTTP/1.1" status: 201 len: 1739 time: 0.5613337
2026-03-04 02:33:59.488 10 INFO neutron.wsgi [None req-24dcfcfb-1055-4c9b-93f5-ffbd5233894e 6ba084b25aa547659d3ddbc7b4e41b0b b8d01b254ae34a6da8b939d16ab91d6f - - default default] 10.0.0.179 "PUT /v2.0/security-groups/ec81a20a-7976-4b05-a3fe-3c002075c165/tags HTTP/1.1" status: 200 len: 218 time: 0.0345588
2026-03-04 02:33:59.518 10 INFO neutron.wsgi [None req-67c17905-cec4-4ab9-9ca3-ce90b2917cd1 6ba084b25aa547659d3ddbc7b4e41b0b b8d01b254ae34a6da8b939d16ab91d6f - - default default] 10.0.0.179 "GET /v2.0/security-groups/ec81a20a-7976-4b05-a3fe-3c002075c165/tags HTTP/1.1" status: 200 len: 218 time: 0.0246923
2026-03-04 02:33:59.558 10 INFO neutron.wsgi [None req-67098c8d-3e42-434a-aeb1-c26993c7bfd1 6ba084b25aa547659d3ddbc7b4e41b0b b8d01b254ae34a6da8b939d16ab91d6f - - default default] 10.0.0.179 "PUT /v2.0/security-groups/ec81a20a-7976-4b05-a3fe-3c002075c165/tags/green HTTP/1.1" status: 201 len: 201 time: 0.0353580
2026-03-04 02:33:59.587 10 INFO neutron.wsgi [None req-d9d8f085-e1a6-40a7-a23b-dbfa80cf0bd6 6ba084b25aa547659d3ddbc7b4e41b0b b8d01b254ae34a6da8b939d16ab91d6f - - default default] 10.0.0.179 "GET /v2.0/security-groups/ec81a20a-7976-4b05-a3fe-3c002075c165/tags HTTP/1.1" status: 200 len: 227 time: 0.0235839
2026-03-04 02:33:59.615 10 INFO neutron.wsgi [None req-c496ea12-129a-4e29-b4d9-66853645f3a1 6ba084b25aa547659d3ddbc7b4e41b0b b8d01b254ae34a6da8b939d16ab91d6f - - default default] 10.0.0.179 "PUT /v2.0/security-groups/ec81a20a-7976-4b05-a3fe-3c002075c165/tags/red HTTP/1.1" status: 201 len: 201 time: 0.0226657
2026-03-04 02:33:59.642 10 INFO neutron.wsgi [None req-b41cb5b8-5f89-4b84-8cc6-274d4bea1559 6ba084b25aa547659d3ddbc7b4e41b0b b8d01b254ae34a6da8b939d16ab91d6f - - default default] 10.0.0.179 "GET /v2.0/security-groups/ec81a20a-7976-4b05-a3fe-3c002075c165/tags HTTP/1.1" status: 200 len: 227 time: 0.0228012
2026-03-04 02:33:59.680 10 INFO neutron.wsgi [None req-bdd9686c-c8c2-4cc9-8b30-255941bc0b95 6ba084b25aa547659d3ddbc7b4e41b0b b8d01b254ae34a6da8b939d16ab91d6f - - default default] 10.0.0.179 "PUT /v2.0/security-groups/ec81a20a-7976-4b05-a3fe-3c002075c165/tags/black.or.white HTTP/1.1" status: 201 len: 201 time: 0.0334384
2026-03-04 02:33:59.707 10 INFO neutron.wsgi [None req-8387f744-c4e6-42c7-a506-b663afcefc9c 6ba084b25aa547659d3ddbc7b4e41b0b b8d01b254ae34a6da8b939d16ab91d6f - - default default] 10.0.0.179 "GET /v2.0/security-groups/ec81a20a-7976-4b05-a3fe-3c002075c165/tags HTTP/1.1" status: 200 len: 245 time: 0.0206039
2026-03-04 02:33:59.748 10 INFO neutron.wsgi [None req-08159ffb-09ea-45e9-b352-1519d6edbd59 6ba084b25aa547659d3ddbc7b4e41b0b b8d01b254ae34a6da8b939d16ab91d6f - - default default] 10.0.0.179 "PUT /v2.0/security-groups/ec81a20a-7976-4b05-a3fe-3c002075c165/tags HTTP/1.1" status: 200 len: 230 time: 0.0356278
2026-03-04 02:33:59.776 10 INFO neutron.wsgi [None req-34dae7da-93e2-4686-9306-d0d2d994838e 6ba084b25aa547659d3ddbc7b4e41b0b b8d01b254ae34a6da8b939d16ab91d6f - - default default] 10.0.0.179 "GET /v2.0/security-groups/ec81a20a-7976-4b05-a3fe-3c002075c165/tags HTTP/1.1" status: 200 len: 230 time: 0.0225084
2026-03-04 02:33:59.809 10 INFO neutron.wsgi [None req-5cf64679-10a3-4bdb-8bd3-2228aa45cbed 6ba084b25aa547659d3ddbc7b4e41b0b b8d01b254ae34a6da8b939d16ab91d6f - - default default] 10.0.0.179 "GET /v2.0/security-groups/ec81a20a-7976-4b05-a3fe-3c002075c165/tags/red HTTP/1.1" status: 204 len: 168 time: 0.0281823
2026-03-04 02:33:59.836 10 INFO neutron.api.v2.resource [None req-08c659a9-d14e-49fa-8fb1-e03d0f384e74 6ba084b25aa547659d3ddbc7b4e41b0b b8d01b254ae34a6da8b939d16ab91d6f - - default default] show failed (client error): The resource could not be found.
2026-03-04 02:33:59.837 10 INFO neutron.wsgi [None req-08c659a9-d14e-49fa-8fb1-e03d0f384e74 6ba084b25aa547659d3ddbc7b4e41b0b b8d01b254ae34a6da8b939d16ab91d6f - - default default] 10.0.0.179 "GET /v2.0/security-groups/ec81a20a-7976-4b05-a3fe-3c002075c165/tags/green HTTP/1.1" status: 404 len: 299 time: 0.0234714
2026-03-04 02:33:59.889 10 INFO neutron.wsgi [None req-bc690333-35f4-4884-b94a-232077a9e89b 6ba084b25aa547659d3ddbc7b4e41b0b b8d01b254ae34a6da8b939d16ab91d6f - - default default] 10.0.0.179 "DELETE /v2.0/security-groups/ec81a20a-7976-4b05-a3fe-3c002075c165/tags/red HTTP/1.1" status: 204 len: 168 time: 0.0474880
2026-03-04 02:33:59.920 10 INFO neutron.wsgi [None req-fcfc6cae-235d-4c2c-b249-8f89fc9d6a72 6ba084b25aa547659d3ddbc7b4e41b0b b8d01b254ae34a6da8b939d16ab91d6f - - default default] 10.0.0.179 "GET /v2.0/security-groups/ec81a20a-7976-4b05-a3fe-3c002075c165/tags HTTP/1.1" status: 200 len: 223 time: 0.0237658
2026-03-04 02:33:59.951 10 INFO neutron.api.v2.resource [None req-450da36a-bdcb-4e71-b0e0-23d8c7536c85 6ba084b25aa547659d3ddbc7b4e41b0b b8d01b254ae34a6da8b939d16ab91d6f - - default default] delete failed (client error): The resource could not be found.
2026-03-04 02:33:59.952 10 INFO neutron.wsgi [None req-450da36a-bdcb-4e71-b0e0-23d8c7536c85 6ba084b25aa547659d3ddbc7b4e41b0b b8d01b254ae34a6da8b939d16ab91d6f - - default default] 10.0.0.179 "DELETE /v2.0/security-groups/ec81a20a-7976-4b05-a3fe-3c002075c165/tags/green HTTP/1.1" status: 404 len: 299 time: 0.0275517
2026-03-04 02:33:59.998 10 INFO neutron.wsgi [None req-f3c8fcc0-9978-465b-93fd-262ad88298ed 6ba084b25aa547659d3ddbc7b4e41b0b b8d01b254ae34a6da8b939d16ab91d6f - - default default] 10.0.0.179 "DELETE /v2.0/security-groups/ec81a20a-7976-4b05-a3fe-3c002075c165/tags HTTP/1.1" status: 204 len: 168 time: 0.0418773
2026-03-04 02:34:00.031 10 INFO neutron.wsgi [None req-58eaf4c0-aa9a-43d0-bed3-7fbf1962e5c9 6ba084b25aa547659d3ddbc7b4e41b0b b8d01b254ae34a6da8b939d16ab91d6f - - default default] 10.0.0.179 "GET /v2.0/security-groups/ec81a20a-7976-4b05-a3fe-3c002075c165/tags HTTP/1.1" status: 200 len: 205 time: 0.0274477
2026-03-04 02:34:00.132 9 INFO neutron.wsgi [None req-4a3a4c03-97a6-440c-9a5e-4ad7b232bbe4 d206d00788d345fdb71f3c6a36c658b8 f7b409644bfc4b67b5186982ed8c4fc3 - - default default] 10.0.0.179 "GET /v2.0/subnets/3a7d45fb-a1b9-4567-a028-002a6a066eee HTTP/1.1" status: 200 len: 845 time: 0.0434148
2026-03-04 02:34:00.179 10 INFO neutron.wsgi [None req-aa05d85b-ca2f-4014-9c29-2ef599c17fff 6ba084b25aa547659d3ddbc7b4e41b0b b8d01b254ae34a6da8b939d16ab91d6f - - default default] 10.0.0.179 "DELETE /v2.0/security-groups/ec81a20a-7976-4b05-a3fe-3c002075c165 HTTP/1.1" status: 204 len: 168 time: 0.1395936
2026-03-04 02:34:01.015 10 INFO neutron.wsgi [None req-0def03c6-f6d2-41be-8415-2573864e9fd9 bcf2610efd8c4f2eb4e4c30588e3cb2d 79fc3856c9654c3eb86f9a22688279ef - - default default] 10.0.0.127 "GET /v2.0/extensions/security-group HTTP/1.1" status: 200 len: 369 time: 0.0486045
2026-03-04 02:34:01.024 10 WARNING neutron_lib.context [None req-faeabbdc-a39a-4207-ad74-fc289a2e25a3 a1688570c9044d9bac66a53f18287479 feaf47ca03774b83b2efccd642d0eed4 - - default default] Method 'is_advsvc' is deprecated since 2023.2 release (neutron-lib 3.8.0) and will be removed once support for the old RBAC API policies will be removed from Neutron. Please use method 'is_service_role' instead.
2026-03-04 02:34:01.031 10 INFO neutron.wsgi [None req-75743bcc-ab53-4ea6-ae65-7ecd97536c8c bcf2610efd8c4f2eb4e4c30588e3cb2d 79fc3856c9654c3eb86f9a22688279ef - - default default] 10.0.0.127 "GET /v2.0/extensions/dns-integration HTTP/1.1" status: 200 len: 371 time: 0.0100873
2026-03-04 02:34:01.031 9 INFO neutron.db.ovn_revision_numbers_db [None req-3744444a-0bc4-4cb8-8f16-eb2e5739381e bcf2610efd8c4f2eb4e4c30588e3cb2d 79fc3856c9654c3eb86f9a22688279ef - - default default] Successfully bumped revision number for resource 62f24ecd-bc6e-4193-a0b3-dc5dc9ea2844 (type: security_groups) to 1
2026-03-04 02:34:01.045 10 INFO neutron.wsgi [None req-e7ee9eb3-2165-4ba7-847e-931c2490bbef bcf2610efd8c4f2eb4e4c30588e3cb2d 79fc3856c9654c3eb86f9a22688279ef - - default default] 10.0.0.127 "GET /v2.0/extensions/qos HTTP/1.1" status: 200 len: 365 time: 0.0064247
2026-03-04 02:34:01.051 9 INFO neutron.db.ovn_revision_numbers_db [None req-3744444a-0bc4-4cb8-8f16-eb2e5739381e bcf2610efd8c4f2eb4e4c30588e3cb2d 79fc3856c9654c3eb86f9a22688279ef - - default default] Successfully bumped revision number for resource 2b534498-e3b4-4326-ad6d-de9ff75f4d79 (type: security_group_rules) to 0
2026-03-04 02:34:01.056 10 INFO neutron.wsgi [None req-4c1ee47d-8772-4b19-9462-9e0810af18a4 bcf2610efd8c4f2eb4e4c30588e3cb2d 79fc3856c9654c3eb86f9a22688279ef - - default default] 10.0.0.127 "GET /v2.0/extensions/allowed-address-pairs HTTP/1.1" status: 200 len: 383 time: 0.0065095
2026-03-04 02:34:01.067 9 INFO neutron.db.ovn_revision_numbers_db [None req-3744444a-0bc4-4cb8-8f16-eb2e5739381e bcf2610efd8c4f2eb4e4c30588e3cb2d 79fc3856c9654c3eb86f9a22688279ef - - default default] Successfully bumped revision number for resource 5e3a59f7-9611-420a-b4e6-81f2d7efb295 (type: security_group_rules) to 0
2026-03-04 02:34:01.082 9 INFO neutron.db.ovn_revision_numbers_db [None req-3744444a-0bc4-4cb8-8f16-eb2e5739381e bcf2610efd8c4f2eb4e4c30588e3cb2d 79fc3856c9654c3eb86f9a22688279ef - - default default] Successfully bumped revision number for resource 8639077f-4a7a-433c-a663-f48b392cd506 (type: security_group_rules) to 0
2026-03-04 02:34:01.097 9 INFO neutron.db.ovn_revision_numbers_db [None req-3744444a-0bc4-4cb8-8f16-eb2e5739381e bcf2610efd8c4f2eb4e4c30588e3cb2d 79fc3856c9654c3eb86f9a22688279ef - - default default] Successfully bumped revision number for resource e36b143e-46e8-44b1-b923-85f96c0321e0 (type: security_group_rules) to 0
2026-03-04 02:34:01.099 10 INFO neutron.wsgi [None req-faeabbdc-a39a-4207-ad74-fc289a2e25a3 a1688570c9044d9bac66a53f18287479 feaf47ca03774b83b2efccd642d0eed4 - - default default] 10.0.0.179 "POST /v2.0/subnetpools HTTP/1.1" status: 201 len: 715 time: 0.1165972
2026-03-04 02:34:01.137 9 INFO neutron.wsgi [None req-3744444a-0bc4-4cb8-8f16-eb2e5739381e bcf2610efd8c4f2eb4e4c30588e3cb2d 79fc3856c9654c3eb86f9a22688279ef - - default default] 10.0.0.179 "GET /v2.0/security-groups?tenant_id=bc1dcd5174134c06b88bd06eb23e4cfe&name=default HTTP/1.1" status: 200 len: 3000 time: 0.3425074
2026-03-04 02:34:01.152 10 INFO neutron.wsgi [None req-5b456a32-c566-4db2-8543-75e7b5294bfc a1688570c9044d9bac66a53f18287479 feaf47ca03774b83b2efccd642d0eed4 - - default default] 10.0.0.179 "PUT /v2.0/subnetpools/dfa2ccba-dfc1-4b2d-b019-f4efba2feb4c/tags HTTP/1.1" status: 200 len: 218 time: 0.0448527
2026-03-04 02:34:01.197 9 INFO neutron.wsgi [None req-f6d1e2ff-d434-46f0-ac0b-71e9413b8da6 a1688570c9044d9bac66a53f18287479 feaf47ca03774b83b2efccd642d0eed4 - - default default] 10.0.0.179 "GET /v2.0/subnetpools/dfa2ccba-dfc1-4b2d-b019-f4efba2feb4c/tags HTTP/1.1" status: 200 len: 218 time: 0.0384700
2026-03-04 02:34:01.245 10 INFO neutron.wsgi [None req-a1759fc9-f2cd-44d0-b413-efa7433311cb a1688570c9044d9bac66a53f18287479 feaf47ca03774b83b2efccd642d0eed4 - - default default] 10.0.0.179 "PUT /v2.0/subnetpools/dfa2ccba-dfc1-4b2d-b019-f4efba2feb4c/tags/green HTTP/1.1" status: 201 len: 201 time: 0.0417941
2026-03-04 02:34:01.273 10 INFO neutron.wsgi [None req-fbdd2b8e-e66e-43cb-ad95-6512a6d115c9 a1688570c9044d9bac66a53f18287479 feaf47ca03774b83b2efccd642d0eed4 - - default default] 10.0.0.179 "GET /v2.0/subnetpools/dfa2ccba-dfc1-4b2d-b019-f4efba2feb4c/tags HTTP/1.1" status: 200 len: 227 time: 0.0236213
2026-03-04 02:34:01.307 10 INFO neutron.wsgi [None req-9e2d2d6d-9a53-4022-99bd-c9fbfacbfc8c a1688570c9044d9bac66a53f18287479 feaf47ca03774b83b2efccd642d0eed4 - - default default] 10.0.0.179 "PUT /v2.0/subnetpools/dfa2ccba-dfc1-4b2d-b019-f4efba2feb4c/tags/red HTTP/1.1" status: 201 len: 201 time: 0.0288990
2026-03-04 02:34:01.333 10 INFO neutron.wsgi [None req-5807f078-4241-4bd5-9242-17e757d4c5b2 a1688570c9044d9bac66a53f18287479 feaf47ca03774b83b2efccd642d0eed4 - - default default] 10.0.0.179 "GET /v2.0/subnetpools/dfa2ccba-dfc1-4b2d-b019-f4efba2feb4c/tags HTTP/1.1" status: 200 len: 227 time: 0.0203657
2026-03-04 02:34:01.390 9 INFO neutron.wsgi [None req-ebaa76bb-7197-4f1d-a41c-28afc819bcc0 a1688570c9044d9bac66a53f18287479 feaf47ca03774b83b2efccd642d0eed4 - - default default] 10.0.0.179 "PUT /v2.0/subnetpools/dfa2ccba-dfc1-4b2d-b019-f4efba2feb4c/tags/black.or.white HTTP/1.1" status: 201 len: 201 time: 0.0506327
2026-03-04 02:34:01.424 9 INFO neutron.wsgi [None req-b628c7e7-626b-4a72-b7c8-7fc88082c8be a1688570c9044d9bac66a53f18287479 feaf47ca03774b83b2efccd642d0eed4 - - default default] 10.0.0.179 "GET /v2.0/subnetpools/dfa2ccba-dfc1-4b2d-b019-f4efba2feb4c/tags HTTP/1.1" status: 200 len: 245 time: 0.0268130
2026-03-04 02:34:01.432 9 INFO neutron.wsgi [None req-1a6b60c2-2d2d-4f1e-a9e5-5b0c20dbaabe bcf2610efd8c4f2eb4e4c30588e3cb2d 79fc3856c9654c3eb86f9a22688279ef - - default default] 10.0.0.179 "DELETE /v2.0/security-groups/62f24ecd-bc6e-4193-a0b3-dc5dc9ea2844 HTTP/1.1" status: 204 len: 168 time: 0.2877958
2026-03-04 02:34:01.485 10 INFO neutron.wsgi [None req-007d0172-776b-459c-8968-f93b081ca5e6 a1688570c9044d9bac66a53f18287479 feaf47ca03774b83b2efccd642d0eed4 - - default default] 10.0.0.179 "PUT /v2.0/subnetpools/dfa2ccba-dfc1-4b2d-b019-f4efba2feb4c/tags HTTP/1.1" status: 200 len: 230 time: 0.0484037
2026-03-04 02:34:01.515 10 INFO neutron.wsgi [None req-247292b8-cc68-4b6d-b016-022208d56ac0 a1688570c9044d9bac66a53f18287479 feaf47ca03774b83b2efccd642d0eed4 - - default default] 10.0.0.179 "GET /v2.0/subnetpools/dfa2ccba-dfc1-4b2d-b019-f4efba2feb4c/tags HTTP/1.1" status: 200 len: 230 time: 0.0232191
2026-03-04 02:34:01.548 10 INFO neutron.wsgi [None req-0aefdb0a-833e-497f-b622-d46f6433b0af a1688570c9044d9bac66a53f18287479 feaf47ca03774b83b2efccd642d0eed4 - - default default] 10.0.0.179 "GET /v2.0/subnetpools/dfa2ccba-dfc1-4b2d-b019-f4efba2feb4c/tags/red HTTP/1.1" status: 204 len: 168 time: 0.0261490
2026-03-04 02:34:01.572 10 INFO neutron.wsgi [-] 10.0.0.127 "GET / HTTP/1.1" status: 200 len: 284 time: 0.0022278
2026-03-04 02:34:01.577 9 INFO neutron.wsgi [None req-7cf8ace8-9407-45f1-afb1-ae25ba402509 bcf2610efd8c4f2eb4e4c30588e3cb2d 79fc3856c9654c3eb86f9a22688279ef - - default default] 10.0.0.179 "GET /v2.0/security-groups?tenant_id=b8d01b254ae34a6da8b939d16ab91d6f&name=default HTTP/1.1" status: 200 len: 3000 time: 0.0385308
2026-03-04 02:34:01.587 10 INFO neutron.api.v2.resource [None req-a59be869-8f06-43c2-9793-25539397b383 a1688570c9044d9bac66a53f18287479 feaf47ca03774b83b2efccd642d0eed4 - - default default] show failed (client error): The resource could not be found.
2026-03-04 02:34:01.589 10 INFO neutron.wsgi [None req-a59be869-8f06-43c2-9793-25539397b383 a1688570c9044d9bac66a53f18287479 feaf47ca03774b83b2efccd642d0eed4 - - default default] 10.0.0.179 "GET /v2.0/subnetpools/dfa2ccba-dfc1-4b2d-b019-f4efba2feb4c/tags/green HTTP/1.1" status: 404 len: 299 time: 0.0355887
2026-03-04 02:34:01.630 9 INFO neutron.wsgi [None req-baf5e66a-5e35-4bc7-91b1-563ffc6101b4 efe4413560644bc195da60fae1944fef e36218c95fa24585b2de9b52e7ebb443 - - default default] 10.0.0.127 "GET /v2.0/subnets/3a7d45fb-a1b9-4567-a028-002a6a066eee HTTP/1.1" status: 200 len: 832 time: 0.0334187
2026-03-04 02:34:01.653 10 INFO neutron.wsgi [None req-a162e887-1f03-455e-89aa-f2ade77a79b7 bcf2610efd8c4f2eb4e4c30588e3cb2d 79fc3856c9654c3eb86f9a22688279ef - - default default] 10.0.0.127 "GET /v2.0/extensions/security-group HTTP/1.1" status: 200 len: 369 time: 0.0125332
2026-03-04 02:34:01.674 10 INFO neutron.wsgi [None req-37558ada-69fd-4307-8a79-9784b020e1b7 bcf2610efd8c4f2eb4e4c30588e3cb2d 79fc3856c9654c3eb86f9a22688279ef - - default default] 10.0.0.127 "GET /v2.0/extensions/dns-integration HTTP/1.1" status: 200 len: 371 time: 0.0130520
2026-03-04 02:34:01.677 10 INFO neutron.wsgi [None req-ef4b8cab-9f85-4f7c-a11b-a8176a6db1f1 a1688570c9044d9bac66a53f18287479 feaf47ca03774b83b2efccd642d0eed4 - - default default] 10.0.0.179 "DELETE /v2.0/subnetpools/dfa2ccba-dfc1-4b2d-b019-f4efba2feb4c/tags/red HTTP/1.1" status: 204 len: 168 time: 0.0758531
2026-03-04 02:34:01.690 10 INFO neutron.wsgi [None req-f18df2f6-1d55-4862-b010-34690dc20e4f bcf2610efd8c4f2eb4e4c30588e3cb2d 79fc3856c9654c3eb86f9a22688279ef - - default default] 10.0.0.127 "GET /v2.0/extensions/qos HTTP/1.1" status: 200 len: 365 time: 0.0069549
2026-03-04 02:34:01.702 10 INFO neutron.wsgi [None req-79e458e6-e1af-41fe-9d79-e8e2830ad40d bcf2610efd8c4f2eb4e4c30588e3cb2d 79fc3856c9654c3eb86f9a22688279ef - - default default] 10.0.0.127 "GET /v2.0/extensions/allowed-address-pairs HTTP/1.1" status: 200 len: 383 time: 0.0032575
2026-03-04 02:34:01.715 9 INFO neutron.wsgi [None req-69c9ce70-8af2-4a7e-a103-de3e142bbb2f a1688570c9044d9bac66a53f18287479 feaf47ca03774b83b2efccd642d0eed4 - - default default] 10.0.0.179 "GET /v2.0/subnetpools/dfa2ccba-dfc1-4b2d-b019-f4efba2feb4c/tags HTTP/1.1" status: 200 len: 223 time: 0.0265236
2026-03-04 02:34:01.746 10 INFO neutron.wsgi [None req-fa91705b-68a8-464d-9219-1bbe6310d829 bcf2610efd8c4f2eb4e4c30588e3cb2d 79fc3856c9654c3eb86f9a22688279ef - - default default] 10.0.0.127 "GET /v2.0/subnets/3a7d45fb-a1b9-4567-a028-002a6a066eee HTTP/1.1" status: 200 len: 850 time: 0.0370288
2026-03-04 02:34:01.755 9 INFO neutron.api.v2.resource [None req-cb3a65f9-91e9-4b57-8924-5e81e5676e91 a1688570c9044d9bac66a53f18287479 feaf47ca03774b83b2efccd642d0eed4 - - default default] delete failed (client error): The resource could not be found.
2026-03-04 02:34:01.756 9 INFO neutron.wsgi [None req-cb3a65f9-91e9-4b57-8924-5e81e5676e91 a1688570c9044d9bac66a53f18287479 feaf47ca03774b83b2efccd642d0eed4 - - default default] 10.0.0.179 "DELETE /v2.0/subnetpools/dfa2ccba-dfc1-4b2d-b019-f4efba2feb4c/tags/green HTTP/1.1" status: 404 len: 299 time: 0.0342410
2026-03-04 02:34:01.801 9 INFO neutron.wsgi [None req-f81f367a-4f47-4040-bf8c-108d2aecc908 a1688570c9044d9bac66a53f18287479 feaf47ca03774b83b2efccd642d0eed4 - - default default] 10.0.0.179 "DELETE /v2.0/subnetpools/dfa2ccba-dfc1-4b2d-b019-f4efba2feb4c/tags HTTP/1.1" status: 204 len: 168 time: 0.0398307
2026-03-04 02:34:01.833 9 INFO neutron.wsgi [None req-cf90824b-149f-44e9-b1fe-7c4a1eece5b5 a1688570c9044d9bac66a53f18287479 feaf47ca03774b83b2efccd642d0eed4 - - default default] 10.0.0.179 "GET /v2.0/subnetpools/dfa2ccba-dfc1-4b2d-b019-f4efba2feb4c/tags HTTP/1.1" status: 200 len: 205 time: 0.0271738
2026-03-04 02:34:01.837 10 INFO neutron.wsgi [None req-88afbaa3-80c4-4343-88f0-7738e8b6b81b bcf2610efd8c4f2eb4e4c30588e3cb2d 79fc3856c9654c3eb86f9a22688279ef - - default default] 10.0.0.127 "GET /v2.0/extensions/security-group HTTP/1.1" status: 200 len: 369 time: 0.0064213
2026-03-04 02:34:01.848 10 INFO neutron.wsgi [None req-401a439f-b00e-45f8-880b-130d497d4b93 bcf2610efd8c4f2eb4e4c30588e3cb2d 79fc3856c9654c3eb86f9a22688279ef - - default default] 10.0.0.127 "GET /v2.0/extensions/dns-integration HTTP/1.1" status: 200 len: 371 time: 0.0049589
2026-03-04 02:34:01.857 10 INFO neutron.wsgi [None req-3ba2533c-1228-4493-a6f7-580bb35309dd bcf2610efd8c4f2eb4e4c30588e3cb2d 79fc3856c9654c3eb86f9a22688279ef - - default default] 10.0.0.127 "GET /v2.0/extensions/qos HTTP/1.1" status: 200 len: 365 time: 0.0043538
2026-03-04 02:34:01.859 10 INFO neutron.wsgi [None req-75816c76-b3ed-4f8f-80e8-796de847826d bcf2610efd8c4f2eb4e4c30588e3cb2d 79fc3856c9654c3eb86f9a22688279ef - - default default] 10.0.0.179 "DELETE /v2.0/security-groups/739d4ec5-9900-4a0b-9365-a2f0744ce1ab HTTP/1.1" status: 204 len: 168 time: 0.2729821
2026-03-04 02:34:01.865 10 INFO neutron.wsgi [None req-fa66da76-ad96-4eea-9e00-4d5bbc4746c7 bcf2610efd8c4f2eb4e4c30588e3cb2d 79fc3856c9654c3eb86f9a22688279ef - - default default] 10.0.0.127 "GET /v2.0/extensions/allowed-address-pairs HTTP/1.1" status: 200 len: 383 time: 0.0031638
2026-03-04 02:34:01.907 9 INFO neutron.wsgi [None req-d2291a52-e88c-49bf-93a1-49e8d050b5fb a1688570c9044d9bac66a53f18287479 feaf47ca03774b83b2efccd642d0eed4 - - default default] 10.0.0.179 "DELETE /v2.0/subnetpools/dfa2ccba-dfc1-4b2d-b019-f4efba2feb4c HTTP/1.1" status: 204 len: 168 time: 0.0647633
2026-03-04 02:34:01.937 10 INFO neutron.wsgi [None req-7b7f05a9-e4e5-41b5-9ce0-846ceea9c970 bcf2610efd8c4f2eb4e4c30588e3cb2d 79fc3856c9654c3eb86f9a22688279ef - - default default] 10.0.0.127 "GET /v2.0/networks/bdc89fc0-96cd-4394-82ae-f9e8a7a73f61 HTTP/1.1" status: 200 len: 1000 time: 0.0655103
2026-03-04 02:34:01.952 10 INFO neutron.wsgi [None req-eb2ad6d3-a588-4ee7-b32f-adab2e972e5c bcf2610efd8c4f2eb4e4c30588e3cb2d 79fc3856c9654c3eb86f9a22688279ef - - default default] 10.0.0.127 "GET /v2.0/extensions/project-id HTTP/1.1" status: 200 len: 403 time: 0.0077047
2026-03-04 02:34:02.343 10 WARNING neutron.scheduler.dhcp_agent_scheduler [None req-801bc6f0-58e5-440b-9219-1285e64b8f03 bcf2610efd8c4f2eb4e4c30588e3cb2d 79fc3856c9654c3eb86f9a22688279ef - - default default] No more DHCP agents
2026-03-04 02:34:02.346 10 WARNING neutron.api.rpc.agentnotifiers.dhcp_rpc_agent_api [None req-801bc6f0-58e5-440b-9219-1285e64b8f03 bcf2610efd8c4f2eb4e4c30588e3cb2d 79fc3856c9654c3eb86f9a22688279ef - - default default] Unable to schedule network bdc89fc0-96cd-4394-82ae-f9e8a7a73f61: no agents available; will retry on subsequent port and subnet creation events.
2026-03-04 02:34:02.497 10 INFO neutron.db.ovn_revision_numbers_db [None req-801bc6f0-58e5-440b-9219-1285e64b8f03 bcf2610efd8c4f2eb4e4c30588e3cb2d 79fc3856c9654c3eb86f9a22688279ef - - default default] Successfully bumped revision number for resource d1c768f0-f385-4f26-986b-09929f6f6a83 (type: ports) to 1
2026-03-04 02:34:02.520 10 INFO neutron.wsgi [None req-801bc6f0-58e5-440b-9219-1285e64b8f03 bcf2610efd8c4f2eb4e4c30588e3cb2d 79fc3856c9654c3eb86f9a22688279ef - - default default] 10.0.0.127 "POST /v2.0/ports HTTP/1.1" status: 201 len: 1333 time: 0.5625129
2026-03-04 02:34:02.944 9 INFO neutron.db.ovn_revision_numbers_db [None req-a0c03d9e-1024-4c7f-9c11-7aa18bff1867 bcf2610efd8c4f2eb4e4c30588e3cb2d 79fc3856c9654c3eb86f9a22688279ef - - default default] Successfully bumped revision number for resource 7f72ab42-6301-461a-b7d2-751870b57f04 (type: security_groups) to 1
2026-03-04 02:34:02.973 9 INFO neutron.db.ovn_revision_numbers_db [None req-a0c03d9e-1024-4c7f-9c11-7aa18bff1867 bcf2610efd8c4f2eb4e4c30588e3cb2d 79fc3856c9654c3eb86f9a22688279ef - - default default] Successfully bumped revision number for resource 1fd781d0-9e2a-4769-9d39-102b65dc7142 (type: security_group_rules) to 0
2026-03-04 02:34:02.989 9 INFO neutron.db.ovn_revision_numbers_db [None req-a0c03d9e-1024-4c7f-9c11-7aa18bff1867 bcf2610efd8c4f2eb4e4c30588e3cb2d 79fc3856c9654c3eb86f9a22688279ef - - default default] Successfully bumped revision number for resource 2d947746-7757-462f-bfa3-1af1f5ce0dcc (type: security_group_rules) to 0
2026-03-04 02:34:03.005 9 INFO neutron.db.ovn_revision_numbers_db [None req-a0c03d9e-1024-4c7f-9c11-7aa18bff1867 bcf2610efd8c4f2eb4e4c30588e3cb2d 79fc3856c9654c3eb86f9a22688279ef - - default default] Successfully bumped revision number for resource ad6b627d-cf74-4525-b78b-5a436f59bc65 (type: security_group_rules) to 0
2026-03-04 02:34:03.035 9 INFO neutron.db.ovn_revision_numbers_db [None req-a0c03d9e-1024-4c7f-9c11-7aa18bff1867 bcf2610efd8c4f2eb4e4c30588e3cb2d 79fc3856c9654c3eb86f9a22688279ef - - default default] Successfully bumped revision number for resource de8ebdd8-9bee-4bc2-9785-76c3838467aa (type: security_group_rules) to 0
2026-03-04 02:34:03.064 9 INFO neutron.wsgi [None req-a0c03d9e-1024-4c7f-9c11-7aa18bff1867 bcf2610efd8c4f2eb4e4c30588e3cb2d 79fc3856c9654c3eb86f9a22688279ef - - default default] 10.0.0.179 "GET /v2.0/security-groups?tenant_id=012eadc2e21347d6bbd3c26a472998b2&name=default HTTP/1.1" status: 200 len: 3000 time: 0.4223628
2026-03-04 02:34:03.277 9 INFO neutron.wsgi [None req-adcb587e-974b-4a62-8224-cc797885e098 bcf2610efd8c4f2eb4e4c30588e3cb2d 79fc3856c9654c3eb86f9a22688279ef - - default default] 10.0.0.179 "DELETE /v2.0/security-groups/7f72ab42-6301-461a-b7d2-751870b57f04 HTTP/1.1" status: 204 len: 168 time: 0.2065554
2026-03-04 02:34:03.576 9 INFO neutron.db.ovn_revision_numbers_db [None req-c6110982-2d82-406e-bcae-fc335b828f07 bcf2610efd8c4f2eb4e4c30588e3cb2d 79fc3856c9654c3eb86f9a22688279ef - - default default] Successfully bumped revision number for resource fcb9a83e-bd5e-47b7-94ab-d8bea88c5ed7 (type: security_groups) to 1
2026-03-04 02:34:03.593 9 INFO neutron.db.ovn_revision_numbers_db [None req-c6110982-2d82-406e-bcae-fc335b828f07 bcf2610efd8c4f2eb4e4c30588e3cb2d 79fc3856c9654c3eb86f9a22688279ef - - default default] Successfully bumped revision number for resource 0982e58f-2b7d-492a-b4f2-45473bf33728 (type: security_group_rules) to 0
2026-03-04 02:34:03.610 9 INFO neutron.db.ovn_revision_numbers_db [None req-c6110982-2d82-406e-bcae-fc335b828f07 bcf2610efd8c4f2eb4e4c30588e3cb2d 79fc3856c9654c3eb86f9a22688279ef - - default default] Successfully bumped revision number for resource 1f5d95bc-0a1c-49e9-b0e9-2c2715571252 (type: security_group_rules) to 0
2026-03-04 02:34:03.629 9 INFO neutron.db.ovn_revision_numbers_db [None req-c6110982-2d82-406e-bcae-fc335b828f07 bcf2610efd8c4f2eb4e4c30588e3cb2d 79fc3856c9654c3eb86f9a22688279ef - - default default] Successfully bumped revision number for resource a145e8e3-932a-4fc0-bc13-3702af5a621e (type: security_group_rules) to 0
2026-03-04 02:34:03.647 9 INFO neutron.db.ovn_revision_numbers_db [None req-c6110982-2d82-406e-bcae-fc335b828f07 bcf2610efd8c4f2eb4e4c30588e3cb2d 79fc3856c9654c3eb86f9a22688279ef - - default default] Successfully bumped revision number for resource cb00d7bd-c832-4e15-9be8-0d665951fef7 (type: security_group_rules) to 0
2026-03-04 02:34:03.671 9 INFO neutron.wsgi [None req-c6110982-2d82-406e-bcae-fc335b828f07 bcf2610efd8c4f2eb4e4c30588e3cb2d 79fc3856c9654c3eb86f9a22688279ef - - default default] 10.0.0.179 "GET /v2.0/security-groups?tenant_id=feaf47ca03774b83b2efccd642d0eed4&name=default HTTP/1.1" status: 200 len: 3000 time: 0.2137005
2026-03-04 02:34:03.811 9 INFO neutron.wsgi [-] 10.0.0.220 "GET / HTTP/1.1" status: 200 len: 247 time: 0.0031269
2026-03-04 02:34:03.814 9 INFO neutron.wsgi [-] 10.0.0.220 "GET / HTTP/1.1" status: 200 len: 247 time: 0.0014544
2026-03-04 02:34:03.915 9 INFO neutron.wsgi [None req-d20d8009-af17-417a-a200-a2691b55c3b7 bcf2610efd8c4f2eb4e4c30588e3cb2d 79fc3856c9654c3eb86f9a22688279ef - - default default] 10.0.0.179 "DELETE /v2.0/security-groups/fcb9a83e-bd5e-47b7-94ab-d8bea88c5ed7 HTTP/1.1" status: 204 len: 168 time: 0.2379513
2026-03-04 02:34:04.664 9 INFO neutron.wsgi [None req-00822182-2ab8-4319-be20-b9d58e910fd8 bcf2610efd8c4f2eb4e4c30588e3cb2d 79fc3856c9654c3eb86f9a22688279ef - - default default] 199.204.45.162 "GET /v2.0/extensions/security-group HTTP/1.1" status: 200 len: 369 time: 0.1130295
2026-03-04 02:34:04.679 9 INFO neutron.wsgi [None req-6b970564-066a-4187-92e4-a2e6984c3a24 bcf2610efd8c4f2eb4e4c30588e3cb2d 79fc3856c9654c3eb86f9a22688279ef - - default default] 199.204.45.162 "GET /v2.0/extensions/dns-integration HTTP/1.1" status: 200 len: 371 time: 0.0066781
2026-03-04 02:34:04.686 9 INFO neutron.wsgi [None req-11f2bcf3-c538-49b3-8ce4-d812e258c018 bcf2610efd8c4f2eb4e4c30588e3cb2d 79fc3856c9654c3eb86f9a22688279ef - - default default] 199.204.45.162 "GET /v2.0/extensions/qos HTTP/1.1" status: 200 len: 365 time: 0.0041978
2026-03-04 02:34:04.697 9 INFO neutron.wsgi [None req-184e0e06-a5cb-49ea-b8f4-da4c9e85d05e bcf2610efd8c4f2eb4e4c30588e3cb2d 79fc3856c9654c3eb86f9a22688279ef - - default default] 199.204.45.162 "GET /v2.0/extensions/allowed-address-pairs HTTP/1.1" status: 200 len: 383 time: 0.0067542
2026-03-04 02:34:04.743 9 INFO neutron.wsgi [None req-c18613d1-6c9e-497f-b81e-276b0ebda7e0 bcf2610efd8c4f2eb4e4c30588e3cb2d 79fc3856c9654c3eb86f9a22688279ef - - default default] 199.204.45.162 "GET /v2.0/ports/d1c768f0-f385-4f26-986b-09929f6f6a83 HTTP/1.1" status: 200 len: 1328 time: 0.0393836
2026-03-04 02:34:05.209 9 INFO neutron.wsgi [None req-c7e39ddb-5d9b-41d2-8c14-ff78395429e8 bcf2610efd8c4f2eb4e4c30588e3cb2d 79fc3856c9654c3eb86f9a22688279ef - - default default] 199.204.45.162 "GET /v2.0/extensions/security-group HTTP/1.1" status: 200 len: 369 time: 0.0070961
2026-03-04 02:34:05.222 9 INFO neutron.wsgi [None req-1d1dba86-00b2-43c6-b31a-ec1b3472323c bcf2610efd8c4f2eb4e4c30588e3cb2d 79fc3856c9654c3eb86f9a22688279ef - - default default] 199.204.45.162 "GET /v2.0/extensions/dns-integration HTTP/1.1" status: 200 len: 371 time: 0.0060923
2026-03-04 02:34:05.232 9 WARNING neutron_lib.context [None req-0d22bf19-21c1-4635-9ba9-490cbcc0e6e9 c43f6646b21e4d1bac094104e28a3bcc 61349eae6d394b73a18047e702ba1881 - - default default] Method 'is_advsvc' is deprecated since 2023.2 release (neutron-lib 3.8.0) and will be removed once support for the old RBAC API policies will be removed from Neutron. Please use method 'is_service_role' instead.
2026-03-04 02:34:05.241 9 INFO neutron.wsgi [None req-a14b242e-200d-4d2b-bb82-bcba9ec170f0 bcf2610efd8c4f2eb4e4c30588e3cb2d 79fc3856c9654c3eb86f9a22688279ef - - default default] 199.204.45.162 "GET /v2.0/extensions/qos HTTP/1.1" status: 200 len: 365 time: 0.0130911
2026-03-04 02:34:05.255 9 INFO neutron.wsgi [None req-aff1db66-0317-4da1-9fd7-bd212351b013 bcf2610efd8c4f2eb4e4c30588e3cb2d 79fc3856c9654c3eb86f9a22688279ef - - default default] 199.204.45.162 "GET /v2.0/extensions/allowed-address-pairs HTTP/1.1" status: 200 len: 383 time: 0.0076122
2026-03-04 02:34:05.269 9 INFO neutron.api.v2.resource [None req-f04b3189-b82c-4527-becf-0561623faa8c bcf2610efd8c4f2eb4e4c30588e3cb2d 79fc3856c9654c3eb86f9a22688279ef - - default default] show failed (client error): The resource could not be found.
2026-03-04 02:34:05.270 9 INFO neutron.wsgi [None req-f04b3189-b82c-4527-becf-0561623faa8c bcf2610efd8c4f2eb4e4c30588e3cb2d 79fc3856c9654c3eb86f9a22688279ef - - default default] 199.204.45.162 "GET /v2.0/security-groups/lb-44c21270-bbbd-4503-8fba-016b35db20e8 HTTP/1.1" status: 404 len: 355 time: 0.0120876
2026-03-04 02:34:05.304 9 INFO neutron.wsgi [None req-f6107a35-1d2f-4f48-9af2-149bcb89e334 bcf2610efd8c4f2eb4e4c30588e3cb2d 79fc3856c9654c3eb86f9a22688279ef - - default default] 199.204.45.162 "GET /v2.0/security-groups?name=lb-44c21270-bbbd-4503-8fba-016b35db20e8 HTTP/1.1" status: 200 len: 221 time: 0.0299280
2026-03-04 02:34:05.437 9 INFO neutron.db.ovn_revision_numbers_db [None req-0d22bf19-21c1-4635-9ba9-490cbcc0e6e9 c43f6646b21e4d1bac094104e28a3bcc 61349eae6d394b73a18047e702ba1881 - - default default] Successfully bumped revision number for resource ba7f9268-64a4-4f8a-ba76-c560eece694f (type: security_groups) to 1
2026-03-04 02:34:05.457 9 INFO neutron.db.ovn_revision_numbers_db [None req-0d22bf19-21c1-4635-9ba9-490cbcc0e6e9 c43f6646b21e4d1bac094104e28a3bcc 61349eae6d394b73a18047e702ba1881 - - default default] Successfully bumped revision number for resource 7049c03d-c1e2-4322-b26f-a1436601a7e8 (type: security_group_rules) to 0
2026-03-04 02:34:05.458 9 INFO neutron.db.ovn_revision_numbers_db [None req-1b08a1da-1462-4344-860e-68fdad5a7830 bcf2610efd8c4f2eb4e4c30588e3cb2d 79fc3856c9654c3eb86f9a22688279ef - - default default] Successfully bumped revision number for resource b51e3ea7-eb88-4abf-9c4e-ddd8286e009f (type: security_groups) to 1
2026-03-04 02:34:05.475 9 INFO neutron.db.ovn_revision_numbers_db [None req-0d22bf19-21c1-4635-9ba9-490cbcc0e6e9 c43f6646b21e4d1bac094104e28a3bcc 61349eae6d394b73a18047e702ba1881 - - default default] Successfully bumped revision number for resource c484d548-567a-4b53-91ea-fbb333237141 (type: security_group_rules) to 0
2026-03-04 02:34:05.476 9 INFO neutron.db.ovn_revision_numbers_db [None req-1b08a1da-1462-4344-860e-68fdad5a7830 bcf2610efd8c4f2eb4e4c30588e3cb2d 79fc3856c9654c3eb86f9a22688279ef - - default default] Successfully bumped revision number for resource 6472daaf-98f7-40bc-811a-b22d7c994cd4 (type: security_group_rules) to 0
2026-03-04 02:34:05.496 9 INFO neutron.db.ovn_revision_numbers_db [None req-0d22bf19-21c1-4635-9ba9-490cbcc0e6e9 c43f6646b21e4d1bac094104e28a3bcc 61349eae6d394b73a18047e702ba1881 - - default default] Successfully bumped revision number for resource cb84941c-0ba4-4b83-834b-858484c5d948 (type: security_group_rules) to 0
2026-03-04 02:34:05.509 9 INFO neutron.db.ovn_revision_numbers_db [None req-1b08a1da-1462-4344-860e-68fdad5a7830 bcf2610efd8c4f2eb4e4c30588e3cb2d 79fc3856c9654c3eb86f9a22688279ef - - default default] Successfully bumped revision number for resource cf69ecd7-a314-4b94-944c-1ecd64c99ed0 (type: security_group_rules) to 0
2026-03-04 02:34:05.515 9 INFO neutron.db.ovn_revision_numbers_db [None req-0d22bf19-21c1-4635-9ba9-490cbcc0e6e9 c43f6646b21e4d1bac094104e28a3bcc 61349eae6d394b73a18047e702ba1881 - - default default] Successfully bumped revision number for resource d66be515-be6c-430d-92c7-4a4cca78dc17 (type: security_group_rules) to 0
2026-03-04 02:34:05.533 9 INFO neutron.wsgi [None req-1b08a1da-1462-4344-860e-68fdad5a7830 bcf2610efd8c4f2eb4e4c30588e3cb2d 79fc3856c9654c3eb86f9a22688279ef - - default default] 199.204.45.162 "POST /v2.0/security-groups HTTP/1.1" status: 201 len: 1779 time: 0.2236714
2026-03-04 02:34:05.585 9 INFO neutron.db.segments_db [None req-0d22bf19-21c1-4635-9ba9-490cbcc0e6e9 c43f6646b21e4d1bac094104e28a3bcc 61349eae6d394b73a18047e702ba1881 - - default default] Added segment ef9103e6-842b-49dd-b418-243aad6ba03e of type geneve for network ab385b1d-39aa-4c26-afa8-62d951a6d3fe
2026-03-04 02:34:05.595 9 INFO neutron.wsgi [None req-cdfec1b2-6e9d-45cc-b135-b872ded4caac bcf2610efd8c4f2eb4e4c30588e3cb2d 79fc3856c9654c3eb86f9a22688279ef - - default default] 199.204.45.162 "GET /v2.0/security-group-rules?security_group_id=b51e3ea7-eb88-4abf-9c4e-ddd8286e009f HTTP/1.1" status: 200 len: 1318 time: 0.0550609
2026-03-04 02:34:05.775 9 INFO neutron.db.ovn_revision_numbers_db [None req-0d22bf19-21c1-4635-9ba9-490cbcc0e6e9 c43f6646b21e4d1bac094104e28a3bcc 61349eae6d394b73a18047e702ba1881 - - default default] Successfully bumped revision number for resource ab385b1d-39aa-4c26-afa8-62d951a6d3fe (type: networks) to 1
2026-03-04 02:34:06.063 9 WARNING neutron.scheduler.dhcp_agent_scheduler [None req-0d22bf19-21c1-4635-9ba9-490cbcc0e6e9 c43f6646b21e4d1bac094104e28a3bcc 61349eae6d394b73a18047e702ba1881 - - default default] No more DHCP agents
2026-03-04 02:34:06.070 9 WARNING neutron.api.rpc.agentnotifiers.dhcp_rpc_agent_api [None req-0d22bf19-21c1-4635-9ba9-490cbcc0e6e9 c43f6646b21e4d1bac094104e28a3bcc 61349eae6d394b73a18047e702ba1881 - - default default] Unable to schedule network ab385b1d-39aa-4c26-afa8-62d951a6d3fe: no agents available; will retry on subsequent port and subnet creation events.
2026-03-04 02:34:06.192 9 INFO neutron.db.ovn_revision_numbers_db [None req-0d22bf19-21c1-4635-9ba9-490cbcc0e6e9 c43f6646b21e4d1bac094104e28a3bcc 61349eae6d394b73a18047e702ba1881 - - default default] Successfully bumped revision number for resource c1beb8ac-e81d-4c3b-a279-73441376bc41 (type: ports) to 1
2026-03-04 02:34:06.200 9 INFO neutron.db.ovn_revision_numbers_db [None req-ff9ee9a1-6882-41bb-8b23-3100f29f6b36 bcf2610efd8c4f2eb4e4c30588e3cb2d 79fc3856c9654c3eb86f9a22688279ef - - default default] Successfully bumped revision number for resource d1c768f0-f385-4f26-986b-09929f6f6a83 (type: ports) to 2
2026-03-04 02:34:06.213 9 INFO neutron.wsgi [None req-ff9ee9a1-6882-41bb-8b23-3100f29f6b36 bcf2610efd8c4f2eb4e4c30588e3cb2d 79fc3856c9654c3eb86f9a22688279ef - - default default] 199.204.45.162 "PUT /v2.0/ports/d1c768f0-f385-4f26-986b-09929f6f6a83 HTTP/1.1" status: 200 len: 1328 time: 0.6085641
2026-03-04 02:34:06.215 9 INFO neutron.wsgi [None req-0d22bf19-21c1-4635-9ba9-490cbcc0e6e9 c43f6646b21e4d1bac094104e28a3bcc 61349eae6d394b73a18047e702ba1881 - - default default] 10.0.0.179 "POST /v2.0/networks HTTP/1.1" status: 201 len: 829 time: 1.0968630 /var/lib/openstack/lib/python3.10/site-packages/pycadf/identifier.py:71: UserWarning: Invalid uuid: neutron. To ensure interoperability, identifiers should be a valid uuid. warnings.warn(('Invalid uuid: %s. To ensure interoperability, '
2026-03-04 02:34:06.237 9 WARNING neutron_lib.context [None req-0fb9c79e-1c06-4bed-b43b-e83c34a266c9 c43f6646b21e4d1bac094104e28a3bcc 61349eae6d394b73a18047e702ba1881 - - default default] Method 'is_advsvc' is deprecated since 2023.2 release (neutron-lib 3.8.0) and will be removed once support for the old RBAC API policies will be removed from Neutron. Please use method 'is_service_role' instead.
2026-03-04 02:34:06.296 9 INFO neutron.wsgi [None req-2c2778cf-d4d4-43e6-bb4b-f0fc7dd7b106 bcf2610efd8c4f2eb4e4c30588e3cb2d 79fc3856c9654c3eb86f9a22688279ef - - default default] 199.204.45.162 "GET /v2.0/extensions/security-group HTTP/1.1" status: 200 len: 369 time: 0.0055640
2026-03-04 02:34:06.304 9 INFO neutron.wsgi [None req-080db935-abbf-4c21-afe2-e078e383d5ec bcf2610efd8c4f2eb4e4c30588e3cb2d 79fc3856c9654c3eb86f9a22688279ef - - default default] 199.204.45.162 "GET /v2.0/extensions/dns-integration HTTP/1.1" status: 200 len: 371 time: 0.0040016
2026-03-04 02:34:06.314 9 INFO neutron.wsgi [None req-6505d6dc-6934-4291-b148-936fb9eb215e bcf2610efd8c4f2eb4e4c30588e3cb2d 79fc3856c9654c3eb86f9a22688279ef - - default default] 199.204.45.162 "GET /v2.0/extensions/qos HTTP/1.1" status: 200 len: 365 time: 0.0040364
2026-03-04 02:34:06.322 9 INFO neutron.wsgi [None req-8369129a-59fe-43e6-8472-88d528059dfb bcf2610efd8c4f2eb4e4c30588e3cb2d 79fc3856c9654c3eb86f9a22688279ef - - default default] 199.204.45.162 "GET /v2.0/extensions/allowed-address-pairs HTTP/1.1" status: 200 len: 383 time: 0.0046079
2026-03-04 02:34:06.378 9 INFO neutron.wsgi [None req-ad250492-bad0-4338-9ac3-8ec10d5f27b0 bcf2610efd8c4f2eb4e4c30588e3cb2d 79fc3856c9654c3eb86f9a22688279ef - - default default] 199.204.45.162 "GET /v2.0/subnets/3a7d45fb-a1b9-4567-a028-002a6a066eee HTTP/1.1" status: 200 len: 850 time: 0.0514781
2026-03-04 02:34:06.509 9 WARNING neutron.scheduler.dhcp_agent_scheduler [None req-0fb9c79e-1c06-4bed-b43b-e83c34a266c9 c43f6646b21e4d1bac094104e28a3bcc 61349eae6d394b73a18047e702ba1881 - - default default] No more DHCP agents
2026-03-04 02:34:06.511 9 WARNING neutron.api.rpc.agentnotifiers.dhcp_rpc_agent_api [None req-0fb9c79e-1c06-4bed-b43b-e83c34a266c9 c43f6646b21e4d1bac094104e28a3bcc 61349eae6d394b73a18047e702ba1881 - - default default] Unable to schedule network ab385b1d-39aa-4c26-afa8-62d951a6d3fe: no agents available; will retry on subsequent port and subnet creation events.
2026-03-04 02:34:07.010 9 INFO neutron.db.ovn_revision_numbers_db [None req-0fb9c79e-1c06-4bed-b43b-e83c34a266c9 c43f6646b21e4d1bac094104e28a3bcc 61349eae6d394b73a18047e702ba1881 - - default default] Successfully bumped revision number for resource c1beb8ac-e81d-4c3b-a279-73441376bc41 (type: ports) to 2
2026-03-04 02:34:07.042 9 INFO neutron.db.ovn_revision_numbers_db [None req-0fb9c79e-1c06-4bed-b43b-e83c34a266c9 c43f6646b21e4d1bac094104e28a3bcc 61349eae6d394b73a18047e702ba1881 - - default default] Successfully bumped revision number for resource 0c39e06f-17b6-41c5-b06c-204cde213ec8 (type: subnets) to 0
2026-03-04 02:34:07.060 9 INFO neutron.wsgi [None req-0fb9c79e-1c06-4bed-b43b-e83c34a266c9 c43f6646b21e4d1bac094104e28a3bcc 61349eae6d394b73a18047e702ba1881 - - default default] 10.0.0.179 "POST /v2.0/subnets HTTP/1.1" status: 201 len: 801 time: 0.8301835
2026-03-04 02:34:07.115 9 INFO neutron.wsgi [None req-7a94e584-ec2f-47ce-aab0-3d2a2ab59f05 c43f6646b21e4d1bac094104e28a3bcc 61349eae6d394b73a18047e702ba1881 - - default default] 10.0.0.179 "PUT /v2.0/subnets/0c39e06f-17b6-41c5-b06c-204cde213ec8/tags HTTP/1.1" status: 200 len: 218 time: 0.0447574
2026-03-04 02:34:07.158 9 INFO neutron.wsgi [None req-03fdb96e-d4b8-416a-bf39-caf115ca5b4c c43f6646b21e4d1bac094104e28a3bcc 61349eae6d394b73a18047e702ba1881 - - default default] 10.0.0.179 "GET /v2.0/subnets/0c39e06f-17b6-41c5-b06c-204cde213ec8/tags HTTP/1.1" status: 200 len: 218 time: 0.0366733
2026-03-04 02:34:07.222 9 INFO neutron.wsgi [None req-9adb9eb2-24a8-461c-b530-f5683902cd79 c43f6646b21e4d1bac094104e28a3bcc 61349eae6d394b73a18047e702ba1881 - - default default] 10.0.0.179 "PUT /v2.0/subnets/0c39e06f-17b6-41c5-b06c-204cde213ec8/tags/green HTTP/1.1" status: 201 len: 201 time: 0.0587823
2026-03-04 02:34:07.279 9 INFO neutron.wsgi [None req-e141ed37-a368-482d-8444-8017c29ecaf5 c43f6646b21e4d1bac094104e28a3bcc 61349eae6d394b73a18047e702ba1881 - - default default] 10.0.0.179 "GET /v2.0/subnets/0c39e06f-17b6-41c5-b06c-204cde213ec8/tags HTTP/1.1" status: 200 len: 227 time: 0.0532236
2026-03-04 02:34:07.326 9 INFO neutron.wsgi [None req-9195136c-9937-44ef-b302-0ff3c0c57b21 c43f6646b21e4d1bac094104e28a3bcc 61349eae6d394b73a18047e702ba1881 - - default default] 10.0.0.179 "PUT /v2.0/subnets/0c39e06f-17b6-41c5-b06c-204cde213ec8/tags/red HTTP/1.1" status: 201 len: 201 time: 0.0414360
2026-03-04 02:34:07.372 9 INFO neutron.wsgi [None req-27dbf049-5b73-4d49-b9c7-5687f9a9a79c c43f6646b21e4d1bac094104e28a3bcc 61349eae6d394b73a18047e702ba1881 - - default default] 10.0.0.179 "GET /v2.0/subnets/0c39e06f-17b6-41c5-b06c-204cde213ec8/tags HTTP/1.1" status: 200 len: 227 time: 0.0391695
2026-03-04 02:34:07.432 9 INFO neutron.wsgi [None req-8404e264-90ec-4807-9ea4-0f1ebf1ad9dd c43f6646b21e4d1bac094104e28a3bcc 61349eae6d394b73a18047e702ba1881 - - default default] 10.0.0.179 "PUT /v2.0/subnets/0c39e06f-17b6-41c5-b06c-204cde213ec8/tags/black.or.white HTTP/1.1" status: 201 len: 201 time: 0.0548687
2026-03-04 02:34:07.484 9 INFO neutron.wsgi [None req-263d4747-428a-459d-b454-4b98b05bef17 c43f6646b21e4d1bac094104e28a3bcc 61349eae6d394b73a18047e702ba1881 - - default default] 10.0.0.179 "GET /v2.0/subnets/0c39e06f-17b6-41c5-b06c-204cde213ec8/tags HTTP/1.1" status: 200 len: 245 time: 0.0455813
2026-03-04 02:34:07.552 9 INFO neutron.wsgi [None req-907807f1-635b-4bef-8167-7ba51180a68a c43f6646b21e4d1bac094104e28a3bcc 61349eae6d394b73a18047e702ba1881 - - default default] 10.0.0.179 "PUT /v2.0/subnets/0c39e06f-17b6-41c5-b06c-204cde213ec8/tags HTTP/1.1" status: 200 len: 230 time: 0.0617959
