2026-03-04 02:32:32.018 9 INFO neutron.db.ovn_revision_numbers_db [None req-dda539ce-f4ae-4b92-8808-ade0f2318b1f bcf2610efd8c4f2eb4e4c30588e3cb2d 79fc3856c9654c3eb86f9a22688279ef - - default default] Successfully bumped revision number for resource eca9687c-427d-4704-8455-83a23495b902 (type: security_group_rules) to 0
2026-03-04 02:32:32.036 9 INFO neutron.db.ovn_revision_numbers_db [None req-dda539ce-f4ae-4b92-8808-ade0f2318b1f bcf2610efd8c4f2eb4e4c30588e3cb2d 79fc3856c9654c3eb86f9a22688279ef - - default default] Successfully bumped revision number for resource ee21a76c-5158-454b-9214-f990d6d647fb (type: security_group_rules) to 0
2026-03-04 02:32:32.066 9 INFO neutron.wsgi [None req-dda539ce-f4ae-4b92-8808-ade0f2318b1f bcf2610efd8c4f2eb4e4c30588e3cb2d 79fc3856c9654c3eb86f9a22688279ef - - default default] 10.0.0.179 "GET /v2.0/security-groups?tenant_id=5646847a287d48abaa70e324fbc7ba30&name=default HTTP/1.1" status: 200 len: 2996 time: 0.4948857
2026-03-04 02:32:32.287 9 INFO neutron.wsgi [None req-c96e97a2-b9b1-4cd5-8e81-3150a9fb4036 bcf2610efd8c4f2eb4e4c30588e3cb2d 79fc3856c9654c3eb86f9a22688279ef - - default default] 10.0.0.179 "DELETE /v2.0/security-groups/3f9b5380-9333-4993-ba0b-e5bb60011e44 HTTP/1.1" status: 204 len: 168 time: 0.2151546
2026-03-04 02:32:32.305 10 INFO neutron.db.ovn_revision_numbers_db [None req-d60e50f8-4a33-4093-871a-d7f62456c998 bcf2610efd8c4f2eb4e4c30588e3cb2d 79fc3856c9654c3eb86f9a22688279ef - - default default] Successfully bumped revision number for resource d57ff3c2-1c40-4315-803d-ad1090b8bc1c (type: security_groups) to 1
2026-03-04 02:32:32.321 10 INFO neutron.db.ovn_revision_numbers_db [None req-d60e50f8-4a33-4093-871a-d7f62456c998 bcf2610efd8c4f2eb4e4c30588e3cb2d 79fc3856c9654c3eb86f9a22688279ef - - default default] Successfully bumped revision number for resource 32817546-6ead-4024-b6f4-b0f2d50b2f7f (type: security_group_rules) to 0
2026-03-04 02:32:32.334 10 INFO neutron.db.ovn_revision_numbers_db [None req-d60e50f8-4a33-4093-871a-d7f62456c998 bcf2610efd8c4f2eb4e4c30588e3cb2d 79fc3856c9654c3eb86f9a22688279ef - - default default] Successfully bumped revision number for resource 694983ca-dd53-49bc-ae73-bf7260cdc565 (type: security_group_rules) to 0
2026-03-04 02:32:32.357 10 INFO neutron.db.ovn_revision_numbers_db [None req-d60e50f8-4a33-4093-871a-d7f62456c998 bcf2610efd8c4f2eb4e4c30588e3cb2d 79fc3856c9654c3eb86f9a22688279ef - - default default] Successfully bumped revision number for resource e64ec328-46ba-4267-bf23-08a9c7e5d1a6 (type: security_group_rules) to 0
2026-03-04 02:32:32.372 10 INFO neutron.db.ovn_revision_numbers_db [None req-d60e50f8-4a33-4093-871a-d7f62456c998 bcf2610efd8c4f2eb4e4c30588e3cb2d 79fc3856c9654c3eb86f9a22688279ef - - default default] Successfully bumped revision number for resource f230a54c-c7ae-44c2-af65-320bdc8273fc (type: security_group_rules) to 0
2026-03-04 02:32:32.399 10 INFO neutron.wsgi [None req-d60e50f8-4a33-4093-871a-d7f62456c998 bcf2610efd8c4f2eb4e4c30588e3cb2d 79fc3856c9654c3eb86f9a22688279ef - - default default] 10.0.0.179 "GET /v2.0/security-groups?tenant_id=83083259713c42d39f55621d902d438c&name=default HTTP/1.1" status: 200 len: 2996 time: 0.4073784
2026-03-04 02:32:32.617 10 INFO neutron.wsgi [None req-bfaa7d33-9b74-43fd-9aa4-935c49431d26 bcf2610efd8c4f2eb4e4c30588e3cb2d 79fc3856c9654c3eb86f9a22688279ef - - default default] 10.0.0.179 "DELETE /v2.0/security-groups/d57ff3c2-1c40-4315-803d-ad1090b8bc1c HTTP/1.1" status: 204 len: 168 time: 0.2137632
2026-03-04 02:32:32.952 9 INFO neutron.db.ovn_revision_numbers_db [None req-384713bf-b820-4d98-812e-e20156c8de6e bcf2610efd8c4f2eb4e4c30588e3cb2d 79fc3856c9654c3eb86f9a22688279ef - - default default] Successfully bumped revision number for resource c2d6d5f4-8cf1-465c-afbd-0a334bad2c04 (type: security_groups) to 1
2026-03-04 02:32:32.965 9 INFO neutron.db.ovn_revision_numbers_db [None req-384713bf-b820-4d98-812e-e20156c8de6e bcf2610efd8c4f2eb4e4c30588e3cb2d 79fc3856c9654c3eb86f9a22688279ef - - default default] Successfully bumped revision number for resource 0e9420af-5d94-4d85-88f0-71bd6e127644 (type: security_group_rules) to 0
2026-03-04 02:32:32.978 9 INFO neutron.db.ovn_revision_numbers_db [None req-384713bf-b820-4d98-812e-e20156c8de6e bcf2610efd8c4f2eb4e4c30588e3cb2d 79fc3856c9654c3eb86f9a22688279ef - - default default] Successfully bumped revision number for resource 25a41bbe-a852-40a8-8c7a-e314a43d5f55 (type: security_group_rules) to 0
2026-03-04 02:32:32.999 9 INFO neutron.db.ovn_revision_numbers_db [None req-384713bf-b820-4d98-812e-e20156c8de6e bcf2610efd8c4f2eb4e4c30588e3cb2d 79fc3856c9654c3eb86f9a22688279ef - - default default] Successfully bumped revision number for resource 5bda8146-5349-4e32-99e3-6f6658c97d5d (type: security_group_rules) to 0
2026-03-04 02:32:33.033 9 INFO neutron.db.ovn_revision_numbers_db [None req-384713bf-b820-4d98-812e-e20156c8de6e bcf2610efd8c4f2eb4e4c30588e3cb2d 79fc3856c9654c3eb86f9a22688279ef - - default default] Successfully bumped revision number for resource d7c66e79-777e-448d-bdca-99b1562a1cbb (type: security_group_rules) to 0
2026-03-04 02:32:33.063 9 INFO neutron.wsgi [None req-384713bf-b820-4d98-812e-e20156c8de6e bcf2610efd8c4f2eb4e4c30588e3cb2d 79fc3856c9654c3eb86f9a22688279ef - - default default] 10.0.0.179 "GET /v2.0/security-groups?tenant_id=14d9cf89f016403fa312e84a599d2fc9&name=default HTTP/1.1" status: 200 len: 2996 time: 0.2460938
2026-03-04 02:32:33.309 9 INFO neutron.wsgi [None req-af3b9494-aaa3-4650-b843-d9c817515076 bcf2610efd8c4f2eb4e4c30588e3cb2d 79fc3856c9654c3eb86f9a22688279ef - - default default] 10.0.0.179 "DELETE /v2.0/security-groups/c2d6d5f4-8cf1-465c-afbd-0a334bad2c04 HTTP/1.1" status: 204 len: 168 time: 0.2388349
2026-03-04 02:32:33.811 9 INFO neutron.wsgi [-] 10.0.0.220 "GET / HTTP/1.1" status: 200 len: 247 time: 0.0029161
2026-03-04 02:32:33.814 9 INFO neutron.wsgi [-] 10.0.0.220 "GET / HTTP/1.1" status: 200 len: 247 time: 0.0018930
2026-03-04 02:32:36.918 9 WARNING neutron_lib.context [None req-3efefa94-3f17-4428-afe1-24de816ffd7e e86b2f5c0d13476fbc56f8bf0110de40 6a5cfa099e944c329122b19e1a107ddb - - default default] Method 'is_advsvc' is deprecated since 2023.2 release (neutron-lib 3.8.0) and will be removed once support for the old RBAC API policies will be removed from Neutron. Please use method 'is_service_role' instead.
2026-03-04 02:32:37.061 10 INFO neutron.db.ovn_revision_numbers_db [None req-8dec05b0-3df0-4eda-8ee8-bc5fc7b03815 bcf2610efd8c4f2eb4e4c30588e3cb2d 79fc3856c9654c3eb86f9a22688279ef - - default default] Successfully bumped revision number for resource dcb1437d-7d6d-44c0-9c74-6f76b28061ee (type: security_groups) to 1
2026-03-04 02:32:37.074 10 INFO neutron.db.ovn_revision_numbers_db [None req-8dec05b0-3df0-4eda-8ee8-bc5fc7b03815 bcf2610efd8c4f2eb4e4c30588e3cb2d 79fc3856c9654c3eb86f9a22688279ef - - default default] Successfully bumped revision number for resource 08b99c5d-a47e-4eb6-982e-dbc9aeeb08d8 (type: security_group_rules) to 0
2026-03-04 02:32:37.088 10 INFO neutron.db.ovn_revision_numbers_db [None req-8dec05b0-3df0-4eda-8ee8-bc5fc7b03815 bcf2610efd8c4f2eb4e4c30588e3cb2d 79fc3856c9654c3eb86f9a22688279ef - - default default] Successfully bumped revision number for resource 31a7bf91-c3be-43e7-a7d3-38e8621856bd (type: security_group_rules) to 0
2026-03-04 02:32:37.104 10 INFO neutron.db.ovn_revision_numbers_db [None req-8dec05b0-3df0-4eda-8ee8-bc5fc7b03815 bcf2610efd8c4f2eb4e4c30588e3cb2d 79fc3856c9654c3eb86f9a22688279ef - - default default] Successfully bumped revision number for resource c9c77e22-8f63-4d41-89ab-44a695d07125 (type: security_group_rules) to 0
2026-03-04 02:32:37.119 10 INFO neutron.db.ovn_revision_numbers_db [None req-8dec05b0-3df0-4eda-8ee8-bc5fc7b03815 bcf2610efd8c4f2eb4e4c30588e3cb2d 79fc3856c9654c3eb86f9a22688279ef - - default default] Successfully bumped revision number for resource e6a79d12-930d-4e89-9c96-9264c7e2a13a (type: security_group_rules) to 0
2026-03-04 02:32:37.142 10 INFO neutron.wsgi [None req-8dec05b0-3df0-4eda-8ee8-bc5fc7b03815 bcf2610efd8c4f2eb4e4c30588e3cb2d 79fc3856c9654c3eb86f9a22688279ef - - default default] 10.0.0.179 "GET /v2.0/security-groups?tenant_id=30f20fc360924d63a85d15ea9d57d4eb&name=default HTTP/1.1" status: 200 len: 2996 time: 0.2615268
2026-03-04 02:32:37.212 9 WARNING neutron.scheduler.dhcp_agent_scheduler [None req-3efefa94-3f17-4428-afe1-24de816ffd7e e86b2f5c0d13476fbc56f8bf0110de40 6a5cfa099e944c329122b19e1a107ddb - - default default] No more DHCP agents
2026-03-04 02:32:37.216 9 WARNING neutron.api.rpc.agentnotifiers.dhcp_rpc_agent_api [None req-3efefa94-3f17-4428-afe1-24de816ffd7e e86b2f5c0d13476fbc56f8bf0110de40 6a5cfa099e944c329122b19e1a107ddb - - default default] Unable to schedule network 23d00f21-e629-4a10-9f63-09857d39d79a: no agents available; will retry on subsequent port and subnet creation events.
2026-03-04 02:32:37.374 10 INFO neutron.wsgi [req-fd2c779a-9daa-40d2-b06a-93a98aacaac7 req-d243fd0f-8fcc-41b4-ac41-aa317836f504 7f6808a736204204b900259adadebfc1 dd649a7e0fa94d889784905637a9c9ce - - 0b47a8ef162b449791a7619f7bd9f895 0b47a8ef162b449791a7619f7bd9f895] 10.0.0.97 "GET /v2.0/ports?device_id=40bae790-fec1-4ab7-8f25-6a78dbd57021 HTTP/1.1" status: 200 len: 1409 time: 0.0534725
2026-03-04 02:32:37.418 10 INFO neutron.wsgi [None req-11f51bd6-1a34-4641-8a20-bee4dc8ba0c5 bcf2610efd8c4f2eb4e4c30588e3cb2d 79fc3856c9654c3eb86f9a22688279ef - - default default] 10.0.0.179 "DELETE /v2.0/security-groups/dcb1437d-7d6d-44c0-9c74-6f76b28061ee HTTP/1.1" status: 204 len: 168 time: 0.2693312
2026-03-04 02:32:37.422 10 INFO neutron.wsgi [req-fd2c779a-9daa-40d2-b06a-93a98aacaac7 req-4c71534a-f38f-4b35-a0c4-e30ad0a32b46 7f6808a736204204b900259adadebfc1 dd649a7e0fa94d889784905637a9c9ce - - 0b47a8ef162b449791a7619f7bd9f895 0b47a8ef162b449791a7619f7bd9f895] 10.0.0.97 "GET /v2.0/security-groups?id=2e427ac8-3ca8-496b-960e-4e0790e17a76&fields=id&fields=name HTTP/1.1" status: 200 len: 312 time: 0.0413582
2026-03-04 02:32:37.532 9 INFO neutron.db.ovn_revision_numbers_db [None req-3efefa94-3f17-4428-afe1-24de816ffd7e e86b2f5c0d13476fbc56f8bf0110de40 6a5cfa099e944c329122b19e1a107ddb - - default default] Successfully bumped revision number for resource 43e1a26e-756c-4834-9587-50ab9109f7ab (type: floatingips) to 0
2026-03-04 02:32:37.546 9 INFO neutron.wsgi [None req-3efefa94-3f17-4428-afe1-24de816ffd7e e86b2f5c0d13476fbc56f8bf0110de40 6a5cfa099e944c329122b19e1a107ddb - - default default] 10.0.0.179 "POST /v2.0/floatingips HTTP/1.1" status: 201 len: 751 time: 0.7957294
2026-03-04 02:32:37.557 9 WARNING neutron_lib.context [None req-6efdeccc-39e4-4a00-9bb5-a3876e830e3c e86b2f5c0d13476fbc56f8bf0110de40 6a5cfa099e944c329122b19e1a107ddb - - default default] Method 'is_advsvc' is deprecated since 2023.2 release (neutron-lib 3.8.0) and will be removed once support for the old RBAC API policies will be removed from Neutron. Please use method 'is_service_role' instead.
2026-03-04 02:32:37.830 9 WARNING neutron.scheduler.dhcp_agent_scheduler [None req-6efdeccc-39e4-4a00-9bb5-a3876e830e3c e86b2f5c0d13476fbc56f8bf0110de40 6a5cfa099e944c329122b19e1a107ddb - - default default] No more DHCP agents
2026-03-04 02:32:37.832 9 WARNING neutron.api.rpc.agentnotifiers.dhcp_rpc_agent_api [None req-6efdeccc-39e4-4a00-9bb5-a3876e830e3c e86b2f5c0d13476fbc56f8bf0110de40 6a5cfa099e944c329122b19e1a107ddb - - default default] Unable to schedule network 23d00f21-e629-4a10-9f63-09857d39d79a: no agents available; will retry on subsequent port and subnet creation events.
2026-03-04 02:32:38.444 9 INFO neutron.db.ovn_revision_numbers_db [None req-6efdeccc-39e4-4a00-9bb5-a3876e830e3c e86b2f5c0d13476fbc56f8bf0110de40 6a5cfa099e944c329122b19e1a107ddb - - default default] Successfully bumped revision number for resource 7e77caa7-831c-4d4f-9e19-75d4028c340f (type: floatingips) to 0
2026-03-04 02:32:38.458 9 INFO neutron.wsgi [None req-6efdeccc-39e4-4a00-9bb5-a3876e830e3c e86b2f5c0d13476fbc56f8bf0110de40 6a5cfa099e944c329122b19e1a107ddb - - default default] 10.0.0.179 "POST /v2.0/floatingips HTTP/1.1" status: 201 len: 751 time: 0.9063826
2026-03-04 02:32:38.468 9 WARNING neutron_lib.context [None req-6458b4d6-37d3-49c0-b5d4-6caa8b49c609 e86b2f5c0d13476fbc56f8bf0110de40 6a5cfa099e944c329122b19e1a107ddb - - default default] Method 'is_advsvc' is deprecated since 2023.2 release (neutron-lib 3.8.0) and will be removed once support for the old RBAC API policies will be removed from Neutron. Please use method 'is_service_role' instead.
2026-03-04 02:32:38.742 9 WARNING neutron.scheduler.dhcp_agent_scheduler [None req-6458b4d6-37d3-49c0-b5d4-6caa8b49c609 e86b2f5c0d13476fbc56f8bf0110de40 6a5cfa099e944c329122b19e1a107ddb - - default default] No more DHCP agents
2026-03-04 02:32:38.749 9 WARNING neutron.api.rpc.agentnotifiers.dhcp_rpc_agent_api [None req-6458b4d6-37d3-49c0-b5d4-6caa8b49c609 e86b2f5c0d13476fbc56f8bf0110de40 6a5cfa099e944c329122b19e1a107ddb - - default default] Unable to schedule network 23d00f21-e629-4a10-9f63-09857d39d79a: no agents available; will retry on subsequent port and subnet creation events.
2026-03-04 02:32:39.091 9 INFO neutron.db.ovn_revision_numbers_db [None req-6458b4d6-37d3-49c0-b5d4-6caa8b49c609 e86b2f5c0d13476fbc56f8bf0110de40 6a5cfa099e944c329122b19e1a107ddb - - default default] Successfully bumped revision number for resource 2f142625-aef2-4cda-bd4e-4077bd6d4cb4 (type: floatingips) to 0
2026-03-04 02:32:39.108 9 INFO neutron.wsgi [None req-6458b4d6-37d3-49c0-b5d4-6caa8b49c609 e86b2f5c0d13476fbc56f8bf0110de40 6a5cfa099e944c329122b19e1a107ddb - - default default] 10.0.0.179 "POST /v2.0/floatingips HTTP/1.1" status: 201 len: 751 time: 0.6448250
2026-03-04 02:32:39.120 9 WARNING neutron_lib.context [None req-303c448f-1488-465e-b597-d619370eee61 e86b2f5c0d13476fbc56f8bf0110de40 6a5cfa099e944c329122b19e1a107ddb - - default default] Method 'is_advsvc' is deprecated since 2023.2 release (neutron-lib 3.8.0) and will be removed once support for the old RBAC API policies will be removed from Neutron. Please use method 'is_service_role' instead.
2026-03-04 02:32:39.423 9 WARNING neutron.scheduler.dhcp_agent_scheduler [None req-303c448f-1488-465e-b597-d619370eee61 e86b2f5c0d13476fbc56f8bf0110de40 6a5cfa099e944c329122b19e1a107ddb - - default default] No more DHCP agents
2026-03-04 02:32:39.428 9 WARNING neutron.api.rpc.agentnotifiers.dhcp_rpc_agent_api [None req-303c448f-1488-465e-b597-d619370eee61 e86b2f5c0d13476fbc56f8bf0110de40 6a5cfa099e944c329122b19e1a107ddb - - default default] Unable to schedule network 23d00f21-e629-4a10-9f63-09857d39d79a: no agents available; will retry on subsequent port and subnet creation events.
2026-03-04 02:32:39.595 9 INFO neutron.db.ovn_revision_numbers_db [None req-a1606888-a288-4d40-b290-9b9ee89cf441 bcf2610efd8c4f2eb4e4c30588e3cb2d 79fc3856c9654c3eb86f9a22688279ef - - default default] Successfully bumped revision number for resource 90d7c456-161c-4a2d-a267-55b53ef4713c (type: security_groups) to 1
2026-03-04 02:32:39.612 9 INFO neutron.db.ovn_revision_numbers_db [None req-a1606888-a288-4d40-b290-9b9ee89cf441 bcf2610efd8c4f2eb4e4c30588e3cb2d 79fc3856c9654c3eb86f9a22688279ef - - default default] Successfully bumped revision number for resource 7635c738-cb46-4374-a00c-0d7034092189 (type: security_group_rules) to 0
2026-03-04 02:32:39.636 9 INFO neutron.db.ovn_revision_numbers_db [None req-a1606888-a288-4d40-b290-9b9ee89cf441 bcf2610efd8c4f2eb4e4c30588e3cb2d 79fc3856c9654c3eb86f9a22688279ef - - default default] Successfully bumped revision number for resource bc6922a6-d09e-4df8-9a04-309670dc70de (type: security_group_rules) to 0
2026-03-04 02:32:39.666 9 INFO neutron.db.ovn_revision_numbers_db [None req-a1606888-a288-4d40-b290-9b9ee89cf441 bcf2610efd8c4f2eb4e4c30588e3cb2d 79fc3856c9654c3eb86f9a22688279ef - - default default] Successfully bumped revision number for resource cf59e07d-3c93-43a7-906b-2a03ed592bd5 (type: security_group_rules) to 0
2026-03-04 02:32:39.688 9 INFO neutron.db.ovn_revision_numbers_db [None req-a1606888-a288-4d40-b290-9b9ee89cf441 bcf2610efd8c4f2eb4e4c30588e3cb2d 79fc3856c9654c3eb86f9a22688279ef - - default default] Successfully bumped revision number for resource e6f1f580-ae85-490c-a448-590dc6cf7fd0 (type: security_group_rules) to 0
2026-03-04 02:32:39.750 9 INFO neutron.db.segments_db [None req-a1606888-a288-4d40-b290-9b9ee89cf441 bcf2610efd8c4f2eb4e4c30588e3cb2d 79fc3856c9654c3eb86f9a22688279ef - - default default] Added segment 7eb3221e-2e42-43b8-8994-b9acf321bcf1 of type geneve for network b92e76c7-05ff-4bb3-abf8-d96193145f05
2026-03-04 02:32:39.861 9 INFO neutron.db.ovn_revision_numbers_db [None req-303c448f-1488-465e-b597-d619370eee61 e86b2f5c0d13476fbc56f8bf0110de40 6a5cfa099e944c329122b19e1a107ddb - - default default] Successfully bumped revision number for resource 69824525-82f7-41c2-bedb-d6acf3deb2f4 (type: floatingips) to 0
2026-03-04 02:32:39.907 9 INFO neutron.wsgi [None req-303c448f-1488-465e-b597-d619370eee61 e86b2f5c0d13476fbc56f8bf0110de40 6a5cfa099e944c329122b19e1a107ddb - - default default] 10.0.0.179 "POST /v2.0/floatingips HTTP/1.1" status: 201 len: 751 time: 0.7932491
2026-03-04 02:32:39.922 10 WARNING neutron_lib.context [None req-dbe43e25-1953-4ac6-9eb5-af2d3302d14d e86b2f5c0d13476fbc56f8bf0110de40 6a5cfa099e944c329122b19e1a107ddb - - default default] Method 'is_advsvc' is deprecated since 2023.2 release (neutron-lib 3.8.0) and will be removed once support for the old RBAC API policies will be removed from Neutron. Please use method 'is_service_role' instead.
2026-03-04 02:32:39.953 9 INFO neutron.db.ovn_revision_numbers_db [None req-a1606888-a288-4d40-b290-9b9ee89cf441 bcf2610efd8c4f2eb4e4c30588e3cb2d 79fc3856c9654c3eb86f9a22688279ef - - default default] Successfully bumped revision number for resource b92e76c7-05ff-4bb3-abf8-d96193145f05 (type: networks) to 1
2026-03-04 02:32:40.166 9 WARNING neutron.scheduler.dhcp_agent_scheduler [None req-a1606888-a288-4d40-b290-9b9ee89cf441 bcf2610efd8c4f2eb4e4c30588e3cb2d 79fc3856c9654c3eb86f9a22688279ef - - default default] No more DHCP agents
2026-03-04 02:32:40.170 9 WARNING neutron.api.rpc.agentnotifiers.dhcp_rpc_agent_api [None req-a1606888-a288-4d40-b290-9b9ee89cf441 bcf2610efd8c4f2eb4e4c30588e3cb2d 79fc3856c9654c3eb86f9a22688279ef - - default default] Unable to schedule network b92e76c7-05ff-4bb3-abf8-d96193145f05: no agents available; will retry on subsequent port and subnet creation events.
2026-03-04 02:32:40.260 9 INFO neutron.db.ovn_revision_numbers_db [None req-a1606888-a288-4d40-b290-9b9ee89cf441 bcf2610efd8c4f2eb4e4c30588e3cb2d 79fc3856c9654c3eb86f9a22688279ef - - default default] Successfully bumped revision number for resource 839997c5-ac26-4bda-992e-455138718643 (type: ports) to 1
2026-03-04 02:32:40.266 10 WARNING neutron.scheduler.dhcp_agent_scheduler [None req-dbe43e25-1953-4ac6-9eb5-af2d3302d14d e86b2f5c0d13476fbc56f8bf0110de40 6a5cfa099e944c329122b19e1a107ddb - - default default] No more DHCP agents
2026-03-04 02:32:40.269 10 WARNING neutron.api.rpc.agentnotifiers.dhcp_rpc_agent_api [None req-dbe43e25-1953-4ac6-9eb5-af2d3302d14d e86b2f5c0d13476fbc56f8bf0110de40 6a5cfa099e944c329122b19e1a107ddb - - default default] Unable to schedule network 23d00f21-e629-4a10-9f63-09857d39d79a: no agents available; will retry on subsequent port and subnet creation events.
2026-03-04 02:32:40.278 9 INFO neutron.wsgi [None req-a1606888-a288-4d40-b290-9b9ee89cf441 bcf2610efd8c4f2eb4e4c30588e3cb2d 79fc3856c9654c3eb86f9a22688279ef - - default default] 10.0.0.179 "POST /v2.0/networks HTTP/1.1" status: 201 len: 942 time: 1.1065321
2026-03-04 02:32:40.439 9 WARNING neutron.scheduler.dhcp_agent_scheduler [None req-dd3e3ba9-6ef2-40bf-88fb-9f5cfa087901 bcf2610efd8c4f2eb4e4c30588e3cb2d 79fc3856c9654c3eb86f9a22688279ef - - default default] No more DHCP agents
2026-03-04 02:32:40.441 9 WARNING neutron.api.rpc.agentnotifiers.dhcp_rpc_agent_api [None req-dd3e3ba9-6ef2-40bf-88fb-9f5cfa087901 bcf2610efd8c4f2eb4e4c30588e3cb2d 79fc3856c9654c3eb86f9a22688279ef - - default default] Unable to schedule network b92e76c7-05ff-4bb3-abf8-d96193145f05: no agents available; will retry on subsequent port and subnet creation events.
2026-03-04 02:32:40.610 10 INFO neutron.db.ovn_revision_numbers_db [None req-dbe43e25-1953-4ac6-9eb5-af2d3302d14d e86b2f5c0d13476fbc56f8bf0110de40 6a5cfa099e944c329122b19e1a107ddb - - default default] Successfully bumped revision number for resource ff8b70af-f121-4ffa-a7ed-4f1cddbd12ae (type: floatingips) to 0
2026-03-04 02:32:40.629 10 INFO neutron.wsgi [None req-dbe43e25-1953-4ac6-9eb5-af2d3302d14d e86b2f5c0d13476fbc56f8bf0110de40 6a5cfa099e944c329122b19e1a107ddb - - default default] 10.0.0.179 "POST /v2.0/floatingips HTTP/1.1" status: 201 len: 751 time: 0.7147439
2026-03-04 02:32:40.686 9 INFO neutron.wsgi [None req-85fb1274-0779-4d0d-949b-a0cbb0d66ec4 e86b2f5c0d13476fbc56f8bf0110de40 6a5cfa099e944c329122b19e1a107ddb - - default default] 10.0.0.179 "PUT /v2.0/floatingips/43e1a26e-756c-4834-9587-50ab9109f7ab/tags HTTP/1.1" status: 200 len: 210 time: 0.0525486
2026-03-04 02:32:40.735 9 INFO neutron.wsgi [None req-8c35d3bf-a006-4062-ba28-3038a12c1119 e86b2f5c0d13476fbc56f8bf0110de40 6a5cfa099e944c329122b19e1a107ddb - - default default] 10.0.0.179 "PUT /v2.0/floatingips/7e77caa7-831c-4d4f-9e19-75d4028c340f/tags HTTP/1.1" status: 200 len: 218 time: 0.0442123
2026-03-04 02:32:40.777 10 INFO neutron.wsgi [None req-2b3a8182-b877-470f-b846-79a6720a331c 0f1bda52ab8b4fab9f2b400a21821200 474403898e1d4276887ae5609589939e - - default default] 10.0.0.179 "GET /v2.0/ports?project_id=685e825c5d124258b4c3fa3d701d0cb5&network_id=6745359d-730f-4ace-ae0c-0482a4452fb2 HTTP/1.1" status: 200 len: 3510 time: 0.1087914
2026-03-04 02:32:40.813 9 INFO neutron.wsgi [None req-a63fa0ca-9289-4829-80d9-e7799255afac e86b2f5c0d13476fbc56f8bf0110de40 6a5cfa099e944c329122b19e1a107ddb - - default default] 10.0.0.179 "PUT /v2.0/floatingips/2f142625-aef2-4cda-bd4e-4077bd6d4cb4/tags HTTP/1.1" status: 200 len: 227 time: 0.0728447
2026-03-04 02:32:40.890 10 INFO neutron.wsgi [None req-c4df8a0e-449a-48cd-aa2a-2024327d9ac3 e86b2f5c0d13476fbc56f8bf0110de40 6a5cfa099e944c329122b19e1a107ddb - - default default] 10.0.0.179 "PUT /v2.0/floatingips/69824525-82f7-41c2-bedb-d6acf3deb2f4/tags HTTP/1.1" status: 200 len: 212 time: 0.0710895
2026-03-04 02:32:40.946 10 INFO neutron.wsgi [None req-86a05c6f-441c-4096-93d8-367a4329a2b0 e86b2f5c0d13476fbc56f8bf0110de40 6a5cfa099e944c329122b19e1a107ddb - - default default] 10.0.0.179 "GET /v2.0/floatingips?tags=red HTTP/1.1" status: 200 len: 1866 time: 0.0488713
2026-03-04 02:32:40.993 10 INFO neutron.wsgi [None req-751788d2-b405-4751-896d-c3c501e15c58 e86b2f5c0d13476fbc56f8bf0110de40 6a5cfa099e944c329122b19e1a107ddb - - default default] 10.0.0.179 "GET /v2.0/floatingips?tags=red%2Cblue HTTP/1.1" status: 200 len: 1323 time: 0.0416884
2026-03-04 02:32:41.002 9 INFO neutron.db.ovn_revision_numbers_db [None req-dd3e3ba9-6ef2-40bf-88fb-9f5cfa087901 bcf2610efd8c4f2eb4e4c30588e3cb2d 79fc3856c9654c3eb86f9a22688279ef - - default default] Successfully bumped revision number for resource 839997c5-ac26-4bda-992e-455138718643 (type: ports) to 2
2026-03-04 02:32:41.055 10 INFO neutron.wsgi [None req-4f1d9eaf-717b-4a57-bd56-b21406950e4e e86b2f5c0d13476fbc56f8bf0110de40 6a5cfa099e944c329122b19e1a107ddb - - default default] 10.0.0.179 "GET /v2.0/floatingips?tags-any=blue HTTP/1.1" status: 200 len: 1323 time: 0.0567694
2026-03-04 02:32:41.063 9 INFO neutron.wsgi [None req-3ce7f6fb-0058-4179-b808-e97d90e05fb9 0f1bda52ab8b4fab9f2b400a21821200 474403898e1d4276887ae5609589939e - - default default] 10.0.0.179 "GET /v2.0/subnets?network_id=23d00f21-e629-4a10-9f63-09857d39d79a HTTP/1.1" status: 200 len: 838 time: 0.0405419
2026-03-04 02:32:41.066 9 INFO neutron.db.ovn_revision_numbers_db [None req-dd3e3ba9-6ef2-40bf-88fb-9f5cfa087901 bcf2610efd8c4f2eb4e4c30588e3cb2d 79fc3856c9654c3eb86f9a22688279ef - - default default] Successfully bumped revision number for resource 32665404-8941-4633-a145-a10a7f2632a2 (type: subnets) to 0
2026-03-04 02:32:41.077 9 INFO neutron.wsgi [None req-dd3e3ba9-6ef2-40bf-88fb-9f5cfa087901 bcf2610efd8c4f2eb4e4c30588e3cb2d 79fc3856c9654c3eb86f9a22688279ef - - default default] 10.0.0.179 "POST /v2.0/subnets HTTP/1.1" status: 201 len: 862 time: 0.7917516
2026-03-04 02:32:41.094 10 INFO neutron.wsgi [None req-2942d7db-4f16-4b1f-9c74-d14e34894da8 e86b2f5c0d13476fbc56f8bf0110de40 6a5cfa099e944c329122b19e1a107ddb - - default default] 10.0.0.179 "GET /v2.0/floatingips?tags-any=red%2Cblue HTTP/1.1" status: 200 len: 1866 time: 0.0335047
2026-03-04 02:32:41.143 9 INFO neutron.wsgi [None req-a5146921-f59a-4e67-a9b3-775d902a94d2 e86b2f5c0d13476fbc56f8bf0110de40 6a5cfa099e944c329122b19e1a107ddb - - default default] 10.0.0.179 "GET /v2.0/floatingips?not-tags=red HTTP/1.1" status: 200 len: 1295 time: 0.0452213
2026-03-04 02:32:41.206 9 INFO neutron.wsgi [None req-96df0148-c367-4f15-b432-9b65ad236d7f e86b2f5c0d13476fbc56f8bf0110de40 6a5cfa099e944c329122b19e1a107ddb - - default default] 10.0.0.179 "GET /v2.0/floatingips?not-tags=red%2Cblue HTTP/1.1" status: 200 len: 1838 time: 0.0575156
2026-03-04 02:32:41.274 10 INFO neutron.wsgi [None req-1be926d1-c3df-4264-afd9-547aabd3e0a2 e86b2f5c0d13476fbc56f8bf0110de40 6a5cfa099e944c329122b19e1a107ddb - - default default] 10.0.0.179 "GET /v2.0/floatingips?not-tags-any=blue HTTP/1.1" status: 200 len: 1838 time: 0.0624454
2026-03-04 02:32:41.313 10 INFO neutron.wsgi [None req-f67a6a89-88a4-49b9-b40e-023b151f4be3 e86b2f5c0d13476fbc56f8bf0110de40 6a5cfa099e944c329122b19e1a107ddb - - default default] 10.0.0.179 "GET /v2.0/floatingips?not-tags-any=red%2Cblue HTTP/1.1" status: 200 len: 1295 time: 0.0352893
2026-03-04 02:32:41.456 9 INFO neutron.db.l3_db [None req-58dc880b-8470-4607-97f9-92920d490d86 69629d12232e4d8c84a5b576a8b3c5c2 685e825c5d124258b4c3fa3d701d0cb5 - - default default] Floating IP 60859cbe-c301-49bc-8ecb-71418518200e disassociated. External IP: 10.96.250.217, port: e7abb6e1-ef15-4a6b-8292-7e45b4ba4369.
2026-03-04 02:32:41.547 9 INFO neutron.db.ovn_revision_numbers_db [None req-58dc880b-8470-4607-97f9-92920d490d86 69629d12232e4d8c84a5b576a8b3c5c2 685e825c5d124258b4c3fa3d701d0cb5 - - default default] Successfully bumped revision number for resource 60859cbe-c301-49bc-8ecb-71418518200e (type: floatingips) to 2
2026-03-04 02:32:41.639 9 INFO neutron.wsgi [None req-58dc880b-8470-4607-97f9-92920d490d86 69629d12232e4d8c84a5b576a8b3c5c2 685e825c5d124258b4c3fa3d701d0cb5 - - default default] 10.0.0.179 "PUT /v2.0/floatingips/60859cbe-c301-49bc-8ecb-71418518200e HTTP/1.1" status: 200 len: 748 time: 0.3847501
2026-03-04 02:32:41.673 10 INFO neutron.wsgi [None req-847b1951-3e2a-469f-865c-3ae8c0b68103 69629d12232e4d8c84a5b576a8b3c5c2 685e825c5d124258b4c3fa3d701d0cb5 - - default default] 10.0.0.179 "GET /v2.0/floatingips/60859cbe-c301-49bc-8ecb-71418518200e HTTP/1.1" status: 200 len: 746 time: 0.0291059
2026-03-04 02:32:41.685 9 INFO neutron.notifiers.nova [-] Nova event matching ['req-a3fdb8ff-a7b5-46bf-9d5e-40ca55d61b3a'] response: {'name': 'network-changed', 'server_uuid': '40bae790-fec1-4ab7-8f25-6a78dbd57021', 'tag': 'e7abb6e1-ef15-4a6b-8292-7e45b4ba4369', 'status': 'completed', 'code': 200}
2026-03-04 02:32:41.688 10 INFO neutron.wsgi [None req-8f3451bf-1670-4dfe-bba1-9587e014aa60 e86b2f5c0d13476fbc56f8bf0110de40 6a5cfa099e944c329122b19e1a107ddb - - default default] 10.0.0.179 "DELETE /v2.0/floatingips/43e1a26e-756c-4834-9587-50ab9109f7ab HTTP/1.1" status: 204 len: 168 time: 0.3674512
2026-03-04 02:32:41.759 10 INFO neutron.wsgi [req-05c16a03-105f-4f47-93ec-be0add07730d req-124d6d34-be4c-474e-8bf3-9e0273882c1d 7f6808a736204204b900259adadebfc1 dd649a7e0fa94d889784905637a9c9ce - - 0b47a8ef162b449791a7619f7bd9f895 0b47a8ef162b449791a7619f7bd9f895] 199.204.45.162 "GET /v2.0/ports?tenant_id=685e825c5d124258b4c3fa3d701d0cb5&device_id=40bae790-fec1-4ab7-8f25-6a78dbd57021 HTTP/1.1" status: 200 len: 1409 time: 0.0470541
2026-03-04 02:32:41.764 9 WARNING neutron.scheduler.dhcp_agent_scheduler [None req-cd2f8806-35eb-4dfe-8dd5-73a63fd4b30e bcf2610efd8c4f2eb4e4c30588e3cb2d 79fc3856c9654c3eb86f9a22688279ef - - default default] No more DHCP agents
2026-03-04 02:32:41.768 9 WARNING neutron.api.rpc.agentnotifiers.dhcp_rpc_agent_api [None req-cd2f8806-35eb-4dfe-8dd5-73a63fd4b30e bcf2610efd8c4f2eb4e4c30588e3cb2d 79fc3856c9654c3eb86f9a22688279ef - - default default] Unable to schedule network 23d00f21-e629-4a10-9f63-09857d39d79a: no agents available; will retry on subsequent port and subnet creation events.
2026-03-04 02:32:41.841 10 INFO neutron.wsgi [req-05c16a03-105f-4f47-93ec-be0add07730d req-4c915dc7-0206-47e3-8430-ec7fe3602025 7f6808a736204204b900259adadebfc1 dd649a7e0fa94d889784905637a9c9ce - - 0b47a8ef162b449791a7619f7bd9f895 0b47a8ef162b449791a7619f7bd9f895] 199.204.45.162 "GET /v2.0/networks?id=6745359d-730f-4ace-ae0c-0482a4452fb2 HTTP/1.1" status: 200 len: 958 time: 0.0736201
2026-03-04 02:32:41.876 10 INFO neutron.wsgi [req-05c16a03-105f-4f47-93ec-be0add07730d req-b77d876a-b747-4b53-83f7-94f98ee46db9 7f6808a736204204b900259adadebfc1 dd649a7e0fa94d889784905637a9c9ce - - 0b47a8ef162b449791a7619f7bd9f895 0b47a8ef162b449791a7619f7bd9f895] 199.204.45.162 "GET /v2.0/floatingips?fixed_ip_address=10.100.0.8&port_id=e7abb6e1-ef15-4a6b-8292-7e45b4ba4369 HTTP/1.1" status: 200 len: 217 time: 0.0270207
2026-03-04 02:32:42.183 9 INFO neutron.db.ovn_revision_numbers_db [None req-cd2f8806-35eb-4dfe-8dd5-73a63fd4b30e bcf2610efd8c4f2eb4e4c30588e3cb2d 79fc3856c9654c3eb86f9a22688279ef - - default default] Successfully bumped revision number for resource 598c05e9-c94e-497c-99e7-45ab76413a12 (type: ports) to 1
2026-03-04 02:32:42.190 10 INFO neutron.wsgi [req-05c16a03-105f-4f47-93ec-be0add07730d req-05735279-baf2-4b86-903a-4c004ea58703 7f6808a736204204b900259adadebfc1 dd649a7e0fa94d889784905637a9c9ce - - 0b47a8ef162b449791a7619f7bd9f895 0b47a8ef162b449791a7619f7bd9f895] 199.204.45.162 "GET /v2.0/subnets?id=d3ea0479-3f77-4198-83e8-f541155b4548 HTTP/1.1" status: 200 len: 852 time: 0.3063409
2026-03-04 02:32:42.220 10 INFO neutron.wsgi [req-05c16a03-105f-4f47-93ec-be0add07730d req-a8c04555-c11f-437e-9ea3-c31ea18c485c 7f6808a736204204b900259adadebfc1 dd649a7e0fa94d889784905637a9c9ce - - 0b47a8ef162b449791a7619f7bd9f895 0b47a8ef162b449791a7619f7bd9f895] 199.204.45.162 "GET /v2.0/ports?network_id=6745359d-730f-4ace-ae0c-0482a4452fb2&device_owner=network%3Adhcp HTTP/1.1" status: 200 len: 210 time: 0.0230467
2026-03-04 02:32:42.302 10 INFO neutron.wsgi [req-05c16a03-105f-4f47-93ec-be0add07730d req-784c08de-c866-4dfb-a8e9-5f43af89851c 7f6808a736204204b900259adadebfc1 dd649a7e0fa94d889784905637a9c9ce - - 0b47a8ef162b449791a7619f7bd9f895 0b47a8ef162b449791a7619f7bd9f895] 199.204.45.162 "GET /v2.0/networks/6745359d-730f-4ace-ae0c-0482a4452fb2?fields=segments HTTP/1.1" status: 200 len: 212 time: 0.0736837
2026-03-04 02:32:42.383 10 INFO neutron.wsgi [req-05c16a03-105f-4f47-93ec-be0add07730d req-002437d1-116a-4545-af1c-6b646a5fdb90 7f6808a736204204b900259adadebfc1 dd649a7e0fa94d889784905637a9c9ce - - 0b47a8ef162b449791a7619f7bd9f895 0b47a8ef162b449791a7619f7bd9f895] 199.204.45.162 "GET /v2.0/networks/6745359d-730f-4ace-ae0c-0482a4452fb2?fields=provider%3Aphysical_network&fields=provider%3Anetwork_type HTTP/1.1" status: 200 len: 277 time: 0.0701668
2026-03-04 02:32:42.404 10 INFO neutron.wsgi [None req-257a0beb-3b28-462a-9320-281320ed8e4c e86b2f5c0d13476fbc56f8bf0110de40 6a5cfa099e944c329122b19e1a107ddb - - default default] 10.0.0.179 "DELETE /v2.0/floatingips/7e77caa7-831c-4d4f-9e19-75d4028c340f HTTP/1.1" status: 204 len: 168 time: 0.7103910
2026-03-04 02:32:42.705 10 INFO neutron.wsgi [None req-c9432517-076d-4cf0-8326-768adb33380e e86b2f5c0d13476fbc56f8bf0110de40 6a5cfa099e944c329122b19e1a107ddb - - default default] 10.0.0.179 "DELETE /v2.0/floatingips/2f142625-aef2-4cda-bd4e-4077bd6d4cb4 HTTP/1.1" status: 204 len: 168 time: 0.2963080
2026-03-04 02:32:42.742 10 WARNING neutron_lib.context [None req-34d9ae2c-39fb-40b8-afa4-85e76230605e 69629d12232e4d8c84a5b576a8b3c5c2 685e825c5d124258b4c3fa3d701d0cb5 - - default default] Method 'is_advsvc' is deprecated since 2023.2 release (neutron-lib 3.8.0) and will be removed once support for the old RBAC API policies will be removed from Neutron. Please use method 'is_service_role' instead.
2026-03-04 02:32:42.813 9 INFO neutron.plugins.ml2.drivers.ovn.mech_driver.mech_driver [None req-c7941d8f-798b-4ce2-8866-f4cd2a57569c - - - - - -] OVN reports status up for port: 598c05e9-c94e-497c-99e7-45ab76413a12
2026-03-04 02:32:42.827 10 INFO neutron.plugins.ml2.drivers.ovn.mech_driver.ovsdb.ovsdb_monitor [None req-da45f4cc-afc4-405d-9ddf-72f6b2096c75 - - - - - -] Router b5ae5eed-92d7-41d3-9082-94342e97f373 is bound to host instance
2026-03-04 02:32:42.835 9 INFO neutron.db.ovn_revision_numbers_db [None req-cd2f8806-35eb-4dfe-8dd5-73a63fd4b30e bcf2610efd8c4f2eb4e4c30588e3cb2d 79fc3856c9654c3eb86f9a22688279ef - - default default] Successfully bumped revision number for resource 598c05e9-c94e-497c-99e7-45ab76413a12 (type: router_ports) to 1
2026-03-04 02:32:42.838 9 INFO neutron.plugins.ml2.plugin [None req-c7941d8f-798b-4ce2-8866-f4cd2a57569c - - - - - -] Attempt 1 to provision port 598c05e9-c94e-497c-99e7-45ab76413a12
2026-03-04 02:32:42.920 9 INFO neutron.db.ovn_revision_numbers_db [None req-cd2f8806-35eb-4dfe-8dd5-73a63fd4b30e bcf2610efd8c4f2eb4e4c30588e3cb2d 79fc3856c9654c3eb86f9a22688279ef - - default default] Successfully bumped revision number for resource b5ae5eed-92d7-41d3-9082-94342e97f373 (type: routers) to 2
2026-03-04 02:32:42.938 9 INFO neutron.wsgi [None req-cd2f8806-35eb-4dfe-8dd5-73a63fd4b30e bcf2610efd8c4f2eb4e4c30588e3cb2d 79fc3856c9654c3eb86f9a22688279ef - - default default] 10.0.0.179 "POST /v2.0/routers HTTP/1.1" status: 201 len: 873 time: 1.8560750 /var/lib/openstack/lib/python3.10/site-packages/pycadf/identifier.py:71: UserWarning: Invalid uuid: neutron. To ensure interoperability, identifiers should be a valid uuid. warnings.warn(('Invalid uuid: %s. To ensure interoperability, '
2026-03-04 02:32:43.059 10 INFO neutron.db.ovn_revision_numbers_db [None req-34d9ae2c-39fb-40b8-afa4-85e76230605e 69629d12232e4d8c84a5b576a8b3c5c2 685e825c5d124258b4c3fa3d701d0cb5 - - default default] Successfully bumped revision number for resource d0466b2a-4db3-475a-91fe-499c1d1c42d0 (type: security_groups) to 1
2026-03-04 02:32:43.091 10 INFO neutron.db.ovn_revision_numbers_db [None req-34d9ae2c-39fb-40b8-afa4-85e76230605e 69629d12232e4d8c84a5b576a8b3c5c2 685e825c5d124258b4c3fa3d701d0cb5 - - default default] Successfully bumped revision number for resource 012090d6-c591-4a69-ac4a-7a947b387ec2 (type: security_group_rules) to 0
2026-03-04 02:32:43.117 10 INFO neutron.db.ovn_revision_numbers_db [None req-34d9ae2c-39fb-40b8-afa4-85e76230605e 69629d12232e4d8c84a5b576a8b3c5c2 685e825c5d124258b4c3fa3d701d0cb5 - - default default] Successfully bumped revision number for resource ee8e68e6-3609-4ad3-82f9-4f84a7ba103b (type: security_group_rules) to 0
2026-03-04 02:32:43.142 10 INFO neutron.wsgi [None req-34d9ae2c-39fb-40b8-afa4-85e76230605e 69629d12232e4d8c84a5b576a8b3c5c2 685e825c5d124258b4c3fa3d701d0cb5 - - default default] 10.0.0.179 "POST /v2.0/security-groups HTTP/1.1" status: 201 len: 1809 time: 0.4043496
2026-03-04 02:32:43.154 10 WARNING neutron_lib.context [None req-3c22c206-0ffc-4a10-b606-d693763fff74 69629d12232e4d8c84a5b576a8b3c5c2 685e825c5d124258b4c3fa3d701d0cb5 - - default default] Method 'is_advsvc' is deprecated since 2023.2 release (neutron-lib 3.8.0) and will be removed once support for the old RBAC API policies will be removed from Neutron. Please use method 'is_service_role' instead.
2026-03-04 02:32:43.298 10 INFO neutron.wsgi [None req-925e3162-ceda-49e4-95c9-12b431cf71c8 e86b2f5c0d13476fbc56f8bf0110de40 6a5cfa099e944c329122b19e1a107ddb - - default default] 10.0.0.179 "DELETE /v2.0/floatingips/69824525-82f7-41c2-bedb-d6acf3deb2f4 HTTP/1.1" status: 204 len: 168 time: 0.5840459
2026-03-04 02:32:43.386 10 INFO neutron.db.ovn_revision_numbers_db [None req-3c22c206-0ffc-4a10-b606-d693763fff74 69629d12232e4d8c84a5b576a8b3c5c2 685e825c5d124258b4c3fa3d701d0cb5 - - default default] Successfully bumped revision number for resource b21c2bf8-80e6-4abb-ad24-d06ae0ceb0c5 (type: security_group_rules) to 0
2026-03-04 02:32:43.420 10 INFO neutron.wsgi [None req-3c22c206-0ffc-4a10-b606-d693763fff74 69629d12232e4d8c84a5b576a8b3c5c2 685e825c5d124258b4c3fa3d701d0cb5 - - default default] 10.0.0.179 "POST /v2.0/security-group-rules HTTP/1.1" status: 201 len: 764 time: 0.2709138
2026-03-04 02:32:43.431 10 WARNING neutron_lib.context [None req-57bed3f8-b31c-4ce1-b194-0a3762926e84 69629d12232e4d8c84a5b576a8b3c5c2 685e825c5d124258b4c3fa3d701d0cb5 - - default default] Method 'is_advsvc' is deprecated since 2023.2 release (neutron-lib 3.8.0) and will be removed once support for the old RBAC API policies will be removed from Neutron. Please use method 'is_service_role' instead.
2026-03-04 02:32:43.466 9 WARNING neutron.scheduler.dhcp_agent_scheduler [None req-ce9a3ed9-9834-4ecc-bc3b-9c522d2d2ca0 bcf2610efd8c4f2eb4e4c30588e3cb2d 79fc3856c9654c3eb86f9a22688279ef - - default default] No more DHCP agents
2026-03-04 02:32:43.468 9 WARNING neutron.api.rpc.agentnotifiers.dhcp_rpc_agent_api [None req-ce9a3ed9-9834-4ecc-bc3b-9c522d2d2ca0 bcf2610efd8c4f2eb4e4c30588e3cb2d 79fc3856c9654c3eb86f9a22688279ef - - default default] Unable to schedule network b92e76c7-05ff-4bb3-abf8-d96193145f05: no agents available; will retry on subsequent port and subnet creation events.
2026-03-04 02:32:43.546 10 INFO neutron.db.ovn_revision_numbers_db [None req-da45f4cc-afc4-405d-9ddf-72f6b2096c75 - - - - - -] Successfully bumped revision number for resource 598c05e9-c94e-497c-99e7-45ab76413a12 (type: ports) to 1
2026-03-04 02:32:43.564 10 INFO neutron.db.ovn_revision_numbers_db [None req-57bed3f8-b31c-4ce1-b194-0a3762926e84 69629d12232e4d8c84a5b576a8b3c5c2 685e825c5d124258b4c3fa3d701d0cb5 - - default default] Successfully bumped revision number for resource 21bf0feb-4b21-404c-8f23-678e6c72b7d5 (type: security_group_rules) to 0
2026-03-04 02:32:43.603 10 INFO neutron.wsgi [None req-57bed3f8-b31c-4ce1-b194-0a3762926e84 69629d12232e4d8c84a5b576a8b3c5c2 685e825c5d124258b4c3fa3d701d0cb5 - - default default] 10.0.0.179 "POST /v2.0/security-group-rules HTTP/1.1" status: 201 len: 763 time: 0.1772015
2026-03-04 02:32:43.612 10 WARNING neutron_lib.context [None req-1400f599-341c-415d-a167-686cb48ca2da 69629d12232e4d8c84a5b576a8b3c5c2 685e825c5d124258b4c3fa3d701d0cb5 - - default default] Method 'is_advsvc' is deprecated since 2023.2 release (neutron-lib 3.8.0) and will be removed once support for the old RBAC API policies will be removed from Neutron. Please use method 'is_service_role' instead.
2026-03-04 02:32:43.708 9 INFO neutron.db.ovn_revision_numbers_db [None req-ce9a3ed9-9834-4ecc-bc3b-9c522d2d2ca0 bcf2610efd8c4f2eb4e4c30588e3cb2d 79fc3856c9654c3eb86f9a22688279ef - - default default] Successfully bumped revision number for resource aac7253b-75d6-4661-bf99-2f2232629c9f (type: ports) to 1
2026-03-04 02:32:43.761 9 INFO neutron.wsgi [None req-7bb6474a-f458-4dcd-be1f-4a9a72a992a4 e86b2f5c0d13476fbc56f8bf0110de40 6a5cfa099e944c329122b19e1a107ddb - - default default] 10.0.0.179 "DELETE /v2.0/floatingips/ff8b70af-f121-4ffa-a7ed-4f1cddbd12ae HTTP/1.1" status: 204 len: 168 time: 0.4506185
2026-03-04 02:32:43.778 10 INFO neutron.db.ovn_revision_numbers_db [None req-da45f4cc-afc4-405d-9ddf-72f6b2096c75 - - - - - -] Successfully bumped revision number for resource 598c05e9-c94e-497c-99e7-45ab76413a12 (type: router_ports) to 3
2026-03-04 02:32:43.780 10 INFO neutron.db.ovn_revision_numbers_db [None req-1400f599-341c-415d-a167-686cb48ca2da 69629d12232e4d8c84a5b576a8b3c5c2 685e825c5d124258b4c3fa3d701d0cb5 - - default default] Successfully bumped revision number for resource ec7894df-b0d4-4c1e-a315-42b44347bf50 (type: security_group_rules) to 0
2026-03-04 02:32:43.812 10 INFO neutron.wsgi [None req-1400f599-341c-415d-a167-686cb48ca2da 69629d12232e4d8c84a5b576a8b3c5c2 685e825c5d124258b4c3fa3d701d0cb5 - - default default] 10.0.0.179 "POST /v2.0/security-group-rules HTTP/1.1" status: 201 len: 769 time: 0.2039683
2026-03-04 02:32:43.827 10 WARNING neutron_lib.context [None req-8220c4ff-3682-4d87-a4d4-fce3a8afaf1c 69629d12232e4d8c84a5b576a8b3c5c2 685e825c5d124258b4c3fa3d701d0cb5 - - default default] Method 'is_advsvc' is deprecated since 2023.2 release (neutron-lib 3.8.0) and will be removed once support for the old RBAC API policies will be removed from Neutron. Please use method 'is_service_role' instead.
2026-03-04 02:32:43.963 10 INFO neutron.db.ovn_revision_numbers_db [None req-da45f4cc-afc4-405d-9ddf-72f6b2096c75 - - - - - -] Successfully bumped revision number for resource 598c05e9-c94e-497c-99e7-45ab76413a12 (type: ports) to 2
2026-03-04 02:32:43.976 10 INFO neutron.db.ovn_revision_numbers_db [None req-8220c4ff-3682-4d87-a4d4-fce3a8afaf1c 69629d12232e4d8c84a5b576a8b3c5c2 685e825c5d124258b4c3fa3d701d0cb5 - - default default] Successfully bumped revision number for resource d0d01672-f347-4103-80e8-3e7c0e1fc73f (type: security_group_rules) to 0
2026-03-04 02:32:44.022 10 INFO neutron.wsgi [None req-8220c4ff-3682-4d87-a4d4-fce3a8afaf1c 69629d12232e4d8c84a5b576a8b3c5c2 685e825c5d124258b4c3fa3d701d0cb5 - - default default] 10.0.0.179 "POST /v2.0/security-group-rules HTTP/1.1" status: 201 len: 768 time: 0.2002280
2026-03-04 02:32:44.035 10 WARNING neutron_lib.context [None req-9e5a9fd2-4d93-4f79-a375-89ea1d883263 69629d12232e4d8c84a5b576a8b3c5c2 685e825c5d124258b4c3fa3d701d0cb5 - - default default] Method 'is_advsvc' is deprecated since 2023.2 release (neutron-lib 3.8.0) and will be removed once support for the old RBAC API policies will be removed from Neutron. Please use method 'is_service_role' instead.
2026-03-04 02:32:44.058 10 INFO neutron.db.securitygroups_db [None req-9e5a9fd2-4d93-4f79-a375-89ea1d883263 69629d12232e4d8c84a5b576a8b3c5c2 685e825c5d124258b4c3fa3d701d0cb5 - - default default] Project 685e825c5d124258b4c3fa3d701d0cb5 added a security group rule with legacy IPv6 ICMP protocol name icmp, ipv6-icmp should be used instead. It was automatically converted.
2026-03-04 02:32:44.112 10 INFO neutron.plugins.ml2.drivers.ovn.mech_driver.mech_driver [None req-bb7dfab9-54d8-433b-91ad-d2fed24618f7 - - - - - -] OVN reports status up for port: aac7253b-75d6-4661-bf99-2f2232629c9f
2026-03-04 02:32:44.130 9 INFO neutron.db.ovn_revision_numbers_db [None req-ce9a3ed9-9834-4ecc-bc3b-9c522d2d2ca0 bcf2610efd8c4f2eb4e4c30588e3cb2d 79fc3856c9654c3eb86f9a22688279ef - - default default] Successfully bumped revision number for resource aac7253b-75d6-4661-bf99-2f2232629c9f (type: router_ports) to 1
2026-03-04 02:32:44.133 10 INFO neutron.plugins.ml2.plugin [None req-bb7dfab9-54d8-433b-91ad-d2fed24618f7 - - - - - -] Attempt 1 to provision port aac7253b-75d6-4661-bf99-2f2232629c9f
2026-03-04 02:32:44.258 10 INFO neutron.db.ovn_revision_numbers_db [None req-9e5a9fd2-4d93-4f79-a375-89ea1d883263 69629d12232e4d8c84a5b576a8b3c5c2 685e825c5d124258b4c3fa3d701d0cb5 - - default default] Successfully bumped revision number for resource ebd837ef-e53d-4cf9-80c5-ce78327d07ab (type: security_group_rules) to 0
2026-03-04 02:32:44.295 10 INFO neutron.wsgi [None req-9e5a9fd2-4d93-4f79-a375-89ea1d883263 69629d12232e4d8c84a5b576a8b3c5c2 685e825c5d124258b4c3fa3d701d0cb5 - - default default] 10.0.0.179 "POST /v2.0/security-group-rules HTTP/1.1" status: 201 len: 774 time: 0.2659533
2026-03-04 02:32:44.298 9 INFO neutron.db.ovn_revision_numbers_db [None req-ce9a3ed9-9834-4ecc-bc3b-9c522d2d2ca0 bcf2610efd8c4f2eb4e4c30588e3cb2d 79fc3856c9654c3eb86f9a22688279ef - - default default] Successfully bumped revision number for resource aac7253b-75d6-4661-bf99-2f2232629c9f (type: ports) to 1
2026-03-04 02:32:44.308 9 WARNING neutron_lib.context [None req-6e816237-ce5c-4b46-9338-cef8538571e2 69629d12232e4d8c84a5b576a8b3c5c2 685e825c5d124258b4c3fa3d701d0cb5 - - default default] Method 'is_advsvc' is deprecated since 2023.2 release (neutron-lib 3.8.0) and will be removed once support for the old RBAC API policies will be removed from Neutron. Please use method 'is_service_role' instead.
2026-03-04 02:32:44.357 10 INFO neutron.db.ovn_revision_numbers_db [None req-da45f4cc-afc4-405d-9ddf-72f6b2096c75 - - - - - -] Successfully bumped revision number for resource 598c05e9-c94e-497c-99e7-45ab76413a12 (type: ports) to 4
2026-03-04 02:32:44.359 9 INFO neutron.db.securitygroups_db [None req-6e816237-ce5c-4b46-9338-cef8538571e2 69629d12232e4d8c84a5b576a8b3c5c2 685e825c5d124258b4c3fa3d701d0cb5 - - default default] Project 685e825c5d124258b4c3fa3d701d0cb5 added a security group rule with legacy IPv6 ICMP protocol name icmp, ipv6-icmp should be used instead. It was automatically converted.
2026-03-04 02:32:44.402 9 WARNING neutron.scheduler.dhcp_agent_scheduler [None req-ce9a3ed9-9834-4ecc-bc3b-9c522d2d2ca0 bcf2610efd8c4f2eb4e4c30588e3cb2d 79fc3856c9654c3eb86f9a22688279ef - - default default] No more DHCP agents
2026-03-04 02:32:44.406 9 WARNING neutron.api.rpc.agentnotifiers.dhcp_rpc_agent_api [None req-ce9a3ed9-9834-4ecc-bc3b-9c522d2d2ca0 bcf2610efd8c4f2eb4e4c30588e3cb2d 79fc3856c9654c3eb86f9a22688279ef - - default default] Unable to schedule network b92e76c7-05ff-4bb3-abf8-d96193145f05: no agents available; will retry on subsequent port and subnet creation events.
2026-03-04 02:32:44.537 9 INFO neutron.db.ovn_revision_numbers_db [None req-6e816237-ce5c-4b46-9338-cef8538571e2 69629d12232e4d8c84a5b576a8b3c5c2 685e825c5d124258b4c3fa3d701d0cb5 - - default default] Successfully bumped revision number for resource 63dbf2c5-ea81-4b59-bb93-51b9fb318265 (type: security_group_rules) to 0
2026-03-04 02:32:44.573 9 INFO neutron.wsgi [None req-6e816237-ce5c-4b46-9338-cef8538571e2 69629d12232e4d8c84a5b576a8b3c5c2 685e825c5d124258b4c3fa3d701d0cb5 - - default default] 10.0.0.179 "POST /v2.0/security-group-rules HTTP/1.1" status: 201 len: 773 time: 0.2702196
2026-03-04 02:32:44.779 10 INFO neutron.db.ovn_revision_numbers_db [None req-bb7dfab9-54d8-433b-91ad-d2fed24618f7 - - - - - -] Successfully bumped revision number for resource aac7253b-75d6-4661-bf99-2f2232629c9f (type: ports) to 2
2026-03-04 02:32:44.848 10 INFO neutron.db.ovn_revision_numbers_db [None req-da45f4cc-afc4-405d-9ddf-72f6b2096c75 - - - - - -] Successfully bumped revision number for resource 598c05e9-c94e-497c-99e7-45ab76413a12 (type: router_ports) to 4
2026-03-04 02:32:44.922 10 INFO neutron.db.ovn_revision_numbers_db [None req-bb7dfab9-54d8-433b-91ad-d2fed24618f7 - - - - - -] Successfully bumped revision number for resource aac7253b-75d6-4661-bf99-2f2232629c9f (type: router_ports) to 2
2026-03-04 02:32:44.965 9 INFO neutron.db.ovn_revision_numbers_db [None req-548b67e6-8606-45de-a659-202cd6902b99 bcf2610efd8c4f2eb4e4c30588e3cb2d 79fc3856c9654c3eb86f9a22688279ef - - default default] Successfully bumped revision number for resource 0dfeeec1-2e7c-4d9c-add8-7d48b32f171a (type: security_groups) to 1
2026-03-04 02:32:45.016 9 INFO neutron.db.ovn_revision_numbers_db [None req-548b67e6-8606-45de-a659-202cd6902b99 bcf2610efd8c4f2eb4e4c30588e3cb2d 79fc3856c9654c3eb86f9a22688279ef - - default default] Successfully bumped revision number for resource 13d69a99-a9b9-479c-b022-b5495c0ba4cd (type: security_group_rules) to 0
2026-03-04 02:32:45.036 9 INFO neutron.db.ovn_revision_numbers_db [None req-548b67e6-8606-45de-a659-202cd6902b99 bcf2610efd8c4f2eb4e4c30588e3cb2d 79fc3856c9654c3eb86f9a22688279ef - - default default] Successfully bumped revision number for resource 1fc94a99-8110-48b0-a22d-1c7c0200f235 (type: security_group_rules) to 0
2026-03-04 02:32:45.054 9 INFO neutron.db.ovn_revision_numbers_db [None req-548b67e6-8606-45de-a659-202cd6902b99 bcf2610efd8c4f2eb4e4c30588e3cb2d 79fc3856c9654c3eb86f9a22688279ef - - default default] Successfully bumped revision number for resource e9779043-7d3e-49ad-92e4-036893aa4c12 (type: security_group_rules) to 0
2026-03-04 02:32:45.077 9 INFO neutron.db.ovn_revision_numbers_db [None req-548b67e6-8606-45de-a659-202cd6902b99 bcf2610efd8c4f2eb4e4c30588e3cb2d 79fc3856c9654c3eb86f9a22688279ef - - default default] Successfully bumped revision number for resource fa5c1b2b-e766-4b3b-b571-e121b22e4818 (type: security_group_rules) to 0
2026-03-04 02:32:45.099 10 INFO neutron.wsgi [None req-56d9a524-3ea2-48bf-9c4a-59aacfbe3f45 69629d12232e4d8c84a5b576a8b3c5c2 685e825c5d124258b4c3fa3d701d0cb5 - - default default] 10.0.0.179 "GET /v2.0/networks HTTP/1.1" status: 200 len: 1492 time: 0.1511223
2026-03-04 02:32:45.105 9 INFO neutron.wsgi [None req-548b67e6-8606-45de-a659-202cd6902b99 bcf2610efd8c4f2eb4e4c30588e3cb2d 79fc3856c9654c3eb86f9a22688279ef - - default default] 10.0.0.179 "GET /v2.0/security-groups?tenant_id=ef82e457ca954c0db49afde9031194bc&name=default HTTP/1.1" status: 200 len: 2996 time: 0.5427387
2026-03-04 02:32:45.228 9 INFO neutron.wsgi [req-6b97ec19-e452-4560-8e23-281359d38fd7 req-b221565b-ac46-458e-bbcc-9d91f00c7aab 69629d12232e4d8c84a5b576a8b3c5c2 685e825c5d124258b4c3fa3d701d0cb5 - - default default] 10.0.0.147 "GET /v2.0/security-groups?name=tempest-secgroup-smoke-348101428&fields=id&tenant_id=685e825c5d124258b4c3fa3d701d0cb5 HTTP/1.1" status: 200 len: 267 time: 0.0535989
2026-03-04 02:32:45.309 9 INFO neutron.wsgi [req-6b97ec19-e452-4560-8e23-281359d38fd7 req-a2fad28f-29ed-40b0-8788-be192609f442 69629d12232e4d8c84a5b576a8b3c5c2 685e825c5d124258b4c3fa3d701d0cb5 - - default default] 10.0.0.147 "GET /v2.0/networks?id=6745359d-730f-4ace-ae0c-0482a4452fb2 HTTP/1.1" status: 200 len: 859 time: 0.0729389
2026-03-04 02:32:45.314 9 INFO neutron.db.ovn_revision_numbers_db [None req-ce9a3ed9-9834-4ecc-bc3b-9c522d2d2ca0 bcf2610efd8c4f2eb4e4c30588e3cb2d 79fc3856c9654c3eb86f9a22688279ef - - default default] Successfully bumped revision number for resource aac7253b-75d6-4661-bf99-2f2232629c9f (type: router_ports) to 2
