2026-03-04 02:31:05.526 9 INFO neutron.services.segments.plugin [-] Segment ba39a10f-a373-4a78-8f36-58d426c3b65d resource provider not found; error: Placement Client Error (4xx): {"errors": [{"status": 404, "title": "Not Found", "detail": "The resource could not be found.\n\n No resource provider with uuid ba39a10f-a373-4a78-8f36-58d426c3b65d found for delete ", "request_id": "req-c518b015-3f71-49ca-a65a-43929e5eb0e3"}]}
2026-03-04 02:31:05.559 9 INFO neutron.wsgi [None req-ebb92570-3671-4490-9920-cc914007e12b 86dc6a9534844f9ca01efe953d58b3fe a3c9b84e58e84cf5a7c8ff2bcc9cb34d - - default default] 10.0.0.179 "DELETE /v2.0/networks/f892b24b-5cf7-42bd-bdcb-824de24f7937 HTTP/1.1" status: 204 len: 168 time: 0.6760051 /var/lib/openstack/lib/python3.10/site-packages/pycadf/identifier.py:71: UserWarning: Invalid uuid: neutron. To ensure interoperability, identifiers should be a valid uuid. warnings.warn(('Invalid uuid: %s. To ensure interoperability, '
2026-03-04 02:31:05.872 10 WARNING neutron_lib.context [None req-dca6eed7-578e-4820-bb42-d05bf379f827 3c50ffdd4e9543308fcb8cc2b662916f 8988ae3ce9fe43d5b111d4f0d303c5f4 - - default default] Method 'is_advsvc' is deprecated since 2023.2 release (neutron-lib 3.8.0) and will be removed once support for the old RBAC API policies will be removed from Neutron. Please use method 'is_service_role' instead.
2026-03-04 02:31:05.872 10 WARNING neutron_lib.context [None req-dca6eed7-578e-4820-bb42-d05bf379f827 3c50ffdd4e9543308fcb8cc2b662916f 8988ae3ce9fe43d5b111d4f0d303c5f4 - - default default] Method 'is_advsvc' is deprecated since 2023.2 release (neutron-lib 3.8.0) and will be removed once support for the old RBAC API policies will be removed from Neutron. Please use method 'is_service_role' instead.
2026-03-04 02:31:05.961 9 INFO neutron.wsgi [None req-8ec894ec-4c31-4385-a29b-9f8ae08ab4c5 86dc6a9534844f9ca01efe953d58b3fe a3c9b84e58e84cf5a7c8ff2bcc9cb34d - - default default] 10.0.0.179 "DELETE /v2.0/networks/5e9016c0-058e-44a4-8dba-dcc6405cd1ae HTTP/1.1" status: 204 len: 168 time: 0.3870742
2026-03-04 02:31:06.011 10 INFO neutron.db.ovn_revision_numbers_db [None req-dca6eed7-578e-4820-bb42-d05bf379f827 3c50ffdd4e9543308fcb8cc2b662916f 8988ae3ce9fe43d5b111d4f0d303c5f4 - - default default] Successfully bumped revision number for resource 3ebafcf2-308f-456b-a7ef-539b52471d40 (type: security_groups) to 1
2026-03-04 02:31:06.028 10 INFO neutron.db.ovn_revision_numbers_db [None req-dca6eed7-578e-4820-bb42-d05bf379f827 3c50ffdd4e9543308fcb8cc2b662916f 8988ae3ce9fe43d5b111d4f0d303c5f4 - - default default] Successfully bumped revision number for resource 589e83c4-70d1-4e00-9700-e826070aba55 (type: security_group_rules) to 0
2026-03-04 02:31:06.055 10 INFO neutron.db.ovn_revision_numbers_db [None req-dca6eed7-578e-4820-bb42-d05bf379f827 3c50ffdd4e9543308fcb8cc2b662916f 8988ae3ce9fe43d5b111d4f0d303c5f4 - - default default] Successfully bumped revision number for resource a2a99191-4c2e-4873-929a-1981939c362b (type: security_group_rules) to 0
2026-03-04 02:31:06.074 10 INFO neutron.db.ovn_revision_numbers_db [None req-dca6eed7-578e-4820-bb42-d05bf379f827 3c50ffdd4e9543308fcb8cc2b662916f 8988ae3ce9fe43d5b111d4f0d303c5f4 - - default default] Successfully bumped revision number for resource cbb736a8-5b06-4727-9614-51571ac1ab74 (type: security_group_rules) to 0
2026-03-04 02:31:06.089 10 INFO neutron.db.ovn_revision_numbers_db [None req-dca6eed7-578e-4820-bb42-d05bf379f827 3c50ffdd4e9543308fcb8cc2b662916f 8988ae3ce9fe43d5b111d4f0d303c5f4 - - default default] Successfully bumped revision number for resource d19d6036-8e18-4921-8add-6978f79e7a75 (type: security_group_rules) to 0
2026-03-04 02:31:06.162 10 INFO neutron.db.segments_db [None req-dca6eed7-578e-4820-bb42-d05bf379f827 3c50ffdd4e9543308fcb8cc2b662916f 8988ae3ce9fe43d5b111d4f0d303c5f4 - - default default] Added segment 2c752c92-2e6f-494c-992a-71a3f8fb6184 of type geneve for network a305d2e3-038f-4958-b1d2-82c6c8f790ba
2026-03-04 02:31:06.291 10 INFO neutron.db.segments_db [None req-dca6eed7-578e-4820-bb42-d05bf379f827 3c50ffdd4e9543308fcb8cc2b662916f 8988ae3ce9fe43d5b111d4f0d303c5f4 - - default default] Added segment 0f46a30c-3898-4e57-b706-1b5dc61e3e25 of type geneve for network a7bec541-cfb6-4104-b373-7f093798c9f3
2026-03-04 02:31:06.354 9 INFO neutron.wsgi [None req-6b1fdc46-8def-4cb8-88a5-ee6200ef5e9e 86dc6a9534844f9ca01efe953d58b3fe a3c9b84e58e84cf5a7c8ff2bcc9cb34d - - default default] 10.0.0.179 "DELETE /v2.0/networks/62cc4439-8169-479a-ac07-daa6143b8e24 HTTP/1.1" status: 204 len: 168 time: 0.3868358
2026-03-04 02:31:06.482 10 INFO neutron.notifiers.nova [-] Nova event matching ['req-9fdd393e-e689-4463-bf04-61b154d9fed1'] response: {'server_uuid': '6a2762d8-8429-4c3e-a2c5-db3b6b3d719b', 'name': 'network-vif-plugged', 'status': 'completed', 'tag': 'fe67107c-e41d-4e8e-8dea-ad4e7c942a2d', 'code': 200}
2026-03-04 02:31:06.483 10 INFO neutron.notifiers.nova [-] Nova event matching ['req-9fdd393e-e689-4463-bf04-61b154d9fed1'] response: {'server_uuid': '6a2762d8-8429-4c3e-a2c5-db3b6b3d719b', 'name': 'network-vif-deleted', 'tag': 'fe67107c-e41d-4e8e-8dea-ad4e7c942a2d', 'status': 'completed', 'code': 200}
2026-03-04 02:31:06.495 10 INFO neutron.db.ovn_revision_numbers_db [None req-dca6eed7-578e-4820-bb42-d05bf379f827 3c50ffdd4e9543308fcb8cc2b662916f 8988ae3ce9fe43d5b111d4f0d303c5f4 - - default default] Successfully bumped revision number for resource a305d2e3-038f-4958-b1d2-82c6c8f790ba (type: networks) to 1
2026-03-04 02:31:06.721 10 INFO neutron.wsgi [None req-c22bac9a-35b8-46df-b79a-cb90aa6ebf8c ef9e2b52361d49808455e8e203c175e9 4efa77805af446a291e5d7484718bdb3 - - default default] 10.0.0.179 "DELETE /v2.0/security-groups/599b251b-399e-4dea-9fb3-aeadc34d7cf8 HTTP/1.1" status: 204 len: 168 time: 0.2227521
2026-03-04 02:31:06.731 10 WARNING neutron.scheduler.dhcp_agent_scheduler [None req-dca6eed7-578e-4820-bb42-d05bf379f827 3c50ffdd4e9543308fcb8cc2b662916f 8988ae3ce9fe43d5b111d4f0d303c5f4 - - default default] No more DHCP agents
2026-03-04 02:31:06.733 10 WARNING neutron.api.rpc.agentnotifiers.dhcp_rpc_agent_api [None req-dca6eed7-578e-4820-bb42-d05bf379f827 3c50ffdd4e9543308fcb8cc2b662916f 8988ae3ce9fe43d5b111d4f0d303c5f4 - - default default] Unable to schedule network a305d2e3-038f-4958-b1d2-82c6c8f790ba: no agents available; will retry on subsequent port and subnet creation events.
2026-03-04 02:31:06.737 9 INFO neutron.api.v2.resource [None req-458048fb-6958-4c28-9379-ff28411363c3 ef9e2b52361d49808455e8e203c175e9 4efa77805af446a291e5d7484718bdb3 - - default default] show failed (client error): The resource could not be found.
2026-03-04 02:31:06.739 9 INFO neutron.wsgi [None req-458048fb-6958-4c28-9379-ff28411363c3 ef9e2b52361d49808455e8e203c175e9 4efa77805af446a291e5d7484718bdb3 - - default default] 10.0.0.179 "GET /v2.0/security-groups/599b251b-399e-4dea-9fb3-aeadc34d7cf8 HTTP/1.1" status: 404 len: 347 time: 0.0107808
2026-03-04 02:31:06.802 9 INFO neutron.wsgi [None req-f69ea452-6d5b-404a-849d-d4f42e30a140 86dc6a9534844f9ca01efe953d58b3fe a3c9b84e58e84cf5a7c8ff2bcc9cb34d - - default default] 10.0.0.179 "DELETE /v2.0/networks/0f7e7c88-946a-4972-8375-d6cb8fca856d HTTP/1.1" status: 204 len: 168 time: 0.4445748
2026-03-04 02:31:06.819 10 INFO neutron.db.ovn_revision_numbers_db [None req-dca6eed7-578e-4820-bb42-d05bf379f827 3c50ffdd4e9543308fcb8cc2b662916f 8988ae3ce9fe43d5b111d4f0d303c5f4 - - default default] Successfully bumped revision number for resource 80e9d0b9-04a8-45ff-9d99-86fa27a90a1e (type: ports) to 1
2026-03-04 02:31:06.905 10 INFO neutron.db.ovn_revision_numbers_db [None req-dca6eed7-578e-4820-bb42-d05bf379f827 3c50ffdd4e9543308fcb8cc2b662916f 8988ae3ce9fe43d5b111d4f0d303c5f4 - - default default] Successfully bumped revision number for resource a7bec541-cfb6-4104-b373-7f093798c9f3 (type: networks) to 1
2026-03-04 02:31:07.115 10 WARNING neutron.scheduler.dhcp_agent_scheduler [None req-dca6eed7-578e-4820-bb42-d05bf379f827 3c50ffdd4e9543308fcb8cc2b662916f 8988ae3ce9fe43d5b111d4f0d303c5f4 - - default default] No more DHCP agents
2026-03-04 02:31:07.119 10 WARNING neutron.api.rpc.agentnotifiers.dhcp_rpc_agent_api [None req-dca6eed7-578e-4820-bb42-d05bf379f827 3c50ffdd4e9543308fcb8cc2b662916f 8988ae3ce9fe43d5b111d4f0d303c5f4 - - default default] Unable to schedule network a7bec541-cfb6-4104-b373-7f093798c9f3: no agents available; will retry on subsequent port and subnet creation events.
2026-03-04 02:31:07.141 9 INFO neutron.wsgi [None req-891533a0-cfa9-4ef5-b549-58747ce634b9 ef9e2b52361d49808455e8e203c175e9 4efa77805af446a291e5d7484718bdb3 - - default default] 10.0.0.179 "DELETE /v2.0/floatingips/4aacef9d-4deb-4843-b9e1-57b5caad5baf HTTP/1.1" status: 204 len: 168 time: 0.3984468
2026-03-04 02:31:07.244 10 INFO neutron.db.ovn_revision_numbers_db [None req-dca6eed7-578e-4820-bb42-d05bf379f827 3c50ffdd4e9543308fcb8cc2b662916f 8988ae3ce9fe43d5b111d4f0d303c5f4 - - default default] Successfully bumped revision number for resource c7d58c1a-defd-4715-ada2-4f7a45ad95c8 (type: ports) to 1
2026-03-04 02:31:07.293 9 INFO neutron.db.ovn_revision_numbers_db [None req-7081639a-54e3-42f6-9d91-284c4036b86a bcf2610efd8c4f2eb4e4c30588e3cb2d 79fc3856c9654c3eb86f9a22688279ef - - default default] Successfully bumped revision number for resource 2da4fa81-dc04-44d5-a064-e12f4ac5fa76 (type: security_groups) to 1
2026-03-04 02:31:07.295 10 INFO neutron.wsgi [None req-dca6eed7-578e-4820-bb42-d05bf379f827 3c50ffdd4e9543308fcb8cc2b662916f 8988ae3ce9fe43d5b111d4f0d303c5f4 - - default default] 10.0.0.179 "POST /v2.0/networks HTTP/1.1" status: 201 len: 1445 time: 1.5681446
2026-03-04 02:31:07.311 9 INFO neutron.db.ovn_revision_numbers_db [None req-7081639a-54e3-42f6-9d91-284c4036b86a bcf2610efd8c4f2eb4e4c30588e3cb2d 79fc3856c9654c3eb86f9a22688279ef - - default default] Successfully bumped revision number for resource 066a8b85-57e4-44a8-a36a-85e4702e6e11 (type: security_group_rules) to 0
2026-03-04 02:31:07.327 9 INFO neutron.db.ovn_revision_numbers_db [None req-7081639a-54e3-42f6-9d91-284c4036b86a bcf2610efd8c4f2eb4e4c30588e3cb2d 79fc3856c9654c3eb86f9a22688279ef - - default default] Successfully bumped revision number for resource 080794b1-ebb4-4f31-9fe9-c137991aaa5e (type: security_group_rules) to 0
2026-03-04 02:31:07.344 9 INFO neutron.db.ovn_revision_numbers_db [None req-7081639a-54e3-42f6-9d91-284c4036b86a bcf2610efd8c4f2eb4e4c30588e3cb2d 79fc3856c9654c3eb86f9a22688279ef - - default default] Successfully bumped revision number for resource 1d79ac56-caa2-43c4-b2f9-3768c048cc5d (type: security_group_rules) to 0
2026-03-04 02:31:07.361 9 INFO neutron.db.ovn_revision_numbers_db [None req-7081639a-54e3-42f6-9d91-284c4036b86a bcf2610efd8c4f2eb4e4c30588e3cb2d 79fc3856c9654c3eb86f9a22688279ef - - default default] Successfully bumped revision number for resource b95a9c16-0b1f-425e-9c97-aabfd7ef67d4 (type: security_group_rules) to 0
2026-03-04 02:31:07.415 9 INFO neutron.db.segments_db [None req-7081639a-54e3-42f6-9d91-284c4036b86a bcf2610efd8c4f2eb4e4c30588e3cb2d 79fc3856c9654c3eb86f9a22688279ef - - default default] Added segment 31aba760-6cf3-40d6-9641-c8d86015b462 of type geneve for network 5c0a4633-b510-40f8-a117-c8fabed35df3
2026-03-04 02:31:07.429 10 INFO neutron.wsgi [None req-7db695cc-3c13-47cf-90a4-9155740931b6 3c50ffdd4e9543308fcb8cc2b662916f 8988ae3ce9fe43d5b111d4f0d303c5f4 - - default default] 10.0.0.179 "GET /v2.0/networks HTTP/1.1" status: 200 len: 2051 time: 0.1253290
2026-03-04 02:31:07.554 9 INFO neutron.services.segments.plugin [-] Segment 760c916c-c420-4942-8dcc-1a74e66d66e7 resource provider aggregate not found
2026-03-04 02:31:07.571 9 INFO neutron.services.segments.plugin [-] Segment 760c916c-c420-4942-8dcc-1a74e66d66e7 resource provider aggregate not found
2026-03-04 02:31:07.589 9 INFO neutron.services.segments.plugin [-] Segment 760c916c-c420-4942-8dcc-1a74e66d66e7 resource provider not found; error: Placement Client Error (4xx): {"errors": [{"status": 404, "title": "Not Found", "detail": "The resource could not be found.\n\n No resource provider with uuid 760c916c-c420-4942-8dcc-1a74e66d66e7 found for delete ", "request_id": "req-a8956a1b-080d-4f16-9662-a8e0649d7fac"}]}
2026-03-04 02:31:07.598 9 INFO neutron.services.segments.plugin [-] Segment 760c916c-c420-4942-8dcc-1a74e66d66e7 resource provider not found; error: Placement Client Error (4xx): {"errors": [{"status": 404, "title": "Not Found", "detail": "The resource could not be found.\n\n No resource provider with uuid 760c916c-c420-4942-8dcc-1a74e66d66e7 found for delete ", "request_id": "req-4bb5b7e9-0d22-465a-85f8-f884ebcd80bd"}]}
2026-03-04 02:31:07.618 9 INFO neutron.services.segments.plugin [-] Segment ce3314cb-dc52-45ce-92d4-b739812752b9 resource provider aggregate not found
2026-03-04 02:31:07.626 9 INFO neutron.services.segments.plugin [-] Segment ce3314cb-dc52-45ce-92d4-b739812752b9 resource provider aggregate not found
2026-03-04 02:31:07.639 9 INFO neutron.services.segments.plugin [-] Segment ce3314cb-dc52-45ce-92d4-b739812752b9 resource provider not found; error: Placement Client Error (4xx): {"errors": [{"status": 404, "title": "Not Found", "detail": "The resource could not be found.\n\n No resource provider with uuid ce3314cb-dc52-45ce-92d4-b739812752b9 found for delete ", "request_id": "req-fbcae804-429d-4cce-9edc-9186481cb26c"}]}
2026-03-04 02:31:07.645 9 INFO neutron.services.segments.plugin [-] Segment ce3314cb-dc52-45ce-92d4-b739812752b9 resource provider not found; error: Placement Client Error (4xx): {"errors": [{"status": 404, "title": "Not Found", "detail": "The resource could not be found.\n\n No resource provider with uuid ce3314cb-dc52-45ce-92d4-b739812752b9 found for delete ", "request_id": "req-476a9889-4c49-49b8-b8d0-2f324e998a22"}]}
2026-03-04 02:31:07.658 9 INFO neutron.wsgi [None req-72805426-fc6c-40a2-8551-f9ea26006e8b bcf2610efd8c4f2eb4e4c30588e3cb2d 79fc3856c9654c3eb86f9a22688279ef - - default default] 10.0.0.179 "GET /v2.0/security-groups?tenant_id=a3c9b84e58e84cf5a7c8ff2bcc9cb34d&name=default HTTP/1.1" status: 200 len: 2996 time: 0.2835860
2026-03-04 02:31:07.664 9 INFO neutron.services.segments.plugin [-] Segment 79895f71-7d9d-4e16-a36d-c9a2a2d73699 resource provider aggregate not found
2026-03-04 02:31:07.669 9 INFO neutron.services.segments.plugin [-] Segment 79895f71-7d9d-4e16-a36d-c9a2a2d73699 resource provider aggregate not found
2026-03-04 02:31:07.678 9 INFO neutron.services.segments.plugin [-] Segment 79895f71-7d9d-4e16-a36d-c9a2a2d73699 resource provider not found; error: Placement Client Error (4xx): {"errors": [{"status": 404, "title": "Not Found", "detail": "The resource could not be found.\n\n No resource provider with uuid 79895f71-7d9d-4e16-a36d-c9a2a2d73699 found for delete ", "request_id": "req-1304cc93-f383-45f1-b13b-41d67e9fadb1"}]}
2026-03-04 02:31:07.680 9 INFO neutron.db.ovn_revision_numbers_db [None req-7081639a-54e3-42f6-9d91-284c4036b86a bcf2610efd8c4f2eb4e4c30588e3cb2d 79fc3856c9654c3eb86f9a22688279ef - - default default] Successfully bumped revision number for resource 5c0a4633-b510-40f8-a117-c8fabed35df3 (type: networks) to 1
2026-03-04 02:31:07.703 9 INFO neutron.services.segments.plugin [-] Segment 79895f71-7d9d-4e16-a36d-c9a2a2d73699 resource provider not found; error: Placement Client Error (4xx): {"errors": [{"status": 404, "title": "Not Found", "detail": "The resource could not be found.\n\n No resource provider with uuid 79895f71-7d9d-4e16-a36d-c9a2a2d73699 found for delete ", "request_id": "req-82c02bc4-1870-4d53-b78c-89a3bf9d0e6c"}]}
2026-03-04 02:31:07.933 9 WARNING neutron.scheduler.dhcp_agent_scheduler [None req-7081639a-54e3-42f6-9d91-284c4036b86a bcf2610efd8c4f2eb4e4c30588e3cb2d 79fc3856c9654c3eb86f9a22688279ef - - default default] No more DHCP agents
2026-03-04 02:31:07.937 9 WARNING neutron.api.rpc.agentnotifiers.dhcp_rpc_agent_api [None req-7081639a-54e3-42f6-9d91-284c4036b86a bcf2610efd8c4f2eb4e4c30588e3cb2d 79fc3856c9654c3eb86f9a22688279ef - - default default] Unable to schedule network 5c0a4633-b510-40f8-a117-c8fabed35df3: no agents available; will retry on subsequent port and subnet creation events.
2026-03-04 02:31:07.982 10 INFO neutron.wsgi [None req-e9f702ca-2c8d-4ad5-b2b0-afa2e7c13e22 bcf2610efd8c4f2eb4e4c30588e3cb2d 79fc3856c9654c3eb86f9a22688279ef - - default default] 10.0.0.179 "DELETE /v2.0/security-groups/0bb0d9f2-0de6-4bf7-8d8e-523c5e18b213 HTTP/1.1" status: 204 len: 168 time: 0.3177159
2026-03-04 02:31:08.106 9 INFO neutron.db.ovn_revision_numbers_db [None req-7081639a-54e3-42f6-9d91-284c4036b86a bcf2610efd8c4f2eb4e4c30588e3cb2d 79fc3856c9654c3eb86f9a22688279ef - - default default] Successfully bumped revision number for resource 632f33a1-0406-4fe9-b60a-94ce05185b25 (type: ports) to 1
2026-03-04 02:31:08.128 9 INFO neutron.wsgi [None req-7081639a-54e3-42f6-9d91-284c4036b86a bcf2610efd8c4f2eb4e4c30588e3cb2d 79fc3856c9654c3eb86f9a22688279ef - - default default] 10.0.0.179 "POST /v2.0/networks HTTP/1.1" status: 201 len: 945 time: 1.2483518
2026-03-04 02:31:08.136 9 INFO neutron.wsgi [None req-95399811-3477-4557-8314-97ffc1e2584f 3c50ffdd4e9543308fcb8cc2b662916f 8988ae3ce9fe43d5b111d4f0d303c5f4 - - default default] 10.0.0.179 "DELETE /v2.0/networks/a305d2e3-038f-4958-b1d2-82c6c8f790ba HTTP/1.1" status: 204 len: 168 time: 0.7006981
2026-03-04 02:31:08.292 9 WARNING neutron.scheduler.dhcp_agent_scheduler [None req-5839907a-37e2-4a7f-ab4e-b46abb147f6d bcf2610efd8c4f2eb4e4c30588e3cb2d 79fc3856c9654c3eb86f9a22688279ef - - default default] No more DHCP agents
2026-03-04 02:31:08.295 9 WARNING neutron.api.rpc.agentnotifiers.dhcp_rpc_agent_api [None req-5839907a-37e2-4a7f-ab4e-b46abb147f6d bcf2610efd8c4f2eb4e4c30588e3cb2d 79fc3856c9654c3eb86f9a22688279ef - - default default] Unable to schedule network 5c0a4633-b510-40f8-a117-c8fabed35df3: no agents available; will retry on subsequent port and subnet creation events.
2026-03-04 02:31:08.320 10 INFO neutron.wsgi [None req-1969fa9f-753f-4ec5-81e6-b65aa40d0e47 bcf2610efd8c4f2eb4e4c30588e3cb2d 79fc3856c9654c3eb86f9a22688279ef - - default default] 10.0.0.179 "PUT /v2.0/routers/a8d96234-cf24-4830-ac5c-66eec8763cc7/remove_router_interface HTTP/1.1" status: 200 len: 503 time: 1.1708655
2026-03-04 02:31:08.544 10 INFO neutron.services.segments.plugin [-] Segment 0f46a30c-3898-4e57-b706-1b5dc61e3e25 resource provider aggregate not found
2026-03-04 02:31:08.548 10 INFO neutron.services.segments.plugin [-] Segment 0f46a30c-3898-4e57-b706-1b5dc61e3e25 resource provider aggregate not found
2026-03-04 02:31:08.565 10 INFO neutron.services.segments.plugin [-] Segment 0f46a30c-3898-4e57-b706-1b5dc61e3e25 resource provider not found; error: Placement Client Error (4xx): {"errors": [{"status": 404, "title": "Not Found", "detail": "The resource could not be found.\n\n No resource provider with uuid 0f46a30c-3898-4e57-b706-1b5dc61e3e25 found for delete ", "request_id": "req-c780ba89-86b6-45e1-bdd8-b52ba14855bc"}]}
2026-03-04 02:31:08.567 10 INFO neutron.services.segments.plugin [-] Segment 0f46a30c-3898-4e57-b706-1b5dc61e3e25 resource provider not found; error: Placement Client Error (4xx): {"errors": [{"status": 404, "title": "Not Found", "detail": "The resource could not be found.\n\n No resource provider with uuid 0f46a30c-3898-4e57-b706-1b5dc61e3e25 found for delete ", "request_id": "req-6f27e063-aa7b-49b6-b5e8-0729a97d1751"}]}
2026-03-04 02:31:08.590 10 INFO neutron.wsgi [None req-43e487eb-4421-4dae-accd-70e6ac156327 3c50ffdd4e9543308fcb8cc2b662916f 8988ae3ce9fe43d5b111d4f0d303c5f4 - - default default] 10.0.0.179 "DELETE /v2.0/networks/a7bec541-cfb6-4104-b373-7f093798c9f3 HTTP/1.1" status: 204 len: 168 time: 0.4486060 /var/lib/openstack/lib/python3.10/site-packages/pycadf/identifier.py:71: UserWarning: Invalid uuid: neutron. To ensure interoperability, identifiers should be a valid uuid. warnings.warn(('Invalid uuid: %s. To ensure interoperability, '
2026-03-04 02:31:08.667 10 INFO neutron.wsgi [None req-bd4cbb59-ea67-4714-a0d6-1fbf2de2e91b 3c50ffdd4e9543308fcb8cc2b662916f 8988ae3ce9fe43d5b111d4f0d303c5f4 - - default default] 10.0.0.179 "GET /v2.0/networks HTTP/1.1" status: 200 len: 845 time: 0.0707188
2026-03-04 02:31:08.680 10 WARNING neutron_lib.context [None req-b5335bce-21c5-4a62-a12e-9aa886cde707 3c50ffdd4e9543308fcb8cc2b662916f 8988ae3ce9fe43d5b111d4f0d303c5f4 - - default default] Method 'is_advsvc' is deprecated since 2023.2 release (neutron-lib 3.8.0) and will be removed once support for the old RBAC API policies will be removed from Neutron. Please use method 'is_service_role' instead.
2026-03-04 02:31:08.768 10 INFO neutron.db.segments_db [None req-b5335bce-21c5-4a62-a12e-9aa886cde707 3c50ffdd4e9543308fcb8cc2b662916f 8988ae3ce9fe43d5b111d4f0d303c5f4 - - default default] Added segment d572593c-dbc0-4380-97a7-c6864e5d202b of type geneve for network d9faf382-9b04-48a8-bac6-36ed9fc2f41c
2026-03-04 02:31:08.928 10 INFO neutron.db.ovn_revision_numbers_db [None req-b5335bce-21c5-4a62-a12e-9aa886cde707 3c50ffdd4e9543308fcb8cc2b662916f 8988ae3ce9fe43d5b111d4f0d303c5f4 - - default default] Successfully bumped revision number for resource d9faf382-9b04-48a8-bac6-36ed9fc2f41c (type: networks) to 1
2026-03-04 02:31:09.012 9 INFO neutron.db.ovn_revision_numbers_db [None req-5839907a-37e2-4a7f-ab4e-b46abb147f6d bcf2610efd8c4f2eb4e4c30588e3cb2d 79fc3856c9654c3eb86f9a22688279ef - - default default] Successfully bumped revision number for resource 632f33a1-0406-4fe9-b60a-94ce05185b25 (type: ports) to 2
2026-03-04 02:31:09.059 9 INFO neutron.db.ovn_revision_numbers_db [None req-5839907a-37e2-4a7f-ab4e-b46abb147f6d bcf2610efd8c4f2eb4e4c30588e3cb2d 79fc3856c9654c3eb86f9a22688279ef - - default default] Successfully bumped revision number for resource e080a47e-2c0b-4523-8f68-1ee8a0ab0447 (type: subnets) to 0
2026-03-04 02:31:09.075 9 INFO neutron.wsgi [None req-5839907a-37e2-4a7f-ab4e-b46abb147f6d bcf2610efd8c4f2eb4e4c30588e3cb2d 79fc3856c9654c3eb86f9a22688279ef - - default default] 10.0.0.179 "POST /v2.0/subnets HTTP/1.1" status: 201 len: 865 time: 0.9390731
2026-03-04 02:31:09.310 10 WARNING neutron.scheduler.dhcp_agent_scheduler [None req-b5335bce-21c5-4a62-a12e-9aa886cde707 3c50ffdd4e9543308fcb8cc2b662916f 8988ae3ce9fe43d5b111d4f0d303c5f4 - - default default] No more DHCP agents
2026-03-04 02:31:09.314 10 WARNING neutron.api.rpc.agentnotifiers.dhcp_rpc_agent_api [None req-b5335bce-21c5-4a62-a12e-9aa886cde707 3c50ffdd4e9543308fcb8cc2b662916f 8988ae3ce9fe43d5b111d4f0d303c5f4 - - default default] Unable to schedule network d9faf382-9b04-48a8-bac6-36ed9fc2f41c: no agents available; will retry on subsequent port and subnet creation events.
2026-03-04 02:31:09.419 10 INFO neutron.db.ovn_revision_numbers_db [None req-b5335bce-21c5-4a62-a12e-9aa886cde707 3c50ffdd4e9543308fcb8cc2b662916f 8988ae3ce9fe43d5b111d4f0d303c5f4 - - default default] Successfully bumped revision number for resource ded4aead-b520-433b-aed3-fe6c684636de (type: ports) to 1
2026-03-04 02:31:09.445 10 INFO neutron.wsgi [None req-b5335bce-21c5-4a62-a12e-9aa886cde707 3c50ffdd4e9543308fcb8cc2b662916f 8988ae3ce9fe43d5b111d4f0d303c5f4 - - default default] 10.0.0.179 "POST /v2.0/networks HTTP/1.1" status: 201 len: 849 time: 0.7728550
2026-03-04 02:31:09.463 10 WARNING neutron_lib.context [None req-4bd5076f-c463-4008-b79f-02960f66dd55 3c50ffdd4e9543308fcb8cc2b662916f 8988ae3ce9fe43d5b111d4f0d303c5f4 - - default default] Method 'is_advsvc' is deprecated since 2023.2 release (neutron-lib 3.8.0) and will be removed once support for the old RBAC API policies will be removed from Neutron. Please use method 'is_service_role' instead.
2026-03-04 02:31:09.545 10 INFO neutron.db.segments_db [None req-4bd5076f-c463-4008-b79f-02960f66dd55 3c50ffdd4e9543308fcb8cc2b662916f 8988ae3ce9fe43d5b111d4f0d303c5f4 - - default default] Added segment 527e111d-762b-438f-b00f-f30b7a4a5f69 of type geneve for network 2bdb6917-5da0-499e-bd61-783767536486
2026-03-04 02:31:09.660 9 INFO neutron.wsgi [None req-31fc5135-097d-4824-b7f3-f2c89b98ece6 bcf2610efd8c4f2eb4e4c30588e3cb2d 79fc3856c9654c3eb86f9a22688279ef - - default default] 10.0.0.179 "DELETE /v2.0/routers/a8d96234-cf24-4830-ac5c-66eec8763cc7 HTTP/1.1" status: 204 len: 168 time: 1.3358402
2026-03-04 02:31:09.698 9 INFO neutron.services.segments.plugin [-] Segment 2c752c92-2e6f-494c-992a-71a3f8fb6184 resource provider aggregate not found
2026-03-04 02:31:09.730 9 INFO neutron.services.segments.plugin [-] Segment 2c752c92-2e6f-494c-992a-71a3f8fb6184 resource provider aggregate not found
2026-03-04 02:31:09.735 9 INFO neutron.services.segments.plugin [-] Segment 2c752c92-2e6f-494c-992a-71a3f8fb6184 resource provider not found; error: Placement Client Error (4xx): {"errors": [{"status": 404, "title": "Not Found", "detail": "The resource could not be found.\n\n No resource provider with uuid 2c752c92-2e6f-494c-992a-71a3f8fb6184 found for delete ", "request_id": "req-82dcaa4e-56e3-49c3-82b5-b12ba05cd302"}]}
2026-03-04 02:31:09.745 10 INFO neutron.db.ovn_revision_numbers_db [None req-4bd5076f-c463-4008-b79f-02960f66dd55 3c50ffdd4e9543308fcb8cc2b662916f 8988ae3ce9fe43d5b111d4f0d303c5f4 - - default default] Successfully bumped revision number for resource 2bdb6917-5da0-499e-bd61-783767536486 (type: networks) to 1
2026-03-04 02:31:09.748 9 INFO neutron.services.segments.plugin [-] Segment 2c752c92-2e6f-494c-992a-71a3f8fb6184 resource provider not found; error: Placement Client Error (4xx): {"errors": [{"status": 404, "title": "Not Found", "detail": "The resource could not be found.\n\n No resource provider with uuid 2c752c92-2e6f-494c-992a-71a3f8fb6184 found for delete ", "request_id": "req-7d504f84-b847-471e-a66c-1b7e606da32c"}]}
2026-03-04 02:31:09.935 9 WARNING neutron.scheduler.dhcp_agent_scheduler [None req-7437942a-690b-4f6c-94aa-cffc773c3666 bcf2610efd8c4f2eb4e4c30588e3cb2d 79fc3856c9654c3eb86f9a22688279ef - - default default] No more DHCP agents
2026-03-04 02:31:09.939 9 WARNING neutron.api.rpc.agentnotifiers.dhcp_rpc_agent_api [None req-7437942a-690b-4f6c-94aa-cffc773c3666 bcf2610efd8c4f2eb4e4c30588e3cb2d 79fc3856c9654c3eb86f9a22688279ef - - default default] Unable to schedule network 23d00f21-e629-4a10-9f63-09857d39d79a: no agents available; will retry on subsequent port and subnet creation events.
2026-03-04 02:31:09.960 10 WARNING neutron.scheduler.dhcp_agent_scheduler [None req-4bd5076f-c463-4008-b79f-02960f66dd55 3c50ffdd4e9543308fcb8cc2b662916f 8988ae3ce9fe43d5b111d4f0d303c5f4 - - default default] No more DHCP agents
2026-03-04 02:31:09.965 10 WARNING neutron.api.rpc.agentnotifiers.dhcp_rpc_agent_api [None req-4bd5076f-c463-4008-b79f-02960f66dd55 3c50ffdd4e9543308fcb8cc2b662916f 8988ae3ce9fe43d5b111d4f0d303c5f4 - - default default] Unable to schedule network 2bdb6917-5da0-499e-bd61-783767536486: no agents available; will retry on subsequent port and subnet creation events.
2026-03-04 02:31:09.973 10 INFO neutron.wsgi [None req-4474b419-89a9-47fb-850c-61f6e9fe9022 bcf2610efd8c4f2eb4e4c30588e3cb2d 79fc3856c9654c3eb86f9a22688279ef - - default default] 10.0.0.179 "DELETE /v2.0/subnets/a560431a-a934-486d-ac2a-062c95b63702 HTTP/1.1" status: 204 len: 168 time: 0.2979615
2026-03-04 02:31:10.094 10 INFO neutron.db.ovn_revision_numbers_db [None req-4bd5076f-c463-4008-b79f-02960f66dd55 3c50ffdd4e9543308fcb8cc2b662916f 8988ae3ce9fe43d5b111d4f0d303c5f4 - - default default] Successfully bumped revision number for resource b9695164-d9f2-4b63-8b9f-6f5ab2436533 (type: ports) to 1
2026-03-04 02:31:10.112 9 INFO neutron.db.ovn_revision_numbers_db [None req-7437942a-690b-4f6c-94aa-cffc773c3666 bcf2610efd8c4f2eb4e4c30588e3cb2d 79fc3856c9654c3eb86f9a22688279ef - - default default] Successfully bumped revision number for resource 6a969230-f1a5-4110-b9b3-d320c1a90084 (type: ports) to 1
2026-03-04 02:31:10.128 10 INFO neutron.wsgi [None req-4bd5076f-c463-4008-b79f-02960f66dd55 3c50ffdd4e9543308fcb8cc2b662916f 8988ae3ce9fe43d5b111d4f0d303c5f4 - - default default] 10.0.0.179 "POST /v2.0/networks HTTP/1.1" status: 201 len: 849 time: 0.6693835
2026-03-04 02:31:10.143 10 WARNING neutron_lib.context [None req-4a18a165-00a6-4ada-9c89-dd92ba51026a 3c50ffdd4e9543308fcb8cc2b662916f 8988ae3ce9fe43d5b111d4f0d303c5f4 - - default default] Method 'is_advsvc' is deprecated since 2023.2 release (neutron-lib 3.8.0) and will be removed once support for the old RBAC API policies will be removed from Neutron. Please use method 'is_service_role' instead.
2026-03-04 02:31:10.207 10 WARNING neutron_lib.context [None req-4a18a165-00a6-4ada-9c89-dd92ba51026a 3c50ffdd4e9543308fcb8cc2b662916f 8988ae3ce9fe43d5b111d4f0d303c5f4 - - default default] Method 'is_advsvc' is deprecated since 2023.2 release (neutron-lib 3.8.0) and will be removed once support for the old RBAC API policies will be removed from Neutron. Please use method 'is_service_role' instead.
2026-03-04 02:31:10.552 10 INFO neutron.wsgi [None req-642c23bc-bd69-4d71-8586-2c1a8ca3f1da bcf2610efd8c4f2eb4e4c30588e3cb2d 79fc3856c9654c3eb86f9a22688279ef - - default default] 10.0.0.179 "DELETE /v2.0/networks/81ff3b5a-4b89-4899-906e-50052d1f733f HTTP/1.1" status: 204 len: 168 time: 0.5645754
2026-03-04 02:31:10.588 10 INFO neutron.services.segments.plugin [-] Segment 9ec62a6e-99ce-46c3-8fae-0cc83f33252a resource provider aggregate not found
2026-03-04 02:31:10.597 10 INFO neutron.services.segments.plugin [-] Segment 9ec62a6e-99ce-46c3-8fae-0cc83f33252a resource provider aggregate not found
2026-03-04 02:31:10.612 10 INFO neutron.services.segments.plugin [-] Segment 9ec62a6e-99ce-46c3-8fae-0cc83f33252a resource provider not found; error: Placement Client Error (4xx): {"errors": [{"status": 404, "title": "Not Found", "detail": "The resource could not be found.\n\n No resource provider with uuid 9ec62a6e-99ce-46c3-8fae-0cc83f33252a found for delete ", "request_id": "req-d983129e-4d95-4713-a7ab-01900a2c8be7"}]}
2026-03-04 02:31:10.615 10 INFO neutron.services.segments.plugin [-] Segment 9ec62a6e-99ce-46c3-8fae-0cc83f33252a resource provider not found; error: Placement Client Error (4xx): {"errors": [{"status": 404, "title": "Not Found", "detail": "The resource could not be found.\n\n No resource provider with uuid 9ec62a6e-99ce-46c3-8fae-0cc83f33252a found for delete ", "request_id": "req-90ee2ffd-5f95-4289-8dc1-a051f260db5b"}]} /var/lib/openstack/lib/python3.10/site-packages/pycadf/identifier.py:71: UserWarning: Invalid uuid: neutron. To ensure interoperability, identifiers should be a valid uuid. warnings.warn(('Invalid uuid: %s. To ensure interoperability, '
2026-03-04 02:31:10.760 10 INFO neutron.wsgi [None req-af770335-e1c5-4b14-9cbb-cee08dd7ec04 bcf2610efd8c4f2eb4e4c30588e3cb2d 79fc3856c9654c3eb86f9a22688279ef - - default default] 10.0.0.179 "GET /v2.0/security-groups?tenant_id=4efa77805af446a291e5d7484718bdb3&name=default HTTP/1.1" status: 200 len: 2996 time: 0.0446689
2026-03-04 02:31:10.776 10 WARNING neutron.scheduler.dhcp_agent_scheduler [None req-4a18a165-00a6-4ada-9c89-dd92ba51026a 3c50ffdd4e9543308fcb8cc2b662916f 8988ae3ce9fe43d5b111d4f0d303c5f4 - - default default] No more DHCP agents
2026-03-04 02:31:10.777 10 WARNING neutron.api.rpc.agentnotifiers.dhcp_rpc_agent_api [None req-4a18a165-00a6-4ada-9c89-dd92ba51026a 3c50ffdd4e9543308fcb8cc2b662916f 8988ae3ce9fe43d5b111d4f0d303c5f4 - - default default] Unable to schedule network d9faf382-9b04-48a8-bac6-36ed9fc2f41c: no agents available; will retry on subsequent port and subnet creation events.
2026-03-04 02:31:10.802 10 INFO neutron.plugins.ml2.drivers.ovn.mech_driver.mech_driver [None req-bb7dfab9-54d8-433b-91ad-d2fed24618f7 - - - - - -] OVN reports status up for port: 6a969230-f1a5-4110-b9b3-d320c1a90084
2026-03-04 02:31:10.807 10 INFO neutron.plugins.ml2.drivers.ovn.mech_driver.ovsdb.ovsdb_monitor [None req-da45f4cc-afc4-405d-9ddf-72f6b2096c75 - - - - - -] Router b136c5d5-1bed-452b-821d-232a2997b162 is bound to host instance
2026-03-04 02:31:10.838 10 INFO neutron.plugins.ml2.plugin [None req-bb7dfab9-54d8-433b-91ad-d2fed24618f7 - - - - - -] Attempt 1 to provision port 6a969230-f1a5-4110-b9b3-d320c1a90084
2026-03-04 02:31:10.846 9 INFO neutron.db.ovn_revision_numbers_db [None req-7437942a-690b-4f6c-94aa-cffc773c3666 bcf2610efd8c4f2eb4e4c30588e3cb2d 79fc3856c9654c3eb86f9a22688279ef - - default default] Successfully bumped revision number for resource 6a969230-f1a5-4110-b9b3-d320c1a90084 (type: router_ports) to 1
2026-03-04 02:31:10.936 9 INFO neutron.db.ovn_revision_numbers_db [None req-7437942a-690b-4f6c-94aa-cffc773c3666 bcf2610efd8c4f2eb4e4c30588e3cb2d 79fc3856c9654c3eb86f9a22688279ef - - default default] Successfully bumped revision number for resource b136c5d5-1bed-452b-821d-232a2997b162 (type: routers) to 2
2026-03-04 02:31:10.948 10 INFO neutron.db.ovn_revision_numbers_db [None req-4a18a165-00a6-4ada-9c89-dd92ba51026a 3c50ffdd4e9543308fcb8cc2b662916f 8988ae3ce9fe43d5b111d4f0d303c5f4 - - default default] Successfully bumped revision number for resource d141ad97-61dc-4b44-aba9-fff1be2a8e34 (type: ports) to 1
2026-03-04 02:31:10.958 9 INFO neutron.wsgi [None req-7437942a-690b-4f6c-94aa-cffc773c3666 bcf2610efd8c4f2eb4e4c30588e3cb2d 79fc3856c9654c3eb86f9a22688279ef - - default default] 10.0.0.179 "POST /v2.0/routers HTTP/1.1" status: 201 len: 876 time: 1.8779049
2026-03-04 02:31:11.021 10 WARNING neutron.scheduler.dhcp_agent_scheduler [None req-4a18a165-00a6-4ada-9c89-dd92ba51026a 3c50ffdd4e9543308fcb8cc2b662916f 8988ae3ce9fe43d5b111d4f0d303c5f4 - - default default] No more DHCP agents
2026-03-04 02:31:11.025 10 WARNING neutron.api.rpc.agentnotifiers.dhcp_rpc_agent_api [None req-4a18a165-00a6-4ada-9c89-dd92ba51026a 3c50ffdd4e9543308fcb8cc2b662916f 8988ae3ce9fe43d5b111d4f0d303c5f4 - - default default] Unable to schedule network 2bdb6917-5da0-499e-bd61-783767536486: no agents available; will retry on subsequent port and subnet creation events.
2026-03-04 02:31:11.094 9 INFO neutron.wsgi [None req-64a19831-b3b5-40eb-a197-0a98a3dfd652 bcf2610efd8c4f2eb4e4c30588e3cb2d 79fc3856c9654c3eb86f9a22688279ef - - default default] 10.0.0.179 "DELETE /v2.0/security-groups/e90865ab-734d-4680-b578-eed724f6dcc7 HTTP/1.1" status: 204 len: 168 time: 0.3277252
2026-03-04 02:31:11.132 10 INFO neutron.db.ovn_revision_numbers_db [None req-4a18a165-00a6-4ada-9c89-dd92ba51026a 3c50ffdd4e9543308fcb8cc2b662916f 8988ae3ce9fe43d5b111d4f0d303c5f4 - - default default] Successfully bumped revision number for resource 1023e880-01c6-4257-a9b7-f5b4a00b6524 (type: ports) to 1
2026-03-04 02:31:11.181 10 INFO neutron.wsgi [None req-4a18a165-00a6-4ada-9c89-dd92ba51026a 3c50ffdd4e9543308fcb8cc2b662916f 8988ae3ce9fe43d5b111d4f0d303c5f4 - - default default] 10.0.0.179 "POST /v2.0/ports HTTP/1.1" status: 201 len: 1705 time: 1.0454540
2026-03-04 02:31:11.346 9 INFO neutron.wsgi [None req-1cf68135-e8f0-499f-8b4b-0acb9fb9dec0 3c50ffdd4e9543308fcb8cc2b662916f 8988ae3ce9fe43d5b111d4f0d303c5f4 - - default default] 10.0.0.179 "GET /v2.0/ports HTTP/1.1" status: 200 len: 3212 time: 0.1583350 /var/lib/openstack/lib/python3.10/site-packages/pycadf/identifier.py:71: UserWarning: Invalid uuid: neutron. To ensure interoperability, identifiers should be a valid uuid. warnings.warn(('Invalid uuid: %s. To ensure interoperability, '
2026-03-04 02:31:11.467 10 INFO neutron.db.ovn_revision_numbers_db [None req-da45f4cc-afc4-405d-9ddf-72f6b2096c75 - - - - - -] Successfully bumped revision number for resource 6a969230-f1a5-4110-b9b3-d320c1a90084 (type: ports) to 1
2026-03-04 02:31:11.548 9 WARNING neutron.scheduler.dhcp_agent_scheduler [None req-031bc11c-f008-4670-bc07-be7099609136 bcf2610efd8c4f2eb4e4c30588e3cb2d 79fc3856c9654c3eb86f9a22688279ef - - default default] No more DHCP agents
2026-03-04 02:31:11.552 9 WARNING neutron.api.rpc.agentnotifiers.dhcp_rpc_agent_api [None req-031bc11c-f008-4670-bc07-be7099609136 bcf2610efd8c4f2eb4e4c30588e3cb2d 79fc3856c9654c3eb86f9a22688279ef - - default default] Unable to schedule network 5c0a4633-b510-40f8-a117-c8fabed35df3: no agents available; will retry on subsequent port and subnet creation events.
2026-03-04 02:31:11.678 10 INFO neutron.wsgi [None req-097c7e93-b09a-4c0a-a76d-1e37847adf12 3c50ffdd4e9543308fcb8cc2b662916f 8988ae3ce9fe43d5b111d4f0d303c5f4 - - default default] 10.0.0.179 "DELETE /v2.0/ports/d141ad97-61dc-4b44-aba9-fff1be2a8e34 HTTP/1.1" status: 204 len: 168 time: 0.3258846
2026-03-04 02:31:11.744 9 INFO neutron.db.ovn_revision_numbers_db [None req-031bc11c-f008-4670-bc07-be7099609136 bcf2610efd8c4f2eb4e4c30588e3cb2d 79fc3856c9654c3eb86f9a22688279ef - - default default] Successfully bumped revision number for resource 5b3e596c-763a-49e2-a500-a58c7d1233ac (type: ports) to 1
2026-03-04 02:31:11.986 10 INFO neutron.db.ovn_revision_numbers_db [None req-da45f4cc-afc4-405d-9ddf-72f6b2096c75 - - - - - -] Successfully bumped revision number for resource 6a969230-f1a5-4110-b9b3-d320c1a90084 (type: router_ports) to 3
2026-03-04 02:31:12.076 9 INFO neutron.wsgi [None req-c5b80ea7-0db7-4889-ae0b-9494f116c6b8 3c50ffdd4e9543308fcb8cc2b662916f 8988ae3ce9fe43d5b111d4f0d303c5f4 - - default default] 10.0.0.179 "DELETE /v2.0/ports/1023e880-01c6-4257-a9b7-f5b4a00b6524 HTTP/1.1" status: 204 len: 168 time: 0.3875060
2026-03-04 02:31:12.223 10 INFO neutron.db.ovn_revision_numbers_db [None req-da45f4cc-afc4-405d-9ddf-72f6b2096c75 - - - - - -] Successfully bumped revision number for resource 6a969230-f1a5-4110-b9b3-d320c1a90084 (type: ports) to 2
2026-03-04 02:31:12.242 10 INFO neutron.wsgi [None req-cdc44509-2da6-4c50-ad2a-d5600eeb3cce 3c50ffdd4e9543308fcb8cc2b662916f 8988ae3ce9fe43d5b111d4f0d303c5f4 - - default default] 10.0.0.179 "GET /v2.0/ports HTTP/1.1" status: 200 len: 1718 time: 0.1624110
2026-03-04 02:31:12.253 10 WARNING neutron_lib.context [None req-386a5601-7680-422b-8ed8-015203c25622 3c50ffdd4e9543308fcb8cc2b662916f 8988ae3ce9fe43d5b111d4f0d303c5f4 - - default default] Method 'is_advsvc' is deprecated since 2023.2 release (neutron-lib 3.8.0) and will be removed once support for the old RBAC API policies will be removed from Neutron. Please use method 'is_service_role' instead.
2026-03-04 02:31:12.328 9 INFO neutron.db.ovn_revision_numbers_db [None req-031bc11c-f008-4670-bc07-be7099609136 bcf2610efd8c4f2eb4e4c30588e3cb2d 79fc3856c9654c3eb86f9a22688279ef - - default default] Successfully bumped revision number for resource 5b3e596c-763a-49e2-a500-a58c7d1233ac (type: router_ports) to 1
2026-03-04 02:31:12.358 10 INFO neutron.db.segments_db [None req-386a5601-7680-422b-8ed8-015203c25622 3c50ffdd4e9543308fcb8cc2b662916f 8988ae3ce9fe43d5b111d4f0d303c5f4 - - default default] Added segment dd560a5a-74e1-44b7-925f-7949d55167ae of type geneve for network 3d47fa23-010d-4f2d-bdc0-243913f531ec
2026-03-04 02:31:12.493 9 INFO neutron.db.ovn_revision_numbers_db [None req-031bc11c-f008-4670-bc07-be7099609136 bcf2610efd8c4f2eb4e4c30588e3cb2d 79fc3856c9654c3eb86f9a22688279ef - - default default] Successfully bumped revision number for resource 5b3e596c-763a-49e2-a500-a58c7d1233ac (type: ports) to 1
2026-03-04 02:31:12.548 10 INFO neutron.db.ovn_revision_numbers_db [None req-386a5601-7680-422b-8ed8-015203c25622 3c50ffdd4e9543308fcb8cc2b662916f 8988ae3ce9fe43d5b111d4f0d303c5f4 - - default default] Successfully bumped revision number for resource 3d47fa23-010d-4f2d-bdc0-243913f531ec (type: networks) to 1
2026-03-04 02:31:12.565 9 WARNING neutron.scheduler.dhcp_agent_scheduler [None req-031bc11c-f008-4670-bc07-be7099609136 bcf2610efd8c4f2eb4e4c30588e3cb2d 79fc3856c9654c3eb86f9a22688279ef - - default default] No more DHCP agents
2026-03-04 02:31:12.566 9 WARNING neutron.api.rpc.agentnotifiers.dhcp_rpc_agent_api [None req-031bc11c-f008-4670-bc07-be7099609136 bcf2610efd8c4f2eb4e4c30588e3cb2d 79fc3856c9654c3eb86f9a22688279ef - - default default] Unable to schedule network 5c0a4633-b510-40f8-a117-c8fabed35df3: no agents available; will retry on subsequent port and subnet creation events.
2026-03-04 02:31:12.590 10 INFO neutron.db.ovn_revision_numbers_db [None req-da45f4cc-afc4-405d-9ddf-72f6b2096c75 - - - - - -] Successfully bumped revision number for resource 6a969230-f1a5-4110-b9b3-d320c1a90084 (type: ports) to 4
2026-03-04 02:31:12.782 10 WARNING neutron.scheduler.dhcp_agent_scheduler [None req-386a5601-7680-422b-8ed8-015203c25622 3c50ffdd4e9543308fcb8cc2b662916f 8988ae3ce9fe43d5b111d4f0d303c5f4 - - default default] No more DHCP agents
2026-03-04 02:31:12.785 10 WARNING neutron.api.rpc.agentnotifiers.dhcp_rpc_agent_api [None req-386a5601-7680-422b-8ed8-015203c25622 3c50ffdd4e9543308fcb8cc2b662916f 8988ae3ce9fe43d5b111d4f0d303c5f4 - - default default] Unable to schedule network 3d47fa23-010d-4f2d-bdc0-243913f531ec: no agents available; will retry on subsequent port and subnet creation events.
2026-03-04 02:31:12.860 10 INFO neutron.db.ovn_revision_numbers_db [None req-da45f4cc-afc4-405d-9ddf-72f6b2096c75 - - - - - -] Successfully bumped revision number for resource 6a969230-f1a5-4110-b9b3-d320c1a90084 (type: router_ports) to 4
2026-03-04 02:31:12.907 10 INFO neutron.db.ovn_revision_numbers_db [None req-386a5601-7680-422b-8ed8-015203c25622 3c50ffdd4e9543308fcb8cc2b662916f 8988ae3ce9fe43d5b111d4f0d303c5f4 - - default default] Successfully bumped revision number for resource 31d0258a-bb95-44e4-b256-b7f1d9388e82 (type: ports) to 1
2026-03-04 02:31:12.928 10 INFO neutron.wsgi [None req-386a5601-7680-422b-8ed8-015203c25622 3c50ffdd4e9543308fcb8cc2b662916f 8988ae3ce9fe43d5b111d4f0d303c5f4 - - default default] 10.0.0.179 "POST /v2.0/networks HTTP/1.1" status: 201 len: 848 time: 0.6793025
2026-03-04 02:31:12.937 10 WARNING neutron_lib.context [None req-1f90cd89-8644-4df6-b0dc-410f0a2a8e02 3c50ffdd4e9543308fcb8cc2b662916f 8988ae3ce9fe43d5b111d4f0d303c5f4 - - default default] Method 'is_advsvc' is deprecated since 2023.2 release (neutron-lib 3.8.0) and will be removed once support for the old RBAC API policies will be removed from Neutron. Please use method 'is_service_role' instead.
2026-03-04 02:31:13.014 10 INFO neutron.db.segments_db [None req-1f90cd89-8644-4df6-b0dc-410f0a2a8e02 3c50ffdd4e9543308fcb8cc2b662916f 8988ae3ce9fe43d5b111d4f0d303c5f4 - - default default] Added segment 51edd514-acc5-4f0e-9bb0-a2a1967ad689 of type geneve for network 2cbfd8ad-5da8-48f0-b3c9-0c0dd1fea6f5
2026-03-04 02:31:13.145 10 INFO neutron.db.ovn_revision_numbers_db [None req-1f90cd89-8644-4df6-b0dc-410f0a2a8e02 3c50ffdd4e9543308fcb8cc2b662916f 8988ae3ce9fe43d5b111d4f0d303c5f4 - - default default] Successfully bumped revision number for resource 2cbfd8ad-5da8-48f0-b3c9-0c0dd1fea6f5 (type: networks) to 1
2026-03-04 02:31:13.204 9 INFO neutron.db.ovn_revision_numbers_db [None req-031bc11c-f008-4670-bc07-be7099609136 bcf2610efd8c4f2eb4e4c30588e3cb2d 79fc3856c9654c3eb86f9a22688279ef - - default default] Successfully bumped revision number for resource 5b3e596c-763a-49e2-a500-a58c7d1233ac (type: router_ports) to 1
2026-03-04 02:31:13.207 9 INFO neutron.wsgi [None req-031bc11c-f008-4670-bc07-be7099609136 bcf2610efd8c4f2eb4e4c30588e3cb2d 79fc3856c9654c3eb86f9a22688279ef - - default default] 10.0.0.179 "PUT /v2.0/routers/b136c5d5-1bed-452b-821d-232a2997b162/add_router_interface HTTP/1.1" status: 200 len: 503 time: 2.2401948
2026-03-04 02:31:13.361 10 WARNING neutron.scheduler.dhcp_agent_scheduler [None req-1f90cd89-8644-4df6-b0dc-410f0a2a8e02 3c50ffdd4e9543308fcb8cc2b662916f 8988ae3ce9fe43d5b111d4f0d303c5f4 - - default default] No more DHCP agents
2026-03-04 02:31:13.363 10 WARNING neutron.api.rpc.agentnotifiers.dhcp_rpc_agent_api [None req-1f90cd89-8644-4df6-b0dc-410f0a2a8e02 3c50ffdd4e9543308fcb8cc2b662916f 8988ae3ce9fe43d5b111d4f0d303c5f4 - - default default] Unable to schedule network 2cbfd8ad-5da8-48f0-b3c9-0c0dd1fea6f5: no agents available; will retry on subsequent port and subnet creation events.
2026-03-04 02:31:13.497 10 INFO neutron.db.ovn_revision_numbers_db [None req-1f90cd89-8644-4df6-b0dc-410f0a2a8e02 3c50ffdd4e9543308fcb8cc2b662916f 8988ae3ce9fe43d5b111d4f0d303c5f4 - - default default] Successfully bumped revision number for resource 21916f18-0e0f-40f1-8ed5-8e84faf3101d (type: ports) to 1
2026-03-04 02:31:13.533 10 INFO neutron.wsgi [None req-1f90cd89-8644-4df6-b0dc-410f0a2a8e02 3c50ffdd4e9543308fcb8cc2b662916f 8988ae3ce9fe43d5b111d4f0d303c5f4 - - default default] 10.0.0.179 "POST /v2.0/networks HTTP/1.1" status: 201 len: 849 time: 0.6003330
2026-03-04 02:31:13.561 9 INFO neutron.db.ovn_revision_numbers_db [None req-97575536-5fdd-4511-a612-f5d2f4fdb138 bcf2610efd8c4f2eb4e4c30588e3cb2d 79fc3856c9654c3eb86f9a22688279ef - - default default] Successfully bumped revision number for resource 0cb3beb9-5509-48b9-9f24-7e25b97af354 (type: security_groups) to 1
2026-03-04 02:31:13.573 9 WARNING neutron_lib.context [None req-b6649ad0-17d0-40c0-9612-4399b47dd3a6 3c50ffdd4e9543308fcb8cc2b662916f 8988ae3ce9fe43d5b111d4f0d303c5f4 - - default default] Method 'is_advsvc' is deprecated since 2023.2 release (neutron-lib 3.8.0) and will be removed once support for the old RBAC API policies will be removed from Neutron. Please use method 'is_service_role' instead.
2026-03-04 02:31:13.590 9 INFO neutron.db.ovn_revision_numbers_db [None req-97575536-5fdd-4511-a612-f5d2f4fdb138 bcf2610efd8c4f2eb4e4c30588e3cb2d 79fc3856c9654c3eb86f9a22688279ef - - default default] Successfully bumped revision number for resource 563495c8-d15d-41ee-b3ab-6d649fbaa62e (type: security_group_rules) to 0
2026-03-04 02:31:13.629 9 WARNING neutron_lib.context [None req-b6649ad0-17d0-40c0-9612-4399b47dd3a6 3c50ffdd4e9543308fcb8cc2b662916f 8988ae3ce9fe43d5b111d4f0d303c5f4 - - default default] Method 'is_advsvc' is deprecated since 2023.2 release (neutron-lib 3.8.0) and will be removed once support for the old RBAC API policies will be removed from Neutron. Please use method 'is_service_role' instead.
2026-03-04 02:31:13.633 9 INFO neutron.db.ovn_revision_numbers_db [None req-97575536-5fdd-4511-a612-f5d2f4fdb138 bcf2610efd8c4f2eb4e4c30588e3cb2d 79fc3856c9654c3eb86f9a22688279ef - - default default] Successfully bumped revision number for resource 6b6508af-423e-433f-b7d9-c3ea7f595763 (type: security_group_rules) to 0
2026-03-04 02:31:13.663 9 INFO neutron.db.ovn_revision_numbers_db [None req-97575536-5fdd-4511-a612-f5d2f4fdb138 bcf2610efd8c4f2eb4e4c30588e3cb2d 79fc3856c9654c3eb86f9a22688279ef - - default default] Successfully bumped revision number for resource a027aa28-9cbb-4be1-97fb-22239b1339b3 (type: security_group_rules) to 0
2026-03-04 02:31:13.679 9 INFO neutron.db.ovn_revision_numbers_db [None req-97575536-5fdd-4511-a612-f5d2f4fdb138 bcf2610efd8c4f2eb4e4c30588e3cb2d 79fc3856c9654c3eb86f9a22688279ef - - default default] Successfully bumped revision number for resource ad7f3d54-e9b0-4ade-b14f-eec72bdd029e (type: security_group_rules) to 0
2026-03-04 02:31:13.703 9 INFO neutron.wsgi [None req-97575536-5fdd-4511-a612-f5d2f4fdb138 bcf2610efd8c4f2eb4e4c30588e3cb2d 79fc3856c9654c3eb86f9a22688279ef - - default default] 10.0.0.179 "GET /v2.0/security-groups?tenant_id=63372453266c4975997d25e66eea054c&name=default HTTP/1.1" status: 200 len: 2996 time: 0.3676295
2026-03-04 02:31:13.750 10 WARNING neutron_lib.context [None req-b5a44ffc-797c-4020-8c1f-795b57828f6a 89dd875c38cc443aa145f5426e0ad483 2ab8cccf85e1499c947d5d6249e66efb - - default default] Method 'is_advsvc' is deprecated since 2023.2 release (neutron-lib 3.8.0) and will be removed once support for the old RBAC API policies will be removed from Neutron. Please use method 'is_service_role' instead.
2026-03-04 02:31:13.852 10 INFO neutron.plugins.ml2.drivers.ovn.mech_driver.mech_driver [None req-bb7dfab9-54d8-433b-91ad-d2fed24618f7 - - - - - -] OVN reports status up for port: 5b3e596c-763a-49e2-a500-a58c7d1233ac
2026-03-04 02:31:13.863 10 INFO neutron.plugins.ml2.plugin [None req-bb7dfab9-54d8-433b-91ad-d2fed24618f7 - - - - - -] Attempt 1 to provision port 5b3e596c-763a-49e2-a500-a58c7d1233ac
2026-03-04 02:31:13.938 10 INFO neutron.db.ovn_revision_numbers_db [None req-b5a44ffc-797c-4020-8c1f-795b57828f6a 89dd875c38cc443aa145f5426e0ad483 2ab8cccf85e1499c947d5d6249e66efb - - default default] Successfully bumped revision number for resource 92fe4b52-b173-4b64-bc11-7344ce1bfa0b (type: security_groups) to 1
2026-03-04 02:31:13.957 10 INFO neutron.db.ovn_revision_numbers_db [None req-b5a44ffc-797c-4020-8c1f-795b57828f6a 89dd875c38cc443aa145f5426e0ad483 2ab8cccf85e1499c947d5d6249e66efb - - default default] Successfully bumped revision number for resource 01e21e7d-ef53-48df-9ad7-146fa8984155 (type: security_group_rules) to 0
2026-03-04 02:31:13.976 10 INFO neutron.db.ovn_revision_numbers_db [None req-b5a44ffc-797c-4020-8c1f-795b57828f6a 89dd875c38cc443aa145f5426e0ad483 2ab8cccf85e1499c947d5d6249e66efb - - default default] Successfully bumped revision number for resource fd1ca4ed-5e3c-48d5-be32-62e37286818d (type: security_group_rules) to 0
2026-03-04 02:31:14.002 10 INFO neutron.wsgi [None req-b5a44ffc-797c-4020-8c1f-795b57828f6a 89dd875c38cc443aa145f5426e0ad483 2ab8cccf85e1499c947d5d6249e66efb - - default default] 10.0.0.179 "POST /v2.0/security-groups HTTP/1.1" status: 201 len: 1797 time: 0.2584972
2026-03-04 02:31:14.012 9 WARNING neutron_lib.context [None req-531c0fe5-0901-4558-9ba5-ade1ee657713 89dd875c38cc443aa145f5426e0ad483 2ab8cccf85e1499c947d5d6249e66efb - - default default] Method 'is_advsvc' is deprecated since 2023.2 release (neutron-lib 3.8.0) and will be removed once support for the old RBAC API policies will be removed from Neutron. Please use method 'is_service_role' instead.
2026-03-04 02:31:14.037 10 INFO neutron.wsgi [None req-444d3df0-8a69-4e1a-9bcb-368b7a7a71fc bcf2610efd8c4f2eb4e4c30588e3cb2d 79fc3856c9654c3eb86f9a22688279ef - - default default] 10.0.0.179 "DELETE /v2.0/security-groups/0cb3beb9-5509-48b9-9f24-7e25b97af354 HTTP/1.1" status: 204 len: 168 time: 0.3293521
2026-03-04 02:31:14.058 9 WARNING neutron.scheduler.dhcp_agent_scheduler [None req-b6649ad0-17d0-40c0-9612-4399b47dd3a6 3c50ffdd4e9543308fcb8cc2b662916f 8988ae3ce9fe43d5b111d4f0d303c5f4 - - default default] No more DHCP agents
