2026-03-04 02:30:56.773 10 INFO neutron.notifiers.nova [-] Nova event matching ['req-1b16b1f8-a4cb-42b4-bacb-0c86fb10a4b5'] response: {'server_uuid': '6a2762d8-8429-4c3e-a2c5-db3b6b3d719b', 'name': 'network-vif-plugged', 'status': 'completed', 'tag': 'fe67107c-e41d-4e8e-8dea-ad4e7c942a2d', 'code': 200}
2026-03-04 02:30:56.873 10 INFO neutron.db.ovn_revision_numbers_db [None req-dd4b73dd-ec22-4f8d-93d9-0d7f524554a2 86dc6a9534844f9ca01efe953d58b3fe a3c9b84e58e84cf5a7c8ff2bcc9cb34d - - default default] Successfully bumped revision number for resource 6ca777c8-5d71-4f92-9b75-6770d5610538 (type: ports) to 1
2026-03-04 02:30:56.921 10 INFO neutron.wsgi [None req-dd4b73dd-ec22-4f8d-93d9-0d7f524554a2 86dc6a9534844f9ca01efe953d58b3fe a3c9b84e58e84cf5a7c8ff2bcc9cb34d - - default default] 10.0.0.179 "POST /v2.0/networks HTTP/1.1" status: 201 len: 1445 time: 1.6233788
2026-03-04 02:30:56.980 9 INFO neutron.wsgi [req-0c558e66-8090-429a-a1c7-59eb145d417b req-694ed8c7-e640-4ea6-b244-64effccb28d7 28e3a3d79cb94eb8a987015914953a7e b954bc96772c47d8b82dc11647bc4822 - - default default] 10.0.0.147 "GET /v2.0/ports?device_id=a3ac44ce-8769-4eb4-9137-2099c0f74fef HTTP/1.1" status: 200 len: 1174 time: 0.1244757
2026-03-04 02:30:57.030 10 INFO neutron.db.ovn_revision_numbers_db [None req-bb7dfab9-54d8-433b-91ad-d2fed24618f7 - - - - - -] Successfully bumped revision number for resource fe67107c-e41d-4e8e-8dea-ad4e7c942a2d (type: ports) to 6
2026-03-04 02:30:57.045 9 INFO neutron.wsgi [req-127362de-ee60-4595-8993-035049baeefe req-a3b923a4-f198-43c8-9c31-358e2215276b 7f6808a736204204b900259adadebfc1 dd649a7e0fa94d889784905637a9c9ce - - 0b47a8ef162b449791a7619f7bd9f895 0b47a8ef162b449791a7619f7bd9f895] 199.204.45.162 "GET /v2.0/ports?device_id=6a2762d8-8429-4c3e-a2c5-db3b6b3d719b&fields=binding%3Ahost_id&fields=binding%3Avif_type HTTP/1.1" status: 200 len: 265 time: 0.0385315
2026-03-04 02:30:57.048 9 INFO neutron.wsgi [req-0c558e66-8090-429a-a1c7-59eb145d417b req-40ee48b4-054d-4973-9f85-db528143dc26 28e3a3d79cb94eb8a987015914953a7e b954bc96772c47d8b82dc11647bc4822 - - default default] 10.0.0.147 "GET /v2.0/security-groups?id=67bdec7b-c825-472c-b2a7-8d9fb455a174&fields=id&fields=name HTTP/1.1" status: 200 len: 313 time: 0.0633712
2026-03-04 02:30:57.058 10 INFO neutron.wsgi [None req-cd0d1638-3ba2-4986-b51e-dd9efe75ec94 86dc6a9534844f9ca01efe953d58b3fe a3c9b84e58e84cf5a7c8ff2bcc9cb34d - - default default] 10.0.0.179 "GET /v2.0/networks HTTP/1.1" status: 200 len: 2051 time: 0.1321321
2026-03-04 02:30:57.184 9 INFO neutron.wsgi [req-127362de-ee60-4595-8993-035049baeefe req-f71663e6-19d0-4484-b71a-9fc17889290d 7f6808a736204204b900259adadebfc1 dd649a7e0fa94d889784905637a9c9ce - - 0b47a8ef162b449791a7619f7bd9f895 0b47a8ef162b449791a7619f7bd9f895] 199.204.45.162 "GET /v2.0/ports?tenant_id=4efa77805af446a291e5d7484718bdb3&device_id=6a2762d8-8429-4c3e-a2c5-db3b6b3d719b HTTP/1.1" status: 200 len: 1409 time: 0.0821042
2026-03-04 02:30:57.196 9 INFO neutron.wsgi [req-44cfd463-655e-449d-89bf-28a6b32b7ee5 req-f0eb0af3-4f6f-42bf-badc-17d8f0011704 28e3a3d79cb94eb8a987015914953a7e b954bc96772c47d8b82dc11647bc4822 - - default default] 10.0.0.147 "GET /v2.0/ports?device_id=a3ac44ce-8769-4eb4-9137-2099c0f74fef HTTP/1.1" status: 200 len: 1174 time: 0.0689092 /var/lib/openstack/lib/python3.10/site-packages/pycadf/identifier.py:71: UserWarning: Invalid uuid: neutron. To ensure interoperability, identifiers should be a valid uuid. warnings.warn(('Invalid uuid: %s. To ensure interoperability, '
2026-03-04 02:30:57.290 9 INFO neutron.wsgi [req-127362de-ee60-4595-8993-035049baeefe req-d584b220-c2d7-4110-ab79-e74f763b7940 7f6808a736204204b900259adadebfc1 dd649a7e0fa94d889784905637a9c9ce - - 0b47a8ef162b449791a7619f7bd9f895 0b47a8ef162b449791a7619f7bd9f895] 199.204.45.162 "GET /v2.0/networks?id=81ff3b5a-4b89-4899-906e-50052d1f733f HTTP/1.1" status: 200 len: 973 time: 0.0758979
2026-03-04 02:30:57.366 9 INFO neutron.wsgi [req-127362de-ee60-4595-8993-035049baeefe req-70c4a2b7-6283-4b9b-9864-b583a4ad5ba1 7f6808a736204204b900259adadebfc1 dd649a7e0fa94d889784905637a9c9ce - - 0b47a8ef162b449791a7619f7bd9f895 0b47a8ef162b449791a7619f7bd9f895] 199.204.45.162 "GET /v2.0/floatingips?fixed_ip_address=10.100.0.9&port_id=fe67107c-e41d-4e8e-8dea-ad4e7c942a2d HTTP/1.1" status: 200 len: 1059 time: 0.0669634
2026-03-04 02:30:57.409 9 INFO neutron.wsgi [req-127362de-ee60-4595-8993-035049baeefe req-7810bf0e-cf05-4036-9334-50d0516e9a3c 7f6808a736204204b900259adadebfc1 dd649a7e0fa94d889784905637a9c9ce - - 0b47a8ef162b449791a7619f7bd9f895 0b47a8ef162b449791a7619f7bd9f895] 199.204.45.162 "GET /v2.0/subnets?id=a560431a-a934-486d-ac2a-062c95b63702 HTTP/1.1" status: 200 len: 869 time: 0.0383835
2026-03-04 02:30:57.416 10 INFO neutron.wsgi [req-19a57fef-68d8-4a8a-8e44-2a4078351ac8 req-e9f15aeb-374a-423c-82c2-1ce000098c40 7f6808a736204204b900259adadebfc1 dd649a7e0fa94d889784905637a9c9ce - - 0b47a8ef162b449791a7619f7bd9f895 0b47a8ef162b449791a7619f7bd9f895] 10.0.0.97 "GET /v2.0/ports?device_id=6a2762d8-8429-4c3e-a2c5-db3b6b3d719b HTTP/1.1" status: 200 len: 1409 time: 0.0789793
2026-03-04 02:30:57.461 9 INFO neutron.wsgi [req-127362de-ee60-4595-8993-035049baeefe req-dd401d43-ddc0-4293-b155-a6d3bc395259 7f6808a736204204b900259adadebfc1 dd649a7e0fa94d889784905637a9c9ce - - 0b47a8ef162b449791a7619f7bd9f895 0b47a8ef162b449791a7619f7bd9f895] 199.204.45.162 "GET /v2.0/ports?network_id=81ff3b5a-4b89-4899-906e-50052d1f733f&device_owner=network%3Adhcp HTTP/1.1" status: 200 len: 210 time: 0.0454223
2026-03-04 02:30:57.489 10 INFO neutron.wsgi [req-19a57fef-68d8-4a8a-8e44-2a4078351ac8 req-edfcfbfa-689e-4cf7-abf0-d2fce062fbb5 7f6808a736204204b900259adadebfc1 dd649a7e0fa94d889784905637a9c9ce - - 0b47a8ef162b449791a7619f7bd9f895 0b47a8ef162b449791a7619f7bd9f895] 10.0.0.97 "GET /v2.0/security-groups?id=599b251b-399e-4dea-9fb3-aeadc34d7cf8&fields=id&fields=name HTTP/1.1" status: 200 len: 313 time: 0.0489130
2026-03-04 02:30:57.537 10 INFO neutron.db.l3_db [None req-de6c20c3-f8be-4d20-8c09-487010f9e2e2 28e3a3d79cb94eb8a987015914953a7e b954bc96772c47d8b82dc11647bc4822 - - default default] Floating IP f271bece-5414-4e99-bcdd-e6b04dd6db47 associated. External IP: 10.96.250.212, port: ca87aea1-06e6-4fa7-906c-bbe70f035d27.
2026-03-04 02:30:57.555 9 INFO neutron.wsgi [req-127362de-ee60-4595-8993-035049baeefe req-d5964b70-bdd0-42e3-9161-b7eda792375e 7f6808a736204204b900259adadebfc1 dd649a7e0fa94d889784905637a9c9ce - - 0b47a8ef162b449791a7619f7bd9f895 0b47a8ef162b449791a7619f7bd9f895] 199.204.45.162 "GET /v2.0/networks/81ff3b5a-4b89-4899-906e-50052d1f733f?fields=segments HTTP/1.1" status: 200 len: 212 time: 0.0827074
2026-03-04 02:30:57.612 9 INFO neutron.services.segments.plugin [-] Segment 3b602ca9-5547-42aa-aa45-bef9d8dc7633 resource provider aggregate not found
2026-03-04 02:30:57.624 9 INFO neutron.services.segments.plugin [-] Segment 3b602ca9-5547-42aa-aa45-bef9d8dc7633 resource provider aggregate not found
2026-03-04 02:30:57.639 9 INFO neutron.services.segments.plugin [-] Segment 3b602ca9-5547-42aa-aa45-bef9d8dc7633 resource provider not found; error: Placement Client Error (4xx): {"errors": [{"status": 404, "title": "Not Found", "detail": "The resource could not be found.\n\n No resource provider with uuid 3b602ca9-5547-42aa-aa45-bef9d8dc7633 found for delete ", "request_id": "req-9e6c98d8-c567-46a8-9105-008a19839d81"}]}
2026-03-04 02:30:57.641 9 INFO neutron.services.segments.plugin [-] Segment 3b602ca9-5547-42aa-aa45-bef9d8dc7633 resource provider not found; error: Placement Client Error (4xx): {"errors": [{"status": 404, "title": "Not Found", "detail": "The resource could not be found.\n\n No resource provider with uuid 3b602ca9-5547-42aa-aa45-bef9d8dc7633 found for delete ", "request_id": "req-2bc07899-9382-45a3-bb3e-b68cfa4f40a2"}]}
2026-03-04 02:30:57.663 9 INFO neutron.wsgi [req-127362de-ee60-4595-8993-035049baeefe req-7b5bf407-bb18-4997-bb54-6c173b94ffa4 7f6808a736204204b900259adadebfc1 dd649a7e0fa94d889784905637a9c9ce - - 0b47a8ef162b449791a7619f7bd9f895 0b47a8ef162b449791a7619f7bd9f895] 199.204.45.162 "GET /v2.0/networks/81ff3b5a-4b89-4899-906e-50052d1f733f?fields=provider%3Aphysical_network&fields=provider%3Anetwork_type HTTP/1.1" status: 200 len: 277 time: 0.0959659
2026-03-04 02:30:57.669 9 INFO neutron.wsgi [None req-7589d3f1-6cd8-4880-ab35-a14eb47d62a8 86dc6a9534844f9ca01efe953d58b3fe a3c9b84e58e84cf5a7c8ff2bcc9cb34d - - default default] 10.0.0.179 "DELETE /v2.0/networks/44c53f35-2d0f-45d6-bf7e-58d7d9ef00e9 HTTP/1.1" status: 204 len: 168 time: 0.6019530
2026-03-04 02:30:57.749 10 INFO neutron.db.ovn_revision_numbers_db [None req-de6c20c3-f8be-4d20-8c09-487010f9e2e2 28e3a3d79cb94eb8a987015914953a7e b954bc96772c47d8b82dc11647bc4822 - - default default] Successfully bumped revision number for resource f271bece-5414-4e99-bcdd-e6b04dd6db47 (type: floatingips) to 1
2026-03-04 02:30:57.907 10 INFO neutron.db.ovn_revision_numbers_db [None req-de6c20c3-f8be-4d20-8c09-487010f9e2e2 28e3a3d79cb94eb8a987015914953a7e b954bc96772c47d8b82dc11647bc4822 - - default default] Successfully bumped revision number for resource f271bece-5414-4e99-bcdd-e6b04dd6db47 (type: floatingips) to 2
2026-03-04 02:30:57.953 10 INFO neutron.wsgi [None req-de6c20c3-f8be-4d20-8c09-487010f9e2e2 28e3a3d79cb94eb8a987015914953a7e b954bc96772c47d8b82dc11647bc4822 - - default default] 10.0.0.179 "PUT /v2.0/floatingips/f271bece-5414-4e99-bcdd-e6b04dd6db47 HTTP/1.1" status: 200 len: 1050 time: 0.7400744 /var/lib/openstack/lib/python3.10/site-packages/pycadf/identifier.py:71: UserWarning: Invalid uuid: neutron. To ensure interoperability, identifiers should be a valid uuid. warnings.warn(('Invalid uuid: %s. To ensure interoperability, '
2026-03-04 02:30:58.221 9 INFO neutron.wsgi [req-abe99474-a266-48d2-8ad7-6a5f7c4c3bae req-c1412e98-f301-4e8f-bc5d-dd010d2c3cb3 28e3a3d79cb94eb8a987015914953a7e b954bc96772c47d8b82dc11647bc4822 - - default default] 10.0.0.147 "GET /v2.0/ports?device_id=a3ac44ce-8769-4eb4-9137-2099c0f74fef HTTP/1.1" status: 200 len: 1174 time: 0.0725451
2026-03-04 02:30:58.297 9 INFO neutron.wsgi [req-abe99474-a266-48d2-8ad7-6a5f7c4c3bae req-71967077-6824-4ee4-a37b-4b11f48003e6 28e3a3d79cb94eb8a987015914953a7e b954bc96772c47d8b82dc11647bc4822 - - default default] 10.0.0.147 "GET /v2.0/security-groups?id=67bdec7b-c825-472c-b2a7-8d9fb455a174&fields=id&fields=name HTTP/1.1" status: 200 len: 313 time: 0.0695395
2026-03-04 02:30:58.575 9 INFO neutron.plugins.ml2.drivers.ovn.mech_driver.mech_driver [None req-c7941d8f-798b-4ce2-8866-f4cd2a57569c - - - - - -] OVN reports status down for port: ca87aea1-06e6-4fa7-906c-bbe70f035d27
2026-03-04 02:30:58.585 9 INFO neutron.wsgi [None req-8c1f2b6c-0276-44b8-b006-5eb64c5ac759 86dc6a9534844f9ca01efe953d58b3fe a3c9b84e58e84cf5a7c8ff2bcc9cb34d - - default default] 10.0.0.179 "DELETE /v2.0/networks/f22b00ba-6be5-4dc2-a87d-cd7c0fbfffdb HTTP/1.1" status: 204 len: 168 time: 0.9107578
2026-03-04 02:30:58.591 9 INFO neutron.wsgi [req-561a86a5-100b-4ca8-8b08-d32f0a073699 req-6bc3f24c-587f-4c96-91e3-23ce78ab177e 28e3a3d79cb94eb8a987015914953a7e b954bc96772c47d8b82dc11647bc4822 - - default default] 10.0.0.147 "GET /v2.0/ports?device_id=a3ac44ce-8769-4eb4-9137-2099c0f74fef HTTP/1.1" status: 200 len: 1174 time: 0.0592511
2026-03-04 02:30:58.654 9 INFO neutron.wsgi [req-561a86a5-100b-4ca8-8b08-d32f0a073699 req-39508de3-da51-41dd-a76e-d1410a68061e 28e3a3d79cb94eb8a987015914953a7e b954bc96772c47d8b82dc11647bc4822 - - default default] 10.0.0.147 "GET /v2.0/security-groups?id=67bdec7b-c825-472c-b2a7-8d9fb455a174&fields=id&fields=name HTTP/1.1" status: 200 len: 313 time: 0.0532951
2026-03-04 02:30:58.686 10 INFO neutron.wsgi [None req-298f045e-d88e-402f-ad84-230a04edf0ba 86dc6a9534844f9ca01efe953d58b3fe a3c9b84e58e84cf5a7c8ff2bcc9cb34d - - default default] 10.0.0.179 "GET /v2.0/networks HTTP/1.1" status: 200 len: 845 time: 0.0959966
2026-03-04 02:30:58.699 10 WARNING neutron_lib.context [None req-25bf753f-e0c5-42db-988c-2e2c4b4b2fb8 86dc6a9534844f9ca01efe953d58b3fe a3c9b84e58e84cf5a7c8ff2bcc9cb34d - - default default] Method 'is_advsvc' is deprecated since 2023.2 release (neutron-lib 3.8.0) and will be removed once support for the old RBAC API policies will be removed from Neutron. Please use method 'is_service_role' instead.
2026-03-04 02:30:58.743 9 INFO neutron.notifiers.nova [-] Nova event matching ['req-513fc8d2-8340-45f2-a994-a029f55866c7'] response: {'server_uuid': 'a3ac44ce-8769-4eb4-9137-2099c0f74fef', 'name': 'network-vif-unplugged', 'status': 'completed', 'tag': 'ca87aea1-06e6-4fa7-906c-bbe70f035d27', 'code': 200}
2026-03-04 02:30:58.795 10 INFO neutron.db.segments_db [None req-25bf753f-e0c5-42db-988c-2e2c4b4b2fb8 86dc6a9534844f9ca01efe953d58b3fe a3c9b84e58e84cf5a7c8ff2bcc9cb34d - - default default] Added segment 79895f71-7d9d-4e16-a36d-c9a2a2d73699 of type geneve for network 0f7e7c88-946a-4972-8375-d6cb8fca856d
2026-03-04 02:30:58.821 10 INFO neutron.notifiers.nova [-] Nova event matching ['req-b2b22cd4-0282-440b-ace3-3a87e52ca01a'] response: {'server_uuid': '6a2762d8-8429-4c3e-a2c5-db3b6b3d719b', 'name': 'network-vif-plugged', 'status': 'completed', 'tag': 'fe67107c-e41d-4e8e-8dea-ad4e7c942a2d', 'code': 200}
2026-03-04 02:30:58.821 10 INFO neutron.notifiers.nova [-] Nova event matching ['req-b2b22cd4-0282-440b-ace3-3a87e52ca01a'] response: {'name': 'network-changed', 'server_uuid': 'a3ac44ce-8769-4eb4-9137-2099c0f74fef', 'tag': 'ca87aea1-06e6-4fa7-906c-bbe70f035d27', 'status': 'completed', 'code': 200}
2026-03-04 02:30:58.898 9 INFO neutron.wsgi [req-82d03813-3103-412d-af37-178c248ba2fd req-81f8a394-8bbf-406e-af9d-2a231999dccc 7f6808a736204204b900259adadebfc1 dd649a7e0fa94d889784905637a9c9ce - - 0b47a8ef162b449791a7619f7bd9f895 0b47a8ef162b449791a7619f7bd9f895] 199.204.45.162 "GET /v2.0/ports?tenant_id=b954bc96772c47d8b82dc11647bc4822&device_id=a3ac44ce-8769-4eb4-9137-2099c0f74fef HTTP/1.1" status: 200 len: 1411 time: 0.0517731
2026-03-04 02:30:58.959 9 INFO neutron.db.ovn_revision_numbers_db [None req-c7941d8f-798b-4ce2-8866-f4cd2a57569c - - - - - -] Successfully bumped revision number for resource ca87aea1-06e6-4fa7-906c-bbe70f035d27 (type: ports) to 5
2026-03-04 02:30:58.980 9 INFO neutron.wsgi [req-82d03813-3103-412d-af37-178c248ba2fd req-e30d3a91-863e-4782-8ca2-4ba45600b343 7f6808a736204204b900259adadebfc1 dd649a7e0fa94d889784905637a9c9ce - - 0b47a8ef162b449791a7619f7bd9f895 0b47a8ef162b449791a7619f7bd9f895] 199.204.45.162 "GET /v2.0/networks?id=7d69eb2a-fdff-4f8f-8b93-c246a45d50d5 HTTP/1.1" status: 200 len: 967 time: 0.0742452
2026-03-04 02:30:59.029 10 INFO neutron.db.ovn_revision_numbers_db [None req-25bf753f-e0c5-42db-988c-2e2c4b4b2fb8 86dc6a9534844f9ca01efe953d58b3fe a3c9b84e58e84cf5a7c8ff2bcc9cb34d - - default default] Successfully bumped revision number for resource 0f7e7c88-946a-4972-8375-d6cb8fca856d (type: networks) to 1
2026-03-04 02:30:59.040 10 INFO neutron.wsgi [req-19ada0c8-cb36-4239-baa4-b94718c2e36e req-ececfca3-311f-48e4-8d39-0c232e6b46a6 28e3a3d79cb94eb8a987015914953a7e b954bc96772c47d8b82dc11647bc4822 - - default default] 199.204.45.162 "GET /v2.0/ports?device_id=a3ac44ce-8769-4eb4-9137-2099c0f74fef HTTP/1.1" status: 200 len: 1172 time: 0.1807902
2026-03-04 02:30:59.044 9 INFO neutron.wsgi [req-82d03813-3103-412d-af37-178c248ba2fd req-1ee81e49-ed65-4d6f-a635-a627f94ad530 7f6808a736204204b900259adadebfc1 dd649a7e0fa94d889784905637a9c9ce - - 0b47a8ef162b449791a7619f7bd9f895 0b47a8ef162b449791a7619f7bd9f895] 199.204.45.162 "GET /v2.0/floatingips?fixed_ip_address=10.100.0.14&port_id=ca87aea1-06e6-4fa7-906c-bbe70f035d27 HTTP/1.1" status: 200 len: 1058 time: 0.0595162 /var/lib/openstack/lib/python3.10/site-packages/pycadf/identifier.py:71: UserWarning: Invalid uuid: neutron. To ensure interoperability, identifiers should be a valid uuid. warnings.warn(('Invalid uuid: %s. To ensure interoperability, '
2026-03-04 02:30:59.085 9 INFO neutron.wsgi [req-82d03813-3103-412d-af37-178c248ba2fd req-f0bba4dc-f0a7-45c2-b2fd-afcdaf1624f1 7f6808a736204204b900259adadebfc1 dd649a7e0fa94d889784905637a9c9ce - - 0b47a8ef162b449791a7619f7bd9f895 0b47a8ef162b449791a7619f7bd9f895] 199.204.45.162 "GET /v2.0/subnets?id=642c5a2f-97c1-4be6-af47-516c5092e532 HTTP/1.1" status: 200 len: 862 time: 0.0360548
2026-03-04 02:30:59.114 9 INFO neutron.wsgi [req-82d03813-3103-412d-af37-178c248ba2fd req-02a32a8d-8d4c-46af-8eda-90a6a5bb9232 7f6808a736204204b900259adadebfc1 dd649a7e0fa94d889784905637a9c9ce - - 0b47a8ef162b449791a7619f7bd9f895 0b47a8ef162b449791a7619f7bd9f895] 199.204.45.162 "GET /v2.0/ports?network_id=7d69eb2a-fdff-4f8f-8b93-c246a45d50d5&device_owner=network%3Adhcp HTTP/1.1" status: 200 len: 210 time: 0.0207155
2026-03-04 02:30:59.178 9 INFO neutron.wsgi [req-82d03813-3103-412d-af37-178c248ba2fd req-4b62f5e0-8257-4469-a78f-c86142ee32e2 7f6808a736204204b900259adadebfc1 dd649a7e0fa94d889784905637a9c9ce - - 0b47a8ef162b449791a7619f7bd9f895 0b47a8ef162b449791a7619f7bd9f895] 199.204.45.162 "GET /v2.0/networks/7d69eb2a-fdff-4f8f-8b93-c246a45d50d5?fields=segments HTTP/1.1" status: 200 len: 212 time: 0.0579140
2026-03-04 02:30:59.248 9 INFO neutron.wsgi [req-82d03813-3103-412d-af37-178c248ba2fd req-bdd02e8f-d08f-4d2b-ab04-7b45910c79b2 7f6808a736204204b900259adadebfc1 dd649a7e0fa94d889784905637a9c9ce - - 0b47a8ef162b449791a7619f7bd9f895 0b47a8ef162b449791a7619f7bd9f895] 199.204.45.162 "GET /v2.0/networks/7d69eb2a-fdff-4f8f-8b93-c246a45d50d5?fields=provider%3Aphysical_network&fields=provider%3Anetwork_type HTTP/1.1" status: 200 len: 277 time: 0.0658343
2026-03-04 02:30:59.519 10 WARNING neutron.scheduler.dhcp_agent_scheduler [None req-25bf753f-e0c5-42db-988c-2e2c4b4b2fb8 86dc6a9534844f9ca01efe953d58b3fe a3c9b84e58e84cf5a7c8ff2bcc9cb34d - - default default] No more DHCP agents
2026-03-04 02:30:59.526 10 WARNING neutron.api.rpc.agentnotifiers.dhcp_rpc_agent_api [None req-25bf753f-e0c5-42db-988c-2e2c4b4b2fb8 86dc6a9534844f9ca01efe953d58b3fe a3c9b84e58e84cf5a7c8ff2bcc9cb34d - - default default] Unable to schedule network 0f7e7c88-946a-4972-8375-d6cb8fca856d: no agents available; will retry on subsequent port and subnet creation events.
2026-03-04 02:30:59.647 10 INFO neutron.db.ovn_revision_numbers_db [None req-25bf753f-e0c5-42db-988c-2e2c4b4b2fb8 86dc6a9534844f9ca01efe953d58b3fe a3c9b84e58e84cf5a7c8ff2bcc9cb34d - - default default] Successfully bumped revision number for resource 5eb52cca-9380-40fd-91b4-5b3e4d5329a9 (type: ports) to 1
2026-03-04 02:30:59.667 9 INFO neutron.services.segments.plugin [-] Segment 1b24d9db-4a37-4598-8782-b14911e7617b resource provider aggregate not found
2026-03-04 02:30:59.675 9 INFO neutron.services.segments.plugin [-] Segment 1b24d9db-4a37-4598-8782-b14911e7617b resource provider aggregate not found
2026-03-04 02:30:59.690 10 INFO neutron.wsgi [None req-25bf753f-e0c5-42db-988c-2e2c4b4b2fb8 86dc6a9534844f9ca01efe953d58b3fe a3c9b84e58e84cf5a7c8ff2bcc9cb34d - - default default] 10.0.0.179 "POST /v2.0/networks HTTP/1.1" status: 201 len: 853 time: 0.9957693
2026-03-04 02:30:59.702 9 WARNING neutron_lib.context [None req-ebff0d5d-c59f-4b5b-a1d7-8afc0d6d12ab 86dc6a9534844f9ca01efe953d58b3fe a3c9b84e58e84cf5a7c8ff2bcc9cb34d - - default default] Method 'is_advsvc' is deprecated since 2023.2 release (neutron-lib 3.8.0) and will be removed once support for the old RBAC API policies will be removed from Neutron. Please use method 'is_service_role' instead.
2026-03-04 02:30:59.703 10 INFO neutron.db.l3_db [req-19ada0c8-cb36-4239-baa4-b94718c2e36e req-3b2722ea-fe1e-400b-9e95-22229e11d4e4 28e3a3d79cb94eb8a987015914953a7e b954bc96772c47d8b82dc11647bc4822 - - default default] Floating IP f271bece-5414-4e99-bcdd-e6b04dd6db47 disassociated. External IP: 10.96.250.212, port: ca87aea1-06e6-4fa7-906c-bbe70f035d27.
2026-03-04 02:30:59.709 9 INFO neutron.services.segments.plugin [-] Segment 1b24d9db-4a37-4598-8782-b14911e7617b resource provider not found; error: Placement Client Error (4xx): {"errors": [{"status": 404, "title": "Not Found", "detail": "The resource could not be found.\n\n No resource provider with uuid 1b24d9db-4a37-4598-8782-b14911e7617b found for delete ", "request_id": "req-549e4aaf-ca5e-46aa-8515-fd82378a6498"}]}
2026-03-04 02:30:59.711 9 INFO neutron.services.segments.plugin [-] Segment 1b24d9db-4a37-4598-8782-b14911e7617b resource provider not found; error: Placement Client Error (4xx): {"errors": [{"status": 404, "title": "Not Found", "detail": "The resource could not be found.\n\n No resource provider with uuid 1b24d9db-4a37-4598-8782-b14911e7617b found for delete ", "request_id": "req-7b53a613-44c3-44df-b2b5-c3f591c417f8"}]} /var/lib/openstack/lib/python3.10/site-packages/pycadf/identifier.py:71: UserWarning: Invalid uuid: neutron. To ensure interoperability, identifiers should be a valid uuid. warnings.warn(('Invalid uuid: %s. To ensure interoperability, '
2026-03-04 02:30:59.792 9 INFO neutron.wsgi [req-4a096cf2-49c1-4c19-ac9e-5f9ce964dcf6 req-fbc548e7-d737-43e1-827f-caecde42f9e5 28e3a3d79cb94eb8a987015914953a7e b954bc96772c47d8b82dc11647bc4822 - - default default] 10.0.0.147 "GET /v2.0/ports?device_id=a3ac44ce-8769-4eb4-9137-2099c0f74fef HTTP/1.1" status: 200 len: 1172 time: 0.0529532
2026-03-04 02:30:59.830 9 INFO neutron.wsgi [req-4a096cf2-49c1-4c19-ac9e-5f9ce964dcf6 req-eb7e4a31-fea4-4a64-bf8a-66b70b08f1f9 28e3a3d79cb94eb8a987015914953a7e b954bc96772c47d8b82dc11647bc4822 - - default default] 10.0.0.147 "GET /v2.0/security-groups?id=67bdec7b-c825-472c-b2a7-8d9fb455a174&fields=id&fields=name HTTP/1.1" status: 200 len: 313 time: 0.0310204
2026-03-04 02:30:59.844 9 INFO neutron.db.segments_db [None req-ebff0d5d-c59f-4b5b-a1d7-8afc0d6d12ab 86dc6a9534844f9ca01efe953d58b3fe a3c9b84e58e84cf5a7c8ff2bcc9cb34d - - default default] Added segment ce3314cb-dc52-45ce-92d4-b739812752b9 of type geneve for network 62cc4439-8169-479a-ac07-daa6143b8e24
2026-03-04 02:30:59.874 10 INFO neutron.wsgi [req-19ada0c8-cb36-4239-baa4-b94718c2e36e req-3b2722ea-fe1e-400b-9e95-22229e11d4e4 28e3a3d79cb94eb8a987015914953a7e b954bc96772c47d8b82dc11647bc4822 - - default default] 199.204.45.162 "DELETE /v2.0/ports/ca87aea1-06e6-4fa7-906c-bbe70f035d27 HTTP/1.1" status: 204 len: 173 time: 0.8253710
2026-03-04 02:31:00.012 9 INFO neutron.db.ovn_revision_numbers_db [None req-ebff0d5d-c59f-4b5b-a1d7-8afc0d6d12ab 86dc6a9534844f9ca01efe953d58b3fe a3c9b84e58e84cf5a7c8ff2bcc9cb34d - - default default] Successfully bumped revision number for resource 62cc4439-8169-479a-ac07-daa6143b8e24 (type: networks) to 1
2026-03-04 02:31:00.202 9 WARNING neutron.scheduler.dhcp_agent_scheduler [None req-ebff0d5d-c59f-4b5b-a1d7-8afc0d6d12ab 86dc6a9534844f9ca01efe953d58b3fe a3c9b84e58e84cf5a7c8ff2bcc9cb34d - - default default] No more DHCP agents
2026-03-04 02:31:00.205 9 WARNING neutron.api.rpc.agentnotifiers.dhcp_rpc_agent_api [None req-ebff0d5d-c59f-4b5b-a1d7-8afc0d6d12ab 86dc6a9534844f9ca01efe953d58b3fe a3c9b84e58e84cf5a7c8ff2bcc9cb34d - - default default] Unable to schedule network 62cc4439-8169-479a-ac07-daa6143b8e24: no agents available; will retry on subsequent port and subnet creation events.
2026-03-04 02:31:00.286 9 INFO neutron.db.ovn_revision_numbers_db [None req-ebff0d5d-c59f-4b5b-a1d7-8afc0d6d12ab 86dc6a9534844f9ca01efe953d58b3fe a3c9b84e58e84cf5a7c8ff2bcc9cb34d - - default default] Successfully bumped revision number for resource a6c73f12-6412-405f-85f2-f9fb6d5cb9f5 (type: ports) to 1
2026-03-04 02:31:00.311 9 INFO neutron.wsgi [None req-ebff0d5d-c59f-4b5b-a1d7-8afc0d6d12ab 86dc6a9534844f9ca01efe953d58b3fe a3c9b84e58e84cf5a7c8ff2bcc9cb34d - - default default] 10.0.0.179 "POST /v2.0/networks HTTP/1.1" status: 201 len: 853 time: 0.6139627
2026-03-04 02:31:00.321 9 WARNING neutron_lib.context [None req-c82b3954-c38a-41f8-9e38-bd7d316e05f0 86dc6a9534844f9ca01efe953d58b3fe a3c9b84e58e84cf5a7c8ff2bcc9cb34d - - default default] Method 'is_advsvc' is deprecated since 2023.2 release (neutron-lib 3.8.0) and will be removed once support for the old RBAC API policies will be removed from Neutron. Please use method 'is_service_role' instead.
2026-03-04 02:31:00.366 9 WARNING neutron_lib.context [None req-c82b3954-c38a-41f8-9e38-bd7d316e05f0 86dc6a9534844f9ca01efe953d58b3fe a3c9b84e58e84cf5a7c8ff2bcc9cb34d - - default default] Method 'is_advsvc' is deprecated since 2023.2 release (neutron-lib 3.8.0) and will be removed once support for the old RBAC API policies will be removed from Neutron. Please use method 'is_service_role' instead.
2026-03-04 02:31:00.680 10 INFO neutron.db.ovn_revision_numbers_db [None req-43e87d8f-dc22-42b7-a2c4-b7b172d6b76b bcf2610efd8c4f2eb4e4c30588e3cb2d 79fc3856c9654c3eb86f9a22688279ef - - default default] Successfully bumped revision number for resource 949b348e-f646-4768-b36d-21d6600c66ff (type: security_groups) to 1
2026-03-04 02:31:00.694 10 INFO neutron.db.ovn_revision_numbers_db [None req-43e87d8f-dc22-42b7-a2c4-b7b172d6b76b bcf2610efd8c4f2eb4e4c30588e3cb2d 79fc3856c9654c3eb86f9a22688279ef - - default default] Successfully bumped revision number for resource 006b10da-b216-4624-a4f8-dd94b7800c0c (type: security_group_rules) to 0
2026-03-04 02:31:00.708 10 INFO neutron.db.ovn_revision_numbers_db [None req-43e87d8f-dc22-42b7-a2c4-b7b172d6b76b bcf2610efd8c4f2eb4e4c30588e3cb2d 79fc3856c9654c3eb86f9a22688279ef - - default default] Successfully bumped revision number for resource 76ae8849-cf33-4206-9d5e-ebfb2f38d09e (type: security_group_rules) to 0
2026-03-04 02:31:00.724 10 INFO neutron.db.ovn_revision_numbers_db [None req-43e87d8f-dc22-42b7-a2c4-b7b172d6b76b bcf2610efd8c4f2eb4e4c30588e3cb2d 79fc3856c9654c3eb86f9a22688279ef - - default default] Successfully bumped revision number for resource 7e94a04c-e68e-4b65-9b2e-04d15c6b0ea7 (type: security_group_rules) to 0
2026-03-04 02:31:00.737 10 INFO neutron.db.ovn_revision_numbers_db [None req-43e87d8f-dc22-42b7-a2c4-b7b172d6b76b bcf2610efd8c4f2eb4e4c30588e3cb2d 79fc3856c9654c3eb86f9a22688279ef - - default default] Successfully bumped revision number for resource f19edf2f-0f62-4289-9aeb-220220a4b857 (type: security_group_rules) to 0
2026-03-04 02:31:00.766 10 INFO neutron.wsgi [None req-43e87d8f-dc22-42b7-a2c4-b7b172d6b76b bcf2610efd8c4f2eb4e4c30588e3cb2d 79fc3856c9654c3eb86f9a22688279ef - - default default] 10.0.0.179 "GET /v2.0/security-groups?tenant_id=ac2215edaefe42278f3f56f4b0718ac7&name=default HTTP/1.1" status: 200 len: 2996 time: 0.3872182
2026-03-04 02:31:00.786 9 INFO neutron.notifiers.nova [-] Nova event matching ['req-c8ada5c1-52ac-4164-b40d-9850bc6bc0a8'] response: {'server_uuid': 'a3ac44ce-8769-4eb4-9137-2099c0f74fef', 'name': 'network-vif-plugged', 'status': 'completed', 'tag': 'ca87aea1-06e6-4fa7-906c-bbe70f035d27', 'code': 200}
2026-03-04 02:31:00.819 9 WARNING neutron.scheduler.dhcp_agent_scheduler [None req-c82b3954-c38a-41f8-9e38-bd7d316e05f0 86dc6a9534844f9ca01efe953d58b3fe a3c9b84e58e84cf5a7c8ff2bcc9cb34d - - default default] No more DHCP agents
2026-03-04 02:31:00.822 9 WARNING neutron.api.rpc.agentnotifiers.dhcp_rpc_agent_api [None req-c82b3954-c38a-41f8-9e38-bd7d316e05f0 86dc6a9534844f9ca01efe953d58b3fe a3c9b84e58e84cf5a7c8ff2bcc9cb34d - - default default] Unable to schedule network 0f7e7c88-946a-4972-8375-d6cb8fca856d: no agents available; will retry on subsequent port and subnet creation events.
2026-03-04 02:31:00.859 10 INFO neutron.notifiers.nova [-] Nova event matching ['req-bafc096e-a6ce-4784-b592-2937bb891ac7'] response: {'server_uuid': 'a3ac44ce-8769-4eb4-9137-2099c0f74fef', 'name': 'network-vif-deleted', 'tag': 'ca87aea1-06e6-4fa7-906c-bbe70f035d27', 'status': 'completed', 'code': 200}
2026-03-04 02:31:00.901 9 INFO neutron.db.ovn_revision_numbers_db [None req-c82b3954-c38a-41f8-9e38-bd7d316e05f0 86dc6a9534844f9ca01efe953d58b3fe a3c9b84e58e84cf5a7c8ff2bcc9cb34d - - default default] Successfully bumped revision number for resource 87e9d957-70fe-46d8-94e4-c67221c017de (type: ports) to 1
2026-03-04 02:31:00.927 9 WARNING neutron.scheduler.dhcp_agent_scheduler [None req-c82b3954-c38a-41f8-9e38-bd7d316e05f0 86dc6a9534844f9ca01efe953d58b3fe a3c9b84e58e84cf5a7c8ff2bcc9cb34d - - default default] No more DHCP agents
2026-03-04 02:31:00.929 9 WARNING neutron.api.rpc.agentnotifiers.dhcp_rpc_agent_api [None req-c82b3954-c38a-41f8-9e38-bd7d316e05f0 86dc6a9534844f9ca01efe953d58b3fe a3c9b84e58e84cf5a7c8ff2bcc9cb34d - - default default] Unable to schedule network 62cc4439-8169-479a-ac07-daa6143b8e24: no agents available; will retry on subsequent port and subnet creation events.
2026-03-04 02:31:01.013 9 INFO neutron.db.ovn_revision_numbers_db [None req-c82b3954-c38a-41f8-9e38-bd7d316e05f0 86dc6a9534844f9ca01efe953d58b3fe a3c9b84e58e84cf5a7c8ff2bcc9cb34d - - default default] Successfully bumped revision number for resource 65616e35-6a94-4445-8a58-5ec742a7fd63 (type: ports) to 1
2026-03-04 02:31:01.013 10 INFO neutron.wsgi [None req-54c55be1-5d71-40bf-97bc-e14232cb6e2f bcf2610efd8c4f2eb4e4c30588e3cb2d 79fc3856c9654c3eb86f9a22688279ef - - default default] 10.0.0.179 "DELETE /v2.0/security-groups/949b348e-f646-4768-b36d-21d6600c66ff HTTP/1.1" status: 204 len: 168 time: 0.2408140
2026-03-04 02:31:01.048 9 INFO neutron.wsgi [None req-c82b3954-c38a-41f8-9e38-bd7d316e05f0 86dc6a9534844f9ca01efe953d58b3fe a3c9b84e58e84cf5a7c8ff2bcc9cb34d - - default default] 10.0.0.179 "POST /v2.0/ports HTTP/1.1" status: 201 len: 1706 time: 0.7323163 /var/lib/openstack/lib/python3.10/site-packages/pycadf/identifier.py:71: UserWarning: Invalid uuid: neutron. To ensure interoperability, identifiers should be a valid uuid. warnings.warn(('Invalid uuid: %s. To ensure interoperability, '
2026-03-04 02:31:01.057 10 INFO neutron.wsgi [None req-e1b675c0-8189-4179-91f8-dfb3362311a1 28e3a3d79cb94eb8a987015914953a7e b954bc96772c47d8b82dc11647bc4822 - - default default] 10.0.0.179 "DELETE /v2.0/security-groups/67bdec7b-c825-472c-b2a7-8d9fb455a174 HTTP/1.1" status: 204 len: 168 time: 0.1360354
2026-03-04 02:31:01.070 10 INFO neutron.api.v2.resource [None req-db2ccd2e-5a8a-4c7c-99d7-dfb56ebbec6d 28e3a3d79cb94eb8a987015914953a7e b954bc96772c47d8b82dc11647bc4822 - - default default] show failed (client error): The resource could not be found.
2026-03-04 02:31:01.072 10 INFO neutron.wsgi [None req-db2ccd2e-5a8a-4c7c-99d7-dfb56ebbec6d 28e3a3d79cb94eb8a987015914953a7e b954bc96772c47d8b82dc11647bc4822 - - default default] 10.0.0.179 "GET /v2.0/security-groups/67bdec7b-c825-472c-b2a7-8d9fb455a174 HTTP/1.1" status: 404 len: 347 time: 0.0117669
2026-03-04 02:31:01.244 9 INFO neutron.wsgi [None req-820eb88e-aa55-4c23-b389-bfa83a113a1a 86dc6a9534844f9ca01efe953d58b3fe a3c9b84e58e84cf5a7c8ff2bcc9cb34d - - default default] 10.0.0.179 "GET /v2.0/ports HTTP/1.1" status: 200 len: 3213 time: 0.1906829
2026-03-04 02:31:01.535 9 INFO neutron.wsgi [None req-42b30ce5-acc8-4fbd-8786-b69dd3087091 86dc6a9534844f9ca01efe953d58b3fe a3c9b84e58e84cf5a7c8ff2bcc9cb34d - - default default] 10.0.0.179 "DELETE /v2.0/ports/87e9d957-70fe-46d8-94e4-c67221c017de HTTP/1.1" status: 204 len: 168 time: 0.2849886
2026-03-04 02:31:01.564 9 INFO neutron.wsgi [None req-5231e049-fc46-4877-8c3e-bca9903c0198 28e3a3d79cb94eb8a987015914953a7e b954bc96772c47d8b82dc11647bc4822 - - default default] 10.0.0.179 "DELETE /v2.0/floatingips/f271bece-5414-4e99-bcdd-e6b04dd6db47 HTTP/1.1" status: 204 len: 168 time: 0.4880271
2026-03-04 02:31:01.848 9 INFO neutron.wsgi [None req-0b509e51-5c0d-4b61-a9a4-85cc49945473 86dc6a9534844f9ca01efe953d58b3fe a3c9b84e58e84cf5a7c8ff2bcc9cb34d - - default default] 10.0.0.179 "DELETE /v2.0/ports/65616e35-6a94-4445-8a58-5ec742a7fd63 HTTP/1.1" status: 204 len: 168 time: 0.3086591
2026-03-04 02:31:02.001 10 INFO neutron.wsgi [None req-8eabee6e-58fa-4cf8-828c-6390dcc25469 86dc6a9534844f9ca01efe953d58b3fe a3c9b84e58e84cf5a7c8ff2bcc9cb34d - - default default] 10.0.0.179 "GET /v2.0/ports HTTP/1.1" status: 200 len: 1718 time: 0.1442170
2026-03-04 02:31:02.012 10 WARNING neutron_lib.context [None req-74851f82-008e-4075-ab6c-0cca4e44ab3e 86dc6a9534844f9ca01efe953d58b3fe a3c9b84e58e84cf5a7c8ff2bcc9cb34d - - default default] Method 'is_advsvc' is deprecated since 2023.2 release (neutron-lib 3.8.0) and will be removed once support for the old RBAC API policies will be removed from Neutron. Please use method 'is_service_role' instead.
2026-03-04 02:31:02.103 10 INFO neutron.db.segments_db [None req-74851f82-008e-4075-ab6c-0cca4e44ab3e 86dc6a9534844f9ca01efe953d58b3fe a3c9b84e58e84cf5a7c8ff2bcc9cb34d - - default default] Added segment 760c916c-c420-4942-8dcc-1a74e66d66e7 of type geneve for network 5e9016c0-058e-44a4-8dba-dcc6405cd1ae
2026-03-04 02:31:02.253 10 INFO neutron.db.ovn_revision_numbers_db [None req-74851f82-008e-4075-ab6c-0cca4e44ab3e 86dc6a9534844f9ca01efe953d58b3fe a3c9b84e58e84cf5a7c8ff2bcc9cb34d - - default default] Successfully bumped revision number for resource 5e9016c0-058e-44a4-8dba-dcc6405cd1ae (type: networks) to 1
2026-03-04 02:31:02.438 10 WARNING neutron.scheduler.dhcp_agent_scheduler [None req-74851f82-008e-4075-ab6c-0cca4e44ab3e 86dc6a9534844f9ca01efe953d58b3fe a3c9b84e58e84cf5a7c8ff2bcc9cb34d - - default default] No more DHCP agents
2026-03-04 02:31:02.443 10 WARNING neutron.api.rpc.agentnotifiers.dhcp_rpc_agent_api [None req-74851f82-008e-4075-ab6c-0cca4e44ab3e 86dc6a9534844f9ca01efe953d58b3fe a3c9b84e58e84cf5a7c8ff2bcc9cb34d - - default default] Unable to schedule network 5e9016c0-058e-44a4-8dba-dcc6405cd1ae: no agents available; will retry on subsequent port and subnet creation events.
2026-03-04 02:31:02.521 10 INFO neutron.db.ovn_revision_numbers_db [None req-74851f82-008e-4075-ab6c-0cca4e44ab3e 86dc6a9534844f9ca01efe953d58b3fe a3c9b84e58e84cf5a7c8ff2bcc9cb34d - - default default] Successfully bumped revision number for resource 4d3c023b-c838-4562-a55d-68f83146993d (type: ports) to 1
2026-03-04 02:31:02.541 10 INFO neutron.wsgi [None req-74851f82-008e-4075-ab6c-0cca4e44ab3e 86dc6a9534844f9ca01efe953d58b3fe a3c9b84e58e84cf5a7c8ff2bcc9cb34d - - default default] 10.0.0.179 "POST /v2.0/networks HTTP/1.1" status: 201 len: 853 time: 0.5340722
2026-03-04 02:31:02.553 10 WARNING neutron_lib.context [None req-f2ce50a7-c730-440d-85ff-5169ef86cb72 86dc6a9534844f9ca01efe953d58b3fe a3c9b84e58e84cf5a7c8ff2bcc9cb34d - - default default] Method 'is_advsvc' is deprecated since 2023.2 release (neutron-lib 3.8.0) and will be removed once support for the old RBAC API policies will be removed from Neutron. Please use method 'is_service_role' instead.
2026-03-04 02:31:02.633 10 INFO neutron.db.segments_db [None req-f2ce50a7-c730-440d-85ff-5169ef86cb72 86dc6a9534844f9ca01efe953d58b3fe a3c9b84e58e84cf5a7c8ff2bcc9cb34d - - default default] Added segment ba39a10f-a373-4a78-8f36-58d426c3b65d of type geneve for network f892b24b-5cf7-42bd-bdcb-824de24f7937
2026-03-04 02:31:02.753 10 INFO neutron.db.ovn_revision_numbers_db [None req-f2ce50a7-c730-440d-85ff-5169ef86cb72 86dc6a9534844f9ca01efe953d58b3fe a3c9b84e58e84cf5a7c8ff2bcc9cb34d - - default default] Successfully bumped revision number for resource f892b24b-5cf7-42bd-bdcb-824de24f7937 (type: networks) to 1
2026-03-04 02:31:02.824 9 INFO neutron.wsgi [None req-82f39592-9297-42c2-b358-68c296cabdc4 bcf2610efd8c4f2eb4e4c30588e3cb2d 79fc3856c9654c3eb86f9a22688279ef - - default default] 10.0.0.179 "PUT /v2.0/routers/074e70f5-77ea-496a-9abb-6eb076c06967/remove_router_interface HTTP/1.1" status: 200 len: 503 time: 1.2543213 /var/lib/openstack/lib/python3.10/site-packages/pycadf/identifier.py:71: UserWarning: Invalid uuid: neutron. To ensure interoperability, identifiers should be a valid uuid. warnings.warn(('Invalid uuid: %s. To ensure interoperability, '
2026-03-04 02:31:02.923 10 WARNING neutron.scheduler.dhcp_agent_scheduler [None req-f2ce50a7-c730-440d-85ff-5169ef86cb72 86dc6a9534844f9ca01efe953d58b3fe a3c9b84e58e84cf5a7c8ff2bcc9cb34d - - default default] No more DHCP agents
2026-03-04 02:31:02.925 10 WARNING neutron.api.rpc.agentnotifiers.dhcp_rpc_agent_api [None req-f2ce50a7-c730-440d-85ff-5169ef86cb72 86dc6a9534844f9ca01efe953d58b3fe a3c9b84e58e84cf5a7c8ff2bcc9cb34d - - default default] Unable to schedule network f892b24b-5cf7-42bd-bdcb-824de24f7937: no agents available; will retry on subsequent port and subnet creation events.
2026-03-04 02:31:03.016 10 INFO neutron.db.ovn_revision_numbers_db [None req-f2ce50a7-c730-440d-85ff-5169ef86cb72 86dc6a9534844f9ca01efe953d58b3fe a3c9b84e58e84cf5a7c8ff2bcc9cb34d - - default default] Successfully bumped revision number for resource 84b5e3cc-7de2-4a92-9d1f-b73abdd7ad05 (type: ports) to 1
2026-03-04 02:31:03.037 10 INFO neutron.wsgi [None req-f2ce50a7-c730-440d-85ff-5169ef86cb72 86dc6a9534844f9ca01efe953d58b3fe a3c9b84e58e84cf5a7c8ff2bcc9cb34d - - default default] 10.0.0.179 "POST /v2.0/networks HTTP/1.1" status: 201 len: 853 time: 0.4888623
2026-03-04 02:31:03.523 9 WARNING neutron_lib.context [None req-26308f26-ab7a-4e64-b01f-4299c9c6e6b7 86dc6a9534844f9ca01efe953d58b3fe a3c9b84e58e84cf5a7c8ff2bcc9cb34d - - default default] Method 'is_advsvc' is deprecated since 2023.2 release (neutron-lib 3.8.0) and will be removed once support for the old RBAC API policies will be removed from Neutron. Please use method 'is_service_role' instead.
2026-03-04 02:31:03.555 10 INFO neutron.db.ovn_revision_numbers_db [None req-f1674379-460d-4b37-a3b6-d7f7d07424eb bcf2610efd8c4f2eb4e4c30588e3cb2d 79fc3856c9654c3eb86f9a22688279ef - - default default] Successfully bumped revision number for resource 6fc08be6-d1f1-44f3-8656-724da2f663f9 (type: security_groups) to 1
2026-03-04 02:31:03.571 10 INFO neutron.db.ovn_revision_numbers_db [None req-f1674379-460d-4b37-a3b6-d7f7d07424eb bcf2610efd8c4f2eb4e4c30588e3cb2d 79fc3856c9654c3eb86f9a22688279ef - - default default] Successfully bumped revision number for resource 17ddbe7b-b27d-408b-8490-1e68fb7339be (type: security_group_rules) to 0
2026-03-04 02:31:03.586 10 INFO neutron.db.ovn_revision_numbers_db [None req-f1674379-460d-4b37-a3b6-d7f7d07424eb bcf2610efd8c4f2eb4e4c30588e3cb2d 79fc3856c9654c3eb86f9a22688279ef - - default default] Successfully bumped revision number for resource 6f408ce2-c55e-4660-bd28-5ed9e15a55c1 (type: security_group_rules) to 0
2026-03-04 02:31:03.602 9 WARNING neutron_lib.context [None req-26308f26-ab7a-4e64-b01f-4299c9c6e6b7 86dc6a9534844f9ca01efe953d58b3fe a3c9b84e58e84cf5a7c8ff2bcc9cb34d - - default default] Method 'is_advsvc' is deprecated since 2023.2 release (neutron-lib 3.8.0) and will be removed once support for the old RBAC API policies will be removed from Neutron. Please use method 'is_service_role' instead.
2026-03-04 02:31:03.602 10 INFO neutron.db.ovn_revision_numbers_db [None req-f1674379-460d-4b37-a3b6-d7f7d07424eb bcf2610efd8c4f2eb4e4c30588e3cb2d 79fc3856c9654c3eb86f9a22688279ef - - default default] Successfully bumped revision number for resource 7a571bc1-b411-482f-b61d-2cf1a288686b (type: security_group_rules) to 0
2026-03-04 02:31:03.617 10 INFO neutron.db.ovn_revision_numbers_db [None req-f1674379-460d-4b37-a3b6-d7f7d07424eb bcf2610efd8c4f2eb4e4c30588e3cb2d 79fc3856c9654c3eb86f9a22688279ef - - default default] Successfully bumped revision number for resource fc1757f6-d3cf-4997-92c3-ba3056254e15 (type: security_group_rules) to 0
2026-03-04 02:31:03.642 10 INFO neutron.wsgi [None req-f1674379-460d-4b37-a3b6-d7f7d07424eb bcf2610efd8c4f2eb4e4c30588e3cb2d 79fc3856c9654c3eb86f9a22688279ef - - default default] 10.0.0.179 "GET /v2.0/security-groups?tenant_id=5a421a7308f44543a122bb2a7f17c816&name=default HTTP/1.1" status: 200 len: 2996 time: 0.4220917
2026-03-04 02:31:03.685 9 INFO neutron.wsgi [None req-24d2a405-82af-488a-a581-ec8ce1cbc3ce bcf2610efd8c4f2eb4e4c30588e3cb2d 79fc3856c9654c3eb86f9a22688279ef - - default default] 10.0.0.179 "DELETE /v2.0/routers/074e70f5-77ea-496a-9abb-6eb076c06967 HTTP/1.1" status: 204 len: 168 time: 0.8562112
2026-03-04 02:31:03.810 9 INFO neutron.wsgi [-] 10.0.0.220 "GET / HTTP/1.1" status: 200 len: 247 time: 0.0012693
2026-03-04 02:31:03.812 9 INFO neutron.wsgi [-] 10.0.0.220 "GET / HTTP/1.1" status: 200 len: 247 time: 0.0008497
2026-03-04 02:31:03.848 10 INFO neutron.wsgi [None req-e6b9d201-c260-4e12-ae88-2e333b9e51e8 bcf2610efd8c4f2eb4e4c30588e3cb2d 79fc3856c9654c3eb86f9a22688279ef - - default default] 10.0.0.179 "DELETE /v2.0/security-groups/6fc08be6-d1f1-44f3-8656-724da2f663f9 HTTP/1.1" status: 204 len: 168 time: 0.1992095
2026-03-04 02:31:03.917 9 INFO neutron.wsgi [req-985fdb0b-da86-419c-81d7-9dcc1f370ea8 req-e4910624-6aee-48a6-b0a0-cd262b9915d6 ef9e2b52361d49808455e8e203c175e9 4efa77805af446a291e5d7484718bdb3 - - default default] 10.0.0.147 "GET /v2.0/ports?device_id=6a2762d8-8429-4c3e-a2c5-db3b6b3d719b HTTP/1.1" status: 200 len: 1170 time: 0.1642551
2026-03-04 02:31:03.996 9 INFO neutron.wsgi [req-985fdb0b-da86-419c-81d7-9dcc1f370ea8 req-f2e1bb49-df50-44c1-b52f-9a64c57c66df ef9e2b52361d49808455e8e203c175e9 4efa77805af446a291e5d7484718bdb3 - - default default] 10.0.0.147 "GET /v2.0/security-groups?id=599b251b-399e-4dea-9fb3-aeadc34d7cf8&fields=id&fields=name HTTP/1.1" status: 200 len: 313 time: 0.0690699
2026-03-04 02:31:04.026 9 INFO neutron.wsgi [None req-fa142cc4-398a-4787-8717-14411db98c4c bcf2610efd8c4f2eb4e4c30588e3cb2d 79fc3856c9654c3eb86f9a22688279ef - - default default] 10.0.0.179 "DELETE /v2.0/subnets/642c5a2f-97c1-4be6-af47-516c5092e532 HTTP/1.1" status: 204 len: 168 time: 0.3346035
2026-03-04 02:31:04.150 9 WARNING neutron.scheduler.dhcp_agent_scheduler [None req-26308f26-ab7a-4e64-b01f-4299c9c6e6b7 86dc6a9534844f9ca01efe953d58b3fe a3c9b84e58e84cf5a7c8ff2bcc9cb34d - - default default] No more DHCP agents
2026-03-04 02:31:04.151 9 WARNING neutron.api.rpc.agentnotifiers.dhcp_rpc_agent_api [None req-26308f26-ab7a-4e64-b01f-4299c9c6e6b7 86dc6a9534844f9ca01efe953d58b3fe a3c9b84e58e84cf5a7c8ff2bcc9cb34d - - default default] Unable to schedule network 5e9016c0-058e-44a4-8dba-dcc6405cd1ae: no agents available; will retry on subsequent port and subnet creation events.
2026-03-04 02:31:04.182 9 INFO neutron.db.ovn_revision_numbers_db [None req-26308f26-ab7a-4e64-b01f-4299c9c6e6b7 86dc6a9534844f9ca01efe953d58b3fe a3c9b84e58e84cf5a7c8ff2bcc9cb34d - - default default] Successfully bumped revision number for resource eedd3c4a-4495-4d19-b6db-6ccc32e19d99 (type: subnets) to 0
2026-03-04 02:31:04.230 10 INFO neutron.plugins.ml2.drivers.ovn.mech_driver.mech_driver [None req-bb7dfab9-54d8-433b-91ad-d2fed24618f7 - - - - - -] OVN reports status down for port: fe67107c-e41d-4e8e-8dea-ad4e7c942a2d
2026-03-04 02:31:04.239 9 WARNING neutron.scheduler.dhcp_agent_scheduler [None req-26308f26-ab7a-4e64-b01f-4299c9c6e6b7 86dc6a9534844f9ca01efe953d58b3fe a3c9b84e58e84cf5a7c8ff2bcc9cb34d - - default default] No more DHCP agents
2026-03-04 02:31:04.246 9 WARNING neutron.api.rpc.agentnotifiers.dhcp_rpc_agent_api [None req-26308f26-ab7a-4e64-b01f-4299c9c6e6b7 86dc6a9534844f9ca01efe953d58b3fe a3c9b84e58e84cf5a7c8ff2bcc9cb34d - - default default] Unable to schedule network f892b24b-5cf7-42bd-bdcb-824de24f7937: no agents available; will retry on subsequent port and subnet creation events.
2026-03-04 02:31:04.255 9 INFO neutron.wsgi [req-44a599e6-7f2d-4224-b956-e2e0990a9116 req-7fb4252c-4ef8-4c7f-aeca-726b5277032a ef9e2b52361d49808455e8e203c175e9 4efa77805af446a291e5d7484718bdb3 - - default default] 10.0.0.147 "GET /v2.0/ports?device_id=6a2762d8-8429-4c3e-a2c5-db3b6b3d719b HTTP/1.1" status: 200 len: 1170 time: 0.0688293
2026-03-04 02:31:04.306 9 INFO neutron.db.ovn_revision_numbers_db [None req-26308f26-ab7a-4e64-b01f-4299c9c6e6b7 86dc6a9534844f9ca01efe953d58b3fe a3c9b84e58e84cf5a7c8ff2bcc9cb34d - - default default] Successfully bumped revision number for resource 0bd78c03-8906-433f-896a-f4edae4f78b4 (type: subnets) to 0
2026-03-04 02:31:04.314 9 INFO neutron.wsgi [req-44a599e6-7f2d-4224-b956-e2e0990a9116 req-be241f59-bb39-4a84-8b86-dc90ff178bc1 ef9e2b52361d49808455e8e203c175e9 4efa77805af446a291e5d7484718bdb3 - - default default] 10.0.0.147 "GET /v2.0/security-groups?id=599b251b-399e-4dea-9fb3-aeadc34d7cf8&fields=id&fields=name HTTP/1.1" status: 200 len: 313 time: 0.0486276
2026-03-04 02:31:04.323 9 INFO neutron.wsgi [None req-26308f26-ab7a-4e64-b01f-4299c9c6e6b7 86dc6a9534844f9ca01efe953d58b3fe a3c9b84e58e84cf5a7c8ff2bcc9cb34d - - default default] 10.0.0.179 "POST /v2.0/subnets HTTP/1.1" status: 201 len: 1476 time: 0.8060112
2026-03-04 02:31:04.408 9 INFO neutron.wsgi [None req-8d9b5f3a-a01b-46e3-b428-36c7a1ba9e44 86dc6a9534844f9ca01efe953d58b3fe a3c9b84e58e84cf5a7c8ff2bcc9cb34d - - default default] 10.0.0.179 "GET /v2.0/subnets HTTP/1.1" status: 200 len: 2084 time: 0.0798795
2026-03-04 02:31:04.423 10 INFO neutron.notifiers.nova [-] Nova event matching ['req-729f54a3-9f65-4232-a448-90e9dc8a6f23'] response: {'server_uuid': '6a2762d8-8429-4c3e-a2c5-db3b6b3d719b', 'name': 'network-vif-unplugged', 'status': 'completed', 'tag': 'fe67107c-e41d-4e8e-8dea-ad4e7c942a2d', 'code': 200}
2026-03-04 02:31:04.443 10 INFO neutron.services.segments.plugin [-] Segment fcc13676-2bec-455a-ba49-1aa792aebd6e resource provider aggregate not found
2026-03-04 02:31:04.448 10 INFO neutron.services.segments.plugin [-] Segment fcc13676-2bec-455a-ba49-1aa792aebd6e resource provider aggregate not found
2026-03-04 02:31:04.480 10 INFO neutron.services.segments.plugin [-] Segment fcc13676-2bec-455a-ba49-1aa792aebd6e resource provider not found; error: Placement Client Error (4xx): {"errors": [{"status": 404, "title": "Not Found", "detail": "The resource could not be found.\n\n No resource provider with uuid fcc13676-2bec-455a-ba49-1aa792aebd6e found for delete ", "request_id": "req-5450da73-ef19-4b51-81f3-62f03b40ea95"}]}
2026-03-04 02:31:04.481 10 INFO neutron.services.segments.plugin [-] Segment fcc13676-2bec-455a-ba49-1aa792aebd6e resource provider not found; error: Placement Client Error (4xx): {"errors": [{"status": 404, "title": "Not Found", "detail": "The resource could not be found.\n\n No resource provider with uuid fcc13676-2bec-455a-ba49-1aa792aebd6e found for delete ", "request_id": "req-aad8ef25-60b7-4afc-9b9a-74f2a9284791"}]}
2026-03-04 02:31:04.520 10 INFO neutron.wsgi [None req-5ae32a10-57a9-4d97-8c9c-001d37d90fa6 bcf2610efd8c4f2eb4e4c30588e3cb2d 79fc3856c9654c3eb86f9a22688279ef - - default default] 10.0.0.179 "DELETE /v2.0/networks/7d69eb2a-fdff-4f8f-8b93-c246a45d50d5 HTTP/1.1" status: 204 len: 168 time: 0.4890871
2026-03-04 02:31:04.612 9 INFO neutron.wsgi [None req-aa23a2cd-ce38-4280-ad3d-d19d3c890a72 86dc6a9534844f9ca01efe953d58b3fe a3c9b84e58e84cf5a7c8ff2bcc9cb34d - - default default] 10.0.0.179 "DELETE /v2.0/subnets/eedd3c4a-4495-4d19-b6db-6ccc32e19d99 HTTP/1.1" status: 204 len: 168 time: 0.1932249
2026-03-04 02:31:04.640 10 INFO neutron.wsgi [req-0daf6f08-e843-4930-93fd-843258c14d9f req-a59cb504-5392-4a5b-ac0b-553c10e208fe ef9e2b52361d49808455e8e203c175e9 4efa77805af446a291e5d7484718bdb3 - - default default] 199.204.45.162 "GET /v2.0/ports?device_id=6a2762d8-8429-4c3e-a2c5-db3b6b3d719b HTTP/1.1" status: 200 len: 1168 time: 0.1262784
2026-03-04 02:31:04.720 10 INFO neutron.wsgi [None req-5e82344c-f198-44a7-8749-a245ecf8d9a8 bcf2610efd8c4f2eb4e4c30588e3cb2d 79fc3856c9654c3eb86f9a22688279ef - - default default] 10.0.0.179 "GET /v2.0/security-groups?tenant_id=b954bc96772c47d8b82dc11647bc4822&name=default HTTP/1.1" status: 200 len: 2996 time: 0.0783439
2026-03-04 02:31:04.740 10 INFO neutron.db.ovn_revision_numbers_db [None req-bb7dfab9-54d8-433b-91ad-d2fed24618f7 - - - - - -] Successfully bumped revision number for resource fe67107c-e41d-4e8e-8dea-ad4e7c942a2d (type: ports) to 7
2026-03-04 02:31:04.820 9 INFO neutron.wsgi [None req-90925cd9-88cf-45e3-b8d9-fae62e66fdc6 86dc6a9534844f9ca01efe953d58b3fe a3c9b84e58e84cf5a7c8ff2bcc9cb34d - - default default] 10.0.0.179 "DELETE /v2.0/subnets/0bd78c03-8906-433f-896a-f4edae4f78b4 HTTP/1.1" status: 204 len: 168 time: 0.2000148
2026-03-04 02:31:04.875 9 INFO neutron.wsgi [None req-1c78751f-32bb-4339-9312-34069aad1038 86dc6a9534844f9ca01efe953d58b3fe a3c9b84e58e84cf5a7c8ff2bcc9cb34d - - default default] 10.0.0.179 "GET /v2.0/subnets HTTP/1.1" status: 200 len: 820 time: 0.0494554
2026-03-04 02:31:05.044 10 INFO neutron.wsgi [None req-193f1d6b-8297-4352-b8bb-5a9024a772de bcf2610efd8c4f2eb4e4c30588e3cb2d 79fc3856c9654c3eb86f9a22688279ef - - default default] 10.0.0.179 "DELETE /v2.0/security-groups/feba52d0-d323-4298-a02c-7bac86565196 HTTP/1.1" status: 204 len: 168 time: 0.3185213
2026-03-04 02:31:05.064 10 INFO neutron.db.l3_db [req-0daf6f08-e843-4930-93fd-843258c14d9f req-df367534-69f3-4840-8a0b-044f8658bceb ef9e2b52361d49808455e8e203c175e9 4efa77805af446a291e5d7484718bdb3 - - default default] Floating IP 4aacef9d-4deb-4843-b9e1-57b5caad5baf disassociated. External IP: 10.96.250.220, port: fe67107c-e41d-4e8e-8dea-ad4e7c942a2d.
2026-03-04 02:31:05.414 9 INFO neutron.wsgi [req-43e0a4bb-b010-4dc3-bb54-04b2a04fb73c req-1d5bce08-7fe5-4d04-8eb5-04be8713073a ef9e2b52361d49808455e8e203c175e9 4efa77805af446a291e5d7484718bdb3 - - default default] 10.0.0.147 "GET /v2.0/ports?device_id=6a2762d8-8429-4c3e-a2c5-db3b6b3d719b HTTP/1.1" status: 200 len: 210 time: 0.0271156
2026-03-04 02:31:05.452 10 INFO neutron.wsgi [req-0daf6f08-e843-4930-93fd-843258c14d9f req-df367534-69f3-4840-8a0b-044f8658bceb ef9e2b52361d49808455e8e203c175e9 4efa77805af446a291e5d7484718bdb3 - - default default] 199.204.45.162 "DELETE /v2.0/ports/fe67107c-e41d-4e8e-8dea-ad4e7c942a2d HTTP/1.1" status: 204 len: 173 time: 0.8031738
2026-03-04 02:31:05.505 9 INFO neutron.services.segments.plugin [-] Segment ba39a10f-a373-4a78-8f36-58d426c3b65d resource provider aggregate not found
2026-03-04 02:31:05.510 9 INFO neutron.services.segments.plugin [-] Segment ba39a10f-a373-4a78-8f36-58d426c3b65d resource provider aggregate not found
2026-03-04 02:31:05.523 9 INFO neutron.services.segments.plugin [-] Segment ba39a10f-a373-4a78-8f36-58d426c3b65d resource provider not found; error: Placement Client Error (4xx): {"errors": [{"status": 404, "title": "Not Found", "detail": "The resource could not be found.\n\n No resource provider with uuid ba39a10f-a373-4a78-8f36-58d426c3b65d found for delete ", "request_id": "req-2d9c7c93-40d1-4ccc-b22f-4f4537c8ea75"}]}
