2026-03-04 02:33:36.584 10 INFO neutron.services.segments.plugin [-] Segment 9d45e2fc-d726-4578-bb37-27be55a35a78 resource provider not found; error: Placement Client Error (4xx): {"errors": [{"status": 404, "title": "Not Found", "detail": "The resource could not be found.\n\n No resource provider with uuid 9d45e2fc-d726-4578-bb37-27be55a35a78 found for delete ", "request_id": "req-deeed7dc-98ad-42f0-80f8-205f549bdbe8"}]}
2026-03-04 02:33:36.587 9 WARNING neutron_lib.context [None req-4ac868d7-02d8-4109-b6bf-928852b09427 efe4413560644bc195da60fae1944fef e36218c95fa24585b2de9b52e7ebb443 - - default default] Method 'is_advsvc' is deprecated since 2023.2 release (neutron-lib 3.8.0) and will be removed once support for the old RBAC API policies will be removed from Neutron. Please use method 'is_service_role' instead.
2026-03-04 02:33:36.621 10 INFO neutron.notifiers.nova [-] Nova event matching ['req-599eb5ca-ec6b-4166-8999-1a1edf053cba'] response: {'server_uuid': 'c08b1a7b-e285-456b-891a-c0bc8955a155', 'name': 'network-vif-plugged', 'status': 'completed', 'tag': '1adfd726-322a-4b17-808f-058fb6bc7b15', 'code': 200}
2026-03-04 02:33:36.684 10 INFO neutron.wsgi [None req-c3b74a4a-1ef7-4e3d-b8bf-9374c28c9d98 37bd1c2b721b43bfa8807d5750eda13b dc1931f3803842d986fdf92a6f89b894 - - default default] 10.0.0.179 "PUT /v2.0/subnets/0a695175-dc51-4ab7-affd-b166b7b236ef/tags HTTP/1.1" status: 200 len: 212 time: 0.0987558
2026-03-04 02:33:36.755 10 INFO neutron.wsgi [None req-c3e6f590-b56f-4a1e-bb1b-21ade771771b 37bd1c2b721b43bfa8807d5750eda13b dc1931f3803842d986fdf92a6f89b894 - - default default] 10.0.0.179 "GET /v2.0/subnets?tags=red HTTP/1.1" status: 200 len: 2027 time: 0.0625403
2026-03-04 02:33:36.830 10 INFO neutron.wsgi [None req-1bd1e8ef-6e17-4d7e-bcc0-6cc15a3a626e 37bd1c2b721b43bfa8807d5750eda13b dc1931f3803842d986fdf92a6f89b894 - - default default] 10.0.0.179 "GET /v2.0/subnets?tags=red%2Cblue HTTP/1.1" status: 200 len: 1430 time: 0.0634727
2026-03-04 02:33:36.891 9 WARNING neutron.scheduler.dhcp_agent_scheduler [None req-4ac868d7-02d8-4109-b6bf-928852b09427 efe4413560644bc195da60fae1944fef e36218c95fa24585b2de9b52e7ebb443 - - default default] No more DHCP agents
2026-03-04 02:33:36.894 10 INFO neutron.wsgi [None req-93488cfd-1704-4a72-8dcc-431012a9a993 37bd1c2b721b43bfa8807d5750eda13b dc1931f3803842d986fdf92a6f89b894 - - default default] 10.0.0.179 "GET /v2.0/subnets?tags-any=blue HTTP/1.1" status: 200 len: 1430 time: 0.0583019
2026-03-04 02:33:36.894 9 WARNING neutron.api.rpc.agentnotifiers.dhcp_rpc_agent_api [None req-4ac868d7-02d8-4109-b6bf-928852b09427 efe4413560644bc195da60fae1944fef e36218c95fa24585b2de9b52e7ebb443 - - default default] Unable to schedule network 23d00f21-e629-4a10-9f63-09857d39d79a: no agents available; will retry on subsequent port and subnet creation events.
2026-03-04 02:33:36.949 10 INFO neutron.wsgi [None req-b633a528-5192-49df-9023-a0915c3a2e32 37bd1c2b721b43bfa8807d5750eda13b dc1931f3803842d986fdf92a6f89b894 - - default default] 10.0.0.179 "GET /v2.0/subnets?tags-any=red%2Cblue HTTP/1.1" status: 200 len: 2027 time: 0.0503979
2026-03-04 02:33:37.022 10 INFO neutron.wsgi [None req-77e4b713-c33c-437a-8083-7c17f8b5f771 37bd1c2b721b43bfa8807d5750eda13b dc1931f3803842d986fdf92a6f89b894 - - default default] 10.0.0.179 "GET /v2.0/subnets?not-tags=red HTTP/1.1" status: 200 len: 2018 time: 0.0673153
2026-03-04 02:33:37.089 10 INFO neutron.wsgi [None req-bd03f4a2-237b-4205-bbfa-9b9b32ac4405 37bd1c2b721b43bfa8807d5750eda13b dc1931f3803842d986fdf92a6f89b894 - - default default] 10.0.0.179 "GET /v2.0/subnets?not-tags=red%2Cblue HTTP/1.1" status: 200 len: 2615 time: 0.0609515
2026-03-04 02:33:37.152 10 INFO neutron.wsgi [None req-12aa39a3-baa9-4d58-93c7-8aa116100a8c 37bd1c2b721b43bfa8807d5750eda13b dc1931f3803842d986fdf92a6f89b894 - - default default] 10.0.0.179 "GET /v2.0/subnets?not-tags-any=blue HTTP/1.1" status: 200 len: 2615 time: 0.0569797
2026-03-04 02:33:37.200 10 INFO neutron.wsgi [None req-dd31d103-9774-49d6-a243-5afb513b23d6 37bd1c2b721b43bfa8807d5750eda13b dc1931f3803842d986fdf92a6f89b894 - - default default] 10.0.0.179 "GET /v2.0/subnets?not-tags-any=red%2Cblue HTTP/1.1" status: 200 len: 2018 time: 0.0399396
2026-03-04 02:33:37.208 10 INFO neutron.wsgi [None req-f2762cd5-ff46-4ad7-b17f-4d20310ae459 bcf2610efd8c4f2eb4e4c30588e3cb2d 79fc3856c9654c3eb86f9a22688279ef - - default default] 10.0.0.179 "GET /v2.0/security-groups?tenant_id=af514c692b4b4d848163559e4ba1d4dc&name=default HTTP/1.1" status: 200 len: 2996 time: 0.3103697
2026-03-04 02:33:37.398 10 INFO neutron.wsgi [None req-3eba9be6-b86a-4986-8664-da3dd7fc5295 37bd1c2b721b43bfa8807d5750eda13b dc1931f3803842d986fdf92a6f89b894 - - default default] 10.0.0.179 "DELETE /v2.0/subnets/743f5dbb-5c08-4b1e-8fe9-d0d3ff6233a8 HTTP/1.1" status: 204 len: 168 time: 0.1890621
2026-03-04 02:33:37.465 9 INFO neutron.db.l3_db [None req-4ac868d7-02d8-4109-b6bf-928852b09427 efe4413560644bc195da60fae1944fef e36218c95fa24585b2de9b52e7ebb443 - - default default] Floating IP 56eed2ea-7ec2-442b-bec8-ecefa3f2346d associated. External IP: 10.96.250.204, port: 1adfd726-322a-4b17-808f-058fb6bc7b15.
2026-03-04 02:33:37.541 9 INFO neutron.wsgi [None req-38b59df8-d7db-482c-a8df-68e96cfa6fef bcf2610efd8c4f2eb4e4c30588e3cb2d 79fc3856c9654c3eb86f9a22688279ef - - default default] 10.0.0.179 "DELETE /v2.0/security-groups/3834958d-c104-46d6-aeff-2fd9c2325e52 HTTP/1.1" status: 204 len: 168 time: 0.3260596
2026-03-04 02:33:37.627 10 INFO neutron.wsgi [None req-40343681-88aa-475d-b4c3-8e62931f8cbe 37bd1c2b721b43bfa8807d5750eda13b dc1931f3803842d986fdf92a6f89b894 - - default default] 10.0.0.179 "DELETE /v2.0/subnets/dddcb027-c71b-4f4a-860e-1d7baa246713 HTTP/1.1" status: 204 len: 168 time: 0.2225840
2026-03-04 02:33:37.769 9 INFO neutron.db.ovn_revision_numbers_db [None req-4ac868d7-02d8-4109-b6bf-928852b09427 efe4413560644bc195da60fae1944fef e36218c95fa24585b2de9b52e7ebb443 - - default default] Successfully bumped revision number for resource 56eed2ea-7ec2-442b-bec8-ecefa3f2346d (type: floatingips) to 0
2026-03-04 02:33:37.870 10 INFO neutron.wsgi [None req-ad872cec-2b0a-4304-9eb0-76a4ed40475a 37bd1c2b721b43bfa8807d5750eda13b dc1931f3803842d986fdf92a6f89b894 - - default default] 10.0.0.179 "DELETE /v2.0/subnets/e66d6d71-a102-4c8f-9325-6a198449d4a7 HTTP/1.1" status: 204 len: 168 time: 0.2362812
2026-03-04 02:33:37.883 10 INFO neutron.db.ovn_revision_numbers_db [None req-002cdff9-e5ec-44f9-adec-e7362fd8ea70 bcf2610efd8c4f2eb4e4c30588e3cb2d 79fc3856c9654c3eb86f9a22688279ef - - default default] Successfully bumped revision number for resource 500c451b-7740-4998-9ff6-bc5b17a46663 (type: security_groups) to 1
2026-03-04 02:33:37.917 9 INFO neutron.db.ovn_revision_numbers_db [None req-4ac868d7-02d8-4109-b6bf-928852b09427 efe4413560644bc195da60fae1944fef e36218c95fa24585b2de9b52e7ebb443 - - default default] Successfully bumped revision number for resource 56eed2ea-7ec2-442b-bec8-ecefa3f2346d (type: floatingips) to 1
2026-03-04 02:33:37.919 10 INFO neutron.db.ovn_revision_numbers_db [None req-002cdff9-e5ec-44f9-adec-e7362fd8ea70 bcf2610efd8c4f2eb4e4c30588e3cb2d 79fc3856c9654c3eb86f9a22688279ef - - default default] Successfully bumped revision number for resource 4a2dfdb4-47dc-4ef2-9cda-5e8dba03e649 (type: security_group_rules) to 0
2026-03-04 02:33:37.940 10 INFO neutron.db.ovn_revision_numbers_db [None req-002cdff9-e5ec-44f9-adec-e7362fd8ea70 bcf2610efd8c4f2eb4e4c30588e3cb2d 79fc3856c9654c3eb86f9a22688279ef - - default default] Successfully bumped revision number for resource 4ba438ce-84b8-44fb-91c5-54e4f12eb252 (type: security_group_rules) to 0
2026-03-04 02:33:37.959 10 INFO neutron.db.ovn_revision_numbers_db [None req-002cdff9-e5ec-44f9-adec-e7362fd8ea70 bcf2610efd8c4f2eb4e4c30588e3cb2d 79fc3856c9654c3eb86f9a22688279ef - - default default] Successfully bumped revision number for resource cb8147d0-9bb8-4303-b88e-77b0157585fc (type: security_group_rules) to 0
2026-03-04 02:33:37.979 10 INFO neutron.db.ovn_revision_numbers_db [None req-002cdff9-e5ec-44f9-adec-e7362fd8ea70 bcf2610efd8c4f2eb4e4c30588e3cb2d 79fc3856c9654c3eb86f9a22688279ef - - default default] Successfully bumped revision number for resource d3ce5033-25ac-41fd-97ad-e2b5e827f825 (type: security_group_rules) to 0
2026-03-04 02:33:37.980 9 INFO neutron.wsgi [None req-4ac868d7-02d8-4109-b6bf-928852b09427 efe4413560644bc195da60fae1944fef e36218c95fa24585b2de9b52e7ebb443 - - default default] 10.0.0.179 "POST /v2.0/floatingips HTTP/1.1" status: 201 len: 1053 time: 1.3985553
2026-03-04 02:33:38.008 10 INFO neutron.wsgi [None req-002cdff9-e5ec-44f9-adec-e7362fd8ea70 bcf2610efd8c4f2eb4e4c30588e3cb2d 79fc3856c9654c3eb86f9a22688279ef - - default default] 10.0.0.179 "GET /v2.0/security-groups?tenant_id=041df254ead849f3bc802478fc207c1c&name=default HTTP/1.1" status: 200 len: 2996 time: 0.2943850 /var/lib/openstack/lib/python3.10/site-packages/pycadf/identifier.py:71: UserWarning: Invalid uuid: neutron. To ensure interoperability, identifiers should be a valid uuid. warnings.warn(('Invalid uuid: %s. To ensure interoperability, '
2026-03-04 02:33:38.025 9 INFO neutron.notifiers.nova [-] Nova event matching ['req-02cba585-93c0-43e5-9208-7def75c7557f'] response: {'name': 'network-changed', 'server_uuid': 'c08b1a7b-e285-456b-891a-c0bc8955a155', 'tag': '1adfd726-322a-4b17-808f-058fb6bc7b15', 'status': 'completed', 'code': 200}
2026-03-04 02:33:38.115 9 INFO neutron.wsgi [req-aab328dd-433a-4715-96e3-023e3aff2567 req-b2298886-f495-4936-8205-3ac111cbf1a8 7f6808a736204204b900259adadebfc1 dd649a7e0fa94d889784905637a9c9ce - - 0b47a8ef162b449791a7619f7bd9f895 0b47a8ef162b449791a7619f7bd9f895] 199.204.45.162 "GET /v2.0/ports?tenant_id=e36218c95fa24585b2de9b52e7ebb443&device_id=c08b1a7b-e285-456b-891a-c0bc8955a155 HTTP/1.1" status: 200 len: 1634 time: 0.0582743
2026-03-04 02:33:38.116 10 INFO neutron.wsgi [None req-ad667c2d-d527-4828-bb97-4433313082c2 37bd1c2b721b43bfa8807d5750eda13b dc1931f3803842d986fdf92a6f89b894 - - default default] 10.0.0.179 "DELETE /v2.0/subnets/0a695175-dc51-4ab7-affd-b166b7b236ef HTTP/1.1" status: 204 len: 168 time: 0.2399895
2026-03-04 02:33:38.136 9 INFO neutron.wsgi [req-6d379b34-3c91-4dc7-81eb-3f4ebae89b05 req-23244ee3-6484-4cca-8264-9afd27968bf9 efe4413560644bc195da60fae1944fef e36218c95fa24585b2de9b52e7ebb443 - - default default] 10.0.0.147 "GET /v2.0/security-groups?name=tempest-lb_member_SG-1904259342&fields=id&tenant_id=e36218c95fa24585b2de9b52e7ebb443 HTTP/1.1" status: 200 len: 267 time: 0.0760272
2026-03-04 02:33:38.242 9 INFO neutron.wsgi [req-aab328dd-433a-4715-96e3-023e3aff2567 req-0c42e271-d9f5-45cd-b8e7-9f25410386a9 7f6808a736204204b900259adadebfc1 dd649a7e0fa94d889784905637a9c9ce - - 0b47a8ef162b449791a7619f7bd9f895 0b47a8ef162b449791a7619f7bd9f895] 199.204.45.162 "GET /v2.0/networks?id=1b25eaeb-8ef2-4721-a01d-291b29fa4905 HTTP/1.1" status: 200 len: 1002 time: 0.1190326
2026-03-04 02:33:38.256 9 INFO neutron.wsgi [req-6d379b34-3c91-4dc7-81eb-3f4ebae89b05 req-70801c66-4346-4000-86f5-e441c45d5093 efe4413560644bc195da60fae1944fef e36218c95fa24585b2de9b52e7ebb443 - - default default] 10.0.0.147 "GET /v2.0/networks?id=6237cd78-0983-4a59-9638-60c2a2e4e7be HTTP/1.1" status: 200 len: 904 time: 0.1133089
2026-03-04 02:33:38.321 9 INFO neutron.wsgi [req-6d379b34-3c91-4dc7-81eb-3f4ebae89b05 req-9416bb1b-60b0-42c1-99c4-9b86f5bc618b efe4413560644bc195da60fae1944fef e36218c95fa24585b2de9b52e7ebb443 - - default default] 10.0.0.147 "GET /v2.0/quotas/e36218c95fa24585b2de9b52e7ebb443 HTTP/1.1" status: 200 len: 386 time: 0.0585263
2026-03-04 02:33:38.356 9 INFO neutron.wsgi [req-aab328dd-433a-4715-96e3-023e3aff2567 req-bd413c1f-1e2e-47ba-97e3-bd0f27591dc3 7f6808a736204204b900259adadebfc1 dd649a7e0fa94d889784905637a9c9ce - - 0b47a8ef162b449791a7619f7bd9f895 0b47a8ef162b449791a7619f7bd9f895] 199.204.45.162 "GET /v2.0/floatingips?fixed_ip_address=10.2.1.54&port_id=1adfd726-322a-4b17-808f-058fb6bc7b15 HTTP/1.1" status: 200 len: 1058 time: 0.1059136
2026-03-04 02:33:38.369 10 INFO neutron.wsgi [None req-b2edef48-9ef1-4665-8af3-b19d7aaa6df6 37bd1c2b721b43bfa8807d5750eda13b dc1931f3803842d986fdf92a6f89b894 - - default default] 10.0.0.179 "DELETE /v2.0/subnets/e0f552a6-7de0-4fe9-a7b7-30201d340552 HTTP/1.1" status: 204 len: 168 time: 0.2466164
2026-03-04 02:33:38.400 9 INFO neutron.wsgi [req-aab328dd-433a-4715-96e3-023e3aff2567 req-13cf8687-d7ae-4a5d-ba89-e4c8191ca418 7f6808a736204204b900259adadebfc1 dd649a7e0fa94d889784905637a9c9ce - - 0b47a8ef162b449791a7619f7bd9f895 0b47a8ef162b449791a7619f7bd9f895] 199.204.45.162 "GET /v2.0/floatingips?fixed_ip_address=fd7b%3Af9f7%3Afff%3A4eca%3A%3A18d&port_id=1adfd726-322a-4b17-808f-058fb6bc7b15 HTTP/1.1" status: 200 len: 217 time: 0.0376463
2026-03-04 02:33:38.764 9 INFO neutron.wsgi [None req-71ab0419-5398-46cf-b062-cab42c90e628 bcf2610efd8c4f2eb4e4c30588e3cb2d 79fc3856c9654c3eb86f9a22688279ef - - default default] 10.0.0.179 "DELETE /v2.0/security-groups/500c451b-7740-4998-9ff6-bc5b17a46663 HTTP/1.1" status: 204 len: 168 time: 0.7501004
2026-03-04 02:33:38.770 10 INFO neutron.services.segments.plugin [-] Segment a23fb3ee-6ef6-42b2-81ec-c156ff38a4bc resource provider aggregate not found
2026-03-04 02:33:38.776 10 INFO neutron.services.segments.plugin [-] Segment a23fb3ee-6ef6-42b2-81ec-c156ff38a4bc resource provider aggregate not found
2026-03-04 02:33:38.776 9 INFO neutron.wsgi [req-aab328dd-433a-4715-96e3-023e3aff2567 req-8fe6f1f9-ef3d-428e-8a6d-c8824a097a3b 7f6808a736204204b900259adadebfc1 dd649a7e0fa94d889784905637a9c9ce - - 0b47a8ef162b449791a7619f7bd9f895 0b47a8ef162b449791a7619f7bd9f895] 199.204.45.162 "GET /v2.0/subnets?id=ee9449bd-7d64-47c8-a073-f11c65c327c5&id=6495171f-4e5f-4bf5-be8f-119e1c4ae50e HTTP/1.1" status: 200 len: 1561 time: 0.0527067
2026-03-04 02:33:38.796 10 INFO neutron.services.segments.plugin [-] Segment a23fb3ee-6ef6-42b2-81ec-c156ff38a4bc resource provider not found; error: Placement Client Error (4xx): {"errors": [{"status": 404, "title": "Not Found", "detail": "The resource could not be found.\n\n No resource provider with uuid a23fb3ee-6ef6-42b2-81ec-c156ff38a4bc found for delete ", "request_id": "req-5157161e-573d-4264-9682-f99573ba6625"}]}
2026-03-04 02:33:38.797 10 INFO neutron.services.segments.plugin [-] Segment a23fb3ee-6ef6-42b2-81ec-c156ff38a4bc resource provider not found; error: Placement Client Error (4xx): {"errors": [{"status": 404, "title": "Not Found", "detail": "The resource could not be found.\n\n No resource provider with uuid a23fb3ee-6ef6-42b2-81ec-c156ff38a4bc found for delete ", "request_id": "req-5e50ad82-9e65-42b3-864f-2e69578de88e"}]}
2026-03-04 02:33:38.821 9 INFO neutron.wsgi [req-aab328dd-433a-4715-96e3-023e3aff2567 req-206ec995-f834-4db5-82e1-447732041368 7f6808a736204204b900259adadebfc1 dd649a7e0fa94d889784905637a9c9ce - - 0b47a8ef162b449791a7619f7bd9f895 0b47a8ef162b449791a7619f7bd9f895] 199.204.45.162 "GET /v2.0/ports?network_id=1b25eaeb-8ef2-4721-a01d-291b29fa4905&device_owner=network%3Adhcp HTTP/1.1" status: 200 len: 210 time: 0.0360169
2026-03-04 02:33:38.824 10 INFO neutron.wsgi [None req-37e90c2a-16d7-4793-9bac-a62eb8f539d6 37bd1c2b721b43bfa8807d5750eda13b dc1931f3803842d986fdf92a6f89b894 - - default default] 10.0.0.179 "DELETE /v2.0/networks/131cc015-36cd-4c19-b161-9452d2d7828b HTTP/1.1" status: 204 len: 168 time: 0.4365618
2026-03-04 02:33:38.851 9 INFO neutron.wsgi [req-aab328dd-433a-4715-96e3-023e3aff2567 req-fc11dc0d-c610-47bf-ac5c-e42522e8c3f7 7f6808a736204204b900259adadebfc1 dd649a7e0fa94d889784905637a9c9ce - - 0b47a8ef162b449791a7619f7bd9f895 0b47a8ef162b449791a7619f7bd9f895] 199.204.45.162 "GET /v2.0/ports?network_id=1b25eaeb-8ef2-4721-a01d-291b29fa4905&device_owner=network%3Adhcp HTTP/1.1" status: 200 len: 210 time: 0.0222759
2026-03-04 02:33:38.858 9 INFO neutron.wsgi [req-6d379b34-3c91-4dc7-81eb-3f4ebae89b05 req-a8014d7b-3952-4c76-bf5d-e09c07eadf51 efe4413560644bc195da60fae1944fef e36218c95fa24585b2de9b52e7ebb443 - - default default] 10.0.0.147 "GET /v2.0/ports?tenant_id=e36218c95fa24585b2de9b52e7ebb443&fields=id HTTP/1.1" status: 200 len: 532 time: 0.5274336
2026-03-04 02:33:38.940 9 INFO neutron.wsgi [req-aab328dd-433a-4715-96e3-023e3aff2567 req-1d3df6f8-174a-4f3f-8a8e-55b9bae54a1e 7f6808a736204204b900259adadebfc1 dd649a7e0fa94d889784905637a9c9ce - - 0b47a8ef162b449791a7619f7bd9f895 0b47a8ef162b449791a7619f7bd9f895] 199.204.45.162 "GET /v2.0/networks/1b25eaeb-8ef2-4721-a01d-291b29fa4905?fields=segments HTTP/1.1" status: 200 len: 212 time: 0.0817244
2026-03-04 02:33:38.952 9 INFO neutron.wsgi [req-6d379b34-3c91-4dc7-81eb-3f4ebae89b05 req-a9c2af34-b5d5-406b-b7fb-ada85aeb1b9a 7f6808a736204204b900259adadebfc1 dd649a7e0fa94d889784905637a9c9ce - - 0b47a8ef162b449791a7619f7bd9f895 0b47a8ef162b449791a7619f7bd9f895] 10.0.0.147 "GET /v2.0/networks/6237cd78-0983-4a59-9638-60c2a2e4e7be?fields=segments HTTP/1.1" status: 200 len: 212 time: 0.0782571
2026-03-04 02:33:39.031 9 INFO neutron.wsgi [req-aab328dd-433a-4715-96e3-023e3aff2567 req-46025528-0364-46db-8d99-52f17a898639 7f6808a736204204b900259adadebfc1 dd649a7e0fa94d889784905637a9c9ce - - 0b47a8ef162b449791a7619f7bd9f895 0b47a8ef162b449791a7619f7bd9f895] 199.204.45.162 "GET /v2.0/networks/1b25eaeb-8ef2-4721-a01d-291b29fa4905?fields=provider%3Aphysical_network&fields=provider%3Anetwork_type HTTP/1.1" status: 200 len: 277 time: 0.0836201
2026-03-04 02:33:39.041 9 INFO neutron.wsgi [req-6d379b34-3c91-4dc7-81eb-3f4ebae89b05 req-311b5e05-0123-4aa5-a82c-de950c1c6a9a 7f6808a736204204b900259adadebfc1 dd649a7e0fa94d889784905637a9c9ce - - 0b47a8ef162b449791a7619f7bd9f895 0b47a8ef162b449791a7619f7bd9f895] 10.0.0.147 "GET /v2.0/networks/6237cd78-0983-4a59-9638-60c2a2e4e7be?fields=provider%3Aphysical_network&fields=provider%3Anetwork_type HTTP/1.1" status: 200 len: 277 time: 0.0830340
2026-03-04 02:33:39.136 10 INFO neutron.db.ovn_revision_numbers_db [None req-726c88ba-2c73-4d57-85aa-3e47ec0f1479 bcf2610efd8c4f2eb4e4c30588e3cb2d 79fc3856c9654c3eb86f9a22688279ef - - default default] Successfully bumped revision number for resource 9cf5a60c-5bf5-41a0-b3bf-dd7723832cc1 (type: security_groups) to 1
2026-03-04 02:33:39.156 10 INFO neutron.db.ovn_revision_numbers_db [None req-726c88ba-2c73-4d57-85aa-3e47ec0f1479 bcf2610efd8c4f2eb4e4c30588e3cb2d 79fc3856c9654c3eb86f9a22688279ef - - default default] Successfully bumped revision number for resource 0f29eed1-ca38-41fb-9c64-988f91eaab8d (type: security_group_rules) to 0
2026-03-04 02:33:39.175 10 INFO neutron.db.ovn_revision_numbers_db [None req-726c88ba-2c73-4d57-85aa-3e47ec0f1479 bcf2610efd8c4f2eb4e4c30588e3cb2d 79fc3856c9654c3eb86f9a22688279ef - - default default] Successfully bumped revision number for resource 6cbfb51e-9cee-4f00-82a4-2a4bd2bac07d (type: security_group_rules) to 0
2026-03-04 02:33:39.207 9 INFO neutron.wsgi [req-4b3e7517-61d6-4de6-8206-91b85cf909a0 req-1eca6750-2d63-4f6a-9921-b7926df0cc26 efe4413560644bc195da60fae1944fef e36218c95fa24585b2de9b52e7ebb443 - - default default] 10.0.0.147 "GET /v2.0/ports?device_id=fd622251-bde7-46b1-a094-f5dff451648d HTTP/1.1" status: 200 len: 210 time: 0.0269566
2026-03-04 02:33:39.217 10 INFO neutron.db.ovn_revision_numbers_db [None req-726c88ba-2c73-4d57-85aa-3e47ec0f1479 bcf2610efd8c4f2eb4e4c30588e3cb2d 79fc3856c9654c3eb86f9a22688279ef - - default default] Successfully bumped revision number for resource a3b88c60-a2c3-4602-90f4-1728950deebb (type: security_group_rules) to 0
2026-03-04 02:33:39.233 10 INFO neutron.db.ovn_revision_numbers_db [None req-726c88ba-2c73-4d57-85aa-3e47ec0f1479 bcf2610efd8c4f2eb4e4c30588e3cb2d 79fc3856c9654c3eb86f9a22688279ef - - default default] Successfully bumped revision number for resource bdda4920-b80c-4054-b275-6120fccfa490 (type: security_group_rules) to 0
2026-03-04 02:33:39.261 10 INFO neutron.wsgi [None req-59582b07-2fb3-44c6-93ad-598a2b480b40 37bd1c2b721b43bfa8807d5750eda13b dc1931f3803842d986fdf92a6f89b894 - - default default] 10.0.0.179 "DELETE /v2.0/networks/73165e59-4f37-4795-aff9-443408b6dcee HTTP/1.1" status: 204 len: 168 time: 0.4311826
2026-03-04 02:33:39.269 10 INFO neutron.wsgi [None req-726c88ba-2c73-4d57-85aa-3e47ec0f1479 bcf2610efd8c4f2eb4e4c30588e3cb2d 79fc3856c9654c3eb86f9a22688279ef - - default default] 10.0.0.179 "GET /v2.0/security-groups?tenant_id=e0bbd105563b47aaa7d387ca63581798&name=default HTTP/1.1" status: 200 len: 2996 time: 0.3044033
2026-03-04 02:33:39.469 10 INFO neutron.wsgi [None req-0daa8a43-8666-43ff-98af-1606836edfe3 bcf2610efd8c4f2eb4e4c30588e3cb2d 79fc3856c9654c3eb86f9a22688279ef - - default default] 10.0.0.179 "DELETE /v2.0/security-groups/9cf5a60c-5bf5-41a0-b3bf-dd7723832cc1 HTTP/1.1" status: 204 len: 168 time: 0.1926675
2026-03-04 02:33:39.638 9 INFO neutron.services.segments.plugin [-] Segment 39011f54-5408-4dab-a97a-9a56c1c4a112 resource provider aggregate not found
2026-03-04 02:33:39.666 9 INFO neutron.services.segments.plugin [-] Segment 39011f54-5408-4dab-a97a-9a56c1c4a112 resource provider aggregate not found
2026-03-04 02:33:39.670 9 INFO neutron.services.segments.plugin [-] Segment 39011f54-5408-4dab-a97a-9a56c1c4a112 resource provider not found; error: Placement Client Error (4xx): {"errors": [{"status": 404, "title": "Not Found", "detail": "The resource could not be found.\n\n No resource provider with uuid 39011f54-5408-4dab-a97a-9a56c1c4a112 found for delete ", "request_id": "req-4b5a6f7a-390d-469b-9f58-92d55eae2cca"}]}
2026-03-04 02:33:39.679 9 INFO neutron.services.segments.plugin [-] Segment 39011f54-5408-4dab-a97a-9a56c1c4a112 resource provider not found; error: Placement Client Error (4xx): {"errors": [{"status": 404, "title": "Not Found", "detail": "The resource could not be found.\n\n No resource provider with uuid 39011f54-5408-4dab-a97a-9a56c1c4a112 found for delete ", "request_id": "req-17c2b4ae-778c-485e-a55b-32f6bb4b86a3"}]}
2026-03-04 02:33:39.713 9 INFO neutron.wsgi [None req-9a0d97ed-520a-4fc6-8a7e-42f9e1f4533d 37bd1c2b721b43bfa8807d5750eda13b dc1931f3803842d986fdf92a6f89b894 - - default default] 10.0.0.179 "DELETE /v2.0/networks/77738400-2ca4-4624-a095-d471c7a44557 HTTP/1.1" status: 204 len: 168 time: 0.4434178
2026-03-04 02:33:39.951 9 INFO neutron.wsgi [req-6d379b34-3c91-4dc7-81eb-3f4ebae89b05 req-e74837d8-d9f9-4561-a8ae-3f2b40a13e9e efe4413560644bc195da60fae1944fef e36218c95fa24585b2de9b52e7ebb443 - - default default] 199.204.45.162 "GET /v2.0/networks?id=6237cd78-0983-4a59-9638-60c2a2e4e7be HTTP/1.1" status: 200 len: 904 time: 0.0932124
2026-03-04 02:33:40.010 9 INFO neutron.wsgi [req-6d379b34-3c91-4dc7-81eb-3f4ebae89b05 req-846cb630-1cb9-4b66-a9f8-e5c569e50ef9 efe4413560644bc195da60fae1944fef e36218c95fa24585b2de9b52e7ebb443 - - default default] 199.204.45.162 "GET /v2.0/security-groups?fields=id&fields=name&tenant_id=e36218c95fa24585b2de9b52e7ebb443 HTTP/1.1" status: 200 len: 378 time: 0.0523336
2026-03-04 02:33:40.026 9 WARNING neutron_lib.context [req-6d379b34-3c91-4dc7-81eb-3f4ebae89b05 req-49b3fc7b-4a2d-4a36-8888-55c194b87988 efe4413560644bc195da60fae1944fef e36218c95fa24585b2de9b52e7ebb443 - - default default] Method 'is_advsvc' is deprecated since 2023.2 release (neutron-lib 3.8.0) and will be removed once support for the old RBAC API policies will be removed from Neutron. Please use method 'is_service_role' instead.
2026-03-04 02:33:40.168 10 INFO neutron.wsgi [None req-5bf2d972-f285-4bd8-9b09-00ec0770b71d 37bd1c2b721b43bfa8807d5750eda13b dc1931f3803842d986fdf92a6f89b894 - - default default] 10.0.0.179 "DELETE /v2.0/networks/d03090f9-2008-4949-aedf-6dbf7ae6efab HTTP/1.1" status: 204 len: 168 time: 0.4489884
2026-03-04 02:33:40.482 9 WARNING neutron.scheduler.dhcp_agent_scheduler [req-6d379b34-3c91-4dc7-81eb-3f4ebae89b05 req-49b3fc7b-4a2d-4a36-8888-55c194b87988 efe4413560644bc195da60fae1944fef e36218c95fa24585b2de9b52e7ebb443 - - default default] No more DHCP agents
2026-03-04 02:33:40.487 9 WARNING neutron.api.rpc.agentnotifiers.dhcp_rpc_agent_api [req-6d379b34-3c91-4dc7-81eb-3f4ebae89b05 req-49b3fc7b-4a2d-4a36-8888-55c194b87988 efe4413560644bc195da60fae1944fef e36218c95fa24585b2de9b52e7ebb443 - - default default] Unable to schedule network 6237cd78-0983-4a59-9638-60c2a2e4e7be: no agents available; will retry on subsequent port and subnet creation events.
2026-03-04 02:33:40.614 10 INFO neutron.wsgi [None req-ca99b56b-1f06-44ab-ad55-755847e8da09 37bd1c2b721b43bfa8807d5750eda13b dc1931f3803842d986fdf92a6f89b894 - - default default] 10.0.0.179 "DELETE /v2.0/networks/d2cfab3d-285d-480f-960e-e6590e48823d HTTP/1.1" status: 204 len: 168 time: 0.4391057
2026-03-04 02:33:40.670 9 INFO neutron.db.ovn_revision_numbers_db [req-6d379b34-3c91-4dc7-81eb-3f4ebae89b05 req-49b3fc7b-4a2d-4a36-8888-55c194b87988 efe4413560644bc195da60fae1944fef e36218c95fa24585b2de9b52e7ebb443 - - default default] Successfully bumped revision number for resource 6de7aa65-4dbf-4c06-8c9f-601155923ac7 (type: ports) to 1
2026-03-04 02:33:40.692 9 INFO neutron.wsgi [req-6d379b34-3c91-4dc7-81eb-3f4ebae89b05 req-49b3fc7b-4a2d-4a36-8888-55c194b87988 efe4413560644bc195da60fae1944fef e36218c95fa24585b2de9b52e7ebb443 - - default default] 199.204.45.162 "POST /v2.0/ports HTTP/1.1" status: 201 len: 1392 time: 0.6729600 /var/lib/openstack/lib/python3.10/site-packages/pycadf/identifier.py:71: UserWarning: Invalid uuid: neutron. To ensure interoperability, identifiers should be a valid uuid. warnings.warn(('Invalid uuid: %s. To ensure interoperability, '
2026-03-04 02:33:40.815 10 INFO neutron.services.segments.plugin [-] Segment 4b8b3415-6f1d-4d74-81a9-3eee7f0d62cc resource provider aggregate not found
2026-03-04 02:33:40.823 10 INFO neutron.services.segments.plugin [-] Segment 4b8b3415-6f1d-4d74-81a9-3eee7f0d62cc resource provider aggregate not found
2026-03-04 02:33:40.838 10 INFO neutron.services.segments.plugin [-] Segment 4b8b3415-6f1d-4d74-81a9-3eee7f0d62cc resource provider not found; error: Placement Client Error (4xx): {"errors": [{"status": 404, "title": "Not Found", "detail": "The resource could not be found.\n\n No resource provider with uuid 4b8b3415-6f1d-4d74-81a9-3eee7f0d62cc found for delete ", "request_id": "req-8cefce50-bca9-472c-8062-02edeabf2f45"}]}
2026-03-04 02:33:40.844 10 INFO neutron.services.segments.plugin [-] Segment 4b8b3415-6f1d-4d74-81a9-3eee7f0d62cc resource provider not found; error: Placement Client Error (4xx): {"errors": [{"status": 404, "title": "Not Found", "detail": "The resource could not be found.\n\n No resource provider with uuid 4b8b3415-6f1d-4d74-81a9-3eee7f0d62cc found for delete ", "request_id": "req-07a97bdb-6c7a-4dfd-8089-d3502d619644"}]}
2026-03-04 02:33:40.862 10 INFO neutron.services.segments.plugin [-] Segment 906f783e-034a-479f-93df-fd95b3795ba4 resource provider aggregate not found
2026-03-04 02:33:40.867 10 INFO neutron.services.segments.plugin [-] Segment 906f783e-034a-479f-93df-fd95b3795ba4 resource provider aggregate not found
2026-03-04 02:33:40.885 10 INFO neutron.services.segments.plugin [-] Segment 906f783e-034a-479f-93df-fd95b3795ba4 resource provider not found; error: Placement Client Error (4xx): {"errors": [{"status": 404, "title": "Not Found", "detail": "The resource could not be found.\n\n No resource provider with uuid 906f783e-034a-479f-93df-fd95b3795ba4 found for delete ", "request_id": "req-c98cbf97-fba4-488a-a164-5366ab1d3d42"}]}
2026-03-04 02:33:40.890 10 INFO neutron.services.segments.plugin [-] Segment 906f783e-034a-479f-93df-fd95b3795ba4 resource provider not found; error: Placement Client Error (4xx): {"errors": [{"status": 404, "title": "Not Found", "detail": "The resource could not be found.\n\n No resource provider with uuid 906f783e-034a-479f-93df-fd95b3795ba4 found for delete ", "request_id": "req-d9404238-d0bd-4a75-abde-ad5bd8e3c96c"}]}
2026-03-04 02:33:40.907 10 INFO neutron.services.segments.plugin [-] Segment 897d6193-c552-4a46-b27d-72220e83ec4e resource provider aggregate not found
2026-03-04 02:33:40.916 10 INFO neutron.services.segments.plugin [-] Segment 897d6193-c552-4a46-b27d-72220e83ec4e resource provider aggregate not found
2026-03-04 02:33:40.927 10 INFO neutron.services.segments.plugin [-] Segment 897d6193-c552-4a46-b27d-72220e83ec4e resource provider not found; error: Placement Client Error (4xx): {"errors": [{"status": 404, "title": "Not Found", "detail": "The resource could not be found.\n\n No resource provider with uuid 897d6193-c552-4a46-b27d-72220e83ec4e found for delete ", "request_id": "req-a8032a43-c5b9-4440-b366-eb45cdc9e29e"}]}
2026-03-04 02:33:40.937 10 INFO neutron.services.segments.plugin [-] Segment 897d6193-c552-4a46-b27d-72220e83ec4e resource provider not found; error: Placement Client Error (4xx): {"errors": [{"status": 404, "title": "Not Found", "detail": "The resource could not be found.\n\n No resource provider with uuid 897d6193-c552-4a46-b27d-72220e83ec4e found for delete ", "request_id": "req-4adc7377-23c2-41c9-8751-a212d9d6bc52"}]}
2026-03-04 02:33:41.225 9 INFO neutron.db.ovn_revision_numbers_db [req-6d379b34-3c91-4dc7-81eb-3f4ebae89b05 req-2ec0ae9a-e60d-493b-a90c-188b3ebee8da 7f6808a736204204b900259adadebfc1 dd649a7e0fa94d889784905637a9c9ce - - 0b47a8ef162b449791a7619f7bd9f895 0b47a8ef162b449791a7619f7bd9f895] Successfully bumped revision number for resource 6de7aa65-4dbf-4c06-8c9f-601155923ac7 (type: ports) to 2
2026-03-04 02:33:41.455 9 INFO neutron.db.ovn_revision_numbers_db [req-6d379b34-3c91-4dc7-81eb-3f4ebae89b05 req-2ec0ae9a-e60d-493b-a90c-188b3ebee8da 7f6808a736204204b900259adadebfc1 dd649a7e0fa94d889784905637a9c9ce - - 0b47a8ef162b449791a7619f7bd9f895 0b47a8ef162b449791a7619f7bd9f895] Successfully bumped revision number for resource 6de7aa65-4dbf-4c06-8c9f-601155923ac7 (type: ports) to 2
2026-03-04 02:33:41.474 9 INFO neutron.wsgi [req-6d379b34-3c91-4dc7-81eb-3f4ebae89b05 req-2ec0ae9a-e60d-493b-a90c-188b3ebee8da 7f6808a736204204b900259adadebfc1 dd649a7e0fa94d889784905637a9c9ce - - 0b47a8ef162b449791a7619f7bd9f895 0b47a8ef162b449791a7619f7bd9f895] 199.204.45.162 "PUT /v2.0/ports/6de7aa65-4dbf-4c06-8c9f-601155923ac7 HTTP/1.1" status: 200 len: 1609 time: 0.7719803 /var/lib/openstack/lib/python3.10/site-packages/pycadf/identifier.py:71: UserWarning: Invalid uuid: neutron. To ensure interoperability, identifiers should be a valid uuid. warnings.warn(('Invalid uuid: %s. To ensure interoperability, '
2026-03-04 02:33:41.532 9 INFO neutron.notifiers.nova [-] Nova event matching ['req-d24b697e-288a-4129-a340-29655d8b81ad'] response: {'name': 'network-changed', 'server_uuid': 'fd622251-bde7-46b1-a094-f5dff451648d', 'tag': '6de7aa65-4dbf-4c06-8c9f-601155923ac7', 'status': 'completed', 'code': 200}
2026-03-04 02:33:41.570 9 INFO neutron.wsgi [req-6d379b34-3c91-4dc7-81eb-3f4ebae89b05 req-7fcf7847-1b39-443c-8010-c7415320ea31 7f6808a736204204b900259adadebfc1 dd649a7e0fa94d889784905637a9c9ce - - 0b47a8ef162b449791a7619f7bd9f895 0b47a8ef162b449791a7619f7bd9f895] 199.204.45.162 "GET /v2.0/ports?tenant_id=e36218c95fa24585b2de9b52e7ebb443&device_id=fd622251-bde7-46b1-a094-f5dff451648d HTTP/1.1" status: 200 len: 1640 time: 0.0547311
2026-03-04 02:33:41.607 9 INFO neutron.wsgi [req-6d379b34-3c91-4dc7-81eb-3f4ebae89b05 req-87ceb660-a2b3-409b-ad20-71048c170b5a 7f6808a736204204b900259adadebfc1 dd649a7e0fa94d889784905637a9c9ce - - 0b47a8ef162b449791a7619f7bd9f895 0b47a8ef162b449791a7619f7bd9f895] 199.204.45.162 "GET /v2.0/floatingips?fixed_ip_address=10.2.2.107&port_id=6de7aa65-4dbf-4c06-8c9f-601155923ac7 HTTP/1.1" status: 200 len: 217 time: 0.0288808
2026-03-04 02:33:41.635 9 INFO neutron.wsgi [req-6d379b34-3c91-4dc7-81eb-3f4ebae89b05 req-99741c61-cc59-47e7-af89-7cab015a69a1 7f6808a736204204b900259adadebfc1 dd649a7e0fa94d889784905637a9c9ce - - 0b47a8ef162b449791a7619f7bd9f895 0b47a8ef162b449791a7619f7bd9f895] 199.204.45.162 "GET /v2.0/floatingips?fixed_ip_address=fd77%3A1457%3A4cf0%3A26a8%3A%3A237&port_id=6de7aa65-4dbf-4c06-8c9f-601155923ac7 HTTP/1.1" status: 200 len: 217 time: 0.0221632
2026-03-04 02:33:41.676 9 INFO neutron.wsgi [req-6d379b34-3c91-4dc7-81eb-3f4ebae89b05 req-824d0db0-b49f-453f-95d0-9b539f80ed49 7f6808a736204204b900259adadebfc1 dd649a7e0fa94d889784905637a9c9ce - - 0b47a8ef162b449791a7619f7bd9f895 0b47a8ef162b449791a7619f7bd9f895] 199.204.45.162 "GET /v2.0/subnets?id=2f6d3f96-a416-4258-9e2c-f3d3952be699&id=8b1cf8f9-0aec-490f-88e5-af0781fc946d HTTP/1.1" status: 200 len: 1567 time: 0.0339074
2026-03-04 02:33:41.705 9 INFO neutron.wsgi [req-6d379b34-3c91-4dc7-81eb-3f4ebae89b05 req-fdc48585-8505-4195-82b4-a6de2f855078 7f6808a736204204b900259adadebfc1 dd649a7e0fa94d889784905637a9c9ce - - 0b47a8ef162b449791a7619f7bd9f895 0b47a8ef162b449791a7619f7bd9f895] 199.204.45.162 "GET /v2.0/ports?network_id=6237cd78-0983-4a59-9638-60c2a2e4e7be&device_owner=network%3Adhcp HTTP/1.1" status: 200 len: 210 time: 0.0220590
2026-03-04 02:33:41.730 9 INFO neutron.wsgi [req-6d379b34-3c91-4dc7-81eb-3f4ebae89b05 req-7aaef4ea-15df-4137-a71c-67343b9837f8 7f6808a736204204b900259adadebfc1 dd649a7e0fa94d889784905637a9c9ce - - 0b47a8ef162b449791a7619f7bd9f895 0b47a8ef162b449791a7619f7bd9f895] 199.204.45.162 "GET /v2.0/ports?network_id=6237cd78-0983-4a59-9638-60c2a2e4e7be&device_owner=network%3Adhcp HTTP/1.1" status: 200 len: 210 time: 0.0188034
2026-03-04 02:33:41.802 9 INFO neutron.wsgi [req-6d379b34-3c91-4dc7-81eb-3f4ebae89b05 req-381efe17-a568-4d6b-8d09-25033361b25f 7f6808a736204204b900259adadebfc1 dd649a7e0fa94d889784905637a9c9ce - - 0b47a8ef162b449791a7619f7bd9f895 0b47a8ef162b449791a7619f7bd9f895] 199.204.45.162 "GET /v2.0/networks/6237cd78-0983-4a59-9638-60c2a2e4e7be?fields=segments HTTP/1.1" status: 200 len: 212 time: 0.0667882
2026-03-04 02:33:41.870 9 INFO neutron.wsgi [req-6d379b34-3c91-4dc7-81eb-3f4ebae89b05 req-7e31ec01-0e6a-4d10-b159-2dae20e397cc 7f6808a736204204b900259adadebfc1 dd649a7e0fa94d889784905637a9c9ce - - 0b47a8ef162b449791a7619f7bd9f895 0b47a8ef162b449791a7619f7bd9f895] 199.204.45.162 "GET /v2.0/networks/6237cd78-0983-4a59-9638-60c2a2e4e7be?fields=provider%3Aphysical_network&fields=provider%3Anetwork_type HTTP/1.1" status: 200 len: 277 time: 0.0608604
2026-03-04 02:33:41.962 9 INFO neutron.wsgi [req-50b9e851-073a-4c43-9298-84ed2879d18d req-805b365d-b0c8-41fa-bf29-82c4bb86eb18 7f6808a736204204b900259adadebfc1 dd649a7e0fa94d889784905637a9c9ce - - 0b47a8ef162b449791a7619f7bd9f895 0b47a8ef162b449791a7619f7bd9f895] 199.204.45.162 "GET /v2.0/ports?tenant_id=e36218c95fa24585b2de9b52e7ebb443&device_id=fd622251-bde7-46b1-a094-f5dff451648d HTTP/1.1" status: 200 len: 1640 time: 0.0452416
2026-03-04 02:33:41.999 10 INFO neutron.db.ovn_revision_numbers_db [None req-94096a79-9c6c-4bc1-ad0f-0b08e32b3123 bcf2610efd8c4f2eb4e4c30588e3cb2d 79fc3856c9654c3eb86f9a22688279ef - - default default] Successfully bumped revision number for resource f52f79e1-5ef8-489a-977b-b0c3fe4a07b3 (type: security_groups) to 1
2026-03-04 02:33:42.013 10 INFO neutron.db.ovn_revision_numbers_db [None req-94096a79-9c6c-4bc1-ad0f-0b08e32b3123 bcf2610efd8c4f2eb4e4c30588e3cb2d 79fc3856c9654c3eb86f9a22688279ef - - default default] Successfully bumped revision number for resource 315c92a5-c495-4015-949c-93193214af8f (type: security_group_rules) to 0
2026-03-04 02:33:42.028 10 INFO neutron.db.ovn_revision_numbers_db [None req-94096a79-9c6c-4bc1-ad0f-0b08e32b3123 bcf2610efd8c4f2eb4e4c30588e3cb2d 79fc3856c9654c3eb86f9a22688279ef - - default default] Successfully bumped revision number for resource 32e00dfa-3185-45c4-be5f-621083279050 (type: security_group_rules) to 0
2026-03-04 02:33:42.036 9 INFO neutron.wsgi [req-50b9e851-073a-4c43-9298-84ed2879d18d req-cf662b5e-62f6-4853-8b10-2ca06a0d9c5b 7f6808a736204204b900259adadebfc1 dd649a7e0fa94d889784905637a9c9ce - - 0b47a8ef162b449791a7619f7bd9f895 0b47a8ef162b449791a7619f7bd9f895] 199.204.45.162 "GET /v2.0/networks?id=6237cd78-0983-4a59-9638-60c2a2e4e7be HTTP/1.1" status: 200 len: 1003 time: 0.0667717
2026-03-04 02:33:42.043 10 INFO neutron.db.ovn_revision_numbers_db [None req-94096a79-9c6c-4bc1-ad0f-0b08e32b3123 bcf2610efd8c4f2eb4e4c30588e3cb2d 79fc3856c9654c3eb86f9a22688279ef - - default default] Successfully bumped revision number for resource 5bbbef09-385d-463f-89ff-617bc29d70f6 (type: security_group_rules) to 0
2026-03-04 02:33:42.068 10 INFO neutron.db.ovn_revision_numbers_db [None req-94096a79-9c6c-4bc1-ad0f-0b08e32b3123 bcf2610efd8c4f2eb4e4c30588e3cb2d 79fc3856c9654c3eb86f9a22688279ef - - default default] Successfully bumped revision number for resource 9b8bf795-5629-4ab2-83a2-30ffef92f969 (type: security_group_rules) to 0
2026-03-04 02:33:42.087 9 INFO neutron.wsgi [req-50b9e851-073a-4c43-9298-84ed2879d18d req-d93da3fe-520d-402e-89e7-2f6b06461907 7f6808a736204204b900259adadebfc1 dd649a7e0fa94d889784905637a9c9ce - - 0b47a8ef162b449791a7619f7bd9f895 0b47a8ef162b449791a7619f7bd9f895] 199.204.45.162 "GET /v2.0/floatingips?fixed_ip_address=10.2.2.107&port_id=6de7aa65-4dbf-4c06-8c9f-601155923ac7 HTTP/1.1" status: 200 len: 217 time: 0.0419843
2026-03-04 02:33:42.102 10 INFO neutron.wsgi [None req-94096a79-9c6c-4bc1-ad0f-0b08e32b3123 bcf2610efd8c4f2eb4e4c30588e3cb2d 79fc3856c9654c3eb86f9a22688279ef - - default default] 10.0.0.179 "GET /v2.0/security-groups?tenant_id=21a33ffa14e543ca9bafc9528b8f7975&name=default HTTP/1.1" status: 200 len: 2996 time: 0.5752323
2026-03-04 02:33:42.139 9 INFO neutron.plugins.ml2.drivers.ovn.mech_driver.mech_driver [None req-c7941d8f-798b-4ce2-8866-f4cd2a57569c - - - - - -] OVN reports status up for port: 6de7aa65-4dbf-4c06-8c9f-601155923ac7
2026-03-04 02:33:42.143 9 INFO neutron.wsgi [req-50b9e851-073a-4c43-9298-84ed2879d18d req-2c1e5bd2-286d-40a2-9549-7870e12ba91f 7f6808a736204204b900259adadebfc1 dd649a7e0fa94d889784905637a9c9ce - - 0b47a8ef162b449791a7619f7bd9f895 0b47a8ef162b449791a7619f7bd9f895] 199.204.45.162 "GET /v2.0/floatingips?fixed_ip_address=fd77%3A1457%3A4cf0%3A26a8%3A%3A237&port_id=6de7aa65-4dbf-4c06-8c9f-601155923ac7 HTTP/1.1" status: 200 len: 217 time: 0.0460634
2026-03-04 02:33:42.158 9 INFO neutron.plugins.ml2.plugin [None req-c7941d8f-798b-4ce2-8866-f4cd2a57569c - - - - - -] Attempt 1 to provision port 6de7aa65-4dbf-4c06-8c9f-601155923ac7
2026-03-04 02:33:42.203 9 INFO neutron.wsgi [req-50b9e851-073a-4c43-9298-84ed2879d18d req-62c27e29-14d9-4fe1-b337-b27a56e91b19 7f6808a736204204b900259adadebfc1 dd649a7e0fa94d889784905637a9c9ce - - 0b47a8ef162b449791a7619f7bd9f895 0b47a8ef162b449791a7619f7bd9f895] 199.204.45.162 "GET /v2.0/subnets?id=2f6d3f96-a416-4258-9e2c-f3d3952be699&id=8b1cf8f9-0aec-490f-88e5-af0781fc946d HTTP/1.1" status: 200 len: 1567 time: 0.0534234
2026-03-04 02:33:42.241 9 INFO neutron.wsgi [req-50b9e851-073a-4c43-9298-84ed2879d18d req-182fa79f-2ee1-43d0-8eea-78c1026ffe6b 7f6808a736204204b900259adadebfc1 dd649a7e0fa94d889784905637a9c9ce - - 0b47a8ef162b449791a7619f7bd9f895 0b47a8ef162b449791a7619f7bd9f895] 199.204.45.162 "GET /v2.0/ports?network_id=6237cd78-0983-4a59-9638-60c2a2e4e7be&device_owner=network%3Adhcp HTTP/1.1" status: 200 len: 210 time: 0.0289724
2026-03-04 02:33:42.280 9 INFO neutron.wsgi [req-50b9e851-073a-4c43-9298-84ed2879d18d req-0f797bb4-fca7-4bbd-aa5e-c96b364cb31b 7f6808a736204204b900259adadebfc1 dd649a7e0fa94d889784905637a9c9ce - - 0b47a8ef162b449791a7619f7bd9f895 0b47a8ef162b449791a7619f7bd9f895] 199.204.45.162 "GET /v2.0/ports?network_id=6237cd78-0983-4a59-9638-60c2a2e4e7be&device_owner=network%3Adhcp HTTP/1.1" status: 200 len: 210 time: 0.0323000
2026-03-04 02:33:42.349 10 INFO neutron.wsgi [None req-61b6d750-b9da-4168-aec8-ed8e4e4c00c7 bcf2610efd8c4f2eb4e4c30588e3cb2d 79fc3856c9654c3eb86f9a22688279ef - - default default] 10.0.0.179 "DELETE /v2.0/security-groups/f52f79e1-5ef8-489a-977b-b0c3fe4a07b3 HTTP/1.1" status: 204 len: 168 time: 0.2409813
2026-03-04 02:33:42.378 9 INFO neutron.wsgi [req-50b9e851-073a-4c43-9298-84ed2879d18d req-49292b8a-d108-43e1-9b48-6ea4ba64dab2 7f6808a736204204b900259adadebfc1 dd649a7e0fa94d889784905637a9c9ce - - 0b47a8ef162b449791a7619f7bd9f895 0b47a8ef162b449791a7619f7bd9f895] 199.204.45.162 "GET /v2.0/networks/6237cd78-0983-4a59-9638-60c2a2e4e7be?fields=segments HTTP/1.1" status: 200 len: 212 time: 0.0901871
2026-03-04 02:33:42.473 9 INFO neutron.wsgi [req-50b9e851-073a-4c43-9298-84ed2879d18d req-f4b968b9-b0e0-4d7f-96c8-fe2d1080734c 7f6808a736204204b900259adadebfc1 dd649a7e0fa94d889784905637a9c9ce - - 0b47a8ef162b449791a7619f7bd9f895 0b47a8ef162b449791a7619f7bd9f895] 199.204.45.162 "GET /v2.0/networks/6237cd78-0983-4a59-9638-60c2a2e4e7be?fields=provider%3Aphysical_network&fields=provider%3Anetwork_type HTTP/1.1" status: 200 len: 277 time: 0.0849793
2026-03-04 02:33:42.565 9 INFO neutron.db.ovn_revision_numbers_db [None req-c7941d8f-798b-4ce2-8866-f4cd2a57569c - - - - - -] Successfully bumped revision number for resource 6de7aa65-4dbf-4c06-8c9f-601155923ac7 (type: ports) to 4
2026-03-04 02:33:42.649 10 INFO neutron.db.ovn_revision_numbers_db [None req-67043486-00a6-4404-b592-545c3c6fd3c9 bcf2610efd8c4f2eb4e4c30588e3cb2d 79fc3856c9654c3eb86f9a22688279ef - - default default] Successfully bumped revision number for resource f093a449-a9bf-4d58-81fd-e6f90e70b1a6 (type: security_groups) to 1
2026-03-04 02:33:42.676 10 INFO neutron.db.ovn_revision_numbers_db [None req-67043486-00a6-4404-b592-545c3c6fd3c9 bcf2610efd8c4f2eb4e4c30588e3cb2d 79fc3856c9654c3eb86f9a22688279ef - - default default] Successfully bumped revision number for resource 7fdd38bb-c5f3-4171-9c52-ade16a4e8e56 (type: security_group_rules) to 0
2026-03-04 02:33:42.690 10 INFO neutron.db.ovn_revision_numbers_db [None req-67043486-00a6-4404-b592-545c3c6fd3c9 bcf2610efd8c4f2eb4e4c30588e3cb2d 79fc3856c9654c3eb86f9a22688279ef - - default default] Successfully bumped revision number for resource 92d325a0-39c9-47de-82ad-c301d391ff8a (type: security_group_rules) to 0
2026-03-04 02:33:42.709 10 INFO neutron.db.ovn_revision_numbers_db [None req-67043486-00a6-4404-b592-545c3c6fd3c9 bcf2610efd8c4f2eb4e4c30588e3cb2d 79fc3856c9654c3eb86f9a22688279ef - - default default] Successfully bumped revision number for resource bb06437f-9048-4678-9b47-d4b530e0fc80 (type: security_group_rules) to 0
2026-03-04 02:33:42.734 10 INFO neutron.db.ovn_revision_numbers_db [None req-67043486-00a6-4404-b592-545c3c6fd3c9 bcf2610efd8c4f2eb4e4c30588e3cb2d 79fc3856c9654c3eb86f9a22688279ef - - default default] Successfully bumped revision number for resource ea569b05-91e8-4195-b1f4-403bdc5822f8 (type: security_group_rules) to 0
2026-03-04 02:33:42.757 10 INFO neutron.wsgi [None req-67043486-00a6-4404-b592-545c3c6fd3c9 bcf2610efd8c4f2eb4e4c30588e3cb2d 79fc3856c9654c3eb86f9a22688279ef - - default default] 10.0.0.179 "GET /v2.0/security-groups?tenant_id=df2ec2965c2749c48fd72d42eb1267d8&name=default HTTP/1.1" status: 200 len: 2996 time: 0.2185662
2026-03-04 02:33:42.965 10 INFO neutron.wsgi [None req-0f071bdf-04ff-4b2f-a709-7c672371831c bcf2610efd8c4f2eb4e4c30588e3cb2d 79fc3856c9654c3eb86f9a22688279ef - - default default] 10.0.0.179 "DELETE /v2.0/security-groups/f093a449-a9bf-4d58-81fd-e6f90e70b1a6 HTTP/1.1" status: 204 len: 168 time: 0.2024043
2026-03-04 02:33:43.119 10 WARNING neutron_lib.context [None req-2443cfe3-e3aa-400f-8535-99c2b8a11feb 36ae9b4bd55e4dbcbf5c4a9c2fcff5d0 b0aa82c30a06449c8bff906257832d78 - - default default] Method 'is_advsvc' is deprecated since 2023.2 release (neutron-lib 3.8.0) and will be removed once support for the old RBAC API policies will be removed from Neutron. Please use method 'is_service_role' instead. /var/lib/openstack/lib/python3.10/site-packages/pycadf/identifier.py:71: UserWarning: Invalid uuid: neutron. To ensure interoperability, identifiers should be a valid uuid. warnings.warn(('Invalid uuid: %s. To ensure interoperability, '
2026-03-04 02:33:43.177 9 INFO neutron.wsgi [None req-22d19dfa-9d07-4111-af73-0f076f80637a bcf2610efd8c4f2eb4e4c30588e3cb2d 79fc3856c9654c3eb86f9a22688279ef - - default default] 10.0.0.179 "GET /v2.0/security-groups?tenant_id=dc1931f3803842d986fdf92a6f89b894&name=default HTTP/1.1" status: 200 len: 2996 time: 0.0437250
2026-03-04 02:33:43.378 9 INFO neutron.wsgi [None req-68c3d3e1-f8c0-4695-a67e-810517ffee47 bcf2610efd8c4f2eb4e4c30588e3cb2d 79fc3856c9654c3eb86f9a22688279ef - - default default] 10.0.0.179 "DELETE /v2.0/security-groups/0c266ed6-adc2-423f-b991-90a5795702d9 HTTP/1.1" status: 204 len: 168 time: 0.1872923
2026-03-04 02:33:43.467 10 WARNING neutron.scheduler.dhcp_agent_scheduler [None req-2443cfe3-e3aa-400f-8535-99c2b8a11feb 36ae9b4bd55e4dbcbf5c4a9c2fcff5d0 b0aa82c30a06449c8bff906257832d78 - - default default] No more DHCP agents
2026-03-04 02:33:43.470 10 WARNING neutron.api.rpc.agentnotifiers.dhcp_rpc_agent_api [None req-2443cfe3-e3aa-400f-8535-99c2b8a11feb 36ae9b4bd55e4dbcbf5c4a9c2fcff5d0 b0aa82c30a06449c8bff906257832d78 - - default default] Unable to schedule network 23d00f21-e629-4a10-9f63-09857d39d79a: no agents available; will retry on subsequent port and subnet creation events.
2026-03-04 02:33:43.570 9 INFO neutron.notifiers.nova [-] Nova event matching ['req-04df8929-372d-4dd9-a84f-cd121293ce9f'] response: {'server_uuid': 'fd622251-bde7-46b1-a094-f5dff451648d', 'name': 'network-vif-plugged', 'status': 'completed', 'tag': '6de7aa65-4dbf-4c06-8c9f-601155923ac7', 'code': 200}
2026-03-04 02:33:43.570 9 INFO neutron.notifiers.nova [-] Nova event matching ['req-04df8929-372d-4dd9-a84f-cd121293ce9f'] response: {'server_uuid': 'fd622251-bde7-46b1-a094-f5dff451648d', 'name': 'network-vif-plugged', 'status': 'completed', 'tag': '6de7aa65-4dbf-4c06-8c9f-601155923ac7', 'code': 200}
2026-03-04 02:33:43.798 10 INFO neutron.db.ovn_revision_numbers_db [None req-2443cfe3-e3aa-400f-8535-99c2b8a11feb 36ae9b4bd55e4dbcbf5c4a9c2fcff5d0 b0aa82c30a06449c8bff906257832d78 - - default default] Successfully bumped revision number for resource 8005570e-4ad3-477b-9005-d64a7700c932 (type: floatingips) to 0
2026-03-04 02:33:43.810 10 INFO neutron.wsgi [None req-2443cfe3-e3aa-400f-8535-99c2b8a11feb 36ae9b4bd55e4dbcbf5c4a9c2fcff5d0 b0aa82c30a06449c8bff906257832d78 - - default default] 10.0.0.179 "POST /v2.0/floatingips HTTP/1.1" status: 201 len: 751 time: 0.8723650
2026-03-04 02:33:43.879 10 INFO neutron.wsgi [None req-43bddf14-859b-4b04-85cf-4f407a3faa77 36ae9b4bd55e4dbcbf5c4a9c2fcff5d0 b0aa82c30a06449c8bff906257832d78 - - default default] 10.0.0.179 "PUT /v2.0/floatingips/8005570e-4ad3-477b-9005-d64a7700c932/tags HTTP/1.1" status: 200 len: 218 time: 0.0607953
2026-03-04 02:33:43.916 10 INFO neutron.wsgi [None req-8dcee361-788b-4f80-9345-c1813c669d4d 36ae9b4bd55e4dbcbf5c4a9c2fcff5d0 b0aa82c30a06449c8bff906257832d78 - - default default] 10.0.0.179 "GET /v2.0/floatingips/8005570e-4ad3-477b-9005-d64a7700c932/tags HTTP/1.1" status: 200 len: 218 time: 0.0296092
2026-03-04 02:33:43.983 10 INFO neutron.wsgi [None req-dda305ec-581a-41fd-892e-c393e9aacfb3 36ae9b4bd55e4dbcbf5c4a9c2fcff5d0 b0aa82c30a06449c8bff906257832d78 - - default default] 10.0.0.179 "PUT /v2.0/floatingips/8005570e-4ad3-477b-9005-d64a7700c932/tags/green HTTP/1.1" status: 201 len: 201 time: 0.0618603
2026-03-04 02:33:44.029 10 INFO neutron.wsgi [None req-33e5c03a-6544-44b8-9c0e-ad2867ac4c4c 36ae9b4bd55e4dbcbf5c4a9c2fcff5d0 b0aa82c30a06449c8bff906257832d78 - - default default] 10.0.0.179 "GET /v2.0/floatingips/8005570e-4ad3-477b-9005-d64a7700c932/tags HTTP/1.1" status: 200 len: 227 time: 0.0400126
2026-03-04 02:33:44.083 9 INFO neutron.wsgi [None req-d85c3dba-ee55-4377-b573-757a05f49d4a 36ae9b4bd55e4dbcbf5c4a9c2fcff5d0 b0aa82c30a06449c8bff906257832d78 - - default default] 10.0.0.179 "PUT /v2.0/floatingips/8005570e-4ad3-477b-9005-d64a7700c932/tags/red HTTP/1.1" status: 201 len: 201 time: 0.0471110
2026-03-04 02:33:44.122 9 INFO neutron.wsgi [None req-e4c9a18e-20f7-4b53-9656-ad8c1716f38a 36ae9b4bd55e4dbcbf5c4a9c2fcff5d0 b0aa82c30a06449c8bff906257832d78 - - default default] 10.0.0.179 "GET /v2.0/floatingips/8005570e-4ad3-477b-9005-d64a7700c932/tags HTTP/1.1" status: 200 len: 227 time: 0.0338228
2026-03-04 02:33:44.174 9 INFO neutron.wsgi [None req-3b54bda3-48ab-4663-b62b-41766c38acd1 36ae9b4bd55e4dbcbf5c4a9c2fcff5d0 b0aa82c30a06449c8bff906257832d78 - - default default] 10.0.0.179 "PUT /v2.0/floatingips/8005570e-4ad3-477b-9005-d64a7700c932/tags/black.or.white HTTP/1.1" status: 201 len: 201 time: 0.0473113
2026-03-04 02:33:44.215 9 INFO neutron.wsgi [None req-c0a2c26c-3e53-45d4-924a-5b61510f378d 36ae9b4bd55e4dbcbf5c4a9c2fcff5d0 b0aa82c30a06449c8bff906257832d78 - - default default] 10.0.0.179 "GET /v2.0/floatingips/8005570e-4ad3-477b-9005-d64a7700c932/tags HTTP/1.1" status: 200 len: 245 time: 0.0347252
2026-03-04 02:33:44.295 9 INFO neutron.wsgi [None req-a353257a-ec32-403a-87ac-374e09a84505 36ae9b4bd55e4dbcbf5c4a9c2fcff5d0 b0aa82c30a06449c8bff906257832d78 - - default default] 10.0.0.179 "PUT /v2.0/floatingips/8005570e-4ad3-477b-9005-d64a7700c932/tags HTTP/1.1" status: 200 len: 230 time: 0.0702999
2026-03-04 02:33:44.342 9 INFO neutron.wsgi [None req-a9a12578-c6a9-466e-aeed-94884bec75c2 36ae9b4bd55e4dbcbf5c4a9c2fcff5d0 b0aa82c30a06449c8bff906257832d78 - - default default] 10.0.0.179 "GET /v2.0/floatingips/8005570e-4ad3-477b-9005-d64a7700c932/tags HTTP/1.1" status: 200 len: 230 time: 0.0376275
2026-03-04 02:33:44.363 9 INFO neutron.wsgi [req-d8b5a4e6-142e-4fdb-82bd-4f4ab8c12a52 req-522e2c1c-2ca8-4f9d-8d5e-ec08d4b900ef efe4413560644bc195da60fae1944fef e36218c95fa24585b2de9b52e7ebb443 - - default default] 10.0.0.147 "GET /v2.0/ports?device_id=fd622251-bde7-46b1-a094-f5dff451648d HTTP/1.1" status: 200 len: 1404 time: 0.0997176
2026-03-04 02:33:44.381 10 INFO neutron.wsgi [None req-7460dea0-eaff-419a-a6d0-3a28d297cdb1 36ae9b4bd55e4dbcbf5c4a9c2fcff5d0 b0aa82c30a06449c8bff906257832d78 - - default default] 10.0.0.179 "GET /v2.0/floatingips/8005570e-4ad3-477b-9005-d64a7700c932/tags/red HTTP/1.1" status: 204 len: 168 time: 0.0330684
2026-03-04 02:33:44.428 9 INFO neutron.wsgi [req-d8b5a4e6-142e-4fdb-82bd-4f4ab8c12a52 req-8489584f-92b5-4f1c-b74b-3ed6b102641e efe4413560644bc195da60fae1944fef e36218c95fa24585b2de9b52e7ebb443 - - default default] 10.0.0.147 "GET /v2.0/security-groups?id=68dae6be-248e-4522-bab5-1e9d4cba716b&fields=id&fields=name HTTP/1.1" status: 200 len: 311 time: 0.0545325
