2026-03-04 02:30:16.417 9 INFO neutron.db.ovn_revision_numbers_db [None req-0a524d42-c877-401a-84a8-b6382c4bb2e3 bcf2610efd8c4f2eb4e4c30588e3cb2d 79fc3856c9654c3eb86f9a22688279ef - - default default] Successfully bumped revision number for resource 7b25f640-244d-4f25-bc6b-3185f638278e (type: router_ports) to 1
2026-03-04 02:30:16.419 9 INFO neutron.wsgi [None req-0a524d42-c877-401a-84a8-b6382c4bb2e3 bcf2610efd8c4f2eb4e4c30588e3cb2d 79fc3856c9654c3eb86f9a22688279ef - - default default] 10.0.0.179 "PUT /v2.0/routers/f39587af-21b8-4c6e-8d4c-ced28f8ef5e0/add_router_interface HTTP/1.1" status: 200 len: 503 time: 2.5950174
2026-03-04 02:30:16.426 9 INFO neutron.wsgi [req-c2f20fd8-3286-42e0-9908-4211c087c9ea req-2a0e34d7-175a-4305-9a1a-d351c5764a7f bcf2610efd8c4f2eb4e4c30588e3cb2d 79fc3856c9654c3eb86f9a22688279ef - - default default] 10.0.0.147 "GET /v2.0/security-groups?id=4ad969ce-7850-47e9-b351-4356d9c6fd03&fields=id&fields=name HTTP/1.1" status: 200 len: 313 time: 0.0757289
2026-03-04 02:30:16.445 10 INFO neutron.plugins.ml2.drivers.ovn.mech_driver.mech_driver [None req-bb7dfab9-54d8-433b-91ad-d2fed24618f7 - - - - - -] OVN reports status up for port: 7b25f640-244d-4f25-bc6b-3185f638278e
2026-03-04 02:30:16.468 10 INFO neutron.plugins.ml2.plugin [None req-bb7dfab9-54d8-433b-91ad-d2fed24618f7 - - - - - -] Attempt 1 to provision port 7b25f640-244d-4f25-bc6b-3185f638278e
2026-03-04 02:30:16.499 10 INFO neutron.wsgi [None req-97d15771-5002-4d81-a1f2-884a3d6f2233 bcf2610efd8c4f2eb4e4c30588e3cb2d 79fc3856c9654c3eb86f9a22688279ef - - default default] 10.0.0.20 "GET /v2.0/networks HTTP/1.1" status: 200 len: 5405 time: 0.1461771
2026-03-04 02:30:16.641 10 INFO neutron.wsgi [None req-6993fdd0-2913-4153-93a3-abfb600f11ee bcf2610efd8c4f2eb4e4c30588e3cb2d 79fc3856c9654c3eb86f9a22688279ef - - default default] 10.0.0.20 "GET /v2.0/routers HTTP/1.1" status: 200 len: 2710 time: 0.1375451
2026-03-04 02:30:16.682 10 INFO neutron.wsgi [None req-31d17090-95f4-4f35-80d2-5beb29f5d927 bcf2610efd8c4f2eb4e4c30588e3cb2d 79fc3856c9654c3eb86f9a22688279ef - - default default] 10.0.0.20 "GET /v2.0/agents?binary=ovn-controller HTTP/1.1" status: 200 len: 591 time: 0.0390296
2026-03-04 02:30:16.716 10 INFO neutron.wsgi [None req-fbd36588-25c8-4308-96e0-b785dd84314f bcf2610efd8c4f2eb4e4c30588e3cb2d 79fc3856c9654c3eb86f9a22688279ef - - default default] 10.0.0.20 "GET /v2.0/network-ip-availabilities HTTP/1.1" status: 200 len: 3216 time: 0.0314467
2026-03-04 02:30:16.725 9 INFO neutron.wsgi [None req-db72adfb-7087-4222-a88c-c92297e6313c bcf2610efd8c4f2eb4e4c30588e3cb2d 79fc3856c9654c3eb86f9a22688279ef - - default default] 10.0.0.179 "DELETE /v2.0/routers/e63c4050-4125-46f7-a489-ebc5df08321f HTTP/1.1" status: 204 len: 168 time: 1.5942838
2026-03-04 02:30:16.787 10 INFO neutron.wsgi [None req-1315aa63-d324-4671-bf96-f20ffd39ea27 bcf2610efd8c4f2eb4e4c30588e3cb2d 79fc3856c9654c3eb86f9a22688279ef - - default default] 10.0.0.20 "GET /v2.0/subnets HTTP/1.1" status: 200 len: 4077 time: 0.0656779
2026-03-04 02:30:16.816 10 INFO neutron.wsgi [None req-7d5e1614-94e8-4a5a-9e2e-f2de22750a72 bcf2610efd8c4f2eb4e4c30588e3cb2d 79fc3856c9654c3eb86f9a22688279ef - - default default] 10.0.0.20 "GET /v2.0/subnetpools HTTP/1.1" status: 200 len: 193 time: 0.0250883
2026-03-04 02:30:16.931 10 INFO neutron.wsgi [None req-42c25144-b457-418b-8ce5-e0b0ad92d1da bcf2610efd8c4f2eb4e4c30588e3cb2d 79fc3856c9654c3eb86f9a22688279ef - - default default] 10.0.0.20 "GET /v2.0/ports HTTP/1.1" status: 200 len: 17095 time: 0.1124249
2026-03-04 02:30:17.030 10 INFO neutron.wsgi [None req-6dfc8692-641b-4b19-afbb-cc589d06b7ff bcf2610efd8c4f2eb4e4c30588e3cb2d 79fc3856c9654c3eb86f9a22688279ef - - default default] 10.0.0.20 "GET /v2.0/floatingips HTTP/1.1" status: 200 len: 1035 time: 0.0920780
2026-03-04 02:30:17.069 10 WARNING neutron_lib.context [None req-41f269eb-1a62-49b8-bada-4ca2671984f2 19093c0fcfdb4dcebd947e162f7714ca 60a5c758401447a68416f1b8161df8f2 - - default default] Method 'is_advsvc' is deprecated since 2023.2 release (neutron-lib 3.8.0) and will be removed once support for the old RBAC API policies will be removed from Neutron. Please use method 'is_service_role' instead.
2026-03-04 02:30:17.155 10 INFO neutron.wsgi [None req-bca2a4fb-00d7-442a-910c-e8ddb1321516 bcf2610efd8c4f2eb4e4c30588e3cb2d 79fc3856c9654c3eb86f9a22688279ef - - default default] 10.0.0.20 "GET /v2.0/security-groups HTTP/1.1" status: 200 len: 30657 time: 0.1237240
2026-03-04 02:30:17.185 10 INFO neutron.plugins.ml2.drivers.ovn.mech_driver.ovsdb.ovsdb_monitor [None req-da45f4cc-afc4-405d-9ddf-72f6b2096c75 - - - - - -] Router a8d96234-cf24-4830-ac5c-66eec8763cc7 is bound to host instance
2026-03-04 02:30:17.210 10 INFO neutron.db.ovn_revision_numbers_db [None req-bb7dfab9-54d8-433b-91ad-d2fed24618f7 - - - - - -] Successfully bumped revision number for resource 7b25f640-244d-4f25-bc6b-3185f638278e (type: ports) to 2
2026-03-04 02:30:17.239 10 INFO neutron.wsgi [None req-9496977b-2eed-4846-9049-bed9716e73fd bcf2610efd8c4f2eb4e4c30588e3cb2d 79fc3856c9654c3eb86f9a22688279ef - - default default] 10.0.0.20 "GET /v2.0/subnets HTTP/1.1" status: 200 len: 4077 time: 0.0748992
2026-03-04 02:30:17.249 10 INFO neutron.db.ovn_revision_numbers_db [None req-34ba7399-9a46-45e8-bdfe-e3992bdeb312 bcf2610efd8c4f2eb4e4c30588e3cb2d 79fc3856c9654c3eb86f9a22688279ef - - default default] Successfully bumped revision number for resource ceb382cc-600a-479d-a2d3-77b6e9524b4e (type: router_ports) to 1
2026-03-04 02:30:17.310 9 INFO neutron.plugins.ml2.drivers.ovn.mech_driver.mech_driver [None req-c7941d8f-798b-4ce2-8866-f4cd2a57569c - - - - - -] OVN reports status up for port: ceb382cc-600a-479d-a2d3-77b6e9524b4e
2026-03-04 02:30:17.322 9 INFO neutron.plugins.ml2.plugin [None req-c7941d8f-798b-4ce2-8866-f4cd2a57569c - - - - - -] Attempt 1 to provision port ceb382cc-600a-479d-a2d3-77b6e9524b4e
2026-03-04 02:30:17.378 9 INFO neutron.wsgi [None req-def5838d-dd48-4e0a-aa1e-30bc6565ee62 bcf2610efd8c4f2eb4e4c30588e3cb2d 79fc3856c9654c3eb86f9a22688279ef - - default default] 10.0.0.179 "DELETE /v2.0/subnets/a134423b-94d3-4ea2-88cf-dacc6cfd79c8 HTTP/1.1" status: 204 len: 168 time: 0.6465437
2026-03-04 02:30:17.607 10 INFO neutron.db.ovn_revision_numbers_db [None req-34ba7399-9a46-45e8-bdfe-e3992bdeb312 bcf2610efd8c4f2eb4e4c30588e3cb2d 79fc3856c9654c3eb86f9a22688279ef - - default default] Successfully bumped revision number for resource a8d96234-cf24-4830-ac5c-66eec8763cc7 (type: routers) to 2
2026-03-04 02:30:17.609 10 INFO neutron.db.ovn_revision_numbers_db [None req-bb7dfab9-54d8-433b-91ad-d2fed24618f7 - - - - - -] Successfully bumped revision number for resource 7b25f640-244d-4f25-bc6b-3185f638278e (type: router_ports) to 2
2026-03-04 02:30:17.621 10 INFO neutron.db.ovn_revision_numbers_db [None req-41f269eb-1a62-49b8-bada-4ca2671984f2 19093c0fcfdb4dcebd947e162f7714ca 60a5c758401447a68416f1b8161df8f2 - - default default] Successfully bumped revision number for resource 87ab0b33-3890-4ffb-b0c5-a0d0895a06fc (type: security_groups) to 1
2026-03-04 02:30:17.637 10 INFO neutron.wsgi [None req-34ba7399-9a46-45e8-bdfe-e3992bdeb312 bcf2610efd8c4f2eb4e4c30588e3cb2d 79fc3856c9654c3eb86f9a22688279ef - - default default] 10.0.0.179 "POST /v2.0/routers HTTP/1.1" status: 201 len: 877 time: 3.1576848
2026-03-04 02:30:17.653 10 INFO neutron.db.ovn_revision_numbers_db [None req-41f269eb-1a62-49b8-bada-4ca2671984f2 19093c0fcfdb4dcebd947e162f7714ca 60a5c758401447a68416f1b8161df8f2 - - default default] Successfully bumped revision number for resource 34417e13-871e-478b-ac36-49edca0d1128 (type: security_group_rules) to 0
2026-03-04 02:30:17.681 10 INFO neutron.db.ovn_revision_numbers_db [None req-41f269eb-1a62-49b8-bada-4ca2671984f2 19093c0fcfdb4dcebd947e162f7714ca 60a5c758401447a68416f1b8161df8f2 - - default default] Successfully bumped revision number for resource d358d1c1-3585-47f0-80ce-5583ece23394 (type: security_group_rules) to 0
2026-03-04 02:30:17.715 10 INFO neutron.wsgi [None req-41f269eb-1a62-49b8-bada-4ca2671984f2 19093c0fcfdb4dcebd947e162f7714ca 60a5c758401447a68416f1b8161df8f2 - - default default] 10.0.0.179 "POST /v2.0/security-groups HTTP/1.1" status: 201 len: 1797 time: 0.6524415
2026-03-04 02:30:17.730 10 WARNING neutron_lib.context [None req-fbd0ee4b-b990-48a2-ba54-dbc551b85d79 19093c0fcfdb4dcebd947e162f7714ca 60a5c758401447a68416f1b8161df8f2 - - default default] Method 'is_advsvc' is deprecated since 2023.2 release (neutron-lib 3.8.0) and will be removed once support for the old RBAC API policies will be removed from Neutron. Please use method 'is_service_role' instead.
2026-03-04 02:30:17.753 9 INFO neutron.services.segments.plugin [-] Segment 7a2da159-82c1-4889-96da-a27d7fe770e6 resource provider aggregate not found
2026-03-04 02:30:17.769 9 INFO neutron.services.segments.plugin [-] Segment 7a2da159-82c1-4889-96da-a27d7fe770e6 resource provider aggregate not found
2026-03-04 02:30:17.775 9 INFO neutron.services.segments.plugin [-] Segment 7a2da159-82c1-4889-96da-a27d7fe770e6 resource provider not found; error: Placement Client Error (4xx): {"errors": [{"status": 404, "title": "Not Found", "detail": "The resource could not be found.\n\n No resource provider with uuid 7a2da159-82c1-4889-96da-a27d7fe770e6 found for delete ", "request_id": "req-8db28997-822a-479a-a04a-e211a640a1fc"}]}
2026-03-04 02:30:17.788 9 INFO neutron.services.segments.plugin [-] Segment 7a2da159-82c1-4889-96da-a27d7fe770e6 resource provider not found; error: Placement Client Error (4xx): {"errors": [{"status": 404, "title": "Not Found", "detail": "The resource could not be found.\n\n No resource provider with uuid 7a2da159-82c1-4889-96da-a27d7fe770e6 found for delete ", "request_id": "req-714eb33f-963d-4954-8510-1e95e3a454f7"}]}
2026-03-04 02:30:17.816 9 INFO neutron.wsgi [None req-e026018e-bd71-44e7-a767-1adc07c28b27 bcf2610efd8c4f2eb4e4c30588e3cb2d 79fc3856c9654c3eb86f9a22688279ef - - default default] 10.0.0.179 "DELETE /v2.0/networks/b9d7863e-0477-483b-b66b-064f65e8fa5e HTTP/1.1" status: 204 len: 168 time: 0.4240170
2026-03-04 02:30:17.907 10 INFO neutron.db.ovn_revision_numbers_db [None req-fbd0ee4b-b990-48a2-ba54-dbc551b85d79 19093c0fcfdb4dcebd947e162f7714ca 60a5c758401447a68416f1b8161df8f2 - - default default] Successfully bumped revision number for resource a029c151-cc15-4958-b7c1-41c38b9887a5 (type: security_group_rules) to 0
2026-03-04 02:30:17.935 10 INFO neutron.wsgi [None req-fbd0ee4b-b990-48a2-ba54-dbc551b85d79 19093c0fcfdb4dcebd947e162f7714ca 60a5c758401447a68416f1b8161df8f2 - - default default] 10.0.0.179 "POST /v2.0/security-group-rules HTTP/1.1" status: 201 len: 764 time: 0.2128012
2026-03-04 02:30:17.946 10 WARNING neutron_lib.context [None req-6d8dcf12-1418-4d2d-a247-343f4d557771 19093c0fcfdb4dcebd947e162f7714ca 60a5c758401447a68416f1b8161df8f2 - - default default] Method 'is_advsvc' is deprecated since 2023.2 release (neutron-lib 3.8.0) and will be removed once support for the old RBAC API policies will be removed from Neutron. Please use method 'is_service_role' instead.
2026-03-04 02:30:18.007 10 INFO neutron.wsgi [None req-ced65bc9-9794-4910-a3c2-a633d7db3901 bcf2610efd8c4f2eb4e4c30588e3cb2d 79fc3856c9654c3eb86f9a22688279ef - - default default] 10.0.0.179 "GET /v2.0/security-groups?tenant_id=b17e995f976b4bba9e9e19459cf3e4dc&name=default HTTP/1.1" status: 200 len: 2992 time: 0.0462852
2026-03-04 02:30:18.103 10 INFO neutron.db.ovn_revision_numbers_db [None req-da45f4cc-afc4-405d-9ddf-72f6b2096c75 - - - - - -] Successfully bumped revision number for resource ceb382cc-600a-479d-a2d3-77b6e9524b4e (type: ports) to 1
2026-03-04 02:30:18.109 10 INFO neutron.db.ovn_revision_numbers_db [None req-6d8dcf12-1418-4d2d-a247-343f4d557771 19093c0fcfdb4dcebd947e162f7714ca 60a5c758401447a68416f1b8161df8f2 - - default default] Successfully bumped revision number for resource cc5c952f-4dd1-498d-9ffa-038e6aa2d9f1 (type: security_group_rules) to 0
2026-03-04 02:30:18.135 10 INFO neutron.wsgi [None req-6d8dcf12-1418-4d2d-a247-343f4d557771 19093c0fcfdb4dcebd947e162f7714ca 60a5c758401447a68416f1b8161df8f2 - - default default] 10.0.0.179 "POST /v2.0/security-group-rules HTTP/1.1" status: 201 len: 769 time: 0.1945972
2026-03-04 02:30:18.148 10 WARNING neutron_lib.context [None req-c44ea392-a57f-4d2f-a7c2-d4693324491c 19093c0fcfdb4dcebd947e162f7714ca 60a5c758401447a68416f1b8161df8f2 - - default default] Method 'is_advsvc' is deprecated since 2023.2 release (neutron-lib 3.8.0) and will be removed once support for the old RBAC API policies will be removed from Neutron. Please use method 'is_service_role' instead.
2026-03-04 02:30:18.165 9 WARNING neutron.scheduler.dhcp_agent_scheduler [None req-e3326c1f-4c00-4e10-a3b2-694f69cd3e09 bcf2610efd8c4f2eb4e4c30588e3cb2d 79fc3856c9654c3eb86f9a22688279ef - - default default] No more DHCP agents
2026-03-04 02:30:18.170 9 WARNING neutron.api.rpc.agentnotifiers.dhcp_rpc_agent_api [None req-e3326c1f-4c00-4e10-a3b2-694f69cd3e09 bcf2610efd8c4f2eb4e4c30588e3cb2d 79fc3856c9654c3eb86f9a22688279ef - - default default] Unable to schedule network 81ff3b5a-4b89-4899-906e-50052d1f733f: no agents available; will retry on subsequent port and subnet creation events.
2026-03-04 02:30:18.305 9 INFO neutron.wsgi [None req-5a810e6d-6440-4b30-990c-c46fa21a4008 bcf2610efd8c4f2eb4e4c30588e3cb2d 79fc3856c9654c3eb86f9a22688279ef - - default default] 10.0.0.179 "DELETE /v2.0/security-groups/fc3d52f4-11ce-47a2-ade1-a0a28666535f HTTP/1.1" status: 204 len: 168 time: 0.2694092
2026-03-04 02:30:18.351 9 INFO neutron.db.ovn_revision_numbers_db [None req-e3326c1f-4c00-4e10-a3b2-694f69cd3e09 bcf2610efd8c4f2eb4e4c30588e3cb2d 79fc3856c9654c3eb86f9a22688279ef - - default default] Successfully bumped revision number for resource 41696cc0-73fc-4734-8a80-83ab09fe8025 (type: ports) to 1
2026-03-04 02:30:18.404 10 INFO neutron.db.ovn_revision_numbers_db [None req-da45f4cc-afc4-405d-9ddf-72f6b2096c75 - - - - - -] Successfully bumped revision number for resource ceb382cc-600a-479d-a2d3-77b6e9524b4e (type: router_ports) to 3
2026-03-04 02:30:18.471 10 WARNING neutron.scheduler.dhcp_agent_scheduler [None req-c44ea392-a57f-4d2f-a7c2-d4693324491c 19093c0fcfdb4dcebd947e162f7714ca 60a5c758401447a68416f1b8161df8f2 - - default default] No more DHCP agents
2026-03-04 02:30:18.475 10 WARNING neutron.api.rpc.agentnotifiers.dhcp_rpc_agent_api [None req-c44ea392-a57f-4d2f-a7c2-d4693324491c 19093c0fcfdb4dcebd947e162f7714ca 60a5c758401447a68416f1b8161df8f2 - - default default] Unable to schedule network 23d00f21-e629-4a10-9f63-09857d39d79a: no agents available; will retry on subsequent port and subnet creation events.
2026-03-04 02:30:18.616 10 INFO neutron.db.ovn_revision_numbers_db [None req-da45f4cc-afc4-405d-9ddf-72f6b2096c75 - - - - - -] Successfully bumped revision number for resource ceb382cc-600a-479d-a2d3-77b6e9524b4e (type: ports) to 2
2026-03-04 02:30:18.748 9 INFO neutron.db.ovn_revision_numbers_db [None req-e3326c1f-4c00-4e10-a3b2-694f69cd3e09 bcf2610efd8c4f2eb4e4c30588e3cb2d 79fc3856c9654c3eb86f9a22688279ef - - default default] Successfully bumped revision number for resource 41696cc0-73fc-4734-8a80-83ab09fe8025 (type: router_ports) to 1
2026-03-04 02:30:18.810 9 INFO neutron.wsgi [-] 10.0.0.220 "GET / HTTP/1.1" status: 200 len: 247 time: 0.0015149
2026-03-04 02:30:18.812 10 INFO neutron.wsgi [-] 10.0.0.220 "GET / HTTP/1.1" status: 200 len: 247 time: 0.0014386
2026-03-04 02:30:18.899 10 INFO neutron.db.ovn_revision_numbers_db [None req-c44ea392-a57f-4d2f-a7c2-d4693324491c 19093c0fcfdb4dcebd947e162f7714ca 60a5c758401447a68416f1b8161df8f2 - - default default] Successfully bumped revision number for resource 33135c42-4dd1-45b5-9d60-ffae24f492a5 (type: floatingips) to 0
2026-03-04 02:30:18.919 10 INFO neutron.wsgi [None req-c44ea392-a57f-4d2f-a7c2-d4693324491c 19093c0fcfdb4dcebd947e162f7714ca 60a5c758401447a68416f1b8161df8f2 - - default default] 10.0.0.179 "POST /v2.0/floatingips HTTP/1.1" status: 201 len: 751 time: 0.7751706
2026-03-04 02:30:18.927 9 INFO neutron.db.ovn_revision_numbers_db [None req-e3326c1f-4c00-4e10-a3b2-694f69cd3e09 bcf2610efd8c4f2eb4e4c30588e3cb2d 79fc3856c9654c3eb86f9a22688279ef - - default default] Successfully bumped revision number for resource 41696cc0-73fc-4734-8a80-83ab09fe8025 (type: ports) to 1
2026-03-04 02:30:18.931 10 INFO neutron.db.ovn_revision_numbers_db [None req-da45f4cc-afc4-405d-9ddf-72f6b2096c75 - - - - - -] Successfully bumped revision number for resource ceb382cc-600a-479d-a2d3-77b6e9524b4e (type: ports) to 4
2026-03-04 02:30:18.999 9 WARNING neutron.scheduler.dhcp_agent_scheduler [None req-e3326c1f-4c00-4e10-a3b2-694f69cd3e09 bcf2610efd8c4f2eb4e4c30588e3cb2d 79fc3856c9654c3eb86f9a22688279ef - - default default] No more DHCP agents
2026-03-04 02:30:19.000 9 WARNING neutron.api.rpc.agentnotifiers.dhcp_rpc_agent_api [None req-e3326c1f-4c00-4e10-a3b2-694f69cd3e09 bcf2610efd8c4f2eb4e4c30588e3cb2d 79fc3856c9654c3eb86f9a22688279ef - - default default] Unable to schedule network 81ff3b5a-4b89-4899-906e-50052d1f733f: no agents available; will retry on subsequent port and subnet creation events.
2026-03-04 02:30:19.114 10 INFO neutron.db.ovn_revision_numbers_db [None req-da45f4cc-afc4-405d-9ddf-72f6b2096c75 - - - - - -] Successfully bumped revision number for resource ceb382cc-600a-479d-a2d3-77b6e9524b4e (type: router_ports) to 4
2026-03-04 02:30:19.644 9 INFO neutron.db.ovn_revision_numbers_db [None req-e3326c1f-4c00-4e10-a3b2-694f69cd3e09 bcf2610efd8c4f2eb4e4c30588e3cb2d 79fc3856c9654c3eb86f9a22688279ef - - default default] Successfully bumped revision number for resource 41696cc0-73fc-4734-8a80-83ab09fe8025 (type: router_ports) to 1
2026-03-04 02:30:19.647 9 INFO neutron.wsgi [None req-e3326c1f-4c00-4e10-a3b2-694f69cd3e09 bcf2610efd8c4f2eb4e4c30588e3cb2d 79fc3856c9654c3eb86f9a22688279ef - - default default] 10.0.0.179 "PUT /v2.0/routers/a8d96234-cf24-4830-ac5c-66eec8763cc7/add_router_interface HTTP/1.1" status: 200 len: 503 time: 2.0027249
2026-03-04 02:30:20.089 9 INFO neutron.plugins.ml2.drivers.ovn.mech_driver.mech_driver [None req-c7941d8f-798b-4ce2-8866-f4cd2a57569c - - - - - -] OVN reports status up for port: 41696cc0-73fc-4734-8a80-83ab09fe8025
2026-03-04 02:30:20.097 9 INFO neutron.plugins.ml2.plugin [None req-c7941d8f-798b-4ce2-8866-f4cd2a57569c - - - - - -] Attempt 1 to provision port 41696cc0-73fc-4734-8a80-83ab09fe8025
2026-03-04 02:30:20.250 10 WARNING neutron_lib.context [None req-06d7e394-cccc-4a75-a38f-e65dcb2f280a ef9e2b52361d49808455e8e203c175e9 4efa77805af446a291e5d7484718bdb3 - - default default] Method 'is_advsvc' is deprecated since 2023.2 release (neutron-lib 3.8.0) and will be removed once support for the old RBAC API policies will be removed from Neutron. Please use method 'is_service_role' instead.
2026-03-04 02:30:20.368 10 INFO neutron.db.ovn_revision_numbers_db [None req-06d7e394-cccc-4a75-a38f-e65dcb2f280a ef9e2b52361d49808455e8e203c175e9 4efa77805af446a291e5d7484718bdb3 - - default default] Successfully bumped revision number for resource 599b251b-399e-4dea-9fb3-aeadc34d7cf8 (type: security_groups) to 1
2026-03-04 02:30:20.391 10 INFO neutron.db.ovn_revision_numbers_db [None req-06d7e394-cccc-4a75-a38f-e65dcb2f280a ef9e2b52361d49808455e8e203c175e9 4efa77805af446a291e5d7484718bdb3 - - default default] Successfully bumped revision number for resource b75bceaf-3e8d-4813-b655-8d8c12a500dd (type: security_group_rules) to 0
2026-03-04 02:30:20.402 9 INFO neutron.db.ovn_revision_numbers_db [None req-c7941d8f-798b-4ce2-8866-f4cd2a57569c - - - - - -] Successfully bumped revision number for resource 41696cc0-73fc-4734-8a80-83ab09fe8025 (type: ports) to 2
2026-03-04 02:30:20.404 10 INFO neutron.db.ovn_revision_numbers_db [None req-06d7e394-cccc-4a75-a38f-e65dcb2f280a ef9e2b52361d49808455e8e203c175e9 4efa77805af446a291e5d7484718bdb3 - - default default] Successfully bumped revision number for resource bbb06c99-fb0f-4bde-90d4-0ce0476e444d (type: security_group_rules) to 0
2026-03-04 02:30:20.425 10 INFO neutron.wsgi [None req-06d7e394-cccc-4a75-a38f-e65dcb2f280a ef9e2b52361d49808455e8e203c175e9 4efa77805af446a291e5d7484718bdb3 - - default default] 10.0.0.179 "POST /v2.0/security-groups HTTP/1.1" status: 201 len: 1797 time: 0.1821342
2026-03-04 02:30:20.443 10 WARNING neutron_lib.context [None req-7be49b9c-eefb-443f-a9d4-1f4405454f36 ef9e2b52361d49808455e8e203c175e9 4efa77805af446a291e5d7484718bdb3 - - default default] Method 'is_advsvc' is deprecated since 2023.2 release (neutron-lib 3.8.0) and will be removed once support for the old RBAC API policies will be removed from Neutron. Please use method 'is_service_role' instead.
2026-03-04 02:30:20.593 10 INFO neutron.db.ovn_revision_numbers_db [None req-7be49b9c-eefb-443f-a9d4-1f4405454f36 ef9e2b52361d49808455e8e203c175e9 4efa77805af446a291e5d7484718bdb3 - - default default] Successfully bumped revision number for resource fc3222fa-d492-4ac1-878d-6e4be0159d0c (type: security_group_rules) to 0
2026-03-04 02:30:20.645 10 INFO neutron.wsgi [None req-7be49b9c-eefb-443f-a9d4-1f4405454f36 ef9e2b52361d49808455e8e203c175e9 4efa77805af446a291e5d7484718bdb3 - - default default] 10.0.0.179 "POST /v2.0/security-group-rules HTTP/1.1" status: 201 len: 764 time: 0.2082624
2026-03-04 02:30:20.656 10 WARNING neutron_lib.context [None req-ef112ee4-cf16-43e3-b8bb-d976652e3979 ef9e2b52361d49808455e8e203c175e9 4efa77805af446a291e5d7484718bdb3 - - default default] Method 'is_advsvc' is deprecated since 2023.2 release (neutron-lib 3.8.0) and will be removed once support for the old RBAC API policies will be removed from Neutron. Please use method 'is_service_role' instead.
2026-03-04 02:30:20.679 9 INFO neutron.db.ovn_revision_numbers_db [None req-c7941d8f-798b-4ce2-8866-f4cd2a57569c - - - - - -] Successfully bumped revision number for resource 41696cc0-73fc-4734-8a80-83ab09fe8025 (type: router_ports) to 2
2026-03-04 02:30:20.789 10 INFO neutron.db.ovn_revision_numbers_db [None req-ef112ee4-cf16-43e3-b8bb-d976652e3979 ef9e2b52361d49808455e8e203c175e9 4efa77805af446a291e5d7484718bdb3 - - default default] Successfully bumped revision number for resource 0a52e06b-a001-4749-91e6-3a81ce784d84 (type: security_group_rules) to 0
2026-03-04 02:30:20.818 10 INFO neutron.wsgi [None req-ef112ee4-cf16-43e3-b8bb-d976652e3979 ef9e2b52361d49808455e8e203c175e9 4efa77805af446a291e5d7484718bdb3 - - default default] 10.0.0.179 "POST /v2.0/security-group-rules HTTP/1.1" status: 201 len: 769 time: 0.1677592
2026-03-04 02:30:20.827 10 WARNING neutron_lib.context [None req-ecdfd400-ac28-4cbe-97bf-b70b382a4f7a ef9e2b52361d49808455e8e203c175e9 4efa77805af446a291e5d7484718bdb3 - - default default] Method 'is_advsvc' is deprecated since 2023.2 release (neutron-lib 3.8.0) and will be removed once support for the old RBAC API policies will be removed from Neutron. Please use method 'is_service_role' instead.
2026-03-04 02:30:21.077 10 WARNING neutron.scheduler.dhcp_agent_scheduler [None req-ecdfd400-ac28-4cbe-97bf-b70b382a4f7a ef9e2b52361d49808455e8e203c175e9 4efa77805af446a291e5d7484718bdb3 - - default default] No more DHCP agents
2026-03-04 02:30:21.079 10 WARNING neutron.api.rpc.agentnotifiers.dhcp_rpc_agent_api [None req-ecdfd400-ac28-4cbe-97bf-b70b382a4f7a ef9e2b52361d49808455e8e203c175e9 4efa77805af446a291e5d7484718bdb3 - - default default] Unable to schedule network 23d00f21-e629-4a10-9f63-09857d39d79a: no agents available; will retry on subsequent port and subnet creation events.
2026-03-04 02:30:21.375 10 INFO neutron.db.ovn_revision_numbers_db [None req-ecdfd400-ac28-4cbe-97bf-b70b382a4f7a ef9e2b52361d49808455e8e203c175e9 4efa77805af446a291e5d7484718bdb3 - - default default] Successfully bumped revision number for resource 4aacef9d-4deb-4843-b9e1-57b5caad5baf (type: floatingips) to 0
2026-03-04 02:30:21.391 10 INFO neutron.wsgi [None req-ecdfd400-ac28-4cbe-97bf-b70b382a4f7a ef9e2b52361d49808455e8e203c175e9 4efa77805af446a291e5d7484718bdb3 - - default default] 10.0.0.179 "POST /v2.0/floatingips HTTP/1.1" status: 201 len: 751 time: 0.5690844
2026-03-04 02:30:21.874 9 INFO neutron.wsgi [req-266dac75-4348-4a26-aef9-bd7654614771 req-8eeecb7e-ded6-4fe6-868d-87f00377347e ef9e2b52361d49808455e8e203c175e9 4efa77805af446a291e5d7484718bdb3 - - default default] 10.0.0.147 "GET /v2.0/security-groups?name=tempest-securitygroup--1365385603&fields=id&tenant_id=4efa77805af446a291e5d7484718bdb3 HTTP/1.1" status: 200 len: 267 time: 0.0434797
2026-03-04 02:30:21.946 9 INFO neutron.wsgi [req-266dac75-4348-4a26-aef9-bd7654614771 req-48176db1-7e0b-4b4b-83b7-a4de0abddf31 ef9e2b52361d49808455e8e203c175e9 4efa77805af446a291e5d7484718bdb3 - - default default] 10.0.0.147 "GET /v2.0/networks?id=81ff3b5a-4b89-4899-906e-50052d1f733f HTTP/1.1" status: 200 len: 875 time: 0.0620246
2026-03-04 02:30:21.962 9 INFO neutron.wsgi [req-266dac75-4348-4a26-aef9-bd7654614771 req-63331fde-6129-4751-848e-3e17d365344d ef9e2b52361d49808455e8e203c175e9 4efa77805af446a291e5d7484718bdb3 - - default default] 10.0.0.147 "GET /v2.0/quotas/4efa77805af446a291e5d7484718bdb3 HTTP/1.1" status: 200 len: 386 time: 0.0083866
2026-03-04 02:30:22.038 9 INFO neutron.wsgi [req-266dac75-4348-4a26-aef9-bd7654614771 req-6c748b21-8327-4e74-951f-c2863f771668 ef9e2b52361d49808455e8e203c175e9 4efa77805af446a291e5d7484718bdb3 - - default default] 10.0.0.147 "GET /v2.0/ports?tenant_id=4efa77805af446a291e5d7484718bdb3&fields=id HTTP/1.1" status: 200 len: 302 time: 0.0704217
2026-03-04 02:30:22.111 9 INFO neutron.wsgi [req-266dac75-4348-4a26-aef9-bd7654614771 req-c66a54f3-fd78-4c1f-b8a0-138cabade2f7 7f6808a736204204b900259adadebfc1 dd649a7e0fa94d889784905637a9c9ce - - 0b47a8ef162b449791a7619f7bd9f895 0b47a8ef162b449791a7619f7bd9f895] 10.0.0.147 "GET /v2.0/networks/81ff3b5a-4b89-4899-906e-50052d1f733f?fields=segments HTTP/1.1" status: 200 len: 212 time: 0.0589185
2026-03-04 02:30:22.187 9 INFO neutron.wsgi [req-266dac75-4348-4a26-aef9-bd7654614771 req-ae967d4b-08b1-46f4-8531-8949c05622e9 7f6808a736204204b900259adadebfc1 dd649a7e0fa94d889784905637a9c9ce - - 0b47a8ef162b449791a7619f7bd9f895 0b47a8ef162b449791a7619f7bd9f895] 10.0.0.147 "GET /v2.0/networks/81ff3b5a-4b89-4899-906e-50052d1f733f?fields=provider%3Aphysical_network&fields=provider%3Anetwork_type HTTP/1.1" status: 200 len: 277 time: 0.0721397
2026-03-04 02:30:22.327 9 INFO neutron.wsgi [req-8190ba27-6f5f-42cd-a7cf-097a06330996 req-d5704822-dd31-49fa-aade-179e84b19297 ef9e2b52361d49808455e8e203c175e9 4efa77805af446a291e5d7484718bdb3 - - default default] 10.0.0.147 "GET /v2.0/ports?device_id=6a2762d8-8429-4c3e-a2c5-db3b6b3d719b HTTP/1.1" status: 200 len: 210 time: 0.0259771
2026-03-04 02:30:23.272 10 INFO neutron.wsgi [req-266dac75-4348-4a26-aef9-bd7654614771 req-502148fc-ca60-4b42-ae8a-861bccc4721b ef9e2b52361d49808455e8e203c175e9 4efa77805af446a291e5d7484718bdb3 - - default default] 199.204.45.162 "GET /v2.0/networks?id=81ff3b5a-4b89-4899-906e-50052d1f733f HTTP/1.1" status: 200 len: 875 time: 0.0953708
2026-03-04 02:30:23.288 10 WARNING neutron.plugins.ml2.drivers.ovn.mech_driver.ovsdb.ovn_client [None req-bb7dfab9-54d8-433b-91ad-d2fed24618f7 - - - - - -] No hosting information found for port 7b25f640-244d-4f25-bc6b-3185f638278e: RuntimeError: No hosting information found for port 7b25f640-244d-4f25-bc6b-3185f638278e
2026-03-04 02:30:23.332 10 INFO neutron.wsgi [req-266dac75-4348-4a26-aef9-bd7654614771 req-ac1833d8-467c-41f0-946c-0c2c7f748c32 ef9e2b52361d49808455e8e203c175e9 4efa77805af446a291e5d7484718bdb3 - - default default] 199.204.45.162 "GET /v2.0/security-groups?fields=id&fields=name&tenant_id=4efa77805af446a291e5d7484718bdb3 HTTP/1.1" status: 200 len: 380 time: 0.0522976
2026-03-04 02:30:23.364 10 WARNING neutron_lib.context [req-266dac75-4348-4a26-aef9-bd7654614771 req-7a835d38-b46d-4854-b951-806f613c8fd1 ef9e2b52361d49808455e8e203c175e9 4efa77805af446a291e5d7484718bdb3 - - default default] Method 'is_advsvc' is deprecated since 2023.2 release (neutron-lib 3.8.0) and will be removed once support for the old RBAC API policies will be removed from Neutron. Please use method 'is_service_role' instead.
2026-03-04 02:30:23.386 10 INFO neutron.db.ovn_revision_numbers_db [None req-edfd6565-89cd-4364-bc9b-de434ca5394b bcf2610efd8c4f2eb4e4c30588e3cb2d 79fc3856c9654c3eb86f9a22688279ef - - default default] Successfully bumped revision number for resource 28b8c3bf-8603-48c2-9452-19912fcdfdef (type: security_groups) to 1
2026-03-04 02:30:23.414 10 INFO neutron.db.ovn_revision_numbers_db [None req-edfd6565-89cd-4364-bc9b-de434ca5394b bcf2610efd8c4f2eb4e4c30588e3cb2d 79fc3856c9654c3eb86f9a22688279ef - - default default] Successfully bumped revision number for resource 0962dc1f-9aaa-4ae4-a782-e3c1134f9a0e (type: security_group_rules) to 0
2026-03-04 02:30:23.417 9 INFO neutron.wsgi [req-2c82f7aa-9b5c-4e4b-92d9-0fb8547a6d59 req-b1823d0a-9567-4966-ba1c-4dc277cb45c4 ef9e2b52361d49808455e8e203c175e9 4efa77805af446a291e5d7484718bdb3 - - default default] 10.0.0.147 "GET /v2.0/ports?device_id=6a2762d8-8429-4c3e-a2c5-db3b6b3d719b HTTP/1.1" status: 200 len: 210 time: 0.0262904
2026-03-04 02:30:23.435 10 INFO neutron.db.ovn_revision_numbers_db [None req-edfd6565-89cd-4364-bc9b-de434ca5394b bcf2610efd8c4f2eb4e4c30588e3cb2d 79fc3856c9654c3eb86f9a22688279ef - - default default] Successfully bumped revision number for resource 0b67a154-1a42-45ce-bca4-235d11bec70a (type: security_group_rules) to 0
2026-03-04 02:30:23.450 10 INFO neutron.db.ovn_revision_numbers_db [None req-edfd6565-89cd-4364-bc9b-de434ca5394b bcf2610efd8c4f2eb4e4c30588e3cb2d 79fc3856c9654c3eb86f9a22688279ef - - default default] Successfully bumped revision number for resource d9bffc2a-1886-4c7c-bb50-4492f2cdb203 (type: security_group_rules) to 0
2026-03-04 02:30:23.474 10 INFO neutron.db.ovn_revision_numbers_db [None req-edfd6565-89cd-4364-bc9b-de434ca5394b bcf2610efd8c4f2eb4e4c30588e3cb2d 79fc3856c9654c3eb86f9a22688279ef - - default default] Successfully bumped revision number for resource ee9247b2-8d0d-4b1b-84f9-08c57eb8866e (type: security_group_rules) to 0
2026-03-04 02:30:23.511 10 INFO neutron.wsgi [None req-edfd6565-89cd-4364-bc9b-de434ca5394b bcf2610efd8c4f2eb4e4c30588e3cb2d 79fc3856c9654c3eb86f9a22688279ef - - default default] 10.0.0.179 "GET /v2.0/security-groups?tenant_id=af13d8b3011448ed9262326d63b81291&name=default HTTP/1.1" status: 200 len: 2996 time: 0.4355195
2026-03-04 02:30:23.706 10 WARNING neutron.scheduler.dhcp_agent_scheduler [req-266dac75-4348-4a26-aef9-bd7654614771 req-7a835d38-b46d-4854-b951-806f613c8fd1 ef9e2b52361d49808455e8e203c175e9 4efa77805af446a291e5d7484718bdb3 - - default default] No more DHCP agents
2026-03-04 02:30:23.710 10 WARNING neutron.api.rpc.agentnotifiers.dhcp_rpc_agent_api [req-266dac75-4348-4a26-aef9-bd7654614771 req-7a835d38-b46d-4854-b951-806f613c8fd1 ef9e2b52361d49808455e8e203c175e9 4efa77805af446a291e5d7484718bdb3 - - default default] Unable to schedule network 81ff3b5a-4b89-4899-906e-50052d1f733f: no agents available; will retry on subsequent port and subnet creation events.
2026-03-04 02:30:23.739 9 INFO neutron.wsgi [None req-92659807-d8a5-4135-8e92-5e238b5d3619 bcf2610efd8c4f2eb4e4c30588e3cb2d 79fc3856c9654c3eb86f9a22688279ef - - default default] 10.0.0.179 "DELETE /v2.0/security-groups/28b8c3bf-8603-48c2-9452-19912fcdfdef HTTP/1.1" status: 204 len: 168 time: 0.2228558
2026-03-04 02:30:23.848 9 INFO neutron.wsgi [req-82f1d30e-6b2e-43c6-bf86-07330b57c980 req-0cb89ae3-6cb6-485c-90d3-fbce62d08714 19093c0fcfdb4dcebd947e162f7714ca 60a5c758401447a68416f1b8161df8f2 - - default default] 10.0.0.147 "GET /v2.0/security-groups?name=tempest-securitygroup--2080884132&fields=id&tenant_id=60a5c758401447a68416f1b8161df8f2 HTTP/1.1" status: 200 len: 267 time: 0.0444355
2026-03-04 02:30:23.908 10 INFO neutron.db.ovn_revision_numbers_db [req-266dac75-4348-4a26-aef9-bd7654614771 req-7a835d38-b46d-4854-b951-806f613c8fd1 ef9e2b52361d49808455e8e203c175e9 4efa77805af446a291e5d7484718bdb3 - - default default] Successfully bumped revision number for resource fe67107c-e41d-4e8e-8dea-ad4e7c942a2d (type: ports) to 1
2026-03-04 02:30:23.933 10 INFO neutron.wsgi [req-266dac75-4348-4a26-aef9-bd7654614771 req-7a835d38-b46d-4854-b951-806f613c8fd1 ef9e2b52361d49808455e8e203c175e9 4efa77805af446a291e5d7484718bdb3 - - default default] 199.204.45.162 "POST /v2.0/ports HTTP/1.1" status: 201 len: 1158 time: 0.5773573 /var/lib/openstack/lib/python3.10/site-packages/pycadf/identifier.py:71: UserWarning: Invalid uuid: neutron. To ensure interoperability, identifiers should be a valid uuid. warnings.warn(('Invalid uuid: %s. To ensure interoperability, '
2026-03-04 02:30:23.948 9 INFO neutron.wsgi [req-82f1d30e-6b2e-43c6-bf86-07330b57c980 req-7739d52c-b023-4442-845c-b08a4250770b 19093c0fcfdb4dcebd947e162f7714ca 60a5c758401447a68416f1b8161df8f2 - - default default] 10.0.0.147 "GET /v2.0/networks?id=be4f3c2b-c1d8-4cc7-b9f2-d66a9355bda2 HTTP/1.1" status: 200 len: 878 time: 0.0920935
2026-03-04 02:30:23.974 9 INFO neutron.wsgi [req-82f1d30e-6b2e-43c6-bf86-07330b57c980 req-d78543fd-58ae-41f2-b281-edb1232f7851 19093c0fcfdb4dcebd947e162f7714ca 60a5c758401447a68416f1b8161df8f2 - - default default] 10.0.0.147 "GET /v2.0/quotas/60a5c758401447a68416f1b8161df8f2 HTTP/1.1" status: 200 len: 386 time: 0.0164762
2026-03-04 02:30:24.036 9 INFO neutron.db.ovn_revision_numbers_db [None req-19d39b9c-a8d6-4ad5-94d2-1a4c294eef19 bcf2610efd8c4f2eb4e4c30588e3cb2d 79fc3856c9654c3eb86f9a22688279ef - - default default] Successfully bumped revision number for resource 904ffb15-43e5-40e1-8c4e-4b31b1208f8d (type: security_groups) to 1
2026-03-04 02:30:24.059 9 INFO neutron.db.ovn_revision_numbers_db [None req-19d39b9c-a8d6-4ad5-94d2-1a4c294eef19 bcf2610efd8c4f2eb4e4c30588e3cb2d 79fc3856c9654c3eb86f9a22688279ef - - default default] Successfully bumped revision number for resource 792fa9dc-4c41-477c-87fe-b088a517dd58 (type: security_group_rules) to 0
2026-03-04 02:30:24.073 9 INFO neutron.wsgi [req-82f1d30e-6b2e-43c6-bf86-07330b57c980 req-d879bf35-10bb-4161-a149-0509c10bfb47 19093c0fcfdb4dcebd947e162f7714ca 60a5c758401447a68416f1b8161df8f2 - - default default] 10.0.0.147 "GET /v2.0/ports?tenant_id=60a5c758401447a68416f1b8161df8f2&fields=id HTTP/1.1" status: 200 len: 302 time: 0.0922730
2026-03-04 02:30:24.078 9 INFO neutron.db.ovn_revision_numbers_db [None req-19d39b9c-a8d6-4ad5-94d2-1a4c294eef19 bcf2610efd8c4f2eb4e4c30588e3cb2d 79fc3856c9654c3eb86f9a22688279ef - - default default] Successfully bumped revision number for resource 808f6d12-e006-4e59-86d5-e3fad859846d (type: security_group_rules) to 0
2026-03-04 02:30:24.095 9 INFO neutron.db.ovn_revision_numbers_db [None req-19d39b9c-a8d6-4ad5-94d2-1a4c294eef19 bcf2610efd8c4f2eb4e4c30588e3cb2d 79fc3856c9654c3eb86f9a22688279ef - - default default] Successfully bumped revision number for resource be608f85-aeec-4fa7-80d9-b40338888e5f (type: security_group_rules) to 0
2026-03-04 02:30:24.125 9 INFO neutron.db.ovn_revision_numbers_db [None req-19d39b9c-a8d6-4ad5-94d2-1a4c294eef19 bcf2610efd8c4f2eb4e4c30588e3cb2d 79fc3856c9654c3eb86f9a22688279ef - - default default] Successfully bumped revision number for resource d0936dc7-c684-47b7-a9c9-68de3ff6c39d (type: security_group_rules) to 0
2026-03-04 02:30:24.153 9 INFO neutron.wsgi [None req-19d39b9c-a8d6-4ad5-94d2-1a4c294eef19 bcf2610efd8c4f2eb4e4c30588e3cb2d 79fc3856c9654c3eb86f9a22688279ef - - default default] 10.0.0.179 "GET /v2.0/security-groups?tenant_id=46c0332d83cf445f88ede6d767c17adf&name=default HTTP/1.1" status: 200 len: 2996 time: 0.3145998
2026-03-04 02:30:24.157 9 INFO neutron.wsgi [req-82f1d30e-6b2e-43c6-bf86-07330b57c980 req-4fd502a9-c81a-4cb7-9dd4-54b5cb97b2a5 7f6808a736204204b900259adadebfc1 dd649a7e0fa94d889784905637a9c9ce - - 0b47a8ef162b449791a7619f7bd9f895 0b47a8ef162b449791a7619f7bd9f895] 10.0.0.147 "GET /v2.0/networks/be4f3c2b-c1d8-4cc7-b9f2-d66a9355bda2?fields=segments HTTP/1.1" status: 200 len: 212 time: 0.0693123
2026-03-04 02:30:24.194 10 INFO neutron.wsgi [req-757f2899-0c64-4e24-91dd-8afcc3cd396d req-1bfbdb89-eba0-4d92-9e8f-39c18b132834 7f6808a736204204b900259adadebfc1 dd649a7e0fa94d889784905637a9c9ce - - 0b47a8ef162b449791a7619f7bd9f895 0b47a8ef162b449791a7619f7bd9f895] 10.0.0.97 "GET /v2.0/ports?device_id=cc7d1cde-c27f-4729-bfb1-4df09a3095b6 HTTP/1.1" status: 200 len: 1409 time: 0.1960547
2026-03-04 02:30:24.229 9 INFO neutron.wsgi [req-82f1d30e-6b2e-43c6-bf86-07330b57c980 req-8d8e743f-dfef-4cdc-8fd1-b1176f42b950 7f6808a736204204b900259adadebfc1 dd649a7e0fa94d889784905637a9c9ce - - 0b47a8ef162b449791a7619f7bd9f895 0b47a8ef162b449791a7619f7bd9f895] 10.0.0.147 "GET /v2.0/networks/be4f3c2b-c1d8-4cc7-b9f2-d66a9355bda2?fields=provider%3Aphysical_network&fields=provider%3Anetwork_type HTTP/1.1" status: 200 len: 277 time: 0.0643156
2026-03-04 02:30:24.379 9 INFO neutron.wsgi [None req-cb365591-af92-4c33-a401-f8e72002c083 bcf2610efd8c4f2eb4e4c30588e3cb2d 79fc3856c9654c3eb86f9a22688279ef - - default default] 10.0.0.179 "DELETE /v2.0/security-groups/904ffb15-43e5-40e1-8c4e-4b31b1208f8d HTTP/1.1" status: 204 len: 168 time: 0.2195458
2026-03-04 02:30:24.506 10 INFO neutron.wsgi [req-757f2899-0c64-4e24-91dd-8afcc3cd396d req-865f72ff-8fad-4bf6-a215-275c1ea56524 7f6808a736204204b900259adadebfc1 dd649a7e0fa94d889784905637a9c9ce - - 0b47a8ef162b449791a7619f7bd9f895 0b47a8ef162b449791a7619f7bd9f895] 10.0.0.97 "GET /v2.0/security-groups?id=4ad969ce-7850-47e9-b351-4356d9c6fd03&fields=id&fields=name HTTP/1.1" status: 200 len: 313 time: 0.3028629
2026-03-04 02:30:24.536 9 INFO neutron.wsgi [req-f5561568-4da9-4e0b-bffd-520ec0e8e964 req-487906a4-d67a-44a3-8dfb-b5526b7b7204 ef9e2b52361d49808455e8e203c175e9 4efa77805af446a291e5d7484718bdb3 - - default default] 10.0.0.147 "GET /v2.0/ports?device_id=6a2762d8-8429-4c3e-a2c5-db3b6b3d719b HTTP/1.1" status: 200 len: 1168 time: 0.0509019
2026-03-04 02:30:24.582 9 INFO neutron.wsgi [req-f5561568-4da9-4e0b-bffd-520ec0e8e964 req-37d2ab5f-bc68-48c1-9bab-009d38f286d5 ef9e2b52361d49808455e8e203c175e9 4efa77805af446a291e5d7484718bdb3 - - default default] 10.0.0.147 "GET /v2.0/security-groups?id=599b251b-399e-4dea-9fb3-aeadc34d7cf8&fields=id&fields=name HTTP/1.1" status: 200 len: 313 time: 0.0375311
2026-03-04 02:30:24.624 9 INFO neutron.wsgi [req-ca994ee7-c030-4502-ae28-0fb183d80949 req-faf0794c-5387-4dca-ba84-9aae6e178da8 19093c0fcfdb4dcebd947e162f7714ca 60a5c758401447a68416f1b8161df8f2 - - default default] 10.0.0.147 "GET /v2.0/ports?device_id=955ebddd-85ac-4e7c-bd9a-69a2561b563b HTTP/1.1" status: 200 len: 210 time: 0.0331168
2026-03-04 02:30:24.632 10 INFO neutron.db.ovn_revision_numbers_db [req-266dac75-4348-4a26-aef9-bd7654614771 req-b484e3b4-af8f-4538-8c6e-f398d7b2aef6 7f6808a736204204b900259adadebfc1 dd649a7e0fa94d889784905637a9c9ce - - 0b47a8ef162b449791a7619f7bd9f895 0b47a8ef162b449791a7619f7bd9f895] Successfully bumped revision number for resource fe67107c-e41d-4e8e-8dea-ad4e7c942a2d (type: ports) to 2
2026-03-04 02:30:24.836 10 INFO neutron.db.ovn_revision_numbers_db [req-266dac75-4348-4a26-aef9-bd7654614771 req-b484e3b4-af8f-4538-8c6e-f398d7b2aef6 7f6808a736204204b900259adadebfc1 dd649a7e0fa94d889784905637a9c9ce - - 0b47a8ef162b449791a7619f7bd9f895 0b47a8ef162b449791a7619f7bd9f895] Successfully bumped revision number for resource fe67107c-e41d-4e8e-8dea-ad4e7c942a2d (type: ports) to 2
2026-03-04 02:30:24.852 10 INFO neutron.wsgi [req-266dac75-4348-4a26-aef9-bd7654614771 req-b484e3b4-af8f-4538-8c6e-f398d7b2aef6 7f6808a736204204b900259adadebfc1 dd649a7e0fa94d889784905637a9c9ce - - 0b47a8ef162b449791a7619f7bd9f895 0b47a8ef162b449791a7619f7bd9f895] 199.204.45.162 "PUT /v2.0/ports/fe67107c-e41d-4e8e-8dea-ad4e7c942a2d HTTP/1.1" status: 200 len: 1376 time: 0.9129832
2026-03-04 02:30:24.893 10 INFO neutron.notifiers.nova [-] Nova event matching ['req-506e7a95-9321-4207-8893-664d535d4e6b'] response: {'name': 'network-changed', 'server_uuid': '6a2762d8-8429-4c3e-a2c5-db3b6b3d719b', 'tag': 'fe67107c-e41d-4e8e-8dea-ad4e7c942a2d', 'status': 'completed', 'code': 200} /var/lib/openstack/lib/python3.10/site-packages/pycadf/identifier.py:71: UserWarning: Invalid uuid: neutron. To ensure interoperability, identifiers should be a valid uuid. warnings.warn(('Invalid uuid: %s. To ensure interoperability, '
2026-03-04 02:30:24.947 10 INFO neutron.wsgi [req-266dac75-4348-4a26-aef9-bd7654614771 req-0126acc7-cb4e-4d14-8e6c-d8a6fe5833ea 7f6808a736204204b900259adadebfc1 dd649a7e0fa94d889784905637a9c9ce - - 0b47a8ef162b449791a7619f7bd9f895 0b47a8ef162b449791a7619f7bd9f895] 199.204.45.162 "GET /v2.0/ports?tenant_id=4efa77805af446a291e5d7484718bdb3&device_id=6a2762d8-8429-4c3e-a2c5-db3b6b3d719b HTTP/1.1" status: 200 len: 1407 time: 0.0420508
2026-03-04 02:30:24.989 10 INFO neutron.wsgi [req-266dac75-4348-4a26-aef9-bd7654614771 req-1ac1d19a-b1ea-4649-9a2c-098883ee68c2 7f6808a736204204b900259adadebfc1 dd649a7e0fa94d889784905637a9c9ce - - 0b47a8ef162b449791a7619f7bd9f895 0b47a8ef162b449791a7619f7bd9f895] 199.204.45.162 "GET /v2.0/floatingips?fixed_ip_address=10.100.0.9&port_id=fe67107c-e41d-4e8e-8dea-ad4e7c942a2d HTTP/1.1" status: 200 len: 217 time: 0.0287509
2026-03-04 02:30:25.027 10 INFO neutron.wsgi [req-266dac75-4348-4a26-aef9-bd7654614771 req-fa15f31b-5163-4db1-b43d-6dfbbec9858c 7f6808a736204204b900259adadebfc1 dd649a7e0fa94d889784905637a9c9ce - - 0b47a8ef162b449791a7619f7bd9f895 0b47a8ef162b449791a7619f7bd9f895] 199.204.45.162 "GET /v2.0/subnets?id=a560431a-a934-486d-ac2a-062c95b63702 HTTP/1.1" status: 200 len: 869 time: 0.0322223
2026-03-04 02:30:25.054 10 INFO neutron.wsgi [req-266dac75-4348-4a26-aef9-bd7654614771 req-25f9f67b-0fbc-40e9-8117-fff41b23a729 7f6808a736204204b900259adadebfc1 dd649a7e0fa94d889784905637a9c9ce - - 0b47a8ef162b449791a7619f7bd9f895 0b47a8ef162b449791a7619f7bd9f895] 199.204.45.162 "GET /v2.0/ports?network_id=81ff3b5a-4b89-4899-906e-50052d1f733f&device_owner=network%3Adhcp HTTP/1.1" status: 200 len: 210 time: 0.0195765
2026-03-04 02:30:25.122 10 INFO neutron.wsgi [req-266dac75-4348-4a26-aef9-bd7654614771 req-e3036190-288f-4932-a031-4c3628bba920 7f6808a736204204b900259adadebfc1 dd649a7e0fa94d889784905637a9c9ce - - 0b47a8ef162b449791a7619f7bd9f895 0b47a8ef162b449791a7619f7bd9f895] 199.204.45.162 "GET /v2.0/networks/81ff3b5a-4b89-4899-906e-50052d1f733f?fields=segments HTTP/1.1" status: 200 len: 212 time: 0.0601118
2026-03-04 02:30:25.212 10 INFO neutron.wsgi [req-266dac75-4348-4a26-aef9-bd7654614771 req-87017ea2-948e-449d-ab14-30da968dfebf 7f6808a736204204b900259adadebfc1 dd649a7e0fa94d889784905637a9c9ce - - 0b47a8ef162b449791a7619f7bd9f895 0b47a8ef162b449791a7619f7bd9f895] 199.204.45.162 "GET /v2.0/networks/81ff3b5a-4b89-4899-906e-50052d1f733f?fields=provider%3Aphysical_network&fields=provider%3Anetwork_type HTTP/1.1" status: 200 len: 277 time: 0.0814447
2026-03-04 02:30:25.343 10 INFO neutron.wsgi [req-ef131395-d919-452f-90e9-5993058b1c8e req-5b2e218c-2204-4784-8a3d-3751eda885cd 7f6808a736204204b900259adadebfc1 dd649a7e0fa94d889784905637a9c9ce - - 0b47a8ef162b449791a7619f7bd9f895 0b47a8ef162b449791a7619f7bd9f895] 199.204.45.162 "GET /v2.0/ports?tenant_id=4efa77805af446a291e5d7484718bdb3&device_id=6a2762d8-8429-4c3e-a2c5-db3b6b3d719b HTTP/1.1" status: 200 len: 1407 time: 0.0836437
2026-03-04 02:30:25.426 10 INFO neutron.plugins.ml2.drivers.ovn.mech_driver.mech_driver [None req-bb7dfab9-54d8-433b-91ad-d2fed24618f7 - - - - - -] OVN reports status up for port: fe67107c-e41d-4e8e-8dea-ad4e7c942a2d
2026-03-04 02:30:25.450 10 INFO neutron.plugins.ml2.plugin [None req-bb7dfab9-54d8-433b-91ad-d2fed24618f7 - - - - - -] Attempt 1 to provision port fe67107c-e41d-4e8e-8dea-ad4e7c942a2d
2026-03-04 02:30:25.477 10 INFO neutron.wsgi [req-ef131395-d919-452f-90e9-5993058b1c8e req-00acf5a6-c18f-47e8-b52c-b3270dcb92d8 7f6808a736204204b900259adadebfc1 dd649a7e0fa94d889784905637a9c9ce - - 0b47a8ef162b449791a7619f7bd9f895 0b47a8ef162b449791a7619f7bd9f895] 199.204.45.162 "GET /v2.0/networks?id=81ff3b5a-4b89-4899-906e-50052d1f733f HTTP/1.1" status: 200 len: 973 time: 0.1266990
2026-03-04 02:30:25.490 9 INFO neutron.wsgi [req-82f1d30e-6b2e-43c6-bf86-07330b57c980 req-4c8c379f-5557-4f5c-b52b-08b43fc95aa4 19093c0fcfdb4dcebd947e162f7714ca 60a5c758401447a68416f1b8161df8f2 - - default default] 199.204.45.162 "GET /v2.0/networks?id=be4f3c2b-c1d8-4cc7-b9f2-d66a9355bda2 HTTP/1.1" status: 200 len: 878 time: 0.0964153
2026-03-04 02:30:25.518 10 INFO neutron.wsgi [req-ef131395-d919-452f-90e9-5993058b1c8e req-2831781b-5539-4322-908d-a1b187a6e1d7 7f6808a736204204b900259adadebfc1 dd649a7e0fa94d889784905637a9c9ce - - 0b47a8ef162b449791a7619f7bd9f895 0b47a8ef162b449791a7619f7bd9f895] 199.204.45.162 "GET /v2.0/floatingips?fixed_ip_address=10.100.0.9&port_id=fe67107c-e41d-4e8e-8dea-ad4e7c942a2d HTTP/1.1" status: 200 len: 217 time: 0.0364420
2026-03-04 02:30:25.545 9 INFO neutron.wsgi [req-82f1d30e-6b2e-43c6-bf86-07330b57c980 req-55769bfb-50ee-48e5-a6b5-1ea28326580d 19093c0fcfdb4dcebd947e162f7714ca 60a5c758401447a68416f1b8161df8f2 - - default default] 199.204.45.162 "GET /v2.0/security-groups?fields=id&fields=name&tenant_id=60a5c758401447a68416f1b8161df8f2 HTTP/1.1" status: 200 len: 380 time: 0.0462787
2026-03-04 02:30:25.571 10 INFO neutron.wsgi [req-ef131395-d919-452f-90e9-5993058b1c8e req-00f8d2f5-41b8-49d4-a5c8-c14c1eb121dd 7f6808a736204204b900259adadebfc1 dd649a7e0fa94d889784905637a9c9ce - - 0b47a8ef162b449791a7619f7bd9f895 0b47a8ef162b449791a7619f7bd9f895] 199.204.45.162 "GET /v2.0/subnets?id=a560431a-a934-486d-ac2a-062c95b63702 HTTP/1.1" status: 200 len: 869 time: 0.0301228
2026-03-04 02:30:25.580 9 WARNING neutron_lib.context [req-82f1d30e-6b2e-43c6-bf86-07330b57c980 req-6741e872-403d-4579-af3c-7b5147876e5e 19093c0fcfdb4dcebd947e162f7714ca 60a5c758401447a68416f1b8161df8f2 - - default default] Method 'is_advsvc' is deprecated since 2023.2 release (neutron-lib 3.8.0) and will be removed once support for the old RBAC API policies will be removed from Neutron. Please use method 'is_service_role' instead.
2026-03-04 02:30:25.601 10 INFO neutron.wsgi [req-ef131395-d919-452f-90e9-5993058b1c8e req-b60899e2-e9b6-4409-91dc-3baff050704f 7f6808a736204204b900259adadebfc1 dd649a7e0fa94d889784905637a9c9ce - - 0b47a8ef162b449791a7619f7bd9f895 0b47a8ef162b449791a7619f7bd9f895] 199.204.45.162 "GET /v2.0/ports?network_id=81ff3b5a-4b89-4899-906e-50052d1f733f&device_owner=network%3Adhcp HTTP/1.1" status: 200 len: 210 time: 0.0246477
2026-03-04 02:30:25.696 10 INFO neutron.wsgi [req-ef131395-d919-452f-90e9-5993058b1c8e req-12c8afc9-9ea0-4243-9731-e990e3f44069 7f6808a736204204b900259adadebfc1 dd649a7e0fa94d889784905637a9c9ce - - 0b47a8ef162b449791a7619f7bd9f895 0b47a8ef162b449791a7619f7bd9f895] 199.204.45.162 "GET /v2.0/networks/81ff3b5a-4b89-4899-906e-50052d1f733f?fields=segments HTTP/1.1" status: 200 len: 212 time: 0.0839179
2026-03-04 02:30:25.732 9 INFO neutron.wsgi [req-022a8faf-f24e-407f-8ab7-330e1e2cc24a req-52ce68e4-db88-4539-a718-60bb5e914cb4 19093c0fcfdb4dcebd947e162f7714ca 60a5c758401447a68416f1b8161df8f2 - - default default] 10.0.0.147 "GET /v2.0/ports?device_id=955ebddd-85ac-4e7c-bd9a-69a2561b563b HTTP/1.1" status: 200 len: 210 time: 0.0315614
2026-03-04 02:30:25.741 9 INFO neutron.wsgi [req-17af1e55-4bbd-47cd-be58-c9cca404f81b req-b7e8a9aa-7d30-4271-9dfc-187fe3fcdfb5 ef9e2b52361d49808455e8e203c175e9 4efa77805af446a291e5d7484718bdb3 - - default default] 10.0.0.147 "GET /v2.0/ports?device_id=6a2762d8-8429-4c3e-a2c5-db3b6b3d719b HTTP/1.1" status: 200 len: 1170 time: 0.0754714
2026-03-04 02:30:25.786 10 INFO neutron.wsgi [req-ef131395-d919-452f-90e9-5993058b1c8e req-cc790c13-314e-4038-a92f-7f71e5b379a8 7f6808a736204204b900259adadebfc1 dd649a7e0fa94d889784905637a9c9ce - - 0b47a8ef162b449791a7619f7bd9f895 0b47a8ef162b449791a7619f7bd9f895] 199.204.45.162 "GET /v2.0/networks/81ff3b5a-4b89-4899-906e-50052d1f733f?fields=provider%3Aphysical_network&fields=provider%3Anetwork_type HTTP/1.1" status: 200 len: 277 time: 0.0832653
2026-03-04 02:30:25.812 9 INFO neutron.wsgi [req-17af1e55-4bbd-47cd-be58-c9cca404f81b req-8093a09c-824c-4c36-b6ae-70344421e080 ef9e2b52361d49808455e8e203c175e9 4efa77805af446a291e5d7484718bdb3 - - default default] 10.0.0.147 "GET /v2.0/security-groups?id=599b251b-399e-4dea-9fb3-aeadc34d7cf8&fields=id&fields=name HTTP/1.1" status: 200 len: 313 time: 0.0605588
2026-03-04 02:30:25.841 10 INFO neutron.db.ovn_revision_numbers_db [None req-bb7dfab9-54d8-433b-91ad-d2fed24618f7 - - - - - -] Successfully bumped revision number for resource fe67107c-e41d-4e8e-8dea-ad4e7c942a2d (type: ports) to 4
2026-03-04 02:30:26.015 9 WARNING neutron.scheduler.dhcp_agent_scheduler [req-82f1d30e-6b2e-43c6-bf86-07330b57c980 req-6741e872-403d-4579-af3c-7b5147876e5e 19093c0fcfdb4dcebd947e162f7714ca 60a5c758401447a68416f1b8161df8f2 - - default default] No more DHCP agents
2026-03-04 02:30:26.017 9 WARNING neutron.api.rpc.agentnotifiers.dhcp_rpc_agent_api [req-82f1d30e-6b2e-43c6-bf86-07330b57c980 req-6741e872-403d-4579-af3c-7b5147876e5e 19093c0fcfdb4dcebd947e162f7714ca 60a5c758401447a68416f1b8161df8f2 - - default default] Unable to schedule network be4f3c2b-c1d8-4cc7-b9f2-d66a9355bda2: no agents available; will retry on subsequent port and subnet creation events.
2026-03-04 02:30:26.180 9 INFO neutron.db.ovn_revision_numbers_db [req-82f1d30e-6b2e-43c6-bf86-07330b57c980 req-6741e872-403d-4579-af3c-7b5147876e5e 19093c0fcfdb4dcebd947e162f7714ca 60a5c758401447a68416f1b8161df8f2 - - default default] Successfully bumped revision number for resource e40d169f-2f99-42c3-b21b-d9d20a95a830 (type: ports) to 1
2026-03-04 02:30:26.203 9 INFO neutron.wsgi [req-82f1d30e-6b2e-43c6-bf86-07330b57c980 req-6741e872-403d-4579-af3c-7b5147876e5e 19093c0fcfdb4dcebd947e162f7714ca 60a5c758401447a68416f1b8161df8f2 - - default default] 199.204.45.162 "POST /v2.0/ports HTTP/1.1" status: 201 len: 1162 time: 0.6312566 /var/lib/openstack/lib/python3.10/site-packages/pycadf/identifier.py:71: UserWarning: Invalid uuid: neutron. To ensure interoperability, identifiers should be a valid uuid. warnings.warn(('Invalid uuid: %s. To ensure interoperability, '
