2026-03-04 02:31:46.837 10 INFO neutron.services.segments.plugin [-] Segment bef01cc1-ebe0-4a6b-a687-f019317c39d5 resource provider not found; error: Placement Client Error (4xx): {"errors": [{"status": 404, "title": "Not Found", "detail": "The resource could not be found.\n\n No resource provider with uuid bef01cc1-ebe0-4a6b-a687-f019317c39d5 found for delete ", "request_id": "req-f76489ca-acbb-4b50-90b6-67b04f6c15ad"}]}
2026-03-04 02:31:46.842 10 INFO neutron.services.segments.plugin [-] Segment bef01cc1-ebe0-4a6b-a687-f019317c39d5 resource provider not found; error: Placement Client Error (4xx): {"errors": [{"status": 404, "title": "Not Found", "detail": "The resource could not be found.\n\n No resource provider with uuid bef01cc1-ebe0-4a6b-a687-f019317c39d5 found for delete ", "request_id": "req-796fe355-2370-463f-870f-f076422c6dad"}]}
2026-03-04 02:31:46.986 9 INFO neutron.db.ovn_revision_numbers_db [None req-94eff372-065b-4dd9-bd55-d8ee6fb71b33 e63f1f726a414012bf71ef1f3be50ee4 bbf079a9ae984c888731b0a43c76a2fe - - default default] Successfully bumped revision number for resource e8c356d5-e243-404d-99a2-46c3b5047273 (type: ports) to 1
2026-03-04 02:31:47.832 9 INFO neutron.db.ovn_revision_numbers_db [None req-94eff372-065b-4dd9-bd55-d8ee6fb71b33 e63f1f726a414012bf71ef1f3be50ee4 bbf079a9ae984c888731b0a43c76a2fe - - default default] Successfully bumped revision number for resource e8c356d5-e243-404d-99a2-46c3b5047273 (type: router_ports) to 1
2026-03-04 02:31:47.910 9 INFO neutron.db.ovn_revision_numbers_db [None req-94eff372-065b-4dd9-bd55-d8ee6fb71b33 e63f1f726a414012bf71ef1f3be50ee4 bbf079a9ae984c888731b0a43c76a2fe - - default default] Successfully bumped revision number for resource f4506471-6b7a-477b-81df-2ffff0551d24 (type: routers) to 2
2026-03-04 02:31:47.928 9 INFO neutron.wsgi [None req-94eff372-065b-4dd9-bd55-d8ee6fb71b33 e63f1f726a414012bf71ef1f3be50ee4 bbf079a9ae984c888731b0a43c76a2fe - - default default] 10.0.0.179 "POST /v2.0/routers HTTP/1.1" status: 201 len: 868 time: 1.7272577
2026-03-04 02:31:47.981 10 WARNING neutron_lib.context [None req-e29e5af8-d88c-4415-a966-79fd544514d9 6b05cc17a86c42a19b1b8dedca989aaf 3013b2f7f6da4974ae7caf527c343693 - - default default] Method 'is_advsvc' is deprecated since 2023.2 release (neutron-lib 3.8.0) and will be removed once support for the old RBAC API policies will be removed from Neutron. Please use method 'is_service_role' instead.
2026-03-04 02:31:48.008 9 INFO neutron.wsgi [None req-9e998b12-8ed6-4fc3-8ad6-706232a5dda1 e63f1f726a414012bf71ef1f3be50ee4 bbf079a9ae984c888731b0a43c76a2fe - - default default] 10.0.0.179 "GET /v2.0/routers/f4506471-6b7a-477b-81df-2ffff0551d24 HTTP/1.1" status: 200 len: 869 time: 0.0745037
2026-03-04 02:31:48.137 10 INFO neutron.wsgi [None req-9f5b695c-ec0f-47b9-8584-68c5faaa08d9 e63f1f726a414012bf71ef1f3be50ee4 bbf079a9ae984c888731b0a43c76a2fe - - default default] 10.0.0.179 "GET /v2.0/routers HTTP/1.1" status: 200 len: 872 time: 0.1242034
2026-03-04 02:31:48.192 10 INFO neutron.db.ovn_revision_numbers_db [None req-e29e5af8-d88c-4415-a966-79fd544514d9 6b05cc17a86c42a19b1b8dedca989aaf 3013b2f7f6da4974ae7caf527c343693 - - default default] Successfully bumped revision number for resource 812512bb-263d-4726-99c0-12b235b4709e (type: security_groups) to 1
2026-03-04 02:31:48.205 10 INFO neutron.db.ovn_revision_numbers_db [None req-e29e5af8-d88c-4415-a966-79fd544514d9 6b05cc17a86c42a19b1b8dedca989aaf 3013b2f7f6da4974ae7caf527c343693 - - default default] Successfully bumped revision number for resource 5ed55529-ecaf-4b80-a122-e8e8d01f3613 (type: security_group_rules) to 0
2026-03-04 02:31:48.220 10 INFO neutron.db.ovn_revision_numbers_db [None req-e29e5af8-d88c-4415-a966-79fd544514d9 6b05cc17a86c42a19b1b8dedca989aaf 3013b2f7f6da4974ae7caf527c343693 - - default default] Successfully bumped revision number for resource 7cf1d475-308b-4d43-8431-e96945f5017f (type: security_group_rules) to 0
2026-03-04 02:31:48.236 10 INFO neutron.db.ovn_revision_numbers_db [None req-e29e5af8-d88c-4415-a966-79fd544514d9 6b05cc17a86c42a19b1b8dedca989aaf 3013b2f7f6da4974ae7caf527c343693 - - default default] Successfully bumped revision number for resource c02606bb-12cd-4585-af71-ebb1f09386a8 (type: security_group_rules) to 0
2026-03-04 02:31:48.257 10 INFO neutron.db.ovn_revision_numbers_db [None req-e29e5af8-d88c-4415-a966-79fd544514d9 6b05cc17a86c42a19b1b8dedca989aaf 3013b2f7f6da4974ae7caf527c343693 - - default default] Successfully bumped revision number for resource ef2c4602-1028-4176-80d8-be9d8c7aab82 (type: security_group_rules) to 0
2026-03-04 02:31:48.305 10 INFO neutron.db.segments_db [None req-e29e5af8-d88c-4415-a966-79fd544514d9 6b05cc17a86c42a19b1b8dedca989aaf 3013b2f7f6da4974ae7caf527c343693 - - default default] Added segment 2a89a426-7f65-4b29-a8fd-f2d605897734 of type geneve for network a61d1b13-4891-4a5b-bb62-f2e7e512b354
2026-03-04 02:31:48.450 10 INFO neutron.db.ovn_revision_numbers_db [None req-e29e5af8-d88c-4415-a966-79fd544514d9 6b05cc17a86c42a19b1b8dedca989aaf 3013b2f7f6da4974ae7caf527c343693 - - default default] Successfully bumped revision number for resource a61d1b13-4891-4a5b-bb62-f2e7e512b354 (type: networks) to 1
2026-03-04 02:31:48.612 9 INFO neutron.db.ovn_revision_numbers_db [None req-919280fe-797e-4bf4-bddf-9d5a6aa0f1d4 e63f1f726a414012bf71ef1f3be50ee4 bbf079a9ae984c888731b0a43c76a2fe - - default default] Successfully bumped revision number for resource f4506471-6b7a-477b-81df-2ffff0551d24 (type: routers) to 3
2026-03-04 02:31:48.615 9 INFO neutron.wsgi [None req-919280fe-797e-4bf4-bddf-9d5a6aa0f1d4 e63f1f726a414012bf71ef1f3be50ee4 bbf079a9ae984c888731b0a43c76a2fe - - default default] 10.0.0.179 "PUT /v2.0/routers/f4506471-6b7a-477b-81df-2ffff0551d24 HTTP/1.1" status: 200 len: 876 time: 0.4723523
2026-03-04 02:31:48.637 10 WARNING neutron.scheduler.dhcp_agent_scheduler [None req-e29e5af8-d88c-4415-a966-79fd544514d9 6b05cc17a86c42a19b1b8dedca989aaf 3013b2f7f6da4974ae7caf527c343693 - - default default] No more DHCP agents
2026-03-04 02:31:48.640 10 WARNING neutron.api.rpc.agentnotifiers.dhcp_rpc_agent_api [None req-e29e5af8-d88c-4415-a966-79fd544514d9 6b05cc17a86c42a19b1b8dedca989aaf 3013b2f7f6da4974ae7caf527c343693 - - default default] Unable to schedule network a61d1b13-4891-4a5b-bb62-f2e7e512b354: no agents available; will retry on subsequent port and subnet creation events.
2026-03-04 02:31:48.697 9 INFO neutron.wsgi [None req-753e43cf-4631-4e39-8727-2c4f2c3b2019 e63f1f726a414012bf71ef1f3be50ee4 bbf079a9ae984c888731b0a43c76a2fe - - default default] 10.0.0.179 "GET /v2.0/routers/f4506471-6b7a-477b-81df-2ffff0551d24 HTTP/1.1" status: 200 len: 876 time: 0.0754402
2026-03-04 02:31:48.721 10 INFO neutron.db.ovn_revision_numbers_db [None req-e29e5af8-d88c-4415-a966-79fd544514d9 6b05cc17a86c42a19b1b8dedca989aaf 3013b2f7f6da4974ae7caf527c343693 - - default default] Successfully bumped revision number for resource 88fd62a8-e5ad-441e-af2e-eac5bd2e9c6d (type: ports) to 1
2026-03-04 02:31:48.732 9 INFO neutron.wsgi [None req-5d9ca18d-265a-4bd0-b817-2cfc876c498e e63f1f726a414012bf71ef1f3be50ee4 bbf079a9ae984c888731b0a43c76a2fe - - default default] 10.0.0.179 "GET /v2.0/ports?device_id=f4506471-6b7a-477b-81df-2ffff0551d24 HTTP/1.1" status: 200 len: 205 time: 0.0258806
2026-03-04 02:31:48.750 10 INFO neutron.wsgi [None req-e29e5af8-d88c-4415-a966-79fd544514d9 6b05cc17a86c42a19b1b8dedca989aaf 3013b2f7f6da4974ae7caf527c343693 - - default default] 10.0.0.179 "POST /v2.0/networks HTTP/1.1" status: 201 len: 832 time: 0.8664122
2026-03-04 02:31:48.766 9 WARNING neutron_lib.context [None req-a97fe46c-64bf-4e13-a404-36a528d7c71d 6b05cc17a86c42a19b1b8dedca989aaf 3013b2f7f6da4974ae7caf527c343693 - - default default] Method 'is_advsvc' is deprecated since 2023.2 release (neutron-lib 3.8.0) and will be removed once support for the old RBAC API policies will be removed from Neutron. Please use method 'is_service_role' instead.
2026-03-04 02:31:48.810 9 INFO neutron.wsgi [-] 10.0.0.220 "GET / HTTP/1.1" status: 200 len: 247 time: 0.0016625
2026-03-04 02:31:48.812 9 INFO neutron.wsgi [-] 10.0.0.220 "GET / HTTP/1.1" status: 200 len: 247 time: 0.0013616
2026-03-04 02:31:48.841 9 INFO neutron.db.segments_db [None req-a97fe46c-64bf-4e13-a404-36a528d7c71d 6b05cc17a86c42a19b1b8dedca989aaf 3013b2f7f6da4974ae7caf527c343693 - - default default] Added segment 17843678-cec7-415c-a78b-9d8838a702ea of type geneve for network 188c055f-065d-42e6-b3fd-8499934cd2f6
2026-03-04 02:31:49.004 9 INFO neutron.db.ovn_revision_numbers_db [None req-a97fe46c-64bf-4e13-a404-36a528d7c71d 6b05cc17a86c42a19b1b8dedca989aaf 3013b2f7f6da4974ae7caf527c343693 - - default default] Successfully bumped revision number for resource 188c055f-065d-42e6-b3fd-8499934cd2f6 (type: networks) to 1
2026-03-04 02:31:49.196 9 WARNING neutron.scheduler.dhcp_agent_scheduler [None req-a97fe46c-64bf-4e13-a404-36a528d7c71d 6b05cc17a86c42a19b1b8dedca989aaf 3013b2f7f6da4974ae7caf527c343693 - - default default] No more DHCP agents
2026-03-04 02:31:49.199 9 WARNING neutron.api.rpc.agentnotifiers.dhcp_rpc_agent_api [None req-a97fe46c-64bf-4e13-a404-36a528d7c71d 6b05cc17a86c42a19b1b8dedca989aaf 3013b2f7f6da4974ae7caf527c343693 - - default default] Unable to schedule network 188c055f-065d-42e6-b3fd-8499934cd2f6: no agents available; will retry on subsequent port and subnet creation events.
2026-03-04 02:31:49.208 9 INFO neutron.db.ovn_revision_numbers_db [None req-097ff72d-a235-4f15-9320-22009e343047 bcf2610efd8c4f2eb4e4c30588e3cb2d 79fc3856c9654c3eb86f9a22688279ef - - default default] Successfully bumped revision number for resource 3fd6c3a5-c754-4ac6-9837-046d74197b32 (type: security_groups) to 1
2026-03-04 02:31:49.225 10 INFO neutron.db.ovn_revision_numbers_db [None req-07815900-5c59-41c7-9046-7692364b67c1 bcf2610efd8c4f2eb4e4c30588e3cb2d 79fc3856c9654c3eb86f9a22688279ef - - default default] Successfully bumped revision number for resource 7f1833aa-1bef-4c2a-b36a-19c25f714dec (type: security_groups) to 1
2026-03-04 02:31:49.234 9 INFO neutron.db.ovn_revision_numbers_db [None req-097ff72d-a235-4f15-9320-22009e343047 bcf2610efd8c4f2eb4e4c30588e3cb2d 79fc3856c9654c3eb86f9a22688279ef - - default default] Successfully bumped revision number for resource 2e08fabd-69de-41b0-98a2-91d750753954 (type: security_group_rules) to 0
2026-03-04 02:31:49.240 10 INFO neutron.db.ovn_revision_numbers_db [None req-07815900-5c59-41c7-9046-7692364b67c1 bcf2610efd8c4f2eb4e4c30588e3cb2d 79fc3856c9654c3eb86f9a22688279ef - - default default] Successfully bumped revision number for resource 45a7a65e-0f7f-403b-9db1-77679717ce4c (type: security_group_rules) to 0
2026-03-04 02:31:49.259 9 INFO neutron.db.ovn_revision_numbers_db [None req-097ff72d-a235-4f15-9320-22009e343047 bcf2610efd8c4f2eb4e4c30588e3cb2d 79fc3856c9654c3eb86f9a22688279ef - - default default] Successfully bumped revision number for resource 44956616-4b28-4b71-a667-5423817f8311 (type: security_group_rules) to 0
2026-03-04 02:31:49.270 10 INFO neutron.db.ovn_revision_numbers_db [None req-07815900-5c59-41c7-9046-7692364b67c1 bcf2610efd8c4f2eb4e4c30588e3cb2d 79fc3856c9654c3eb86f9a22688279ef - - default default] Successfully bumped revision number for resource 588fa27d-40ef-4dba-bded-6b9d271c228d (type: security_group_rules) to 0
2026-03-04 02:31:49.275 9 INFO neutron.db.ovn_revision_numbers_db [None req-097ff72d-a235-4f15-9320-22009e343047 bcf2610efd8c4f2eb4e4c30588e3cb2d 79fc3856c9654c3eb86f9a22688279ef - - default default] Successfully bumped revision number for resource 97fb6be2-905e-4730-8dcf-9c1ca3a468e5 (type: security_group_rules) to 0
2026-03-04 02:31:49.280 9 INFO neutron.db.ovn_revision_numbers_db [None req-a97fe46c-64bf-4e13-a404-36a528d7c71d 6b05cc17a86c42a19b1b8dedca989aaf 3013b2f7f6da4974ae7caf527c343693 - - default default] Successfully bumped revision number for resource 49a416f8-83fe-4cd5-9d76-9f6f38ea9a0a (type: ports) to 1
2026-03-04 02:31:49.285 10 INFO neutron.db.ovn_revision_numbers_db [None req-07815900-5c59-41c7-9046-7692364b67c1 bcf2610efd8c4f2eb4e4c30588e3cb2d 79fc3856c9654c3eb86f9a22688279ef - - default default] Successfully bumped revision number for resource b2e6b2c5-c29f-4dfb-8b14-d13ec481ebe3 (type: security_group_rules) to 0
2026-03-04 02:31:49.291 9 INFO neutron.db.ovn_revision_numbers_db [None req-097ff72d-a235-4f15-9320-22009e343047 bcf2610efd8c4f2eb4e4c30588e3cb2d 79fc3856c9654c3eb86f9a22688279ef - - default default] Successfully bumped revision number for resource ff3a92fe-179c-4561-8fc1-769e3f2bbc2e (type: security_group_rules) to 0
2026-03-04 02:31:49.307 9 INFO neutron.wsgi [None req-a97fe46c-64bf-4e13-a404-36a528d7c71d 6b05cc17a86c42a19b1b8dedca989aaf 3013b2f7f6da4974ae7caf527c343693 - - default default] 10.0.0.179 "POST /v2.0/networks HTTP/1.1" status: 201 len: 833 time: 0.5515983
2026-03-04 02:31:49.308 10 INFO neutron.db.ovn_revision_numbers_db [None req-07815900-5c59-41c7-9046-7692364b67c1 bcf2610efd8c4f2eb4e4c30588e3cb2d 79fc3856c9654c3eb86f9a22688279ef - - default default] Successfully bumped revision number for resource d23eed72-c99f-4b4a-832e-f60728edff6f (type: security_group_rules) to 0
2026-03-04 02:31:49.318 9 WARNING neutron_lib.context [None req-79a03f25-a126-43c6-8b8f-c1dafc5cdf7c 6b05cc17a86c42a19b1b8dedca989aaf 3013b2f7f6da4974ae7caf527c343693 - - default default] Method 'is_advsvc' is deprecated since 2023.2 release (neutron-lib 3.8.0) and will be removed once support for the old RBAC API policies will be removed from Neutron. Please use method 'is_service_role' instead.
2026-03-04 02:31:49.322 9 INFO neutron.wsgi [None req-097ff72d-a235-4f15-9320-22009e343047 bcf2610efd8c4f2eb4e4c30588e3cb2d 79fc3856c9654c3eb86f9a22688279ef - - default default] 10.0.0.179 "GET /v2.0/security-groups?tenant_id=0ba9caa1f6a94f64947b7136e033aa2c&name=default HTTP/1.1" status: 200 len: 2996 time: 0.6941421
2026-03-04 02:31:49.348 10 INFO neutron.wsgi [None req-07815900-5c59-41c7-9046-7692364b67c1 bcf2610efd8c4f2eb4e4c30588e3cb2d 79fc3856c9654c3eb86f9a22688279ef - - default default] 10.0.0.179 "GET /v2.0/security-groups?tenant_id=0ec40cf6a5d74af29dc33977bb8614b1&name=default HTTP/1.1" status: 200 len: 2996 time: 0.3664334
2026-03-04 02:31:49.623 10 INFO neutron.wsgi [None req-27e34fc9-b7bd-4f1d-bf17-577db80833d9 e63f1f726a414012bf71ef1f3be50ee4 bbf079a9ae984c888731b0a43c76a2fe - - default default] 10.0.0.179 "DELETE /v2.0/routers/f4506471-6b7a-477b-81df-2ffff0551d24 HTTP/1.1" status: 204 len: 168 time: 0.8808877
2026-03-04 02:31:49.651 9 WARNING neutron.scheduler.dhcp_agent_scheduler [None req-79a03f25-a126-43c6-8b8f-c1dafc5cdf7c 6b05cc17a86c42a19b1b8dedca989aaf 3013b2f7f6da4974ae7caf527c343693 - - default default] No more DHCP agents
2026-03-04 02:31:49.652 10 INFO neutron.wsgi [None req-8960b523-7a30-4eb0-89d0-82d0acca45f4 e63f1f726a414012bf71ef1f3be50ee4 bbf079a9ae984c888731b0a43c76a2fe - - default default] 10.0.0.179 "GET /v2.0/ports?device_id=f4506471-6b7a-477b-81df-2ffff0551d24 HTTP/1.1" status: 200 len: 205 time: 0.0232193
2026-03-04 02:31:49.654 9 WARNING neutron.api.rpc.agentnotifiers.dhcp_rpc_agent_api [None req-79a03f25-a126-43c6-8b8f-c1dafc5cdf7c 6b05cc17a86c42a19b1b8dedca989aaf 3013b2f7f6da4974ae7caf527c343693 - - default default] Unable to schedule network a61d1b13-4891-4a5b-bb62-f2e7e512b354: no agents available; will retry on subsequent port and subnet creation events.
2026-03-04 02:31:49.677 10 INFO neutron.api.v2.resource [None req-6c6754fa-e1b3-481c-980b-f7a97ce9e792 e63f1f726a414012bf71ef1f3be50ee4 bbf079a9ae984c888731b0a43c76a2fe - - default default] delete failed (client error): The resource could not be found.
2026-03-04 02:31:49.678 10 INFO neutron.wsgi [None req-6c6754fa-e1b3-481c-980b-f7a97ce9e792 e63f1f726a414012bf71ef1f3be50ee4 bbf079a9ae984c888731b0a43c76a2fe - - default default] 10.0.0.179 "DELETE /v2.0/routers/f4506471-6b7a-477b-81df-2ffff0551d24 HTTP/1.1" status: 404 len: 336 time: 0.0208812
2026-03-04 02:31:49.692 9 INFO neutron.db.ovn_revision_numbers_db [None req-79a03f25-a126-43c6-8b8f-c1dafc5cdf7c 6b05cc17a86c42a19b1b8dedca989aaf 3013b2f7f6da4974ae7caf527c343693 - - default default] Successfully bumped revision number for resource c1f97213-dc23-4acb-8408-6c09817e258e (type: subnets) to 0
2026-03-04 02:31:49.702 10 INFO neutron.wsgi [None req-3ef129cc-3a3f-4fb0-b2b0-a2de8c7d5191 e63f1f726a414012bf71ef1f3be50ee4 bbf079a9ae984c888731b0a43c76a2fe - - default default] 10.0.0.179 "GET /v2.0/ports?device_id=53617300-0498-42a7-95f9-4ee398b7ba6c HTTP/1.1" status: 200 len: 205 time: 0.0183625
2026-03-04 02:31:49.707 9 INFO neutron.wsgi [None req-c89e8e99-1e34-41b7-b38e-51601e1c1c2a bcf2610efd8c4f2eb4e4c30588e3cb2d 79fc3856c9654c3eb86f9a22688279ef - - default default] 10.0.0.179 "DELETE /v2.0/security-groups/3fd6c3a5-c754-4ac6-9837-046d74197b32 HTTP/1.1" status: 204 len: 168 time: 0.3757987
2026-03-04 02:31:49.710 9 INFO neutron.wsgi [None req-79a03f25-a126-43c6-8b8f-c1dafc5cdf7c 6b05cc17a86c42a19b1b8dedca989aaf 3013b2f7f6da4974ae7caf527c343693 - - default default] 10.0.0.179 "POST /v2.0/subnets HTTP/1.1" status: 201 len: 821 time: 0.3964887
2026-03-04 02:31:49.720 9 WARNING neutron_lib.context [None req-e858249a-74e2-49be-8f70-617de69e0141 6b05cc17a86c42a19b1b8dedca989aaf 3013b2f7f6da4974ae7caf527c343693 - - default default] Method 'is_advsvc' is deprecated since 2023.2 release (neutron-lib 3.8.0) and will be removed once support for the old RBAC API policies will be removed from Neutron. Please use method 'is_service_role' instead.
2026-03-04 02:31:49.727 10 INFO neutron.api.v2.resource [None req-db0f3943-fb99-4de7-a1f2-be6fc546667e e63f1f726a414012bf71ef1f3be50ee4 bbf079a9ae984c888731b0a43c76a2fe - - default default] delete failed (client error): The resource could not be found.
2026-03-04 02:31:49.728 10 INFO neutron.wsgi [None req-db0f3943-fb99-4de7-a1f2-be6fc546667e e63f1f726a414012bf71ef1f3be50ee4 bbf079a9ae984c888731b0a43c76a2fe - - default default] 10.0.0.179 "DELETE /v2.0/routers/53617300-0498-42a7-95f9-4ee398b7ba6c HTTP/1.1" status: 404 len: 336 time: 0.0226057
2026-03-04 02:31:49.745 9 INFO neutron.wsgi [None req-8a476d1e-431c-49da-810a-c5d3abb57dde bcf2610efd8c4f2eb4e4c30588e3cb2d 79fc3856c9654c3eb86f9a22688279ef - - default default] 10.0.0.179 "DELETE /v2.0/security-groups/7f1833aa-1bef-4c2a-b36a-19c25f714dec HTTP/1.1" status: 204 len: 168 time: 0.3872361
2026-03-04 02:31:49.750 10 INFO neutron.pecan_wsgi.hooks.translation [None req-52b0e927-dd46-4285-bc02-f8e63c0c7a1a e63f1f726a414012bf71ef1f3be50ee4 bbf079a9ae984c888731b0a43c76a2fe - - default default] DELETE failed (client error): The resource could not be found.
2026-03-04 02:31:49.752 10 INFO neutron.wsgi [None req-52b0e927-dd46-4285-bc02-f8e63c0c7a1a e63f1f726a414012bf71ef1f3be50ee4 bbf079a9ae984c888731b0a43c76a2fe - - default default] 10.0.0.179 "DELETE /v2.0/subnets/b0dda5ec-829e-4105-8c8d-940de3bcaa13 HTTP/1.1" status: 404 len: 337 time: 0.0186648
2026-03-04 02:31:49.774 10 INFO neutron.wsgi [None req-dbd8c446-ea60-44e7-ab2b-6daa43935843 e63f1f726a414012bf71ef1f3be50ee4 bbf079a9ae984c888731b0a43c76a2fe - - default default] 10.0.0.179 "GET /v2.0/ports?device_id=fbcb06ab-2740-4dd6-8309-28ab2c91cca1 HTTP/1.1" status: 200 len: 205 time: 0.0177824
2026-03-04 02:31:49.804 10 INFO neutron.api.v2.resource [None req-a5fd5084-cdf9-4994-acde-1856ff915ac3 e63f1f726a414012bf71ef1f3be50ee4 bbf079a9ae984c888731b0a43c76a2fe - - default default] delete failed (client error): The resource could not be found.
2026-03-04 02:31:49.807 10 INFO neutron.wsgi [None req-a5fd5084-cdf9-4994-acde-1856ff915ac3 e63f1f726a414012bf71ef1f3be50ee4 bbf079a9ae984c888731b0a43c76a2fe - - default default] 10.0.0.179 "DELETE /v2.0/routers/fbcb06ab-2740-4dd6-8309-28ab2c91cca1 HTTP/1.1" status: 404 len: 336 time: 0.0278835
2026-03-04 02:31:49.829 10 INFO neutron.pecan_wsgi.hooks.translation [None req-5565bc09-b5a8-439d-a9cb-5f820e263f2e e63f1f726a414012bf71ef1f3be50ee4 bbf079a9ae984c888731b0a43c76a2fe - - default default] DELETE failed (client error): The resource could not be found.
2026-03-04 02:31:49.832 10 INFO neutron.wsgi [None req-5565bc09-b5a8-439d-a9cb-5f820e263f2e e63f1f726a414012bf71ef1f3be50ee4 bbf079a9ae984c888731b0a43c76a2fe - - default default] 10.0.0.179 "DELETE /v2.0/subnets/4bdfa727-0901-49b7-bd42-4e1a818f5d86 HTTP/1.1" status: 404 len: 337 time: 0.0206201
2026-03-04 02:31:49.856 10 INFO neutron.wsgi [None req-9fc4ba15-e0a8-40cb-8640-755103d1f9fa e63f1f726a414012bf71ef1f3be50ee4 bbf079a9ae984c888731b0a43c76a2fe - - default default] 10.0.0.179 "GET /v2.0/ports?device_id=7e2cb7c2-8ee1-4d69-9a92-8b4465fb2923 HTTP/1.1" status: 200 len: 205 time: 0.0196960
2026-03-04 02:31:49.890 10 INFO neutron.api.v2.resource [None req-6cc1981c-00ae-4211-b848-a0943ca71e02 e63f1f726a414012bf71ef1f3be50ee4 bbf079a9ae984c888731b0a43c76a2fe - - default default] delete failed (client error): The resource could not be found.
2026-03-04 02:31:49.892 10 INFO neutron.wsgi [None req-6cc1981c-00ae-4211-b848-a0943ca71e02 e63f1f726a414012bf71ef1f3be50ee4 bbf079a9ae984c888731b0a43c76a2fe - - default default] 10.0.0.179 "DELETE /v2.0/routers/7e2cb7c2-8ee1-4d69-9a92-8b4465fb2923 HTTP/1.1" status: 404 len: 336 time: 0.0306892
2026-03-04 02:31:49.915 10 INFO neutron.pecan_wsgi.hooks.translation [None req-da53b036-7c2a-4481-a42c-0f818df7464b e63f1f726a414012bf71ef1f3be50ee4 bbf079a9ae984c888731b0a43c76a2fe - - default default] DELETE failed (client error): The resource could not be found.
2026-03-04 02:31:49.918 10 INFO neutron.wsgi [None req-da53b036-7c2a-4481-a42c-0f818df7464b e63f1f726a414012bf71ef1f3be50ee4 bbf079a9ae984c888731b0a43c76a2fe - - default default] 10.0.0.179 "DELETE /v2.0/subnets/ffbfbab8-49d5-44df-9b94-7b4fc363d1e0 HTTP/1.1" status: 404 len: 337 time: 0.0207596
2026-03-04 02:31:49.938 9 INFO neutron.pecan_wsgi.hooks.translation [None req-fcfd5b2d-901d-4cfb-8ab9-9d71bc03d466 e63f1f726a414012bf71ef1f3be50ee4 bbf079a9ae984c888731b0a43c76a2fe - - default default] DELETE failed (client error): The resource could not be found.
2026-03-04 02:31:49.940 9 INFO neutron.wsgi [None req-fcfd5b2d-901d-4cfb-8ab9-9d71bc03d466 e63f1f726a414012bf71ef1f3be50ee4 bbf079a9ae984c888731b0a43c76a2fe - - default default] 10.0.0.179 "DELETE /v2.0/subnets/876ef1ac-2e01-404c-ad1d-7d24f6224329 HTTP/1.1" status: 404 len: 337 time: 0.0160069
2026-03-04 02:31:49.959 9 WARNING neutron.scheduler.dhcp_agent_scheduler [None req-e858249a-74e2-49be-8f70-617de69e0141 6b05cc17a86c42a19b1b8dedca989aaf 3013b2f7f6da4974ae7caf527c343693 - - default default] No more DHCP agents
2026-03-04 02:31:49.960 9 WARNING neutron.api.rpc.agentnotifiers.dhcp_rpc_agent_api [None req-e858249a-74e2-49be-8f70-617de69e0141 6b05cc17a86c42a19b1b8dedca989aaf 3013b2f7f6da4974ae7caf527c343693 - - default default] Unable to schedule network 188c055f-065d-42e6-b3fd-8499934cd2f6: no agents available; will retry on subsequent port and subnet creation events.
2026-03-04 02:31:49.973 10 WARNING neutron.plugins.ml2.drivers.ovn.mech_driver.ovsdb.ovn_client [None req-bb7dfab9-54d8-433b-91ad-d2fed24618f7 - - - - - -] No port found with ID adb4fd87-ae7b-49e9-b2c4-138f8a04597a: RuntimeError: No port found with ID adb4fd87-ae7b-49e9-b2c4-138f8a04597a
2026-03-04 02:31:49.973 10 INFO neutron.plugins.ml2.drivers.ovn.mech_driver.mech_driver [None req-bb7dfab9-54d8-433b-91ad-d2fed24618f7 - - - - - -] OVN reports status up for port: e8c356d5-e243-404d-99a2-46c3b5047273
2026-03-04 02:31:49.994 9 INFO neutron.db.ovn_revision_numbers_db [None req-e858249a-74e2-49be-8f70-617de69e0141 6b05cc17a86c42a19b1b8dedca989aaf 3013b2f7f6da4974ae7caf527c343693 - - default default] Successfully bumped revision number for resource 34675e0b-ae20-4edd-b6e8-0d42f0b75384 (type: subnets) to 0
2026-03-04 02:31:50.008 9 INFO neutron.wsgi [None req-e858249a-74e2-49be-8f70-617de69e0141 6b05cc17a86c42a19b1b8dedca989aaf 3013b2f7f6da4974ae7caf527c343693 - - default default] 10.0.0.179 "POST /v2.0/subnets HTTP/1.1" status: 201 len: 830 time: 0.2926419
2026-03-04 02:31:50.018 9 WARNING neutron_lib.context [None req-0ae55315-9ed6-4a66-9d5a-ec0cbd2d5f49 6b05cc17a86c42a19b1b8dedca989aaf 3013b2f7f6da4974ae7caf527c343693 - - default default] Method 'is_advsvc' is deprecated since 2023.2 release (neutron-lib 3.8.0) and will be removed once support for the old RBAC API policies will be removed from Neutron. Please use method 'is_service_role' instead.
2026-03-04 02:31:50.048 10 INFO neutron.db.ovn_revision_numbers_db [None req-6acbf9cf-48f3-4744-b904-a654c1262c8c bcf2610efd8c4f2eb4e4c30588e3cb2d 79fc3856c9654c3eb86f9a22688279ef - - default default] Successfully bumped revision number for resource c192ae8e-ec82-4fab-93c4-b6ab2473e1e3 (type: security_groups) to 1
2026-03-04 02:31:50.062 10 INFO neutron.db.ovn_revision_numbers_db [None req-6acbf9cf-48f3-4744-b904-a654c1262c8c bcf2610efd8c4f2eb4e4c30588e3cb2d 79fc3856c9654c3eb86f9a22688279ef - - default default] Successfully bumped revision number for resource 617623e0-fe95-4230-abc7-d296207a19d2 (type: security_group_rules) to 0
2026-03-04 02:31:50.076 10 INFO neutron.db.ovn_revision_numbers_db [None req-6acbf9cf-48f3-4744-b904-a654c1262c8c bcf2610efd8c4f2eb4e4c30588e3cb2d 79fc3856c9654c3eb86f9a22688279ef - - default default] Successfully bumped revision number for resource 7a739116-d09e-4620-9e28-d9db776ddf23 (type: security_group_rules) to 0
2026-03-04 02:31:50.087 10 INFO neutron.db.ovn_revision_numbers_db [None req-6acbf9cf-48f3-4744-b904-a654c1262c8c bcf2610efd8c4f2eb4e4c30588e3cb2d 79fc3856c9654c3eb86f9a22688279ef - - default default] Successfully bumped revision number for resource 864097da-3045-4cc8-9036-4bc8cff08c54 (type: security_group_rules) to 0
2026-03-04 02:31:50.104 10 INFO neutron.db.ovn_revision_numbers_db [None req-6acbf9cf-48f3-4744-b904-a654c1262c8c bcf2610efd8c4f2eb4e4c30588e3cb2d 79fc3856c9654c3eb86f9a22688279ef - - default default] Successfully bumped revision number for resource d21dd07b-0ac5-4397-bd41-98e790167e76 (type: security_group_rules) to 0
2026-03-04 02:31:50.133 10 INFO neutron.wsgi [None req-6acbf9cf-48f3-4744-b904-a654c1262c8c bcf2610efd8c4f2eb4e4c30588e3cb2d 79fc3856c9654c3eb86f9a22688279ef - - default default] 10.0.0.179 "GET /v2.0/security-groups?tenant_id=1c330376187f41aeb0552113803100fd&name=default HTTP/1.1" status: 200 len: 2996 time: 0.2138855
2026-03-04 02:31:50.172 9 INFO neutron.db.ovn_revision_numbers_db [None req-0ae55315-9ed6-4a66-9d5a-ec0cbd2d5f49 6b05cc17a86c42a19b1b8dedca989aaf 3013b2f7f6da4974ae7caf527c343693 - - default default] Successfully bumped revision number for resource 6e89ac60-1729-40e0-9f85-da109feb01f9 (type: routers) to 1
2026-03-04 02:31:50.188 9 INFO neutron.wsgi [None req-0ae55315-9ed6-4a66-9d5a-ec0cbd2d5f49 6b05cc17a86c42a19b1b8dedca989aaf 3013b2f7f6da4974ae7caf527c343693 - - default default] 10.0.0.179 "POST /v2.0/routers HTTP/1.1" status: 201 len: 691 time: 0.1745446
2026-03-04 02:31:50.381 10 INFO neutron.wsgi [None req-e8f1e32c-3d61-4dbc-9bc0-02d341411250 bcf2610efd8c4f2eb4e4c30588e3cb2d 79fc3856c9654c3eb86f9a22688279ef - - default default] 10.0.0.179 "DELETE /v2.0/security-groups/c192ae8e-ec82-4fab-93c4-b6ab2473e1e3 HTTP/1.1" status: 204 len: 168 time: 0.2421095
2026-03-04 02:31:50.565 9 WARNING neutron.scheduler.dhcp_agent_scheduler [None req-216920fd-6bb1-44a6-bdbb-53e6d8d15eff 6b05cc17a86c42a19b1b8dedca989aaf 3013b2f7f6da4974ae7caf527c343693 - - default default] No more DHCP agents
2026-03-04 02:31:50.566 9 WARNING neutron.api.rpc.agentnotifiers.dhcp_rpc_agent_api [None req-216920fd-6bb1-44a6-bdbb-53e6d8d15eff 6b05cc17a86c42a19b1b8dedca989aaf 3013b2f7f6da4974ae7caf527c343693 - - default default] Unable to schedule network a61d1b13-4891-4a5b-bb62-f2e7e512b354: no agents available; will retry on subsequent port and subnet creation events.
2026-03-04 02:31:50.728 9 INFO neutron.db.ovn_revision_numbers_db [None req-216920fd-6bb1-44a6-bdbb-53e6d8d15eff 6b05cc17a86c42a19b1b8dedca989aaf 3013b2f7f6da4974ae7caf527c343693 - - default default] Successfully bumped revision number for resource 3655eff2-fc3d-4ce2-95c0-fc832ef750ec (type: ports) to 1
2026-03-04 02:31:50.742 10 INFO neutron.wsgi [None req-95b3432b-fbd0-4dab-b5b8-ecfe1943d38e bcf2610efd8c4f2eb4e4c30588e3cb2d 79fc3856c9654c3eb86f9a22688279ef - - default default] 10.0.0.179 "GET /v2.0/security-groups?tenant_id=bbf079a9ae984c888731b0a43c76a2fe&name=default HTTP/1.1" status: 200 len: 2996 time: 0.2438242
2026-03-04 02:31:50.981 10 INFO neutron.wsgi [None req-0d4381f8-c192-427a-9e0d-72b68086281b bcf2610efd8c4f2eb4e4c30588e3cb2d 79fc3856c9654c3eb86f9a22688279ef - - default default] 10.0.0.179 "DELETE /v2.0/security-groups/ce32ba49-5608-4fc4-baf0-ac2365c00d7b HTTP/1.1" status: 204 len: 168 time: 0.2359211
2026-03-04 02:31:51.209 9 INFO neutron.plugins.ml2.drivers.ovn.mech_driver.mech_driver [None req-c7941d8f-798b-4ce2-8866-f4cd2a57569c - - - - - -] OVN reports status up for port: 3655eff2-fc3d-4ce2-95c0-fc832ef750ec
2026-03-04 02:31:51.223 9 INFO neutron.plugins.ml2.plugin [None req-c7941d8f-798b-4ce2-8866-f4cd2a57569c - - - - - -] Attempt 1 to provision port 3655eff2-fc3d-4ce2-95c0-fc832ef750ec
2026-03-04 02:31:51.258 9 INFO neutron.db.ovn_revision_numbers_db [None req-216920fd-6bb1-44a6-bdbb-53e6d8d15eff 6b05cc17a86c42a19b1b8dedca989aaf 3013b2f7f6da4974ae7caf527c343693 - - default default] Successfully bumped revision number for resource 3655eff2-fc3d-4ce2-95c0-fc832ef750ec (type: router_ports) to 1
2026-03-04 02:31:51.386 9 INFO neutron.db.ovn_revision_numbers_db [None req-216920fd-6bb1-44a6-bdbb-53e6d8d15eff 6b05cc17a86c42a19b1b8dedca989aaf 3013b2f7f6da4974ae7caf527c343693 - - default default] Successfully bumped revision number for resource 3655eff2-fc3d-4ce2-95c0-fc832ef750ec (type: ports) to 1
2026-03-04 02:31:51.481 9 WARNING neutron.scheduler.dhcp_agent_scheduler [None req-216920fd-6bb1-44a6-bdbb-53e6d8d15eff 6b05cc17a86c42a19b1b8dedca989aaf 3013b2f7f6da4974ae7caf527c343693 - - default default] No more DHCP agents
2026-03-04 02:31:51.483 9 WARNING neutron.api.rpc.agentnotifiers.dhcp_rpc_agent_api [None req-216920fd-6bb1-44a6-bdbb-53e6d8d15eff 6b05cc17a86c42a19b1b8dedca989aaf 3013b2f7f6da4974ae7caf527c343693 - - default default] Unable to schedule network a61d1b13-4891-4a5b-bb62-f2e7e512b354: no agents available; will retry on subsequent port and subnet creation events.
2026-03-04 02:31:51.638 9 INFO neutron.db.ovn_revision_numbers_db [None req-c7941d8f-798b-4ce2-8866-f4cd2a57569c - - - - - -] Successfully bumped revision number for resource 3655eff2-fc3d-4ce2-95c0-fc832ef750ec (type: ports) to 2
2026-03-04 02:31:51.670 9 INFO neutron.db.ovn_revision_numbers_db [None req-216920fd-6bb1-44a6-bdbb-53e6d8d15eff 6b05cc17a86c42a19b1b8dedca989aaf 3013b2f7f6da4974ae7caf527c343693 - - default default] Successfully bumped revision number for resource 3655eff2-fc3d-4ce2-95c0-fc832ef750ec (type: router_ports) to 2
2026-03-04 02:31:51.673 9 INFO neutron.wsgi [None req-216920fd-6bb1-44a6-bdbb-53e6d8d15eff 6b05cc17a86c42a19b1b8dedca989aaf 3013b2f7f6da4974ae7caf527c343693 - - default default] 10.0.0.179 "PUT /v2.0/routers/6e89ac60-1729-40e0-9f85-da109feb01f9/add_router_interface HTTP/1.1" status: 200 len: 503 time: 1.4801462
2026-03-04 02:31:51.776 10 INFO neutron.wsgi [None req-4211b1c8-a340-4d90-b442-3eca81b2ef19 6b05cc17a86c42a19b1b8dedca989aaf 3013b2f7f6da4974ae7caf527c343693 - - default default] 10.0.0.179 "GET /v2.0/ports/3655eff2-fc3d-4ce2-95c0-fc832ef750ec HTTP/1.1" status: 200 len: 1141 time: 0.0986750
2026-03-04 02:31:52.248 10 WARNING neutron.scheduler.dhcp_agent_scheduler [None req-3fc7a077-b15c-4054-a16a-ce5e9739b577 6b05cc17a86c42a19b1b8dedca989aaf 3013b2f7f6da4974ae7caf527c343693 - - default default] No more DHCP agents
2026-03-04 02:31:52.249 10 WARNING neutron.api.rpc.agentnotifiers.dhcp_rpc_agent_api [None req-3fc7a077-b15c-4054-a16a-ce5e9739b577 6b05cc17a86c42a19b1b8dedca989aaf 3013b2f7f6da4974ae7caf527c343693 - - default default] Unable to schedule network 188c055f-065d-42e6-b3fd-8499934cd2f6: no agents available; will retry on subsequent port and subnet creation events.
2026-03-04 02:31:52.373 10 INFO neutron.db.ovn_revision_numbers_db [None req-3fc7a077-b15c-4054-a16a-ce5e9739b577 6b05cc17a86c42a19b1b8dedca989aaf 3013b2f7f6da4974ae7caf527c343693 - - default default] Successfully bumped revision number for resource 6953ceed-2c36-4d96-a600-fd659b4e8740 (type: ports) to 1
2026-03-04 02:31:53.013 10 WARNING neutron_lib.context [None req-d820a22c-5fef-4f8f-8c08-b6289e735607 6771bc5dec594b4783ffcd138d04c367 7a914b5716da46c9aeb6e4e1d2207b83 - - default default] Method 'is_advsvc' is deprecated since 2023.2 release (neutron-lib 3.8.0) and will be removed once support for the old RBAC API policies will be removed from Neutron. Please use method 'is_service_role' instead.
2026-03-04 02:31:53.084 10 INFO neutron.db.ovn_revision_numbers_db [None req-3fc7a077-b15c-4054-a16a-ce5e9739b577 6b05cc17a86c42a19b1b8dedca989aaf 3013b2f7f6da4974ae7caf527c343693 - - default default] Successfully bumped revision number for resource 6953ceed-2c36-4d96-a600-fd659b4e8740 (type: router_ports) to 1
2026-03-04 02:31:53.198 10 INFO neutron.db.ovn_revision_numbers_db [None req-d820a22c-5fef-4f8f-8c08-b6289e735607 6771bc5dec594b4783ffcd138d04c367 7a914b5716da46c9aeb6e4e1d2207b83 - - default default] Successfully bumped revision number for resource 03409ff4-4101-497b-b66b-88639d628ce5 (type: security_groups) to 1
2026-03-04 02:31:53.214 10 INFO neutron.db.ovn_revision_numbers_db [None req-d820a22c-5fef-4f8f-8c08-b6289e735607 6771bc5dec594b4783ffcd138d04c367 7a914b5716da46c9aeb6e4e1d2207b83 - - default default] Successfully bumped revision number for resource 50ce4aae-1ae4-440c-9f50-95776445b997 (type: security_group_rules) to 0
2026-03-04 02:31:53.219 10 INFO neutron.db.ovn_revision_numbers_db [None req-3fc7a077-b15c-4054-a16a-ce5e9739b577 6b05cc17a86c42a19b1b8dedca989aaf 3013b2f7f6da4974ae7caf527c343693 - - default default] Successfully bumped revision number for resource 6953ceed-2c36-4d96-a600-fd659b4e8740 (type: ports) to 1
2026-03-04 02:31:53.228 10 INFO neutron.db.ovn_revision_numbers_db [None req-d820a22c-5fef-4f8f-8c08-b6289e735607 6771bc5dec594b4783ffcd138d04c367 7a914b5716da46c9aeb6e4e1d2207b83 - - default default] Successfully bumped revision number for resource 9a58d54b-cf54-42be-a7b8-9cc7a3691c84 (type: security_group_rules) to 0
2026-03-04 02:31:53.232 9 INFO neutron.wsgi [None req-d3740d98-c053-47b0-96ac-21d9a67ce8cc 00906ba212cd498995fc9a38b6386176 c357381500db4adf9c426250d586f3db - - default default] 10.0.0.103 "GET /v2.0/extensions HTTP/1.1" status: 200 len: 16980 time: 0.0603731
2026-03-04 02:31:53.256 10 INFO neutron.db.ovn_revision_numbers_db [None req-d820a22c-5fef-4f8f-8c08-b6289e735607 6771bc5dec594b4783ffcd138d04c367 7a914b5716da46c9aeb6e4e1d2207b83 - - default default] Successfully bumped revision number for resource a2cd4fa3-85b5-49eb-8838-2c86b161d5e9 (type: security_group_rules) to 0
2026-03-04 02:31:53.274 10 INFO neutron.db.ovn_revision_numbers_db [None req-d820a22c-5fef-4f8f-8c08-b6289e735607 6771bc5dec594b4783ffcd138d04c367 7a914b5716da46c9aeb6e4e1d2207b83 - - default default] Successfully bumped revision number for resource b417f1c2-286a-4766-8f37-09d8b5ce2fa7 (type: security_group_rules) to 0
2026-03-04 02:31:53.296 10 WARNING neutron.scheduler.dhcp_agent_scheduler [None req-3fc7a077-b15c-4054-a16a-ce5e9739b577 6b05cc17a86c42a19b1b8dedca989aaf 3013b2f7f6da4974ae7caf527c343693 - - default default] No more DHCP agents
2026-03-04 02:31:53.301 10 WARNING neutron.api.rpc.agentnotifiers.dhcp_rpc_agent_api [None req-3fc7a077-b15c-4054-a16a-ce5e9739b577 6b05cc17a86c42a19b1b8dedca989aaf 3013b2f7f6da4974ae7caf527c343693 - - default default] Unable to schedule network 188c055f-065d-42e6-b3fd-8499934cd2f6: no agents available; will retry on subsequent port and subnet creation events.
2026-03-04 02:31:53.359 9 INFO neutron.wsgi [None req-55ddb190-6f1e-49b2-a27b-10fc9d7bfb29 00906ba212cd498995fc9a38b6386176 c357381500db4adf9c426250d586f3db - - default default] 10.0.0.103 "GET /v2.0/quotas/c357381500db4adf9c426250d586f3db/details HTTP/1.1" status: 200 len: 756 time: 0.1129034
2026-03-04 02:31:53.403 10 INFO neutron.db.ovn_revision_numbers_db [None req-d820a22c-5fef-4f8f-8c08-b6289e735607 6771bc5dec594b4783ffcd138d04c367 7a914b5716da46c9aeb6e4e1d2207b83 - - default default] Successfully bumped revision number for resource 4777c7d1-01a5-45f1-9081-044bf0ef7f29 (type: security_groups) to 1
2026-03-04 02:31:53.418 10 INFO neutron.db.ovn_revision_numbers_db [None req-d820a22c-5fef-4f8f-8c08-b6289e735607 6771bc5dec594b4783ffcd138d04c367 7a914b5716da46c9aeb6e4e1d2207b83 - - default default] Successfully bumped revision number for resource 29184e31-eced-4e79-b448-8cf44a13e0f7 (type: security_group_rules) to 0
2026-03-04 02:31:53.437 10 INFO neutron.db.ovn_revision_numbers_db [None req-d820a22c-5fef-4f8f-8c08-b6289e735607 6771bc5dec594b4783ffcd138d04c367 7a914b5716da46c9aeb6e4e1d2207b83 - - default default] Successfully bumped revision number for resource b6989b76-cb2e-4f27-972e-0bbc66a8639a (type: security_group_rules) to 0
2026-03-04 02:31:53.446 10 INFO neutron.db.ovn_revision_numbers_db [None req-3fc7a077-b15c-4054-a16a-ce5e9739b577 6b05cc17a86c42a19b1b8dedca989aaf 3013b2f7f6da4974ae7caf527c343693 - - default default] Successfully bumped revision number for resource 6953ceed-2c36-4d96-a600-fd659b4e8740 (type: router_ports) to 1
2026-03-04 02:31:53.448 10 INFO neutron.wsgi [None req-3fc7a077-b15c-4054-a16a-ce5e9739b577 6b05cc17a86c42a19b1b8dedca989aaf 3013b2f7f6da4974ae7caf527c343693 - - default default] 10.0.0.179 "PUT /v2.0/routers/6e89ac60-1729-40e0-9f85-da109feb01f9/add_router_interface HTTP/1.1" status: 200 len: 503 time: 1.6677043
2026-03-04 02:31:53.458 10 INFO neutron.wsgi [None req-d820a22c-5fef-4f8f-8c08-b6289e735607 6771bc5dec594b4783ffcd138d04c367 7a914b5716da46c9aeb6e4e1d2207b83 - - default default] 10.0.0.179 "POST /v2.0/security-groups HTTP/1.1" status: 201 len: 1760 time: 0.5984318
2026-03-04 02:31:53.504 10 INFO neutron.wsgi [None req-23e60906-56a3-4691-b215-38dc23198359 6771bc5dec594b4783ffcd138d04c367 7a914b5716da46c9aeb6e4e1d2207b83 - - default default] 10.0.0.179 "GET /v2.0/security-groups HTTP/1.1" status: 200 len: 4538 time: 0.0408094
2026-03-04 02:31:53.520 9 INFO neutron.wsgi [None req-ed8b36ea-d842-42d1-98b6-a3e12b28f6f4 6b05cc17a86c42a19b1b8dedca989aaf 3013b2f7f6da4974ae7caf527c343693 - - default default] 10.0.0.179 "GET /v2.0/ports/6953ceed-2c36-4d96-a600-fd659b4e8740 HTTP/1.1" status: 200 len: 1147 time: 0.0643704
2026-03-04 02:31:53.565 9 INFO neutron.wsgi [None req-1390b305-67b9-4c47-b483-4abecd5aecb4 6b05cc17a86c42a19b1b8dedca989aaf 3013b2f7f6da4974ae7caf527c343693 - - default default] 10.0.0.179 "GET /v2.0/ports/6953ceed-2c36-4d96-a600-fd659b4e8740 HTTP/1.1" status: 200 len: 1147 time: 0.0394027
2026-03-04 02:31:53.591 10 INFO neutron.db.ovn_revision_numbers_db [None req-31edbcc1-b61a-4a0b-a01a-501e88abda46 6771bc5dec594b4783ffcd138d04c367 7a914b5716da46c9aeb6e4e1d2207b83 - - default default] Successfully bumped revision number for resource 4777c7d1-01a5-45f1-9081-044bf0ef7f29 (type: security_groups) to 2
2026-03-04 02:31:53.594 10 INFO neutron.wsgi [None req-31edbcc1-b61a-4a0b-a01a-501e88abda46 6771bc5dec594b4783ffcd138d04c367 7a914b5716da46c9aeb6e4e1d2207b83 - - default default] 10.0.0.179 "PUT /v2.0/security-groups/4777c7d1-01a5-45f1-9081-044bf0ef7f29 HTTP/1.1" status: 200 len: 1794 time: 0.0867434
2026-03-04 02:31:53.628 10 INFO neutron.wsgi [None req-f04eed1f-ab38-4511-88ba-c777b7b895fb 6771bc5dec594b4783ffcd138d04c367 7a914b5716da46c9aeb6e4e1d2207b83 - - default default] 10.0.0.179 "GET /v2.0/security-groups/4777c7d1-01a5-45f1-9081-044bf0ef7f29 HTTP/1.1" status: 200 len: 1794 time: 0.0299437
2026-03-04 02:31:53.743 10 INFO neutron.wsgi [None req-644575ff-c172-44b7-9ab0-c481ac9056ba 6771bc5dec594b4783ffcd138d04c367 7a914b5716da46c9aeb6e4e1d2207b83 - - default default] 10.0.0.179 "DELETE /v2.0/security-groups/4777c7d1-01a5-45f1-9081-044bf0ef7f29 HTTP/1.1" status: 204 len: 168 time: 0.1085656
2026-03-04 02:31:53.788 10 INFO neutron.wsgi [None req-c6663cd9-da34-4e7d-bfb8-d1e7ff7c70f5 6771bc5dec594b4783ffcd138d04c367 7a914b5716da46c9aeb6e4e1d2207b83 - - default default] 10.0.0.179 "GET /v2.0/security-groups HTTP/1.1" status: 200 len: 2996 time: 0.0355690
2026-03-04 02:31:53.806 10 INFO neutron.api.v2.resource [None req-50e5e17a-fbd3-4b61-aef4-85b30aad126e 6771bc5dec594b4783ffcd138d04c367 7a914b5716da46c9aeb6e4e1d2207b83 - - default default] delete failed (client error): The resource could not be found.
2026-03-04 02:31:53.808 10 INFO neutron.wsgi [None req-50e5e17a-fbd3-4b61-aef4-85b30aad126e 6771bc5dec594b4783ffcd138d04c367 7a914b5716da46c9aeb6e4e1d2207b83 - - default default] 10.0.0.179 "DELETE /v2.0/security-groups/4777c7d1-01a5-45f1-9081-044bf0ef7f29 HTTP/1.1" status: 404 len: 347 time: 0.0127041
2026-03-04 02:31:53.818 10 WARNING neutron_lib.context [None req-cc2437ec-3cae-4051-87d4-2655e0c59df4 6771bc5dec594b4783ffcd138d04c367 7a914b5716da46c9aeb6e4e1d2207b83 - - default default] Method 'is_advsvc' is deprecated since 2023.2 release (neutron-lib 3.8.0) and will be removed once support for the old RBAC API policies will be removed from Neutron. Please use method 'is_service_role' instead.
2026-03-04 02:31:53.941 10 INFO neutron.db.ovn_revision_numbers_db [None req-cc2437ec-3cae-4051-87d4-2655e0c59df4 6771bc5dec594b4783ffcd138d04c367 7a914b5716da46c9aeb6e4e1d2207b83 - - default default] Successfully bumped revision number for resource 2d886834-0ff6-4947-9cfb-ea3df2eb3164 (type: security_groups) to 1
2026-03-04 02:31:53.955 10 INFO neutron.db.ovn_revision_numbers_db [None req-cc2437ec-3cae-4051-87d4-2655e0c59df4 6771bc5dec594b4783ffcd138d04c367 7a914b5716da46c9aeb6e4e1d2207b83 - - default default] Successfully bumped revision number for resource 0e8bfe03-8fa0-4ebc-b4a2-487e4632f010 (type: security_group_rules) to 0
2026-03-04 02:31:53.973 10 INFO neutron.db.ovn_revision_numbers_db [None req-cc2437ec-3cae-4051-87d4-2655e0c59df4 6771bc5dec594b4783ffcd138d04c367 7a914b5716da46c9aeb6e4e1d2207b83 - - default default] Successfully bumped revision number for resource 7727323f-30b8-4cb4-b726-e11aba25cb0b (type: security_group_rules) to 0
2026-03-04 02:31:54.000 10 INFO neutron.wsgi [None req-cc2437ec-3cae-4051-87d4-2655e0c59df4 6771bc5dec594b4783ffcd138d04c367 7a914b5716da46c9aeb6e4e1d2207b83 - - default default] 10.0.0.179 "POST /v2.0/security-groups HTTP/1.1" status: 201 len: 1761 time: 0.1870759
2026-03-04 02:31:54.008 10 WARNING neutron_lib.context [None req-08533565-8009-43c8-a0ca-af315bed57b1 6771bc5dec594b4783ffcd138d04c367 7a914b5716da46c9aeb6e4e1d2207b83 - - default default] Method 'is_advsvc' is deprecated since 2023.2 release (neutron-lib 3.8.0) and will be removed once support for the old RBAC API policies will be removed from Neutron. Please use method 'is_service_role' instead.
2026-03-04 02:31:54.123 10 INFO neutron.db.ovn_revision_numbers_db [None req-08533565-8009-43c8-a0ca-af315bed57b1 6771bc5dec594b4783ffcd138d04c367 7a914b5716da46c9aeb6e4e1d2207b83 - - default default] Successfully bumped revision number for resource 52889088-3c2c-472f-9ef6-57017a7606b8 (type: security_group_rules) to 0
2026-03-04 02:31:54.140 10 INFO neutron.wsgi [None req-08533565-8009-43c8-a0ca-af315bed57b1 6771bc5dec594b4783ffcd138d04c367 7a914b5716da46c9aeb6e4e1d2207b83 - - default default] 10.0.0.179 "POST /v2.0/security-group-rules HTTP/1.1" status: 201 len: 768 time: 0.1346936
2026-03-04 02:31:54.157 10 INFO neutron.wsgi [None req-9c95809b-37e5-4f02-87aa-4e97ddcc2205 6771bc5dec594b4783ffcd138d04c367 7a914b5716da46c9aeb6e4e1d2207b83 - - default default] 10.0.0.179 "GET /v2.0/security-group-rules/52889088-3c2c-472f-9ef6-57017a7606b8 HTTP/1.1" status: 200 len: 763 time: 0.0115626
2026-03-04 02:31:54.201 10 INFO neutron.wsgi [None req-6fe287d3-3ead-4fa8-b95d-5a67937ee06e 6771bc5dec594b4783ffcd138d04c367 7a914b5716da46c9aeb6e4e1d2207b83 - - default default] 10.0.0.179 "GET /v2.0/security-group-rules HTTP/1.1" status: 200 len: 4113 time: 0.0393963
2026-03-04 02:31:54.308 10 INFO neutron.wsgi [None req-6d28ab98-d408-4deb-b928-0e6aa0a4e30c 6771bc5dec594b4783ffcd138d04c367 7a914b5716da46c9aeb6e4e1d2207b83 - - default default] 10.0.0.179 "DELETE /v2.0/security-group-rules/52889088-3c2c-472f-9ef6-57017a7606b8 HTTP/1.1" status: 204 len: 168 time: 0.1026981
2026-03-04 02:31:54.364 10 INFO neutron.wsgi [None req-ee746996-6ba7-4f22-b74c-311e8716dd28 6771bc5dec594b4783ffcd138d04c367 7a914b5716da46c9aeb6e4e1d2207b83 - - default default] 10.0.0.179 "GET /v2.0/security-group-rules HTTP/1.1" status: 200 len: 3567 time: 0.0500000
2026-03-04 02:31:54.382 10 WARNING neutron_lib.context [None req-9a71e980-b807-4b91-b0ec-18b985cbac33 6771bc5dec594b4783ffcd138d04c367 7a914b5716da46c9aeb6e4e1d2207b83 - - default default] Method 'is_advsvc' is deprecated since 2023.2 release (neutron-lib 3.8.0) and will be removed once support for the old RBAC API policies will be removed from Neutron. Please use method 'is_service_role' instead.
2026-03-04 02:31:54.505 10 INFO neutron.db.ovn_revision_numbers_db [None req-9a71e980-b807-4b91-b0ec-18b985cbac33 6771bc5dec594b4783ffcd138d04c367 7a914b5716da46c9aeb6e4e1d2207b83 - - default default] Successfully bumped revision number for resource fd5ba0a9-3c60-4031-81cf-bd65aee8f92e (type: security_group_rules) to 0
2026-03-04 02:31:54.537 10 INFO neutron.wsgi [None req-9a71e980-b807-4b91-b0ec-18b985cbac33 6771bc5dec594b4783ffcd138d04c367 7a914b5716da46c9aeb6e4e1d2207b83 - - default default] 10.0.0.179 "POST /v2.0/security-group-rules HTTP/1.1" status: 201 len: 768 time: 0.1618991
2026-03-04 02:31:54.559 10 INFO neutron.wsgi [None req-154b712e-7769-462f-b5ba-82d18dc03fea 6771bc5dec594b4783ffcd138d04c367 7a914b5716da46c9aeb6e4e1d2207b83 - - default default] 10.0.0.179 "GET /v2.0/security-group-rules/fd5ba0a9-3c60-4031-81cf-bd65aee8f92e HTTP/1.1" status: 200 len: 763 time: 0.0162609
2026-03-04 02:31:54.565 9 INFO neutron.db.ovn_revision_numbers_db [None req-e6fb7ce3-b7e5-4584-882a-6da5efa5e56a bcf2610efd8c4f2eb4e4c30588e3cb2d 79fc3856c9654c3eb86f9a22688279ef - - default default] Successfully bumped revision number for resource fcb94b98-6e34-4489-b985-a526e0bd3d99 (type: security_groups) to 1
2026-03-04 02:31:54.599 9 INFO neutron.db.ovn_revision_numbers_db [None req-e6fb7ce3-b7e5-4584-882a-6da5efa5e56a bcf2610efd8c4f2eb4e4c30588e3cb2d 79fc3856c9654c3eb86f9a22688279ef - - default default] Successfully bumped revision number for resource 1a9fe918-1bbf-438f-9dfc-205011e5b758 (type: security_group_rules) to 0
2026-03-04 02:31:54.614 10 INFO neutron.wsgi [None req-32db5ec7-0685-44e8-b856-a2f235090dcf 6771bc5dec594b4783ffcd138d04c367 7a914b5716da46c9aeb6e4e1d2207b83 - - default default] 10.0.0.179 "GET /v2.0/security-group-rules HTTP/1.1" status: 200 len: 4113 time: 0.0516064
2026-03-04 02:31:54.621 9 INFO neutron.wsgi [None req-22683392-eb1a-4f0c-b0d2-6a4588f378ea 6b05cc17a86c42a19b1b8dedca989aaf 3013b2f7f6da4974ae7caf527c343693 - - default default] 10.0.0.179 "GET /v2.0/ports/6953ceed-2c36-4d96-a600-fd659b4e8740 HTTP/1.1" status: 200 len: 1147 time: 0.0449598
2026-03-04 02:31:54.622 9 INFO neutron.db.ovn_revision_numbers_db [None req-e6fb7ce3-b7e5-4584-882a-6da5efa5e56a bcf2610efd8c4f2eb4e4c30588e3cb2d 79fc3856c9654c3eb86f9a22688279ef - - default default] Successfully bumped revision number for resource 2f67f635-b86f-491c-88d0-599161ef3af5 (type: security_group_rules) to 0
2026-03-04 02:31:54.637 9 INFO neutron.db.ovn_revision_numbers_db [None req-e6fb7ce3-b7e5-4584-882a-6da5efa5e56a bcf2610efd8c4f2eb4e4c30588e3cb2d 79fc3856c9654c3eb86f9a22688279ef - - default default] Successfully bumped revision number for resource 7218d0b6-828e-4f74-adf8-993cb54c8a51 (type: security_group_rules) to 0
2026-03-04 02:31:54.651 9 INFO neutron.db.ovn_revision_numbers_db [None req-e6fb7ce3-b7e5-4584-882a-6da5efa5e56a bcf2610efd8c4f2eb4e4c30588e3cb2d 79fc3856c9654c3eb86f9a22688279ef - - default default] Successfully bumped revision number for resource e6a49224-f692-4337-913d-cfa5099fc7d6 (type: security_group_rules) to 0
2026-03-04 02:31:54.673 9 INFO neutron.wsgi [None req-e6fb7ce3-b7e5-4584-882a-6da5efa5e56a bcf2610efd8c4f2eb4e4c30588e3cb2d 79fc3856c9654c3eb86f9a22688279ef - - default default] 10.0.0.179 "GET /v2.0/security-groups?tenant_id=02d427ad140546b3af21ec6cbbc763f5&name=default HTTP/1.1" status: 200 len: 2996 time: 0.3960989
2026-03-04 02:31:54.754 10 INFO neutron.wsgi [None req-121541e6-037f-4729-9176-99291ca0409f 6771bc5dec594b4783ffcd138d04c367 7a914b5716da46c9aeb6e4e1d2207b83 - - default default] 10.0.0.179 "DELETE /v2.0/security-group-rules/fd5ba0a9-3c60-4031-81cf-bd65aee8f92e HTTP/1.1" status: 204 len: 168 time: 0.1334159
2026-03-04 02:31:54.834 9 INFO neutron.wsgi [None req-8c0b2f0d-6c88-496f-8990-d4e41b44b1d9 6771bc5dec594b4783ffcd138d04c367 7a914b5716da46c9aeb6e4e1d2207b83 - - default default] 10.0.0.179 "GET /v2.0/security-group-rules HTTP/1.1" status: 200 len: 3567 time: 0.0729010
2026-03-04 02:31:54.844 9 WARNING neutron_lib.context [None req-1d238a44-abe6-4fff-9c5a-ca289d4d5dd6 6771bc5dec594b4783ffcd138d04c367 7a914b5716da46c9aeb6e4e1d2207b83 - - default default] Method 'is_advsvc' is deprecated since 2023.2 release (neutron-lib 3.8.0) and will be removed once support for the old RBAC API policies will be removed from Neutron. Please use method 'is_service_role' instead.
2026-03-04 02:31:54.867 9 INFO neutron.db.securitygroups_db [None req-1d238a44-abe6-4fff-9c5a-ca289d4d5dd6 6771bc5dec594b4783ffcd138d04c367 7a914b5716da46c9aeb6e4e1d2207b83 - - default default] Project 7a914b5716da46c9aeb6e4e1d2207b83 added a security group rule with legacy IPv6 ICMP protocol name icmp, ipv6-icmp should be used instead. It was automatically converted.
2026-03-04 02:31:54.915 9 INFO neutron.wsgi [None req-46153561-723c-4b22-8bbb-3bcdcdc93f66 bcf2610efd8c4f2eb4e4c30588e3cb2d 79fc3856c9654c3eb86f9a22688279ef - - default default] 10.0.0.179 "DELETE /v2.0/security-groups/fcb94b98-6e34-4489-b985-a526e0bd3d99 HTTP/1.1" status: 204 len: 168 time: 0.2337475
