2026-03-04 02:31:27.841 9 INFO neutron.wsgi [None req-d0316251-c15f-458f-8c23-2f2d987fa3ba bcf2610efd8c4f2eb4e4c30588e3cb2d 79fc3856c9654c3eb86f9a22688279ef - - default default] 10.0.0.179 "DELETE /v2.0/routers/b136c5d5-1bed-452b-821d-232a2997b162 HTTP/1.1" status: 204 len: 168 time: 1.3002625
2026-03-04 02:31:27.973 9 INFO neutron.db.ovn_revision_numbers_db [None req-b97fbce2-4100-4064-81fb-ef56f9a4383c e63f1f726a414012bf71ef1f3be50ee4 bbf079a9ae984c888731b0a43c76a2fe - - default default] Successfully bumped revision number for resource 27fe908a-e28f-4792-8568-110fc843c3db (type: router_ports) to 2
2026-03-04 02:31:27.976 9 INFO neutron.wsgi [None req-b97fbce2-4100-4064-81fb-ef56f9a4383c e63f1f726a414012bf71ef1f3be50ee4 bbf079a9ae984c888731b0a43c76a2fe - - default default] 10.0.0.179 "PUT /v2.0/routers/7e2cb7c2-8ee1-4d69-9a92-8b4465fb2923/add_router_interface HTTP/1.1" status: 200 len: 503 time: 1.9057169
2026-03-04 02:31:28.012 9 INFO neutron.wsgi [None req-6cb443d8-a42e-4843-862f-3c56061480b8 e63f1f726a414012bf71ef1f3be50ee4 bbf079a9ae984c888731b0a43c76a2fe - - default default] 10.0.0.179 "GET /v2.0/ports/27fe908a-e28f-4792-8568-110fc843c3db HTTP/1.1" status: 200 len: 1137 time: 0.0316133
2026-03-04 02:31:28.015 10 INFO neutron.db.ovn_revision_numbers_db [None req-bb7dfab9-54d8-433b-91ad-d2fed24618f7 - - - - - -] Successfully bumped revision number for resource 27fe908a-e28f-4792-8568-110fc843c3db (type: ports) to 2
2026-03-04 02:31:28.163 10 INFO neutron.db.ovn_revision_numbers_db [None req-1128579c-bf37-4318-89df-a66a90a5ca9a 746237dd33974f0a8be1b30171052a1a a0d20c0e59e6412fa0d5da3fcef049fd - - default default] Successfully bumped revision number for resource e26a01ed-4def-4a8f-b6b7-be7d3fcd08e6 (type: ports) to 2
2026-03-04 02:31:28.218 10 INFO neutron.wsgi [None req-c8dce1b4-096f-4f1c-8f34-cc31e2e9f69c bcf2610efd8c4f2eb4e4c30588e3cb2d 79fc3856c9654c3eb86f9a22688279ef - - default default] 10.0.0.179 "DELETE /v2.0/subnets/e080a47e-2c0b-4523-8f68-1ee8a0ab0447 HTTP/1.1" status: 204 len: 168 time: 0.3708701
2026-03-04 02:31:28.239 10 INFO neutron.db.ovn_revision_numbers_db [None req-1128579c-bf37-4318-89df-a66a90a5ca9a 746237dd33974f0a8be1b30171052a1a a0d20c0e59e6412fa0d5da3fcef049fd - - default default] Successfully bumped revision number for resource d179238f-66f6-4d08-8597-b574af396ae6 (type: subnets) to 0
2026-03-04 02:31:28.259 10 INFO neutron.wsgi [None req-1128579c-bf37-4318-89df-a66a90a5ca9a 746237dd33974f0a8be1b30171052a1a a0d20c0e59e6412fa0d5da3fcef049fd - - default default] 10.0.0.179 "POST /v2.0/subnets HTTP/1.1" status: 201 len: 816 time: 1.2522140
2026-03-04 02:31:28.272 10 WARNING neutron_lib.context [None req-f255c307-aec4-4d4c-94fb-f21c2993b901 746237dd33974f0a8be1b30171052a1a a0d20c0e59e6412fa0d5da3fcef049fd - - default default] Method 'is_advsvc' is deprecated since 2023.2 release (neutron-lib 3.8.0) and will be removed once support for the old RBAC API policies will be removed from Neutron. Please use method 'is_service_role' instead.
2026-03-04 02:31:28.360 10 INFO neutron.db.segments_db [None req-f255c307-aec4-4d4c-94fb-f21c2993b901 746237dd33974f0a8be1b30171052a1a a0d20c0e59e6412fa0d5da3fcef049fd - - default default] Added segment 80507593-3067-4568-a337-069f5be9e263 of type geneve for network 91823554-a7a5-4261-84dc-9fa6843acdd5
2026-03-04 02:31:28.532 9 WARNING neutron.scheduler.dhcp_agent_scheduler [None req-4d9bb873-69bc-4185-883f-33e9a005c9dd e63f1f726a414012bf71ef1f3be50ee4 bbf079a9ae984c888731b0a43c76a2fe - - default default] No more DHCP agents
2026-03-04 02:31:28.534 9 WARNING neutron.api.rpc.agentnotifiers.dhcp_rpc_agent_api [None req-4d9bb873-69bc-4185-883f-33e9a005c9dd e63f1f726a414012bf71ef1f3be50ee4 bbf079a9ae984c888731b0a43c76a2fe - - default default] Unable to schedule network a9332ac0-0a34-45db-84cb-b409c65c3861: no agents available; will retry on subsequent port and subnet creation events.
2026-03-04 02:31:28.558 10 INFO neutron.db.ovn_revision_numbers_db [None req-f255c307-aec4-4d4c-94fb-f21c2993b901 746237dd33974f0a8be1b30171052a1a a0d20c0e59e6412fa0d5da3fcef049fd - - default default] Successfully bumped revision number for resource 91823554-a7a5-4261-84dc-9fa6843acdd5 (type: networks) to 1
2026-03-04 02:31:28.683 10 INFO neutron.services.segments.plugin [-] Segment 31aba760-6cf3-40d6-9641-c8d86015b462 resource provider aggregate not found
2026-03-04 02:31:28.699 10 INFO neutron.services.segments.plugin [-] Segment 31aba760-6cf3-40d6-9641-c8d86015b462 resource provider aggregate not found
2026-03-04 02:31:28.702 9 INFO neutron.db.ovn_revision_numbers_db [None req-4d9bb873-69bc-4185-883f-33e9a005c9dd e63f1f726a414012bf71ef1f3be50ee4 bbf079a9ae984c888731b0a43c76a2fe - - default default] Successfully bumped revision number for resource e65862ca-8a52-4174-9138-9d38c94964ed (type: ports) to 1
2026-03-04 02:31:28.711 10 INFO neutron.services.segments.plugin [-] Segment 31aba760-6cf3-40d6-9641-c8d86015b462 resource provider not found; error: Placement Client Error (4xx): {"errors": [{"status": 404, "title": "Not Found", "detail": "The resource could not be found.\n\n No resource provider with uuid 31aba760-6cf3-40d6-9641-c8d86015b462 found for delete ", "request_id": "req-4621947d-3830-4aaf-ae16-e5e084e07193"}]}
2026-03-04 02:31:28.714 10 INFO neutron.services.segments.plugin [-] Segment 31aba760-6cf3-40d6-9641-c8d86015b462 resource provider not found; error: Placement Client Error (4xx): {"errors": [{"status": 404, "title": "Not Found", "detail": "The resource could not be found.\n\n No resource provider with uuid 31aba760-6cf3-40d6-9641-c8d86015b462 found for delete ", "request_id": "req-0aa3bc80-039f-4af9-b5a6-8bf42c6efc2e"}]}
2026-03-04 02:31:28.747 10 INFO neutron.wsgi [None req-521aedae-91ac-4d72-9147-573589fe399f bcf2610efd8c4f2eb4e4c30588e3cb2d 79fc3856c9654c3eb86f9a22688279ef - - default default] 10.0.0.179 "DELETE /v2.0/networks/5c0a4633-b510-40f8-a117-c8fabed35df3 HTTP/1.1" status: 204 len: 168 time: 0.5212202
2026-03-04 02:31:28.789 10 WARNING neutron.scheduler.dhcp_agent_scheduler [None req-f255c307-aec4-4d4c-94fb-f21c2993b901 746237dd33974f0a8be1b30171052a1a a0d20c0e59e6412fa0d5da3fcef049fd - - default default] No more DHCP agents
2026-03-04 02:31:28.792 10 WARNING neutron.api.rpc.agentnotifiers.dhcp_rpc_agent_api [None req-f255c307-aec4-4d4c-94fb-f21c2993b901 746237dd33974f0a8be1b30171052a1a a0d20c0e59e6412fa0d5da3fcef049fd - - default default] Unable to schedule network 91823554-a7a5-4261-84dc-9fa6843acdd5: no agents available; will retry on subsequent port and subnet creation events.
2026-03-04 02:31:28.871 10 INFO neutron.db.ovn_revision_numbers_db [None req-f255c307-aec4-4d4c-94fb-f21c2993b901 746237dd33974f0a8be1b30171052a1a a0d20c0e59e6412fa0d5da3fcef049fd - - default default] Successfully bumped revision number for resource d2df916f-b7d1-4519-81fd-0ace7e558a88 (type: ports) to 1
2026-03-04 02:31:28.894 10 INFO neutron.wsgi [None req-f255c307-aec4-4d4c-94fb-f21c2993b901 746237dd33974f0a8be1b30171052a1a a0d20c0e59e6412fa0d5da3fcef049fd - - default default] 10.0.0.179 "POST /v2.0/networks HTTP/1.1" status: 201 len: 842 time: 0.6270466
2026-03-04 02:31:28.994 9 INFO neutron.wsgi [None req-1b4407e9-46f4-439d-8ef1-d26b9499c75f bcf2610efd8c4f2eb4e4c30588e3cb2d 79fc3856c9654c3eb86f9a22688279ef - - default default] 10.0.0.179 "GET /v2.0/security-groups?tenant_id=2ab8cccf85e1499c947d5d6249e66efb&name=default HTTP/1.1" status: 200 len: 2996 time: 0.0731454
2026-03-04 02:31:29.097 10 INFO neutron.db.ovn_revision_numbers_db [None req-5e789226-03f3-42cd-83d2-56239cd79d82 746237dd33974f0a8be1b30171052a1a a0d20c0e59e6412fa0d5da3fcef049fd - - default default] Successfully bumped revision number for resource 91823554-a7a5-4261-84dc-9fa6843acdd5 (type: networks) to 2
2026-03-04 02:31:29.102 10 INFO neutron.wsgi [None req-5e789226-03f3-42cd-83d2-56239cd79d82 746237dd33974f0a8be1b30171052a1a a0d20c0e59e6412fa0d5da3fcef049fd - - default default] 10.0.0.179 "PUT /v2.0/networks/91823554-a7a5-4261-84dc-9fa6843acdd5 HTTP/1.1" status: 200 len: 792 time: 0.1977334
2026-03-04 02:31:29.115 10 WARNING neutron_lib.context [None req-e5f8bb4e-c7da-4df5-af8b-0a00c2a58992 746237dd33974f0a8be1b30171052a1a a0d20c0e59e6412fa0d5da3fcef049fd - - default default] Method 'is_advsvc' is deprecated since 2023.2 release (neutron-lib 3.8.0) and will be removed once support for the old RBAC API policies will be removed from Neutron. Please use method 'is_service_role' instead.
2026-03-04 02:31:29.153 9 INFO neutron.plugins.ml2.drivers.ovn.mech_driver.mech_driver [None req-c7941d8f-798b-4ce2-8866-f4cd2a57569c - - - - - -] OVN reports status up for port: e65862ca-8a52-4174-9138-9d38c94964ed
2026-03-04 02:31:29.353 10 WARNING neutron.scheduler.dhcp_agent_scheduler [None req-e5f8bb4e-c7da-4df5-af8b-0a00c2a58992 746237dd33974f0a8be1b30171052a1a a0d20c0e59e6412fa0d5da3fcef049fd - - default default] No more DHCP agents
2026-03-04 02:31:29.355 10 WARNING neutron.api.rpc.agentnotifiers.dhcp_rpc_agent_api [None req-e5f8bb4e-c7da-4df5-af8b-0a00c2a58992 746237dd33974f0a8be1b30171052a1a a0d20c0e59e6412fa0d5da3fcef049fd - - default default] Unable to schedule network 91823554-a7a5-4261-84dc-9fa6843acdd5: no agents available; will retry on subsequent port and subnet creation events.
2026-03-04 02:31:29.388 9 INFO neutron.plugins.ml2.plugin [None req-c7941d8f-798b-4ce2-8866-f4cd2a57569c - - - - - -] Attempt 1 to provision port e65862ca-8a52-4174-9138-9d38c94964ed
2026-03-04 02:31:29.414 9 INFO neutron.db.ovn_revision_numbers_db [None req-4d9bb873-69bc-4185-883f-33e9a005c9dd e63f1f726a414012bf71ef1f3be50ee4 bbf079a9ae984c888731b0a43c76a2fe - - default default] Successfully bumped revision number for resource e65862ca-8a52-4174-9138-9d38c94964ed (type: router_ports) to 1
2026-03-04 02:31:29.541 9 INFO neutron.wsgi [None req-48fbb6dc-696b-4468-9d8b-a7586c276da8 bcf2610efd8c4f2eb4e4c30588e3cb2d 79fc3856c9654c3eb86f9a22688279ef - - default default] 10.0.0.179 "DELETE /v2.0/security-groups/2da4fa81-dc04-44d5-a064-e12f4ac5fa76 HTTP/1.1" status: 204 len: 168 time: 0.5412967
2026-03-04 02:31:29.624 9 INFO neutron.db.ovn_revision_numbers_db [None req-4d9bb873-69bc-4185-883f-33e9a005c9dd e63f1f726a414012bf71ef1f3be50ee4 bbf079a9ae984c888731b0a43c76a2fe - - default default] Successfully bumped revision number for resource e65862ca-8a52-4174-9138-9d38c94964ed (type: ports) to 1
2026-03-04 02:31:29.726 9 WARNING neutron.scheduler.dhcp_agent_scheduler [None req-4d9bb873-69bc-4185-883f-33e9a005c9dd e63f1f726a414012bf71ef1f3be50ee4 bbf079a9ae984c888731b0a43c76a2fe - - default default] No more DHCP agents
2026-03-04 02:31:29.728 9 WARNING neutron.api.rpc.agentnotifiers.dhcp_rpc_agent_api [None req-4d9bb873-69bc-4185-883f-33e9a005c9dd e63f1f726a414012bf71ef1f3be50ee4 bbf079a9ae984c888731b0a43c76a2fe - - default default] Unable to schedule network a9332ac0-0a34-45db-84cb-b409c65c3861: no agents available; will retry on subsequent port and subnet creation events.
2026-03-04 02:31:29.799 9 INFO neutron.db.ovn_revision_numbers_db [None req-c7941d8f-798b-4ce2-8866-f4cd2a57569c - - - - - -] Successfully bumped revision number for resource e65862ca-8a52-4174-9138-9d38c94964ed (type: ports) to 2
2026-03-04 02:31:29.840 10 INFO neutron.db.ovn_revision_numbers_db [None req-e5f8bb4e-c7da-4df5-af8b-0a00c2a58992 746237dd33974f0a8be1b30171052a1a a0d20c0e59e6412fa0d5da3fcef049fd - - default default] Successfully bumped revision number for resource d2df916f-b7d1-4519-81fd-0ace7e558a88 (type: ports) to 2
2026-03-04 02:31:29.872 10 INFO neutron.db.ovn_revision_numbers_db [None req-e5f8bb4e-c7da-4df5-af8b-0a00c2a58992 746237dd33974f0a8be1b30171052a1a a0d20c0e59e6412fa0d5da3fcef049fd - - default default] Successfully bumped revision number for resource a39b8791-ef58-43d4-97ed-2847a2430073 (type: subnets) to 0
2026-03-04 02:31:29.894 10 INFO neutron.wsgi [None req-e5f8bb4e-c7da-4df5-af8b-0a00c2a58992 746237dd33974f0a8be1b30171052a1a a0d20c0e59e6412fa0d5da3fcef049fd - - default default] 10.0.0.179 "POST /v2.0/subnets HTTP/1.1" status: 201 len: 801 time: 0.7868207
2026-03-04 02:31:29.919 9 INFO neutron.db.ovn_revision_numbers_db [None req-c7941d8f-798b-4ce2-8866-f4cd2a57569c - - - - - -] Successfully bumped revision number for resource e65862ca-8a52-4174-9138-9d38c94964ed (type: router_ports) to 2
2026-03-04 02:31:29.922 9 INFO neutron.db.ovn_revision_numbers_db [None req-4d9bb873-69bc-4185-883f-33e9a005c9dd e63f1f726a414012bf71ef1f3be50ee4 bbf079a9ae984c888731b0a43c76a2fe - - default default] Successfully bumped revision number for resource e65862ca-8a52-4174-9138-9d38c94964ed (type: router_ports) to 2
2026-03-04 02:31:29.924 9 INFO neutron.wsgi [None req-4d9bb873-69bc-4185-883f-33e9a005c9dd e63f1f726a414012bf71ef1f3be50ee4 bbf079a9ae984c888731b0a43c76a2fe - - default default] 10.0.0.179 "PUT /v2.0/routers/7e2cb7c2-8ee1-4d69-9a92-8b4465fb2923/add_router_interface HTTP/1.1" status: 200 len: 503 time: 1.9066637
2026-03-04 02:31:30.061 10 INFO neutron.wsgi [None req-8189520f-8b4d-42b2-8cbb-5a714beec16b e63f1f726a414012bf71ef1f3be50ee4 bbf079a9ae984c888731b0a43c76a2fe - - default default] 10.0.0.179 "GET /v2.0/ports/e65862ca-8a52-4174-9138-9d38c94964ed HTTP/1.1" status: 200 len: 1137 time: 0.1287680
2026-03-04 02:31:30.166 9 INFO neutron.wsgi [None req-61e45e2c-e321-4a0b-8aec-176c8d50bae6 e63f1f726a414012bf71ef1f3be50ee4 bbf079a9ae984c888731b0a43c76a2fe - - default default] 10.0.0.179 "GET /v2.0/ports/e65862ca-8a52-4174-9138-9d38c94964ed HTTP/1.1" status: 200 len: 1137 time: 0.0987456
2026-03-04 02:31:30.254 10 INFO neutron.db.ovn_revision_numbers_db [None req-71a2ba0c-d99d-4e29-8311-632a8528c491 746237dd33974f0a8be1b30171052a1a a0d20c0e59e6412fa0d5da3fcef049fd - - default default] Successfully bumped revision number for resource a39b8791-ef58-43d4-97ed-2847a2430073 (type: subnets) to 1
2026-03-04 02:31:30.259 10 INFO neutron.wsgi [None req-71a2ba0c-d99d-4e29-8311-632a8528c491 746237dd33974f0a8be1b30171052a1a a0d20c0e59e6412fa0d5da3fcef049fd - - default default] 10.0.0.179 "PUT /v2.0/subnets/a39b8791-ef58-43d4-97ed-2847a2430073 HTTP/1.1" status: 200 len: 806 time: 0.3597155
2026-03-04 02:31:31.041 9 INFO neutron.services.segments.plugin [-] Segment 80507593-3067-4568-a337-069f5be9e263 resource provider aggregate not found
2026-03-04 02:31:31.045 9 INFO neutron.services.segments.plugin [-] Segment 80507593-3067-4568-a337-069f5be9e263 resource provider aggregate not found
2026-03-04 02:31:31.089 9 INFO neutron.services.segments.plugin [-] Segment 80507593-3067-4568-a337-069f5be9e263 resource provider not found; error: Placement Client Error (4xx): {"errors": [{"status": 404, "title": "Not Found", "detail": "The resource could not be found.\n\n No resource provider with uuid 80507593-3067-4568-a337-069f5be9e263 found for delete ", "request_id": "req-6bb8175f-3664-4905-9647-906b0bbc425d"}]}
2026-03-04 02:31:31.090 9 INFO neutron.services.segments.plugin [-] Segment 80507593-3067-4568-a337-069f5be9e263 resource provider not found; error: Placement Client Error (4xx): {"errors": [{"status": 404, "title": "Not Found", "detail": "The resource could not be found.\n\n No resource provider with uuid 80507593-3067-4568-a337-069f5be9e263 found for delete ", "request_id": "req-73db171b-b5cb-427f-a700-f9fe0bb7892e"}]}
2026-03-04 02:31:31.110 9 INFO neutron.wsgi [None req-65ac2eef-0f2a-4f40-b0e8-9f288b639339 e63f1f726a414012bf71ef1f3be50ee4 bbf079a9ae984c888731b0a43c76a2fe - - default default] 10.0.0.179 "PUT /v2.0/routers/7e2cb7c2-8ee1-4d69-9a92-8b4465fb2923/remove_router_interface HTTP/1.1" status: 200 len: 503 time: 0.9379854
2026-03-04 02:31:31.136 9 INFO neutron.wsgi [None req-420c2df6-a613-4372-8e20-32fef0813ca2 746237dd33974f0a8be1b30171052a1a a0d20c0e59e6412fa0d5da3fcef049fd - - default default] 10.0.0.179 "DELETE /v2.0/networks/91823554-a7a5-4261-84dc-9fa6843acdd5 HTTP/1.1" status: 204 len: 168 time: 0.8735125
2026-03-04 02:31:31.156 10 INFO neutron.pecan_wsgi.hooks.translation [None req-66e6ca72-e76d-4c46-9e66-287dce1fde01 746237dd33974f0a8be1b30171052a1a a0d20c0e59e6412fa0d5da3fcef049fd - - default default] DELETE failed (client error): The resource could not be found.
2026-03-04 02:31:31.159 10 INFO neutron.wsgi [None req-66e6ca72-e76d-4c46-9e66-287dce1fde01 746237dd33974f0a8be1b30171052a1a a0d20c0e59e6412fa0d5da3fcef049fd - - default default] 10.0.0.179 "DELETE /v2.0/networks/91823554-a7a5-4261-84dc-9fa6843acdd5 HTTP/1.1" status: 404 len: 339 time: 0.0168090 /var/lib/openstack/lib/python3.10/site-packages/pycadf/identifier.py:71: UserWarning: Invalid uuid: neutron. To ensure interoperability, identifiers should be a valid uuid. warnings.warn(('Invalid uuid: %s. To ensure interoperability, '
2026-03-04 02:31:31.217 10 INFO neutron.wsgi [None req-9b234357-661a-4b82-98fe-a73064900ec7 e63f1f726a414012bf71ef1f3be50ee4 bbf079a9ae984c888731b0a43c76a2fe - - default default] 10.0.0.179 "GET /v2.0/ports/27fe908a-e28f-4792-8568-110fc843c3db HTTP/1.1" status: 200 len: 1137 time: 0.1034641
2026-03-04 02:31:31.289 9 INFO neutron.wsgi [None req-3132efaa-f4aa-4ffe-b96c-374cf0afb603 746237dd33974f0a8be1b30171052a1a a0d20c0e59e6412fa0d5da3fcef049fd - - default default] 10.0.0.179 "GET /v2.0/networks?router%3Aexternal=True HTTP/1.1" status: 200 len: 845 time: 0.1225367
2026-03-04 02:31:31.343 9 INFO neutron.wsgi [None req-06f7a42c-d707-43ca-913b-5e74be98b0b6 746237dd33974f0a8be1b30171052a1a a0d20c0e59e6412fa0d5da3fcef049fd - - default default] 10.0.0.179 "GET /v2.0/subnets?network_id=23d00f21-e629-4a10-9f63-09857d39d79a HTTP/1.1" status: 200 len: 820 time: 0.0476966
2026-03-04 02:31:31.354 9 INFO neutron.wsgi [None req-a960a5de-7d6a-4c9d-8e56-f9f1fe2a16ea 746237dd33974f0a8be1b30171052a1a a0d20c0e59e6412fa0d5da3fcef049fd - - default default] 10.0.0.179 "GET /v2.0/extensions HTTP/1.1" status: 200 len: 16975 time: 0.0063241
2026-03-04 02:31:31.455 9 INFO neutron.wsgi [None req-1bece81b-f5d2-4c4d-827b-54052145c682 746237dd33974f0a8be1b30171052a1a a0d20c0e59e6412fa0d5da3fcef049fd - - default default] 10.0.0.179 "GET /v2.0/networks HTTP/1.1" status: 200 len: 1503 time: 0.0957556
2026-03-04 02:31:31.500 9 INFO neutron.wsgi [None req-2bb2c532-154f-4aae-85ba-e46a1fd61d63 746237dd33974f0a8be1b30171052a1a a0d20c0e59e6412fa0d5da3fcef049fd - - default default] 10.0.0.179 "GET /v2.0/subnets HTTP/1.1" status: 200 len: 1428 time: 0.0385377
2026-03-04 02:31:31.578 9 INFO neutron.wsgi [None req-136af5f6-912c-4a6a-ac1a-1881ea7283c7 746237dd33974f0a8be1b30171052a1a a0d20c0e59e6412fa0d5da3fcef049fd - - default default] 10.0.0.179 "GET /v2.0/networks/a906f790-9a5a-465d-99c5-def0fe099b29 HTTP/1.1" status: 200 len: 862 time: 0.0729563
2026-03-04 02:31:31.615 9 INFO neutron.wsgi [None req-827eb0c6-13bb-4fba-96ea-c7f495b5e60d 746237dd33974f0a8be1b30171052a1a a0d20c0e59e6412fa0d5da3fcef049fd - - default default] 10.0.0.179 "GET /v2.0/subnets/d179238f-66f6-4d08-8597-b574af396ae6 HTTP/1.1" status: 200 len: 811 time: 0.0320773
2026-03-04 02:31:31.640 9 INFO neutron.pecan_wsgi.hooks.translation [None req-d7144324-4b32-4ef3-bb91-24ad75ca7817 746237dd33974f0a8be1b30171052a1a a0d20c0e59e6412fa0d5da3fcef049fd - - default default] DELETE failed (client error): The resource could not be found.
2026-03-04 02:31:31.643 9 INFO neutron.wsgi [None req-d7144324-4b32-4ef3-bb91-24ad75ca7817 746237dd33974f0a8be1b30171052a1a a0d20c0e59e6412fa0d5da3fcef049fd - - default default] 10.0.0.179 "DELETE /v2.0/subnets/a39b8791-ef58-43d4-97ed-2847a2430073 HTTP/1.1" status: 404 len: 337 time: 0.0216517
2026-03-04 02:31:31.660 9 INFO neutron.pecan_wsgi.hooks.translation [None req-d5368496-729c-449f-b449-b31ed4ae0968 746237dd33974f0a8be1b30171052a1a a0d20c0e59e6412fa0d5da3fcef049fd - - default default] DELETE failed (client error): The resource could not be found.
2026-03-04 02:31:31.662 9 INFO neutron.wsgi [None req-d5368496-729c-449f-b449-b31ed4ae0968 746237dd33974f0a8be1b30171052a1a a0d20c0e59e6412fa0d5da3fcef049fd - - default default] 10.0.0.179 "DELETE /v2.0/networks/91823554-a7a5-4261-84dc-9fa6843acdd5 HTTP/1.1" status: 404 len: 339 time: 0.0144813
2026-03-04 02:31:31.928 10 INFO neutron.wsgi [None req-066b6111-8aa7-4f27-8c1a-9f09bbd7e1cf 746237dd33974f0a8be1b30171052a1a a0d20c0e59e6412fa0d5da3fcef049fd - - default default] 10.0.0.179 "DELETE /v2.0/subnets/d179238f-66f6-4d08-8597-b574af396ae6 HTTP/1.1" status: 204 len: 168 time: 0.2617857
2026-03-04 02:31:32.208 10 INFO neutron.wsgi [None req-97579e36-c521-4e9e-83ca-bac99647386f e63f1f726a414012bf71ef1f3be50ee4 bbf079a9ae984c888731b0a43c76a2fe - - default default] 10.0.0.179 "PUT /v2.0/routers/7e2cb7c2-8ee1-4d69-9a92-8b4465fb2923/remove_router_interface HTTP/1.1" status: 200 len: 503 time: 0.9855433 /var/lib/openstack/lib/python3.10/site-packages/pycadf/identifier.py:71: UserWarning: Invalid uuid: neutron. To ensure interoperability, identifiers should be a valid uuid. warnings.warn(('Invalid uuid: %s. To ensure interoperability, '
2026-03-04 02:31:32.241 10 INFO neutron.wsgi [None req-bbaffa55-d249-4bbb-93de-f5580ee08a9c e63f1f726a414012bf71ef1f3be50ee4 bbf079a9ae984c888731b0a43c76a2fe - - default default] 10.0.0.179 "GET /v2.0/ports?device_id=7e2cb7c2-8ee1-4d69-9a92-8b4465fb2923 HTTP/1.1" status: 200 len: 205 time: 0.0293574
2026-03-04 02:31:32.379 9 INFO neutron.wsgi [None req-2a0d6fec-cd81-4cdd-9daa-c3ce96e38f1f 746237dd33974f0a8be1b30171052a1a a0d20c0e59e6412fa0d5da3fcef049fd - - default default] 10.0.0.179 "DELETE /v2.0/networks/a906f790-9a5a-465d-99c5-def0fe099b29 HTTP/1.1" status: 204 len: 168 time: 0.4446623
2026-03-04 02:31:32.560 10 INFO neutron.wsgi [None req-7c2cf093-3f1a-4fef-b4cf-04509c88524c e63f1f726a414012bf71ef1f3be50ee4 bbf079a9ae984c888731b0a43c76a2fe - - default default] 10.0.0.179 "DELETE /v2.0/routers/7e2cb7c2-8ee1-4d69-9a92-8b4465fb2923 HTTP/1.1" status: 204 len: 168 time: 0.3107855
2026-03-04 02:31:32.795 9 INFO neutron.db.ovn_revision_numbers_db [None req-ec4e33e8-d667-4b4e-9d86-84d9e7aebf70 bcf2610efd8c4f2eb4e4c30588e3cb2d 79fc3856c9654c3eb86f9a22688279ef - - default default] Successfully bumped revision number for resource a36dcbcf-a3e4-445e-a9a1-d476e61cb1e8 (type: security_groups) to 1
2026-03-04 02:31:32.814 9 INFO neutron.wsgi [None req-10118163-eeb4-448d-aef9-1163a74cf35e e63f1f726a414012bf71ef1f3be50ee4 bbf079a9ae984c888731b0a43c76a2fe - - default default] 10.0.0.179 "DELETE /v2.0/subnets/ffbfbab8-49d5-44df-9b94-7b4fc363d1e0 HTTP/1.1" status: 204 len: 168 time: 0.2483771
2026-03-04 02:31:32.825 9 INFO neutron.db.ovn_revision_numbers_db [None req-ec4e33e8-d667-4b4e-9d86-84d9e7aebf70 bcf2610efd8c4f2eb4e4c30588e3cb2d 79fc3856c9654c3eb86f9a22688279ef - - default default] Successfully bumped revision number for resource 28ed01ed-1e5f-4a4b-b57f-874ef1b40a8f (type: security_group_rules) to 0
2026-03-04 02:31:32.969 10 INFO neutron.wsgi [None req-80d0da7e-5727-4a5a-af57-1c194a3fbcc7 bcf2610efd8c4f2eb4e4c30588e3cb2d 79fc3856c9654c3eb86f9a22688279ef - - default default] 10.0.0.179 "GET /v2.0/security-groups?tenant_id=a0d20c0e59e6412fa0d5da3fcef049fd&name=default HTTP/1.1" status: 200 len: 2996 time: 0.1674693
2026-03-04 02:31:33.146 10 WARNING neutron.plugins.ml2.drivers.ovn.mech_driver.ovsdb.ovn_client [None req-bb7dfab9-54d8-433b-91ad-d2fed24618f7 - - - - - -] No port found with ID 27fe908a-e28f-4792-8568-110fc843c3db: RuntimeError: No port found with ID 27fe908a-e28f-4792-8568-110fc843c3db
2026-03-04 02:31:33.194 10 INFO neutron.wsgi [None req-52555083-dca0-4c0b-9c2c-ba84ddd34931 bcf2610efd8c4f2eb4e4c30588e3cb2d 79fc3856c9654c3eb86f9a22688279ef - - default default] 10.0.0.179 "DELETE /v2.0/security-groups/885d8988-24e7-498c-8f7f-a6f8fad7401f HTTP/1.1" status: 204 len: 168 time: 0.2201481
2026-03-04 02:31:33.344 9 INFO neutron.db.ovn_revision_numbers_db [None req-ec4e33e8-d667-4b4e-9d86-84d9e7aebf70 bcf2610efd8c4f2eb4e4c30588e3cb2d 79fc3856c9654c3eb86f9a22688279ef - - default default] Successfully bumped revision number for resource 45cbcefe-3dc9-4c87-bfdc-ad1d8ecfce20 (type: security_group_rules) to 0
2026-03-04 02:31:33.350 9 INFO neutron.services.segments.plugin [-] Segment 4f0eab4b-f866-43e1-a127-683d51b0ee48 resource provider aggregate not found
2026-03-04 02:31:33.357 9 INFO neutron.services.segments.plugin [-] Segment 4f0eab4b-f866-43e1-a127-683d51b0ee48 resource provider aggregate not found
2026-03-04 02:31:33.378 9 INFO neutron.services.segments.plugin [-] Segment 4f0eab4b-f866-43e1-a127-683d51b0ee48 resource provider not found; error: Placement Client Error (4xx): {"errors": [{"status": 404, "title": "Not Found", "detail": "The resource could not be found.\n\n No resource provider with uuid 4f0eab4b-f866-43e1-a127-683d51b0ee48 found for delete ", "request_id": "req-7f672933-a367-4196-b8f6-d93efddf26d3"}]}
2026-03-04 02:31:33.379 9 INFO neutron.services.segments.plugin [-] Segment 4f0eab4b-f866-43e1-a127-683d51b0ee48 resource provider not found; error: Placement Client Error (4xx): {"errors": [{"status": 404, "title": "Not Found", "detail": "The resource could not be found.\n\n No resource provider with uuid 4f0eab4b-f866-43e1-a127-683d51b0ee48 found for delete ", "request_id": "req-2eaa84ad-5e89-46d4-8349-9a8b482cdb85"}]}
2026-03-04 02:31:33.385 9 INFO neutron.db.ovn_revision_numbers_db [None req-ec4e33e8-d667-4b4e-9d86-84d9e7aebf70 bcf2610efd8c4f2eb4e4c30588e3cb2d 79fc3856c9654c3eb86f9a22688279ef - - default default] Successfully bumped revision number for resource 606b29b0-9b25-42c5-af8c-05b34271429a (type: security_group_rules) to 0
2026-03-04 02:31:33.416 9 INFO neutron.db.ovn_revision_numbers_db [None req-ec4e33e8-d667-4b4e-9d86-84d9e7aebf70 bcf2610efd8c4f2eb4e4c30588e3cb2d 79fc3856c9654c3eb86f9a22688279ef - - default default] Successfully bumped revision number for resource 670c396d-219b-4d4b-b010-1c9bf4611420 (type: security_group_rules) to 0
2026-03-04 02:31:33.449 9 INFO neutron.wsgi [None req-ec4e33e8-d667-4b4e-9d86-84d9e7aebf70 bcf2610efd8c4f2eb4e4c30588e3cb2d 79fc3856c9654c3eb86f9a22688279ef - - default default] 10.0.0.179 "GET /v2.0/security-groups?tenant_id=50f7151e983041a9ad1a7f57ffec5482&name=default HTTP/1.1" status: 200 len: 2996 time: 1.0625050
2026-03-04 02:31:33.653 9 INFO neutron.wsgi [None req-4304eaa8-d641-4555-848a-6d09208721a6 e63f1f726a414012bf71ef1f3be50ee4 bbf079a9ae984c888731b0a43c76a2fe - - default default] 10.0.0.179 "DELETE /v2.0/subnets/876ef1ac-2e01-404c-ad1d-7d24f6224329 HTTP/1.1" status: 204 len: 168 time: 0.8348110
2026-03-04 02:31:33.810 10 INFO neutron.wsgi [-] 10.0.0.220 "GET / HTTP/1.1" status: 200 len: 247 time: 0.0014257
2026-03-04 02:31:33.811 9 INFO neutron.wsgi [None req-d00c7483-a91d-46b7-ab74-f1afb7c8b4f8 bcf2610efd8c4f2eb4e4c30588e3cb2d 79fc3856c9654c3eb86f9a22688279ef - - default default] 10.0.0.179 "DELETE /v2.0/security-groups/a36dcbcf-a3e4-445e-a9a1-d476e61cb1e8 HTTP/1.1" status: 204 len: 168 time: 0.3539469
2026-03-04 02:31:33.812 10 INFO neutron.wsgi [-] 10.0.0.220 "GET / HTTP/1.1" status: 200 len: 247 time: 0.0015936
2026-03-04 02:31:34.118 10 INFO neutron.services.segments.plugin [-] Segment c2aaabc1-3fb3-4f51-a4e5-490673212035 resource provider aggregate not found
2026-03-04 02:31:34.122 10 INFO neutron.services.segments.plugin [-] Segment c2aaabc1-3fb3-4f51-a4e5-490673212035 resource provider aggregate not found
2026-03-04 02:31:34.140 10 INFO neutron.services.segments.plugin [-] Segment c2aaabc1-3fb3-4f51-a4e5-490673212035 resource provider not found; error: Placement Client Error (4xx): {"errors": [{"status": 404, "title": "Not Found", "detail": "The resource could not be found.\n\n No resource provider with uuid c2aaabc1-3fb3-4f51-a4e5-490673212035 found for delete ", "request_id": "req-93127b7b-4175-40e2-be2b-0220404ed97b"}]}
2026-03-04 02:31:34.144 10 INFO neutron.services.segments.plugin [-] Segment c2aaabc1-3fb3-4f51-a4e5-490673212035 resource provider not found; error: Placement Client Error (4xx): {"errors": [{"status": 404, "title": "Not Found", "detail": "The resource could not be found.\n\n No resource provider with uuid c2aaabc1-3fb3-4f51-a4e5-490673212035 found for delete ", "request_id": "req-da6d8371-9b7a-453d-b789-70d67d155ab9"}]}
2026-03-04 02:31:34.160 10 INFO neutron.wsgi [None req-fb2f13b1-afde-4d46-b363-b8c8f2bf0cef e63f1f726a414012bf71ef1f3be50ee4 bbf079a9ae984c888731b0a43c76a2fe - - default default] 10.0.0.179 "DELETE /v2.0/networks/a9332ac0-0a34-45db-84cb-b409c65c3861 HTTP/1.1" status: 204 len: 168 time: 0.5003059
2026-03-04 02:31:34.577 10 INFO neutron.wsgi [None req-7ab197da-7f1f-4ecc-81c2-08473479dc06 e63f1f726a414012bf71ef1f3be50ee4 bbf079a9ae984c888731b0a43c76a2fe - - default default] 10.0.0.179 "DELETE /v2.0/networks/f74dc458-d004-49ab-aa08-813eda4fb296 HTTP/1.1" status: 204 len: 168 time: 0.4121966
2026-03-04 02:31:34.596 9 WARNING neutron_lib.context [None req-13d1b8f9-1c2e-4c17-af2a-12cb20ddbf84 e63f1f726a414012bf71ef1f3be50ee4 bbf079a9ae984c888731b0a43c76a2fe - - default default] Method 'is_advsvc' is deprecated since 2023.2 release (neutron-lib 3.8.0) and will be removed once support for the old RBAC API policies will be removed from Neutron. Please use method 'is_service_role' instead.
2026-03-04 02:31:34.682 9 INFO neutron.db.segments_db [None req-13d1b8f9-1c2e-4c17-af2a-12cb20ddbf84 e63f1f726a414012bf71ef1f3be50ee4 bbf079a9ae984c888731b0a43c76a2fe - - default default] Added segment 0ced646d-1687-48e7-b97d-590bdd838c36 of type geneve for network a4eb6949-aead-49df-8f66-8a39a2562f19
2026-03-04 02:31:34.845 9 INFO neutron.db.ovn_revision_numbers_db [None req-13d1b8f9-1c2e-4c17-af2a-12cb20ddbf84 e63f1f726a414012bf71ef1f3be50ee4 bbf079a9ae984c888731b0a43c76a2fe - - default default] Successfully bumped revision number for resource a4eb6949-aead-49df-8f66-8a39a2562f19 (type: networks) to 1
2026-03-04 02:31:34.926 9 WARNING neutron.plugins.ml2.drivers.ovn.mech_driver.ovsdb.ovn_client [None req-c7941d8f-798b-4ce2-8866-f4cd2a57569c - - - - - -] No port found with ID e65862ca-8a52-4174-9138-9d38c94964ed: RuntimeError: No port found with ID e65862ca-8a52-4174-9138-9d38c94964ed
2026-03-04 02:31:35.041 9 WARNING neutron.scheduler.dhcp_agent_scheduler [None req-13d1b8f9-1c2e-4c17-af2a-12cb20ddbf84 e63f1f726a414012bf71ef1f3be50ee4 bbf079a9ae984c888731b0a43c76a2fe - - default default] No more DHCP agents
2026-03-04 02:31:35.043 9 WARNING neutron.api.rpc.agentnotifiers.dhcp_rpc_agent_api [None req-13d1b8f9-1c2e-4c17-af2a-12cb20ddbf84 e63f1f726a414012bf71ef1f3be50ee4 bbf079a9ae984c888731b0a43c76a2fe - - default default] Unable to schedule network a4eb6949-aead-49df-8f66-8a39a2562f19: no agents available; will retry on subsequent port and subnet creation events.
2026-03-04 02:31:35.137 9 INFO neutron.db.ovn_revision_numbers_db [None req-13d1b8f9-1c2e-4c17-af2a-12cb20ddbf84 e63f1f726a414012bf71ef1f3be50ee4 bbf079a9ae984c888731b0a43c76a2fe - - default default] Successfully bumped revision number for resource a670ae5a-3322-4ca1-a21e-c083c3377ce2 (type: ports) to 1
2026-03-04 02:31:35.151 10 WARNING neutron_lib.context [None req-5d404128-469c-4773-befc-86832a237fee 858efdd7a2c74c2ab99483ee94a4c71b 878f432fffc74e83afd5f6a97243280e - - default default] Method 'is_advsvc' is deprecated since 2023.2 release (neutron-lib 3.8.0) and will be removed once support for the old RBAC API policies will be removed from Neutron. Please use method 'is_service_role' instead.
2026-03-04 02:31:35.166 9 INFO neutron.wsgi [None req-13d1b8f9-1c2e-4c17-af2a-12cb20ddbf84 e63f1f726a414012bf71ef1f3be50ee4 bbf079a9ae984c888731b0a43c76a2fe - - default default] 10.0.0.179 "POST /v2.0/networks HTTP/1.1" status: 201 len: 829 time: 0.5773010
2026-03-04 02:31:35.178 9 WARNING neutron_lib.context [None req-db8c8a92-e4c8-4396-8c25-b75b1773be4d e63f1f726a414012bf71ef1f3be50ee4 bbf079a9ae984c888731b0a43c76a2fe - - default default] Method 'is_advsvc' is deprecated since 2023.2 release (neutron-lib 3.8.0) and will be removed once support for the old RBAC API policies will be removed from Neutron. Please use method 'is_service_role' instead.
2026-03-04 02:31:35.271 10 INFO neutron.db.ovn_revision_numbers_db [None req-5d404128-469c-4773-befc-86832a237fee 858efdd7a2c74c2ab99483ee94a4c71b 878f432fffc74e83afd5f6a97243280e - - default default] Successfully bumped revision number for resource a60d13cf-e00f-4a92-981e-99d4448c2d34 (type: security_groups) to 1
2026-03-04 02:31:35.284 10 INFO neutron.db.ovn_revision_numbers_db [None req-5d404128-469c-4773-befc-86832a237fee 858efdd7a2c74c2ab99483ee94a4c71b 878f432fffc74e83afd5f6a97243280e - - default default] Successfully bumped revision number for resource 3542993b-d6a5-4bb0-a430-27944fe937b8 (type: security_group_rules) to 0
2026-03-04 02:31:35.300 10 INFO neutron.db.ovn_revision_numbers_db [None req-5d404128-469c-4773-befc-86832a237fee 858efdd7a2c74c2ab99483ee94a4c71b 878f432fffc74e83afd5f6a97243280e - - default default] Successfully bumped revision number for resource 469ecc73-3c0e-4bcf-982e-7aefe3232253 (type: security_group_rules) to 0
2026-03-04 02:31:35.315 10 INFO neutron.db.ovn_revision_numbers_db [None req-5d404128-469c-4773-befc-86832a237fee 858efdd7a2c74c2ab99483ee94a4c71b 878f432fffc74e83afd5f6a97243280e - - default default] Successfully bumped revision number for resource a866e46b-0f5f-45a1-a1b3-d955065b50d5 (type: security_group_rules) to 0
2026-03-04 02:31:35.329 10 INFO neutron.db.ovn_revision_numbers_db [None req-5d404128-469c-4773-befc-86832a237fee 858efdd7a2c74c2ab99483ee94a4c71b 878f432fffc74e83afd5f6a97243280e - - default default] Successfully bumped revision number for resource d2993276-d4e3-436b-bd7c-d72a95f9df7f (type: security_group_rules) to 0
2026-03-04 02:31:35.386 10 INFO neutron.db.segments_db [None req-5d404128-469c-4773-befc-86832a237fee 858efdd7a2c74c2ab99483ee94a4c71b 878f432fffc74e83afd5f6a97243280e - - default default] Added segment dc8b0103-481e-4a1a-b33e-7c51670ac539 of type geneve for network 98ab03ba-32e4-4fdf-99c8-e972f0c7d8b3
2026-03-04 02:31:35.419 9 WARNING neutron.scheduler.dhcp_agent_scheduler [None req-db8c8a92-e4c8-4396-8c25-b75b1773be4d e63f1f726a414012bf71ef1f3be50ee4 bbf079a9ae984c888731b0a43c76a2fe - - default default] No more DHCP agents
2026-03-04 02:31:35.422 9 WARNING neutron.api.rpc.agentnotifiers.dhcp_rpc_agent_api [None req-db8c8a92-e4c8-4396-8c25-b75b1773be4d e63f1f726a414012bf71ef1f3be50ee4 bbf079a9ae984c888731b0a43c76a2fe - - default default] Unable to schedule network a4eb6949-aead-49df-8f66-8a39a2562f19: no agents available; will retry on subsequent port and subnet creation events.
2026-03-04 02:31:35.579 10 INFO neutron.db.ovn_revision_numbers_db [None req-5d404128-469c-4773-befc-86832a237fee 858efdd7a2c74c2ab99483ee94a4c71b 878f432fffc74e83afd5f6a97243280e - - default default] Successfully bumped revision number for resource 98ab03ba-32e4-4fdf-99c8-e972f0c7d8b3 (type: networks) to 1
2026-03-04 02:31:35.762 10 WARNING neutron.scheduler.dhcp_agent_scheduler [None req-5d404128-469c-4773-befc-86832a237fee 858efdd7a2c74c2ab99483ee94a4c71b 878f432fffc74e83afd5f6a97243280e - - default default] No more DHCP agents
2026-03-04 02:31:35.764 10 WARNING neutron.api.rpc.agentnotifiers.dhcp_rpc_agent_api [None req-5d404128-469c-4773-befc-86832a237fee 858efdd7a2c74c2ab99483ee94a4c71b 878f432fffc74e83afd5f6a97243280e - - default default] Unable to schedule network 98ab03ba-32e4-4fdf-99c8-e972f0c7d8b3: no agents available; will retry on subsequent port and subnet creation events.
2026-03-04 02:31:35.860 10 INFO neutron.db.ovn_revision_numbers_db [None req-5d404128-469c-4773-befc-86832a237fee 858efdd7a2c74c2ab99483ee94a4c71b 878f432fffc74e83afd5f6a97243280e - - default default] Successfully bumped revision number for resource d53f61ba-a0f9-405d-be5a-2afb7f209945 (type: ports) to 1
2026-03-04 02:31:35.879 10 INFO neutron.wsgi [None req-5d404128-469c-4773-befc-86832a237fee 858efdd7a2c74c2ab99483ee94a4c71b 878f432fffc74e83afd5f6a97243280e - - default default] 10.0.0.179 "POST /v2.0/networks HTTP/1.1" status: 201 len: 843 time: 0.9272492
2026-03-04 02:31:35.887 10 WARNING neutron_lib.context [None req-8ac33ab1-0137-4b55-a475-76020fff9307 858efdd7a2c74c2ab99483ee94a4c71b 878f432fffc74e83afd5f6a97243280e - - default default] Method 'is_advsvc' is deprecated since 2023.2 release (neutron-lib 3.8.0) and will be removed once support for the old RBAC API policies will be removed from Neutron. Please use method 'is_service_role' instead.
2026-03-04 02:31:35.938 9 INFO neutron.db.ovn_revision_numbers_db [None req-db8c8a92-e4c8-4396-8c25-b75b1773be4d e63f1f726a414012bf71ef1f3be50ee4 bbf079a9ae984c888731b0a43c76a2fe - - default default] Successfully bumped revision number for resource a670ae5a-3322-4ca1-a21e-c083c3377ce2 (type: ports) to 2
2026-03-04 02:31:35.973 9 INFO neutron.db.ovn_revision_numbers_db [None req-db8c8a92-e4c8-4396-8c25-b75b1773be4d e63f1f726a414012bf71ef1f3be50ee4 bbf079a9ae984c888731b0a43c76a2fe - - default default] Successfully bumped revision number for resource 4bdfa727-0901-49b7-bd42-4e1a818f5d86 (type: subnets) to 0
2026-03-04 02:31:35.973 15 INFO neutron.plugins.ml2.drivers.ovn.mech_driver.ovsdb.maintenance [None req-434b419e-9ad6-4d90-a069-4f134f9f3e93 - - - - - -] Maintenance task: Synchronization finished (took 0.84 seconds)
2026-03-04 02:31:35.989 9 INFO neutron.wsgi [None req-db8c8a92-e4c8-4396-8c25-b75b1773be4d e63f1f726a414012bf71ef1f3be50ee4 bbf079a9ae984c888731b0a43c76a2fe - - default default] 10.0.0.179 "POST /v2.0/subnets HTTP/1.1" status: 201 len: 801 time: 0.8165739
2026-03-04 02:31:36.005 10 WARNING neutron_lib.context [None req-26aa37f2-b004-40f7-beaa-e04829eeef0d e63f1f726a414012bf71ef1f3be50ee4 bbf079a9ae984c888731b0a43c76a2fe - - default default] Method 'is_advsvc' is deprecated since 2023.2 release (neutron-lib 3.8.0) and will be removed once support for the old RBAC API policies will be removed from Neutron. Please use method 'is_service_role' instead.
2026-03-04 02:31:36.173 10 INFO neutron.services.segments.plugin [-] Segment af7f6616-21b3-40e3-89d0-a0ebae4a9f80 resource provider aggregate not found
2026-03-04 02:31:36.180 10 INFO neutron.services.segments.plugin [-] Segment af7f6616-21b3-40e3-89d0-a0ebae4a9f80 resource provider aggregate not found
2026-03-04 02:31:36.189 10 INFO neutron.services.segments.plugin [-] Segment af7f6616-21b3-40e3-89d0-a0ebae4a9f80 resource provider not found; error: Placement Client Error (4xx): {"errors": [{"status": 404, "title": "Not Found", "detail": "The resource could not be found.\n\n No resource provider with uuid af7f6616-21b3-40e3-89d0-a0ebae4a9f80 found for delete ", "request_id": "req-60b36ef9-a703-4b38-9f96-293652a80bbe"}]}
2026-03-04 02:31:36.207 10 INFO neutron.services.segments.plugin [-] Segment af7f6616-21b3-40e3-89d0-a0ebae4a9f80 resource provider not found; error: Placement Client Error (4xx): {"errors": [{"status": 404, "title": "Not Found", "detail": "The resource could not be found.\n\n No resource provider with uuid af7f6616-21b3-40e3-89d0-a0ebae4a9f80 found for delete ", "request_id": "req-c2ff81ab-c6ff-4147-9f27-d7c44944162a"}]}
2026-03-04 02:31:36.248 10 INFO neutron.db.ovn_revision_numbers_db [None req-26aa37f2-b004-40f7-beaa-e04829eeef0d e63f1f726a414012bf71ef1f3be50ee4 bbf079a9ae984c888731b0a43c76a2fe - - default default] Successfully bumped revision number for resource fbcb06ab-2740-4dd6-8309-28ab2c91cca1 (type: routers) to 1
2026-03-04 02:31:36.262 10 WARNING neutron.scheduler.dhcp_agent_scheduler [None req-8ac33ab1-0137-4b55-a475-76020fff9307 858efdd7a2c74c2ab99483ee94a4c71b 878f432fffc74e83afd5f6a97243280e - - default default] No more DHCP agents
2026-03-04 02:31:36.266 10 INFO neutron.wsgi [None req-26aa37f2-b004-40f7-beaa-e04829eeef0d e63f1f726a414012bf71ef1f3be50ee4 bbf079a9ae984c888731b0a43c76a2fe - - default default] 10.0.0.179 "POST /v2.0/routers HTTP/1.1" status: 201 len: 686 time: 0.2717991
2026-03-04 02:31:36.266 10 WARNING neutron.api.rpc.agentnotifiers.dhcp_rpc_agent_api [None req-8ac33ab1-0137-4b55-a475-76020fff9307 858efdd7a2c74c2ab99483ee94a4c71b 878f432fffc74e83afd5f6a97243280e - - default default] Unable to schedule network 98ab03ba-32e4-4fdf-99c8-e972f0c7d8b3: no agents available; will retry on subsequent port and subnet creation events.
2026-03-04 02:31:36.275 9 WARNING neutron_lib.context [None req-58bc2d59-ea5a-4346-a68a-dbf63334f1c4 e63f1f726a414012bf71ef1f3be50ee4 bbf079a9ae984c888731b0a43c76a2fe - - default default] Method 'is_advsvc' is deprecated since 2023.2 release (neutron-lib 3.8.0) and will be removed once support for the old RBAC API policies will be removed from Neutron. Please use method 'is_service_role' instead.
2026-03-04 02:31:36.349 10 INFO neutron.db.ovn_revision_numbers_db [None req-8ac33ab1-0137-4b55-a475-76020fff9307 858efdd7a2c74c2ab99483ee94a4c71b 878f432fffc74e83afd5f6a97243280e - - default default] Successfully bumped revision number for resource 2ab18698-c94d-4841-a399-d1438edfa82b (type: ports) to 1
2026-03-04 02:31:36.374 10 INFO neutron.wsgi [None req-8ac33ab1-0137-4b55-a475-76020fff9307 858efdd7a2c74c2ab99483ee94a4c71b 878f432fffc74e83afd5f6a97243280e - - default default] 10.0.0.179 "POST /v2.0/ports HTTP/1.1" status: 201 len: 974 time: 0.4910936
2026-03-04 02:31:36.384 9 WARNING neutron_lib.context [None req-4f640008-ef58-4a2a-ba51-ff5457441da2 858efdd7a2c74c2ab99483ee94a4c71b 878f432fffc74e83afd5f6a97243280e - - default default] Method 'is_advsvc' is deprecated since 2023.2 release (neutron-lib 3.8.0) and will be removed once support for the old RBAC API policies will be removed from Neutron. Please use method 'is_service_role' instead.
2026-03-04 02:31:36.477 9 INFO neutron.db.segments_db [None req-4f640008-ef58-4a2a-ba51-ff5457441da2 858efdd7a2c74c2ab99483ee94a4c71b 878f432fffc74e83afd5f6a97243280e - - default default] Added segment 6b8bd53f-b4ac-4622-bee5-ba409a2b80bb of type geneve for network 1f8917c0-6b3b-403a-8b49-8e3fa854c912
2026-03-04 02:31:36.649 9 INFO neutron.db.ovn_revision_numbers_db [None req-4f640008-ef58-4a2a-ba51-ff5457441da2 858efdd7a2c74c2ab99483ee94a4c71b 878f432fffc74e83afd5f6a97243280e - - default default] Successfully bumped revision number for resource 1f8917c0-6b3b-403a-8b49-8e3fa854c912 (type: networks) to 1
2026-03-04 02:31:36.684 9 WARNING neutron.scheduler.dhcp_agent_scheduler [None req-58bc2d59-ea5a-4346-a68a-dbf63334f1c4 e63f1f726a414012bf71ef1f3be50ee4 bbf079a9ae984c888731b0a43c76a2fe - - default default] No more DHCP agents
2026-03-04 02:31:36.687 9 WARNING neutron.api.rpc.agentnotifiers.dhcp_rpc_agent_api [None req-58bc2d59-ea5a-4346-a68a-dbf63334f1c4 e63f1f726a414012bf71ef1f3be50ee4 bbf079a9ae984c888731b0a43c76a2fe - - default default] Unable to schedule network a4eb6949-aead-49df-8f66-8a39a2562f19: no agents available; will retry on subsequent port and subnet creation events.
2026-03-04 02:31:36.925 9 WARNING neutron.scheduler.dhcp_agent_scheduler [None req-4f640008-ef58-4a2a-ba51-ff5457441da2 858efdd7a2c74c2ab99483ee94a4c71b 878f432fffc74e83afd5f6a97243280e - - default default] No more DHCP agents
2026-03-04 02:31:36.932 9 WARNING neutron.api.rpc.agentnotifiers.dhcp_rpc_agent_api [None req-4f640008-ef58-4a2a-ba51-ff5457441da2 858efdd7a2c74c2ab99483ee94a4c71b 878f432fffc74e83afd5f6a97243280e - - default default] Unable to schedule network 1f8917c0-6b3b-403a-8b49-8e3fa854c912: no agents available; will retry on subsequent port and subnet creation events.
2026-03-04 02:31:36.952 9 INFO neutron.db.ovn_revision_numbers_db [None req-58bc2d59-ea5a-4346-a68a-dbf63334f1c4 e63f1f726a414012bf71ef1f3be50ee4 bbf079a9ae984c888731b0a43c76a2fe - - default default] Successfully bumped revision number for resource 81571eb9-61ae-4fd4-8954-e59ff73c4feb (type: ports) to 1
2026-03-04 02:31:36.997 9 INFO neutron.wsgi [None req-58bc2d59-ea5a-4346-a68a-dbf63334f1c4 e63f1f726a414012bf71ef1f3be50ee4 bbf079a9ae984c888731b0a43c76a2fe - - default default] 10.0.0.179 "POST /v2.0/ports HTTP/1.1" status: 201 len: 1150 time: 0.7272522 /var/lib/openstack/lib/python3.10/site-packages/pycadf/identifier.py:71: UserWarning: Invalid uuid: neutron. To ensure interoperability, identifiers should be a valid uuid. warnings.warn(('Invalid uuid: %s. To ensure interoperability, '
2026-03-04 02:31:37.052 9 INFO neutron.db.ovn_revision_numbers_db [None req-4f640008-ef58-4a2a-ba51-ff5457441da2 858efdd7a2c74c2ab99483ee94a4c71b 878f432fffc74e83afd5f6a97243280e - - default default] Successfully bumped revision number for resource bb8c5d08-3d95-4a08-8377-b5895ed2b527 (type: ports) to 1
2026-03-04 02:31:37.083 9 INFO neutron.wsgi [None req-4f640008-ef58-4a2a-ba51-ff5457441da2 858efdd7a2c74c2ab99483ee94a4c71b 878f432fffc74e83afd5f6a97243280e - - default default] 10.0.0.179 "POST /v2.0/networks HTTP/1.1" status: 201 len: 831 time: 0.7045722 /var/lib/openstack/lib/python3.10/site-packages/pycadf/identifier.py:71: UserWarning: Invalid uuid: neutron. To ensure interoperability, identifiers should be a valid uuid. warnings.warn(('Invalid uuid: %s. To ensure interoperability, '
2026-03-04 02:31:37.096 9 WARNING neutron_lib.context [None req-56f33e69-6b09-4537-bd7f-9e92d4f9b4bd 858efdd7a2c74c2ab99483ee94a4c71b 878f432fffc74e83afd5f6a97243280e - - default default] Method 'is_advsvc' is deprecated since 2023.2 release (neutron-lib 3.8.0) and will be removed once support for the old RBAC API policies will be removed from Neutron. Please use method 'is_service_role' instead.
2026-03-04 02:31:37.364 9 WARNING neutron.scheduler.dhcp_agent_scheduler [None req-56f33e69-6b09-4537-bd7f-9e92d4f9b4bd 858efdd7a2c74c2ab99483ee94a4c71b 878f432fffc74e83afd5f6a97243280e - - default default] No more DHCP agents
2026-03-04 02:31:37.366 9 WARNING neutron.api.rpc.agentnotifiers.dhcp_rpc_agent_api [None req-56f33e69-6b09-4537-bd7f-9e92d4f9b4bd 858efdd7a2c74c2ab99483ee94a4c71b 878f432fffc74e83afd5f6a97243280e - - default default] Unable to schedule network 1f8917c0-6b3b-403a-8b49-8e3fa854c912: no agents available; will retry on subsequent port and subnet creation events.
2026-03-04 02:31:37.597 10 INFO neutron.plugins.ml2.drivers.ovn.mech_driver.mech_driver [None req-bb7dfab9-54d8-433b-91ad-d2fed24618f7 - - - - - -] OVN reports status up for port: 81571eb9-61ae-4fd4-8954-e59ff73c4feb
2026-03-04 02:31:37.610 10 INFO neutron.plugins.ml2.plugin [None req-bb7dfab9-54d8-433b-91ad-d2fed24618f7 - - - - - -] Attempt 1 to provision port 81571eb9-61ae-4fd4-8954-e59ff73c4feb
2026-03-04 02:31:37.630 10 INFO neutron.db.ovn_revision_numbers_db [None req-da57d01c-ba9d-419f-b4be-dd10a9f52b7c e63f1f726a414012bf71ef1f3be50ee4 bbf079a9ae984c888731b0a43c76a2fe - - default default] Successfully bumped revision number for resource 81571eb9-61ae-4fd4-8954-e59ff73c4feb (type: router_ports) to 2
2026-03-04 02:31:37.806 9 INFO neutron.db.ovn_revision_numbers_db [None req-529c65c7-2391-4c72-89e5-35403758d329 bcf2610efd8c4f2eb4e4c30588e3cb2d 79fc3856c9654c3eb86f9a22688279ef - - default default] Successfully bumped revision number for resource 3e573047-0d5c-4147-85fb-cbd24b2d35e2 (type: security_groups) to 1
2026-03-04 02:31:37.830 9 INFO neutron.db.ovn_revision_numbers_db [None req-529c65c7-2391-4c72-89e5-35403758d329 bcf2610efd8c4f2eb4e4c30588e3cb2d 79fc3856c9654c3eb86f9a22688279ef - - default default] Successfully bumped revision number for resource 0da7fe8e-6f12-4939-b7a3-19b69648e4f8 (type: security_group_rules) to 0
2026-03-04 02:31:37.836 9 INFO neutron.db.ovn_revision_numbers_db [None req-56f33e69-6b09-4537-bd7f-9e92d4f9b4bd 858efdd7a2c74c2ab99483ee94a4c71b 878f432fffc74e83afd5f6a97243280e - - default default] Successfully bumped revision number for resource bb8c5d08-3d95-4a08-8377-b5895ed2b527 (type: ports) to 2
2026-03-04 02:31:37.855 9 INFO neutron.db.ovn_revision_numbers_db [None req-529c65c7-2391-4c72-89e5-35403758d329 bcf2610efd8c4f2eb4e4c30588e3cb2d 79fc3856c9654c3eb86f9a22688279ef - - default default] Successfully bumped revision number for resource 2ef5d5e8-78f3-4993-afef-7add825856af (type: security_group_rules) to 0
2026-03-04 02:31:37.883 9 INFO neutron.db.ovn_revision_numbers_db [None req-529c65c7-2391-4c72-89e5-35403758d329 bcf2610efd8c4f2eb4e4c30588e3cb2d 79fc3856c9654c3eb86f9a22688279ef - - default default] Successfully bumped revision number for resource 67d376aa-7acf-4d8e-a317-0688a198881e (type: security_group_rules) to 0
2026-03-04 02:31:37.885 9 INFO neutron.db.ovn_revision_numbers_db [None req-56f33e69-6b09-4537-bd7f-9e92d4f9b4bd 858efdd7a2c74c2ab99483ee94a4c71b 878f432fffc74e83afd5f6a97243280e - - default default] Successfully bumped revision number for resource ce1eb511-8f0f-4320-9620-0a1fb93c9939 (type: subnets) to 0
2026-03-04 02:31:37.903 9 INFO neutron.wsgi [None req-56f33e69-6b09-4537-bd7f-9e92d4f9b4bd 858efdd7a2c74c2ab99483ee94a4c71b 878f432fffc74e83afd5f6a97243280e - - default default] 10.0.0.179 "POST /v2.0/subnets HTTP/1.1" status: 201 len: 801 time: 0.8149381
2026-03-04 02:31:37.904 9 INFO neutron.db.ovn_revision_numbers_db [None req-529c65c7-2391-4c72-89e5-35403758d329 bcf2610efd8c4f2eb4e4c30588e3cb2d 79fc3856c9654c3eb86f9a22688279ef - - default default] Successfully bumped revision number for resource 81644ffe-bc85-44b4-9815-618a98cbc253 (type: security_group_rules) to 0
2026-03-04 02:31:37.906 10 INFO neutron.db.ovn_revision_numbers_db [None req-da57d01c-ba9d-419f-b4be-dd10a9f52b7c e63f1f726a414012bf71ef1f3be50ee4 bbf079a9ae984c888731b0a43c76a2fe - - default default] Successfully bumped revision number for resource 81571eb9-61ae-4fd4-8954-e59ff73c4feb (type: ports) to 2
2026-03-04 02:31:37.915 9 WARNING neutron_lib.context [None req-6658ad96-938d-49d7-b086-5d47491e4647 858efdd7a2c74c2ab99483ee94a4c71b 878f432fffc74e83afd5f6a97243280e - - default default] Method 'is_advsvc' is deprecated since 2023.2 release (neutron-lib 3.8.0) and will be removed once support for the old RBAC API policies will be removed from Neutron. Please use method 'is_service_role' instead.
