2026-05-06 06:11:01.468 9 INFO neutron.wsgi [req-0acca15b-a1b1-492d-8866-b2dce759db79 req-5bb626ca-de66-49f0-8c96-7fb4d7780d7d 8129487ce379429cada7c835d4f2ecd1 cd93dd1aabe2486ab9b0e223f5d9f8cb - - default default] 10.0.0.201 "GET /v2.0/security-groups?name=tempest-lb_member_SG-172839867&fields=id&tenant_id=cd93dd1aabe2486ab9b0e223f5d9f8cb HTTP/1.1" status: 200 len: 267 time: 0.0651200
2026-05-06 06:11:01.525 10 INFO neutron.wsgi [req-8463ecd9-2ec3-4b19-9a1f-5b5b98ff4358 req-ea50897f-3bcf-476a-97f9-cb62a0a99446 120372f8f5a84ce4a95b6bf6c77dd802 cebf464594b14c8a99ec438588facc58 - - e0cb39f46a7f4fbcb7c65298a0ad7f9a e0cb39f46a7f4fbcb7c65298a0ad7f9a] 199.19.213.86 "GET /v2.0/networks/c20ab878-3466-44b4-af29-d65739937978?fields=segments HTTP/1.1" status: 200 len: 212 time: 0.0828147
2026-05-06 06:11:01.558 9 INFO neutron.wsgi [req-1451e771-d875-4f35-8880-49accd5a5902 req-810a0d02-cf98-4b50-9bbe-b86fee3119a4 120372f8f5a84ce4a95b6bf6c77dd802 cebf464594b14c8a99ec438588facc58 - - e0cb39f46a7f4fbcb7c65298a0ad7f9a e0cb39f46a7f4fbcb7c65298a0ad7f9a] 199.19.213.86 "GET /v2.0/networks?id=5b1245c5-1173-4c74-adf0-b7b4f871024b HTTP/1.1" status: 200 len: 971 time: 0.0889831
2026-05-06 06:11:01.569 9 INFO neutron.wsgi [req-0acca15b-a1b1-492d-8866-b2dce759db79 req-9a7442b7-588b-4a60-85ea-c3a64d1a4244 8129487ce379429cada7c835d4f2ecd1 cd93dd1aabe2486ab9b0e223f5d9f8cb - - default default] 10.0.0.201 "GET /v2.0/networks?id=035ce9c1-7186-4fe5-8888-119c0ef41e12 HTTP/1.1" status: 200 len: 904 time: 0.0883727
2026-05-06 06:11:01.595 10 INFO neutron.wsgi [req-8463ecd9-2ec3-4b19-9a1f-5b5b98ff4358 req-084b14ae-64bd-4f68-b120-d41f3095ce53 120372f8f5a84ce4a95b6bf6c77dd802 cebf464594b14c8a99ec438588facc58 - - e0cb39f46a7f4fbcb7c65298a0ad7f9a e0cb39f46a7f4fbcb7c65298a0ad7f9a] 199.19.213.86 "GET /v2.0/networks/c20ab878-3466-44b4-af29-d65739937978?fields=provider%3Aphysical_network&fields=provider%3Anetwork_type HTTP/1.1" status: 200 len: 277 time: 0.0642431
2026-05-06 06:11:01.603 9 INFO neutron.wsgi [req-0acca15b-a1b1-492d-8866-b2dce759db79 req-72f89121-5279-4022-8a9e-102f04ffec9a 8129487ce379429cada7c835d4f2ecd1 cd93dd1aabe2486ab9b0e223f5d9f8cb - - default default] 10.0.0.201 "GET /v2.0/quotas/cd93dd1aabe2486ab9b0e223f5d9f8cb HTTP/1.1" status: 200 len: 386 time: 0.0236425
2026-05-06 06:11:01.624 9 INFO neutron.wsgi [req-1451e771-d875-4f35-8880-49accd5a5902 req-a6799029-a194-407a-ad0c-ea4b300c4705 120372f8f5a84ce4a95b6bf6c77dd802 cebf464594b14c8a99ec438588facc58 - - e0cb39f46a7f4fbcb7c65298a0ad7f9a e0cb39f46a7f4fbcb7c65298a0ad7f9a] 199.19.213.86 "GET /v2.0/floatingips?fixed_ip_address=10.100.0.6&port_id=29915217-6e94-4023-99b5-1538cbdd68b6 HTTP/1.1" status: 200 len: 1059 time: 0.0520561
2026-05-06 06:11:01.673 9 INFO neutron.wsgi [req-1451e771-d875-4f35-8880-49accd5a5902 req-96e4a615-82fc-4bde-b298-f5bd91e1a056 120372f8f5a84ce4a95b6bf6c77dd802 cebf464594b14c8a99ec438588facc58 - - e0cb39f46a7f4fbcb7c65298a0ad7f9a e0cb39f46a7f4fbcb7c65298a0ad7f9a] 199.19.213.86 "GET /v2.0/subnets?id=2ae35176-7f78-4591-8fa2-9d7745089410 HTTP/1.1" status: 200 len: 866 time: 0.0420318
2026-05-06 06:11:01.715 9 INFO neutron.wsgi [req-1451e771-d875-4f35-8880-49accd5a5902 req-c4927e71-2053-489a-993b-d2771a979795 120372f8f5a84ce4a95b6bf6c77dd802 cebf464594b14c8a99ec438588facc58 - - e0cb39f46a7f4fbcb7c65298a0ad7f9a e0cb39f46a7f4fbcb7c65298a0ad7f9a] 199.19.213.86 "GET /v2.0/ports?network_id=5b1245c5-1173-4c74-adf0-b7b4f871024b&device_owner=network%3Adhcp HTTP/1.1" status: 200 len: 210 time: 0.0237665
2026-05-06 06:11:01.811 9 INFO neutron.wsgi [req-1451e771-d875-4f35-8880-49accd5a5902 req-62d628bf-1745-4b3f-a356-e2c74b8a1388 120372f8f5a84ce4a95b6bf6c77dd802 cebf464594b14c8a99ec438588facc58 - - e0cb39f46a7f4fbcb7c65298a0ad7f9a e0cb39f46a7f4fbcb7c65298a0ad7f9a] 199.19.213.86 "GET /v2.0/networks/5b1245c5-1173-4c74-adf0-b7b4f871024b?fields=segments HTTP/1.1" status: 200 len: 212 time: 0.0868177
2026-05-06 06:11:01.815 9 INFO neutron.wsgi [req-0acca15b-a1b1-492d-8866-b2dce759db79 req-fd69b50b-e664-4fbc-a103-1fdce72cd66d 8129487ce379429cada7c835d4f2ecd1 cd93dd1aabe2486ab9b0e223f5d9f8cb - - default default] 10.0.0.201 "GET /v2.0/ports?tenant_id=cd93dd1aabe2486ab9b0e223f5d9f8cb&fields=id HTTP/1.1" status: 200 len: 532 time: 0.2043922
2026-05-06 06:11:01.898 9 INFO neutron.wsgi [req-1451e771-d875-4f35-8880-49accd5a5902 req-084ed1f6-45a7-4cd4-a110-c056035e1985 120372f8f5a84ce4a95b6bf6c77dd802 cebf464594b14c8a99ec438588facc58 - - e0cb39f46a7f4fbcb7c65298a0ad7f9a e0cb39f46a7f4fbcb7c65298a0ad7f9a] 199.19.213.86 "GET /v2.0/networks/5b1245c5-1173-4c74-adf0-b7b4f871024b?fields=provider%3Aphysical_network&fields=provider%3Anetwork_type HTTP/1.1" status: 200 len: 277 time: 0.0806851
2026-05-06 06:11:01.900 9 INFO neutron.wsgi [req-0acca15b-a1b1-492d-8866-b2dce759db79 req-53551f66-08fc-465c-8594-1cd7504958a6 120372f8f5a84ce4a95b6bf6c77dd802 cebf464594b14c8a99ec438588facc58 - - e0cb39f46a7f4fbcb7c65298a0ad7f9a e0cb39f46a7f4fbcb7c65298a0ad7f9a] 10.0.0.201 "GET /v2.0/networks/035ce9c1-7186-4fe5-8888-119c0ef41e12?fields=segments HTTP/1.1" status: 200 len: 212 time: 0.0712004
2026-05-06 06:11:01.978 9 INFO neutron.wsgi [req-0acca15b-a1b1-492d-8866-b2dce759db79 req-e7d45f2c-3fed-488d-a128-3e2f944a187f 120372f8f5a84ce4a95b6bf6c77dd802 cebf464594b14c8a99ec438588facc58 - - e0cb39f46a7f4fbcb7c65298a0ad7f9a e0cb39f46a7f4fbcb7c65298a0ad7f9a] 10.0.0.201 "GET /v2.0/networks/035ce9c1-7186-4fe5-8888-119c0ef41e12?fields=provider%3Aphysical_network&fields=provider%3Anetwork_type HTTP/1.1" status: 200 len: 277 time: 0.0719066
2026-05-06 06:11:01.980 9 INFO neutron.wsgi [req-1451e771-d875-4f35-8880-49accd5a5902 req-a144e182-37cb-44bb-acef-461d707672f1 120372f8f5a84ce4a95b6bf6c77dd802 cebf464594b14c8a99ec438588facc58 - - e0cb39f46a7f4fbcb7c65298a0ad7f9a e0cb39f46a7f4fbcb7c65298a0ad7f9a] 199.19.213.86 "GET /v2.0/ports?tenant_id=cd93dd1aabe2486ab9b0e223f5d9f8cb&device_id=fba8d1a2-b3c3-4261-8890-9f16887a5ee4 HTTP/1.1" status: 200 len: 1634 time: 0.0372717
2026-05-06 06:11:02.044 9 INFO neutron.wsgi [req-1451e771-d875-4f35-8880-49accd5a5902 req-8a4fd897-2259-4fa8-822c-447bb0089407 120372f8f5a84ce4a95b6bf6c77dd802 cebf464594b14c8a99ec438588facc58 - - e0cb39f46a7f4fbcb7c65298a0ad7f9a e0cb39f46a7f4fbcb7c65298a0ad7f9a] 199.19.213.86 "GET /v2.0/networks?id=c20ab878-3466-44b4-af29-d65739937978 HTTP/1.1" status: 200 len: 1003 time: 0.0568683
2026-05-06 06:11:02.092 9 INFO neutron.wsgi [req-1451e771-d875-4f35-8880-49accd5a5902 req-67704c93-2aa3-4457-9135-2ddaf29182ab 120372f8f5a84ce4a95b6bf6c77dd802 cebf464594b14c8a99ec438588facc58 - - e0cb39f46a7f4fbcb7c65298a0ad7f9a e0cb39f46a7f4fbcb7c65298a0ad7f9a] 199.19.213.86 "GET /v2.0/floatingips?fixed_ip_address=10.2.1.23&port_id=f8bb1e81-b381-4e02-9799-7f0257a61eec HTTP/1.1" status: 200 len: 1058 time: 0.0403738
2026-05-06 06:11:02.125 10 INFO neutron.wsgi [req-0399ffbe-1ff3-406b-83e4-cc5cdaf101af req-7a20d26c-d5ae-43c5-8a56-dd92ac9f39be 8129487ce379429cada7c835d4f2ecd1 cd93dd1aabe2486ab9b0e223f5d9f8cb - - default default] 10.0.0.201 "GET /v2.0/ports?device_id=c7c241ea-d617-4c9b-9839-1989432e70fa HTTP/1.1" status: 200 len: 210 time: 0.0265913
2026-05-06 06:11:02.131 9 INFO neutron.wsgi [req-1451e771-d875-4f35-8880-49accd5a5902 req-bb21179a-354b-4eee-902b-49316087b513 120372f8f5a84ce4a95b6bf6c77dd802 cebf464594b14c8a99ec438588facc58 - - e0cb39f46a7f4fbcb7c65298a0ad7f9a e0cb39f46a7f4fbcb7c65298a0ad7f9a] 199.19.213.86 "GET /v2.0/floatingips?fixed_ip_address=fd7b%3Af9f7%3Afff%3A4eca%3A%3A24f&port_id=f8bb1e81-b381-4e02-9799-7f0257a61eec HTTP/1.1" status: 200 len: 217 time: 0.0351264
2026-05-06 06:11:02.183 9 INFO neutron.wsgi [req-1451e771-d875-4f35-8880-49accd5a5902 req-4911b919-5efa-46bb-a9ec-104c6d408705 120372f8f5a84ce4a95b6bf6c77dd802 cebf464594b14c8a99ec438588facc58 - - e0cb39f46a7f4fbcb7c65298a0ad7f9a e0cb39f46a7f4fbcb7c65298a0ad7f9a] 199.19.213.86 "GET /v2.0/subnets?id=a00322a8-31eb-476f-8ef4-d769b5410f16&id=0b4b50d9-eb3d-48bf-8766-f602a2e2905a HTTP/1.1" status: 200 len: 1561 time: 0.0453873
2026-05-06 06:11:02.209 9 INFO neutron.wsgi [req-1451e771-d875-4f35-8880-49accd5a5902 req-8a4d67be-1547-47bd-a0a4-b32d89d1157f 120372f8f5a84ce4a95b6bf6c77dd802 cebf464594b14c8a99ec438588facc58 - - e0cb39f46a7f4fbcb7c65298a0ad7f9a e0cb39f46a7f4fbcb7c65298a0ad7f9a] 199.19.213.86 "GET /v2.0/ports?network_id=c20ab878-3466-44b4-af29-d65739937978&device_owner=network%3Adhcp HTTP/1.1" status: 200 len: 210 time: 0.0186870
2026-05-06 06:11:02.239 9 INFO neutron.wsgi [req-1451e771-d875-4f35-8880-49accd5a5902 req-33c62218-e622-464b-bbd8-69362d616216 120372f8f5a84ce4a95b6bf6c77dd802 cebf464594b14c8a99ec438588facc58 - - e0cb39f46a7f4fbcb7c65298a0ad7f9a e0cb39f46a7f4fbcb7c65298a0ad7f9a] 199.19.213.86 "GET /v2.0/ports?network_id=c20ab878-3466-44b4-af29-d65739937978&device_owner=network%3Adhcp HTTP/1.1" status: 200 len: 210 time: 0.0205982
2026-05-06 06:11:02.312 9 INFO neutron.wsgi [req-1451e771-d875-4f35-8880-49accd5a5902 req-f3e60221-9ed3-4676-95a0-be025ce73091 120372f8f5a84ce4a95b6bf6c77dd802 cebf464594b14c8a99ec438588facc58 - - e0cb39f46a7f4fbcb7c65298a0ad7f9a e0cb39f46a7f4fbcb7c65298a0ad7f9a] 199.19.213.86 "GET /v2.0/networks/c20ab878-3466-44b4-af29-d65739937978?fields=segments HTTP/1.1" status: 200 len: 212 time: 0.0643067
2026-05-06 06:11:02.386 9 INFO neutron.wsgi [req-1451e771-d875-4f35-8880-49accd5a5902 req-7b1cb9b7-30ba-48f6-b95c-96c41fb599e9 120372f8f5a84ce4a95b6bf6c77dd802 cebf464594b14c8a99ec438588facc58 - - e0cb39f46a7f4fbcb7c65298a0ad7f9a e0cb39f46a7f4fbcb7c65298a0ad7f9a] 199.19.213.86 "GET /v2.0/networks/c20ab878-3466-44b4-af29-d65739937978?fields=provider%3Aphysical_network&fields=provider%3Anetwork_type HTTP/1.1" status: 200 len: 277 time: 0.0683212
2026-05-06 06:11:02.589 9 INFO neutron.db.ovn_revision_numbers_db [None req-4007a17a-5c2a-48fa-b507-085c52f0650b 270e8126c99640c0bf4206fb440f0008 8b274534e0ec4cd5afc50ea942255d43 - - default default] Successfully bumped revision number for resource 79706151-9a69-4ad8-81ee-31551d0d3e12 (type: security_groups) to 1
2026-05-06 06:11:02.601 9 INFO neutron.db.ovn_revision_numbers_db [None req-4007a17a-5c2a-48fa-b507-085c52f0650b 270e8126c99640c0bf4206fb440f0008 8b274534e0ec4cd5afc50ea942255d43 - - default default] Successfully bumped revision number for resource 0affebb4-9c1f-4304-b0f2-78f14492f9a1 (type: security_group_rules) to 0
2026-05-06 06:11:02.618 9 INFO neutron.db.ovn_revision_numbers_db [None req-4007a17a-5c2a-48fa-b507-085c52f0650b 270e8126c99640c0bf4206fb440f0008 8b274534e0ec4cd5afc50ea942255d43 - - default default] Successfully bumped revision number for resource a59bd1de-4da0-46ef-aaca-c2315760af89 (type: security_group_rules) to 0
2026-05-06 06:11:02.636 9 INFO neutron.db.ovn_revision_numbers_db [None req-4007a17a-5c2a-48fa-b507-085c52f0650b 270e8126c99640c0bf4206fb440f0008 8b274534e0ec4cd5afc50ea942255d43 - - default default] Successfully bumped revision number for resource bc31a41c-1c1c-44a0-8746-85dda838f1fc (type: security_group_rules) to 0
2026-05-06 06:11:02.661 9 INFO neutron.db.ovn_revision_numbers_db [None req-4007a17a-5c2a-48fa-b507-085c52f0650b 270e8126c99640c0bf4206fb440f0008 8b274534e0ec4cd5afc50ea942255d43 - - default default] Successfully bumped revision number for resource f0e80544-6b96-4cf3-b1ab-0891978b4740 (type: security_group_rules) to 0
2026-05-06 06:11:02.699 9 INFO neutron.wsgi [None req-4007a17a-5c2a-48fa-b507-085c52f0650b 270e8126c99640c0bf4206fb440f0008 8b274534e0ec4cd5afc50ea942255d43 - - default default] 10.0.0.107 "GET /v2.0/security-groups?tenant_id=3ce5c73087044dc1bd4466edc5b92cf7&name=default HTTP/1.1" status: 200 len: 2996 time: 0.3725097
2026-05-06 06:11:02.873 9 INFO neutron.wsgi [req-0acca15b-a1b1-492d-8866-b2dce759db79 req-3b7f18db-8670-4823-83b0-acc3c9b97fb2 8129487ce379429cada7c835d4f2ecd1 cd93dd1aabe2486ab9b0e223f5d9f8cb - - default default] 199.19.213.86 "GET /v2.0/networks?id=035ce9c1-7186-4fe5-8888-119c0ef41e12 HTTP/1.1" status: 200 len: 904 time: 0.0799272
2026-05-06 06:11:02.936 9 INFO neutron.wsgi [req-0acca15b-a1b1-492d-8866-b2dce759db79 req-4a88bd3a-9724-4ea5-ab44-7e27c6f68e10 8129487ce379429cada7c835d4f2ecd1 cd93dd1aabe2486ab9b0e223f5d9f8cb - - default default] 199.19.213.86 "GET /v2.0/security-groups?fields=id&fields=name&tenant_id=cd93dd1aabe2486ab9b0e223f5d9f8cb HTTP/1.1" status: 200 len: 377 time: 0.0565529
2026-05-06 06:11:02.963 9 INFO neutron.wsgi [None req-70f8e110-9025-4421-b6e1-efa11aee5c34 270e8126c99640c0bf4206fb440f0008 8b274534e0ec4cd5afc50ea942255d43 - - default default] 10.0.0.107 "DELETE /v2.0/security-groups/79706151-9a69-4ad8-81ee-31551d0d3e12 HTTP/1.1" status: 204 len: 168 time: 0.2589629
2026-05-06 06:11:03.383 9 WARNING neutron.scheduler.dhcp_agent_scheduler [req-0acca15b-a1b1-492d-8866-b2dce759db79 req-f26d2ab8-ed8c-418c-af2f-9b80d3f6b8ba 8129487ce379429cada7c835d4f2ecd1 cd93dd1aabe2486ab9b0e223f5d9f8cb - - default default] No more DHCP agents
2026-05-06 06:11:03.385 9 WARNING neutron.api.rpc.agentnotifiers.dhcp_rpc_agent_api [req-0acca15b-a1b1-492d-8866-b2dce759db79 req-f26d2ab8-ed8c-418c-af2f-9b80d3f6b8ba 8129487ce379429cada7c835d4f2ecd1 cd93dd1aabe2486ab9b0e223f5d9f8cb - - default default] Unable to schedule network 035ce9c1-7186-4fe5-8888-119c0ef41e12: no agents available; will retry on subsequent port and subnet creation events.
2026-05-06 06:11:03.572 9 INFO neutron.db.ovn_revision_numbers_db [req-0acca15b-a1b1-492d-8866-b2dce759db79 req-f26d2ab8-ed8c-418c-af2f-9b80d3f6b8ba 8129487ce379429cada7c835d4f2ecd1 cd93dd1aabe2486ab9b0e223f5d9f8cb - - default default] Successfully bumped revision number for resource 68565fb8-732c-4e5a-a356-315cdb5c511e (type: ports) to 1
2026-05-06 06:11:03.597 9 INFO neutron.wsgi [req-0acca15b-a1b1-492d-8866-b2dce759db79 req-f26d2ab8-ed8c-418c-af2f-9b80d3f6b8ba 8129487ce379429cada7c835d4f2ecd1 cd93dd1aabe2486ab9b0e223f5d9f8cb - - default default] 199.19.213.86 "POST /v2.0/ports HTTP/1.1" status: 201 len: 1388 time: 0.6515079 /var/lib/openstack/lib/python3.10/site-packages/pycadf/identifier.py:71: UserWarning: Invalid uuid: neutron. To ensure interoperability, identifiers should be a valid uuid. warnings.warn(('Invalid uuid: %s. To ensure interoperability, '
2026-05-06 06:11:04.050 9 INFO neutron.db.ovn_revision_numbers_db [req-0acca15b-a1b1-492d-8866-b2dce759db79 req-df318b5b-9893-4713-9267-f43e11fea2f1 120372f8f5a84ce4a95b6bf6c77dd802 cebf464594b14c8a99ec438588facc58 - - e0cb39f46a7f4fbcb7c65298a0ad7f9a e0cb39f46a7f4fbcb7c65298a0ad7f9a] Successfully bumped revision number for resource 68565fb8-732c-4e5a-a356-315cdb5c511e (type: ports) to 2
2026-05-06 06:11:04.077 10 INFO neutron.db.ovn_revision_numbers_db [None req-bb031a46-741e-4dba-9c6d-94b7f849dc89 241855f56bba48f296460d579426ca24 7a4fa379583b4bb8842793a369253c1e - - default default] Successfully bumped revision number for resource 5aaaab6c-116f-4328-a06f-04a4dbbb0c98 (type: routers) to 1
2026-05-06 06:11:04.089 10 INFO neutron.wsgi [None req-bb031a46-741e-4dba-9c6d-94b7f849dc89 241855f56bba48f296460d579426ca24 7a4fa379583b4bb8842793a369253c1e - - default default] 10.0.0.107 "POST /v2.0/routers HTTP/1.1" status: 201 len: 654 time: 0.3734512
2026-05-06 06:11:04.139 10 INFO neutron.wsgi [None req-0f31a789-3ee2-48d6-88d3-d77fa389f139 241855f56bba48f296460d579426ca24 7a4fa379583b4bb8842793a369253c1e - - default default] 10.0.0.107 "PUT /v2.0/routers/5aaaab6c-116f-4328-a06f-04a4dbbb0c98/tags HTTP/1.1" status: 200 len: 218 time: 0.0438025
2026-05-06 06:11:04.186 10 INFO neutron.wsgi [None req-4f65b349-41c3-4b7a-8cb0-357478c4bc1b 241855f56bba48f296460d579426ca24 7a4fa379583b4bb8842793a369253c1e - - default default] 10.0.0.107 "GET /v2.0/routers/5aaaab6c-116f-4328-a06f-04a4dbbb0c98/tags HTTP/1.1" status: 200 len: 218 time: 0.0419145
2026-05-06 06:11:04.245 10 INFO neutron.wsgi [None req-dcb0fe5c-cce4-42fe-ac4c-977412c751b5 241855f56bba48f296460d579426ca24 7a4fa379583b4bb8842793a369253c1e - - default default] 10.0.0.107 "PUT /v2.0/routers/5aaaab6c-116f-4328-a06f-04a4dbbb0c98/tags/green HTTP/1.1" status: 201 len: 201 time: 0.0519664
2026-05-06 06:11:04.295 9 INFO neutron.db.ovn_revision_numbers_db [req-0acca15b-a1b1-492d-8866-b2dce759db79 req-df318b5b-9893-4713-9267-f43e11fea2f1 120372f8f5a84ce4a95b6bf6c77dd802 cebf464594b14c8a99ec438588facc58 - - e0cb39f46a7f4fbcb7c65298a0ad7f9a e0cb39f46a7f4fbcb7c65298a0ad7f9a] Successfully bumped revision number for resource 68565fb8-732c-4e5a-a356-315cdb5c511e (type: ports) to 2
2026-05-06 06:11:04.296 10 INFO neutron.wsgi [None req-e4f2ee61-6097-4410-9751-c53e367ff94f 241855f56bba48f296460d579426ca24 7a4fa379583b4bb8842793a369253c1e - - default default] 10.0.0.107 "GET /v2.0/routers/5aaaab6c-116f-4328-a06f-04a4dbbb0c98/tags HTTP/1.1" status: 200 len: 227 time: 0.0472040
2026-05-06 06:11:04.323 9 INFO neutron.wsgi [req-0acca15b-a1b1-492d-8866-b2dce759db79 req-df318b5b-9893-4713-9267-f43e11fea2f1 120372f8f5a84ce4a95b6bf6c77dd802 cebf464594b14c8a99ec438588facc58 - - e0cb39f46a7f4fbcb7c65298a0ad7f9a e0cb39f46a7f4fbcb7c65298a0ad7f9a] 199.19.213.86 "PUT /v2.0/ports/68565fb8-732c-4e5a-a356-315cdb5c511e HTTP/1.1" status: 200 len: 1605 time: 0.7182546 /var/lib/openstack/lib/python3.10/site-packages/pycadf/identifier.py:71: UserWarning: Invalid uuid: neutron. To ensure interoperability, identifiers should be a valid uuid. warnings.warn(('Invalid uuid: %s. To ensure interoperability, '
2026-05-06 06:11:04.374 9 INFO neutron.notifiers.nova [-] Nova event matching ['req-5f42d2b9-596d-4ccb-8230-3a5eb5845d74'] response: {'name': 'network-changed', 'server_uuid': 'c7c241ea-d617-4c9b-9839-1989432e70fa', 'tag': '68565fb8-732c-4e5a-a356-315cdb5c511e', 'status': 'completed', 'code': 200}
2026-05-06 06:11:04.410 9 INFO neutron.wsgi [req-0acca15b-a1b1-492d-8866-b2dce759db79 req-dd23bcc7-b9d4-4d94-b194-8f4c40d6873d 120372f8f5a84ce4a95b6bf6c77dd802 cebf464594b14c8a99ec438588facc58 - - e0cb39f46a7f4fbcb7c65298a0ad7f9a e0cb39f46a7f4fbcb7c65298a0ad7f9a] 199.19.213.86 "GET /v2.0/ports?tenant_id=cd93dd1aabe2486ab9b0e223f5d9f8cb&device_id=c7c241ea-d617-4c9b-9839-1989432e70fa HTTP/1.1" status: 200 len: 1636 time: 0.0510783
2026-05-06 06:11:04.437 9 INFO neutron.wsgi [req-0acca15b-a1b1-492d-8866-b2dce759db79 req-cc6d63b0-8675-4bd3-b3f7-b06e058ef8da 120372f8f5a84ce4a95b6bf6c77dd802 cebf464594b14c8a99ec438588facc58 - - e0cb39f46a7f4fbcb7c65298a0ad7f9a e0cb39f46a7f4fbcb7c65298a0ad7f9a] 199.19.213.86 "GET /v2.0/floatingips?fixed_ip_address=10.2.2.26&port_id=68565fb8-732c-4e5a-a356-315cdb5c511e HTTP/1.1" status: 200 len: 217 time: 0.0200937
2026-05-06 06:11:04.468 9 INFO neutron.wsgi [req-0acca15b-a1b1-492d-8866-b2dce759db79 req-0d6c6c53-95b7-46d0-8328-8d720973c3cd 120372f8f5a84ce4a95b6bf6c77dd802 cebf464594b14c8a99ec438588facc58 - - e0cb39f46a7f4fbcb7c65298a0ad7f9a e0cb39f46a7f4fbcb7c65298a0ad7f9a] 199.19.213.86 "GET /v2.0/floatingips?fixed_ip_address=fd77%3A1457%3A4cf0%3A26a8%3A%3A255&port_id=68565fb8-732c-4e5a-a356-315cdb5c511e HTTP/1.1" status: 200 len: 217 time: 0.0226924
2026-05-06 06:11:04.507 9 INFO neutron.wsgi [req-0acca15b-a1b1-492d-8866-b2dce759db79 req-88207d09-34d7-4265-820b-3d09f262c5b7 120372f8f5a84ce4a95b6bf6c77dd802 cebf464594b14c8a99ec438588facc58 - - e0cb39f46a7f4fbcb7c65298a0ad7f9a e0cb39f46a7f4fbcb7c65298a0ad7f9a] 199.19.213.86 "GET /v2.0/subnets?id=32f0b9da-e2e2-4388-b4db-e8f67f08a453&id=411894fb-6d12-407c-8b89-00113b2f4d74 HTTP/1.1" status: 200 len: 1566 time: 0.0330138
2026-05-06 06:11:04.527 9 INFO neutron.wsgi [req-0acca15b-a1b1-492d-8866-b2dce759db79 req-33c85621-0ccd-4739-b871-d729bd9b3b3d 120372f8f5a84ce4a95b6bf6c77dd802 cebf464594b14c8a99ec438588facc58 - - e0cb39f46a7f4fbcb7c65298a0ad7f9a e0cb39f46a7f4fbcb7c65298a0ad7f9a] 199.19.213.86 "GET /v2.0/ports?network_id=035ce9c1-7186-4fe5-8888-119c0ef41e12&device_owner=network%3Adhcp HTTP/1.1" status: 200 len: 210 time: 0.0149922
2026-05-06 06:11:04.549 9 INFO neutron.wsgi [req-0acca15b-a1b1-492d-8866-b2dce759db79 req-9a2e5a10-18b3-4df4-9817-6cc5ab7860d5 120372f8f5a84ce4a95b6bf6c77dd802 cebf464594b14c8a99ec438588facc58 - - e0cb39f46a7f4fbcb7c65298a0ad7f9a e0cb39f46a7f4fbcb7c65298a0ad7f9a] 199.19.213.86 "GET /v2.0/ports?network_id=035ce9c1-7186-4fe5-8888-119c0ef41e12&device_owner=network%3Adhcp HTTP/1.1" status: 200 len: 210 time: 0.0163739
2026-05-06 06:11:04.601 10 INFO neutron.wsgi [None req-291b4d79-5b62-4667-88fc-bfa5e0a0af48 241855f56bba48f296460d579426ca24 7a4fa379583b4bb8842793a369253c1e - - default default] 10.0.0.107 "PUT /v2.0/routers/5aaaab6c-116f-4328-a06f-04a4dbbb0c98/tags/red HTTP/1.1" status: 201 len: 201 time: 0.2981875
2026-05-06 06:11:04.629 9 INFO neutron.wsgi [req-0acca15b-a1b1-492d-8866-b2dce759db79 req-6eb4aa4f-ed80-454a-b6cf-dfd84e233702 120372f8f5a84ce4a95b6bf6c77dd802 cebf464594b14c8a99ec438588facc58 - - e0cb39f46a7f4fbcb7c65298a0ad7f9a e0cb39f46a7f4fbcb7c65298a0ad7f9a] 199.19.213.86 "GET /v2.0/networks/035ce9c1-7186-4fe5-8888-119c0ef41e12?fields=segments HTTP/1.1" status: 200 len: 212 time: 0.0740967
2026-05-06 06:11:04.641 10 INFO neutron.wsgi [None req-27a445cd-e6b4-4868-94d3-561e8ad498ad 241855f56bba48f296460d579426ca24 7a4fa379583b4bb8842793a369253c1e - - default default] 10.0.0.107 "GET /v2.0/routers/5aaaab6c-116f-4328-a06f-04a4dbbb0c98/tags HTTP/1.1" status: 200 len: 227 time: 0.0348544
2026-05-06 06:11:04.687 9 INFO neutron.wsgi [req-0acca15b-a1b1-492d-8866-b2dce759db79 req-335d97e6-e34e-426b-b5af-c8a6d998fb7a 120372f8f5a84ce4a95b6bf6c77dd802 cebf464594b14c8a99ec438588facc58 - - e0cb39f46a7f4fbcb7c65298a0ad7f9a e0cb39f46a7f4fbcb7c65298a0ad7f9a] 199.19.213.86 "GET /v2.0/networks/035ce9c1-7186-4fe5-8888-119c0ef41e12?fields=provider%3Aphysical_network&fields=provider%3Anetwork_type HTTP/1.1" status: 200 len: 277 time: 0.0529313
2026-05-06 06:11:04.710 10 INFO neutron.wsgi [None req-229a7e9f-19a2-4d0a-86c7-eab1d28c9b85 241855f56bba48f296460d579426ca24 7a4fa379583b4bb8842793a369253c1e - - default default] 10.0.0.107 "PUT /v2.0/routers/5aaaab6c-116f-4328-a06f-04a4dbbb0c98/tags/black.or.white HTTP/1.1" status: 201 len: 201 time: 0.0616267
2026-05-06 06:11:04.753 9 INFO neutron.wsgi [req-a4a6f13f-da64-4abd-afbd-dfe9f757e654 req-a05f202d-9bdc-409f-a69b-996f313fb473 120372f8f5a84ce4a95b6bf6c77dd802 cebf464594b14c8a99ec438588facc58 - - e0cb39f46a7f4fbcb7c65298a0ad7f9a e0cb39f46a7f4fbcb7c65298a0ad7f9a] 199.19.213.86 "GET /v2.0/ports?tenant_id=cd93dd1aabe2486ab9b0e223f5d9f8cb&device_id=c7c241ea-d617-4c9b-9839-1989432e70fa HTTP/1.1" status: 200 len: 1636 time: 0.0300083
2026-05-06 06:11:04.760 10 INFO neutron.wsgi [None req-3c14a2e3-d9ec-4ef4-941a-0a69346909b2 241855f56bba48f296460d579426ca24 7a4fa379583b4bb8842793a369253c1e - - default default] 10.0.0.107 "GET /v2.0/routers/5aaaab6c-116f-4328-a06f-04a4dbbb0c98/tags HTTP/1.1" status: 200 len: 245 time: 0.0450256
2026-05-06 06:11:04.821 10 INFO neutron.wsgi [None req-c8785892-051f-4259-8f3a-e3d774ce6bae 241855f56bba48f296460d579426ca24 7a4fa379583b4bb8842793a369253c1e - - default default] 10.0.0.107 "PUT /v2.0/routers/5aaaab6c-116f-4328-a06f-04a4dbbb0c98/tags HTTP/1.1" status: 200 len: 230 time: 0.0566983
2026-05-06 06:11:04.824 9 INFO neutron.wsgi [req-a4a6f13f-da64-4abd-afbd-dfe9f757e654 req-b038e865-b7cb-4150-a2bd-d09c45ba322d 120372f8f5a84ce4a95b6bf6c77dd802 cebf464594b14c8a99ec438588facc58 - - e0cb39f46a7f4fbcb7c65298a0ad7f9a e0cb39f46a7f4fbcb7c65298a0ad7f9a] 199.19.213.86 "GET /v2.0/networks?id=035ce9c1-7186-4fe5-8888-119c0ef41e12 HTTP/1.1" status: 200 len: 1003 time: 0.0618951
2026-05-06 06:11:04.870 9 INFO neutron.wsgi [req-a4a6f13f-da64-4abd-afbd-dfe9f757e654 req-bede9c1f-33f9-4c15-92cc-340b3f81dc7b 120372f8f5a84ce4a95b6bf6c77dd802 cebf464594b14c8a99ec438588facc58 - - e0cb39f46a7f4fbcb7c65298a0ad7f9a e0cb39f46a7f4fbcb7c65298a0ad7f9a] 199.19.213.86 "GET /v2.0/floatingips?fixed_ip_address=10.2.2.26&port_id=68565fb8-732c-4e5a-a356-315cdb5c511e HTTP/1.1" status: 200 len: 217 time: 0.0355046
2026-05-06 06:11:04.878 9 INFO neutron.wsgi [None req-ee7b8a32-25d2-4a62-9553-d64b526ad27a 241855f56bba48f296460d579426ca24 7a4fa379583b4bb8842793a369253c1e - - default default] 10.0.0.107 "GET /v2.0/routers/5aaaab6c-116f-4328-a06f-04a4dbbb0c98/tags HTTP/1.1" status: 200 len: 230 time: 0.0515227
2026-05-06 06:11:04.884 9 INFO neutron.plugins.ml2.drivers.ovn.mech_driver.mech_driver [None req-1fca42ed-ddf7-4939-899d-3b4dc4239d5b - - - - - -] OVN reports status up for port: 68565fb8-732c-4e5a-a356-315cdb5c511e
2026-05-06 06:11:04.897 9 INFO neutron.wsgi [req-a4a6f13f-da64-4abd-afbd-dfe9f757e654 req-a56e91c1-6fc7-4a19-993b-695269e426ed 120372f8f5a84ce4a95b6bf6c77dd802 cebf464594b14c8a99ec438588facc58 - - e0cb39f46a7f4fbcb7c65298a0ad7f9a e0cb39f46a7f4fbcb7c65298a0ad7f9a] 199.19.213.86 "GET /v2.0/floatingips?fixed_ip_address=fd77%3A1457%3A4cf0%3A26a8%3A%3A255&port_id=68565fb8-732c-4e5a-a356-315cdb5c511e HTTP/1.1" status: 200 len: 217 time: 0.0200455
2026-05-06 06:11:04.902 9 INFO neutron.plugins.ml2.plugin [None req-1fca42ed-ddf7-4939-899d-3b4dc4239d5b - - - - - -] Attempt 1 to provision port 68565fb8-732c-4e5a-a356-315cdb5c511e
2026-05-06 06:11:04.928 10 INFO neutron.wsgi [None req-8eac8a4f-1010-4518-8e55-cdbfbd1c0c35 241855f56bba48f296460d579426ca24 7a4fa379583b4bb8842793a369253c1e - - default default] 10.0.0.107 "GET /v2.0/routers/5aaaab6c-116f-4328-a06f-04a4dbbb0c98/tags/red HTTP/1.1" status: 204 len: 168 time: 0.0401878
2026-05-06 06:11:04.961 9 INFO neutron.wsgi [req-a4a6f13f-da64-4abd-afbd-dfe9f757e654 req-36571116-1560-49d0-a5c6-2a376f2616b9 120372f8f5a84ce4a95b6bf6c77dd802 cebf464594b14c8a99ec438588facc58 - - e0cb39f46a7f4fbcb7c65298a0ad7f9a e0cb39f46a7f4fbcb7c65298a0ad7f9a] 199.19.213.86 "GET /v2.0/subnets?id=32f0b9da-e2e2-4388-b4db-e8f67f08a453&id=411894fb-6d12-407c-8b89-00113b2f4d74 HTTP/1.1" status: 200 len: 1566 time: 0.0507855
2026-05-06 06:11:04.989 9 INFO neutron.api.v2.resource [None req-15044902-fbd7-49ea-a42b-e2e2e8db7cae 241855f56bba48f296460d579426ca24 7a4fa379583b4bb8842793a369253c1e - - default default] show failed (client error): The resource could not be found.
2026-05-06 06:11:04.990 9 INFO neutron.wsgi [None req-15044902-fbd7-49ea-a42b-e2e2e8db7cae 241855f56bba48f296460d579426ca24 7a4fa379583b4bb8842793a369253c1e - - default default] 10.0.0.107 "GET /v2.0/routers/5aaaab6c-116f-4328-a06f-04a4dbbb0c98/tags/green HTTP/1.1" status: 404 len: 299 time: 0.0556953
2026-05-06 06:11:04.997 9 INFO neutron.wsgi [req-a4a6f13f-da64-4abd-afbd-dfe9f757e654 req-d20232e4-8764-4acd-adba-4781389d7065 120372f8f5a84ce4a95b6bf6c77dd802 cebf464594b14c8a99ec438588facc58 - - e0cb39f46a7f4fbcb7c65298a0ad7f9a e0cb39f46a7f4fbcb7c65298a0ad7f9a] 199.19.213.86 "GET /v2.0/ports?network_id=035ce9c1-7186-4fe5-8888-119c0ef41e12&device_owner=network%3Adhcp HTTP/1.1" status: 200 len: 210 time: 0.0270669
2026-05-06 06:11:05.031 9 INFO neutron.wsgi [req-a4a6f13f-da64-4abd-afbd-dfe9f757e654 req-d664f336-438d-49d1-b726-37c06f4ed7bc 120372f8f5a84ce4a95b6bf6c77dd802 cebf464594b14c8a99ec438588facc58 - - e0cb39f46a7f4fbcb7c65298a0ad7f9a e0cb39f46a7f4fbcb7c65298a0ad7f9a] 199.19.213.86 "GET /v2.0/ports?network_id=035ce9c1-7186-4fe5-8888-119c0ef41e12&device_owner=network%3Adhcp HTTP/1.1" status: 200 len: 210 time: 0.0254853
2026-05-06 06:11:05.057 10 INFO neutron.wsgi [None req-68496dd0-2086-4296-9eda-e209724fe1a1 241855f56bba48f296460d579426ca24 7a4fa379583b4bb8842793a369253c1e - - default default] 10.0.0.107 "DELETE /v2.0/routers/5aaaab6c-116f-4328-a06f-04a4dbbb0c98/tags/red HTTP/1.1" status: 204 len: 168 time: 0.0617485
2026-05-06 06:11:05.105 10 INFO neutron.wsgi [None req-e8ae2d8e-ced1-4279-a8ab-42dbc694f9b0 241855f56bba48f296460d579426ca24 7a4fa379583b4bb8842793a369253c1e - - default default] 10.0.0.107 "GET /v2.0/routers/5aaaab6c-116f-4328-a06f-04a4dbbb0c98/tags HTTP/1.1" status: 200 len: 223 time: 0.0431159
2026-05-06 06:11:05.115 9 INFO neutron.wsgi [req-a4a6f13f-da64-4abd-afbd-dfe9f757e654 req-2da2ef84-1b2c-4ab1-8300-78843ee8eb72 120372f8f5a84ce4a95b6bf6c77dd802 cebf464594b14c8a99ec438588facc58 - - e0cb39f46a7f4fbcb7c65298a0ad7f9a e0cb39f46a7f4fbcb7c65298a0ad7f9a] 199.19.213.86 "GET /v2.0/networks/035ce9c1-7186-4fe5-8888-119c0ef41e12?fields=segments HTTP/1.1" status: 200 len: 212 time: 0.0773854
2026-05-06 06:11:05.163 10 INFO neutron.api.v2.resource [None req-bb4f39f1-4ac8-4044-a1b7-5e019478b389 241855f56bba48f296460d579426ca24 7a4fa379583b4bb8842793a369253c1e - - default default] delete failed (client error): The resource could not be found.
2026-05-06 06:11:05.165 10 INFO neutron.wsgi [None req-bb4f39f1-4ac8-4044-a1b7-5e019478b389 241855f56bba48f296460d579426ca24 7a4fa379583b4bb8842793a369253c1e - - default default] 10.0.0.107 "DELETE /v2.0/routers/5aaaab6c-116f-4328-a06f-04a4dbbb0c98/tags/green HTTP/1.1" status: 404 len: 299 time: 0.0527811
2026-05-06 06:11:05.197 9 INFO neutron.wsgi [req-a4a6f13f-da64-4abd-afbd-dfe9f757e654 req-5311095c-1f98-439f-93eb-5dd3331ebe19 120372f8f5a84ce4a95b6bf6c77dd802 cebf464594b14c8a99ec438588facc58 - - e0cb39f46a7f4fbcb7c65298a0ad7f9a e0cb39f46a7f4fbcb7c65298a0ad7f9a] 199.19.213.86 "GET /v2.0/networks/035ce9c1-7186-4fe5-8888-119c0ef41e12?fields=provider%3Aphysical_network&fields=provider%3Anetwork_type HTTP/1.1" status: 200 len: 277 time: 0.0718763
2026-05-06 06:11:05.235 10 INFO neutron.wsgi [None req-fe0b5c8f-268e-43b6-8004-b0f98ca40c95 241855f56bba48f296460d579426ca24 7a4fa379583b4bb8842793a369253c1e - - default default] 10.0.0.107 "DELETE /v2.0/routers/5aaaab6c-116f-4328-a06f-04a4dbbb0c98/tags HTTP/1.1" status: 204 len: 168 time: 0.0668228
2026-05-06 06:11:05.278 9 INFO neutron.db.ovn_revision_numbers_db [None req-1fca42ed-ddf7-4939-899d-3b4dc4239d5b - - - - - -] Successfully bumped revision number for resource 68565fb8-732c-4e5a-a356-315cdb5c511e (type: ports) to 4
2026-05-06 06:11:05.284 10 INFO neutron.wsgi [None req-28447f49-e2cd-401b-9e3e-bee6c906fa0f 241855f56bba48f296460d579426ca24 7a4fa379583b4bb8842793a369253c1e - - default default] 10.0.0.107 "GET /v2.0/routers/5aaaab6c-116f-4328-a06f-04a4dbbb0c98/tags HTTP/1.1" status: 200 len: 205 time: 0.0433559
2026-05-06 06:11:05.338 10 INFO neutron.wsgi [None req-836ce062-57fa-4e63-8f94-f4f967420545 241855f56bba48f296460d579426ca24 7a4fa379583b4bb8842793a369253c1e - - default default] 10.0.0.107 "GET /v2.0/routers/5aaaab6c-116f-4328-a06f-04a4dbbb0c98 HTTP/1.1" status: 200 len: 655 time: 0.0446489
2026-05-06 06:11:05.734 10 INFO neutron.db.ovn_revision_numbers_db [None req-8bb74a1d-1514-4da5-8a41-f9a3517b93a2 241855f56bba48f296460d579426ca24 7a4fa379583b4bb8842793a369253c1e - - default default] Successfully bumped revision number for resource 5aaaab6c-116f-4328-a06f-04a4dbbb0c98 (type: routers) to 7
2026-05-06 06:11:05.738 10 INFO neutron.wsgi [None req-8bb74a1d-1514-4da5-8a41-f9a3517b93a2 241855f56bba48f296460d579426ca24 7a4fa379583b4bb8842793a369253c1e - - default default] 10.0.0.107 "PUT /v2.0/routers/5aaaab6c-116f-4328-a06f-04a4dbbb0c98 HTTP/1.1" status: 200 len: 655 time: 0.3949516 /var/lib/openstack/lib/python3.10/site-packages/pycadf/identifier.py:71: UserWarning: Invalid uuid: neutron. To ensure interoperability, identifiers should be a valid uuid. warnings.warn(('Invalid uuid: %s. To ensure interoperability, '
2026-05-06 06:11:05.992 9 INFO neutron.wsgi [None req-bc750957-408e-407c-a5d8-bd9de9b07694 241855f56bba48f296460d579426ca24 7a4fa379583b4bb8842793a369253c1e - - default default] 10.0.0.107 "GET /v2.0/ports?device_id=5aaaab6c-116f-4328-a06f-04a4dbbb0c98 HTTP/1.1" status: 200 len: 205 time: 0.2488630
2026-05-06 06:11:06.210 9 INFO neutron.wsgi [None req-931e0ce1-a484-4f25-aa56-ea6eb34fdbef 241855f56bba48f296460d579426ca24 7a4fa379583b4bb8842793a369253c1e - - default default] 10.0.0.107 "DELETE /v2.0/routers/5aaaab6c-116f-4328-a06f-04a4dbbb0c98 HTTP/1.1" status: 204 len: 168 time: 0.2139130
2026-05-06 06:11:06.413 9 INFO neutron.notifiers.nova [-] Nova event matching ['req-8d1acb27-0686-4b78-98d6-2934ae9e6c18'] response: {'server_uuid': 'c7c241ea-d617-4c9b-9839-1989432e70fa', 'name': 'network-vif-plugged', 'status': 'completed', 'tag': '68565fb8-732c-4e5a-a356-315cdb5c511e', 'code': 200}
2026-05-06 06:11:06.414 9 INFO neutron.notifiers.nova [-] Nova event matching ['req-8d1acb27-0686-4b78-98d6-2934ae9e6c18'] response: {'server_uuid': 'c7c241ea-d617-4c9b-9839-1989432e70fa', 'name': 'network-vif-plugged', 'status': 'completed', 'tag': '68565fb8-732c-4e5a-a356-315cdb5c511e', 'code': 200}
2026-05-06 06:11:06.723 10 INFO neutron.wsgi [req-fcb65307-d32a-4bbf-ad8f-f08016e290a8 req-f9846086-0e42-4e83-a9e0-880596830e35 120372f8f5a84ce4a95b6bf6c77dd802 cebf464594b14c8a99ec438588facc58 - - e0cb39f46a7f4fbcb7c65298a0ad7f9a e0cb39f46a7f4fbcb7c65298a0ad7f9a] 10.0.0.195 "GET /v2.0/ports?device_id=fba8d1a2-b3c3-4261-8890-9f16887a5ee4 HTTP/1.1" status: 200 len: 1634 time: 0.0390830
2026-05-06 06:11:06.780 10 INFO neutron.wsgi [req-fcb65307-d32a-4bbf-ad8f-f08016e290a8 req-ca42a03a-5713-4c0f-b093-2b371d16477b 120372f8f5a84ce4a95b6bf6c77dd802 cebf464594b14c8a99ec438588facc58 - - e0cb39f46a7f4fbcb7c65298a0ad7f9a e0cb39f46a7f4fbcb7c65298a0ad7f9a] 10.0.0.195 "GET /v2.0/security-groups?id=f1b6d555-109e-42ab-ace8-beb0b3e0c9eb&fields=id&fields=name HTTP/1.1" status: 200 len: 310 time: 0.0473449
2026-05-06 06:11:07.179 10 INFO neutron.db.ovn_revision_numbers_db [None req-2241e4e1-fa10-456f-a0b2-fe345fd3bc42 270e8126c99640c0bf4206fb440f0008 8b274534e0ec4cd5afc50ea942255d43 - - default default] Successfully bumped revision number for resource 6bf10921-d57a-4ef3-a22f-57ddeacee8ea (type: security_groups) to 1
2026-05-06 06:11:07.215 10 INFO neutron.db.ovn_revision_numbers_db [None req-2241e4e1-fa10-456f-a0b2-fe345fd3bc42 270e8126c99640c0bf4206fb440f0008 8b274534e0ec4cd5afc50ea942255d43 - - default default] Successfully bumped revision number for resource 17f06c35-0034-4f1a-964d-95f66853427d (type: security_group_rules) to 0
2026-05-06 06:11:07.231 10 INFO neutron.db.ovn_revision_numbers_db [None req-2241e4e1-fa10-456f-a0b2-fe345fd3bc42 270e8126c99640c0bf4206fb440f0008 8b274534e0ec4cd5afc50ea942255d43 - - default default] Successfully bumped revision number for resource 83cb3f5e-fb6f-49bd-83b4-86f8ef7fe454 (type: security_group_rules) to 0
2026-05-06 06:11:07.246 10 INFO neutron.db.ovn_revision_numbers_db [None req-2241e4e1-fa10-456f-a0b2-fe345fd3bc42 270e8126c99640c0bf4206fb440f0008 8b274534e0ec4cd5afc50ea942255d43 - - default default] Successfully bumped revision number for resource bea8070b-cf7b-43d1-b1cd-56bb86df47fd (type: security_group_rules) to 0
2026-05-06 06:11:07.260 10 INFO neutron.db.ovn_revision_numbers_db [None req-2241e4e1-fa10-456f-a0b2-fe345fd3bc42 270e8126c99640c0bf4206fb440f0008 8b274534e0ec4cd5afc50ea942255d43 - - default default] Successfully bumped revision number for resource fb42e76a-1a39-4e44-8818-abf147ca5f69 (type: security_group_rules) to 0
2026-05-06 06:11:07.283 10 INFO neutron.wsgi [None req-2241e4e1-fa10-456f-a0b2-fe345fd3bc42 270e8126c99640c0bf4206fb440f0008 8b274534e0ec4cd5afc50ea942255d43 - - default default] 10.0.0.107 "GET /v2.0/security-groups?tenant_id=a6231594d6cc4d4baad4b22a39a26074&name=default HTTP/1.1" status: 200 len: 2996 time: 0.3867207
2026-05-06 06:11:07.307 9 INFO neutron.wsgi [req-afbba2e2-62d5-4502-9e5c-d5d234630fa0 req-e1378567-64da-4058-88c6-7d61f6561d52 8129487ce379429cada7c835d4f2ecd1 cd93dd1aabe2486ab9b0e223f5d9f8cb - - default default] 10.0.0.201 "GET /v2.0/ports?device_id=c7c241ea-d617-4c9b-9839-1989432e70fa HTTP/1.1" status: 200 len: 1400 time: 0.1108460
2026-05-06 06:11:07.345 9 INFO neutron.wsgi [req-afbba2e2-62d5-4502-9e5c-d5d234630fa0 req-a6a3dd94-bd27-44aa-bf18-a55bedd0d5c6 8129487ce379429cada7c835d4f2ecd1 cd93dd1aabe2486ab9b0e223f5d9f8cb - - default default] 10.0.0.201 "GET /v2.0/security-groups?id=f1b6d555-109e-42ab-ace8-beb0b3e0c9eb&fields=id&fields=name HTTP/1.1" status: 200 len: 310 time: 0.0318840
2026-05-06 06:11:07.474 10 INFO neutron.wsgi [None req-8ac3f785-7971-44af-b397-81a62551d1d9 8129487ce379429cada7c835d4f2ecd1 cd93dd1aabe2486ab9b0e223f5d9f8cb - - default default] 10.0.0.107 "GET /v2.0/ports?network_id=035ce9c1-7186-4fe5-8888-119c0ef41e12&mac_address=fa%3A16%3A3e%3Ae8%3A07%3Adf HTTP/1.1" status: 200 len: 1395 time: 0.1047387
2026-05-06 06:11:07.550 10 INFO neutron.wsgi [None req-08e5e403-0387-45f1-ae6d-ce75a3e9528e 270e8126c99640c0bf4206fb440f0008 8b274534e0ec4cd5afc50ea942255d43 - - default default] 10.0.0.107 "DELETE /v2.0/security-groups/6bf10921-d57a-4ef3-a22f-57ddeacee8ea HTTP/1.1" status: 204 len: 168 time: 0.2616603
2026-05-06 06:11:07.766 9 INFO neutron.db.ovn_revision_numbers_db [None req-6ea7365f-6d60-40f6-b11e-0cc563a4af9c 270e8126c99640c0bf4206fb440f0008 8b274534e0ec4cd5afc50ea942255d43 - - default default] Successfully bumped revision number for resource 8997d25d-fbb6-4154-9f2f-d7d55ba78c4e (type: security_groups) to 1
2026-05-06 06:11:07.777 9 INFO neutron.db.ovn_revision_numbers_db [None req-6ea7365f-6d60-40f6-b11e-0cc563a4af9c 270e8126c99640c0bf4206fb440f0008 8b274534e0ec4cd5afc50ea942255d43 - - default default] Successfully bumped revision number for resource 57658648-08ae-41fe-b0e2-119f9c035ff6 (type: security_group_rules) to 0
2026-05-06 06:11:07.782 10 WARNING neutron.scheduler.dhcp_agent_scheduler [None req-fa422c36-3022-4dc8-980c-a96a322c6e7f 8129487ce379429cada7c835d4f2ecd1 cd93dd1aabe2486ab9b0e223f5d9f8cb - - default default] No more DHCP agents
2026-05-06 06:11:07.784 10 WARNING neutron.api.rpc.agentnotifiers.dhcp_rpc_agent_api [None req-fa422c36-3022-4dc8-980c-a96a322c6e7f 8129487ce379429cada7c835d4f2ecd1 cd93dd1aabe2486ab9b0e223f5d9f8cb - - default default] Unable to schedule network 5e9d6caf-82fb-4055-909e-b1e6c200b218: no agents available; will retry on subsequent port and subnet creation events.
2026-05-06 06:11:07.791 9 INFO neutron.db.ovn_revision_numbers_db [None req-6ea7365f-6d60-40f6-b11e-0cc563a4af9c 270e8126c99640c0bf4206fb440f0008 8b274534e0ec4cd5afc50ea942255d43 - - default default] Successfully bumped revision number for resource bb6dbfe7-b2ea-4363-b8c1-c448937f132f (type: security_group_rules) to 0
2026-05-06 06:11:07.810 9 INFO neutron.db.ovn_revision_numbers_db [None req-6ea7365f-6d60-40f6-b11e-0cc563a4af9c 270e8126c99640c0bf4206fb440f0008 8b274534e0ec4cd5afc50ea942255d43 - - default default] Successfully bumped revision number for resource c2b344ec-ff78-41f1-a40f-ae18fc1405c6 (type: security_group_rules) to 0
2026-05-06 06:11:07.825 9 INFO neutron.db.ovn_revision_numbers_db [None req-6ea7365f-6d60-40f6-b11e-0cc563a4af9c 270e8126c99640c0bf4206fb440f0008 8b274534e0ec4cd5afc50ea942255d43 - - default default] Successfully bumped revision number for resource c779162c-c024-4a1b-892c-7798b5ebf9f3 (type: security_group_rules) to 0
2026-05-06 06:11:07.847 9 INFO neutron.wsgi [None req-6ea7365f-6d60-40f6-b11e-0cc563a4af9c 270e8126c99640c0bf4206fb440f0008 8b274534e0ec4cd5afc50ea942255d43 - - default default] 10.0.0.107 "GET /v2.0/security-groups?tenant_id=7a4fa379583b4bb8842793a369253c1e&name=default HTTP/1.1" status: 200 len: 2996 time: 0.1905653
2026-05-06 06:11:07.952 9 INFO neutron.wsgi [-] 10.0.0.181 "GET / HTTP/1.1" status: 200 len: 247 time: 0.0021973
2026-05-06 06:11:07.955 9 INFO neutron.wsgi [-] 10.0.0.181 "GET / HTTP/1.1" status: 200 len: 247 time: 0.0017469
2026-05-06 06:11:08.030 9 INFO neutron.wsgi [None req-ab3ad7b2-7d9e-4d88-9f72-7ecfbc69b45b 270e8126c99640c0bf4206fb440f0008 8b274534e0ec4cd5afc50ea942255d43 - - default default] 10.0.0.107 "DELETE /v2.0/security-groups/8997d25d-fbb6-4154-9f2f-d7d55ba78c4e HTTP/1.1" status: 204 len: 168 time: 0.1779966
2026-05-06 06:11:08.282 10 INFO neutron.db.l3_db [None req-fa422c36-3022-4dc8-980c-a96a322c6e7f 8129487ce379429cada7c835d4f2ecd1 cd93dd1aabe2486ab9b0e223f5d9f8cb - - default default] Floating IP 8a800020-9934-4900-b62a-e9dca042ef53 associated. External IP: 10.96.250.220, port: 68565fb8-732c-4e5a-a356-315cdb5c511e.
2026-05-06 06:11:08.489 10 INFO neutron.db.ovn_revision_numbers_db [None req-fa422c36-3022-4dc8-980c-a96a322c6e7f 8129487ce379429cada7c835d4f2ecd1 cd93dd1aabe2486ab9b0e223f5d9f8cb - - default default] Successfully bumped revision number for resource 8a800020-9934-4900-b62a-e9dca042ef53 (type: floatingips) to 0
2026-05-06 06:11:08.587 10 INFO neutron.db.ovn_revision_numbers_db [None req-fa422c36-3022-4dc8-980c-a96a322c6e7f 8129487ce379429cada7c835d4f2ecd1 cd93dd1aabe2486ab9b0e223f5d9f8cb - - default default] Successfully bumped revision number for resource 8a800020-9934-4900-b62a-e9dca042ef53 (type: floatingips) to 1
2026-05-06 06:11:08.627 10 INFO neutron.wsgi [None req-fa422c36-3022-4dc8-980c-a96a322c6e7f 8129487ce379429cada7c835d4f2ecd1 cd93dd1aabe2486ab9b0e223f5d9f8cb - - default default] 10.0.0.107 "POST /v2.0/floatingips HTTP/1.1" status: 201 len: 1053 time: 1.1485026
2026-05-06 06:11:08.669 10 INFO neutron.notifiers.nova [-] Nova event matching ['req-14b37b78-6455-45ec-8187-0b11c7064100'] response: {'name': 'network-changed', 'server_uuid': 'c7c241ea-d617-4c9b-9839-1989432e70fa', 'tag': '68565fb8-732c-4e5a-a356-315cdb5c511e', 'status': 'completed', 'code': 200}
2026-05-06 06:11:08.718 9 INFO neutron.wsgi [req-3186da01-6136-4af4-a7b9-fce9f47813cc req-1c44a6ba-b223-468e-a70c-2877ba545f3a 120372f8f5a84ce4a95b6bf6c77dd802 cebf464594b14c8a99ec438588facc58 - - e0cb39f46a7f4fbcb7c65298a0ad7f9a e0cb39f46a7f4fbcb7c65298a0ad7f9a] 199.19.213.86 "GET /v2.0/ports?tenant_id=cd93dd1aabe2486ab9b0e223f5d9f8cb&device_id=c7c241ea-d617-4c9b-9839-1989432e70fa HTTP/1.1" status: 200 len: 1638 time: 0.0308249
2026-05-06 06:11:08.784 9 INFO neutron.wsgi [req-3186da01-6136-4af4-a7b9-fce9f47813cc req-a2c046e3-25a8-402c-9a79-58931c5b66c6 120372f8f5a84ce4a95b6bf6c77dd802 cebf464594b14c8a99ec438588facc58 - - e0cb39f46a7f4fbcb7c65298a0ad7f9a e0cb39f46a7f4fbcb7c65298a0ad7f9a] 199.19.213.86 "GET /v2.0/networks?id=035ce9c1-7186-4fe5-8888-119c0ef41e12 HTTP/1.1" status: 200 len: 1003 time: 0.0573835
2026-05-06 06:11:08.830 9 INFO neutron.wsgi [req-3186da01-6136-4af4-a7b9-fce9f47813cc req-affdddd0-2372-4a2c-9222-9df3801ecf9a 120372f8f5a84ce4a95b6bf6c77dd802 cebf464594b14c8a99ec438588facc58 - - e0cb39f46a7f4fbcb7c65298a0ad7f9a e0cb39f46a7f4fbcb7c65298a0ad7f9a] 199.19.213.86 "GET /v2.0/floatingips?fixed_ip_address=10.2.2.26&port_id=68565fb8-732c-4e5a-a356-315cdb5c511e HTTP/1.1" status: 200 len: 1058 time: 0.0421500
2026-05-06 06:11:08.854 9 INFO neutron.wsgi [req-3186da01-6136-4af4-a7b9-fce9f47813cc req-37a6211a-2691-4808-883c-e8255431d288 120372f8f5a84ce4a95b6bf6c77dd802 cebf464594b14c8a99ec438588facc58 - - e0cb39f46a7f4fbcb7c65298a0ad7f9a e0cb39f46a7f4fbcb7c65298a0ad7f9a] 199.19.213.86 "GET /v2.0/floatingips?fixed_ip_address=fd77%3A1457%3A4cf0%3A26a8%3A%3A255&port_id=68565fb8-732c-4e5a-a356-315cdb5c511e HTTP/1.1" status: 200 len: 217 time: 0.0208180
2026-05-06 06:11:08.893 9 INFO neutron.wsgi [req-3186da01-6136-4af4-a7b9-fce9f47813cc req-0a9508e3-0dbc-4cba-888e-33718f177c89 120372f8f5a84ce4a95b6bf6c77dd802 cebf464594b14c8a99ec438588facc58 - - e0cb39f46a7f4fbcb7c65298a0ad7f9a e0cb39f46a7f4fbcb7c65298a0ad7f9a] 199.19.213.86 "GET /v2.0/subnets?id=32f0b9da-e2e2-4388-b4db-e8f67f08a453&id=411894fb-6d12-407c-8b89-00113b2f4d74 HTTP/1.1" status: 200 len: 1566 time: 0.0351987
2026-05-06 06:11:08.929 9 INFO neutron.wsgi [req-3186da01-6136-4af4-a7b9-fce9f47813cc req-638d7dd3-ce61-4937-96b4-104972c87765 120372f8f5a84ce4a95b6bf6c77dd802 cebf464594b14c8a99ec438588facc58 - - e0cb39f46a7f4fbcb7c65298a0ad7f9a e0cb39f46a7f4fbcb7c65298a0ad7f9a] 199.19.213.86 "GET /v2.0/ports?network_id=035ce9c1-7186-4fe5-8888-119c0ef41e12&device_owner=network%3Adhcp HTTP/1.1" status: 200 len: 210 time: 0.0284767
2026-05-06 06:11:08.957 9 INFO neutron.wsgi [req-3186da01-6136-4af4-a7b9-fce9f47813cc req-d02a4f62-ce10-4838-a93f-8bb1193c69cc 120372f8f5a84ce4a95b6bf6c77dd802 cebf464594b14c8a99ec438588facc58 - - e0cb39f46a7f4fbcb7c65298a0ad7f9a e0cb39f46a7f4fbcb7c65298a0ad7f9a] 199.19.213.86 "GET /v2.0/ports?network_id=035ce9c1-7186-4fe5-8888-119c0ef41e12&device_owner=network%3Adhcp HTTP/1.1" status: 200 len: 210 time: 0.0209241
2026-05-06 06:11:09.019 9 INFO neutron.wsgi [req-3186da01-6136-4af4-a7b9-fce9f47813cc req-d7dc7f3c-a0a9-48ac-b672-25fa6159037a 120372f8f5a84ce4a95b6bf6c77dd802 cebf464594b14c8a99ec438588facc58 - - e0cb39f46a7f4fbcb7c65298a0ad7f9a e0cb39f46a7f4fbcb7c65298a0ad7f9a] 199.19.213.86 "GET /v2.0/networks/035ce9c1-7186-4fe5-8888-119c0ef41e12?fields=segments HTTP/1.1" status: 200 len: 212 time: 0.0564647
2026-05-06 06:11:09.085 9 INFO neutron.wsgi [req-3186da01-6136-4af4-a7b9-fce9f47813cc req-b00cfc30-19b9-4ede-a9e6-3040adf6cb73 120372f8f5a84ce4a95b6bf6c77dd802 cebf464594b14c8a99ec438588facc58 - - e0cb39f46a7f4fbcb7c65298a0ad7f9a e0cb39f46a7f4fbcb7c65298a0ad7f9a] 199.19.213.86 "GET /v2.0/networks/035ce9c1-7186-4fe5-8888-119c0ef41e12?fields=provider%3Aphysical_network&fields=provider%3Anetwork_type HTTP/1.1" status: 200 len: 277 time: 0.0605507 /var/lib/openstack/lib/python3.10/site-packages/pycadf/identifier.py:71: UserWarning: Invalid uuid: neutron. To ensure interoperability, identifiers should be a valid uuid. warnings.warn(('Invalid uuid: %s. To ensure interoperability, '
2026-05-06 06:11:09.976 10 INFO neutron.wsgi [None req-faf000f7-e3f5-4a28-a982-cd1cbba54383 270e8126c99640c0bf4206fb440f0008 8b274534e0ec4cd5afc50ea942255d43 - - default default] 10.0.0.90 "GET /v2.0/subnets HTTP/1.1" status: 200 len: 6802 time: 0.1522243
2026-05-06 06:11:09.990 10 INFO neutron.wsgi [None req-30b3671d-adc7-4109-8efa-f80aab8612f2 270e8126c99640c0bf4206fb440f0008 8b274534e0ec4cd5afc50ea942255d43 - - default default] 10.0.0.90 "GET /v2.0/agents HTTP/1.1" status: 200 len: 997 time: 0.0113363
2026-05-06 06:11:10.058 10 INFO neutron.wsgi [None req-7dc04edf-3a8a-4abe-a1e6-b1d1621d8275 270e8126c99640c0bf4206fb440f0008 8b274534e0ec4cd5afc50ea942255d43 - - default default] 10.0.0.90 "GET /v2.0/security-groups HTTP/1.1" status: 200 len: 40909 time: 0.0663211
2026-05-06 06:11:10.087 10 INFO neutron.wsgi [None req-313babea-b7bb-43c0-94bb-ae3fd3522b84 270e8126c99640c0bf4206fb440f0008 8b274534e0ec4cd5afc50ea942255d43 - - default default] 10.0.0.90 "GET /v2.0/network-ip-availabilities HTTP/1.1" status: 200 len: 4304 time: 0.0162222
2026-05-06 06:11:10.141 10 INFO neutron.wsgi [None req-eca26e2b-dda1-45d5-9310-80c81186be0f 270e8126c99640c0bf4206fb440f0008 8b274534e0ec4cd5afc50ea942255d43 - - default default] 10.0.0.90 "GET /v2.0/ports HTTP/1.1" status: 200 len: 26260 time: 0.0518126
2026-05-06 06:11:10.204 10 INFO neutron.wsgi [None req-c33db739-73a9-4f94-bbe3-679e4c614f24 270e8126c99640c0bf4206fb440f0008 8b274534e0ec4cd5afc50ea942255d43 - - default default] 10.0.0.90 "GET /v2.0/floatingips HTTP/1.1" status: 200 len: 2720 time: 0.0470533
2026-05-06 06:11:10.289 10 INFO neutron.wsgi [None req-013e36ef-b8e4-4c06-a790-cb7f8b027acc 270e8126c99640c0bf4206fb440f0008 8b274534e0ec4cd5afc50ea942255d43 - - default default] 10.0.0.90 "GET /v2.0/networks HTTP/1.1" status: 200 len: 6235 time: 0.0829608
2026-05-06 06:11:10.626 10 INFO neutron.wsgi [None req-ca55e122-ccd8-4480-a15c-b9102232a3e4 270e8126c99640c0bf4206fb440f0008 8b274534e0ec4cd5afc50ea942255d43 - - default default] 10.0.0.90 "GET /v2.0/routers HTTP/1.1" status: 200 len: 2192 time: 0.3313122
2026-05-06 06:11:10.639 10 INFO neutron.wsgi [None req-2c0ee254-9a77-4f6a-a182-916da4c4d8fa 270e8126c99640c0bf4206fb440f0008 8b274534e0ec4cd5afc50ea942255d43 - - default default] 10.0.0.90 "GET /v2.0/agents?binary=ovn-controller HTTP/1.1" status: 200 len: 591 time: 0.0116861
2026-05-06 06:11:10.678 10 INFO neutron.wsgi [None req-2b1d07de-ec5f-461c-b238-1690f6dee8ee 270e8126c99640c0bf4206fb440f0008 8b274534e0ec4cd5afc50ea942255d43 - - default default] 10.0.0.90 "GET /v2.0/subnets HTTP/1.1" status: 200 len: 6802 time: 0.0382905
2026-05-06 06:11:10.692 10 INFO neutron.wsgi [None req-b2e78b7c-1939-4f6f-9450-ddf82d0d647d 270e8126c99640c0bf4206fb440f0008 8b274534e0ec4cd5afc50ea942255d43 - - default default] 10.0.0.90 "GET /v2.0/subnetpools HTTP/1.1" status: 200 len: 193 time: 0.0113440
2026-05-06 06:11:13.148 9 INFO neutron.db.ovn_revision_numbers_db [None req-1fba7f3a-0adb-4aa5-a3e6-09cf665af2fe 270e8126c99640c0bf4206fb440f0008 8b274534e0ec4cd5afc50ea942255d43 - - default default] Successfully bumped revision number for resource 655c8e64-29a4-4135-a306-1f59e1ffc50f (type: security_groups) to 1
2026-05-06 06:11:13.162 9 INFO neutron.db.ovn_revision_numbers_db [None req-1fba7f3a-0adb-4aa5-a3e6-09cf665af2fe 270e8126c99640c0bf4206fb440f0008 8b274534e0ec4cd5afc50ea942255d43 - - default default] Successfully bumped revision number for resource 84f7c31e-aa89-4185-86c7-286b568c8d0d (type: security_group_rules) to 0
2026-05-06 06:11:13.175 9 INFO neutron.db.ovn_revision_numbers_db [None req-1fba7f3a-0adb-4aa5-a3e6-09cf665af2fe 270e8126c99640c0bf4206fb440f0008 8b274534e0ec4cd5afc50ea942255d43 - - default default] Successfully bumped revision number for resource 93b3ad16-0406-43cd-ace8-178697dbd9d4 (type: security_group_rules) to 0
2026-05-06 06:11:13.190 9 INFO neutron.db.ovn_revision_numbers_db [None req-1fba7f3a-0adb-4aa5-a3e6-09cf665af2fe 270e8126c99640c0bf4206fb440f0008 8b274534e0ec4cd5afc50ea942255d43 - - default default] Successfully bumped revision number for resource a8f87daa-cb36-407d-be84-423f241ab4c9 (type: security_group_rules) to 0
2026-05-06 06:11:13.211 9 INFO neutron.db.ovn_revision_numbers_db [None req-1fba7f3a-0adb-4aa5-a3e6-09cf665af2fe 270e8126c99640c0bf4206fb440f0008 8b274534e0ec4cd5afc50ea942255d43 - - default default] Successfully bumped revision number for resource f61b088b-56e2-4c40-a465-13dfe3471df8 (type: security_group_rules) to 0
2026-05-06 06:11:13.233 9 INFO neutron.wsgi [None req-1fba7f3a-0adb-4aa5-a3e6-09cf665af2fe 270e8126c99640c0bf4206fb440f0008 8b274534e0ec4cd5afc50ea942255d43 - - default default] 10.0.0.107 "GET /v2.0/security-groups?tenant_id=1d27a26674e9457e9bbbfbfdb66ba1b9&name=default HTTP/1.1" status: 200 len: 2996 time: 0.2859290
2026-05-06 06:11:13.458 9 INFO neutron.wsgi [None req-d88aae68-9cf7-4f5a-94c4-7b4207372fc7 270e8126c99640c0bf4206fb440f0008 8b274534e0ec4cd5afc50ea942255d43 - - default default] 10.0.0.107 "DELETE /v2.0/security-groups/655c8e64-29a4-4135-a306-1f59e1ffc50f HTTP/1.1" status: 204 len: 168 time: 0.2192240
