2026-05-06 06:10:11.179 9 WARNING keystonemiddleware.audit [None req-8b8b4b26-01a6-4939-8f90-1c8299c0a951 - - - - - -] Skipping service tempest-service-206718002 as it have no endpoints.
2026-05-06 06:10:11.290 9 INFO neutron.wsgi [req-91cb7e4e-c557-4aaf-9119-2223ec4c1a63 req-d9ebf89d-2c6c-48f1-b25c-8128f719ad27 587b55c6312047fabe8bda1242123f85 7ecd6bf418fb42feb2addcd69cc11559 - - default default] 10.0.0.201 "GET /v2.0/ports?device_id=767b7a39-82d9-4fa5-9e0b-2dd0816a2cb9 HTTP/1.1" status: 200 len: 1170 time: 0.0457575
2026-05-06 06:10:11.363 9 INFO neutron.wsgi [req-91cb7e4e-c557-4aaf-9119-2223ec4c1a63 req-6736cfb4-b9ca-45b9-a87a-0528e1baa800 587b55c6312047fabe8bda1242123f85 7ecd6bf418fb42feb2addcd69cc11559 - - default default] 10.0.0.201 "GET /v2.0/security-groups?id=5fe85865-2ce8-4d3b-8d5e-244d0ed3b488&fields=id&fields=name HTTP/1.1" status: 200 len: 313 time: 0.0637255
2026-05-06 06:10:11.427 10 INFO neutron.wsgi [None req-474500cd-52a3-4c41-a661-6b6e2ed23357 1489f6ec48f741fcad3914c60c45b1d8 cec7e4ff74b7417b838916f54364e053 - - default default] 10.0.0.107 "GET /v2.0/ports?device_id=767b7a39-82d9-4fa5-9e0b-2dd0816a2cb9 HTTP/1.1" status: 200 len: 1404 time: 0.0331156
2026-05-06 06:10:11.654 10 INFO neutron.db.l3_db [None req-cc51a26a-f80f-4484-9bd8-30c97a2c7d7e 587b55c6312047fabe8bda1242123f85 7ecd6bf418fb42feb2addcd69cc11559 - - default default] Floating IP cc551225-f7d5-49c5-92eb-2c7a5208beea associated. External IP: 10.96.250.207, port: 4ed6eb57-ce1a-433f-95c0-6507b43614ab.
2026-05-06 06:10:11.705 9 INFO neutron.wsgi [None req-e661487d-92f4-43dd-b454-cbc28fd118da 270e8126c99640c0bf4206fb440f0008 8b274534e0ec4cd5afc50ea942255d43 - - default default] 10.0.0.107 "DELETE /v2.0/security-groups/d90339be-ed70-40b8-bf5d-e4b638f7c143 HTTP/1.1" status: 204 len: 168 time: 0.5277965
2026-05-06 06:10:11.872 10 INFO neutron.db.ovn_revision_numbers_db [None req-cc51a26a-f80f-4484-9bd8-30c97a2c7d7e 587b55c6312047fabe8bda1242123f85 7ecd6bf418fb42feb2addcd69cc11559 - - default default] Successfully bumped revision number for resource cc551225-f7d5-49c5-92eb-2c7a5208beea (type: floatingips) to 4
2026-05-06 06:10:11.959 9 INFO neutron.db.ovn_revision_numbers_db [None req-9016ee87-8f58-4814-8277-6ae0cd96b61d 270e8126c99640c0bf4206fb440f0008 8b274534e0ec4cd5afc50ea942255d43 - - default default] Successfully bumped revision number for resource ed1872e6-3dfe-4082-9e37-0db5b8b2b3f0 (type: security_groups) to 1
2026-05-06 06:10:11.980 9 INFO neutron.db.ovn_revision_numbers_db [None req-9016ee87-8f58-4814-8277-6ae0cd96b61d 270e8126c99640c0bf4206fb440f0008 8b274534e0ec4cd5afc50ea942255d43 - - default default] Successfully bumped revision number for resource 2710aae6-ba64-4b11-b496-9d59682bca43 (type: security_group_rules) to 0
2026-05-06 06:10:11.985 10 INFO neutron.db.ovn_revision_numbers_db [None req-cc51a26a-f80f-4484-9bd8-30c97a2c7d7e 587b55c6312047fabe8bda1242123f85 7ecd6bf418fb42feb2addcd69cc11559 - - default default] Successfully bumped revision number for resource cc551225-f7d5-49c5-92eb-2c7a5208beea (type: floatingips) to 5
2026-05-06 06:10:11.999 9 INFO neutron.db.ovn_revision_numbers_db [None req-9016ee87-8f58-4814-8277-6ae0cd96b61d 270e8126c99640c0bf4206fb440f0008 8b274534e0ec4cd5afc50ea942255d43 - - default default] Successfully bumped revision number for resource 280efed8-2795-46ed-8388-0af653c4a588 (type: security_group_rules) to 0
2026-05-06 06:10:12.009 10 INFO neutron.wsgi [None req-cc51a26a-f80f-4484-9bd8-30c97a2c7d7e 587b55c6312047fabe8bda1242123f85 7ecd6bf418fb42feb2addcd69cc11559 - - default default] 10.0.0.107 "PUT /v2.0/floatingips/cc551225-f7d5-49c5-92eb-2c7a5208beea HTTP/1.1" status: 200 len: 1049 time: 0.5760553
2026-05-06 06:10:12.014 9 INFO neutron.db.ovn_revision_numbers_db [None req-9016ee87-8f58-4814-8277-6ae0cd96b61d 270e8126c99640c0bf4206fb440f0008 8b274534e0ec4cd5afc50ea942255d43 - - default default] Successfully bumped revision number for resource b046f26f-0bf6-4cfd-b1e8-f0112188f1e2 (type: security_group_rules) to 0
2026-05-06 06:10:12.072 9 INFO neutron.wsgi [None req-dec68259-970a-4fe5-bf03-7ccf4523e340 270e8126c99640c0bf4206fb440f0008 8b274534e0ec4cd5afc50ea942255d43 - - default default] 10.0.0.107 "PUT /v2.0/routers/8df32aee-a74f-4eb2-b826-23ae7d98d9d4/remove_router_interface HTTP/1.1" status: 200 len: 503 time: 1.4165390
2026-05-06 06:10:12.075 9 INFO neutron.db.ovn_revision_numbers_db [None req-9016ee87-8f58-4814-8277-6ae0cd96b61d 270e8126c99640c0bf4206fb440f0008 8b274534e0ec4cd5afc50ea942255d43 - - default default] Successfully bumped revision number for resource dbb786d3-bd65-4adf-9a71-f1d3374f7547 (type: security_group_rules) to 0 /var/lib/openstack/lib/python3.10/site-packages/pycadf/identifier.py:71: UserWarning: Invalid uuid: neutron. To ensure interoperability, identifiers should be a valid uuid. warnings.warn(('Invalid uuid: %s. To ensure interoperability, '
2026-05-06 06:10:12.100 9 INFO neutron.wsgi [None req-9016ee87-8f58-4814-8277-6ae0cd96b61d 270e8126c99640c0bf4206fb440f0008 8b274534e0ec4cd5afc50ea942255d43 - - default default] 10.0.0.107 "GET /v2.0/security-groups?tenant_id=9be5f573e3b74257af17b6ba988a8a60&name=default HTTP/1.1" status: 200 len: 2996 time: 0.4341416
2026-05-06 06:10:12.103 9 INFO neutron.wsgi [None req-bb03fa79-5497-4f14-84f7-386c0f094adc 587b55c6312047fabe8bda1242123f85 7ecd6bf418fb42feb2addcd69cc11559 - - default default] 10.0.0.107 "GET /v2.0/floatingips/cc551225-f7d5-49c5-92eb-2c7a5208beea HTTP/1.1" status: 200 len: 1051 time: 0.0861590 /var/lib/openstack/lib/python3.10/site-packages/pycadf/identifier.py:71: UserWarning: Invalid uuid: neutron. To ensure interoperability, identifiers should be a valid uuid. warnings.warn(('Invalid uuid: %s. To ensure interoperability, '
2026-05-06 06:10:12.144 10 INFO neutron.notifiers.nova [-] Nova event matching ['req-abd33af1-c0ef-4c63-84dd-d6f515a9deb4'] response: {'name': 'network-changed', 'server_uuid': '767b7a39-82d9-4fa5-9e0b-2dd0816a2cb9', 'tag': '4ed6eb57-ce1a-433f-95c0-6507b43614ab', 'status': 'completed', 'code': 200}
2026-05-06 06:10:12.211 10 INFO neutron.wsgi [req-f8596187-4d60-48a6-8a2b-d3a8aea6ddcc req-80a88ce4-eb06-4bde-b5c7-1436dae6f3c8 120372f8f5a84ce4a95b6bf6c77dd802 cebf464594b14c8a99ec438588facc58 - - e0cb39f46a7f4fbcb7c65298a0ad7f9a e0cb39f46a7f4fbcb7c65298a0ad7f9a] 199.19.213.86 "GET /v2.0/ports?tenant_id=7ecd6bf418fb42feb2addcd69cc11559&device_id=767b7a39-82d9-4fa5-9e0b-2dd0816a2cb9 HTTP/1.1" status: 200 len: 1409 time: 0.0355191
2026-05-06 06:10:12.304 10 INFO neutron.wsgi [req-f8596187-4d60-48a6-8a2b-d3a8aea6ddcc req-161902a6-10f0-42a0-8da6-3b012258bdd4 120372f8f5a84ce4a95b6bf6c77dd802 cebf464594b14c8a99ec438588facc58 - - e0cb39f46a7f4fbcb7c65298a0ad7f9a e0cb39f46a7f4fbcb7c65298a0ad7f9a] 199.19.213.86 "GET /v2.0/networks?id=6c5ddb65-df94-485c-80de-d1cbe93fb3de HTTP/1.1" status: 200 len: 959 time: 0.0849166
2026-05-06 06:10:12.314 9 INFO neutron.wsgi [None req-d6af11d3-d6f2-46b0-b3aa-98d73c58c50c 270e8126c99640c0bf4206fb440f0008 8b274534e0ec4cd5afc50ea942255d43 - - default default] 10.0.0.107 "DELETE /v2.0/security-groups/ed1872e6-3dfe-4082-9e37-0db5b8b2b3f0 HTTP/1.1" status: 204 len: 168 time: 0.2072380
2026-05-06 06:10:12.358 10 INFO neutron.wsgi [req-f8596187-4d60-48a6-8a2b-d3a8aea6ddcc req-7e250dc5-ad11-491e-ae4b-d2feb34356d6 120372f8f5a84ce4a95b6bf6c77dd802 cebf464594b14c8a99ec438588facc58 - - e0cb39f46a7f4fbcb7c65298a0ad7f9a e0cb39f46a7f4fbcb7c65298a0ad7f9a] 199.19.213.86 "GET /v2.0/floatingips?fixed_ip_address=10.100.0.9&port_id=4ed6eb57-ce1a-433f-95c0-6507b43614ab HTTP/1.1" status: 200 len: 1059 time: 0.0488467
2026-05-06 06:10:12.395 10 INFO neutron.wsgi [req-f8596187-4d60-48a6-8a2b-d3a8aea6ddcc req-71008d8b-82f6-4693-801e-c4f29a420510 120372f8f5a84ce4a95b6bf6c77dd802 cebf464594b14c8a99ec438588facc58 - - e0cb39f46a7f4fbcb7c65298a0ad7f9a e0cb39f46a7f4fbcb7c65298a0ad7f9a] 199.19.213.86 "GET /v2.0/subnets?id=0f4f9fe5-aefd-4cd1-aa0c-1d84967f699d HTTP/1.1" status: 200 len: 853 time: 0.0308628
2026-05-06 06:10:12.425 9 INFO neutron.notifiers.nova [-] Nova event matching ['req-3318eb42-1daf-471c-9bf6-d18b4f608949'] response: {'server_uuid': '767b7a39-82d9-4fa5-9e0b-2dd0816a2cb9', 'name': 'network-vif-plugged', 'status': 'completed', 'tag': '4ed6eb57-ce1a-433f-95c0-6507b43614ab', 'code': 200}
2026-05-06 06:10:12.436 10 INFO neutron.wsgi [req-f8596187-4d60-48a6-8a2b-d3a8aea6ddcc req-7ff4310e-6773-46d8-a995-b061ba77ca3b 120372f8f5a84ce4a95b6bf6c77dd802 cebf464594b14c8a99ec438588facc58 - - e0cb39f46a7f4fbcb7c65298a0ad7f9a e0cb39f46a7f4fbcb7c65298a0ad7f9a] 199.19.213.86 "GET /v2.0/ports?network_id=6c5ddb65-df94-485c-80de-d1cbe93fb3de&device_owner=network%3Adhcp HTTP/1.1" status: 200 len: 210 time: 0.0257602
2026-05-06 06:10:12.540 10 INFO neutron.wsgi [req-f8596187-4d60-48a6-8a2b-d3a8aea6ddcc req-cadb0315-b49e-4bab-9e76-b8c955da6b82 120372f8f5a84ce4a95b6bf6c77dd802 cebf464594b14c8a99ec438588facc58 - - e0cb39f46a7f4fbcb7c65298a0ad7f9a e0cb39f46a7f4fbcb7c65298a0ad7f9a] 199.19.213.86 "GET /v2.0/networks/6c5ddb65-df94-485c-80de-d1cbe93fb3de?fields=segments HTTP/1.1" status: 200 len: 212 time: 0.0976253
2026-05-06 06:10:12.640 10 INFO neutron.db.ovn_revision_numbers_db [None req-d6805bbe-406f-41ef-9156-507266d695dc 270e8126c99640c0bf4206fb440f0008 8b274534e0ec4cd5afc50ea942255d43 - - default default] Successfully bumped revision number for resource 4c10acb0-ebc3-49bd-8a7b-aa621d923cb5 (type: security_groups) to 1
2026-05-06 06:10:12.643 10 INFO neutron.wsgi [req-f8596187-4d60-48a6-8a2b-d3a8aea6ddcc req-6dbf3c83-b744-4f05-bc70-8ec9ed629b67 120372f8f5a84ce4a95b6bf6c77dd802 cebf464594b14c8a99ec438588facc58 - - e0cb39f46a7f4fbcb7c65298a0ad7f9a e0cb39f46a7f4fbcb7c65298a0ad7f9a] 199.19.213.86 "GET /v2.0/networks/6c5ddb65-df94-485c-80de-d1cbe93fb3de?fields=provider%3Aphysical_network&fields=provider%3Anetwork_type HTTP/1.1" status: 200 len: 277 time: 0.0977044
2026-05-06 06:10:12.661 10 INFO neutron.db.ovn_revision_numbers_db [None req-d6805bbe-406f-41ef-9156-507266d695dc 270e8126c99640c0bf4206fb440f0008 8b274534e0ec4cd5afc50ea942255d43 - - default default] Successfully bumped revision number for resource 56f5be53-a975-4793-930f-891f2e2b2e9e (type: security_group_rules) to 0
2026-05-06 06:10:12.681 10 INFO neutron.db.ovn_revision_numbers_db [None req-d6805bbe-406f-41ef-9156-507266d695dc 270e8126c99640c0bf4206fb440f0008 8b274534e0ec4cd5afc50ea942255d43 - - default default] Successfully bumped revision number for resource 5d98ffc9-a77a-46a9-ab00-8abb3d56c79f (type: security_group_rules) to 0
2026-05-06 06:10:12.698 10 INFO neutron.db.ovn_revision_numbers_db [None req-d6805bbe-406f-41ef-9156-507266d695dc 270e8126c99640c0bf4206fb440f0008 8b274534e0ec4cd5afc50ea942255d43 - - default default] Successfully bumped revision number for resource 6238b415-9e1a-4bb9-bab2-0b02896918e5 (type: security_group_rules) to 0
2026-05-06 06:10:12.719 10 INFO neutron.db.ovn_revision_numbers_db [None req-d6805bbe-406f-41ef-9156-507266d695dc 270e8126c99640c0bf4206fb440f0008 8b274534e0ec4cd5afc50ea942255d43 - - default default] Successfully bumped revision number for resource cb0e6ea4-1d95-429d-a17a-fa584754b817 (type: security_group_rules) to 0
2026-05-06 06:10:12.746 10 INFO neutron.wsgi [None req-d6805bbe-406f-41ef-9156-507266d695dc 270e8126c99640c0bf4206fb440f0008 8b274534e0ec4cd5afc50ea942255d43 - - default default] 10.0.0.107 "GET /v2.0/security-groups?tenant_id=a6598e8d43b948b0878f7418556606e5&name=default HTTP/1.1" status: 200 len: 2996 time: 0.3487141
2026-05-06 06:10:12.823 10 INFO neutron.wsgi [None req-bd199082-e1fa-4e8c-af34-4520c8c1c18a 270e8126c99640c0bf4206fb440f0008 8b274534e0ec4cd5afc50ea942255d43 - - default default] 10.0.0.107 "DELETE /v2.0/routers/8df32aee-a74f-4eb2-b826-23ae7d98d9d4 HTTP/1.1" status: 204 len: 168 time: 0.7444808
2026-05-06 06:10:13.005 10 INFO neutron.wsgi [None req-e315a333-0ec0-4c7c-b27e-79ea6a668b8e 270e8126c99640c0bf4206fb440f0008 8b274534e0ec4cd5afc50ea942255d43 - - default default] 10.0.0.107 "DELETE /v2.0/subnets/f18cd889-f6b9-45f7-b986-cfdfdcd3f0b4 HTTP/1.1" status: 204 len: 168 time: 0.1770279
2026-05-06 06:10:13.006 9 INFO neutron.wsgi [None req-c56a656a-ecf4-4979-bf2f-3ad43a33a677 270e8126c99640c0bf4206fb440f0008 8b274534e0ec4cd5afc50ea942255d43 - - default default] 10.0.0.107 "DELETE /v2.0/security-groups/4c10acb0-ebc3-49bd-8a7b-aa621d923cb5 HTTP/1.1" status: 204 len: 168 time: 0.2538753
2026-05-06 06:10:13.583 10 INFO neutron.services.segments.plugin [-] Segment c804b1a5-fe63-4b1c-b34e-c079d2f34fa9 resource provider aggregate not found
2026-05-06 06:10:13.589 10 INFO neutron.services.segments.plugin [-] Segment c804b1a5-fe63-4b1c-b34e-c079d2f34fa9 resource provider aggregate not found
2026-05-06 06:10:13.611 10 INFO neutron.services.segments.plugin [-] Segment c804b1a5-fe63-4b1c-b34e-c079d2f34fa9 resource provider not found; error: Placement Client Error (4xx): {"errors": [{"status": 404, "title": "Not Found", "detail": "The resource could not be found.\n\n No resource provider with uuid c804b1a5-fe63-4b1c-b34e-c079d2f34fa9 found for delete ", "request_id": "req-087324e5-ec8c-4071-a3e6-a8c9d51f83d7"}]}
2026-05-06 06:10:13.611 10 INFO neutron.services.segments.plugin [-] Segment c804b1a5-fe63-4b1c-b34e-c079d2f34fa9 resource provider not found; error: Placement Client Error (4xx): {"errors": [{"status": 404, "title": "Not Found", "detail": "The resource could not be found.\n\n No resource provider with uuid c804b1a5-fe63-4b1c-b34e-c079d2f34fa9 found for delete ", "request_id": "req-6bcc8aa1-77b4-4820-acd5-858a2bfa28c2"}]}
2026-05-06 06:10:13.635 10 INFO neutron.wsgi [None req-ae825f1e-5aef-42fe-a9ec-fbb16f3717e5 270e8126c99640c0bf4206fb440f0008 8b274534e0ec4cd5afc50ea942255d43 - - default default] 10.0.0.107 "DELETE /v2.0/networks/04fca3eb-1566-4c48-b1f3-d27e0224454b HTTP/1.1" status: 204 len: 168 time: 0.6261346
2026-05-06 06:10:13.773 10 INFO neutron.wsgi [None req-b491461d-4b50-4956-8980-d64df6b46926 270e8126c99640c0bf4206fb440f0008 8b274534e0ec4cd5afc50ea942255d43 - - default default] 10.0.0.107 "GET /v2.0/security-groups?tenant_id=95fb849e13564b2b983848d6c29da9e4&name=default HTTP/1.1" status: 200 len: 2996 time: 0.0377421
2026-05-06 06:10:13.977 10 INFO neutron.wsgi [None req-1ac71621-fe99-4e4a-9ebb-6054432dfdea 270e8126c99640c0bf4206fb440f0008 8b274534e0ec4cd5afc50ea942255d43 - - default default] 10.0.0.107 "DELETE /v2.0/security-groups/3351a3a4-7d0b-4741-b6fb-94b482b649ac HTTP/1.1" status: 204 len: 168 time: 0.1987476
2026-05-06 06:10:16.321 10 INFO neutron.db.ovn_revision_numbers_db [None req-4026bcac-51b6-4c21-81c4-e26b61a303bc 8c1dc1a1ab734c22bfc0e847d1178adf 2250256948914c50a59cbefa275da76a - - default default] Successfully bumped revision number for resource 11fb08aa-45db-4193-8c83-b9fcd5828ae6 (type: security_groups) to 1
2026-05-06 06:10:16.334 10 INFO neutron.db.ovn_revision_numbers_db [None req-4026bcac-51b6-4c21-81c4-e26b61a303bc 8c1dc1a1ab734c22bfc0e847d1178adf 2250256948914c50a59cbefa275da76a - - default default] Successfully bumped revision number for resource 15a9116d-d57f-43e2-8dd6-87f0b344cd61 (type: security_group_rules) to 0
2026-05-06 06:10:16.348 10 INFO neutron.db.ovn_revision_numbers_db [None req-4026bcac-51b6-4c21-81c4-e26b61a303bc 8c1dc1a1ab734c22bfc0e847d1178adf 2250256948914c50a59cbefa275da76a - - default default] Successfully bumped revision number for resource a0572830-aa44-47ee-bb30-2a1e4ca83b84 (type: security_group_rules) to 0
2026-05-06 06:10:16.363 10 INFO neutron.db.ovn_revision_numbers_db [None req-4026bcac-51b6-4c21-81c4-e26b61a303bc 8c1dc1a1ab734c22bfc0e847d1178adf 2250256948914c50a59cbefa275da76a - - default default] Successfully bumped revision number for resource a63609ab-d1e9-4d26-9144-04e9172c2605 (type: security_group_rules) to 0
2026-05-06 06:10:16.382 10 INFO neutron.db.ovn_revision_numbers_db [None req-4026bcac-51b6-4c21-81c4-e26b61a303bc 8c1dc1a1ab734c22bfc0e847d1178adf 2250256948914c50a59cbefa275da76a - - default default] Successfully bumped revision number for resource b5e738bf-3ed0-4641-8eb3-12c9ad830277 (type: security_group_rules) to 0
2026-05-06 06:10:16.441 10 INFO neutron.db.segments_db [None req-4026bcac-51b6-4c21-81c4-e26b61a303bc 8c1dc1a1ab734c22bfc0e847d1178adf 2250256948914c50a59cbefa275da76a - - default default] Added segment 08a9d426-0847-4830-acbd-3c97dc8d55d4 of type geneve for network 4a32c7fb-bb81-41ff-be4a-662f9425d96d
2026-05-06 06:10:16.585 10 INFO neutron.db.ovn_revision_numbers_db [None req-4026bcac-51b6-4c21-81c4-e26b61a303bc 8c1dc1a1ab734c22bfc0e847d1178adf 2250256948914c50a59cbefa275da76a - - default default] Successfully bumped revision number for resource 4a32c7fb-bb81-41ff-be4a-662f9425d96d (type: networks) to 1
2026-05-06 06:10:16.781 10 WARNING neutron.scheduler.dhcp_agent_scheduler [None req-4026bcac-51b6-4c21-81c4-e26b61a303bc 8c1dc1a1ab734c22bfc0e847d1178adf 2250256948914c50a59cbefa275da76a - - default default] No more DHCP agents
2026-05-06 06:10:16.784 10 WARNING neutron.api.rpc.agentnotifiers.dhcp_rpc_agent_api [None req-4026bcac-51b6-4c21-81c4-e26b61a303bc 8c1dc1a1ab734c22bfc0e847d1178adf 2250256948914c50a59cbefa275da76a - - default default] Unable to schedule network 4a32c7fb-bb81-41ff-be4a-662f9425d96d: no agents available; will retry on subsequent port and subnet creation events.
2026-05-06 06:10:16.858 10 INFO neutron.db.ovn_revision_numbers_db [None req-4026bcac-51b6-4c21-81c4-e26b61a303bc 8c1dc1a1ab734c22bfc0e847d1178adf 2250256948914c50a59cbefa275da76a - - default default] Successfully bumped revision number for resource a48c1df3-b8d3-4a76-bacb-fd58e01bae5c (type: ports) to 1
2026-05-06 06:10:16.877 10 INFO neutron.wsgi [None req-4026bcac-51b6-4c21-81c4-e26b61a303bc 8c1dc1a1ab734c22bfc0e847d1178adf 2250256948914c50a59cbefa275da76a - - default default] 10.0.0.107 "POST /v2.0/networks HTTP/1.1" status: 201 len: 830 time: 0.8036783
2026-05-06 06:10:17.088 10 WARNING neutron.scheduler.dhcp_agent_scheduler [None req-86935e3c-3618-411d-92e6-9f6a8578e48c 8c1dc1a1ab734c22bfc0e847d1178adf 2250256948914c50a59cbefa275da76a - - default default] No more DHCP agents
2026-05-06 06:10:17.091 10 WARNING neutron.api.rpc.agentnotifiers.dhcp_rpc_agent_api [None req-86935e3c-3618-411d-92e6-9f6a8578e48c 8c1dc1a1ab734c22bfc0e847d1178adf 2250256948914c50a59cbefa275da76a - - default default] Unable to schedule network 4a32c7fb-bb81-41ff-be4a-662f9425d96d: no agents available; will retry on subsequent port and subnet creation events.
2026-05-06 06:10:17.107 9 INFO neutron.db.ovn_revision_numbers_db [None req-7eac454d-7fc1-46f2-89ad-3bcea304550e 270e8126c99640c0bf4206fb440f0008 8b274534e0ec4cd5afc50ea942255d43 - - default default] Successfully bumped revision number for resource 4c7852af-9ce6-44df-af41-9b7b8170ba87 (type: security_groups) to 1
2026-05-06 06:10:17.122 9 INFO neutron.db.ovn_revision_numbers_db [None req-7eac454d-7fc1-46f2-89ad-3bcea304550e 270e8126c99640c0bf4206fb440f0008 8b274534e0ec4cd5afc50ea942255d43 - - default default] Successfully bumped revision number for resource 31ac7803-3ac6-4809-986e-3de8fdc60da9 (type: security_group_rules) to 0
2026-05-06 06:10:17.135 9 INFO neutron.db.ovn_revision_numbers_db [None req-7eac454d-7fc1-46f2-89ad-3bcea304550e 270e8126c99640c0bf4206fb440f0008 8b274534e0ec4cd5afc50ea942255d43 - - default default] Successfully bumped revision number for resource 39a6ca2f-1eda-4b5b-a861-b51b0ecd7033 (type: security_group_rules) to 0
2026-05-06 06:10:17.150 9 INFO neutron.db.ovn_revision_numbers_db [None req-7eac454d-7fc1-46f2-89ad-3bcea304550e 270e8126c99640c0bf4206fb440f0008 8b274534e0ec4cd5afc50ea942255d43 - - default default] Successfully bumped revision number for resource 6d6bbeff-4abd-4e45-b33b-cc79241a0215 (type: security_group_rules) to 0
2026-05-06 06:10:17.165 9 INFO neutron.db.ovn_revision_numbers_db [None req-7eac454d-7fc1-46f2-89ad-3bcea304550e 270e8126c99640c0bf4206fb440f0008 8b274534e0ec4cd5afc50ea942255d43 - - default default] Successfully bumped revision number for resource f7d2b777-0082-4cb3-911b-8554a5c50591 (type: security_group_rules) to 0
2026-05-06 06:10:17.187 9 INFO neutron.wsgi [None req-7eac454d-7fc1-46f2-89ad-3bcea304550e 270e8126c99640c0bf4206fb440f0008 8b274534e0ec4cd5afc50ea942255d43 - - default default] 10.0.0.107 "GET /v2.0/security-groups?tenant_id=09db004623fc43c0a0497c198b05a999&name=default HTTP/1.1" status: 200 len: 2996 time: 0.3408480
2026-05-06 06:10:17.408 9 INFO neutron.wsgi [None req-0a88f004-5cfa-4f82-acdf-89ae59ffc04b 270e8126c99640c0bf4206fb440f0008 8b274534e0ec4cd5afc50ea942255d43 - - default default] 10.0.0.107 "DELETE /v2.0/security-groups/4c7852af-9ce6-44df-af41-9b7b8170ba87 HTTP/1.1" status: 204 len: 168 time: 0.2161441
2026-05-06 06:10:17.642 10 INFO neutron.db.ovn_revision_numbers_db [None req-86935e3c-3618-411d-92e6-9f6a8578e48c 8c1dc1a1ab734c22bfc0e847d1178adf 2250256948914c50a59cbefa275da76a - - default default] Successfully bumped revision number for resource a48c1df3-b8d3-4a76-bacb-fd58e01bae5c (type: ports) to 2
2026-05-06 06:10:17.678 10 INFO neutron.db.ovn_revision_numbers_db [None req-9f7bbb74-850a-4cb6-bb1c-43ef5e5a6b50 270e8126c99640c0bf4206fb440f0008 8b274534e0ec4cd5afc50ea942255d43 - - default default] Successfully bumped revision number for resource 25fa3dfc-f9ba-4789-b5ce-99b31b7ebc9b (type: security_groups) to 1
2026-05-06 06:10:17.684 10 INFO neutron.db.ovn_revision_numbers_db [None req-86935e3c-3618-411d-92e6-9f6a8578e48c 8c1dc1a1ab734c22bfc0e847d1178adf 2250256948914c50a59cbefa275da76a - - default default] Successfully bumped revision number for resource 132aa6c2-96a7-4dbc-9cc2-7a56fed532cc (type: subnets) to 0
2026-05-06 06:10:17.697 10 INFO neutron.db.ovn_revision_numbers_db [None req-9f7bbb74-850a-4cb6-bb1c-43ef5e5a6b50 270e8126c99640c0bf4206fb440f0008 8b274534e0ec4cd5afc50ea942255d43 - - default default] Successfully bumped revision number for resource 47b5589a-576c-4daa-94da-19f08cf6999f (type: security_group_rules) to 0
2026-05-06 06:10:17.701 10 INFO neutron.wsgi [None req-86935e3c-3618-411d-92e6-9f6a8578e48c 8c1dc1a1ab734c22bfc0e847d1178adf 2250256948914c50a59cbefa275da76a - - default default] 10.0.0.107 "POST /v2.0/subnets HTTP/1.1" status: 201 len: 801 time: 0.8187907
2026-05-06 06:10:17.720 10 INFO neutron.db.ovn_revision_numbers_db [None req-9f7bbb74-850a-4cb6-bb1c-43ef5e5a6b50 270e8126c99640c0bf4206fb440f0008 8b274534e0ec4cd5afc50ea942255d43 - - default default] Successfully bumped revision number for resource 875d5b38-b374-445b-be7f-426152817c0a (type: security_group_rules) to 0
2026-05-06 06:10:17.733 10 INFO neutron.db.ovn_revision_numbers_db [None req-9f7bbb74-850a-4cb6-bb1c-43ef5e5a6b50 270e8126c99640c0bf4206fb440f0008 8b274534e0ec4cd5afc50ea942255d43 - - default default] Successfully bumped revision number for resource 9f2311c6-39a8-4209-9413-48abe3e44371 (type: security_group_rules) to 0
2026-05-06 06:10:17.751 10 INFO neutron.db.ovn_revision_numbers_db [None req-9f7bbb74-850a-4cb6-bb1c-43ef5e5a6b50 270e8126c99640c0bf4206fb440f0008 8b274534e0ec4cd5afc50ea942255d43 - - default default] Successfully bumped revision number for resource f3f58c30-5863-4572-9fad-a8244841bad0 (type: security_group_rules) to 0
2026-05-06 06:10:17.771 10 INFO neutron.wsgi [None req-9f7bbb74-850a-4cb6-bb1c-43ef5e5a6b50 270e8126c99640c0bf4206fb440f0008 8b274534e0ec4cd5afc50ea942255d43 - - default default] 10.0.0.107 "GET /v2.0/security-groups?tenant_id=352cee9b2cc24dc9ab53a6abad64b3dd&name=default HTTP/1.1" status: 200 len: 2996 time: 0.2601440
2026-05-06 06:10:17.797 10 INFO neutron.db.segments_db [None req-507e4eec-52a0-4b69-af2f-6419e269106c 8c1dc1a1ab734c22bfc0e847d1178adf 2250256948914c50a59cbefa275da76a - - default default] Added segment aead79f9-5c99-45d2-b2f2-aad154cf2dcf of type geneve for network 83db3465-bb5d-47da-8737-fbb3a595fc73
2026-05-06 06:10:17.949 10 INFO neutron.db.ovn_revision_numbers_db [None req-507e4eec-52a0-4b69-af2f-6419e269106c 8c1dc1a1ab734c22bfc0e847d1178adf 2250256948914c50a59cbefa275da76a - - default default] Successfully bumped revision number for resource 83db3465-bb5d-47da-8737-fbb3a595fc73 (type: networks) to 1
2026-05-06 06:10:18.059 10 INFO neutron.wsgi [None req-31b3719f-8c63-42bd-992f-373b554be759 270e8126c99640c0bf4206fb440f0008 8b274534e0ec4cd5afc50ea942255d43 - - default default] 10.0.0.107 "DELETE /v2.0/security-groups/25fa3dfc-f9ba-4789-b5ce-99b31b7ebc9b HTTP/1.1" status: 204 len: 168 time: 0.2832565
2026-05-06 06:10:18.120 10 WARNING neutron.scheduler.dhcp_agent_scheduler [None req-507e4eec-52a0-4b69-af2f-6419e269106c 8c1dc1a1ab734c22bfc0e847d1178adf 2250256948914c50a59cbefa275da76a - - default default] No more DHCP agents
2026-05-06 06:10:18.123 10 WARNING neutron.api.rpc.agentnotifiers.dhcp_rpc_agent_api [None req-507e4eec-52a0-4b69-af2f-6419e269106c 8c1dc1a1ab734c22bfc0e847d1178adf 2250256948914c50a59cbefa275da76a - - default default] Unable to schedule network 83db3465-bb5d-47da-8737-fbb3a595fc73: no agents available; will retry on subsequent port and subnet creation events.
2026-05-06 06:10:18.200 10 INFO neutron.db.ovn_revision_numbers_db [None req-507e4eec-52a0-4b69-af2f-6419e269106c 8c1dc1a1ab734c22bfc0e847d1178adf 2250256948914c50a59cbefa275da76a - - default default] Successfully bumped revision number for resource 3796e492-7fa1-4206-b1b5-0ad53c04c774 (type: ports) to 1
2026-05-06 06:10:18.221 10 INFO neutron.wsgi [None req-507e4eec-52a0-4b69-af2f-6419e269106c 8c1dc1a1ab734c22bfc0e847d1178adf 2250256948914c50a59cbefa275da76a - - default default] 10.0.0.107 "POST /v2.0/networks HTTP/1.1" status: 201 len: 831 time: 0.5137291
2026-05-06 06:10:18.457 10 WARNING neutron.scheduler.dhcp_agent_scheduler [None req-9bdcfc5d-2141-4172-8747-b7ba1d76e4a1 8c1dc1a1ab734c22bfc0e847d1178adf 2250256948914c50a59cbefa275da76a - - default default] No more DHCP agents
2026-05-06 06:10:18.458 10 WARNING neutron.api.rpc.agentnotifiers.dhcp_rpc_agent_api [None req-9bdcfc5d-2141-4172-8747-b7ba1d76e4a1 8c1dc1a1ab734c22bfc0e847d1178adf 2250256948914c50a59cbefa275da76a - - default default] Unable to schedule network 83db3465-bb5d-47da-8737-fbb3a595fc73: no agents available; will retry on subsequent port and subnet creation events.
2026-05-06 06:10:18.940 10 INFO neutron.db.ovn_revision_numbers_db [None req-9bdcfc5d-2141-4172-8747-b7ba1d76e4a1 8c1dc1a1ab734c22bfc0e847d1178adf 2250256948914c50a59cbefa275da76a - - default default] Successfully bumped revision number for resource 3796e492-7fa1-4206-b1b5-0ad53c04c774 (type: ports) to 2
2026-05-06 06:10:18.975 10 INFO neutron.db.ovn_revision_numbers_db [None req-9bdcfc5d-2141-4172-8747-b7ba1d76e4a1 8c1dc1a1ab734c22bfc0e847d1178adf 2250256948914c50a59cbefa275da76a - - default default] Successfully bumped revision number for resource 5d1d9ccc-d5ac-479a-9df4-ddfd693f1cc5 (type: subnets) to 0
2026-05-06 06:10:18.992 10 INFO neutron.wsgi [None req-9bdcfc5d-2141-4172-8747-b7ba1d76e4a1 8c1dc1a1ab734c22bfc0e847d1178adf 2250256948914c50a59cbefa275da76a - - default default] 10.0.0.107 "POST /v2.0/subnets HTTP/1.1" status: 201 len: 804 time: 0.7672639
2026-05-06 06:10:19.070 10 INFO neutron.db.segments_db [None req-f6ac3a2c-852d-4819-b1cf-7fd55dc7a288 8c1dc1a1ab734c22bfc0e847d1178adf 2250256948914c50a59cbefa275da76a - - default default] Added segment 3781654b-965a-43be-a82a-c5db3ae55d85 of type geneve for network 9bb2d10f-02e6-473a-a9f8-afdefb92ae45
2026-05-06 06:10:19.224 10 INFO neutron.db.ovn_revision_numbers_db [None req-f6ac3a2c-852d-4819-b1cf-7fd55dc7a288 8c1dc1a1ab734c22bfc0e847d1178adf 2250256948914c50a59cbefa275da76a - - default default] Successfully bumped revision number for resource 9bb2d10f-02e6-473a-a9f8-afdefb92ae45 (type: networks) to 1
2026-05-06 06:10:19.458 10 WARNING neutron.scheduler.dhcp_agent_scheduler [None req-f6ac3a2c-852d-4819-b1cf-7fd55dc7a288 8c1dc1a1ab734c22bfc0e847d1178adf 2250256948914c50a59cbefa275da76a - - default default] No more DHCP agents
2026-05-06 06:10:19.460 10 WARNING neutron.api.rpc.agentnotifiers.dhcp_rpc_agent_api [None req-f6ac3a2c-852d-4819-b1cf-7fd55dc7a288 8c1dc1a1ab734c22bfc0e847d1178adf 2250256948914c50a59cbefa275da76a - - default default] Unable to schedule network 9bb2d10f-02e6-473a-a9f8-afdefb92ae45: no agents available; will retry on subsequent port and subnet creation events.
2026-05-06 06:10:19.545 10 INFO neutron.db.ovn_revision_numbers_db [None req-f6ac3a2c-852d-4819-b1cf-7fd55dc7a288 8c1dc1a1ab734c22bfc0e847d1178adf 2250256948914c50a59cbefa275da76a - - default default] Successfully bumped revision number for resource a3766cd1-2467-4fbf-b339-8cdfd6c8c8d8 (type: ports) to 1
2026-05-06 06:10:19.566 10 INFO neutron.wsgi [None req-f6ac3a2c-852d-4819-b1cf-7fd55dc7a288 8c1dc1a1ab734c22bfc0e847d1178adf 2250256948914c50a59cbefa275da76a - - default default] 10.0.0.107 "POST /v2.0/networks HTTP/1.1" status: 201 len: 831 time: 0.5692594
2026-05-06 06:10:19.803 10 WARNING neutron.scheduler.dhcp_agent_scheduler [None req-e2dbd6d6-015f-4bff-93e5-13dbef1899f0 8c1dc1a1ab734c22bfc0e847d1178adf 2250256948914c50a59cbefa275da76a - - default default] No more DHCP agents
2026-05-06 06:10:19.807 10 WARNING neutron.api.rpc.agentnotifiers.dhcp_rpc_agent_api [None req-e2dbd6d6-015f-4bff-93e5-13dbef1899f0 8c1dc1a1ab734c22bfc0e847d1178adf 2250256948914c50a59cbefa275da76a - - default default] Unable to schedule network 9bb2d10f-02e6-473a-a9f8-afdefb92ae45: no agents available; will retry on subsequent port and subnet creation events.
2026-05-06 06:10:20.269 10 INFO neutron.db.ovn_revision_numbers_db [None req-e2dbd6d6-015f-4bff-93e5-13dbef1899f0 8c1dc1a1ab734c22bfc0e847d1178adf 2250256948914c50a59cbefa275da76a - - default default] Successfully bumped revision number for resource a3766cd1-2467-4fbf-b339-8cdfd6c8c8d8 (type: ports) to 2
2026-05-06 06:10:20.303 10 INFO neutron.db.ovn_revision_numbers_db [None req-e2dbd6d6-015f-4bff-93e5-13dbef1899f0 8c1dc1a1ab734c22bfc0e847d1178adf 2250256948914c50a59cbefa275da76a - - default default] Successfully bumped revision number for resource e1c58e84-7dff-4c95-b230-ea2720a5bbb9 (type: subnets) to 0
2026-05-06 06:10:20.318 10 INFO neutron.wsgi [None req-e2dbd6d6-015f-4bff-93e5-13dbef1899f0 8c1dc1a1ab734c22bfc0e847d1178adf 2250256948914c50a59cbefa275da76a - - default default] 10.0.0.107 "POST /v2.0/subnets HTTP/1.1" status: 201 len: 804 time: 0.7486894
2026-05-06 06:10:20.400 10 INFO neutron.db.segments_db [None req-a2946a21-4607-450c-bd86-0e2af0c72c8b 8c1dc1a1ab734c22bfc0e847d1178adf 2250256948914c50a59cbefa275da76a - - default default] Added segment 448809f0-1b87-43e4-9d34-b50c8e54d76c of type geneve for network c61eb452-e9cf-4c1f-9d8e-25bee190c56a
2026-05-06 06:10:20.520 10 INFO neutron.db.ovn_revision_numbers_db [None req-a2946a21-4607-450c-bd86-0e2af0c72c8b 8c1dc1a1ab734c22bfc0e847d1178adf 2250256948914c50a59cbefa275da76a - - default default] Successfully bumped revision number for resource c61eb452-e9cf-4c1f-9d8e-25bee190c56a (type: networks) to 1
2026-05-06 06:10:20.690 10 WARNING neutron.scheduler.dhcp_agent_scheduler [None req-a2946a21-4607-450c-bd86-0e2af0c72c8b 8c1dc1a1ab734c22bfc0e847d1178adf 2250256948914c50a59cbefa275da76a - - default default] No more DHCP agents
2026-05-06 06:10:20.692 10 WARNING neutron.api.rpc.agentnotifiers.dhcp_rpc_agent_api [None req-a2946a21-4607-450c-bd86-0e2af0c72c8b 8c1dc1a1ab734c22bfc0e847d1178adf 2250256948914c50a59cbefa275da76a - - default default] Unable to schedule network c61eb452-e9cf-4c1f-9d8e-25bee190c56a: no agents available; will retry on subsequent port and subnet creation events.
2026-05-06 06:10:20.775 10 INFO neutron.db.ovn_revision_numbers_db [None req-a2946a21-4607-450c-bd86-0e2af0c72c8b 8c1dc1a1ab734c22bfc0e847d1178adf 2250256948914c50a59cbefa275da76a - - default default] Successfully bumped revision number for resource a7f99efc-7230-4192-a64c-4dff98096ed0 (type: ports) to 1
2026-05-06 06:10:20.795 10 INFO neutron.wsgi [None req-a2946a21-4607-450c-bd86-0e2af0c72c8b 8c1dc1a1ab734c22bfc0e847d1178adf 2250256948914c50a59cbefa275da76a - - default default] 10.0.0.107 "POST /v2.0/networks HTTP/1.1" status: 201 len: 831 time: 0.4726193
2026-05-06 06:10:21.027 10 WARNING neutron.scheduler.dhcp_agent_scheduler [None req-1ecf12bc-6dd2-4fb5-9dc1-07506ff13051 8c1dc1a1ab734c22bfc0e847d1178adf 2250256948914c50a59cbefa275da76a - - default default] No more DHCP agents
2026-05-06 06:10:21.029 10 WARNING neutron.api.rpc.agentnotifiers.dhcp_rpc_agent_api [None req-1ecf12bc-6dd2-4fb5-9dc1-07506ff13051 8c1dc1a1ab734c22bfc0e847d1178adf 2250256948914c50a59cbefa275da76a - - default default] Unable to schedule network c61eb452-e9cf-4c1f-9d8e-25bee190c56a: no agents available; will retry on subsequent port and subnet creation events.
2026-05-06 06:10:21.454 10 INFO neutron.db.ovn_revision_numbers_db [None req-1ecf12bc-6dd2-4fb5-9dc1-07506ff13051 8c1dc1a1ab734c22bfc0e847d1178adf 2250256948914c50a59cbefa275da76a - - default default] Successfully bumped revision number for resource a7f99efc-7230-4192-a64c-4dff98096ed0 (type: ports) to 2
2026-05-06 06:10:21.490 10 INFO neutron.db.ovn_revision_numbers_db [None req-1ecf12bc-6dd2-4fb5-9dc1-07506ff13051 8c1dc1a1ab734c22bfc0e847d1178adf 2250256948914c50a59cbefa275da76a - - default default] Successfully bumped revision number for resource 9ce564b1-8d23-4075-9457-4889f569e068 (type: subnets) to 0
2026-05-06 06:10:21.507 10 INFO neutron.wsgi [None req-1ecf12bc-6dd2-4fb5-9dc1-07506ff13051 8c1dc1a1ab734c22bfc0e847d1178adf 2250256948914c50a59cbefa275da76a - - default default] 10.0.0.107 "POST /v2.0/subnets HTTP/1.1" status: 201 len: 804 time: 0.7061145
2026-05-06 06:10:21.594 10 INFO neutron.db.segments_db [None req-27b90923-7f0f-4303-a93b-b25919ee0897 8c1dc1a1ab734c22bfc0e847d1178adf 2250256948914c50a59cbefa275da76a - - default default] Added segment 15ecd8cc-d213-413b-b662-cc9d71f24d5d of type geneve for network 2cec2b62-8b0c-47ff-9088-764fbfea43c6
2026-05-06 06:10:21.727 10 INFO neutron.db.ovn_revision_numbers_db [None req-27b90923-7f0f-4303-a93b-b25919ee0897 8c1dc1a1ab734c22bfc0e847d1178adf 2250256948914c50a59cbefa275da76a - - default default] Successfully bumped revision number for resource 2cec2b62-8b0c-47ff-9088-764fbfea43c6 (type: networks) to 1
2026-05-06 06:10:21.872 10 WARNING neutron.scheduler.dhcp_agent_scheduler [None req-27b90923-7f0f-4303-a93b-b25919ee0897 8c1dc1a1ab734c22bfc0e847d1178adf 2250256948914c50a59cbefa275da76a - - default default] No more DHCP agents
2026-05-06 06:10:21.875 10 WARNING neutron.api.rpc.agentnotifiers.dhcp_rpc_agent_api [None req-27b90923-7f0f-4303-a93b-b25919ee0897 8c1dc1a1ab734c22bfc0e847d1178adf 2250256948914c50a59cbefa275da76a - - default default] Unable to schedule network 2cec2b62-8b0c-47ff-9088-764fbfea43c6: no agents available; will retry on subsequent port and subnet creation events.
2026-05-06 06:10:21.948 10 INFO neutron.db.ovn_revision_numbers_db [None req-27b90923-7f0f-4303-a93b-b25919ee0897 8c1dc1a1ab734c22bfc0e847d1178adf 2250256948914c50a59cbefa275da76a - - default default] Successfully bumped revision number for resource f1191760-ba0b-43bd-9eba-e3ff6b3cc746 (type: ports) to 1
2026-05-06 06:10:21.970 10 INFO neutron.wsgi [None req-27b90923-7f0f-4303-a93b-b25919ee0897 8c1dc1a1ab734c22bfc0e847d1178adf 2250256948914c50a59cbefa275da76a - - default default] 10.0.0.107 "POST /v2.0/networks HTTP/1.1" status: 201 len: 830 time: 0.4582517
2026-05-06 06:10:22.207 10 WARNING neutron.scheduler.dhcp_agent_scheduler [None req-cfa0ebd7-a6bb-4547-bd6a-25d12168b24c 8c1dc1a1ab734c22bfc0e847d1178adf 2250256948914c50a59cbefa275da76a - - default default] No more DHCP agents
2026-05-06 06:10:22.211 10 WARNING neutron.api.rpc.agentnotifiers.dhcp_rpc_agent_api [None req-cfa0ebd7-a6bb-4547-bd6a-25d12168b24c 8c1dc1a1ab734c22bfc0e847d1178adf 2250256948914c50a59cbefa275da76a - - default default] Unable to schedule network 2cec2b62-8b0c-47ff-9088-764fbfea43c6: no agents available; will retry on subsequent port and subnet creation events.
2026-05-06 06:10:22.709 9 INFO neutron.wsgi [req-5aa7bd09-c633-41e0-801e-48959d86157d req-4aa59e16-5941-4148-a766-2ff1463323dd 120372f8f5a84ce4a95b6bf6c77dd802 cebf464594b14c8a99ec438588facc58 - - e0cb39f46a7f4fbcb7c65298a0ad7f9a e0cb39f46a7f4fbcb7c65298a0ad7f9a] 10.0.0.195 "GET /v2.0/ports?device_id=767b7a39-82d9-4fa5-9e0b-2dd0816a2cb9 HTTP/1.1" status: 200 len: 1409 time: 0.0306020
2026-05-06 06:10:22.752 9 INFO neutron.wsgi [req-5aa7bd09-c633-41e0-801e-48959d86157d req-6e2d57c8-d3af-4301-86d3-e7bf72fb1d08 120372f8f5a84ce4a95b6bf6c77dd802 cebf464594b14c8a99ec438588facc58 - - e0cb39f46a7f4fbcb7c65298a0ad7f9a e0cb39f46a7f4fbcb7c65298a0ad7f9a] 10.0.0.195 "GET /v2.0/security-groups?id=5fe85865-2ce8-4d3b-8d5e-244d0ed3b488&fields=id&fields=name HTTP/1.1" status: 200 len: 313 time: 0.0372636
2026-05-06 06:10:22.909 10 INFO neutron.db.ovn_revision_numbers_db [None req-cfa0ebd7-a6bb-4547-bd6a-25d12168b24c 8c1dc1a1ab734c22bfc0e847d1178adf 2250256948914c50a59cbefa275da76a - - default default] Successfully bumped revision number for resource f1191760-ba0b-43bd-9eba-e3ff6b3cc746 (type: ports) to 2
2026-05-06 06:10:22.947 10 INFO neutron.db.ovn_revision_numbers_db [None req-cfa0ebd7-a6bb-4547-bd6a-25d12168b24c 8c1dc1a1ab734c22bfc0e847d1178adf 2250256948914c50a59cbefa275da76a - - default default] Successfully bumped revision number for resource 7b2d9d02-9d29-4f8b-98b2-8a96f3d2d21d (type: subnets) to 0
2026-05-06 06:10:22.951 9 INFO neutron.wsgi [-] 10.0.0.181 "GET / HTTP/1.1" status: 200 len: 247 time: 0.0013154
2026-05-06 06:10:22.953 9 INFO neutron.wsgi [-] 10.0.0.181 "GET / HTTP/1.1" status: 200 len: 247 time: 0.0010579
2026-05-06 06:10:22.962 10 INFO neutron.wsgi [None req-cfa0ebd7-a6bb-4547-bd6a-25d12168b24c 8c1dc1a1ab734c22bfc0e847d1178adf 2250256948914c50a59cbefa275da76a - - default default] 10.0.0.107 "POST /v2.0/subnets HTTP/1.1" status: 201 len: 804 time: 0.9878325
2026-05-06 06:10:23.032 10 INFO neutron.wsgi [None req-81d51bf7-f98d-47f3-969f-924abd4de05f 8c1dc1a1ab734c22bfc0e847d1178adf 2250256948914c50a59cbefa275da76a - - default default] 10.0.0.107 "PUT /v2.0/subnets/132aa6c2-96a7-4dbc-9cc2-7a56fed532cc/tags HTTP/1.1" status: 200 len: 210 time: 0.0660744
2026-05-06 06:10:23.077 10 INFO neutron.wsgi [None req-b147994b-e3f9-496e-af4f-9862f75031bf 8c1dc1a1ab734c22bfc0e847d1178adf 2250256948914c50a59cbefa275da76a - - default default] 10.0.0.107 "PUT /v2.0/subnets/5d1d9ccc-d5ac-479a-9df4-ddfd693f1cc5/tags HTTP/1.1" status: 200 len: 218 time: 0.0391810
2026-05-06 06:10:23.125 10 INFO neutron.wsgi [None req-0dce96a3-41ef-455a-b26d-ea5bf2e04974 8c1dc1a1ab734c22bfc0e847d1178adf 2250256948914c50a59cbefa275da76a - - default default] 10.0.0.107 "PUT /v2.0/subnets/e1c58e84-7dff-4c95-b230-ea2720a5bbb9/tags HTTP/1.1" status: 200 len: 227 time: 0.0438581
2026-05-06 06:10:23.176 10 INFO neutron.wsgi [None req-2309a974-5eb4-4412-89d7-04e93ca74604 8c1dc1a1ab734c22bfc0e847d1178adf 2250256948914c50a59cbefa275da76a - - default default] 10.0.0.107 "PUT /v2.0/subnets/9ce564b1-8d23-4075-9457-4889f569e068/tags HTTP/1.1" status: 200 len: 212 time: 0.0448854
2026-05-06 06:10:23.236 10 INFO neutron.wsgi [None req-3bbf130d-a754-4cf1-a8d8-c963a1aa4458 8c1dc1a1ab734c22bfc0e847d1178adf 2250256948914c50a59cbefa275da76a - - default default] 10.0.0.107 "GET /v2.0/subnets?tags=red HTTP/1.1" status: 200 len: 2027 time: 0.0543246
2026-05-06 06:10:23.309 10 INFO neutron.wsgi [None req-62b46e0f-3263-4079-a20e-b663b8d10296 8c1dc1a1ab734c22bfc0e847d1178adf 2250256948914c50a59cbefa275da76a - - default default] 10.0.0.107 "GET /v2.0/subnets?tags=red%2Cblue HTTP/1.1" status: 200 len: 1430 time: 0.0673957
2026-05-06 06:10:23.376 10 INFO neutron.wsgi [None req-b90f9645-ef16-4792-9e58-d4b4f14e3652 8c1dc1a1ab734c22bfc0e847d1178adf 2250256948914c50a59cbefa275da76a - - default default] 10.0.0.107 "GET /v2.0/subnets?tags-any=blue HTTP/1.1" status: 200 len: 1430 time: 0.0613215
2026-05-06 06:10:23.425 10 INFO neutron.wsgi [None req-4c1f4ccc-0e86-42eb-b813-eed5bdc26572 8c1dc1a1ab734c22bfc0e847d1178adf 2250256948914c50a59cbefa275da76a - - default default] 10.0.0.107 "GET /v2.0/subnets?tags-any=red%2Cblue HTTP/1.1" status: 200 len: 2027 time: 0.0450516
2026-05-06 06:10:23.503 10 INFO neutron.wsgi [None req-2d8733d7-6120-495d-ac72-c01aa507dc61 8c1dc1a1ab734c22bfc0e847d1178adf 2250256948914c50a59cbefa275da76a - - default default] 10.0.0.107 "GET /v2.0/subnets?not-tags=red HTTP/1.1" status: 200 len: 2018 time: 0.0728776
2026-05-06 06:10:23.590 10 INFO neutron.wsgi [None req-5dd21a93-1278-4c5b-8e3f-348d8352402a 8c1dc1a1ab734c22bfc0e847d1178adf 2250256948914c50a59cbefa275da76a - - default default] 10.0.0.107 "GET /v2.0/subnets?not-tags=red%2Cblue HTTP/1.1" status: 200 len: 2615 time: 0.0776012
2026-05-06 06:10:23.663 10 INFO neutron.wsgi [None req-4c2e1b30-7bbd-4551-8f8d-aee7cca95ee7 8c1dc1a1ab734c22bfc0e847d1178adf 2250256948914c50a59cbefa275da76a - - default default] 10.0.0.107 "GET /v2.0/subnets?not-tags-any=blue HTTP/1.1" status: 200 len: 2615 time: 0.0674648
2026-05-06 06:10:23.716 10 INFO neutron.wsgi [None req-c8704edb-61b3-4343-9f62-a8043e211a55 8c1dc1a1ab734c22bfc0e847d1178adf 2250256948914c50a59cbefa275da76a - - default default] 10.0.0.107 "GET /v2.0/subnets?not-tags-any=red%2Cblue HTTP/1.1" status: 200 len: 2018 time: 0.0462899
2026-05-06 06:10:23.960 10 INFO neutron.wsgi [None req-b8b47173-109b-4c27-83e4-dbf527c2feab 8c1dc1a1ab734c22bfc0e847d1178adf 2250256948914c50a59cbefa275da76a - - default default] 10.0.0.107 "DELETE /v2.0/subnets/132aa6c2-96a7-4dbc-9cc2-7a56fed532cc HTTP/1.1" status: 204 len: 168 time: 0.2387621
2026-05-06 06:10:24.075 10 INFO neutron.db.ovn_revision_numbers_db [None req-71af02b0-3d1c-42f6-8522-9610ba8e7475 8129487ce379429cada7c835d4f2ecd1 cd93dd1aabe2486ab9b0e223f5d9f8cb - - default default] Successfully bumped revision number for resource a2cf9731-2575-4942-8cee-5826ee75fd98 (type: security_groups) to 1
2026-05-06 06:10:24.092 10 INFO neutron.db.ovn_revision_numbers_db [None req-71af02b0-3d1c-42f6-8522-9610ba8e7475 8129487ce379429cada7c835d4f2ecd1 cd93dd1aabe2486ab9b0e223f5d9f8cb - - default default] Successfully bumped revision number for resource 05f5b0ec-0a95-4c71-af48-a200e6a96e06 (type: security_group_rules) to 0
2026-05-06 06:10:24.115 10 INFO neutron.db.ovn_revision_numbers_db [None req-71af02b0-3d1c-42f6-8522-9610ba8e7475 8129487ce379429cada7c835d4f2ecd1 cd93dd1aabe2486ab9b0e223f5d9f8cb - - default default] Successfully bumped revision number for resource 3f45c6fa-d09f-41be-8a14-80a56939c62d (type: security_group_rules) to 0
2026-05-06 06:10:24.137 10 INFO neutron.db.ovn_revision_numbers_db [None req-71af02b0-3d1c-42f6-8522-9610ba8e7475 8129487ce379429cada7c835d4f2ecd1 cd93dd1aabe2486ab9b0e223f5d9f8cb - - default default] Successfully bumped revision number for resource 45ae260b-7aaa-4b74-89bc-d26771d0a63a (type: security_group_rules) to 0
2026-05-06 06:10:24.150 10 INFO neutron.db.ovn_revision_numbers_db [None req-71af02b0-3d1c-42f6-8522-9610ba8e7475 8129487ce379429cada7c835d4f2ecd1 cd93dd1aabe2486ab9b0e223f5d9f8cb - - default default] Successfully bumped revision number for resource aaffa186-38a3-412e-8a20-ebd0475bbb85 (type: security_group_rules) to 0
2026-05-06 06:10:24.192 10 INFO neutron.wsgi [None req-76e71a59-ac18-4b2f-96d9-f7ef39361ff6 8c1dc1a1ab734c22bfc0e847d1178adf 2250256948914c50a59cbefa275da76a - - default default] 10.0.0.107 "DELETE /v2.0/subnets/5d1d9ccc-d5ac-479a-9df4-ddfd693f1cc5 HTTP/1.1" status: 204 len: 168 time: 0.2269013
2026-05-06 06:10:24.213 10 INFO neutron.db.segments_db [None req-71af02b0-3d1c-42f6-8522-9610ba8e7475 8129487ce379429cada7c835d4f2ecd1 cd93dd1aabe2486ab9b0e223f5d9f8cb - - default default] Added segment 749ffeb4-690b-4c4a-9551-91017d189867 of type geneve for network 52f11c2e-feb9-450f-a2f4-babe295aaa86
2026-05-06 06:10:24.232 9 INFO neutron.db.ovn_revision_numbers_db [None req-351c4d04-8c8e-4e4e-9b5a-7a84cf82d854 270e8126c99640c0bf4206fb440f0008 8b274534e0ec4cd5afc50ea942255d43 - - default default] Successfully bumped revision number for resource d731f5dc-8149-44a1-9d49-a23214b568bb (type: security_groups) to 1
2026-05-06 06:10:24.247 9 INFO neutron.db.ovn_revision_numbers_db [None req-351c4d04-8c8e-4e4e-9b5a-7a84cf82d854 270e8126c99640c0bf4206fb440f0008 8b274534e0ec4cd5afc50ea942255d43 - - default default] Successfully bumped revision number for resource 31e0f866-a0b9-49fc-810f-ff7eab91a984 (type: security_group_rules) to 0
2026-05-06 06:10:24.261 9 INFO neutron.db.ovn_revision_numbers_db [None req-351c4d04-8c8e-4e4e-9b5a-7a84cf82d854 270e8126c99640c0bf4206fb440f0008 8b274534e0ec4cd5afc50ea942255d43 - - default default] Successfully bumped revision number for resource 5f39f645-6842-4de5-8863-890cd3f3eb82 (type: security_group_rules) to 0
2026-05-06 06:10:24.275 9 INFO neutron.db.ovn_revision_numbers_db [None req-351c4d04-8c8e-4e4e-9b5a-7a84cf82d854 270e8126c99640c0bf4206fb440f0008 8b274534e0ec4cd5afc50ea942255d43 - - default default] Successfully bumped revision number for resource 786ad0e0-d3c3-442e-bbe4-e8e23ff13e2c (type: security_group_rules) to 0
2026-05-06 06:10:24.289 9 INFO neutron.db.ovn_revision_numbers_db [None req-351c4d04-8c8e-4e4e-9b5a-7a84cf82d854 270e8126c99640c0bf4206fb440f0008 8b274534e0ec4cd5afc50ea942255d43 - - default default] Successfully bumped revision number for resource ec13f83e-edae-420a-8d9d-6f51e19fc81b (type: security_group_rules) to 0
2026-05-06 06:10:24.310 9 INFO neutron.wsgi [None req-351c4d04-8c8e-4e4e-9b5a-7a84cf82d854 270e8126c99640c0bf4206fb440f0008 8b274534e0ec4cd5afc50ea942255d43 - - default default] 10.0.0.107 "GET /v2.0/security-groups?tenant_id=30921c97a3514eca8dd821d045727f27&name=default HTTP/1.1" status: 200 len: 2996 time: 0.3027053
2026-05-06 06:10:24.414 10 INFO neutron.db.ovn_revision_numbers_db [None req-71af02b0-3d1c-42f6-8522-9610ba8e7475 8129487ce379429cada7c835d4f2ecd1 cd93dd1aabe2486ab9b0e223f5d9f8cb - - default default] Successfully bumped revision number for resource 52f11c2e-feb9-450f-a2f4-babe295aaa86 (type: networks) to 1
2026-05-06 06:10:24.500 9 INFO neutron.wsgi [None req-b5739242-a950-4197-8329-a3d64a98e73b 270e8126c99640c0bf4206fb440f0008 8b274534e0ec4cd5afc50ea942255d43 - - default default] 10.0.0.107 "DELETE /v2.0/security-groups/d731f5dc-8149-44a1-9d49-a23214b568bb HTTP/1.1" status: 204 len: 168 time: 0.1855919
2026-05-06 06:10:24.503 10 INFO neutron.wsgi [None req-1477049e-3b8e-4933-a801-b85e58f63fc8 8c1dc1a1ab734c22bfc0e847d1178adf 2250256948914c50a59cbefa275da76a - - default default] 10.0.0.107 "DELETE /v2.0/subnets/e1c58e84-7dff-4c95-b230-ea2720a5bbb9 HTTP/1.1" status: 204 len: 168 time: 0.3018572
2026-05-06 06:10:24.634 10 WARNING neutron.scheduler.dhcp_agent_scheduler [None req-71af02b0-3d1c-42f6-8522-9610ba8e7475 8129487ce379429cada7c835d4f2ecd1 cd93dd1aabe2486ab9b0e223f5d9f8cb - - default default] No more DHCP agents
2026-05-06 06:10:24.637 10 WARNING neutron.api.rpc.agentnotifiers.dhcp_rpc_agent_api [None req-71af02b0-3d1c-42f6-8522-9610ba8e7475 8129487ce379429cada7c835d4f2ecd1 cd93dd1aabe2486ab9b0e223f5d9f8cb - - default default] Unable to schedule network 52f11c2e-feb9-450f-a2f4-babe295aaa86: no agents available; will retry on subsequent port and subnet creation events.
2026-05-06 06:10:24.725 10 INFO neutron.db.ovn_revision_numbers_db [None req-71af02b0-3d1c-42f6-8522-9610ba8e7475 8129487ce379429cada7c835d4f2ecd1 cd93dd1aabe2486ab9b0e223f5d9f8cb - - default default] Successfully bumped revision number for resource 26ef7062-4697-495f-91e2-c98fe81034bd (type: ports) to 1
2026-05-06 06:10:24.733 9 INFO neutron.db.ovn_revision_numbers_db [None req-8ca42d8f-e6d7-4cb4-b6c7-4226e7b8af34 270e8126c99640c0bf4206fb440f0008 8b274534e0ec4cd5afc50ea942255d43 - - default default] Successfully bumped revision number for resource 2f48ff4c-ec58-4e78-aa6a-a2db82e1f75e (type: security_groups) to 1
2026-05-06 06:10:24.743 9 INFO neutron.wsgi [None req-a319adba-9e4c-401b-934b-701866911558 8c1dc1a1ab734c22bfc0e847d1178adf 2250256948914c50a59cbefa275da76a - - default default] 10.0.0.107 "DELETE /v2.0/subnets/9ce564b1-8d23-4075-9457-4889f569e068 HTTP/1.1" status: 204 len: 168 time: 0.2349365
2026-05-06 06:10:24.748 10 INFO neutron.wsgi [None req-71af02b0-3d1c-42f6-8522-9610ba8e7475 8129487ce379429cada7c835d4f2ecd1 cd93dd1aabe2486ab9b0e223f5d9f8cb - - default default] 10.0.0.107 "POST /v2.0/networks HTTP/1.1" status: 201 len: 837 time: 0.9987113
2026-05-06 06:10:24.765 9 INFO neutron.db.ovn_revision_numbers_db [None req-8ca42d8f-e6d7-4cb4-b6c7-4226e7b8af34 270e8126c99640c0bf4206fb440f0008 8b274534e0ec4cd5afc50ea942255d43 - - default default] Successfully bumped revision number for resource 39734d6e-5505-47bb-8567-053da90de918 (type: security_group_rules) to 0
2026-05-06 06:10:24.784 9 INFO neutron.db.ovn_revision_numbers_db [None req-8ca42d8f-e6d7-4cb4-b6c7-4226e7b8af34 270e8126c99640c0bf4206fb440f0008 8b274534e0ec4cd5afc50ea942255d43 - - default default] Successfully bumped revision number for resource 4cf7b1a4-3aa4-41a7-9960-cfe146df9067 (type: security_group_rules) to 0
2026-05-06 06:10:24.810 9 INFO neutron.db.ovn_revision_numbers_db [None req-8ca42d8f-e6d7-4cb4-b6c7-4226e7b8af34 270e8126c99640c0bf4206fb440f0008 8b274534e0ec4cd5afc50ea942255d43 - - default default] Successfully bumped revision number for resource 97f3babe-9ff2-47fd-ba75-c33e14b18f7b (type: security_group_rules) to 0
2026-05-06 06:10:24.831 9 INFO neutron.db.ovn_revision_numbers_db [None req-8ca42d8f-e6d7-4cb4-b6c7-4226e7b8af34 270e8126c99640c0bf4206fb440f0008 8b274534e0ec4cd5afc50ea942255d43 - - default default] Successfully bumped revision number for resource f98f3f1a-fa26-4996-85e1-2a721b27c254 (type: security_group_rules) to 0
2026-05-06 06:10:24.859 9 INFO neutron.wsgi [None req-8ca42d8f-e6d7-4cb4-b6c7-4226e7b8af34 270e8126c99640c0bf4206fb440f0008 8b274534e0ec4cd5afc50ea942255d43 - - default default] 10.0.0.107 "GET /v2.0/security-groups?tenant_id=27f4892132ed461486c693529f6603de&name=default HTTP/1.1" status: 200 len: 2996 time: 0.2453988
