2026-05-06 06:11:15.517 9 INFO neutron.wsgi [req-ab4df21d-5ce1-4604-aca4-622102737b73 req-e91ef717-76f9-4a46-8bcd-804fee280909 137ef526283b476daef4db97a9c4158f f9656666b79f4523b458937faf8be24f - - default default] 10.0.0.201 "GET /v2.0/ports?device_id=61f90567-0888-4d77-9ba7-0108ec0cb6f0 HTTP/1.1" status: 200 len: 1210 time: 0.0925887
2026-05-06 06:11:15.570 9 INFO neutron.wsgi [req-ab4df21d-5ce1-4604-aca4-622102737b73 req-f86e8e61-6017-4262-a760-20a87cb4cee4 137ef526283b476daef4db97a9c4158f f9656666b79f4523b458937faf8be24f - - default default] 10.0.0.201 "GET /v2.0/security-groups?id=837363a0-62a7-47f4-8385-7df28c1763fb&id=56c7431b-0ec2-4e78-a700-94e92bda7120&fields=id&fields=name HTTP/1.1" status: 200 len: 405 time: 0.0422933
2026-05-06 06:11:15.806 10 INFO neutron.wsgi [None req-8af895ca-b384-45ed-b1d2-a8505c97e04d 7ebc4fb32baf408faf826ea9b9fe69d0 497f55fd869c44c78070d36efbc91cd8 - - default default] 10.0.0.107 "GET /v2.0/ports?device_id=61f90567-0888-4d77-9ba7-0108ec0cb6f0 HTTP/1.1" status: 200 len: 1443 time: 0.2093349
2026-05-06 06:11:15.876 10 INFO neutron.wsgi [None req-819825ad-1a8c-48b0-916a-4896cb7b1386 137ef526283b476daef4db97a9c4158f f9656666b79f4523b458937faf8be24f - - default default] 10.0.0.107 "GET /v2.0/floatingips?floating_network_id=5e9d6caf-82fb-4055-909e-b1e6c200b218&port_id=29915217-6e94-4023-99b5-1538cbdd68b6 HTTP/1.1" status: 200 len: 1054 time: 0.0639615
2026-05-06 06:11:16.084 9 INFO neutron.wsgi [req-d6c85406-8cb1-4420-bb5f-99b3b035e8d7 req-8c9993bc-dcfb-4892-aac6-85e028717387 120372f8f5a84ce4a95b6bf6c77dd802 cebf464594b14c8a99ec438588facc58 - - e0cb39f46a7f4fbcb7c65298a0ad7f9a e0cb39f46a7f4fbcb7c65298a0ad7f9a] 10.0.0.195 "GET /v2.0/ports?device_id=61f90567-0888-4d77-9ba7-0108ec0cb6f0 HTTP/1.1" status: 200 len: 1448 time: 0.0387526
2026-05-06 06:11:16.132 9 INFO neutron.wsgi [req-d6c85406-8cb1-4420-bb5f-99b3b035e8d7 req-249f13cb-0ec8-4bf4-9404-917d2a9985e3 120372f8f5a84ce4a95b6bf6c77dd802 cebf464594b14c8a99ec438588facc58 - - e0cb39f46a7f4fbcb7c65298a0ad7f9a e0cb39f46a7f4fbcb7c65298a0ad7f9a] 10.0.0.195 "GET /v2.0/security-groups?id=837363a0-62a7-47f4-8385-7df28c1763fb&id=56c7431b-0ec2-4e78-a700-94e92bda7120&fields=id&fields=name HTTP/1.1" status: 200 len: 405 time: 0.0406473
2026-05-06 06:11:16.214 10 INFO neutron.wsgi [None req-e1052091-6b99-4ee6-b350-b5906d6fbf07 f3c5ab93f4b341798042d6518a366225 dc1915970b0e4572b0b4d51b06944237 - - default default] 10.0.0.119 "GET /v2.0/extensions HTTP/1.1" status: 200 len: 16525 time: 0.0543368
2026-05-06 06:11:16.306 9 INFO neutron.wsgi [None req-8fc59123-d927-40a9-888a-ff12c9c29a8d f3c5ab93f4b341798042d6518a366225 dc1915970b0e4572b0b4d51b06944237 - - default default] 10.0.0.119 "GET /v2.0/quotas/dc1915970b0e4572b0b4d51b06944237/details HTTP/1.1" status: 200 len: 756 time: 0.0780113
2026-05-06 06:11:18.208 9 INFO neutron.plugins.ml2.drivers.ovn.mech_driver.mech_driver [None req-1fca42ed-ddf7-4939-899d-3b4dc4239d5b - - - - - -] OVN reports status down for port: 29915217-6e94-4023-99b5-1538cbdd68b6
2026-05-06 06:11:18.238 10 INFO neutron.wsgi [req-5da55a38-88e7-4f66-be97-6955b75749a5 req-4f3e658f-b905-4095-a18d-18cd3e936e26 137ef526283b476daef4db97a9c4158f f9656666b79f4523b458937faf8be24f - - default default] 10.0.0.201 "GET /v2.0/ports?device_id=61f90567-0888-4d77-9ba7-0108ec0cb6f0 HTTP/1.1" status: 200 len: 1210 time: 0.0982907
2026-05-06 06:11:18.283 10 INFO neutron.wsgi [req-5da55a38-88e7-4f66-be97-6955b75749a5 req-56c6f017-d567-4384-82ce-bb5ec05c1a21 137ef526283b476daef4db97a9c4158f f9656666b79f4523b458937faf8be24f - - default default] 10.0.0.201 "GET /v2.0/security-groups?id=837363a0-62a7-47f4-8385-7df28c1763fb&id=56c7431b-0ec2-4e78-a700-94e92bda7120&fields=id&fields=name HTTP/1.1" status: 200 len: 405 time: 0.0372791
2026-05-06 06:11:18.342 9 INFO neutron.notifiers.nova [-] Nova event matching ['req-6c026a7b-11ad-4c51-9095-f38b53a33c43'] response: {'server_uuid': '61f90567-0888-4d77-9ba7-0108ec0cb6f0', 'name': 'network-vif-unplugged', 'status': 'completed', 'tag': '29915217-6e94-4023-99b5-1538cbdd68b6', 'code': 200}
2026-05-06 06:11:18.417 9 INFO neutron.wsgi [req-c446534a-42ce-4104-91e6-3ee06fc33cb5 req-9ed7c1ed-aefc-4814-b49b-5cf1074fc9ba 120372f8f5a84ce4a95b6bf6c77dd802 cebf464594b14c8a99ec438588facc58 - - e0cb39f46a7f4fbcb7c65298a0ad7f9a e0cb39f46a7f4fbcb7c65298a0ad7f9a] 10.0.0.195 "GET /v2.0/ports?device_id=c7c241ea-d617-4c9b-9839-1989432e70fa HTTP/1.1" status: 200 len: 1638 time: 0.0323722
2026-05-06 06:11:18.476 9 INFO neutron.wsgi [req-c446534a-42ce-4104-91e6-3ee06fc33cb5 req-0bbcda42-3239-4875-be91-e76a1ccbd784 120372f8f5a84ce4a95b6bf6c77dd802 cebf464594b14c8a99ec438588facc58 - - e0cb39f46a7f4fbcb7c65298a0ad7f9a e0cb39f46a7f4fbcb7c65298a0ad7f9a] 10.0.0.195 "GET /v2.0/security-groups?id=f1b6d555-109e-42ab-ace8-beb0b3e0c9eb&fields=id&fields=name HTTP/1.1" status: 200 len: 310 time: 0.0493829
2026-05-06 06:11:18.510 9 INFO neutron.wsgi [req-fa411f88-f90e-4ab9-801d-85800e357a43 req-23cc0c74-cc27-46ea-bc2a-be02fd5e1752 137ef526283b476daef4db97a9c4158f f9656666b79f4523b458937faf8be24f - - default default] 199.19.213.86 "GET /v2.0/ports?device_id=61f90567-0888-4d77-9ba7-0108ec0cb6f0 HTTP/1.1" status: 200 len: 1208 time: 0.0455258
2026-05-06 06:11:18.551 10 INFO neutron.wsgi [None req-2910f69c-f300-4dae-b764-fd06be370c2a f3c5ab93f4b341798042d6518a366225 dc1915970b0e4572b0b4d51b06944237 - - default default] 10.0.0.119 "GET /v2.0/extensions HTTP/1.1" status: 200 len: 16525 time: 0.0073578
2026-05-06 06:11:18.586 9 INFO neutron.db.ovn_revision_numbers_db [None req-1fca42ed-ddf7-4939-899d-3b4dc4239d5b - - - - - -] Successfully bumped revision number for resource 29915217-6e94-4023-99b5-1538cbdd68b6 (type: ports) to 5
2026-05-06 06:11:18.667 10 INFO neutron.wsgi [None req-166f7f47-ca54-4164-ba83-90b9d14a1415 f3c5ab93f4b341798042d6518a366225 dc1915970b0e4572b0b4d51b06944237 - - default default] 10.0.0.119 "GET /v2.0/quotas/dc1915970b0e4572b0b4d51b06944237/details HTTP/1.1" status: 200 len: 756 time: 0.0974512
2026-05-06 06:11:18.834 9 INFO neutron.db.l3_db [req-fa411f88-f90e-4ab9-801d-85800e357a43 req-458c2fd0-b874-453e-b4aa-4484c3fbf53e 137ef526283b476daef4db97a9c4158f f9656666b79f4523b458937faf8be24f - - default default] Floating IP 19b28fe1-78ae-4c54-86d2-5c1dea2831cc disassociated. External IP: 10.96.250.219, port: 29915217-6e94-4023-99b5-1538cbdd68b6.
2026-05-06 06:11:19.043 9 INFO neutron.wsgi [req-fa411f88-f90e-4ab9-801d-85800e357a43 req-458c2fd0-b874-453e-b4aa-4484c3fbf53e 137ef526283b476daef4db97a9c4158f f9656666b79f4523b458937faf8be24f - - default default] 199.19.213.86 "DELETE /v2.0/ports/29915217-6e94-4023-99b5-1538cbdd68b6 HTTP/1.1" status: 204 len: 173 time: 0.5266852
2026-05-06 06:11:19.399 10 INFO neutron.wsgi [req-973e8a5d-60fa-4c9c-9090-f02c874ff0f9 req-de9a1ff0-f96b-471a-8b7b-369ba10b3947 137ef526283b476daef4db97a9c4158f f9656666b79f4523b458937faf8be24f - - default default] 10.0.0.201 "GET /v2.0/ports?device_id=61f90567-0888-4d77-9ba7-0108ec0cb6f0 HTTP/1.1" status: 200 len: 210 time: 0.0238285
2026-05-06 06:11:20.389 9 INFO neutron.notifiers.nova [-] Nova event matching ['req-9dfa540e-7668-4c38-8367-762db2c301fb'] response: {'server_uuid': '61f90567-0888-4d77-9ba7-0108ec0cb6f0', 'name': 'network-vif-plugged', 'status': 'completed', 'tag': '29915217-6e94-4023-99b5-1538cbdd68b6', 'code': 200}
2026-05-06 06:11:20.390 9 INFO neutron.notifiers.nova [-] Nova event matching ['req-9dfa540e-7668-4c38-8367-762db2c301fb'] response: {'server_uuid': '61f90567-0888-4d77-9ba7-0108ec0cb6f0', 'name': 'network-vif-deleted', 'tag': '29915217-6e94-4023-99b5-1538cbdd68b6', 'status': 'completed', 'code': 200}
2026-05-06 06:11:20.657 10 INFO neutron.wsgi [None req-fdf94204-aa36-4d72-a047-99fc05a74843 137ef526283b476daef4db97a9c4158f f9656666b79f4523b458937faf8be24f - - default default] 10.0.0.107 "DELETE /v2.0/security-groups/837363a0-62a7-47f4-8385-7df28c1763fb HTTP/1.1" status: 204 len: 168 time: 0.1176360
2026-05-06 06:11:20.671 10 INFO neutron.api.v2.resource [None req-cdda6ba8-4db8-4cb0-b352-53fcfd77a98f 137ef526283b476daef4db97a9c4158f f9656666b79f4523b458937faf8be24f - - default default] show failed (client error): The resource could not be found.
2026-05-06 06:11:20.672 10 INFO neutron.wsgi [None req-cdda6ba8-4db8-4cb0-b352-53fcfd77a98f 137ef526283b476daef4db97a9c4158f f9656666b79f4523b458937faf8be24f - - default default] 10.0.0.107 "GET /v2.0/security-groups/837363a0-62a7-47f4-8385-7df28c1763fb HTTP/1.1" status: 404 len: 347 time: 0.0096016
2026-05-06 06:11:20.964 10 INFO neutron.wsgi [None req-0a71beb2-7af7-4599-be8e-f9f7ad22e805 137ef526283b476daef4db97a9c4158f f9656666b79f4523b458937faf8be24f - - default default] 10.0.0.107 "DELETE /v2.0/floatingips/19b28fe1-78ae-4c54-86d2-5c1dea2831cc HTTP/1.1" status: 204 len: 168 time: 0.2877197
2026-05-06 06:11:21.104 10 INFO neutron.wsgi [None req-4ba67a4a-9854-43ea-9dd0-df5f59885101 137ef526283b476daef4db97a9c4158f f9656666b79f4523b458937faf8be24f - - default default] 10.0.0.107 "DELETE /v2.0/security-groups/56c7431b-0ec2-4e78-a700-94e92bda7120 HTTP/1.1" status: 204 len: 168 time: 0.1348643 /var/lib/openstack/lib/python3.10/site-packages/pycadf/identifier.py:71: UserWarning: Invalid uuid: neutron. To ensure interoperability, identifiers should be a valid uuid. warnings.warn(('Invalid uuid: %s. To ensure interoperability, '
2026-05-06 06:11:21.220 9 INFO neutron.db.ovn_revision_numbers_db [None req-a7396c95-b42d-461d-a702-77d059911de3 270e8126c99640c0bf4206fb440f0008 8b274534e0ec4cd5afc50ea942255d43 - - default default] Successfully bumped revision number for resource f9713170-4383-48cb-9d91-bf309a77345d (type: security_groups) to 1
2026-05-06 06:11:21.234 9 INFO neutron.db.ovn_revision_numbers_db [None req-a7396c95-b42d-461d-a702-77d059911de3 270e8126c99640c0bf4206fb440f0008 8b274534e0ec4cd5afc50ea942255d43 - - default default] Successfully bumped revision number for resource 0f6ec9c5-7260-474f-b16e-cc49de5b5c2f (type: security_group_rules) to 0
2026-05-06 06:11:21.247 9 INFO neutron.db.ovn_revision_numbers_db [None req-a7396c95-b42d-461d-a702-77d059911de3 270e8126c99640c0bf4206fb440f0008 8b274534e0ec4cd5afc50ea942255d43 - - default default] Successfully bumped revision number for resource 558d7e0d-4d5c-42c3-b426-a03313633bc3 (type: security_group_rules) to 0
2026-05-06 06:11:21.259 9 INFO neutron.db.ovn_revision_numbers_db [None req-a7396c95-b42d-461d-a702-77d059911de3 270e8126c99640c0bf4206fb440f0008 8b274534e0ec4cd5afc50ea942255d43 - - default default] Successfully bumped revision number for resource ba3bab8f-11f3-489f-a517-fa5b5854e8ab (type: security_group_rules) to 0
2026-05-06 06:11:21.274 9 INFO neutron.db.ovn_revision_numbers_db [None req-a7396c95-b42d-461d-a702-77d059911de3 270e8126c99640c0bf4206fb440f0008 8b274534e0ec4cd5afc50ea942255d43 - - default default] Successfully bumped revision number for resource feb9184d-7172-4193-bdde-85735ae125ee (type: security_group_rules) to 0
2026-05-06 06:11:21.300 9 INFO neutron.wsgi [None req-a7396c95-b42d-461d-a702-77d059911de3 270e8126c99640c0bf4206fb440f0008 8b274534e0ec4cd5afc50ea942255d43 - - default default] 10.0.0.107 "GET /v2.0/security-groups?tenant_id=dc1915970b0e4572b0b4d51b06944237&name=default HTTP/1.1" status: 200 len: 2996 time: 0.3178375
2026-05-06 06:11:21.493 9 INFO neutron.wsgi [None req-4ede1e2d-9d57-4ab7-bd5a-a081999fa406 270e8126c99640c0bf4206fb440f0008 8b274534e0ec4cd5afc50ea942255d43 - - default default] 10.0.0.107 "DELETE /v2.0/security-groups/f9713170-4383-48cb-9d91-bf309a77345d HTTP/1.1" status: 204 len: 168 time: 0.1874650
2026-05-06 06:11:22.361 10 INFO neutron.wsgi [None req-54e539cf-5a96-4684-9ddf-1c6091a9571c 270e8126c99640c0bf4206fb440f0008 8b274534e0ec4cd5afc50ea942255d43 - - default default] 10.0.0.107 "PUT /v2.0/routers/d622b55e-7d12-405b-81ef-b92fc1f7abb3/remove_router_interface HTTP/1.1" status: 200 len: 503 time: 1.2075503 /var/lib/openstack/lib/python3.10/site-packages/pycadf/identifier.py:71: UserWarning: Invalid uuid: neutron. To ensure interoperability, identifiers should be a valid uuid. warnings.warn(('Invalid uuid: %s. To ensure interoperability, '
2026-05-06 06:11:22.951 10 INFO neutron.wsgi [-] 10.0.0.181 "GET / HTTP/1.1" status: 200 len: 247 time: 0.0013933
2026-05-06 06:11:22.953 10 INFO neutron.wsgi [-] 10.0.0.181 "GET / HTTP/1.1" status: 200 len: 247 time: 0.0009127
2026-05-06 06:11:22.966 10 INFO neutron.wsgi [None req-010eb9f4-568f-468b-9a38-eb7d29c2995c 270e8126c99640c0bf4206fb440f0008 8b274534e0ec4cd5afc50ea942255d43 - - default default] 10.0.0.107 "DELETE /v2.0/routers/d622b55e-7d12-405b-81ef-b92fc1f7abb3 HTTP/1.1" status: 204 len: 168 time: 0.5998363
2026-05-06 06:11:23.181 10 INFO neutron.wsgi [None req-dfad64c3-7ad4-48c8-9eaf-d19e8dbfe540 270e8126c99640c0bf4206fb440f0008 8b274534e0ec4cd5afc50ea942255d43 - - default default] 10.0.0.107 "DELETE /v2.0/subnets/2ae35176-7f78-4591-8fa2-9d7745089410 HTTP/1.1" status: 204 len: 168 time: 0.2111731
2026-05-06 06:11:23.554 10 INFO neutron.services.segments.plugin [-] Segment 6aca376e-742b-4c50-a918-e66e5cebb21e resource provider aggregate not found
2026-05-06 06:11:23.560 10 INFO neutron.services.segments.plugin [-] Segment 6aca376e-742b-4c50-a918-e66e5cebb21e resource provider aggregate not found
2026-05-06 06:11:23.584 10 INFO neutron.services.segments.plugin [-] Segment 6aca376e-742b-4c50-a918-e66e5cebb21e resource provider not found; error: Placement Client Error (4xx): {"errors": [{"status": 404, "title": "Not Found", "detail": "The resource could not be found.\n\n No resource provider with uuid 6aca376e-742b-4c50-a918-e66e5cebb21e found for delete ", "request_id": "req-8ed23860-b795-4f0a-8726-0530842784be"}]}
2026-05-06 06:11:23.584 10 INFO neutron.services.segments.plugin [-] Segment 6aca376e-742b-4c50-a918-e66e5cebb21e resource provider not found; error: Placement Client Error (4xx): {"errors": [{"status": 404, "title": "Not Found", "detail": "The resource could not be found.\n\n No resource provider with uuid 6aca376e-742b-4c50-a918-e66e5cebb21e found for delete ", "request_id": "req-c3d3087f-098a-4be1-a307-5cce9c0e4daf"}]}
2026-05-06 06:11:23.595 10 INFO neutron.wsgi [None req-56fe1bff-8390-46dd-a54c-76b44970992d 270e8126c99640c0bf4206fb440f0008 8b274534e0ec4cd5afc50ea942255d43 - - default default] 10.0.0.107 "DELETE /v2.0/networks/5b1245c5-1173-4c74-adf0-b7b4f871024b HTTP/1.1" status: 204 len: 168 time: 0.4106801
2026-05-06 06:11:24.522 9 INFO neutron.wsgi [None req-fe3d1b52-6624-4abf-8397-ab38c3bc0e3f 270e8126c99640c0bf4206fb440f0008 8b274534e0ec4cd5afc50ea942255d43 - - default default] 10.0.0.107 "PUT /v2.0/routers/328f0128-e3e4-4c75-87b4-cea3d8d15bb2/remove_router_interface HTTP/1.1" status: 200 len: 503 time: 0.9205804 /var/lib/openstack/lib/python3.10/site-packages/pycadf/identifier.py:71: UserWarning: Invalid uuid: neutron. To ensure interoperability, identifiers should be a valid uuid. warnings.warn(('Invalid uuid: %s. To ensure interoperability, '
2026-05-06 06:11:25.096 9 INFO neutron.wsgi [None req-ed006be4-9e7f-4496-a9cf-e95803278164 270e8126c99640c0bf4206fb440f0008 8b274534e0ec4cd5afc50ea942255d43 - - default default] 10.0.0.107 "DELETE /v2.0/routers/328f0128-e3e4-4c75-87b4-cea3d8d15bb2 HTTP/1.1" status: 204 len: 168 time: 0.5704677
2026-05-06 06:11:25.290 9 INFO neutron.wsgi [None req-2b8bcfbc-1b12-4095-a57e-dfbd1cf8049f 270e8126c99640c0bf4206fb440f0008 8b274534e0ec4cd5afc50ea942255d43 - - default default] 10.0.0.107 "DELETE /v2.0/subnets/64d8b86f-a0b6-49f5-a81c-31bd6946f266 HTTP/1.1" status: 204 len: 168 time: 0.1892903
2026-05-06 06:11:25.793 9 INFO neutron.wsgi [None req-6214dc1d-459f-442f-bde0-e4ee90eb05c5 f218cc92279d4bd494b4575802e02add 743e4c17dd7b4b69b2bb0926f9cd3f63 - - default default] 10.0.0.107 "GET /v2.0/subnets/35816295-c074-4e60-9c8b-ce2058bc6ea5 HTTP/1.1" status: 200 len: 845 time: 0.0532188
2026-05-06 06:11:25.798 9 INFO neutron.db.ovn_revision_numbers_db [None req-3f39ab72-8c68-451c-b218-6ca623ac364f f9e6fa1d34df459c8437f3bf5cd894b1 e189a82c95764876a14b90c567ffc73e - - default default] Successfully bumped revision number for resource 5b2a161f-0061-4ebf-8bf8-6dcb4cb3a462 (type: security_groups) to 1
2026-05-06 06:11:25.818 9 INFO neutron.db.ovn_revision_numbers_db [None req-3f39ab72-8c68-451c-b218-6ca623ac364f f9e6fa1d34df459c8437f3bf5cd894b1 e189a82c95764876a14b90c567ffc73e - - default default] Successfully bumped revision number for resource 26ed5ca9-7eab-49a6-8c72-902e097f2f26 (type: security_group_rules) to 0
2026-05-06 06:11:25.837 9 INFO neutron.db.ovn_revision_numbers_db [None req-3f39ab72-8c68-451c-b218-6ca623ac364f f9e6fa1d34df459c8437f3bf5cd894b1 e189a82c95764876a14b90c567ffc73e - - default default] Successfully bumped revision number for resource 3057d461-1f98-4fe3-8778-e818dea35178 (type: security_group_rules) to 0
2026-05-06 06:11:25.849 9 INFO neutron.db.ovn_revision_numbers_db [None req-3f39ab72-8c68-451c-b218-6ca623ac364f f9e6fa1d34df459c8437f3bf5cd894b1 e189a82c95764876a14b90c567ffc73e - - default default] Successfully bumped revision number for resource d4c28829-8016-4ff9-b360-0dd7be1dc0b5 (type: security_group_rules) to 0
2026-05-06 06:11:25.862 9 INFO neutron.db.ovn_revision_numbers_db [None req-3f39ab72-8c68-451c-b218-6ca623ac364f f9e6fa1d34df459c8437f3bf5cd894b1 e189a82c95764876a14b90c567ffc73e - - default default] Successfully bumped revision number for resource e778eb96-5673-4277-b8b0-dfcd68941d4a (type: security_group_rules) to 0
2026-05-06 06:11:25.898 10 INFO neutron.services.segments.plugin [-] Segment 89af47b9-88af-4dcc-b794-f9cf793b3ebf resource provider aggregate not found
2026-05-06 06:11:25.904 10 INFO neutron.services.segments.plugin [-] Segment 89af47b9-88af-4dcc-b794-f9cf793b3ebf resource provider aggregate not found
2026-05-06 06:11:25.919 10 INFO neutron.services.segments.plugin [-] Segment 89af47b9-88af-4dcc-b794-f9cf793b3ebf resource provider not found; error: Placement Client Error (4xx): {"errors": [{"status": 404, "title": "Not Found", "detail": "The resource could not be found.\n\n No resource provider with uuid 89af47b9-88af-4dcc-b794-f9cf793b3ebf found for delete ", "request_id": "req-c5ab6dc3-7865-42fa-873e-41581fa2a15e"}]}
2026-05-06 06:11:25.926 10 INFO neutron.services.segments.plugin [-] Segment 89af47b9-88af-4dcc-b794-f9cf793b3ebf resource provider not found; error: Placement Client Error (4xx): {"errors": [{"status": 404, "title": "Not Found", "detail": "The resource could not be found.\n\n No resource provider with uuid 89af47b9-88af-4dcc-b794-f9cf793b3ebf found for delete ", "request_id": "req-3d31076a-32cd-4f9c-88f9-920bb9a9516a"}]}
2026-05-06 06:11:25.937 10 INFO neutron.wsgi [None req-f6eddfd8-0a8b-4fb4-a92f-4fcf1d23afbf 270e8126c99640c0bf4206fb440f0008 8b274534e0ec4cd5afc50ea942255d43 - - default default] 10.0.0.107 "DELETE /v2.0/networks/aa28885c-5daa-4e85-b841-3ead829baf1f HTTP/1.1" status: 204 len: 168 time: 0.6419311
2026-05-06 06:11:25.960 9 INFO neutron.db.ovn_revision_numbers_db [None req-3f39ab72-8c68-451c-b218-6ca623ac364f f9e6fa1d34df459c8437f3bf5cd894b1 e189a82c95764876a14b90c567ffc73e - - default default] Successfully bumped revision number for resource 8d1a7a61-04f1-4be8-aab7-293ba90c171d (type: security_groups) to 1
2026-05-06 06:11:25.973 9 INFO neutron.db.ovn_revision_numbers_db [None req-3f39ab72-8c68-451c-b218-6ca623ac364f f9e6fa1d34df459c8437f3bf5cd894b1 e189a82c95764876a14b90c567ffc73e - - default default] Successfully bumped revision number for resource c473bca1-cf2f-4654-948d-2daf2cdbe097 (type: security_group_rules) to 0
2026-05-06 06:11:25.989 9 INFO neutron.db.ovn_revision_numbers_db [None req-3f39ab72-8c68-451c-b218-6ca623ac364f f9e6fa1d34df459c8437f3bf5cd894b1 e189a82c95764876a14b90c567ffc73e - - default default] Successfully bumped revision number for resource e4bf77dc-fe5e-4b12-b642-0526ab95a2b6 (type: security_group_rules) to 0
2026-05-06 06:11:26.009 9 INFO neutron.wsgi [None req-3f39ab72-8c68-451c-b218-6ca623ac364f f9e6fa1d34df459c8437f3bf5cd894b1 e189a82c95764876a14b90c567ffc73e - - default default] 10.0.0.107 "POST /v2.0/security-groups HTTP/1.1" status: 201 len: 1737 time: 0.5165992
2026-05-06 06:11:26.119 9 INFO neutron.db.ovn_revision_numbers_db [None req-0b54cbf9-2559-48cc-84a1-2088f7b630a8 f9e6fa1d34df459c8437f3bf5cd894b1 e189a82c95764876a14b90c567ffc73e - - default default] Successfully bumped revision number for resource e2a9449f-ad48-427a-8553-6fe26eaa6cfc (type: security_groups) to 1
2026-05-06 06:11:26.132 9 INFO neutron.db.ovn_revision_numbers_db [None req-0b54cbf9-2559-48cc-84a1-2088f7b630a8 f9e6fa1d34df459c8437f3bf5cd894b1 e189a82c95764876a14b90c567ffc73e - - default default] Successfully bumped revision number for resource 3d2d934b-4180-475b-a72b-a1fe023f2118 (type: security_group_rules) to 0
2026-05-06 06:11:26.144 9 INFO neutron.db.ovn_revision_numbers_db [None req-0b54cbf9-2559-48cc-84a1-2088f7b630a8 f9e6fa1d34df459c8437f3bf5cd894b1 e189a82c95764876a14b90c567ffc73e - - default default] Successfully bumped revision number for resource 5c329024-3556-49ea-8b2d-60b5401ffc01 (type: security_group_rules) to 0
2026-05-06 06:11:26.163 9 INFO neutron.wsgi [None req-0b54cbf9-2559-48cc-84a1-2088f7b630a8 f9e6fa1d34df459c8437f3bf5cd894b1 e189a82c95764876a14b90c567ffc73e - - default default] 10.0.0.107 "POST /v2.0/security-groups HTTP/1.1" status: 201 len: 1737 time: 0.1486044
2026-05-06 06:11:26.269 9 INFO neutron.db.ovn_revision_numbers_db [None req-b132d909-f2f4-4bbb-9bd7-c7422d5b8360 f9e6fa1d34df459c8437f3bf5cd894b1 e189a82c95764876a14b90c567ffc73e - - default default] Successfully bumped revision number for resource a47b0be7-dfe6-45df-b581-66ffdc3e47c6 (type: security_groups) to 1
2026-05-06 06:11:26.282 9 INFO neutron.db.ovn_revision_numbers_db [None req-b132d909-f2f4-4bbb-9bd7-c7422d5b8360 f9e6fa1d34df459c8437f3bf5cd894b1 e189a82c95764876a14b90c567ffc73e - - default default] Successfully bumped revision number for resource 7bebb681-bcf5-409d-b816-600289f9327d (type: security_group_rules) to 0
2026-05-06 06:11:26.285 10 INFO neutron.wsgi [None req-7d82a077-0490-4faf-a136-b56a8e7f6648 270e8126c99640c0bf4206fb440f0008 8b274534e0ec4cd5afc50ea942255d43 - - default default] 10.0.0.107 "GET /v2.0/security-groups?tenant_id=497f55fd869c44c78070d36efbc91cd8&name=default HTTP/1.1" status: 200 len: 2996 time: 0.0405474
2026-05-06 06:11:26.298 9 INFO neutron.db.ovn_revision_numbers_db [None req-b132d909-f2f4-4bbb-9bd7-c7422d5b8360 f9e6fa1d34df459c8437f3bf5cd894b1 e189a82c95764876a14b90c567ffc73e - - default default] Successfully bumped revision number for resource e68ca6de-982c-4025-a32a-65269a354c4b (type: security_group_rules) to 0
2026-05-06 06:11:26.314 9 INFO neutron.wsgi [None req-b132d909-f2f4-4bbb-9bd7-c7422d5b8360 f9e6fa1d34df459c8437f3bf5cd894b1 e189a82c95764876a14b90c567ffc73e - - default default] 10.0.0.107 "POST /v2.0/security-groups HTTP/1.1" status: 201 len: 1737 time: 0.1458995
2026-05-06 06:11:26.489 10 INFO neutron.wsgi [None req-368bda95-2884-4503-9ccd-86ad280f091c 270e8126c99640c0bf4206fb440f0008 8b274534e0ec4cd5afc50ea942255d43 - - default default] 10.0.0.107 "DELETE /v2.0/security-groups/bdab247b-24a5-4b4e-a89f-faf36b065ea3 HTTP/1.1" status: 204 len: 168 time: 0.2000349
2026-05-06 06:11:26.571 9 INFO neutron.wsgi [None req-ad21a4ac-bac4-444b-8f1b-2b6836a91885 270e8126c99640c0bf4206fb440f0008 8b274534e0ec4cd5afc50ea942255d43 - - default default] 10.0.0.5 "GET /v2.0/extensions/security-group HTTP/1.1" status: 200 len: 369 time: 0.2766252
2026-05-06 06:11:26.589 9 INFO neutron.wsgi [None req-fc7fc041-4f3e-4dc1-909d-43468b5270c2 270e8126c99640c0bf4206fb440f0008 8b274534e0ec4cd5afc50ea942255d43 - - default default] 10.0.0.5 "GET /v2.0/extensions/dns-integration HTTP/1.1" status: 200 len: 371 time: 0.0090437
2026-05-06 06:11:26.599 9 INFO neutron.wsgi [None req-5cbd0c1f-37d0-4b7d-9482-8212fa67d17b 270e8126c99640c0bf4206fb440f0008 8b274534e0ec4cd5afc50ea942255d43 - - default default] 10.0.0.5 "GET /v2.0/extensions/qos HTTP/1.1" status: 200 len: 365 time: 0.0046031
2026-05-06 06:11:26.608 9 INFO neutron.wsgi [None req-ccaa6692-a37f-470f-8993-769413a42397 270e8126c99640c0bf4206fb440f0008 8b274534e0ec4cd5afc50ea942255d43 - - default default] 10.0.0.5 "GET /v2.0/extensions/allowed-address-pairs HTTP/1.1" status: 200 len: 383 time: 0.0040519
2026-05-06 06:11:26.636 10 INFO neutron.wsgi [None req-ee02346c-f77b-4a82-81cb-86ec37f66323 270e8126c99640c0bf4206fb440f0008 8b274534e0ec4cd5afc50ea942255d43 - - default default] 10.0.0.107 "GET /v2.0/security-groups?tenant_id=f9656666b79f4523b458937faf8be24f&name=default HTTP/1.1" status: 200 len: 2996 time: 0.0300117
2026-05-06 06:11:26.667 9 INFO neutron.db.ovn_revision_numbers_db [None req-8ef885d5-16a4-4f24-a7ce-68773307248e f9e6fa1d34df459c8437f3bf5cd894b1 e189a82c95764876a14b90c567ffc73e - - default default] Successfully bumped revision number for resource a4eeaea4-ce21-4079-813c-670bf19462d6 (type: security_groups) to 1
2026-05-06 06:11:26.683 9 INFO neutron.db.ovn_revision_numbers_db [None req-8ef885d5-16a4-4f24-a7ce-68773307248e f9e6fa1d34df459c8437f3bf5cd894b1 e189a82c95764876a14b90c567ffc73e - - default default] Successfully bumped revision number for resource 3e40b742-cf80-4cba-87ae-b81efc5b5c41 (type: security_group_rules) to 0
2026-05-06 06:11:26.699 9 INFO neutron.db.ovn_revision_numbers_db [None req-8ef885d5-16a4-4f24-a7ce-68773307248e f9e6fa1d34df459c8437f3bf5cd894b1 e189a82c95764876a14b90c567ffc73e - - default default] Successfully bumped revision number for resource 448284e7-05fc-4e5e-a52d-e20bca7e1c25 (type: security_group_rules) to 0
2026-05-06 06:11:26.720 9 INFO neutron.wsgi [None req-8ef885d5-16a4-4f24-a7ce-68773307248e f9e6fa1d34df459c8437f3bf5cd894b1 e189a82c95764876a14b90c567ffc73e - - default default] 10.0.0.107 "POST /v2.0/security-groups HTTP/1.1" status: 201 len: 1737 time: 0.3976378
2026-05-06 06:11:26.835 10 INFO neutron.db.ovn_revision_numbers_db [None req-a28f5d0e-2e6d-47cc-8ccc-5b876609c77a f9e6fa1d34df459c8437f3bf5cd894b1 e189a82c95764876a14b90c567ffc73e - - default default] Successfully bumped revision number for resource bde0db17-d25e-4f96-82ef-59631772934f (type: security_groups) to 1
2026-05-06 06:11:26.839 9 INFO neutron.wsgi [None req-aa6b1338-51e4-4168-8852-a2a0f175686a 270e8126c99640c0bf4206fb440f0008 8b274534e0ec4cd5afc50ea942255d43 - - default default] 10.0.0.107 "DELETE /v2.0/security-groups/daacb3af-de7a-483a-b6e2-fe0b5f120e64 HTTP/1.1" status: 204 len: 168 time: 0.1982088
2026-05-06 06:11:26.849 10 INFO neutron.db.ovn_revision_numbers_db [None req-a28f5d0e-2e6d-47cc-8ccc-5b876609c77a f9e6fa1d34df459c8437f3bf5cd894b1 e189a82c95764876a14b90c567ffc73e - - default default] Successfully bumped revision number for resource 7d390053-5329-4af0-98fb-538fa09827af (type: security_group_rules) to 0
2026-05-06 06:11:26.863 10 INFO neutron.db.ovn_revision_numbers_db [None req-a28f5d0e-2e6d-47cc-8ccc-5b876609c77a f9e6fa1d34df459c8437f3bf5cd894b1 e189a82c95764876a14b90c567ffc73e - - default default] Successfully bumped revision number for resource 88696d78-6641-44f3-b62d-25db41a1d15f (type: security_group_rules) to 0
2026-05-06 06:11:26.883 10 INFO neutron.wsgi [None req-a28f5d0e-2e6d-47cc-8ccc-5b876609c77a f9e6fa1d34df459c8437f3bf5cd894b1 e189a82c95764876a14b90c567ffc73e - - default default] 10.0.0.107 "POST /v2.0/security-groups HTTP/1.1" status: 201 len: 1737 time: 0.1571047
2026-05-06 06:11:26.935 9 INFO neutron.wsgi [None req-bd5c5d36-d12e-4824-99a5-412870d37f75 f9e6fa1d34df459c8437f3bf5cd894b1 e189a82c95764876a14b90c567ffc73e - - default default] 10.0.0.107 "PUT /v2.0/security-groups/8d1a7a61-04f1-4be8-aab7-293ba90c171d/tags HTTP/1.1" status: 200 len: 210 time: 0.0473332
2026-05-06 06:11:26.972 9 INFO neutron.wsgi [None req-2b0db590-7423-4074-9a95-1b0a261b222c f9e6fa1d34df459c8437f3bf5cd894b1 e189a82c95764876a14b90c567ffc73e - - default default] 10.0.0.107 "PUT /v2.0/security-groups/e2a9449f-ad48-427a-8553-6fe26eaa6cfc/tags HTTP/1.1" status: 200 len: 218 time: 0.0327892
2026-05-06 06:11:27.004 9 INFO neutron.wsgi [None req-5b04348a-76c4-4f1e-a7eb-9bbf0b7079ba f9e6fa1d34df459c8437f3bf5cd894b1 e189a82c95764876a14b90c567ffc73e - - default default] 10.0.0.107 "PUT /v2.0/security-groups/a47b0be7-dfe6-45df-b581-66ffdc3e47c6/tags HTTP/1.1" status: 200 len: 227 time: 0.0272024
2026-05-06 06:11:27.037 9 INFO neutron.wsgi [None req-820c3d41-a0d1-45e0-a657-c4874ea4dd2c f9e6fa1d34df459c8437f3bf5cd894b1 e189a82c95764876a14b90c567ffc73e - - default default] 10.0.0.107 "PUT /v2.0/security-groups/a4eeaea4-ce21-4079-813c-670bf19462d6/tags HTTP/1.1" status: 200 len: 212 time: 0.0273778
2026-05-06 06:11:27.085 9 INFO neutron.wsgi [None req-03a16414-7abb-4162-a99b-8f601e988027 f9e6fa1d34df459c8437f3bf5cd894b1 e189a82c95764876a14b90c567ffc73e - - default default] 10.0.0.107 "GET /v2.0/security-groups?tags=red HTTP/1.1" status: 200 len: 4813 time: 0.0422580
2026-05-06 06:11:27.136 10 INFO neutron.wsgi [-] 10.0.0.5 "GET / HTTP/1.1" status: 200 len: 284 time: 0.0020335
2026-05-06 06:11:27.148 9 INFO neutron.wsgi [None req-2b96becc-5603-4395-a009-fa8ae8412f77 f9e6fa1d34df459c8437f3bf5cd894b1 e189a82c95764876a14b90c567ffc73e - - default default] 10.0.0.107 "GET /v2.0/security-groups?tags=red%2Cblue HTTP/1.1" status: 200 len: 3289 time: 0.0575202
2026-05-06 06:11:27.186 10 INFO neutron.wsgi [None req-749eb003-4c5c-426c-9417-28eca870201a 8129487ce379429cada7c835d4f2ecd1 cd93dd1aabe2486ab9b0e223f5d9f8cb - - default default] 10.0.0.5 "GET /v2.0/subnets/35816295-c074-4e60-9c8b-ce2058bc6ea5 HTTP/1.1" status: 200 len: 832 time: 0.0432663
2026-05-06 06:11:27.197 9 INFO neutron.wsgi [None req-fb3cb9fb-0703-49c8-97bc-de40261673a3 f9e6fa1d34df459c8437f3bf5cd894b1 e189a82c95764876a14b90c567ffc73e - - default default] 10.0.0.107 "GET /v2.0/security-groups?tags-any=blue HTTP/1.1" status: 200 len: 3289 time: 0.0455472
2026-05-06 06:11:27.203 9 INFO neutron.wsgi [None req-d965b36e-f290-4d34-a3eb-23e1e830968a 270e8126c99640c0bf4206fb440f0008 8b274534e0ec4cd5afc50ea942255d43 - - default default] 10.0.0.5 "GET /v2.0/extensions/security-group HTTP/1.1" status: 200 len: 369 time: 0.0053475
2026-05-06 06:11:27.218 9 INFO neutron.wsgi [None req-12884956-e694-46de-8f14-bbc8049e8160 270e8126c99640c0bf4206fb440f0008 8b274534e0ec4cd5afc50ea942255d43 - - default default] 10.0.0.5 "GET /v2.0/extensions/dns-integration HTTP/1.1" status: 200 len: 371 time: 0.0059688
2026-05-06 06:11:27.232 9 INFO neutron.wsgi [None req-c09119c8-4239-4787-a234-c5d0de70ed2c 270e8126c99640c0bf4206fb440f0008 8b274534e0ec4cd5afc50ea942255d43 - - default default] 10.0.0.5 "GET /v2.0/extensions/qos HTTP/1.1" status: 200 len: 365 time: 0.0071673
2026-05-06 06:11:27.252 9 INFO neutron.wsgi [None req-cac1fa22-c2b0-4ddf-8768-44dcb4ba50a8 270e8126c99640c0bf4206fb440f0008 8b274534e0ec4cd5afc50ea942255d43 - - default default] 10.0.0.5 "GET /v2.0/extensions/allowed-address-pairs HTTP/1.1" status: 200 len: 383 time: 0.0058842
2026-05-06 06:11:27.295 9 INFO neutron.wsgi [None req-031d50bc-d02b-4a27-b110-b4f501d991b9 f9e6fa1d34df459c8437f3bf5cd894b1 e189a82c95764876a14b90c567ffc73e - - default default] 10.0.0.107 "GET /v2.0/security-groups?tags-any=red%2Cblue HTTP/1.1" status: 200 len: 4813 time: 0.0887198
2026-05-06 06:11:27.308 9 INFO neutron.wsgi [None req-f4b24383-d46b-4b55-b545-9de41741a436 270e8126c99640c0bf4206fb440f0008 8b274534e0ec4cd5afc50ea942255d43 - - default default] 10.0.0.5 "GET /v2.0/subnets/35816295-c074-4e60-9c8b-ce2058bc6ea5 HTTP/1.1" status: 200 len: 850 time: 0.0491002
2026-05-06 06:11:27.350 10 INFO neutron.wsgi [None req-2c0497ea-ccb4-4a48-8419-ae408f1e8354 f9e6fa1d34df459c8437f3bf5cd894b1 e189a82c95764876a14b90c567ffc73e - - default default] 10.0.0.107 "GET /v2.0/security-groups?not-tags=red HTTP/1.1" status: 200 len: 6041 time: 0.0462208
2026-05-06 06:11:27.411 10 INFO neutron.wsgi [None req-56bc5d9f-9f74-4c4a-b01a-82a2339bebb1 f9e6fa1d34df459c8437f3bf5cd894b1 e189a82c95764876a14b90c567ffc73e - - default default] 10.0.0.107 "GET /v2.0/security-groups?not-tags=red%2Cblue HTTP/1.1" status: 200 len: 7565 time: 0.0561130
2026-05-06 06:11:27.471 10 INFO neutron.wsgi [None req-2f8c6c25-bf9d-45a3-8cec-e1b92a7cfb16 f9e6fa1d34df459c8437f3bf5cd894b1 e189a82c95764876a14b90c567ffc73e - - default default] 10.0.0.107 "GET /v2.0/security-groups?not-tags-any=blue HTTP/1.1" status: 200 len: 7565 time: 0.0520837
2026-05-06 06:11:27.500 9 INFO neutron.wsgi [None req-73c2cc5f-6e9f-4797-ae06-e1f83fb3b092 270e8126c99640c0bf4206fb440f0008 8b274534e0ec4cd5afc50ea942255d43 - - default default] 10.0.0.5 "GET /v2.0/extensions/security-group HTTP/1.1" status: 200 len: 369 time: 0.0083458
2026-05-06 06:11:27.508 9 INFO neutron.wsgi [None req-bf099945-deb5-4e27-9162-1d46cc3109fc 270e8126c99640c0bf4206fb440f0008 8b274534e0ec4cd5afc50ea942255d43 - - default default] 10.0.0.5 "GET /v2.0/extensions/dns-integration HTTP/1.1" status: 200 len: 371 time: 0.0039346
2026-05-06 06:11:27.516 9 INFO neutron.wsgi [None req-5ca26945-28fc-4e3d-b471-daa1ef5926a7 270e8126c99640c0bf4206fb440f0008 8b274534e0ec4cd5afc50ea942255d43 - - default default] 10.0.0.5 "GET /v2.0/extensions/qos HTTP/1.1" status: 200 len: 365 time: 0.0052977
2026-05-06 06:11:27.520 10 INFO neutron.wsgi [None req-30174205-42d4-4540-a32d-7eaaa70b93df f9e6fa1d34df459c8437f3bf5cd894b1 e189a82c95764876a14b90c567ffc73e - - default default] 10.0.0.107 "GET /v2.0/security-groups?not-tags-any=red%2Cblue HTTP/1.1" status: 200 len: 6041 time: 0.0441756
2026-05-06 06:11:27.526 9 INFO neutron.wsgi [None req-bb9a3d3b-7333-4a3d-9d65-5485dc15cab1 270e8126c99640c0bf4206fb440f0008 8b274534e0ec4cd5afc50ea942255d43 - - default default] 10.0.0.5 "GET /v2.0/extensions/allowed-address-pairs HTTP/1.1" status: 200 len: 383 time: 0.0049481
2026-05-06 06:11:27.592 9 INFO neutron.wsgi [None req-2a83e620-673d-474b-805d-22e8a58af179 270e8126c99640c0bf4206fb440f0008 8b274534e0ec4cd5afc50ea942255d43 - - default default] 10.0.0.5 "GET /v2.0/networks/52f11c2e-feb9-450f-a2f4-babe295aaa86 HTTP/1.1" status: 200 len: 1000 time: 0.0602500
2026-05-06 06:11:27.602 9 INFO neutron.wsgi [None req-897fb587-b09f-457a-87f7-29f44e076209 270e8126c99640c0bf4206fb440f0008 8b274534e0ec4cd5afc50ea942255d43 - - default default] 10.0.0.5 "GET /v2.0/extensions/project-id HTTP/1.1" status: 200 len: 403 time: 0.0051703
2026-05-06 06:11:27.658 10 INFO neutron.wsgi [None req-3290f372-674d-407a-86fc-19541606409b f9e6fa1d34df459c8437f3bf5cd894b1 e189a82c95764876a14b90c567ffc73e - - default default] 10.0.0.107 "DELETE /v2.0/security-groups/8d1a7a61-04f1-4be8-aab7-293ba90c171d HTTP/1.1" status: 204 len: 168 time: 0.1188610
2026-05-06 06:11:27.766 10 INFO neutron.wsgi [None req-c6e29d39-eaf9-41d5-821d-64fda14294da f9e6fa1d34df459c8437f3bf5cd894b1 e189a82c95764876a14b90c567ffc73e - - default default] 10.0.0.107 "DELETE /v2.0/security-groups/e2a9449f-ad48-427a-8553-6fe26eaa6cfc HTTP/1.1" status: 204 len: 168 time: 0.1018231
2026-05-06 06:11:27.859 10 INFO neutron.wsgi [None req-64ee0aa1-dd7d-4109-aa5a-e4045e7f2cfb f9e6fa1d34df459c8437f3bf5cd894b1 e189a82c95764876a14b90c567ffc73e - - default default] 10.0.0.107 "DELETE /v2.0/security-groups/a47b0be7-dfe6-45df-b581-66ffdc3e47c6 HTTP/1.1" status: 204 len: 168 time: 0.0875533
2026-05-06 06:11:27.913 9 WARNING neutron.scheduler.dhcp_agent_scheduler [None req-badfde99-cd2a-4172-bbb7-b6be1513e39a 270e8126c99640c0bf4206fb440f0008 8b274534e0ec4cd5afc50ea942255d43 - - default default] No more DHCP agents
2026-05-06 06:11:27.916 9 WARNING neutron.api.rpc.agentnotifiers.dhcp_rpc_agent_api [None req-badfde99-cd2a-4172-bbb7-b6be1513e39a 270e8126c99640c0bf4206fb440f0008 8b274534e0ec4cd5afc50ea942255d43 - - default default] Unable to schedule network 52f11c2e-feb9-450f-a2f4-babe295aaa86: no agents available; will retry on subsequent port and subnet creation events.
2026-05-06 06:11:27.962 10 INFO neutron.wsgi [None req-54eab705-224d-4a5a-8b5f-b9ed83a56012 f9e6fa1d34df459c8437f3bf5cd894b1 e189a82c95764876a14b90c567ffc73e - - default default] 10.0.0.107 "DELETE /v2.0/security-groups/a4eeaea4-ce21-4079-813c-670bf19462d6 HTTP/1.1" status: 204 len: 168 time: 0.0968959
2026-05-06 06:11:28.094 10 INFO neutron.wsgi [None req-0633b782-30c2-4f45-9512-e818ef942d76 f9e6fa1d34df459c8437f3bf5cd894b1 e189a82c95764876a14b90c567ffc73e - - default default] 10.0.0.107 "DELETE /v2.0/security-groups/bde0db17-d25e-4f96-82ef-59631772934f HTTP/1.1" status: 204 len: 168 time: 0.1280618
2026-05-06 06:11:28.150 9 INFO neutron.db.ovn_revision_numbers_db [None req-badfde99-cd2a-4172-bbb7-b6be1513e39a 270e8126c99640c0bf4206fb440f0008 8b274534e0ec4cd5afc50ea942255d43 - - default default] Successfully bumped revision number for resource b8ced31d-2fc0-4f4f-a2c2-a0758025d3d4 (type: ports) to 1
2026-05-06 06:11:28.169 9 INFO neutron.wsgi [None req-badfde99-cd2a-4172-bbb7-b6be1513e39a 270e8126c99640c0bf4206fb440f0008 8b274534e0ec4cd5afc50ea942255d43 - - default default] 10.0.0.5 "POST /v2.0/ports HTTP/1.1" status: 201 len: 1337 time: 0.5636377
2026-05-06 06:11:29.129 10 INFO neutron.db.ovn_revision_numbers_db [None req-516f9ccd-399f-4466-b2dc-f2bfb5a3c419 270e8126c99640c0bf4206fb440f0008 8b274534e0ec4cd5afc50ea942255d43 - - default default] Successfully bumped revision number for resource f09b8879-f09f-4d91-90fa-a1fea5408f5f (type: security_groups) to 1
2026-05-06 06:11:29.142 10 INFO neutron.db.ovn_revision_numbers_db [None req-516f9ccd-399f-4466-b2dc-f2bfb5a3c419 270e8126c99640c0bf4206fb440f0008 8b274534e0ec4cd5afc50ea942255d43 - - default default] Successfully bumped revision number for resource 37dd1d3b-5d49-488c-a45b-b29fead8afce (type: security_group_rules) to 0
2026-05-06 06:11:29.159 10 INFO neutron.db.ovn_revision_numbers_db [None req-516f9ccd-399f-4466-b2dc-f2bfb5a3c419 270e8126c99640c0bf4206fb440f0008 8b274534e0ec4cd5afc50ea942255d43 - - default default] Successfully bumped revision number for resource 5502bc15-7249-49f0-a0f8-f4102caa0573 (type: security_group_rules) to 0
2026-05-06 06:11:29.174 10 INFO neutron.db.ovn_revision_numbers_db [None req-516f9ccd-399f-4466-b2dc-f2bfb5a3c419 270e8126c99640c0bf4206fb440f0008 8b274534e0ec4cd5afc50ea942255d43 - - default default] Successfully bumped revision number for resource 8d7023b9-9fa9-44e8-851a-875748ee68c9 (type: security_group_rules) to 0
2026-05-06 06:11:29.188 10 INFO neutron.db.ovn_revision_numbers_db [None req-516f9ccd-399f-4466-b2dc-f2bfb5a3c419 270e8126c99640c0bf4206fb440f0008 8b274534e0ec4cd5afc50ea942255d43 - - default default] Successfully bumped revision number for resource c4ea4997-c699-4d68-9263-f776c3e7b827 (type: security_group_rules) to 0
2026-05-06 06:11:29.215 10 INFO neutron.wsgi [None req-516f9ccd-399f-4466-b2dc-f2bfb5a3c419 270e8126c99640c0bf4206fb440f0008 8b274534e0ec4cd5afc50ea942255d43 - - default default] 10.0.0.107 "GET /v2.0/security-groups?tenant_id=19422e1d446b484591a2a8f2fede34f7&name=default HTTP/1.1" status: 200 len: 2996 time: 0.3373170
2026-05-06 06:11:29.407 10 INFO neutron.wsgi [None req-e6ba0d18-b7b0-4124-ab30-42788277ba40 270e8126c99640c0bf4206fb440f0008 8b274534e0ec4cd5afc50ea942255d43 - - default default] 10.0.0.107 "DELETE /v2.0/security-groups/f09b8879-f09f-4d91-90fa-a1fea5408f5f HTTP/1.1" status: 204 len: 168 time: 0.1872602
2026-05-06 06:11:29.587 10 INFO neutron.wsgi [None req-d18a85ae-995e-4f8a-95e8-e0acccaa6445 270e8126c99640c0bf4206fb440f0008 8b274534e0ec4cd5afc50ea942255d43 - - default default] 10.0.0.107 "GET /v2.0/security-groups?tenant_id=e189a82c95764876a14b90c567ffc73e&name=default HTTP/1.1" status: 200 len: 2996 time: 0.0340517
2026-05-06 06:11:29.665 10 INFO neutron.wsgi [None req-8b4a8431-5fee-4e59-afdb-462e5457171a 270e8126c99640c0bf4206fb440f0008 8b274534e0ec4cd5afc50ea942255d43 - - default default] 199.19.213.86 "GET /v2.0/extensions/security-group HTTP/1.1" status: 200 len: 369 time: 0.1530373
2026-05-06 06:11:29.675 10 INFO neutron.wsgi [None req-9ba7633e-e856-4a3f-93e3-4f4805bad00c 270e8126c99640c0bf4206fb440f0008 8b274534e0ec4cd5afc50ea942255d43 - - default default] 199.19.213.86 "GET /v2.0/extensions/dns-integration HTTP/1.1" status: 200 len: 371 time: 0.0033355
2026-05-06 06:11:29.685 10 INFO neutron.wsgi [None req-b643ee48-3c50-4de2-8b87-9832c503c7b6 270e8126c99640c0bf4206fb440f0008 8b274534e0ec4cd5afc50ea942255d43 - - default default] 199.19.213.86 "GET /v2.0/extensions/qos HTTP/1.1" status: 200 len: 365 time: 0.0042102
2026-05-06 06:11:29.692 10 INFO neutron.wsgi [None req-33e5dd05-454b-4125-82b3-db859c5051ab 270e8126c99640c0bf4206fb440f0008 8b274534e0ec4cd5afc50ea942255d43 - - default default] 199.19.213.86 "GET /v2.0/extensions/allowed-address-pairs HTTP/1.1" status: 200 len: 383 time: 0.0031474
2026-05-06 06:11:29.729 10 INFO neutron.wsgi [None req-8e751d0e-8b1b-43c5-b150-e25e71effaef 270e8126c99640c0bf4206fb440f0008 8b274534e0ec4cd5afc50ea942255d43 - - default default] 199.19.213.86 "GET /v2.0/ports/b8ced31d-2fc0-4f4f-a2c2-a0758025d3d4 HTTP/1.1" status: 200 len: 1332 time: 0.0311313
2026-05-06 06:11:29.800 10 INFO neutron.wsgi [None req-da6d8248-c7a1-4531-92e9-02029fd8727a 270e8126c99640c0bf4206fb440f0008 8b274534e0ec4cd5afc50ea942255d43 - - default default] 10.0.0.107 "DELETE /v2.0/security-groups/5b2a161f-0061-4ebf-8bf8-6dcb4cb3a462 HTTP/1.1" status: 204 len: 168 time: 0.2089510
2026-05-06 06:11:29.859 10 INFO neutron.wsgi [None req-f516cbb7-eae5-4074-83f8-9d6fc54bb5d3 270e8126c99640c0bf4206fb440f0008 8b274534e0ec4cd5afc50ea942255d43 - - default default] 199.19.213.86 "GET /v2.0/extensions/security-group HTTP/1.1" status: 200 len: 369 time: 0.0062373
2026-05-06 06:11:29.866 10 INFO neutron.wsgi [None req-8e47e04a-7674-4292-a978-bdff82ed7a6a 270e8126c99640c0bf4206fb440f0008 8b274534e0ec4cd5afc50ea942255d43 - - default default] 199.19.213.86 "GET /v2.0/extensions/dns-integration HTTP/1.1" status: 200 len: 371 time: 0.0041728
2026-05-06 06:11:29.876 10 INFO neutron.wsgi [None req-346f7a3f-a6e3-4922-b552-9053ef227f29 270e8126c99640c0bf4206fb440f0008 8b274534e0ec4cd5afc50ea942255d43 - - default default] 199.19.213.86 "GET /v2.0/extensions/qos HTTP/1.1" status: 200 len: 365 time: 0.0041733
2026-05-06 06:11:29.887 10 INFO neutron.wsgi [None req-a4a3e163-f19c-47e5-bd68-39dd78bb3086 270e8126c99640c0bf4206fb440f0008 8b274534e0ec4cd5afc50ea942255d43 - - default default] 199.19.213.86 "GET /v2.0/extensions/allowed-address-pairs HTTP/1.1" status: 200 len: 383 time: 0.0065358 /var/lib/openstack/lib/python3.10/site-packages/pycadf/identifier.py:71: UserWarning: Invalid uuid: neutron. To ensure interoperability, identifiers should be a valid uuid. warnings.warn(('Invalid uuid: %s. To ensure interoperability, '
2026-05-06 06:11:29.923 10 INFO neutron.wsgi [None req-5826be11-a508-4a31-998c-93fde8dff7a8 270e8126c99640c0bf4206fb440f0008 8b274534e0ec4cd5afc50ea942255d43 - - default default] 199.19.213.86 "GET /v2.0/security-groups?name=lb-3d80afa1-2a08-43f4-b8be-02745a429638 HTTP/1.1" status: 200 len: 221 time: 0.0300035
2026-05-06 06:11:29.991 9 INFO neutron.db.ovn_revision_numbers_db [None req-2f80f9a6-4f8e-4c8f-a98a-5d36c46d6f5f 270e8126c99640c0bf4206fb440f0008 8b274534e0ec4cd5afc50ea942255d43 - - default default] Successfully bumped revision number for resource 0601ff5a-d42c-4f5d-a411-93717939b502 (type: security_groups) to 1
2026-05-06 06:11:30.007 9 INFO neutron.db.ovn_revision_numbers_db [None req-2f80f9a6-4f8e-4c8f-a98a-5d36c46d6f5f 270e8126c99640c0bf4206fb440f0008 8b274534e0ec4cd5afc50ea942255d43 - - default default] Successfully bumped revision number for resource 05c00ac7-76b5-4d88-8a1f-53dd270e6e82 (type: security_group_rules) to 0
2026-05-06 06:11:30.027 9 INFO neutron.db.ovn_revision_numbers_db [None req-2f80f9a6-4f8e-4c8f-a98a-5d36c46d6f5f 270e8126c99640c0bf4206fb440f0008 8b274534e0ec4cd5afc50ea942255d43 - - default default] Successfully bumped revision number for resource 08acf43e-3837-4362-91f1-93f5afe401d9 (type: security_group_rules) to 0
2026-05-06 06:11:30.040 10 INFO neutron.db.ovn_revision_numbers_db [None req-464f3f47-bbd3-489e-ad70-612db3666477 270e8126c99640c0bf4206fb440f0008 8b274534e0ec4cd5afc50ea942255d43 - - default default] Successfully bumped revision number for resource 4b3fbd84-85da-4198-9dec-e85428078933 (type: security_groups) to 1
2026-05-06 06:11:30.043 9 INFO neutron.db.ovn_revision_numbers_db [None req-2f80f9a6-4f8e-4c8f-a98a-5d36c46d6f5f 270e8126c99640c0bf4206fb440f0008 8b274534e0ec4cd5afc50ea942255d43 - - default default] Successfully bumped revision number for resource ca4484d8-64ae-48d0-88c7-4e5cfb0bab15 (type: security_group_rules) to 0
2026-05-06 06:11:30.054 10 INFO neutron.db.ovn_revision_numbers_db [None req-464f3f47-bbd3-489e-ad70-612db3666477 270e8126c99640c0bf4206fb440f0008 8b274534e0ec4cd5afc50ea942255d43 - - default default] Successfully bumped revision number for resource 6f3cac90-1e6c-4e4a-8f4b-4cddbb5cfa6f (type: security_group_rules) to 0
2026-05-06 06:11:30.056 9 INFO neutron.db.ovn_revision_numbers_db [None req-2f80f9a6-4f8e-4c8f-a98a-5d36c46d6f5f 270e8126c99640c0bf4206fb440f0008 8b274534e0ec4cd5afc50ea942255d43 - - default default] Successfully bumped revision number for resource f73057be-6511-4bfa-8f5f-ccf3ebaf9718 (type: security_group_rules) to 0
2026-05-06 06:11:30.068 10 INFO neutron.db.ovn_revision_numbers_db [None req-464f3f47-bbd3-489e-ad70-612db3666477 270e8126c99640c0bf4206fb440f0008 8b274534e0ec4cd5afc50ea942255d43 - - default default] Successfully bumped revision number for resource b276908e-aed4-4da2-91d2-cd06e2650798 (type: security_group_rules) to 0
2026-05-06 06:11:30.078 9 INFO neutron.wsgi [None req-2f80f9a6-4f8e-4c8f-a98a-5d36c46d6f5f 270e8126c99640c0bf4206fb440f0008 8b274534e0ec4cd5afc50ea942255d43 - - default default] 10.0.0.107 "GET /v2.0/security-groups?tenant_id=4ae0a21bdc9a433a8d2cdd3aa8912134&name=default HTTP/1.1" status: 200 len: 2996 time: 0.1893687
2026-05-06 06:11:30.090 10 INFO neutron.wsgi [None req-464f3f47-bbd3-489e-ad70-612db3666477 270e8126c99640c0bf4206fb440f0008 8b274534e0ec4cd5afc50ea942255d43 - - default default] 199.19.213.86 "POST /v2.0/security-groups HTTP/1.1" status: 201 len: 1777 time: 0.1605291
2026-05-06 06:11:30.130 10 INFO neutron.wsgi [None req-bfd47f04-0b77-4b8d-b16b-1049a944967f 270e8126c99640c0bf4206fb440f0008 8b274534e0ec4cd5afc50ea942255d43 - - default default] 199.19.213.86 "GET /v2.0/security-group-rules?security_group_id=4b3fbd84-85da-4198-9dec-e85428078933 HTTP/1.1" status: 200 len: 1318 time: 0.0340314
2026-05-06 06:11:30.274 9 INFO neutron.wsgi [None req-5b9ec868-c2be-4fd1-9514-5b8dfcf45f3c 270e8126c99640c0bf4206fb440f0008 8b274534e0ec4cd5afc50ea942255d43 - - default default] 10.0.0.107 "DELETE /v2.0/security-groups/0601ff5a-d42c-4f5d-a411-93717939b502 HTTP/1.1" status: 204 len: 168 time: 0.1908314
2026-05-06 06:11:30.471 10 INFO neutron.db.ovn_revision_numbers_db [None req-833c5094-5661-451b-8cca-97295cccc67a 270e8126c99640c0bf4206fb440f0008 8b274534e0ec4cd5afc50ea942255d43 - - default default] Successfully bumped revision number for resource b8ced31d-2fc0-4f4f-a2c2-a0758025d3d4 (type: ports) to 2
2026-05-06 06:11:30.480 10 INFO neutron.wsgi [None req-833c5094-5661-451b-8cca-97295cccc67a 270e8126c99640c0bf4206fb440f0008 8b274534e0ec4cd5afc50ea942255d43 - - default default] 199.19.213.86 "PUT /v2.0/ports/b8ced31d-2fc0-4f4f-a2c2-a0758025d3d4 HTTP/1.1" status: 200 len: 1332 time: 0.3432295 /var/lib/openstack/lib/python3.10/site-packages/pycadf/identifier.py:71: UserWarning: Invalid uuid: neutron. To ensure interoperability, identifiers should be a valid uuid. warnings.warn(('Invalid uuid: %s. To ensure interoperability, '
2026-05-06 06:11:30.499 10 INFO neutron.wsgi [None req-6dae5012-54bf-4b0a-a3e3-d4c01f281097 270e8126c99640c0bf4206fb440f0008 8b274534e0ec4cd5afc50ea942255d43 - - default default] 199.19.213.86 "GET /v2.0/extensions/security-group HTTP/1.1" status: 200 len: 369 time: 0.0077815
2026-05-06 06:11:30.518 10 INFO neutron.wsgi [None req-5a9899aa-797f-4dfb-9320-fac4d05b566d 270e8126c99640c0bf4206fb440f0008 8b274534e0ec4cd5afc50ea942255d43 - - default default] 199.19.213.86 "GET /v2.0/extensions/dns-integration HTTP/1.1" status: 200 len: 371 time: 0.0044992
2026-05-06 06:11:30.526 10 INFO neutron.wsgi [None req-f1fdadc6-7cc4-4bff-ad97-8c034eea8e6f 270e8126c99640c0bf4206fb440f0008 8b274534e0ec4cd5afc50ea942255d43 - - default default] 199.19.213.86 "GET /v2.0/extensions/qos HTTP/1.1" status: 200 len: 365 time: 0.0039597
2026-05-06 06:11:30.535 10 INFO neutron.wsgi [None req-31ac1ef3-5e7d-41e2-a42f-030654f14356 270e8126c99640c0bf4206fb440f0008 8b274534e0ec4cd5afc50ea942255d43 - - default default] 199.19.213.86 "GET /v2.0/extensions/allowed-address-pairs HTTP/1.1" status: 200 len: 383 time: 0.0052655
2026-05-06 06:11:30.570 10 INFO neutron.wsgi [None req-b074580e-7504-4385-8d79-3c9d9d1876b7 270e8126c99640c0bf4206fb440f0008 8b274534e0ec4cd5afc50ea942255d43 - - default default] 199.19.213.86 "GET /v2.0/subnets/35816295-c074-4e60-9c8b-ce2058bc6ea5 HTTP/1.1" status: 200 len: 850 time: 0.0292552
2026-05-06 06:11:31.199 9 INFO neutron.db.ovn_revision_numbers_db [None req-b223b6a1-c947-484e-9593-2509da05ad49 4a807808cf6d407a9921697eeb0b865c 28398de6dc8645dba73109dade3d2781 - - default default] Successfully bumped revision number for resource d7711254-a822-4f25-8e36-9e36624a0463 (type: security_groups) to 1
2026-05-06 06:11:31.213 9 INFO neutron.db.ovn_revision_numbers_db [None req-b223b6a1-c947-484e-9593-2509da05ad49 4a807808cf6d407a9921697eeb0b865c 28398de6dc8645dba73109dade3d2781 - - default default] Successfully bumped revision number for resource 5427272a-98fe-4b3b-8701-a9b81dba3285 (type: security_group_rules) to 0
2026-05-06 06:11:31.228 9 INFO neutron.db.ovn_revision_numbers_db [None req-b223b6a1-c947-484e-9593-2509da05ad49 4a807808cf6d407a9921697eeb0b865c 28398de6dc8645dba73109dade3d2781 - - default default] Successfully bumped revision number for resource 65644fda-1f97-4af0-bc94-a60e3fdbe4cc (type: security_group_rules) to 0
