2026-05-06 06:08:47.255 10 INFO neutron.db.ovn_revision_numbers_db [None req-c0433f52-6bd0-428b-bf08-279bf8a4ca30 d4f51f1e182741a9aa5304ef43f80803 f722ae9961784feb9e474cdf8233c505 - - default default] Successfully bumped revision number for resource fa42f92c-2875-40e3-a7d0-6ff9b9288661 (type: ports) to 2
2026-05-06 06:08:47.279 10 INFO neutron.wsgi [req-7f50e6a8-a97a-479f-9f89-0d9e183dcea9 req-ad099fb4-c536-468b-ae0e-7eac2420da3a 77bcb30b4db34d66a20a6e20ff07f202 615f69bd3f204d4db5abf750b44fd2d1 - - default default] 10.0.0.201 "GET /v2.0/ports?device_id=0ae660c6-a538-4b23-8b90-049490984232 HTTP/1.1" status: 200 len: 210 time: 0.0274384
2026-05-06 06:08:47.318 10 INFO neutron.db.ovn_revision_numbers_db [None req-c0433f52-6bd0-428b-bf08-279bf8a4ca30 d4f51f1e182741a9aa5304ef43f80803 f722ae9961784feb9e474cdf8233c505 - - default default] Successfully bumped revision number for resource b46c552b-b56d-4f56-b1b6-491cc9d08a45 (type: subnets) to 0
2026-05-06 06:08:47.345 10 INFO neutron.wsgi [None req-c0433f52-6bd0-428b-bf08-279bf8a4ca30 d4f51f1e182741a9aa5304ef43f80803 f722ae9961784feb9e474cdf8233c505 - - default default] 10.0.0.107 "POST /v2.0/subnets HTTP/1.1" status: 201 len: 816 time: 0.8920939
2026-05-06 06:08:47.363 9 INFO neutron.db.segments_db [None req-e8feed30-037f-449c-8fd8-3356a6b3f883 e6c356654ff14e16b31532d247a8693a 69e75e455f394c88b2c7201f9fd3c041 - - default default] Added segment 509d9eb6-6949-4bb5-a1d2-200202f268bc of type geneve for network ff7dc774-c8fe-4c97-90e8-50e811a7d065
2026-05-06 06:08:47.420 10 WARNING neutron.scheduler.dhcp_agent_scheduler [None req-01801ff5-3cec-4fc1-a5ad-939ba3f8c979 135e6e57a8c24a52b308090a6df37e41 8d781629ece14a92822162ce0efd3854 - - default default] No more DHCP agents
2026-05-06 06:08:47.422 10 WARNING neutron.api.rpc.agentnotifiers.dhcp_rpc_agent_api [None req-01801ff5-3cec-4fc1-a5ad-939ba3f8c979 135e6e57a8c24a52b308090a6df37e41 8d781629ece14a92822162ce0efd3854 - - default default] Unable to schedule network 5e9d6caf-82fb-4055-909e-b1e6c200b218: no agents available; will retry on subsequent port and subnet creation events.
2026-05-06 06:08:47.450 10 INFO neutron.db.segments_db [None req-6530b7c3-17ab-4e22-93c2-3110abb46d93 d4f51f1e182741a9aa5304ef43f80803 f722ae9961784feb9e474cdf8233c505 - - default default] Added segment f75bbb94-d43c-48b7-8776-aa0c226cf73e of type geneve for network dd39c4b9-2aed-4b2c-9054-f8264800f11c
2026-05-06 06:08:47.508 9 INFO neutron.db.ovn_revision_numbers_db [None req-e8feed30-037f-449c-8fd8-3356a6b3f883 e6c356654ff14e16b31532d247a8693a 69e75e455f394c88b2c7201f9fd3c041 - - default default] Successfully bumped revision number for resource e780b512-6b17-48c4-917d-256554a1a21f (type: networks) to 1
2026-05-06 06:08:47.608 10 INFO neutron.db.ovn_revision_numbers_db [None req-6530b7c3-17ab-4e22-93c2-3110abb46d93 d4f51f1e182741a9aa5304ef43f80803 f722ae9961784feb9e474cdf8233c505 - - default default] Successfully bumped revision number for resource dd39c4b9-2aed-4b2c-9054-f8264800f11c (type: networks) to 1
2026-05-06 06:08:47.688 9 WARNING neutron.scheduler.dhcp_agent_scheduler [None req-e8feed30-037f-449c-8fd8-3356a6b3f883 e6c356654ff14e16b31532d247a8693a 69e75e455f394c88b2c7201f9fd3c041 - - default default] No more DHCP agents
2026-05-06 06:08:47.690 9 WARNING neutron.api.rpc.agentnotifiers.dhcp_rpc_agent_api [None req-e8feed30-037f-449c-8fd8-3356a6b3f883 e6c356654ff14e16b31532d247a8693a 69e75e455f394c88b2c7201f9fd3c041 - - default default] Unable to schedule network e780b512-6b17-48c4-917d-256554a1a21f: no agents available; will retry on subsequent port and subnet creation events.
2026-05-06 06:08:47.784 9 INFO neutron.db.ovn_revision_numbers_db [None req-e8feed30-037f-449c-8fd8-3356a6b3f883 e6c356654ff14e16b31532d247a8693a 69e75e455f394c88b2c7201f9fd3c041 - - default default] Successfully bumped revision number for resource afdcb8a1-6e63-4811-afbe-b5521c57b746 (type: ports) to 1
2026-05-06 06:08:47.835 10 WARNING neutron.scheduler.dhcp_agent_scheduler [None req-6530b7c3-17ab-4e22-93c2-3110abb46d93 d4f51f1e182741a9aa5304ef43f80803 f722ae9961784feb9e474cdf8233c505 - - default default] No more DHCP agents
2026-05-06 06:08:47.839 10 WARNING neutron.api.rpc.agentnotifiers.dhcp_rpc_agent_api [None req-6530b7c3-17ab-4e22-93c2-3110abb46d93 d4f51f1e182741a9aa5304ef43f80803 f722ae9961784feb9e474cdf8233c505 - - default default] Unable to schedule network dd39c4b9-2aed-4b2c-9054-f8264800f11c: no agents available; will retry on subsequent port and subnet creation events.
2026-05-06 06:08:47.847 10 INFO neutron.db.ovn_revision_numbers_db [None req-01801ff5-3cec-4fc1-a5ad-939ba3f8c979 135e6e57a8c24a52b308090a6df37e41 8d781629ece14a92822162ce0efd3854 - - default default] Successfully bumped revision number for resource c6734ec2-654a-40c4-8671-7b8a7fb3f1dc (type: floatingips) to 0
2026-05-06 06:08:47.853 9 INFO neutron.db.ovn_revision_numbers_db [None req-e8feed30-037f-449c-8fd8-3356a6b3f883 e6c356654ff14e16b31532d247a8693a 69e75e455f394c88b2c7201f9fd3c041 - - default default] Successfully bumped revision number for resource ff7dc774-c8fe-4c97-90e8-50e811a7d065 (type: networks) to 1
2026-05-06 06:08:47.861 10 INFO neutron.wsgi [None req-01801ff5-3cec-4fc1-a5ad-939ba3f8c979 135e6e57a8c24a52b308090a6df37e41 8d781629ece14a92822162ce0efd3854 - - default default] 10.0.0.107 "POST /v2.0/floatingips HTTP/1.1" status: 201 len: 751 time: 0.7384298
2026-05-06 06:08:47.926 10 INFO neutron.db.ovn_revision_numbers_db [None req-6530b7c3-17ab-4e22-93c2-3110abb46d93 d4f51f1e182741a9aa5304ef43f80803 f722ae9961784feb9e474cdf8233c505 - - default default] Successfully bumped revision number for resource 6fd9a06e-c598-4dd1-b282-74541f3cd3cd (type: ports) to 1
2026-05-06 06:08:47.947 10 INFO neutron.wsgi [None req-6530b7c3-17ab-4e22-93c2-3110abb46d93 d4f51f1e182741a9aa5304ef43f80803 f722ae9961784feb9e474cdf8233c505 - - default default] 10.0.0.107 "POST /v2.0/networks HTTP/1.1" status: 201 len: 843 time: 0.5945768
2026-05-06 06:08:47.971 9 INFO neutron.wsgi [req-524257e1-e5ef-457f-b595-70e11f31e9f8 req-fab544b3-e25b-4177-95c3-93062e7d14fb 77bcb30b4db34d66a20a6e20ff07f202 615f69bd3f204d4db5abf750b44fd2d1 - - default default] 199.19.213.86 "GET /v2.0/networks?id=de86244b-a460-4a7b-90ad-9631e6e94036 HTTP/1.1" status: 200 len: 875 time: 0.0931158
2026-05-06 06:08:48.038 9 INFO neutron.wsgi [req-524257e1-e5ef-457f-b595-70e11f31e9f8 req-b5559f2b-3bbe-467b-8d37-db2cd0b08258 77bcb30b4db34d66a20a6e20ff07f202 615f69bd3f204d4db5abf750b44fd2d1 - - default default] 199.19.213.86 "GET /v2.0/security-groups?fields=id&fields=name&tenant_id=615f69bd3f204d4db5abf750b44fd2d1 HTTP/1.1" status: 200 len: 380 time: 0.0623167
2026-05-06 06:08:48.115 9 WARNING neutron.scheduler.dhcp_agent_scheduler [None req-e8feed30-037f-449c-8fd8-3356a6b3f883 e6c356654ff14e16b31532d247a8693a 69e75e455f394c88b2c7201f9fd3c041 - - default default] No more DHCP agents
2026-05-06 06:08:48.119 9 WARNING neutron.api.rpc.agentnotifiers.dhcp_rpc_agent_api [None req-e8feed30-037f-449c-8fd8-3356a6b3f883 e6c356654ff14e16b31532d247a8693a 69e75e455f394c88b2c7201f9fd3c041 - - default default] Unable to schedule network ff7dc774-c8fe-4c97-90e8-50e811a7d065: no agents available; will retry on subsequent port and subnet creation events.
2026-05-06 06:08:48.131 10 INFO neutron.db.ovn_revision_numbers_db [None req-d2ebf7e6-7bd2-4ef6-8d7d-36485340d536 d4f51f1e182741a9aa5304ef43f80803 f722ae9961784feb9e474cdf8233c505 - - default default] Successfully bumped revision number for resource dd39c4b9-2aed-4b2c-9054-f8264800f11c (type: networks) to 2
2026-05-06 06:08:48.135 10 INFO neutron.wsgi [None req-d2ebf7e6-7bd2-4ef6-8d7d-36485340d536 d4f51f1e182741a9aa5304ef43f80803 f722ae9961784feb9e474cdf8233c505 - - default default] 10.0.0.107 "PUT /v2.0/networks/dd39c4b9-2aed-4b2c-9054-f8264800f11c HTTP/1.1" status: 200 len: 792 time: 0.1835949
2026-05-06 06:08:48.228 9 INFO neutron.db.ovn_revision_numbers_db [None req-e8feed30-037f-449c-8fd8-3356a6b3f883 e6c356654ff14e16b31532d247a8693a 69e75e455f394c88b2c7201f9fd3c041 - - default default] Successfully bumped revision number for resource 0c36228b-7297-4f5b-b28c-bb241d9c45c5 (type: ports) to 1
2026-05-06 06:08:48.272 9 INFO neutron.wsgi [None req-e8feed30-037f-449c-8fd8-3356a6b3f883 e6c356654ff14e16b31532d247a8693a 69e75e455f394c88b2c7201f9fd3c041 - - default default] 10.0.0.107 "POST /v2.0/networks HTTP/1.1" status: 201 len: 1443 time: 1.6788931
2026-05-06 06:08:48.376 10 INFO neutron.wsgi [req-b09026b2-0b14-41b6-bb64-8c6f4df03def req-bc34af42-d34c-4c2e-8b02-cde442d6b8e8 77bcb30b4db34d66a20a6e20ff07f202 615f69bd3f204d4db5abf750b44fd2d1 - - default default] 10.0.0.201 "GET /v2.0/ports?device_id=0ae660c6-a538-4b23-8b90-049490984232 HTTP/1.1" status: 200 len: 210 time: 0.0233874
2026-05-06 06:08:48.380 10 WARNING neutron.plugins.ml2.drivers.ovn.mech_driver.ovsdb.ovn_client [None req-bd6d18b6-f675-4f3a-9ff7-00288c7b9848 - - - - - -] No hosting information found for port 10586558-1943-4402-9c69-9b707777e102: RuntimeError: No hosting information found for port 10586558-1943-4402-9c69-9b707777e102
2026-05-06 06:08:48.380 10 INFO neutron.plugins.ml2.drivers.ovn.mech_driver.mech_driver [None req-bd6d18b6-f675-4f3a-9ff7-00288c7b9848 - - - - - -] OVN reports status up for port: 03555e81-0140-4f94-859f-b7a20f380350
2026-05-06 06:08:48.398 10 WARNING neutron.scheduler.dhcp_agent_scheduler [None req-93bcdaee-07de-4e05-a217-cb765cd43579 d4f51f1e182741a9aa5304ef43f80803 f722ae9961784feb9e474cdf8233c505 - - default default] No more DHCP agents
2026-05-06 06:08:48.400 10 INFO neutron.plugins.ml2.plugin [None req-bd6d18b6-f675-4f3a-9ff7-00288c7b9848 - - - - - -] Attempt 1 to provision port 03555e81-0140-4f94-859f-b7a20f380350
2026-05-06 06:08:48.401 10 WARNING neutron.api.rpc.agentnotifiers.dhcp_rpc_agent_api [None req-93bcdaee-07de-4e05-a217-cb765cd43579 d4f51f1e182741a9aa5304ef43f80803 f722ae9961784feb9e474cdf8233c505 - - default default] Unable to schedule network dd39c4b9-2aed-4b2c-9054-f8264800f11c: no agents available; will retry on subsequent port and subnet creation events.
2026-05-06 06:08:48.416 9 INFO neutron.wsgi [None req-39d0a0a4-e382-4877-a18f-98de8c078bec e6c356654ff14e16b31532d247a8693a 69e75e455f394c88b2c7201f9fd3c041 - - default default] 10.0.0.107 "GET /v2.0/networks HTTP/1.1" status: 200 len: 2049 time: 0.1383593
2026-05-06 06:08:48.425 9 INFO neutron.wsgi [req-ee42faee-2538-4b18-98c7-c8b410b6648c req-3e29476f-3f00-4345-bd51-145b99ef0e29 135e6e57a8c24a52b308090a6df37e41 8d781629ece14a92822162ce0efd3854 - - default default] 10.0.0.201 "GET /v2.0/security-groups?name=tempest-securitygroup--6250270&fields=id&tenant_id=8d781629ece14a92822162ce0efd3854 HTTP/1.1" status: 200 len: 267 time: 0.0876548
2026-05-06 06:08:48.503 10 INFO neutron.plugins.ml2.drivers.ovn.mech_driver.mech_driver [None req-bd6d18b6-f675-4f3a-9ff7-00288c7b9848 - - - - - -] OVN reports status up for port: 33bf3170-8ef4-4070-b68e-bbfcb4eb2fc6
2026-05-06 06:08:48.517 10 INFO neutron.plugins.ml2.plugin [None req-bd6d18b6-f675-4f3a-9ff7-00288c7b9848 - - - - - -] Attempt 1 to provision port 33bf3170-8ef4-4070-b68e-bbfcb4eb2fc6
2026-05-06 06:08:48.563 9 INFO neutron.wsgi [req-ee42faee-2538-4b18-98c7-c8b410b6648c req-08d8a054-d8a0-4f6a-874d-3c1bbd204f70 135e6e57a8c24a52b308090a6df37e41 8d781629ece14a92822162ce0efd3854 - - default default] 10.0.0.201 "GET /v2.0/networks?id=7f6a30d0-f616-45a5-88a8-8a4a2f33cf3e HTTP/1.1" status: 200 len: 875 time: 0.1282306 /var/lib/openstack/lib/python3.10/site-packages/pycadf/identifier.py:71: UserWarning: Invalid uuid: neutron. To ensure interoperability, identifiers should be a valid uuid. warnings.warn(('Invalid uuid: %s. To ensure interoperability, '
2026-05-06 06:08:48.599 9 INFO neutron.wsgi [req-ee42faee-2538-4b18-98c7-c8b410b6648c req-ba688dfd-b690-445a-8d63-d52e5ceb561f 135e6e57a8c24a52b308090a6df37e41 8d781629ece14a92822162ce0efd3854 - - default default] 10.0.0.201 "GET /v2.0/quotas/8d781629ece14a92822162ce0efd3854 HTTP/1.1" status: 200 len: 386 time: 0.0277128
2026-05-06 06:08:48.617 9 WARNING neutron.scheduler.dhcp_agent_scheduler [req-524257e1-e5ef-457f-b595-70e11f31e9f8 req-bb72f29f-fa01-41a6-bbf9-51764a31642c 77bcb30b4db34d66a20a6e20ff07f202 615f69bd3f204d4db5abf750b44fd2d1 - - default default] No more DHCP agents /var/lib/openstack/lib/python3.10/site-packages/pycadf/identifier.py:71: UserWarning: Invalid uuid: neutron. To ensure interoperability, identifiers should be a valid uuid. warnings.warn(('Invalid uuid: %s. To ensure interoperability, '
2026-05-06 06:08:48.626 9 WARNING neutron.api.rpc.agentnotifiers.dhcp_rpc_agent_api [req-524257e1-e5ef-457f-b595-70e11f31e9f8 req-bb72f29f-fa01-41a6-bbf9-51764a31642c 77bcb30b4db34d66a20a6e20ff07f202 615f69bd3f204d4db5abf750b44fd2d1 - - default default] Unable to schedule network de86244b-a460-4a7b-90ad-9631e6e94036: no agents available; will retry on subsequent port and subnet creation events.
2026-05-06 06:08:48.769 9 INFO neutron.wsgi [req-ee42faee-2538-4b18-98c7-c8b410b6648c req-39937ee1-a4b1-4e0a-87b7-861fa5505ee0 135e6e57a8c24a52b308090a6df37e41 8d781629ece14a92822162ce0efd3854 - - default default] 10.0.0.201 "GET /v2.0/ports?tenant_id=8d781629ece14a92822162ce0efd3854&fields=id HTTP/1.1" status: 200 len: 302 time: 0.1561155
2026-05-06 06:08:48.846 10 INFO neutron.db.ovn_revision_numbers_db [None req-bd6d18b6-f675-4f3a-9ff7-00288c7b9848 - - - - - -] Successfully bumped revision number for resource 33bf3170-8ef4-4070-b68e-bbfcb4eb2fc6 (type: ports) to 2
2026-05-06 06:08:48.886 9 INFO neutron.wsgi [req-ee42faee-2538-4b18-98c7-c8b410b6648c req-94f0a838-2bfe-49f0-a35e-be4d040cac6d 120372f8f5a84ce4a95b6bf6c77dd802 cebf464594b14c8a99ec438588facc58 - - e0cb39f46a7f4fbcb7c65298a0ad7f9a e0cb39f46a7f4fbcb7c65298a0ad7f9a] 10.0.0.201 "GET /v2.0/networks/7f6a30d0-f616-45a5-88a8-8a4a2f33cf3e?fields=segments HTTP/1.1" status: 200 len: 212 time: 0.1044970
2026-05-06 06:08:48.888 9 INFO neutron.db.ovn_revision_numbers_db [req-524257e1-e5ef-457f-b595-70e11f31e9f8 req-bb72f29f-fa01-41a6-bbf9-51764a31642c 77bcb30b4db34d66a20a6e20ff07f202 615f69bd3f204d4db5abf750b44fd2d1 - - default default] Successfully bumped revision number for resource fd1f322c-2a8a-4023-9f44-e741e44f1296 (type: ports) to 1
2026-05-06 06:08:48.948 9 INFO neutron.wsgi [req-524257e1-e5ef-457f-b595-70e11f31e9f8 req-bb72f29f-fa01-41a6-bbf9-51764a31642c 77bcb30b4db34d66a20a6e20ff07f202 615f69bd3f204d4db5abf750b44fd2d1 - - default default] 199.19.213.86 "POST /v2.0/ports HTTP/1.1" status: 201 len: 1158 time: 0.8959517
2026-05-06 06:08:49.070 9 INFO neutron.wsgi [None req-1c428e46-da84-43a0-b592-b24d71814bbc e6c356654ff14e16b31532d247a8693a 69e75e455f394c88b2c7201f9fd3c041 - - default default] 10.0.0.107 "DELETE /v2.0/networks/e780b512-6b17-48c4-917d-256554a1a21f HTTP/1.1" status: 204 len: 168 time: 0.6466353
2026-05-06 06:08:49.073 9 INFO neutron.wsgi [req-ee42faee-2538-4b18-98c7-c8b410b6648c req-e4cb7a7d-723a-4179-b857-17bc99b28a22 120372f8f5a84ce4a95b6bf6c77dd802 cebf464594b14c8a99ec438588facc58 - - e0cb39f46a7f4fbcb7c65298a0ad7f9a e0cb39f46a7f4fbcb7c65298a0ad7f9a] 10.0.0.201 "GET /v2.0/networks/7f6a30d0-f616-45a5-88a8-8a4a2f33cf3e?fields=provider%3Aphysical_network&fields=provider%3Anetwork_type HTTP/1.1" status: 200 len: 277 time: 0.1612406
2026-05-06 06:08:49.181 10 INFO neutron.db.ovn_revision_numbers_db [None req-bd6d18b6-f675-4f3a-9ff7-00288c7b9848 - - - - - -] Successfully bumped revision number for resource 33bf3170-8ef4-4070-b68e-bbfcb4eb2fc6 (type: router_ports) to 2
2026-05-06 06:08:49.203 10 INFO neutron.db.ovn_revision_numbers_db [None req-93bcdaee-07de-4e05-a217-cb765cd43579 d4f51f1e182741a9aa5304ef43f80803 f722ae9961784feb9e474cdf8233c505 - - default default] Successfully bumped revision number for resource 6fd9a06e-c598-4dd1-b282-74541f3cd3cd (type: ports) to 2
2026-05-06 06:08:49.205 10 INFO neutron.wsgi [req-ebaa6fd0-8b13-454f-a9ae-027b16345352 req-16afa278-6ced-405b-a871-a91fdd0ab4fe 135e6e57a8c24a52b308090a6df37e41 8d781629ece14a92822162ce0efd3854 - - default default] 10.0.0.201 "GET /v2.0/ports?device_id=efc080a7-f43b-4007-ac66-03a3d2501c7a HTTP/1.1" status: 200 len: 210 time: 0.0245476
2026-05-06 06:08:49.245 10 INFO neutron.db.ovn_revision_numbers_db [None req-93bcdaee-07de-4e05-a217-cb765cd43579 d4f51f1e182741a9aa5304ef43f80803 f722ae9961784feb9e474cdf8233c505 - - default default] Successfully bumped revision number for resource a97c883c-f0b3-4a8e-b5ce-19013e7675c2 (type: subnets) to 0
2026-05-06 06:08:49.270 10 INFO neutron.wsgi [None req-93bcdaee-07de-4e05-a217-cb765cd43579 d4f51f1e182741a9aa5304ef43f80803 f722ae9961784feb9e474cdf8233c505 - - default default] 10.0.0.107 "POST /v2.0/subnets HTTP/1.1" status: 201 len: 801 time: 1.1294358
2026-05-06 06:08:49.459 9 INFO neutron.services.segments.plugin [-] Segment 188b3d3c-7dbf-4a41-be57-a972e16d36ac resource provider aggregate not found
2026-05-06 06:08:49.466 9 INFO neutron.services.segments.plugin [-] Segment 188b3d3c-7dbf-4a41-be57-a972e16d36ac resource provider aggregate not found
2026-05-06 06:08:49.485 9 INFO neutron.services.segments.plugin [-] Segment 188b3d3c-7dbf-4a41-be57-a972e16d36ac resource provider not found; error: Placement Client Error (4xx): {"errors": [{"status": 404, "title": "Not Found", "detail": "The resource could not be found.\n\n No resource provider with uuid 188b3d3c-7dbf-4a41-be57-a972e16d36ac found for delete ", "request_id": "req-1ac986c6-efb3-4352-9bb3-3823ef894bd4"}]}
2026-05-06 06:08:49.515 9 INFO neutron.services.segments.plugin [-] Segment 188b3d3c-7dbf-4a41-be57-a972e16d36ac resource provider not found; error: Placement Client Error (4xx): {"errors": [{"status": 404, "title": "Not Found", "detail": "The resource could not be found.\n\n No resource provider with uuid 188b3d3c-7dbf-4a41-be57-a972e16d36ac found for delete ", "request_id": "req-6d085eca-b283-467d-9d65-e3af87b3e5da"}]}
2026-05-06 06:08:49.528 9 INFO neutron.wsgi [req-4734ca47-701a-4928-a95b-c90ec2f82091 req-622411d8-c931-483c-bfba-5945db374589 77bcb30b4db34d66a20a6e20ff07f202 615f69bd3f204d4db5abf750b44fd2d1 - - default default] 10.0.0.201 "GET /v2.0/ports?device_id=0ae660c6-a538-4b23-8b90-049490984232 HTTP/1.1" status: 200 len: 1156 time: 0.0830140
2026-05-06 06:08:49.606 10 INFO neutron.db.ovn_revision_numbers_db [None req-5829774b-01e9-47d1-bfac-cdecfd57b95d d4f51f1e182741a9aa5304ef43f80803 f722ae9961784feb9e474cdf8233c505 - - default default] Successfully bumped revision number for resource a97c883c-f0b3-4a8e-b5ce-19013e7675c2 (type: subnets) to 1
2026-05-06 06:08:49.610 10 INFO neutron.wsgi [None req-5829774b-01e9-47d1-bfac-cdecfd57b95d d4f51f1e182741a9aa5304ef43f80803 f722ae9961784feb9e474cdf8233c505 - - default default] 10.0.0.107 "PUT /v2.0/subnets/a97c883c-f0b3-4a8e-b5ce-19013e7675c2 HTTP/1.1" status: 200 len: 806 time: 0.3336401
2026-05-06 06:08:49.633 9 INFO neutron.wsgi [req-4734ca47-701a-4928-a95b-c90ec2f82091 req-4994dd1e-c293-4a4c-98a2-43f376ede5b0 77bcb30b4db34d66a20a6e20ff07f202 615f69bd3f204d4db5abf750b44fd2d1 - - default default] 10.0.0.201 "GET /v2.0/security-groups?id=65278850-ad69-48ce-bac5-acdda0f598dd&fields=id&fields=name HTTP/1.1" status: 200 len: 313 time: 0.0857894
2026-05-06 06:08:49.816 9 INFO neutron.db.ovn_revision_numbers_db [req-524257e1-e5ef-457f-b595-70e11f31e9f8 req-8881562e-ad65-4f4d-92c9-866642d52f2d 120372f8f5a84ce4a95b6bf6c77dd802 cebf464594b14c8a99ec438588facc58 - - e0cb39f46a7f4fbcb7c65298a0ad7f9a e0cb39f46a7f4fbcb7c65298a0ad7f9a] Successfully bumped revision number for resource fd1f322c-2a8a-4023-9f44-e741e44f1296 (type: ports) to 2
2026-05-06 06:08:49.880 9 INFO neutron.wsgi [None req-1a8ec61f-223b-47e2-aa25-0baac09703bf e6c356654ff14e16b31532d247a8693a 69e75e455f394c88b2c7201f9fd3c041 - - default default] 10.0.0.107 "DELETE /v2.0/networks/ff7dc774-c8fe-4c97-90e8-50e811a7d065 HTTP/1.1" status: 204 len: 168 time: 0.7983909
2026-05-06 06:08:49.995 10 INFO neutron.wsgi [req-ee42faee-2538-4b18-98c7-c8b410b6648c req-2fa6ddd6-481c-42d5-920e-9d4089b6782c 135e6e57a8c24a52b308090a6df37e41 8d781629ece14a92822162ce0efd3854 - - default default] 199.19.213.86 "GET /v2.0/networks?id=7f6a30d0-f616-45a5-88a8-8a4a2f33cf3e HTTP/1.1" status: 200 len: 875 time: 0.1254373
2026-05-06 06:08:50.015 10 INFO neutron.wsgi [None req-8508d50e-523e-49f3-8346-2d22fa3704fb e6c356654ff14e16b31532d247a8693a 69e75e455f394c88b2c7201f9fd3c041 - - default default] 10.0.0.107 "GET /v2.0/networks HTTP/1.1" status: 200 len: 845 time: 0.1264217
2026-05-06 06:08:50.020 9 INFO neutron.db.ovn_revision_numbers_db [req-524257e1-e5ef-457f-b595-70e11f31e9f8 req-8881562e-ad65-4f4d-92c9-866642d52f2d 120372f8f5a84ce4a95b6bf6c77dd802 cebf464594b14c8a99ec438588facc58 - - e0cb39f46a7f4fbcb7c65298a0ad7f9a e0cb39f46a7f4fbcb7c65298a0ad7f9a] Successfully bumped revision number for resource fd1f322c-2a8a-4023-9f44-e741e44f1296 (type: ports) to 2
2026-05-06 06:08:50.033 9 INFO neutron.wsgi [req-524257e1-e5ef-457f-b595-70e11f31e9f8 req-8881562e-ad65-4f4d-92c9-866642d52f2d 120372f8f5a84ce4a95b6bf6c77dd802 cebf464594b14c8a99ec438588facc58 - - e0cb39f46a7f4fbcb7c65298a0ad7f9a e0cb39f46a7f4fbcb7c65298a0ad7f9a] 199.19.213.86 "PUT /v2.0/ports/fd1f322c-2a8a-4023-9f44-e741e44f1296 HTTP/1.1" status: 200 len: 1376 time: 1.0709925
2026-05-06 06:08:50.063 10 INFO neutron.wsgi [req-ee42faee-2538-4b18-98c7-c8b410b6648c req-fa363674-9463-42c9-9ae0-2fbe002b6226 135e6e57a8c24a52b308090a6df37e41 8d781629ece14a92822162ce0efd3854 - - default default] 199.19.213.86 "GET /v2.0/security-groups?fields=id&fields=name&tenant_id=8d781629ece14a92822162ce0efd3854 HTTP/1.1" status: 200 len: 377 time: 0.0614064
2026-05-06 06:08:50.092 9 INFO neutron.notifiers.nova [-] Nova event matching ['req-e60142d8-a867-43ea-88f5-bdadad48008b'] response: {'name': 'network-changed', 'server_uuid': '0ae660c6-a538-4b23-8b90-049490984232', 'tag': 'fd1f322c-2a8a-4023-9f44-e741e44f1296', 'status': 'completed', 'code': 200} /var/lib/openstack/lib/python3.10/site-packages/pycadf/identifier.py:71: UserWarning: Invalid uuid: neutron. To ensure interoperability, identifiers should be a valid uuid. warnings.warn(('Invalid uuid: %s. To ensure interoperability, '
2026-05-06 06:08:50.131 10 INFO neutron.db.segments_db [None req-3b94e3e9-3556-43bb-b221-f50f56bccb58 e6c356654ff14e16b31532d247a8693a 69e75e455f394c88b2c7201f9fd3c041 - - default default] Added segment 26509df7-453b-47b6-a074-57f3ded189f3 of type geneve for network 75824660-3f9e-45bb-88d1-16efa34bc750
2026-05-06 06:08:50.138 9 INFO neutron.wsgi [req-524257e1-e5ef-457f-b595-70e11f31e9f8 req-3494c570-9813-4858-af06-54d9dcbf110d 120372f8f5a84ce4a95b6bf6c77dd802 cebf464594b14c8a99ec438588facc58 - - e0cb39f46a7f4fbcb7c65298a0ad7f9a e0cb39f46a7f4fbcb7c65298a0ad7f9a] 199.19.213.86 "GET /v2.0/ports?tenant_id=615f69bd3f204d4db5abf750b44fd2d1&device_id=0ae660c6-a538-4b23-8b90-049490984232 HTTP/1.1" status: 200 len: 1407 time: 0.0363278
2026-05-06 06:08:50.179 9 INFO neutron.wsgi [req-524257e1-e5ef-457f-b595-70e11f31e9f8 req-7eea7939-05dc-4063-8a21-f4891ce99c5c 120372f8f5a84ce4a95b6bf6c77dd802 cebf464594b14c8a99ec438588facc58 - - e0cb39f46a7f4fbcb7c65298a0ad7f9a e0cb39f46a7f4fbcb7c65298a0ad7f9a] 199.19.213.86 "GET /v2.0/floatingips?fixed_ip_address=10.100.0.3&port_id=fd1f322c-2a8a-4023-9f44-e741e44f1296 HTTP/1.1" status: 200 len: 217 time: 0.0260432
2026-05-06 06:08:50.219 9 INFO neutron.wsgi [req-524257e1-e5ef-457f-b595-70e11f31e9f8 req-98823a13-ba81-4c7a-ad5a-11888571b77d 120372f8f5a84ce4a95b6bf6c77dd802 cebf464594b14c8a99ec438588facc58 - - e0cb39f46a7f4fbcb7c65298a0ad7f9a e0cb39f46a7f4fbcb7c65298a0ad7f9a] 199.19.213.86 "GET /v2.0/subnets?id=8f0a239d-84be-4788-9cb8-8d69d8215f3e HTTP/1.1" status: 200 len: 869 time: 0.0323610
2026-05-06 06:08:50.250 9 INFO neutron.wsgi [req-524257e1-e5ef-457f-b595-70e11f31e9f8 req-d4dd294e-405d-47c9-bbc8-f0593c370910 120372f8f5a84ce4a95b6bf6c77dd802 cebf464594b14c8a99ec438588facc58 - - e0cb39f46a7f4fbcb7c65298a0ad7f9a e0cb39f46a7f4fbcb7c65298a0ad7f9a] 199.19.213.86 "GET /v2.0/ports?network_id=de86244b-a460-4a7b-90ad-9631e6e94036&device_owner=network%3Adhcp HTTP/1.1" status: 200 len: 210 time: 0.0221488
2026-05-06 06:08:50.294 9 INFO neutron.wsgi [req-3d71bf53-f0fd-4446-b705-fb1781d78acf req-117ee71c-2c30-4fa5-a439-c0eadc179f61 135e6e57a8c24a52b308090a6df37e41 8d781629ece14a92822162ce0efd3854 - - default default] 10.0.0.201 "GET /v2.0/ports?device_id=efc080a7-f43b-4007-ac66-03a3d2501c7a HTTP/1.1" status: 200 len: 210 time: 0.0240419
2026-05-06 06:08:50.329 9 INFO neutron.wsgi [req-524257e1-e5ef-457f-b595-70e11f31e9f8 req-c3e163a5-694b-4625-8de5-a7b80b084e91 120372f8f5a84ce4a95b6bf6c77dd802 cebf464594b14c8a99ec438588facc58 - - e0cb39f46a7f4fbcb7c65298a0ad7f9a e0cb39f46a7f4fbcb7c65298a0ad7f9a] 199.19.213.86 "GET /v2.0/networks/de86244b-a460-4a7b-90ad-9631e6e94036?fields=segments HTTP/1.1" status: 200 len: 212 time: 0.0691485
2026-05-06 06:08:50.372 10 INFO neutron.services.segments.plugin [-] Segment f75bbb94-d43c-48b7-8776-aa0c226cf73e resource provider aggregate not found
2026-05-06 06:08:50.378 10 INFO neutron.services.segments.plugin [-] Segment f75bbb94-d43c-48b7-8776-aa0c226cf73e resource provider aggregate not found
2026-05-06 06:08:50.396 9 INFO neutron.wsgi [req-524257e1-e5ef-457f-b595-70e11f31e9f8 req-a1a15527-2e63-4f44-a1c8-6a90a07b4931 120372f8f5a84ce4a95b6bf6c77dd802 cebf464594b14c8a99ec438588facc58 - - e0cb39f46a7f4fbcb7c65298a0ad7f9a e0cb39f46a7f4fbcb7c65298a0ad7f9a] 199.19.213.86 "GET /v2.0/networks/de86244b-a460-4a7b-90ad-9631e6e94036?fields=provider%3Aphysical_network&fields=provider%3Anetwork_type HTTP/1.1" status: 200 len: 277 time: 0.0601621
2026-05-06 06:08:50.402 10 INFO neutron.services.segments.plugin [-] Segment f75bbb94-d43c-48b7-8776-aa0c226cf73e resource provider not found; error: Placement Client Error (4xx): {"errors": [{"status": 404, "title": "Not Found", "detail": "The resource could not be found.\n\n No resource provider with uuid f75bbb94-d43c-48b7-8776-aa0c226cf73e found for delete ", "request_id": "req-56870b2c-4de6-4650-b6e0-31d2505610c3"}]}
2026-05-06 06:08:50.403 10 INFO neutron.db.ovn_revision_numbers_db [None req-3b94e3e9-3556-43bb-b221-f50f56bccb58 e6c356654ff14e16b31532d247a8693a 69e75e455f394c88b2c7201f9fd3c041 - - default default] Successfully bumped revision number for resource 75824660-3f9e-45bb-88d1-16efa34bc750 (type: networks) to 1
2026-05-06 06:08:50.405 10 INFO neutron.services.segments.plugin [-] Segment f75bbb94-d43c-48b7-8776-aa0c226cf73e resource provider not found; error: Placement Client Error (4xx): {"errors": [{"status": 404, "title": "Not Found", "detail": "The resource could not be found.\n\n No resource provider with uuid f75bbb94-d43c-48b7-8776-aa0c226cf73e found for delete ", "request_id": "req-d7ed31a9-0141-4d77-a38d-c7cc1e06c327"}]}
2026-05-06 06:08:50.449 10 INFO neutron.wsgi [None req-1b26b73b-6579-42f6-8866-eef125e1f233 d4f51f1e182741a9aa5304ef43f80803 f722ae9961784feb9e474cdf8233c505 - - default default] 10.0.0.107 "DELETE /v2.0/networks/dd39c4b9-2aed-4b2c-9054-f8264800f11c HTTP/1.1" status: 204 len: 168 time: 0.8350518
2026-05-06 06:08:50.486 9 INFO neutron.wsgi [req-789509cc-334b-48a4-8f95-a753e708ddb9 req-4ac4ef84-3903-4f81-abbb-959daa976546 120372f8f5a84ce4a95b6bf6c77dd802 cebf464594b14c8a99ec438588facc58 - - e0cb39f46a7f4fbcb7c65298a0ad7f9a e0cb39f46a7f4fbcb7c65298a0ad7f9a] 199.19.213.86 "GET /v2.0/ports?tenant_id=615f69bd3f204d4db5abf750b44fd2d1&device_id=0ae660c6-a538-4b23-8b90-049490984232 HTTP/1.1" status: 200 len: 1407 time: 0.0447178
2026-05-06 06:08:50.494 10 INFO neutron.pecan_wsgi.hooks.translation [None req-607db582-e209-40e9-a5ce-fbfb021e14a1 d4f51f1e182741a9aa5304ef43f80803 f722ae9961784feb9e474cdf8233c505 - - default default] DELETE failed (client error): The resource could not be found.
2026-05-06 06:08:50.496 10 INFO neutron.wsgi [None req-607db582-e209-40e9-a5ce-fbfb021e14a1 d4f51f1e182741a9aa5304ef43f80803 f722ae9961784feb9e474cdf8233c505 - - default default] 10.0.0.107 "DELETE /v2.0/networks/dd39c4b9-2aed-4b2c-9054-f8264800f11c HTTP/1.1" status: 404 len: 339 time: 0.0389402
2026-05-06 06:08:50.623 9 INFO neutron.wsgi [req-789509cc-334b-48a4-8f95-a753e708ddb9 req-201b7e9a-c0af-43a7-a182-4f9809bbe1ab 120372f8f5a84ce4a95b6bf6c77dd802 cebf464594b14c8a99ec438588facc58 - - e0cb39f46a7f4fbcb7c65298a0ad7f9a e0cb39f46a7f4fbcb7c65298a0ad7f9a] 199.19.213.86 "GET /v2.0/networks?id=de86244b-a460-4a7b-90ad-9631e6e94036 HTTP/1.1" status: 200 len: 974 time: 0.1311467
2026-05-06 06:08:50.641 9 INFO neutron.wsgi [None req-a0152725-3e0a-406b-bf13-579edcea850d d4f51f1e182741a9aa5304ef43f80803 f722ae9961784feb9e474cdf8233c505 - - default default] 10.0.0.107 "GET /v2.0/networks?router%3Aexternal=True HTTP/1.1" status: 200 len: 845 time: 0.1354344
2026-05-06 06:08:50.654 10 WARNING neutron.scheduler.dhcp_agent_scheduler [req-ee42faee-2538-4b18-98c7-c8b410b6648c req-93c0d40b-6bf3-422f-a2ef-10793e3a5b26 135e6e57a8c24a52b308090a6df37e41 8d781629ece14a92822162ce0efd3854 - - default default] No more DHCP agents
2026-05-06 06:08:50.655 9 INFO neutron.wsgi [req-789509cc-334b-48a4-8f95-a753e708ddb9 req-27aa283c-6d8b-4b4d-bc47-d87717a69f0c 120372f8f5a84ce4a95b6bf6c77dd802 cebf464594b14c8a99ec438588facc58 - - e0cb39f46a7f4fbcb7c65298a0ad7f9a e0cb39f46a7f4fbcb7c65298a0ad7f9a] 199.19.213.86 "GET /v2.0/floatingips?fixed_ip_address=10.100.0.3&port_id=fd1f322c-2a8a-4023-9f44-e741e44f1296 HTTP/1.1" status: 200 len: 217 time: 0.0264835 /var/lib/openstack/lib/python3.10/site-packages/pycadf/identifier.py:71: UserWarning: Invalid uuid: neutron. To ensure interoperability, identifiers should be a valid uuid. warnings.warn(('Invalid uuid: %s. To ensure interoperability, '
2026-05-06 06:08:50.663 10 WARNING neutron.api.rpc.agentnotifiers.dhcp_rpc_agent_api [req-ee42faee-2538-4b18-98c7-c8b410b6648c req-93c0d40b-6bf3-422f-a2ef-10793e3a5b26 135e6e57a8c24a52b308090a6df37e41 8d781629ece14a92822162ce0efd3854 - - default default] Unable to schedule network 7f6a30d0-f616-45a5-88a8-8a4a2f33cf3e: no agents available; will retry on subsequent port and subnet creation events.
2026-05-06 06:08:50.680 10 WARNING neutron.scheduler.dhcp_agent_scheduler [None req-3b94e3e9-3556-43bb-b221-f50f56bccb58 e6c356654ff14e16b31532d247a8693a 69e75e455f394c88b2c7201f9fd3c041 - - default default] No more DHCP agents
2026-05-06 06:08:50.693 10 WARNING neutron.api.rpc.agentnotifiers.dhcp_rpc_agent_api [None req-3b94e3e9-3556-43bb-b221-f50f56bccb58 e6c356654ff14e16b31532d247a8693a 69e75e455f394c88b2c7201f9fd3c041 - - default default] Unable to schedule network 75824660-3f9e-45bb-88d1-16efa34bc750: no agents available; will retry on subsequent port and subnet creation events.
2026-05-06 06:08:50.726 9 INFO neutron.wsgi [req-789509cc-334b-48a4-8f95-a753e708ddb9 req-5a604f0f-769b-4464-b2ee-695e2adef546 120372f8f5a84ce4a95b6bf6c77dd802 cebf464594b14c8a99ec438588facc58 - - e0cb39f46a7f4fbcb7c65298a0ad7f9a e0cb39f46a7f4fbcb7c65298a0ad7f9a] 199.19.213.86 "GET /v2.0/subnets?id=8f0a239d-84be-4788-9cb8-8d69d8215f3e HTTP/1.1" status: 200 len: 869 time: 0.0483611
2026-05-06 06:08:50.742 10 INFO neutron.wsgi [None req-e8a90a33-84e1-487f-ae8f-87d009836b69 d4f51f1e182741a9aa5304ef43f80803 f722ae9961784feb9e474cdf8233c505 - - default default] 10.0.0.107 "GET /v2.0/subnets?network_id=5e9d6caf-82fb-4055-909e-b1e6c200b218 HTTP/1.1" status: 200 len: 820 time: 0.0906181
2026-05-06 06:08:50.759 9 INFO neutron.wsgi [req-789509cc-334b-48a4-8f95-a753e708ddb9 req-ba8f9ba7-d215-4c8a-9b40-004e547f93b3 120372f8f5a84ce4a95b6bf6c77dd802 cebf464594b14c8a99ec438588facc58 - - e0cb39f46a7f4fbcb7c65298a0ad7f9a e0cb39f46a7f4fbcb7c65298a0ad7f9a] 199.19.213.86 "GET /v2.0/ports?network_id=de86244b-a460-4a7b-90ad-9631e6e94036&device_owner=network%3Adhcp HTTP/1.1" status: 200 len: 210 time: 0.0237069 /var/lib/openstack/lib/python3.10/site-packages/pycadf/identifier.py:71: UserWarning: Invalid uuid: neutron. To ensure interoperability, identifiers should be a valid uuid. warnings.warn(('Invalid uuid: %s. To ensure interoperability, '
2026-05-06 06:08:50.765 10 INFO neutron.wsgi [None req-0f6d2f85-cb6f-417f-ad1b-19200be87307 d4f51f1e182741a9aa5304ef43f80803 f722ae9961784feb9e474cdf8233c505 - - default default] 10.0.0.107 "GET /v2.0/extensions HTTP/1.1" status: 200 len: 16520 time: 0.0104899
2026-05-06 06:08:50.767 9 INFO neutron.wsgi [req-6ef95cd3-e40c-4b96-a3f9-50433199174f req-33046776-8e2b-4770-8f59-2e195a42ac0b 77bcb30b4db34d66a20a6e20ff07f202 615f69bd3f204d4db5abf750b44fd2d1 - - default default] 10.0.0.201 "GET /v2.0/ports?device_id=0ae660c6-a538-4b23-8b90-049490984232 HTTP/1.1" status: 200 len: 1168 time: 0.0540392
2026-05-06 06:08:50.842 9 INFO neutron.wsgi [req-6ef95cd3-e40c-4b96-a3f9-50433199174f req-4f7bc76c-6727-41eb-9091-2d8ca3155ea8 77bcb30b4db34d66a20a6e20ff07f202 615f69bd3f204d4db5abf750b44fd2d1 - - default default] 10.0.0.201 "GET /v2.0/security-groups?id=65278850-ad69-48ce-bac5-acdda0f598dd&fields=id&fields=name HTTP/1.1" status: 200 len: 313 time: 0.0676153
2026-05-06 06:08:50.870 9 INFO neutron.wsgi [req-789509cc-334b-48a4-8f95-a753e708ddb9 req-15e7f417-9b32-4856-a67e-243640edf0eb 120372f8f5a84ce4a95b6bf6c77dd802 cebf464594b14c8a99ec438588facc58 - - e0cb39f46a7f4fbcb7c65298a0ad7f9a e0cb39f46a7f4fbcb7c65298a0ad7f9a] 199.19.213.86 "GET /v2.0/networks/de86244b-a460-4a7b-90ad-9631e6e94036?fields=segments HTTP/1.1" status: 200 len: 212 time: 0.1023250
2026-05-06 06:08:50.879 10 INFO neutron.db.ovn_revision_numbers_db [None req-3b94e3e9-3556-43bb-b221-f50f56bccb58 e6c356654ff14e16b31532d247a8693a 69e75e455f394c88b2c7201f9fd3c041 - - default default] Successfully bumped revision number for resource baac552d-e1b7-4ad3-bc01-a72c634e809d (type: ports) to 1
2026-05-06 06:08:50.968 10 INFO neutron.wsgi [None req-585a141a-5d92-4b82-9020-16ad7c1cf432 d4f51f1e182741a9aa5304ef43f80803 f722ae9961784feb9e474cdf8233c505 - - default default] 10.0.0.107 "GET /v2.0/networks HTTP/1.1" status: 200 len: 1503 time: 0.1893656
2026-05-06 06:08:50.975 10 INFO neutron.wsgi [None req-3b94e3e9-3556-43bb-b221-f50f56bccb58 e6c356654ff14e16b31532d247a8693a 69e75e455f394c88b2c7201f9fd3c041 - - default default] 10.0.0.107 "POST /v2.0/networks HTTP/1.1" status: 201 len: 850 time: 0.9534767
2026-05-06 06:08:50.976 9 INFO neutron.wsgi [req-789509cc-334b-48a4-8f95-a753e708ddb9 req-15f55015-8c97-4dd8-bef5-b4db80dbe4cb 120372f8f5a84ce4a95b6bf6c77dd802 cebf464594b14c8a99ec438588facc58 - - e0cb39f46a7f4fbcb7c65298a0ad7f9a e0cb39f46a7f4fbcb7c65298a0ad7f9a] 199.19.213.86 "GET /v2.0/networks/de86244b-a460-4a7b-90ad-9631e6e94036?fields=provider%3Aphysical_network&fields=provider%3Anetwork_type HTTP/1.1" status: 200 len: 277 time: 0.0714595
2026-05-06 06:08:51.039 9 INFO neutron.wsgi [None req-a4dcb073-d302-49fc-ae06-28f9bd129969 d4f51f1e182741a9aa5304ef43f80803 f722ae9961784feb9e474cdf8233c505 - - default default] 10.0.0.107 "GET /v2.0/subnets HTTP/1.1" status: 200 len: 1428 time: 0.0603862
2026-05-06 06:08:51.066 10 INFO neutron.db.ovn_revision_numbers_db [req-ee42faee-2538-4b18-98c7-c8b410b6648c req-93c0d40b-6bf3-422f-a2ef-10793e3a5b26 135e6e57a8c24a52b308090a6df37e41 8d781629ece14a92822162ce0efd3854 - - default default] Successfully bumped revision number for resource d1e49cb5-488a-47a8-8203-17a73d9e05ab (type: ports) to 1
2026-05-06 06:08:51.090 10 INFO neutron.wsgi [req-ee42faee-2538-4b18-98c7-c8b410b6648c req-93c0d40b-6bf3-422f-a2ef-10793e3a5b26 135e6e57a8c24a52b308090a6df37e41 8d781629ece14a92822162ce0efd3854 - - default default] 199.19.213.86 "POST /v2.0/ports HTTP/1.1" status: 201 len: 1162 time: 1.0061224
2026-05-06 06:08:51.115 10 INFO neutron.db.segments_db [None req-44dcd076-5d6c-469d-9307-a29dab966fb0 e6c356654ff14e16b31532d247a8693a 69e75e455f394c88b2c7201f9fd3c041 - - default default] Added segment 03f4447c-92bd-41ea-9975-68e895c2c000 of type geneve for network 85ab8b8d-dee5-490c-9908-398806022ba6
2026-05-06 06:08:51.125 9 INFO neutron.wsgi [None req-7525c7b3-c744-4f78-9202-17dcd026b600 d4f51f1e182741a9aa5304ef43f80803 f722ae9961784feb9e474cdf8233c505 - - default default] 10.0.0.107 "GET /v2.0/networks/5cb74bcd-9787-4c2c-a5ce-b32cd19f5571 HTTP/1.1" status: 200 len: 862 time: 0.0781708
2026-05-06 06:08:51.172 9 INFO neutron.wsgi [None req-d359117e-c484-41aa-a8b8-41bd77f7cb26 d4f51f1e182741a9aa5304ef43f80803 f722ae9961784feb9e474cdf8233c505 - - default default] 10.0.0.107 "GET /v2.0/subnets/b46c552b-b56d-4f56-b1b6-491cc9d08a45 HTTP/1.1" status: 200 len: 811 time: 0.0389996
2026-05-06 06:08:51.195 9 INFO neutron.pecan_wsgi.hooks.translation [None req-9e9f4d2e-97c7-4a6a-949f-0dedbae22e7e d4f51f1e182741a9aa5304ef43f80803 f722ae9961784feb9e474cdf8233c505 - - default default] DELETE failed (client error): The resource could not be found.
2026-05-06 06:08:51.197 9 INFO neutron.wsgi [None req-9e9f4d2e-97c7-4a6a-949f-0dedbae22e7e d4f51f1e182741a9aa5304ef43f80803 f722ae9961784feb9e474cdf8233c505 - - default default] 10.0.0.107 "DELETE /v2.0/subnets/a97c883c-f0b3-4a8e-b5ce-19013e7675c2 HTTP/1.1" status: 404 len: 337 time: 0.0189867
2026-05-06 06:08:51.215 9 INFO neutron.pecan_wsgi.hooks.translation [None req-864c657f-84c5-4ed2-b909-7588c06b7717 d4f51f1e182741a9aa5304ef43f80803 f722ae9961784feb9e474cdf8233c505 - - default default] DELETE failed (client error): The resource could not be found.
2026-05-06 06:08:51.218 9 INFO neutron.wsgi [None req-864c657f-84c5-4ed2-b909-7588c06b7717 d4f51f1e182741a9aa5304ef43f80803 f722ae9961784feb9e474cdf8233c505 - - default default] 10.0.0.107 "DELETE /v2.0/networks/dd39c4b9-2aed-4b2c-9054-f8264800f11c HTTP/1.1" status: 404 len: 339 time: 0.0158811
2026-05-06 06:08:51.297 10 INFO neutron.db.ovn_revision_numbers_db [None req-44dcd076-5d6c-469d-9307-a29dab966fb0 e6c356654ff14e16b31532d247a8693a 69e75e455f394c88b2c7201f9fd3c041 - - default default] Successfully bumped revision number for resource 85ab8b8d-dee5-490c-9908-398806022ba6 (type: networks) to 1
2026-05-06 06:08:51.446 9 INFO neutron.wsgi [None req-90da4198-b937-4109-915f-610e9f487361 d4f51f1e182741a9aa5304ef43f80803 f722ae9961784feb9e474cdf8233c505 - - default default] 10.0.0.107 "DELETE /v2.0/subnets/b46c552b-b56d-4f56-b1b6-491cc9d08a45 HTTP/1.1" status: 204 len: 168 time: 0.2233672
2026-05-06 06:08:51.507 9 INFO neutron.services.segments.plugin [-] Segment 509d9eb6-6949-4bb5-a1d2-200202f268bc resource provider aggregate not found
2026-05-06 06:08:51.526 9 INFO neutron.services.segments.plugin [-] Segment 509d9eb6-6949-4bb5-a1d2-200202f268bc resource provider not found; error: Placement Client Error (4xx): {"errors": [{"status": 404, "title": "Not Found", "detail": "The resource could not be found.\n\n No resource provider with uuid 509d9eb6-6949-4bb5-a1d2-200202f268bc found for delete ", "request_id": "req-a466eb84-a8f5-4c8b-b8db-95712f47f018"}]}
2026-05-06 06:08:51.536 9 INFO neutron.services.segments.plugin [-] Segment 509d9eb6-6949-4bb5-a1d2-200202f268bc resource provider aggregate not found
2026-05-06 06:08:51.539 10 INFO neutron.wsgi [req-acd18853-491c-47d1-acd9-88b908aba5de req-37063f6d-d65f-4028-a45e-fb223887d713 135e6e57a8c24a52b308090a6df37e41 8d781629ece14a92822162ce0efd3854 - - default default] 10.0.0.201 "GET /v2.0/ports?device_id=efc080a7-f43b-4007-ac66-03a3d2501c7a HTTP/1.1" status: 200 len: 1160 time: 0.1779230 /var/lib/openstack/lib/python3.10/site-packages/pycadf/identifier.py:71: UserWarning: Invalid uuid: neutron. To ensure interoperability, identifiers should be a valid uuid. warnings.warn(('Invalid uuid: %s. To ensure interoperability, '
2026-05-06 06:08:51.554 9 INFO neutron.services.segments.plugin [-] Segment 509d9eb6-6949-4bb5-a1d2-200202f268bc resource provider not found; error: Placement Client Error (4xx): {"errors": [{"status": 404, "title": "Not Found", "detail": "The resource could not be found.\n\n No resource provider with uuid 509d9eb6-6949-4bb5-a1d2-200202f268bc found for delete ", "request_id": "req-f4c9920d-2ba2-4bb9-a5a0-2fe9fca99008"}]}
2026-05-06 06:08:51.559 10 WARNING neutron.scheduler.dhcp_agent_scheduler [None req-44dcd076-5d6c-469d-9307-a29dab966fb0 e6c356654ff14e16b31532d247a8693a 69e75e455f394c88b2c7201f9fd3c041 - - default default] No more DHCP agents
2026-05-06 06:08:51.564 10 WARNING neutron.api.rpc.agentnotifiers.dhcp_rpc_agent_api [None req-44dcd076-5d6c-469d-9307-a29dab966fb0 e6c356654ff14e16b31532d247a8693a 69e75e455f394c88b2c7201f9fd3c041 - - default default] Unable to schedule network 85ab8b8d-dee5-490c-9908-398806022ba6: no agents available; will retry on subsequent port and subnet creation events.
2026-05-06 06:08:51.629 10 INFO neutron.wsgi [req-acd18853-491c-47d1-acd9-88b908aba5de req-61b69425-0546-4428-836e-6be268d421cc 135e6e57a8c24a52b308090a6df37e41 8d781629ece14a92822162ce0efd3854 - - default default] 10.0.0.201 "GET /v2.0/security-groups?id=1366c92a-ca20-4d58-8e74-2d7dd9f3e68d&fields=id&fields=name HTTP/1.1" status: 200 len: 310 time: 0.0809462
2026-05-06 06:08:51.674 10 INFO neutron.db.ovn_revision_numbers_db [None req-44dcd076-5d6c-469d-9307-a29dab966fb0 e6c356654ff14e16b31532d247a8693a 69e75e455f394c88b2c7201f9fd3c041 - - default default] Successfully bumped revision number for resource 09095260-a4e1-4f2a-9b5d-cb2b06167614 (type: ports) to 1
2026-05-06 06:08:51.693 10 INFO neutron.wsgi [None req-44dcd076-5d6c-469d-9307-a29dab966fb0 e6c356654ff14e16b31532d247a8693a 69e75e455f394c88b2c7201f9fd3c041 - - default default] 10.0.0.107 "POST /v2.0/networks HTTP/1.1" status: 201 len: 852 time: 0.7046096
2026-05-06 06:08:51.695 10 INFO neutron.db.ovn_revision_numbers_db [req-ee42faee-2538-4b18-98c7-c8b410b6648c req-e9d0951f-60a3-4003-bccb-c79f74ee280d 120372f8f5a84ce4a95b6bf6c77dd802 cebf464594b14c8a99ec438588facc58 - - e0cb39f46a7f4fbcb7c65298a0ad7f9a e0cb39f46a7f4fbcb7c65298a0ad7f9a] Successfully bumped revision number for resource d1e49cb5-488a-47a8-8203-17a73d9e05ab (type: ports) to 2
2026-05-06 06:08:51.887 9 INFO neutron.wsgi [None req-63a57bff-07bb-4f57-bc8c-10ea93e55e72 d4f51f1e182741a9aa5304ef43f80803 f722ae9961784feb9e474cdf8233c505 - - default default] 10.0.0.107 "DELETE /v2.0/networks/5cb74bcd-9787-4c2c-a5ce-b32cd19f5571 HTTP/1.1" status: 204 len: 168 time: 0.4354277
2026-05-06 06:08:51.899 10 INFO neutron.db.ovn_revision_numbers_db [req-ee42faee-2538-4b18-98c7-c8b410b6648c req-e9d0951f-60a3-4003-bccb-c79f74ee280d 120372f8f5a84ce4a95b6bf6c77dd802 cebf464594b14c8a99ec438588facc58 - - e0cb39f46a7f4fbcb7c65298a0ad7f9a e0cb39f46a7f4fbcb7c65298a0ad7f9a] Successfully bumped revision number for resource d1e49cb5-488a-47a8-8203-17a73d9e05ab (type: ports) to 2
2026-05-06 06:08:51.913 10 INFO neutron.wsgi [req-ee42faee-2538-4b18-98c7-c8b410b6648c req-e9d0951f-60a3-4003-bccb-c79f74ee280d 120372f8f5a84ce4a95b6bf6c77dd802 cebf464594b14c8a99ec438588facc58 - - e0cb39f46a7f4fbcb7c65298a0ad7f9a e0cb39f46a7f4fbcb7c65298a0ad7f9a] 199.19.213.86 "PUT /v2.0/ports/d1e49cb5-488a-47a8-8203-17a73d9e05ab HTTP/1.1" status: 200 len: 1380 time: 0.8167768
2026-05-06 06:08:51.946 10 INFO neutron.notifiers.nova [-] Nova event matching ['req-50d9f019-1a87-4af0-b6c9-e4314b17c81e'] response: {'name': 'network-changed', 'server_uuid': 'efc080a7-f43b-4007-ac66-03a3d2501c7a', 'tag': 'd1e49cb5-488a-47a8-8203-17a73d9e05ab', 'status': 'completed', 'code': 200} /var/lib/openstack/lib/python3.10/site-packages/pycadf/identifier.py:71: UserWarning: Invalid uuid: neutron. To ensure interoperability, identifiers should be a valid uuid. warnings.warn(('Invalid uuid: %s. To ensure interoperability, '
2026-05-06 06:08:51.991 10 INFO neutron.wsgi [req-ee42faee-2538-4b18-98c7-c8b410b6648c req-832bee71-f8c4-4588-b7cf-eaf2bbb4bd76 120372f8f5a84ce4a95b6bf6c77dd802 cebf464594b14c8a99ec438588facc58 - - e0cb39f46a7f4fbcb7c65298a0ad7f9a e0cb39f46a7f4fbcb7c65298a0ad7f9a] 199.19.213.86 "GET /v2.0/ports?tenant_id=8d781629ece14a92822162ce0efd3854&device_id=efc080a7-f43b-4007-ac66-03a3d2501c7a HTTP/1.1" status: 200 len: 1411 time: 0.0375717
2026-05-06 06:08:52.021 10 INFO neutron.wsgi [req-ee42faee-2538-4b18-98c7-c8b410b6648c req-1108acbf-1ad6-4c5f-8dd2-db4a077ebad9 120372f8f5a84ce4a95b6bf6c77dd802 cebf464594b14c8a99ec438588facc58 - - e0cb39f46a7f4fbcb7c65298a0ad7f9a e0cb39f46a7f4fbcb7c65298a0ad7f9a] 199.19.213.86 "GET /v2.0/floatingips?fixed_ip_address=10.100.0.11&port_id=d1e49cb5-488a-47a8-8203-17a73d9e05ab HTTP/1.1" status: 200 len: 217 time: 0.0220704
2026-05-06 06:08:52.048 9 INFO neutron.wsgi [req-f996b40e-8690-4ae5-80c1-38c566428a78 req-fd7dafec-ae3c-4469-bf0b-c54d743c66a1 77bcb30b4db34d66a20a6e20ff07f202 615f69bd3f204d4db5abf750b44fd2d1 - - default default] 10.0.0.201 "GET /v2.0/ports?device_id=0ae660c6-a538-4b23-8b90-049490984232 HTTP/1.1" status: 200 len: 1168 time: 0.0952470
2026-05-06 06:08:52.060 10 INFO neutron.wsgi [req-ee42faee-2538-4b18-98c7-c8b410b6648c req-80b9c4dc-07eb-4a17-968d-63d0e6aa875a 120372f8f5a84ce4a95b6bf6c77dd802 cebf464594b14c8a99ec438588facc58 - - e0cb39f46a7f4fbcb7c65298a0ad7f9a e0cb39f46a7f4fbcb7c65298a0ad7f9a] 199.19.213.86 "GET /v2.0/subnets?id=e795ede8-f47d-4d80-bed8-a1a4c14eaa20 HTTP/1.1" status: 200 len: 869 time: 0.0330260
2026-05-06 06:08:52.085 10 INFO neutron.wsgi [req-ee42faee-2538-4b18-98c7-c8b410b6648c req-1dc37d8e-28d7-4c65-af18-dd14ff57bffb 120372f8f5a84ce4a95b6bf6c77dd802 cebf464594b14c8a99ec438588facc58 - - e0cb39f46a7f4fbcb7c65298a0ad7f9a e0cb39f46a7f4fbcb7c65298a0ad7f9a] 199.19.213.86 "GET /v2.0/ports?network_id=7f6a30d0-f616-45a5-88a8-8a4a2f33cf3e&device_owner=network%3Adhcp HTTP/1.1" status: 200 len: 210 time: 0.0181069
2026-05-06 06:08:52.117 9 INFO neutron.wsgi [req-f996b40e-8690-4ae5-80c1-38c566428a78 req-d375dd99-11a5-4bce-8b95-5c25d35d693e 77bcb30b4db34d66a20a6e20ff07f202 615f69bd3f204d4db5abf750b44fd2d1 - - default default] 10.0.0.201 "GET /v2.0/security-groups?id=65278850-ad69-48ce-bac5-acdda0f598dd&fields=id&fields=name HTTP/1.1" status: 200 len: 313 time: 0.0593073
2026-05-06 06:08:52.155 10 INFO neutron.wsgi [req-ee42faee-2538-4b18-98c7-c8b410b6648c req-16409b3d-0861-4df7-8d5f-c55adecb6fad 120372f8f5a84ce4a95b6bf6c77dd802 cebf464594b14c8a99ec438588facc58 - - e0cb39f46a7f4fbcb7c65298a0ad7f9a e0cb39f46a7f4fbcb7c65298a0ad7f9a] 199.19.213.86 "GET /v2.0/networks/7f6a30d0-f616-45a5-88a8-8a4a2f33cf3e?fields=segments HTTP/1.1" status: 200 len: 212 time: 0.0631924
2026-05-06 06:08:52.237 10 INFO neutron.wsgi [req-ee42faee-2538-4b18-98c7-c8b410b6648c req-22cb2506-ed97-4b30-aeef-80eb38efb527 120372f8f5a84ce4a95b6bf6c77dd802 cebf464594b14c8a99ec438588facc58 - - e0cb39f46a7f4fbcb7c65298a0ad7f9a e0cb39f46a7f4fbcb7c65298a0ad7f9a] 199.19.213.86 "GET /v2.0/networks/7f6a30d0-f616-45a5-88a8-8a4a2f33cf3e?fields=provider%3Aphysical_network&fields=provider%3Anetwork_type HTTP/1.1" status: 200 len: 277 time: 0.0744011
2026-05-06 06:08:52.262 9 WARNING neutron.scheduler.dhcp_agent_scheduler [None req-7427e695-9880-4bf0-a054-44b51ed03505 e6c356654ff14e16b31532d247a8693a 69e75e455f394c88b2c7201f9fd3c041 - - default default] No more DHCP agents
2026-05-06 06:08:52.264 9 WARNING neutron.api.rpc.agentnotifiers.dhcp_rpc_agent_api [None req-7427e695-9880-4bf0-a054-44b51ed03505 e6c356654ff14e16b31532d247a8693a 69e75e455f394c88b2c7201f9fd3c041 - - default default] Unable to schedule network 75824660-3f9e-45bb-88d1-16efa34bc750: no agents available; will retry on subsequent port and subnet creation events.
2026-05-06 06:08:52.344 10 INFO neutron.wsgi [req-568eda24-3e7f-4544-8a3b-1e8aeee25853 req-7c9a7ab6-86b7-4e44-b609-883d3c896639 120372f8f5a84ce4a95b6bf6c77dd802 cebf464594b14c8a99ec438588facc58 - - e0cb39f46a7f4fbcb7c65298a0ad7f9a e0cb39f46a7f4fbcb7c65298a0ad7f9a] 199.19.213.86 "GET /v2.0/ports?tenant_id=8d781629ece14a92822162ce0efd3854&device_id=efc080a7-f43b-4007-ac66-03a3d2501c7a HTTP/1.1" status: 200 len: 1411 time: 0.0690229
2026-05-06 06:08:52.346 9 INFO neutron.db.ovn_revision_numbers_db [None req-7427e695-9880-4bf0-a054-44b51ed03505 e6c356654ff14e16b31532d247a8693a 69e75e455f394c88b2c7201f9fd3c041 - - default default] Successfully bumped revision number for resource d7e6bee6-6718-4d8b-b94b-3cbefc34b721 (type: ports) to 1
2026-05-06 06:08:52.385 9 WARNING neutron.scheduler.dhcp_agent_scheduler [None req-7427e695-9880-4bf0-a054-44b51ed03505 e6c356654ff14e16b31532d247a8693a 69e75e455f394c88b2c7201f9fd3c041 - - default default] No more DHCP agents
2026-05-06 06:08:52.392 9 WARNING neutron.api.rpc.agentnotifiers.dhcp_rpc_agent_api [None req-7427e695-9880-4bf0-a054-44b51ed03505 e6c356654ff14e16b31532d247a8693a 69e75e455f394c88b2c7201f9fd3c041 - - default default] Unable to schedule network 85ab8b8d-dee5-490c-9908-398806022ba6: no agents available; will retry on subsequent port and subnet creation events.
2026-05-06 06:08:52.416 10 INFO neutron.wsgi [req-568eda24-3e7f-4544-8a3b-1e8aeee25853 req-ddc198ad-b57e-4bac-a74f-44c77a8d0ce7 120372f8f5a84ce4a95b6bf6c77dd802 cebf464594b14c8a99ec438588facc58 - - e0cb39f46a7f4fbcb7c65298a0ad7f9a e0cb39f46a7f4fbcb7c65298a0ad7f9a] 199.19.213.86 "GET /v2.0/networks?id=7f6a30d0-f616-45a5-88a8-8a4a2f33cf3e HTTP/1.1" status: 200 len: 974 time: 0.0670068
2026-05-06 06:08:52.446 10 INFO neutron.wsgi [req-568eda24-3e7f-4544-8a3b-1e8aeee25853 req-4e5305e9-2c0b-4d42-8cad-7bf50d4e9b92 120372f8f5a84ce4a95b6bf6c77dd802 cebf464594b14c8a99ec438588facc58 - - e0cb39f46a7f4fbcb7c65298a0ad7f9a e0cb39f46a7f4fbcb7c65298a0ad7f9a] 199.19.213.86 "GET /v2.0/floatingips?fixed_ip_address=10.100.0.11&port_id=d1e49cb5-488a-47a8-8203-17a73d9e05ab HTTP/1.1" status: 200 len: 217 time: 0.0244763
2026-05-06 06:08:52.492 10 INFO neutron.wsgi [req-568eda24-3e7f-4544-8a3b-1e8aeee25853 req-075f0ee4-99b3-4a6c-8f36-d36f743ebbb5 120372f8f5a84ce4a95b6bf6c77dd802 cebf464594b14c8a99ec438588facc58 - - e0cb39f46a7f4fbcb7c65298a0ad7f9a e0cb39f46a7f4fbcb7c65298a0ad7f9a] 199.19.213.86 "GET /v2.0/subnets?id=e795ede8-f47d-4d80-bed8-a1a4c14eaa20 HTTP/1.1" status: 200 len: 869 time: 0.0400803
