2026-05-06 06:12:11.020 9 INFO neutron.db.ovn_revision_numbers_db [None req-816a5fb7-2e01-4bd9-824d-eaab93860488 d8611d7bf7fb4cab88dbff16ef8851c0 d70c3ce93d5a4fe9ad3dc11e1808c99e - - default default] Successfully bumped revision number for resource c26b3376-01bb-456c-9a58-cb17690c5e19 (type: security_group_rules) to 0
2026-05-06 06:12:11.068 9 INFO neutron.db.segments_db [None req-816a5fb7-2e01-4bd9-824d-eaab93860488 d8611d7bf7fb4cab88dbff16ef8851c0 d70c3ce93d5a4fe9ad3dc11e1808c99e - - default default] Added segment 335e9d55-c909-4687-99ee-23c909d3228e of type geneve for network 25345a5e-2490-4ff4-9b14-4dd4381bd6e6
2026-05-06 06:12:11.227 9 INFO neutron.db.ovn_revision_numbers_db [None req-816a5fb7-2e01-4bd9-824d-eaab93860488 d8611d7bf7fb4cab88dbff16ef8851c0 d70c3ce93d5a4fe9ad3dc11e1808c99e - - default default] Successfully bumped revision number for resource 25345a5e-2490-4ff4-9b14-4dd4381bd6e6 (type: networks) to 1
2026-05-06 06:12:11.447 9 WARNING neutron.scheduler.dhcp_agent_scheduler [None req-816a5fb7-2e01-4bd9-824d-eaab93860488 d8611d7bf7fb4cab88dbff16ef8851c0 d70c3ce93d5a4fe9ad3dc11e1808c99e - - default default] No more DHCP agents
2026-05-06 06:12:11.451 9 WARNING neutron.api.rpc.agentnotifiers.dhcp_rpc_agent_api [None req-816a5fb7-2e01-4bd9-824d-eaab93860488 d8611d7bf7fb4cab88dbff16ef8851c0 d70c3ce93d5a4fe9ad3dc11e1808c99e - - default default] Unable to schedule network 25345a5e-2490-4ff4-9b14-4dd4381bd6e6: no agents available; will retry on subsequent port and subnet creation events.
2026-05-06 06:12:11.542 9 INFO neutron.db.ovn_revision_numbers_db [None req-816a5fb7-2e01-4bd9-824d-eaab93860488 d8611d7bf7fb4cab88dbff16ef8851c0 d70c3ce93d5a4fe9ad3dc11e1808c99e - - default default] Successfully bumped revision number for resource 18900adb-8d89-457f-b2a3-4b87597d9adf (type: ports) to 1
2026-05-06 06:12:11.564 9 INFO neutron.wsgi [None req-816a5fb7-2e01-4bd9-824d-eaab93860488 d8611d7bf7fb4cab88dbff16ef8851c0 d70c3ce93d5a4fe9ad3dc11e1808c99e - - default default] 10.0.0.107 "POST /v2.0/networks HTTP/1.1" status: 201 len: 831 time: 0.8053238
2026-05-06 06:12:11.890 9 WARNING neutron.scheduler.dhcp_agent_scheduler [None req-7156b112-ff05-4828-bb5e-5ad899bdb139 d8611d7bf7fb4cab88dbff16ef8851c0 d70c3ce93d5a4fe9ad3dc11e1808c99e - - default default] No more DHCP agents
2026-05-06 06:12:11.893 9 WARNING neutron.api.rpc.agentnotifiers.dhcp_rpc_agent_api [None req-7156b112-ff05-4828-bb5e-5ad899bdb139 d8611d7bf7fb4cab88dbff16ef8851c0 d70c3ce93d5a4fe9ad3dc11e1808c99e - - default default] Unable to schedule network 25345a5e-2490-4ff4-9b14-4dd4381bd6e6: no agents available; will retry on subsequent port and subnet creation events.
2026-05-06 06:12:12.431 9 INFO neutron.db.ovn_revision_numbers_db [None req-7156b112-ff05-4828-bb5e-5ad899bdb139 d8611d7bf7fb4cab88dbff16ef8851c0 d70c3ce93d5a4fe9ad3dc11e1808c99e - - default default] Successfully bumped revision number for resource 18900adb-8d89-457f-b2a3-4b87597d9adf (type: ports) to 2
2026-05-06 06:12:12.482 9 INFO neutron.db.ovn_revision_numbers_db [None req-7156b112-ff05-4828-bb5e-5ad899bdb139 d8611d7bf7fb4cab88dbff16ef8851c0 d70c3ce93d5a4fe9ad3dc11e1808c99e - - default default] Successfully bumped revision number for resource 143b480e-c57e-4869-a695-843025d0848d (type: subnets) to 0
2026-05-06 06:12:12.498 9 INFO neutron.wsgi [None req-7156b112-ff05-4828-bb5e-5ad899bdb139 d8611d7bf7fb4cab88dbff16ef8851c0 d70c3ce93d5a4fe9ad3dc11e1808c99e - - default default] 10.0.0.107 "POST /v2.0/subnets HTTP/1.1" status: 201 len: 801 time: 0.9263492
2026-05-06 06:12:12.557 9 INFO neutron.wsgi [None req-33314764-ad47-4fe6-8223-e5a8f47c06f9 d8611d7bf7fb4cab88dbff16ef8851c0 d70c3ce93d5a4fe9ad3dc11e1808c99e - - default default] 10.0.0.107 "PUT /v2.0/subnets/143b480e-c57e-4869-a695-843025d0848d/tags HTTP/1.1" status: 200 len: 218 time: 0.0537467
2026-05-06 06:12:12.589 9 INFO neutron.wsgi [None req-813cddcf-b333-4470-85a4-6b9a0181417e d8611d7bf7fb4cab88dbff16ef8851c0 d70c3ce93d5a4fe9ad3dc11e1808c99e - - default default] 10.0.0.107 "GET /v2.0/subnets/143b480e-c57e-4869-a695-843025d0848d/tags HTTP/1.1" status: 200 len: 218 time: 0.0269907
2026-05-06 06:12:12.643 9 INFO neutron.wsgi [None req-66e75143-379d-430d-ab1f-e96ffff5ddcc d8611d7bf7fb4cab88dbff16ef8851c0 d70c3ce93d5a4fe9ad3dc11e1808c99e - - default default] 10.0.0.107 "PUT /v2.0/subnets/143b480e-c57e-4869-a695-843025d0848d/tags/green HTTP/1.1" status: 201 len: 201 time: 0.0494440
2026-05-06 06:12:12.680 9 INFO neutron.wsgi [None req-9c02c327-11cc-437e-a3c2-27ae7fd8c3a1 d8611d7bf7fb4cab88dbff16ef8851c0 d70c3ce93d5a4fe9ad3dc11e1808c99e - - default default] 10.0.0.107 "GET /v2.0/subnets/143b480e-c57e-4869-a695-843025d0848d/tags HTTP/1.1" status: 200 len: 227 time: 0.0318027
2026-05-06 06:12:12.713 9 INFO neutron.wsgi [None req-9a86d57d-acb8-4de6-9620-7f1e65e8422c d8611d7bf7fb4cab88dbff16ef8851c0 d70c3ce93d5a4fe9ad3dc11e1808c99e - - default default] 10.0.0.107 "PUT /v2.0/subnets/143b480e-c57e-4869-a695-843025d0848d/tags/red HTTP/1.1" status: 201 len: 201 time: 0.0289330
2026-05-06 06:12:12.748 9 INFO neutron.wsgi [None req-7f05bd39-019d-4cc0-be60-b6c6faa0418f d8611d7bf7fb4cab88dbff16ef8851c0 d70c3ce93d5a4fe9ad3dc11e1808c99e - - default default] 10.0.0.107 "GET /v2.0/subnets/143b480e-c57e-4869-a695-843025d0848d/tags HTTP/1.1" status: 200 len: 227 time: 0.0294054
2026-05-06 06:12:12.800 9 INFO neutron.wsgi [None req-6fc24e20-8c02-453a-b65f-e87191888425 d8611d7bf7fb4cab88dbff16ef8851c0 d70c3ce93d5a4fe9ad3dc11e1808c99e - - default default] 10.0.0.107 "PUT /v2.0/subnets/143b480e-c57e-4869-a695-843025d0848d/tags/black.or.white HTTP/1.1" status: 201 len: 201 time: 0.0469728
2026-05-06 06:12:12.837 9 INFO neutron.wsgi [None req-3ccd2b3d-e2d6-4fc1-8ffb-dde09019adb1 d8611d7bf7fb4cab88dbff16ef8851c0 d70c3ce93d5a4fe9ad3dc11e1808c99e - - default default] 10.0.0.107 "GET /v2.0/subnets/143b480e-c57e-4869-a695-843025d0848d/tags HTTP/1.1" status: 200 len: 245 time: 0.0335345
2026-05-06 06:12:12.891 9 INFO neutron.wsgi [None req-323629a7-c17e-4cd6-9974-f9b2f4428520 d8611d7bf7fb4cab88dbff16ef8851c0 d70c3ce93d5a4fe9ad3dc11e1808c99e - - default default] 10.0.0.107 "PUT /v2.0/subnets/143b480e-c57e-4869-a695-843025d0848d/tags HTTP/1.1" status: 200 len: 230 time: 0.0476043
2026-05-06 06:12:12.926 9 INFO neutron.wsgi [None req-603478ef-4368-4897-9ae3-a4345a1f6e48 d8611d7bf7fb4cab88dbff16ef8851c0 d70c3ce93d5a4fe9ad3dc11e1808c99e - - default default] 10.0.0.107 "GET /v2.0/subnets/143b480e-c57e-4869-a695-843025d0848d/tags HTTP/1.1" status: 200 len: 230 time: 0.0295651
2026-05-06 06:12:12.965 9 INFO neutron.wsgi [None req-7307a3b4-64a1-4c48-9afc-3423a8ea4c19 d8611d7bf7fb4cab88dbff16ef8851c0 d70c3ce93d5a4fe9ad3dc11e1808c99e - - default default] 10.0.0.107 "GET /v2.0/subnets/143b480e-c57e-4869-a695-843025d0848d/tags/red HTTP/1.1" status: 204 len: 168 time: 0.0327301
2026-05-06 06:12:12.999 9 INFO neutron.api.v2.resource [None req-14f72c49-1b73-4078-80d3-93dbbde76875 d8611d7bf7fb4cab88dbff16ef8851c0 d70c3ce93d5a4fe9ad3dc11e1808c99e - - default default] show failed (client error): The resource could not be found.
2026-05-06 06:12:13.000 9 INFO neutron.wsgi [None req-14f72c49-1b73-4078-80d3-93dbbde76875 d8611d7bf7fb4cab88dbff16ef8851c0 d70c3ce93d5a4fe9ad3dc11e1808c99e - - default default] 10.0.0.107 "GET /v2.0/subnets/143b480e-c57e-4869-a695-843025d0848d/tags/green HTTP/1.1" status: 404 len: 299 time: 0.0301170
2026-05-06 06:12:13.039 9 INFO neutron.wsgi [None req-b6e9dbb5-5060-4084-be55-3a9c8dfa48c5 d8611d7bf7fb4cab88dbff16ef8851c0 d70c3ce93d5a4fe9ad3dc11e1808c99e - - default default] 10.0.0.107 "DELETE /v2.0/subnets/143b480e-c57e-4869-a695-843025d0848d/tags/red HTTP/1.1" status: 204 len: 168 time: 0.0334005
2026-05-06 06:12:13.078 9 INFO neutron.wsgi [None req-d7286a99-7bb6-452a-a7e9-683b405ada19 d8611d7bf7fb4cab88dbff16ef8851c0 d70c3ce93d5a4fe9ad3dc11e1808c99e - - default default] 10.0.0.107 "GET /v2.0/subnets/143b480e-c57e-4869-a695-843025d0848d/tags HTTP/1.1" status: 200 len: 223 time: 0.0323355
2026-05-06 06:12:13.114 9 INFO neutron.api.v2.resource [None req-60abd2b8-bb2b-41c5-bc16-b51c9b6c97bb d8611d7bf7fb4cab88dbff16ef8851c0 d70c3ce93d5a4fe9ad3dc11e1808c99e - - default default] delete failed (client error): The resource could not be found.
2026-05-06 06:12:13.116 9 INFO neutron.wsgi [None req-60abd2b8-bb2b-41c5-bc16-b51c9b6c97bb d8611d7bf7fb4cab88dbff16ef8851c0 d70c3ce93d5a4fe9ad3dc11e1808c99e - - default default] 10.0.0.107 "DELETE /v2.0/subnets/143b480e-c57e-4869-a695-843025d0848d/tags/green HTTP/1.1" status: 404 len: 299 time: 0.0331953
2026-05-06 06:12:13.187 10 INFO neutron.wsgi [None req-b9222e46-b237-4160-ae33-9ec0b1ca05c1 d8611d7bf7fb4cab88dbff16ef8851c0 d70c3ce93d5a4fe9ad3dc11e1808c99e - - default default] 10.0.0.107 "DELETE /v2.0/subnets/143b480e-c57e-4869-a695-843025d0848d/tags HTTP/1.1" status: 204 len: 168 time: 0.0655618
2026-05-06 06:12:13.227 10 INFO neutron.wsgi [None req-6aea1d0f-b11b-48e8-88c7-65b55e29b465 d8611d7bf7fb4cab88dbff16ef8851c0 d70c3ce93d5a4fe9ad3dc11e1808c99e - - default default] 10.0.0.107 "GET /v2.0/subnets/143b480e-c57e-4869-a695-843025d0848d/tags HTTP/1.1" status: 200 len: 205 time: 0.0336745
2026-05-06 06:12:13.448 10 INFO neutron.wsgi [None req-58834c8f-f023-451d-8e07-8412184b9b82 d8611d7bf7fb4cab88dbff16ef8851c0 d70c3ce93d5a4fe9ad3dc11e1808c99e - - default default] 10.0.0.107 "DELETE /v2.0/subnets/143b480e-c57e-4869-a695-843025d0848d HTTP/1.1" status: 204 len: 168 time: 0.2144139
2026-05-06 06:12:13.749 10 INFO neutron.services.segments.plugin [-] Segment 335e9d55-c909-4687-99ee-23c909d3228e resource provider aggregate not found
2026-05-06 06:12:13.755 10 INFO neutron.services.segments.plugin [-] Segment 335e9d55-c909-4687-99ee-23c909d3228e resource provider aggregate not found
2026-05-06 06:12:13.762 10 INFO neutron.services.segments.plugin [-] Segment 335e9d55-c909-4687-99ee-23c909d3228e resource provider not found; error: Placement Client Error (4xx): {"errors": [{"status": 404, "title": "Not Found", "detail": "The resource could not be found.\n\n No resource provider with uuid 335e9d55-c909-4687-99ee-23c909d3228e found for delete ", "request_id": "req-432f8d4f-997b-484f-90e0-f29d66289043"}]}
2026-05-06 06:12:13.769 10 INFO neutron.services.segments.plugin [-] Segment 335e9d55-c909-4687-99ee-23c909d3228e resource provider not found; error: Placement Client Error (4xx): {"errors": [{"status": 404, "title": "Not Found", "detail": "The resource could not be found.\n\n No resource provider with uuid 335e9d55-c909-4687-99ee-23c909d3228e found for delete ", "request_id": "req-3bfeb3bb-7fd5-405d-ae22-ed7d5e707880"}]}
2026-05-06 06:12:13.786 10 INFO neutron.wsgi [None req-2322b4a4-e799-4a7e-bbe6-ec61f3d83fe0 d8611d7bf7fb4cab88dbff16ef8851c0 d70c3ce93d5a4fe9ad3dc11e1808c99e - - default default] 10.0.0.107 "DELETE /v2.0/networks/25345a5e-2490-4ff4-9b14-4dd4381bd6e6 HTTP/1.1" status: 204 len: 168 time: 0.3318753
2026-05-06 06:12:14.594 10 INFO neutron.db.ovn_revision_numbers_db [None req-9bcb921c-3ef7-44d8-9d0a-60dc9c5be76f 270e8126c99640c0bf4206fb440f0008 8b274534e0ec4cd5afc50ea942255d43 - - default default] Successfully bumped revision number for resource 2436d1fb-c080-4387-93b8-40ad13920622 (type: security_groups) to 1
2026-05-06 06:12:14.606 10 INFO neutron.db.ovn_revision_numbers_db [None req-9bcb921c-3ef7-44d8-9d0a-60dc9c5be76f 270e8126c99640c0bf4206fb440f0008 8b274534e0ec4cd5afc50ea942255d43 - - default default] Successfully bumped revision number for resource 39bb0050-831f-4eaf-81e0-1599c9f4ff6e (type: security_group_rules) to 0
2026-05-06 06:12:14.619 10 INFO neutron.db.ovn_revision_numbers_db [None req-9bcb921c-3ef7-44d8-9d0a-60dc9c5be76f 270e8126c99640c0bf4206fb440f0008 8b274534e0ec4cd5afc50ea942255d43 - - default default] Successfully bumped revision number for resource 41894eb2-d64e-4d9a-b6d7-626678922a4d (type: security_group_rules) to 0
2026-05-06 06:12:14.631 10 INFO neutron.db.ovn_revision_numbers_db [None req-9bcb921c-3ef7-44d8-9d0a-60dc9c5be76f 270e8126c99640c0bf4206fb440f0008 8b274534e0ec4cd5afc50ea942255d43 - - default default] Successfully bumped revision number for resource 9034466b-6269-4c8f-b435-d8aba287f0d4 (type: security_group_rules) to 0
2026-05-06 06:12:14.647 10 INFO neutron.db.ovn_revision_numbers_db [None req-9bcb921c-3ef7-44d8-9d0a-60dc9c5be76f 270e8126c99640c0bf4206fb440f0008 8b274534e0ec4cd5afc50ea942255d43 - - default default] Successfully bumped revision number for resource a8c654a8-33a4-482c-b0be-2f5abe12c01c (type: security_group_rules) to 0
2026-05-06 06:12:14.668 10 INFO neutron.wsgi [None req-9bcb921c-3ef7-44d8-9d0a-60dc9c5be76f 270e8126c99640c0bf4206fb440f0008 8b274534e0ec4cd5afc50ea942255d43 - - default default] 10.0.0.107 "GET /v2.0/security-groups?tenant_id=5d2d8ed3f6f64b4890e1f31a26f49e71&name=default HTTP/1.1" status: 200 len: 2996 time: 0.2621601
2026-05-06 06:12:14.882 9 INFO neutron.wsgi [None req-c4bcc181-0f87-401b-914e-02af57a77c3d 270e8126c99640c0bf4206fb440f0008 8b274534e0ec4cd5afc50ea942255d43 - - default default] 10.0.0.107 "DELETE /v2.0/security-groups/2436d1fb-c080-4387-93b8-40ad13920622 HTTP/1.1" status: 204 len: 168 time: 0.2081540
2026-05-06 06:12:15.023 9 INFO neutron.wsgi [None req-9a07aeeb-e60b-4b2f-bded-da7036428c2f 270e8126c99640c0bf4206fb440f0008 8b274534e0ec4cd5afc50ea942255d43 - - default default] 10.0.0.107 "GET /v2.0/security-groups?tenant_id=d70c3ce93d5a4fe9ad3dc11e1808c99e&name=default HTTP/1.1" status: 200 len: 2996 time: 0.0408552
2026-05-06 06:12:15.204 9 INFO neutron.wsgi [None req-0cba69ad-df6c-450c-9322-70b3f611d17b 270e8126c99640c0bf4206fb440f0008 8b274534e0ec4cd5afc50ea942255d43 - - default default] 10.0.0.107 "DELETE /v2.0/security-groups/f5b00347-4bd9-4812-90fa-7e5a37f66df7 HTTP/1.1" status: 204 len: 168 time: 0.1750071
2026-05-06 06:12:17.078 10 INFO neutron.wsgi [None req-1794aebb-cdb8-43be-b9ce-43a2e5bc7755 270e8126c99640c0bf4206fb440f0008 8b274534e0ec4cd5afc50ea942255d43 - - default default] 199.19.213.86 "GET /v2.0/extensions/security-group HTTP/1.1" status: 200 len: 369 time: 0.0053177
2026-05-06 06:12:17.086 10 INFO neutron.wsgi [None req-06a83a3f-dee1-4c00-b099-f47c7137bfa4 270e8126c99640c0bf4206fb440f0008 8b274534e0ec4cd5afc50ea942255d43 - - default default] 199.19.213.86 "GET /v2.0/extensions/dns-integration HTTP/1.1" status: 200 len: 371 time: 0.0043125
2026-05-06 06:12:17.095 10 INFO neutron.wsgi [None req-9802adc8-7e9f-4eb0-b860-3b2daf671e7b 270e8126c99640c0bf4206fb440f0008 8b274534e0ec4cd5afc50ea942255d43 - - default default] 199.19.213.86 "GET /v2.0/extensions/qos HTTP/1.1" status: 200 len: 365 time: 0.0044050
2026-05-06 06:12:17.105 10 INFO neutron.wsgi [None req-4656044a-40b9-42bb-a051-98ccf9678602 270e8126c99640c0bf4206fb440f0008 8b274534e0ec4cd5afc50ea942255d43 - - default default] 199.19.213.86 "GET /v2.0/extensions/allowed-address-pairs HTTP/1.1" status: 200 len: 383 time: 0.0058866
2026-05-06 06:12:17.145 10 INFO neutron.wsgi [None req-b90c0398-82d1-4c53-834d-cad024e1032c 270e8126c99640c0bf4206fb440f0008 8b274534e0ec4cd5afc50ea942255d43 - - default default] 199.19.213.86 "GET /v2.0/subnets/35816295-c074-4e60-9c8b-ce2058bc6ea5 HTTP/1.1" status: 200 len: 850 time: 0.0339439
2026-05-06 06:12:17.220 10 INFO neutron.wsgi [None req-f9bbc856-a1a7-4200-ba71-bc852d8eedb5 270e8126c99640c0bf4206fb440f0008 8b274534e0ec4cd5afc50ea942255d43 - - default default] 199.19.213.86 "GET /v2.0/ports?device_id=3b5783ba-aff3-433b-a5b3-75a250f3d4fd HTTP/1.1" status: 200 len: 1413 time: 0.0352223
2026-05-06 06:12:17.527 10 WARNING neutron.scheduler.dhcp_agent_scheduler [None req-7ad2efe3-73c4-4051-967b-921dd9741599 270e8126c99640c0bf4206fb440f0008 8b274534e0ec4cd5afc50ea942255d43 - - default default] No more DHCP agents
2026-05-06 06:12:17.529 10 WARNING neutron.api.rpc.agentnotifiers.dhcp_rpc_agent_api [None req-7ad2efe3-73c4-4051-967b-921dd9741599 270e8126c99640c0bf4206fb440f0008 8b274534e0ec4cd5afc50ea942255d43 - - default default] Unable to schedule network 52f11c2e-feb9-450f-a2f4-babe295aaa86: no agents available; will retry on subsequent port and subnet creation events.
2026-05-06 06:12:17.693 10 INFO neutron.db.ovn_revision_numbers_db [None req-7ad2efe3-73c4-4051-967b-921dd9741599 270e8126c99640c0bf4206fb440f0008 8b274534e0ec4cd5afc50ea942255d43 - - default default] Successfully bumped revision number for resource 9475b1ca-4abb-4fa3-882a-2bcf4e5b90e2 (type: ports) to 1
2026-05-06 06:12:17.714 10 INFO neutron.wsgi [None req-7ad2efe3-73c4-4051-967b-921dd9741599 270e8126c99640c0bf4206fb440f0008 8b274534e0ec4cd5afc50ea942255d43 - - default default] 199.19.213.86 "POST /v2.0/ports HTTP/1.1" status: 201 len: 1298 time: 0.4892626
2026-05-06 06:12:17.794 9 INFO neutron.wsgi [req-cc1c7644-c454-4901-8f09-45d69a0d8d9d req-09266053-f9c9-42e4-be2e-e107e68d049e 270e8126c99640c0bf4206fb440f0008 8b274534e0ec4cd5afc50ea942255d43 - - default default] 10.0.0.201 "GET /v2.0/ports/9475b1ca-4abb-4fa3-882a-2bcf4e5b90e2 HTTP/1.1" status: 200 len: 1293 time: 0.0317583
2026-05-06 06:12:17.808 9 INFO neutron.wsgi [req-cc1c7644-c454-4901-8f09-45d69a0d8d9d req-41b64184-d525-4912-8ac7-753edeff493a 270e8126c99640c0bf4206fb440f0008 8b274534e0ec4cd5afc50ea942255d43 - - default default] 10.0.0.201 "GET /v2.0/extensions HTTP/1.1" status: 200 len: 16525 time: 0.0068426
2026-05-06 06:12:17.907 9 INFO neutron.wsgi [req-cc1c7644-c454-4901-8f09-45d69a0d8d9d req-51db5019-9c8d-458b-9f13-17d085c8eae6 120372f8f5a84ce4a95b6bf6c77dd802 cebf464594b14c8a99ec438588facc58 - - e0cb39f46a7f4fbcb7c65298a0ad7f9a e0cb39f46a7f4fbcb7c65298a0ad7f9a] 199.19.213.86 "GET /v2.0/ports/9475b1ca-4abb-4fa3-882a-2bcf4e5b90e2?fields=binding%3Avnic_type&fields=binding%3Aprofile&fields=network_id&fields=resource_request&fields=numa_affinity_policy&fields=device_profile HTTP/1.1" status: 200 len: 335 time: 0.0338516
2026-05-06 06:12:17.975 9 INFO neutron.wsgi [req-cc1c7644-c454-4901-8f09-45d69a0d8d9d req-f30819e9-cf12-42d9-becc-45ce097f72f9 120372f8f5a84ce4a95b6bf6c77dd802 cebf464594b14c8a99ec438588facc58 - - e0cb39f46a7f4fbcb7c65298a0ad7f9a e0cb39f46a7f4fbcb7c65298a0ad7f9a] 199.19.213.86 "GET /v2.0/networks/52f11c2e-feb9-450f-a2f4-babe295aaa86?fields=segments HTTP/1.1" status: 200 len: 212 time: 0.0626507
2026-05-06 06:12:18.045 9 INFO neutron.wsgi [req-cc1c7644-c454-4901-8f09-45d69a0d8d9d req-2fb0f05e-3bee-4348-a3a2-b1ace3f775fc 120372f8f5a84ce4a95b6bf6c77dd802 cebf464594b14c8a99ec438588facc58 - - e0cb39f46a7f4fbcb7c65298a0ad7f9a e0cb39f46a7f4fbcb7c65298a0ad7f9a] 199.19.213.86 "GET /v2.0/networks/52f11c2e-feb9-450f-a2f4-babe295aaa86?fields=provider%3Aphysical_network&fields=provider%3Anetwork_type HTTP/1.1" status: 200 len: 277 time: 0.0591466
2026-05-06 06:12:18.100 9 INFO neutron.wsgi [req-cc1c7644-c454-4901-8f09-45d69a0d8d9d req-3d1de5ca-052a-48d5-9c62-083cb7725077 120372f8f5a84ce4a95b6bf6c77dd802 cebf464594b14c8a99ec438588facc58 - - e0cb39f46a7f4fbcb7c65298a0ad7f9a e0cb39f46a7f4fbcb7c65298a0ad7f9a] 199.19.213.86 "GET /v2.0/ports/9475b1ca-4abb-4fa3-882a-2bcf4e5b90e2 HTTP/1.1" status: 200 len: 1293 time: 0.0309598
2026-05-06 06:12:18.167 9 INFO neutron.wsgi [req-cc1c7644-c454-4901-8f09-45d69a0d8d9d req-27a80bf0-5490-4152-893d-ea4b73b6f599 270e8126c99640c0bf4206fb440f0008 8b274534e0ec4cd5afc50ea942255d43 - - default default] 199.19.213.86 "GET /v2.0/networks?id=52f11c2e-feb9-450f-a2f4-babe295aaa86 HTTP/1.1" status: 200 len: 1003 time: 0.0620627 /var/lib/openstack/lib/python3.10/site-packages/pycadf/identifier.py:71: UserWarning: Invalid uuid: neutron. To ensure interoperability, identifiers should be a valid uuid. warnings.warn(('Invalid uuid: %s. To ensure interoperability, '
2026-05-06 06:12:18.648 10 INFO neutron.db.ovn_revision_numbers_db [None req-19ffcebe-dea4-4b9d-8109-d8da841331d1 18741f23f1d743cbab8b9ed92b233f32 a77d8dc29b584ea2a3d0931cd242e106 - - default default] Successfully bumped revision number for resource 5f6c0557-15d0-4d43-a172-2c57c461f7ec (type: security_groups) to 1
2026-05-06 06:12:18.659 10 INFO neutron.db.ovn_revision_numbers_db [None req-19ffcebe-dea4-4b9d-8109-d8da841331d1 18741f23f1d743cbab8b9ed92b233f32 a77d8dc29b584ea2a3d0931cd242e106 - - default default] Successfully bumped revision number for resource 287c2d04-87ac-4753-ab18-28566c23c89a (type: security_group_rules) to 0
2026-05-06 06:12:18.661 9 INFO neutron.db.ovn_revision_numbers_db [req-cc1c7644-c454-4901-8f09-45d69a0d8d9d req-000f7774-16f6-4b53-a9f7-c80a9602e262 120372f8f5a84ce4a95b6bf6c77dd802 cebf464594b14c8a99ec438588facc58 - - e0cb39f46a7f4fbcb7c65298a0ad7f9a e0cb39f46a7f4fbcb7c65298a0ad7f9a] Successfully bumped revision number for resource 9475b1ca-4abb-4fa3-882a-2bcf4e5b90e2 (type: ports) to 2
2026-05-06 06:12:18.679 10 INFO neutron.db.ovn_revision_numbers_db [None req-19ffcebe-dea4-4b9d-8109-d8da841331d1 18741f23f1d743cbab8b9ed92b233f32 a77d8dc29b584ea2a3d0931cd242e106 - - default default] Successfully bumped revision number for resource ac34ad72-91f7-434a-a618-e16f0ac56cd4 (type: security_group_rules) to 0
2026-05-06 06:12:18.693 10 INFO neutron.db.ovn_revision_numbers_db [None req-19ffcebe-dea4-4b9d-8109-d8da841331d1 18741f23f1d743cbab8b9ed92b233f32 a77d8dc29b584ea2a3d0931cd242e106 - - default default] Successfully bumped revision number for resource b9c8670f-85e3-4e33-a041-0702e5b883f1 (type: security_group_rules) to 0
2026-05-06 06:12:18.708 10 INFO neutron.db.ovn_revision_numbers_db [None req-19ffcebe-dea4-4b9d-8109-d8da841331d1 18741f23f1d743cbab8b9ed92b233f32 a77d8dc29b584ea2a3d0931cd242e106 - - default default] Successfully bumped revision number for resource da137d5b-971c-4a92-b048-ecaff1a9a26e (type: security_group_rules) to 0
2026-05-06 06:12:18.760 10 INFO neutron.db.segments_db [None req-19ffcebe-dea4-4b9d-8109-d8da841331d1 18741f23f1d743cbab8b9ed92b233f32 a77d8dc29b584ea2a3d0931cd242e106 - - default default] Added segment 71d0658e-75b3-4d59-8ca3-4c2e95165850 of type geneve for network 1fe69550-af3b-4376-97d9-5cd7b0023fd2
2026-05-06 06:12:18.915 10 INFO neutron.db.ovn_revision_numbers_db [None req-19ffcebe-dea4-4b9d-8109-d8da841331d1 18741f23f1d743cbab8b9ed92b233f32 a77d8dc29b584ea2a3d0931cd242e106 - - default default] Successfully bumped revision number for resource 1fe69550-af3b-4376-97d9-5cd7b0023fd2 (type: networks) to 1
2026-05-06 06:12:19.024 9 INFO neutron.db.ovn_revision_numbers_db [req-cc1c7644-c454-4901-8f09-45d69a0d8d9d req-000f7774-16f6-4b53-a9f7-c80a9602e262 120372f8f5a84ce4a95b6bf6c77dd802 cebf464594b14c8a99ec438588facc58 - - e0cb39f46a7f4fbcb7c65298a0ad7f9a e0cb39f46a7f4fbcb7c65298a0ad7f9a] Successfully bumped revision number for resource 9475b1ca-4abb-4fa3-882a-2bcf4e5b90e2 (type: ports) to 2
2026-05-06 06:12:19.042 9 INFO neutron.wsgi [req-cc1c7644-c454-4901-8f09-45d69a0d8d9d req-000f7774-16f6-4b53-a9f7-c80a9602e262 120372f8f5a84ce4a95b6bf6c77dd802 cebf464594b14c8a99ec438588facc58 - - e0cb39f46a7f4fbcb7c65298a0ad7f9a e0cb39f46a7f4fbcb7c65298a0ad7f9a] 199.19.213.86 "PUT /v2.0/ports/9475b1ca-4abb-4fa3-882a-2bcf4e5b90e2 HTTP/1.1" status: 200 len: 1424 time: 0.8654766
2026-05-06 06:12:19.077 9 INFO neutron.notifiers.nova [-] Nova event matching ['req-a1cc7681-950a-4c9c-999c-de2a92e6642d'] response: {'name': 'network-changed', 'server_uuid': '3b5783ba-aff3-433b-a5b3-75a250f3d4fd', 'tag': '9475b1ca-4abb-4fa3-882a-2bcf4e5b90e2', 'status': 'completed', 'code': 200} /var/lib/openstack/lib/python3.10/site-packages/pycadf/identifier.py:71: UserWarning: Invalid uuid: neutron. To ensure interoperability, identifiers should be a valid uuid. warnings.warn(('Invalid uuid: %s. To ensure interoperability, '
2026-05-06 06:12:19.106 10 WARNING neutron.scheduler.dhcp_agent_scheduler [None req-19ffcebe-dea4-4b9d-8109-d8da841331d1 18741f23f1d743cbab8b9ed92b233f32 a77d8dc29b584ea2a3d0931cd242e106 - - default default] No more DHCP agents
2026-05-06 06:12:19.109 10 WARNING neutron.api.rpc.agentnotifiers.dhcp_rpc_agent_api [None req-19ffcebe-dea4-4b9d-8109-d8da841331d1 18741f23f1d743cbab8b9ed92b233f32 a77d8dc29b584ea2a3d0931cd242e106 - - default default] Unable to schedule network 1fe69550-af3b-4376-97d9-5cd7b0023fd2: no agents available; will retry on subsequent port and subnet creation events.
2026-05-06 06:12:19.110 9 INFO neutron.wsgi [req-cc1c7644-c454-4901-8f09-45d69a0d8d9d req-44bcc5cb-95f0-4e4e-a43c-00400e51d22b 120372f8f5a84ce4a95b6bf6c77dd802 cebf464594b14c8a99ec438588facc58 - - e0cb39f46a7f4fbcb7c65298a0ad7f9a e0cb39f46a7f4fbcb7c65298a0ad7f9a] 199.19.213.86 "GET /v2.0/ports?tenant_id=8b274534e0ec4cd5afc50ea942255d43&device_id=3b5783ba-aff3-433b-a5b3-75a250f3d4fd HTTP/1.1" status: 200 len: 2657 time: 0.0312583
2026-05-06 06:12:19.146 9 INFO neutron.wsgi [req-cc1c7644-c454-4901-8f09-45d69a0d8d9d req-cc5c403c-955c-44ff-b753-ccb88455f203 120372f8f5a84ce4a95b6bf6c77dd802 cebf464594b14c8a99ec438588facc58 - - e0cb39f46a7f4fbcb7c65298a0ad7f9a e0cb39f46a7f4fbcb7c65298a0ad7f9a] 199.19.213.86 "GET /v2.0/floatingips?fixed_ip_address=172.24.1.80&port_id=1220e40b-a931-43b7-9140-c72d92bddf7f HTTP/1.1" status: 200 len: 217 time: 0.0271454
2026-05-06 06:12:19.187 9 INFO neutron.wsgi [req-cc1c7644-c454-4901-8f09-45d69a0d8d9d req-186e9911-106c-458e-80fd-511edad953d6 120372f8f5a84ce4a95b6bf6c77dd802 cebf464594b14c8a99ec438588facc58 - - e0cb39f46a7f4fbcb7c65298a0ad7f9a e0cb39f46a7f4fbcb7c65298a0ad7f9a] 199.19.213.86 "GET /v2.0/subnets?id=8580dbcc-6b1c-4262-a6ea-e82b06cdd832 HTTP/1.1" status: 200 len: 829 time: 0.0337930
2026-05-06 06:12:19.193 10 INFO neutron.db.ovn_revision_numbers_db [None req-19ffcebe-dea4-4b9d-8109-d8da841331d1 18741f23f1d743cbab8b9ed92b233f32 a77d8dc29b584ea2a3d0931cd242e106 - - default default] Successfully bumped revision number for resource 73eb9457-cf5a-444e-aaba-d0a4f6a88f12 (type: ports) to 1
2026-05-06 06:12:19.218 9 INFO neutron.wsgi [req-cc1c7644-c454-4901-8f09-45d69a0d8d9d req-aecab889-fcf9-44ac-a231-5852c9329254 120372f8f5a84ce4a95b6bf6c77dd802 cebf464594b14c8a99ec438588facc58 - - e0cb39f46a7f4fbcb7c65298a0ad7f9a e0cb39f46a7f4fbcb7c65298a0ad7f9a] 199.19.213.86 "GET /v2.0/ports?network_id=9b1835ea-6b73-456d-b21b-2be4ef20452a&device_owner=network%3Adhcp HTTP/1.1" status: 200 len: 210 time: 0.0239751
2026-05-06 06:12:19.226 10 INFO neutron.wsgi [None req-19ffcebe-dea4-4b9d-8109-d8da841331d1 18741f23f1d743cbab8b9ed92b233f32 a77d8dc29b584ea2a3d0931cd242e106 - - default default] 10.0.0.107 "POST /v2.0/networks HTTP/1.1" status: 201 len: 830 time: 0.8952050
2026-05-06 06:12:19.285 9 INFO neutron.wsgi [req-cc1c7644-c454-4901-8f09-45d69a0d8d9d req-a4d0faac-4066-40d2-bc97-7c69d5e9e6d9 120372f8f5a84ce4a95b6bf6c77dd802 cebf464594b14c8a99ec438588facc58 - - e0cb39f46a7f4fbcb7c65298a0ad7f9a e0cb39f46a7f4fbcb7c65298a0ad7f9a] 199.19.213.86 "GET /v2.0/networks/9b1835ea-6b73-456d-b21b-2be4ef20452a?fields=segments HTTP/1.1" status: 200 len: 212 time: 0.0621314
2026-05-06 06:12:19.316 10 INFO neutron.db.segments_db [None req-60196aaa-a99e-4927-b184-748dfe348a61 18741f23f1d743cbab8b9ed92b233f32 a77d8dc29b584ea2a3d0931cd242e106 - - default default] Added segment 91bcfa83-602a-4911-8e36-a171c3f3a21c of type geneve for network 8853e00d-5e5a-4682-b92f-93cb259f091b
2026-05-06 06:12:19.352 9 INFO neutron.wsgi [req-cc1c7644-c454-4901-8f09-45d69a0d8d9d req-99e803b3-4b40-4786-9fea-74dae1b39220 120372f8f5a84ce4a95b6bf6c77dd802 cebf464594b14c8a99ec438588facc58 - - e0cb39f46a7f4fbcb7c65298a0ad7f9a e0cb39f46a7f4fbcb7c65298a0ad7f9a] 199.19.213.86 "GET /v2.0/networks/9b1835ea-6b73-456d-b21b-2be4ef20452a?fields=provider%3Aphysical_network&fields=provider%3Anetwork_type HTTP/1.1" status: 200 len: 277 time: 0.0595324
2026-05-06 06:12:19.378 9 INFO neutron.wsgi [req-cc1c7644-c454-4901-8f09-45d69a0d8d9d req-1ed2c07d-bf74-44bd-8a3f-71416ee1fff6 120372f8f5a84ce4a95b6bf6c77dd802 cebf464594b14c8a99ec438588facc58 - - e0cb39f46a7f4fbcb7c65298a0ad7f9a e0cb39f46a7f4fbcb7c65298a0ad7f9a] 199.19.213.86 "GET /v2.0/floatingips?fixed_ip_address=10.1.1.55&port_id=9475b1ca-4abb-4fa3-882a-2bcf4e5b90e2 HTTP/1.1" status: 200 len: 217 time: 0.0195222
2026-05-06 06:12:19.419 9 INFO neutron.wsgi [req-cc1c7644-c454-4901-8f09-45d69a0d8d9d req-e4dd6949-565b-43c7-a48c-eeb5e5b9493f 120372f8f5a84ce4a95b6bf6c77dd802 cebf464594b14c8a99ec438588facc58 - - e0cb39f46a7f4fbcb7c65298a0ad7f9a e0cb39f46a7f4fbcb7c65298a0ad7f9a] 199.19.213.86 "GET /v2.0/subnets?id=35816295-c074-4e60-9c8b-ce2058bc6ea5 HTTP/1.1" status: 200 len: 853 time: 0.0342369
2026-05-06 06:12:19.444 10 INFO neutron.db.ovn_revision_numbers_db [None req-60196aaa-a99e-4927-b184-748dfe348a61 18741f23f1d743cbab8b9ed92b233f32 a77d8dc29b584ea2a3d0931cd242e106 - - default default] Successfully bumped revision number for resource 8853e00d-5e5a-4682-b92f-93cb259f091b (type: networks) to 1
2026-05-06 06:12:19.455 9 INFO neutron.wsgi [req-cc1c7644-c454-4901-8f09-45d69a0d8d9d req-06a3be07-4fc7-4b2e-8725-f3fef30d536b 120372f8f5a84ce4a95b6bf6c77dd802 cebf464594b14c8a99ec438588facc58 - - e0cb39f46a7f4fbcb7c65298a0ad7f9a e0cb39f46a7f4fbcb7c65298a0ad7f9a] 199.19.213.86 "GET /v2.0/ports?network_id=52f11c2e-feb9-450f-a2f4-babe295aaa86&device_owner=network%3Adhcp HTTP/1.1" status: 200 len: 210 time: 0.0286961
2026-05-06 06:12:19.519 9 INFO neutron.wsgi [req-cc1c7644-c454-4901-8f09-45d69a0d8d9d req-17aa9c4b-cdb4-4664-b501-60f42256a058 120372f8f5a84ce4a95b6bf6c77dd802 cebf464594b14c8a99ec438588facc58 - - e0cb39f46a7f4fbcb7c65298a0ad7f9a e0cb39f46a7f4fbcb7c65298a0ad7f9a] 199.19.213.86 "GET /v2.0/networks/52f11c2e-feb9-450f-a2f4-babe295aaa86?fields=segments HTTP/1.1" status: 200 len: 212 time: 0.0594471
2026-05-06 06:12:19.582 10 WARNING neutron.scheduler.dhcp_agent_scheduler [None req-60196aaa-a99e-4927-b184-748dfe348a61 18741f23f1d743cbab8b9ed92b233f32 a77d8dc29b584ea2a3d0931cd242e106 - - default default] No more DHCP agents
2026-05-06 06:12:19.584 10 WARNING neutron.api.rpc.agentnotifiers.dhcp_rpc_agent_api [None req-60196aaa-a99e-4927-b184-748dfe348a61 18741f23f1d743cbab8b9ed92b233f32 a77d8dc29b584ea2a3d0931cd242e106 - - default default] Unable to schedule network 8853e00d-5e5a-4682-b92f-93cb259f091b: no agents available; will retry on subsequent port and subnet creation events.
2026-05-06 06:12:19.585 9 INFO neutron.wsgi [req-cc1c7644-c454-4901-8f09-45d69a0d8d9d req-966ca82b-f183-4561-a9c6-735c8b8a9169 120372f8f5a84ce4a95b6bf6c77dd802 cebf464594b14c8a99ec438588facc58 - - e0cb39f46a7f4fbcb7c65298a0ad7f9a e0cb39f46a7f4fbcb7c65298a0ad7f9a] 199.19.213.86 "GET /v2.0/networks/52f11c2e-feb9-450f-a2f4-babe295aaa86?fields=provider%3Aphysical_network&fields=provider%3Anetwork_type HTTP/1.1" status: 200 len: 277 time: 0.0625658
2026-05-06 06:12:19.653 10 INFO neutron.db.ovn_revision_numbers_db [None req-60196aaa-a99e-4927-b184-748dfe348a61 18741f23f1d743cbab8b9ed92b233f32 a77d8dc29b584ea2a3d0931cd242e106 - - default default] Successfully bumped revision number for resource 43a31013-0cac-44be-ac2b-debe41ee488c (type: ports) to 1
2026-05-06 06:12:19.670 9 INFO neutron.wsgi [req-7e229351-5914-4699-8a63-f9b6192deda6 req-64f232cb-a44e-422d-b6a6-77b044112176 120372f8f5a84ce4a95b6bf6c77dd802 cebf464594b14c8a99ec438588facc58 - - e0cb39f46a7f4fbcb7c65298a0ad7f9a e0cb39f46a7f4fbcb7c65298a0ad7f9a] 199.19.213.86 "GET /v2.0/ports?tenant_id=8b274534e0ec4cd5afc50ea942255d43&device_id=3b5783ba-aff3-433b-a5b3-75a250f3d4fd HTTP/1.1" status: 200 len: 2657 time: 0.0431514
2026-05-06 06:12:19.674 10 INFO neutron.plugins.ml2.drivers.ovn.mech_driver.mech_driver [None req-bd6d18b6-f675-4f3a-9ff7-00288c7b9848 - - - - - -] OVN reports status up for port: 9475b1ca-4abb-4fa3-882a-2bcf4e5b90e2
2026-05-06 06:12:19.678 10 INFO neutron.wsgi [None req-60196aaa-a99e-4927-b184-748dfe348a61 18741f23f1d743cbab8b9ed92b233f32 a77d8dc29b584ea2a3d0931cd242e106 - - default default] 10.0.0.107 "POST /v2.0/networks HTTP/1.1" status: 201 len: 830 time: 0.4466157
2026-05-06 06:12:19.694 10 INFO neutron.plugins.ml2.plugin [None req-bd6d18b6-f675-4f3a-9ff7-00288c7b9848 - - - - - -] Attempt 1 to provision port 9475b1ca-4abb-4fa3-882a-2bcf4e5b90e2
2026-05-06 06:12:19.749 9 INFO neutron.wsgi [req-7e229351-5914-4699-8a63-f9b6192deda6 req-36a6744c-dfcb-4ef3-bd79-383a15c60f12 120372f8f5a84ce4a95b6bf6c77dd802 cebf464594b14c8a99ec438588facc58 - - e0cb39f46a7f4fbcb7c65298a0ad7f9a e0cb39f46a7f4fbcb7c65298a0ad7f9a] 199.19.213.86 "GET /v2.0/networks?id=52f11c2e-feb9-450f-a2f4-babe295aaa86 HTTP/1.1" status: 200 len: 1003 time: 0.0712187
2026-05-06 06:12:19.755 10 INFO neutron.wsgi [None req-f115d950-17f9-414e-9836-3c9796dc4c9b 18741f23f1d743cbab8b9ed92b233f32 a77d8dc29b584ea2a3d0931cd242e106 - - default default] 10.0.0.107 "PUT /v2.0/networks/1fe69550-af3b-4376-97d9-5cd7b0023fd2/tags HTTP/1.1" status: 200 len: 218 time: 0.0674462
2026-05-06 06:12:19.774 9 INFO neutron.wsgi [req-7e229351-5914-4699-8a63-f9b6192deda6 req-91402150-eabd-4cee-886d-36a0db5ccdfc 120372f8f5a84ce4a95b6bf6c77dd802 cebf464594b14c8a99ec438588facc58 - - e0cb39f46a7f4fbcb7c65298a0ad7f9a e0cb39f46a7f4fbcb7c65298a0ad7f9a] 199.19.213.86 "GET /v2.0/floatingips?fixed_ip_address=10.1.1.55&port_id=9475b1ca-4abb-4fa3-882a-2bcf4e5b90e2 HTTP/1.1" status: 200 len: 217 time: 0.0204620
2026-05-06 06:12:19.808 10 INFO neutron.wsgi [None req-e8836135-9869-42dd-a5d7-d8004cb9c747 18741f23f1d743cbab8b9ed92b233f32 a77d8dc29b584ea2a3d0931cd242e106 - - default default] 10.0.0.107 "GET /v2.0/networks/1fe69550-af3b-4376-97d9-5cd7b0023fd2/tags HTTP/1.1" status: 200 len: 218 time: 0.0481396
2026-05-06 06:12:19.810 9 INFO neutron.wsgi [req-7e229351-5914-4699-8a63-f9b6192deda6 req-ad4c01ca-91a8-49d8-b319-8d4ab832eb7d 120372f8f5a84ce4a95b6bf6c77dd802 cebf464594b14c8a99ec438588facc58 - - e0cb39f46a7f4fbcb7c65298a0ad7f9a e0cb39f46a7f4fbcb7c65298a0ad7f9a] 199.19.213.86 "GET /v2.0/subnets?id=35816295-c074-4e60-9c8b-ce2058bc6ea5 HTTP/1.1" status: 200 len: 853 time: 0.0298145
2026-05-06 06:12:19.850 9 INFO neutron.wsgi [req-7e229351-5914-4699-8a63-f9b6192deda6 req-d884cb02-4df1-4271-8cdb-36dccddb8905 120372f8f5a84ce4a95b6bf6c77dd802 cebf464594b14c8a99ec438588facc58 - - e0cb39f46a7f4fbcb7c65298a0ad7f9a e0cb39f46a7f4fbcb7c65298a0ad7f9a] 199.19.213.86 "GET /v2.0/ports?network_id=52f11c2e-feb9-450f-a2f4-babe295aaa86&device_owner=network%3Adhcp HTTP/1.1" status: 200 len: 210 time: 0.0304937
2026-05-06 06:12:19.857 9 INFO neutron.wsgi [req-cc1c7644-c454-4901-8f09-45d69a0d8d9d req-1beddfde-85df-46ae-a8b6-17d43f019bca 270e8126c99640c0bf4206fb440f0008 8b274534e0ec4cd5afc50ea942255d43 - - default default] 10.0.0.201 "GET /v2.0/ports/9475b1ca-4abb-4fa3-882a-2bcf4e5b90e2 HTTP/1.1" status: 200 len: 1454 time: 0.0372920
2026-05-06 06:12:19.858 10 INFO neutron.notifiers.nova [-] Nova event matching ['req-4bde2f05-c0b3-49e9-b095-bca7718e9fd9'] response: {'server_uuid': '3b5783ba-aff3-433b-a5b3-75a250f3d4fd', 'name': 'network-vif-plugged', 'status': 'completed', 'tag': '9475b1ca-4abb-4fa3-882a-2bcf4e5b90e2', 'code': 200}
2026-05-06 06:12:19.890 10 INFO neutron.wsgi [None req-d5f2ccb6-511c-4692-baec-ab02103a7f48 18741f23f1d743cbab8b9ed92b233f32 a77d8dc29b584ea2a3d0931cd242e106 - - default default] 10.0.0.107 "PUT /v2.0/networks/8853e00d-5e5a-4682-b92f-93cb259f091b/tags HTTP/1.1" status: 200 len: 210 time: 0.0722816
2026-05-06 06:12:19.933 9 INFO neutron.wsgi [None req-a9f187de-b6b1-4d20-b415-a10554cb0b73 18741f23f1d743cbab8b9ed92b233f32 a77d8dc29b584ea2a3d0931cd242e106 - - default default] 10.0.0.107 "GET /v2.0/networks/8853e00d-5e5a-4682-b92f-93cb259f091b/tags HTTP/1.1" status: 200 len: 210 time: 0.0380385
2026-05-06 06:12:19.948 9 INFO neutron.wsgi [req-7e229351-5914-4699-8a63-f9b6192deda6 req-5da8bbc9-b401-4560-9b70-293b24c778ad 120372f8f5a84ce4a95b6bf6c77dd802 cebf464594b14c8a99ec438588facc58 - - e0cb39f46a7f4fbcb7c65298a0ad7f9a e0cb39f46a7f4fbcb7c65298a0ad7f9a] 199.19.213.86 "GET /v2.0/networks/52f11c2e-feb9-450f-a2f4-babe295aaa86?fields=segments HTTP/1.1" status: 200 len: 212 time: 0.0899358
2026-05-06 06:12:19.999 9 INFO neutron.wsgi [None req-28dd0646-0603-463e-a4e6-4eb4dc236211 18741f23f1d743cbab8b9ed92b233f32 a77d8dc29b584ea2a3d0931cd242e106 - - default default] 10.0.0.107 "PUT /v2.0/networks/8853e00d-5e5a-4682-b92f-93cb259f091b/tags HTTP/1.1" status: 200 len: 205 time: 0.0605328
2026-05-06 06:12:20.057 9 INFO neutron.wsgi [req-7e229351-5914-4699-8a63-f9b6192deda6 req-c322ab7b-0535-4495-84a7-beb2e9594e18 120372f8f5a84ce4a95b6bf6c77dd802 cebf464594b14c8a99ec438588facc58 - - e0cb39f46a7f4fbcb7c65298a0ad7f9a e0cb39f46a7f4fbcb7c65298a0ad7f9a] 199.19.213.86 "GET /v2.0/networks/52f11c2e-feb9-450f-a2f4-babe295aaa86?fields=provider%3Aphysical_network&fields=provider%3Anetwork_type HTTP/1.1" status: 200 len: 277 time: 0.0985367
2026-05-06 06:12:20.061 9 INFO neutron.wsgi [None req-4673fb0c-de1f-404c-a6d7-d56935a8f18c 18741f23f1d743cbab8b9ed92b233f32 a77d8dc29b584ea2a3d0931cd242e106 - - default default] 10.0.0.107 "GET /v2.0/networks/8853e00d-5e5a-4682-b92f-93cb259f091b/tags HTTP/1.1" status: 200 len: 205 time: 0.0559447
2026-05-06 06:12:20.066 10 INFO neutron.db.ovn_revision_numbers_db [None req-bd6d18b6-f675-4f3a-9ff7-00288c7b9848 - - - - - -] Successfully bumped revision number for resource 9475b1ca-4abb-4fa3-882a-2bcf4e5b90e2 (type: ports) to 4
2026-05-06 06:12:20.119 9 INFO neutron.wsgi [None req-79cfdd4c-0d85-4d5c-a4f0-eee2d0f1b76f 18741f23f1d743cbab8b9ed92b233f32 a77d8dc29b584ea2a3d0931cd242e106 - - default default] 10.0.0.107 "GET /v2.0/networks/1fe69550-af3b-4376-97d9-5cd7b0023fd2/tags HTTP/1.1" status: 200 len: 218 time: 0.0493248
2026-05-06 06:12:20.261 10 INFO neutron.db.ovn_revision_numbers_db [None req-54f5f033-48b9-4edf-a69b-f5ef40a48629 270e8126c99640c0bf4206fb440f0008 8b274534e0ec4cd5afc50ea942255d43 - - default default] Successfully bumped revision number for resource 9475b1ca-4abb-4fa3-882a-2bcf4e5b90e2 (type: ports) to 5
2026-05-06 06:12:20.269 10 INFO neutron.wsgi [None req-54f5f033-48b9-4edf-a69b-f5ef40a48629 270e8126c99640c0bf4206fb440f0008 8b274534e0ec4cd5afc50ea942255d43 - - default default] 199.19.213.86 "PUT /v2.0/ports/9475b1ca-4abb-4fa3-882a-2bcf4e5b90e2 HTTP/1.1" status: 200 len: 1487 time: 0.3995702 /var/lib/openstack/lib/python3.10/site-packages/pycadf/identifier.py:71: UserWarning: Invalid uuid: neutron. To ensure interoperability, identifiers should be a valid uuid. warnings.warn(('Invalid uuid: %s. To ensure interoperability, '
2026-05-06 06:12:20.316 10 INFO neutron.wsgi [None req-6a909e13-38c5-46ad-b8a2-f95c5cfd5fe3 270e8126c99640c0bf4206fb440f0008 8b274534e0ec4cd5afc50ea942255d43 - - default default] 199.19.213.86 "GET /v2.0/security-groups?name=lb-3d80afa1-2a08-43f4-b8be-02745a429638 HTTP/1.1" status: 200 len: 1775 time: 0.0392833
2026-05-06 06:12:20.468 9 INFO neutron.services.segments.plugin [-] Segment 71d0658e-75b3-4d59-8ca3-4c2e95165850 resource provider aggregate not found
2026-05-06 06:12:20.472 9 INFO neutron.services.segments.plugin [-] Segment 71d0658e-75b3-4d59-8ca3-4c2e95165850 resource provider aggregate not found
2026-05-06 06:12:20.485 9 INFO neutron.services.segments.plugin [-] Segment 71d0658e-75b3-4d59-8ca3-4c2e95165850 resource provider not found; error: Placement Client Error (4xx): {"errors": [{"status": 404, "title": "Not Found", "detail": "The resource could not be found.\n\n No resource provider with uuid 71d0658e-75b3-4d59-8ca3-4c2e95165850 found for delete ", "request_id": "req-3b649cba-fd96-496f-8f0f-d564568b3111"}]}
2026-05-06 06:12:20.486 9 INFO neutron.services.segments.plugin [-] Segment 71d0658e-75b3-4d59-8ca3-4c2e95165850 resource provider not found; error: Placement Client Error (4xx): {"errors": [{"status": 404, "title": "Not Found", "detail": "The resource could not be found.\n\n No resource provider with uuid 71d0658e-75b3-4d59-8ca3-4c2e95165850 found for delete ", "request_id": "req-4019210e-bc18-49a7-8e02-3dfb9084dea5"}]}
2026-05-06 06:12:20.512 9 INFO neutron.wsgi [None req-16ba727b-3765-44a0-bffb-ea327cb8a98f 18741f23f1d743cbab8b9ed92b233f32 a77d8dc29b584ea2a3d0931cd242e106 - - default default] 10.0.0.107 "DELETE /v2.0/networks/1fe69550-af3b-4376-97d9-5cd7b0023fd2 HTTP/1.1" status: 204 len: 168 time: 0.3841450
2026-05-06 06:12:20.650 10 INFO neutron.db.ovn_revision_numbers_db [None req-5dad087f-8f40-4f58-a7b1-816ed491eb8d 270e8126c99640c0bf4206fb440f0008 8b274534e0ec4cd5afc50ea942255d43 - - default default] Successfully bumped revision number for resource 9475b1ca-4abb-4fa3-882a-2bcf4e5b90e2 (type: ports) to 6
2026-05-06 06:12:20.660 10 INFO neutron.wsgi [None req-5dad087f-8f40-4f58-a7b1-816ed491eb8d 270e8126c99640c0bf4206fb440f0008 8b274534e0ec4cd5afc50ea942255d43 - - default default] 199.19.213.86 "PUT /v2.0/ports/9475b1ca-4abb-4fa3-882a-2bcf4e5b90e2 HTTP/1.1" status: 200 len: 1487 time: 0.3371148 /var/lib/openstack/lib/python3.10/site-packages/pycadf/identifier.py:71: UserWarning: Invalid uuid: neutron. To ensure interoperability, identifiers should be a valid uuid. warnings.warn(('Invalid uuid: %s. To ensure interoperability, '
2026-05-06 06:12:20.735 10 INFO neutron.wsgi [None req-43c659fb-3e82-43b9-97d7-8a5a9e38f550 270e8126c99640c0bf4206fb440f0008 8b274534e0ec4cd5afc50ea942255d43 - - default default] 199.19.213.86 "GET /v2.0/extensions/security-group HTTP/1.1" status: 200 len: 369 time: 0.0101397
2026-05-06 06:12:20.748 10 INFO neutron.wsgi [None req-dee22608-2653-49d6-b51f-db219d1176f8 270e8126c99640c0bf4206fb440f0008 8b274534e0ec4cd5afc50ea942255d43 - - default default] 199.19.213.86 "GET /v2.0/extensions/dns-integration HTTP/1.1" status: 200 len: 371 time: 0.0056074
2026-05-06 06:12:20.756 10 INFO neutron.wsgi [None req-88f563ad-b1a4-466f-801f-fa10d2f90a63 270e8126c99640c0bf4206fb440f0008 8b274534e0ec4cd5afc50ea942255d43 - - default default] 199.19.213.86 "GET /v2.0/extensions/qos HTTP/1.1" status: 200 len: 365 time: 0.0044084
2026-05-06 06:12:20.765 10 INFO neutron.wsgi [None req-24e00002-187c-4825-8c16-e67a2cc96ddf 270e8126c99640c0bf4206fb440f0008 8b274534e0ec4cd5afc50ea942255d43 - - default default] 199.19.213.86 "GET /v2.0/extensions/allowed-address-pairs HTTP/1.1" status: 200 len: 383 time: 0.0043027
2026-05-06 06:12:20.805 10 INFO neutron.wsgi [None req-0bd8d2a8-1af3-427a-91b7-5f83ac73705e 270e8126c99640c0bf4206fb440f0008 8b274534e0ec4cd5afc50ea942255d43 - - default default] 199.19.213.86 "GET /v2.0/subnets/35816295-c074-4e60-9c8b-ce2058bc6ea5 HTTP/1.1" status: 200 len: 850 time: 0.0314479
2026-05-06 06:12:20.842 10 INFO neutron.wsgi [None req-087973fa-b13a-42ab-9d57-9f4f46575ece 270e8126c99640c0bf4206fb440f0008 8b274534e0ec4cd5afc50ea942255d43 - - default default] 199.19.213.86 "GET /v2.0/ports/b8ced31d-2fc0-4f4f-a2c2-a0758025d3d4 HTTP/1.1" status: 200 len: 1332 time: 0.0308504
2026-05-06 06:12:20.874 10 INFO neutron.wsgi [None req-6192e8ae-b76c-4e56-85f7-05efa0b0b6ad 270e8126c99640c0bf4206fb440f0008 8b274534e0ec4cd5afc50ea942255d43 - - default default] 199.19.213.86 "GET /v2.0/ports/9475b1ca-4abb-4fa3-882a-2bcf4e5b90e2 HTTP/1.1" status: 200 len: 1515 time: 0.0263133
2026-05-06 06:12:20.892 9 INFO neutron.wsgi [None req-74ea68a6-775b-4d4c-a3bf-a9383d148311 18741f23f1d743cbab8b9ed92b233f32 a77d8dc29b584ea2a3d0931cd242e106 - - default default] 10.0.0.107 "DELETE /v2.0/networks/8853e00d-5e5a-4682-b92f-93cb259f091b HTTP/1.1" status: 204 len: 168 time: 0.3720584
2026-05-06 06:12:20.913 10 INFO neutron.wsgi [None req-0717bff8-e0cc-41b9-9441-9257999aba3f 270e8126c99640c0bf4206fb440f0008 8b274534e0ec4cd5afc50ea942255d43 - - default default] 199.19.213.86 "GET /v2.0/subnets/35816295-c074-4e60-9c8b-ce2058bc6ea5 HTTP/1.1" status: 200 len: 850 time: 0.0329475
2026-05-06 06:12:20.975 10 INFO neutron.wsgi [None req-7e15de09-254f-4cdd-94e2-0cd0649ced99 270e8126c99640c0bf4206fb440f0008 8b274534e0ec4cd5afc50ea942255d43 - - default default] 199.19.213.86 "GET /v2.0/networks/52f11c2e-feb9-450f-a2f4-babe295aaa86 HTTP/1.1" status: 200 len: 1000 time: 0.0555346
2026-05-06 06:12:21.006 10 INFO neutron.wsgi [None req-ce1623ac-1b40-44cd-950a-e2535b41cdd3 270e8126c99640c0bf4206fb440f0008 8b274534e0ec4cd5afc50ea942255d43 - - default default] 199.19.213.86 "GET /v2.0/ports/b8ced31d-2fc0-4f4f-a2c2-a0758025d3d4 HTTP/1.1" status: 200 len: 1332 time: 0.0257978
2026-05-06 06:12:21.046 10 INFO neutron.wsgi [None req-85ebc2b6-745f-462f-b642-bca01b2f40e0 270e8126c99640c0bf4206fb440f0008 8b274534e0ec4cd5afc50ea942255d43 - - default default] 199.19.213.86 "GET /v2.0/subnets/35816295-c074-4e60-9c8b-ce2058bc6ea5 HTTP/1.1" status: 200 len: 850 time: 0.0336857
2026-05-06 06:12:21.782 10 INFO neutron.db.ovn_revision_numbers_db [None req-6e98364f-808c-48f5-8c62-96d4d3ad32d1 270e8126c99640c0bf4206fb440f0008 8b274534e0ec4cd5afc50ea942255d43 - - default default] Successfully bumped revision number for resource 22766aa5-107f-496f-8b01-59eb330403e8 (type: security_groups) to 1
2026-05-06 06:12:21.796 10 INFO neutron.db.ovn_revision_numbers_db [None req-6e98364f-808c-48f5-8c62-96d4d3ad32d1 270e8126c99640c0bf4206fb440f0008 8b274534e0ec4cd5afc50ea942255d43 - - default default] Successfully bumped revision number for resource 00ab568d-d387-4546-99b6-3e43f8cd471a (type: security_group_rules) to 0
2026-05-06 06:12:21.808 10 INFO neutron.db.ovn_revision_numbers_db [None req-6e98364f-808c-48f5-8c62-96d4d3ad32d1 270e8126c99640c0bf4206fb440f0008 8b274534e0ec4cd5afc50ea942255d43 - - default default] Successfully bumped revision number for resource 30d865d4-07d2-416b-9451-dca4919f4050 (type: security_group_rules) to 0
2026-05-06 06:12:21.821 10 INFO neutron.db.ovn_revision_numbers_db [None req-6e98364f-808c-48f5-8c62-96d4d3ad32d1 270e8126c99640c0bf4206fb440f0008 8b274534e0ec4cd5afc50ea942255d43 - - default default] Successfully bumped revision number for resource 56f79d71-8b49-45e2-8fdd-90c97144f505 (type: security_group_rules) to 0
2026-05-06 06:12:21.835 10 INFO neutron.db.ovn_revision_numbers_db [None req-6e98364f-808c-48f5-8c62-96d4d3ad32d1 270e8126c99640c0bf4206fb440f0008 8b274534e0ec4cd5afc50ea942255d43 - - default default] Successfully bumped revision number for resource f77e0903-03fd-4481-a4dd-cc984aac5400 (type: security_group_rules) to 0
2026-05-06 06:12:21.856 10 INFO neutron.wsgi [None req-6e98364f-808c-48f5-8c62-96d4d3ad32d1 270e8126c99640c0bf4206fb440f0008 8b274534e0ec4cd5afc50ea942255d43 - - default default] 10.0.0.107 "GET /v2.0/security-groups?tenant_id=2061246b00fa4b0c979ee8138484ec11&name=default HTTP/1.1" status: 200 len: 3000 time: 0.2537293
2026-05-06 06:12:21.897 10 INFO neutron.notifiers.nova [-] Nova event matching ['req-9acf1ff0-25d0-4525-8bbb-5dc7deeffa2c'] response: {'server_uuid': '3b5783ba-aff3-433b-a5b3-75a250f3d4fd', 'name': 'network-vif-plugged', 'status': 'completed', 'tag': '9475b1ca-4abb-4fa3-882a-2bcf4e5b90e2', 'code': 200}
2026-05-06 06:12:21.897 10 INFO neutron.notifiers.nova [-] Nova event matching ['req-9acf1ff0-25d0-4525-8bbb-5dc7deeffa2c'] response: {'name': 'network-changed', 'server_uuid': '3b5783ba-aff3-433b-a5b3-75a250f3d4fd', 'tag': '9475b1ca-4abb-4fa3-882a-2bcf4e5b90e2', 'status': 'completed', 'code': 200}
2026-05-06 06:12:21.897 10 INFO neutron.notifiers.nova [-] Nova event matching ['req-9acf1ff0-25d0-4525-8bbb-5dc7deeffa2c'] response: {'name': 'network-changed', 'server_uuid': '3b5783ba-aff3-433b-a5b3-75a250f3d4fd', 'tag': '9475b1ca-4abb-4fa3-882a-2bcf4e5b90e2', 'status': 'completed', 'code': 200}
2026-05-06 06:12:21.964 9 INFO neutron.wsgi [req-6c2e1256-eb41-4df9-866a-8d30f03f1e7f req-161aca10-c97c-41f9-8710-9a9248f5a218 120372f8f5a84ce4a95b6bf6c77dd802 cebf464594b14c8a99ec438588facc58 - - e0cb39f46a7f4fbcb7c65298a0ad7f9a e0cb39f46a7f4fbcb7c65298a0ad7f9a] 199.19.213.86 "GET /v2.0/ports?tenant_id=8b274534e0ec4cd5afc50ea942255d43&device_id=3b5783ba-aff3-433b-a5b3-75a250f3d4fd HTTP/1.1" status: 200 len: 2720 time: 0.0471587
2026-05-06 06:12:22.049 9 INFO neutron.wsgi [req-6c2e1256-eb41-4df9-866a-8d30f03f1e7f req-ff047104-5849-40b8-8799-68462ce6a7a6 120372f8f5a84ce4a95b6bf6c77dd802 cebf464594b14c8a99ec438588facc58 - - e0cb39f46a7f4fbcb7c65298a0ad7f9a e0cb39f46a7f4fbcb7c65298a0ad7f9a] 199.19.213.86 "GET /v2.0/networks?id=52f11c2e-feb9-450f-a2f4-babe295aaa86 HTTP/1.1" status: 200 len: 1003 time: 0.0738482
2026-05-06 06:12:22.077 9 INFO neutron.wsgi [req-6c2e1256-eb41-4df9-866a-8d30f03f1e7f req-b30b3aa9-5431-4d8b-b604-a24e43b43401 120372f8f5a84ce4a95b6bf6c77dd802 cebf464594b14c8a99ec438588facc58 - - e0cb39f46a7f4fbcb7c65298a0ad7f9a e0cb39f46a7f4fbcb7c65298a0ad7f9a] 199.19.213.86 "GET /v2.0/floatingips?fixed_ip_address=10.1.1.55&port_id=9475b1ca-4abb-4fa3-882a-2bcf4e5b90e2 HTTP/1.1" status: 200 len: 217 time: 0.0221560
2026-05-06 06:12:22.112 9 INFO neutron.wsgi [req-6c2e1256-eb41-4df9-866a-8d30f03f1e7f req-c50a97bd-6e6e-4b1e-8149-d7f93b978def 120372f8f5a84ce4a95b6bf6c77dd802 cebf464594b14c8a99ec438588facc58 - - e0cb39f46a7f4fbcb7c65298a0ad7f9a e0cb39f46a7f4fbcb7c65298a0ad7f9a] 199.19.213.86 "GET /v2.0/subnets?id=35816295-c074-4e60-9c8b-ce2058bc6ea5 HTTP/1.1" status: 200 len: 853 time: 0.0273166
2026-05-06 06:12:22.138 9 INFO neutron.wsgi [req-6c2e1256-eb41-4df9-866a-8d30f03f1e7f req-9db90973-1814-46fa-82e3-8d54c7056ecc 120372f8f5a84ce4a95b6bf6c77dd802 cebf464594b14c8a99ec438588facc58 - - e0cb39f46a7f4fbcb7c65298a0ad7f9a e0cb39f46a7f4fbcb7c65298a0ad7f9a] 199.19.213.86 "GET /v2.0/ports?network_id=52f11c2e-feb9-450f-a2f4-babe295aaa86&device_owner=network%3Adhcp HTTP/1.1" status: 200 len: 210 time: 0.0178919
2026-05-06 06:12:22.145 9 INFO neutron.wsgi [None req-bf498477-bae7-4d05-b39c-bac6a6a3577c 270e8126c99640c0bf4206fb440f0008 8b274534e0ec4cd5afc50ea942255d43 - - default default] 10.0.0.107 "DELETE /v2.0/security-groups/22766aa5-107f-496f-8b01-59eb330403e8 HTTP/1.1" status: 204 len: 168 time: 0.2825871
2026-05-06 06:12:22.204 9 INFO neutron.wsgi [req-6c2e1256-eb41-4df9-866a-8d30f03f1e7f req-64057a15-512d-4f27-b4b9-624f6ada0679 120372f8f5a84ce4a95b6bf6c77dd802 cebf464594b14c8a99ec438588facc58 - - e0cb39f46a7f4fbcb7c65298a0ad7f9a e0cb39f46a7f4fbcb7c65298a0ad7f9a] 199.19.213.86 "GET /v2.0/networks/52f11c2e-feb9-450f-a2f4-babe295aaa86?fields=segments HTTP/1.1" status: 200 len: 212 time: 0.0582497
