2026-05-06 06:08:59.491 9 INFO neutron.wsgi [req-e7534950-3b7c-4903-a848-d132a62719f4 req-d36c50ad-71f3-4b91-aba9-86554a906619 120372f8f5a84ce4a95b6bf6c77dd802 cebf464594b14c8a99ec438588facc58 - - e0cb39f46a7f4fbcb7c65298a0ad7f9a e0cb39f46a7f4fbcb7c65298a0ad7f9a] 199.19.213.86 "GET /v2.0/ports?network_id=7f6a30d0-f616-45a5-88a8-8a4a2f33cf3e&device_owner=network%3Adhcp HTTP/1.1" status: 200 len: 210 time: 0.0265510
2026-05-06 06:08:59.519 10 INFO neutron.wsgi [None req-73a2e505-8cb0-473f-b968-c88440f6582c 270e8126c99640c0bf4206fb440f0008 8b274534e0ec4cd5afc50ea942255d43 - - default default] 10.0.0.107 "DELETE /v2.0/security-groups/006ae30d-f1e2-4185-912b-5ffeb3afad98 HTTP/1.1" status: 204 len: 168 time: 0.2511456
2026-05-06 06:08:59.569 9 INFO neutron.wsgi [req-e7534950-3b7c-4903-a848-d132a62719f4 req-d0456477-e63e-464d-a4f3-de8512ba2439 120372f8f5a84ce4a95b6bf6c77dd802 cebf464594b14c8a99ec438588facc58 - - e0cb39f46a7f4fbcb7c65298a0ad7f9a e0cb39f46a7f4fbcb7c65298a0ad7f9a] 199.19.213.86 "GET /v2.0/networks/7f6a30d0-f616-45a5-88a8-8a4a2f33cf3e?fields=segments HTTP/1.1" status: 200 len: 212 time: 0.0730255
2026-05-06 06:08:59.657 9 INFO neutron.wsgi [req-e7534950-3b7c-4903-a848-d132a62719f4 req-47e97306-3211-4370-a589-74221cf908a3 120372f8f5a84ce4a95b6bf6c77dd802 cebf464594b14c8a99ec438588facc58 - - e0cb39f46a7f4fbcb7c65298a0ad7f9a e0cb39f46a7f4fbcb7c65298a0ad7f9a] 199.19.213.86 "GET /v2.0/networks/7f6a30d0-f616-45a5-88a8-8a4a2f33cf3e?fields=provider%3Aphysical_network&fields=provider%3Anetwork_type HTTP/1.1" status: 200 len: 277 time: 0.0805326
2026-05-06 06:08:59.716 9 WARNING neutron.scheduler.dhcp_agent_scheduler [None req-6fca3cec-da7d-4375-988f-a25d4ae20447 ba33ac20c02a44978436f0bf82eee885 326d92d358994d14a7d655a319b7f116 - - default default] No more DHCP agents
2026-05-06 06:08:59.722 9 WARNING neutron.api.rpc.agentnotifiers.dhcp_rpc_agent_api [None req-6fca3cec-da7d-4375-988f-a25d4ae20447 ba33ac20c02a44978436f0bf82eee885 326d92d358994d14a7d655a319b7f116 - - default default] Unable to schedule network 3a37d8f9-fb93-4eb0-9f23-f8ecf592a4e8: no agents available; will retry on subsequent port and subnet creation events.
2026-05-06 06:08:59.791 10 INFO neutron.wsgi [None req-1e69f8bb-3309-44b3-be07-bade817dcfb9 77bcb30b4db34d66a20a6e20ff07f202 615f69bd3f204d4db5abf750b44fd2d1 - - default default] 10.0.0.107 "DELETE /v2.0/floatingips/5739eb4e-77dc-4a16-b7eb-761f9fcd383f HTTP/1.1" status: 204 len: 168 time: 0.3417790
2026-05-06 06:08:59.884 9 INFO neutron.db.ovn_revision_numbers_db [None req-6fca3cec-da7d-4375-988f-a25d4ae20447 ba33ac20c02a44978436f0bf82eee885 326d92d358994d14a7d655a319b7f116 - - default default] Successfully bumped revision number for resource 5648e54a-a226-40eb-9fe6-60d9f80814f3 (type: ports) to 1
2026-05-06 06:09:00.000 9 INFO neutron.notifiers.nova [-] Nova event matching ['req-d9acf05d-d154-458c-93eb-875d3f43395d'] response: {'name': 'network-changed', 'server_uuid': 'efc080a7-f43b-4007-ac66-03a3d2501c7a', 'tag': 'd1e49cb5-488a-47a8-8203-17a73d9e05ab', 'status': 'completed', 'code': 200}
2026-05-06 06:09:00.061 9 INFO neutron.wsgi [req-3f558a66-31fb-43b0-b977-de907a2b9aba req-bfaa4f0a-79cd-4ec3-bf1b-e6d3e468b78b 120372f8f5a84ce4a95b6bf6c77dd802 cebf464594b14c8a99ec438588facc58 - - e0cb39f46a7f4fbcb7c65298a0ad7f9a e0cb39f46a7f4fbcb7c65298a0ad7f9a] 199.19.213.86 "GET /v2.0/ports?tenant_id=8d781629ece14a92822162ce0efd3854&device_id=efc080a7-f43b-4007-ac66-03a3d2501c7a HTTP/1.1" status: 200 len: 1413 time: 0.0434041
2026-05-06 06:09:00.145 9 INFO neutron.wsgi [req-3f558a66-31fb-43b0-b977-de907a2b9aba req-6facbb1b-d8ed-4ff9-bff3-424b42b6b70b 120372f8f5a84ce4a95b6bf6c77dd802 cebf464594b14c8a99ec438588facc58 - - e0cb39f46a7f4fbcb7c65298a0ad7f9a e0cb39f46a7f4fbcb7c65298a0ad7f9a] 199.19.213.86 "GET /v2.0/networks?id=7f6a30d0-f616-45a5-88a8-8a4a2f33cf3e HTTP/1.1" status: 200 len: 974 time: 0.0757642
2026-05-06 06:09:00.198 9 INFO neutron.wsgi [req-3f558a66-31fb-43b0-b977-de907a2b9aba req-d2830e2f-5067-4e4e-a9ed-614111fddfbb 120372f8f5a84ce4a95b6bf6c77dd802 cebf464594b14c8a99ec438588facc58 - - e0cb39f46a7f4fbcb7c65298a0ad7f9a e0cb39f46a7f4fbcb7c65298a0ad7f9a] 199.19.213.86 "GET /v2.0/floatingips?fixed_ip_address=10.100.0.11&port_id=d1e49cb5-488a-47a8-8203-17a73d9e05ab HTTP/1.1" status: 200 len: 1060 time: 0.0444882
2026-05-06 06:09:00.245 9 INFO neutron.wsgi [req-3f558a66-31fb-43b0-b977-de907a2b9aba req-26376a0c-69a4-42d2-9987-9a5df3093019 120372f8f5a84ce4a95b6bf6c77dd802 cebf464594b14c8a99ec438588facc58 - - e0cb39f46a7f4fbcb7c65298a0ad7f9a e0cb39f46a7f4fbcb7c65298a0ad7f9a] 199.19.213.86 "GET /v2.0/subnets?id=e795ede8-f47d-4d80-bed8-a1a4c14eaa20 HTTP/1.1" status: 200 len: 869 time: 0.0411708
2026-05-06 06:09:00.274 9 INFO neutron.wsgi [req-3f558a66-31fb-43b0-b977-de907a2b9aba req-e7663f3e-03dc-4bfc-9b1f-c27f71f450c2 120372f8f5a84ce4a95b6bf6c77dd802 cebf464594b14c8a99ec438588facc58 - - e0cb39f46a7f4fbcb7c65298a0ad7f9a e0cb39f46a7f4fbcb7c65298a0ad7f9a] 199.19.213.86 "GET /v2.0/ports?network_id=7f6a30d0-f616-45a5-88a8-8a4a2f33cf3e&device_owner=network%3Adhcp HTTP/1.1" status: 200 len: 210 time: 0.0234847
2026-05-06 06:09:00.332 9 INFO neutron.plugins.ml2.drivers.ovn.mech_driver.mech_driver [None req-1fca42ed-ddf7-4939-899d-3b4dc4239d5b - - - - - -] OVN reports status up for port: 5648e54a-a226-40eb-9fe6-60d9f80814f3
2026-05-06 06:09:00.545 9 INFO neutron.plugins.ml2.plugin [None req-1fca42ed-ddf7-4939-899d-3b4dc4239d5b - - - - - -] Attempt 1 to provision port 5648e54a-a226-40eb-9fe6-60d9f80814f3
2026-05-06 06:09:00.573 9 INFO neutron.db.ovn_revision_numbers_db [None req-6fca3cec-da7d-4375-988f-a25d4ae20447 ba33ac20c02a44978436f0bf82eee885 326d92d358994d14a7d655a319b7f116 - - default default] Successfully bumped revision number for resource 5648e54a-a226-40eb-9fe6-60d9f80814f3 (type: router_ports) to 1
2026-05-06 06:09:00.589 9 INFO neutron.wsgi [req-3f558a66-31fb-43b0-b977-de907a2b9aba req-0f9e0ec5-c4d8-47c3-9afe-fceaf7f5d106 120372f8f5a84ce4a95b6bf6c77dd802 cebf464594b14c8a99ec438588facc58 - - e0cb39f46a7f4fbcb7c65298a0ad7f9a e0cb39f46a7f4fbcb7c65298a0ad7f9a] 199.19.213.86 "GET /v2.0/networks/7f6a30d0-f616-45a5-88a8-8a4a2f33cf3e?fields=segments HTTP/1.1" status: 200 len: 212 time: 0.3106959
2026-05-06 06:09:00.686 9 INFO neutron.wsgi [req-3f558a66-31fb-43b0-b977-de907a2b9aba req-f2149a96-dc6d-45fb-bc12-275e76137aa0 120372f8f5a84ce4a95b6bf6c77dd802 cebf464594b14c8a99ec438588facc58 - - e0cb39f46a7f4fbcb7c65298a0ad7f9a e0cb39f46a7f4fbcb7c65298a0ad7f9a] 199.19.213.86 "GET /v2.0/networks/7f6a30d0-f616-45a5-88a8-8a4a2f33cf3e?fields=provider%3Aphysical_network&fields=provider%3Anetwork_type HTTP/1.1" status: 200 len: 277 time: 0.0844231
2026-05-06 06:09:00.811 9 INFO neutron.db.ovn_revision_numbers_db [None req-6fca3cec-da7d-4375-988f-a25d4ae20447 ba33ac20c02a44978436f0bf82eee885 326d92d358994d14a7d655a319b7f116 - - default default] Successfully bumped revision number for resource 5648e54a-a226-40eb-9fe6-60d9f80814f3 (type: ports) to 1
2026-05-06 06:09:00.904 9 WARNING neutron.scheduler.dhcp_agent_scheduler [None req-6fca3cec-da7d-4375-988f-a25d4ae20447 ba33ac20c02a44978436f0bf82eee885 326d92d358994d14a7d655a319b7f116 - - default default] No more DHCP agents
2026-05-06 06:09:00.910 9 WARNING neutron.api.rpc.agentnotifiers.dhcp_rpc_agent_api [None req-6fca3cec-da7d-4375-988f-a25d4ae20447 ba33ac20c02a44978436f0bf82eee885 326d92d358994d14a7d655a319b7f116 - - default default] Unable to schedule network 3a37d8f9-fb93-4eb0-9f23-f8ecf592a4e8: no agents available; will retry on subsequent port and subnet creation events.
2026-05-06 06:09:00.950 9 INFO neutron.db.ovn_revision_numbers_db [None req-1fca42ed-ddf7-4939-899d-3b4dc4239d5b - - - - - -] Successfully bumped revision number for resource 5648e54a-a226-40eb-9fe6-60d9f80814f3 (type: ports) to 2
2026-05-06 06:09:00.961 10 INFO neutron.wsgi [None req-36347f5f-eaec-4e70-b23d-05a558b0f4e1 270e8126c99640c0bf4206fb440f0008 8b274534e0ec4cd5afc50ea942255d43 - - default default] 10.0.0.107 "PUT /v2.0/routers/c873d397-028d-4bdd-a9ba-d536f8a38c48/remove_router_interface HTTP/1.1" status: 200 len: 503 time: 1.1650395 /var/lib/openstack/lib/python3.10/site-packages/pycadf/identifier.py:71: UserWarning: Invalid uuid: neutron. To ensure interoperability, identifiers should be a valid uuid. warnings.warn(('Invalid uuid: %s. To ensure interoperability, '
2026-05-06 06:09:01.142 9 INFO neutron.db.ovn_revision_numbers_db [None req-1fca42ed-ddf7-4939-899d-3b4dc4239d5b - - - - - -] Successfully bumped revision number for resource 5648e54a-a226-40eb-9fe6-60d9f80814f3 (type: router_ports) to 2
2026-05-06 06:09:01.173 9 INFO neutron.db.ovn_revision_numbers_db [None req-6fca3cec-da7d-4375-988f-a25d4ae20447 ba33ac20c02a44978436f0bf82eee885 326d92d358994d14a7d655a319b7f116 - - default default] Successfully bumped revision number for resource 5648e54a-a226-40eb-9fe6-60d9f80814f3 (type: router_ports) to 2
2026-05-06 06:09:01.175 9 INFO neutron.wsgi [None req-6fca3cec-da7d-4375-988f-a25d4ae20447 ba33ac20c02a44978436f0bf82eee885 326d92d358994d14a7d655a319b7f116 - - default default] 10.0.0.107 "PUT /v2.0/routers/1578e9fb-b691-4c17-a6b7-567715da2b05/add_router_interface HTTP/1.1" status: 200 len: 503 time: 1.9943447
2026-05-06 06:09:01.219 10 INFO neutron.wsgi [None req-add4bddb-a431-4199-82fb-8afe10b1eccd ba33ac20c02a44978436f0bf82eee885 326d92d358994d14a7d655a319b7f116 - - default default] 10.0.0.107 "GET /v2.0/ports/5648e54a-a226-40eb-9fe6-60d9f80814f3 HTTP/1.1" status: 200 len: 1137 time: 0.0371819
2026-05-06 06:09:01.621 9 WARNING neutron.scheduler.dhcp_agent_scheduler [None req-fe91f4d7-b69c-4aeb-bb0a-c6b6b8d3522b ba33ac20c02a44978436f0bf82eee885 326d92d358994d14a7d655a319b7f116 - - default default] No more DHCP agents
2026-05-06 06:09:01.624 9 WARNING neutron.api.rpc.agentnotifiers.dhcp_rpc_agent_api [None req-fe91f4d7-b69c-4aeb-bb0a-c6b6b8d3522b ba33ac20c02a44978436f0bf82eee885 326d92d358994d14a7d655a319b7f116 - - default default] Unable to schedule network dff5e589-29df-411c-88d6-124eb255898e: no agents available; will retry on subsequent port and subnet creation events.
2026-05-06 06:09:01.624 10 INFO neutron.db.ovn_revision_numbers_db [None req-3d34a9f2-af5d-4cf6-83ea-d11c3125b8e4 9bb1686b9b124558af993a65a31c1d27 8ca51966b54141478a3264b0601851cc - - default default] Successfully bumped revision number for resource db25347e-a538-422d-ae9b-17f5622846a7 (type: security_groups) to 1
2026-05-06 06:09:01.650 10 INFO neutron.db.ovn_revision_numbers_db [None req-3d34a9f2-af5d-4cf6-83ea-d11c3125b8e4 9bb1686b9b124558af993a65a31c1d27 8ca51966b54141478a3264b0601851cc - - default default] Successfully bumped revision number for resource 432d82df-a87d-4297-a524-da7a36eee578 (type: security_group_rules) to 0
2026-05-06 06:09:01.655 10 INFO neutron.wsgi [None req-37f9cf4c-0d0c-447b-9619-a2718435cf9a 270e8126c99640c0bf4206fb440f0008 8b274534e0ec4cd5afc50ea942255d43 - - default default] 10.0.0.107 "DELETE /v2.0/routers/c873d397-028d-4bdd-a9ba-d536f8a38c48 HTTP/1.1" status: 204 len: 168 time: 0.6890492
2026-05-06 06:09:01.684 10 INFO neutron.db.ovn_revision_numbers_db [None req-3d34a9f2-af5d-4cf6-83ea-d11c3125b8e4 9bb1686b9b124558af993a65a31c1d27 8ca51966b54141478a3264b0601851cc - - default default] Successfully bumped revision number for resource b5757f59-9cd5-4738-aca7-4df41beaa21e (type: security_group_rules) to 0
2026-05-06 06:09:01.713 10 INFO neutron.db.ovn_revision_numbers_db [None req-3d34a9f2-af5d-4cf6-83ea-d11c3125b8e4 9bb1686b9b124558af993a65a31c1d27 8ca51966b54141478a3264b0601851cc - - default default] Successfully bumped revision number for resource b7103211-f257-48ba-90e7-cd9c77cd88e3 (type: security_group_rules) to 0
2026-05-06 06:09:01.731 10 INFO neutron.db.ovn_revision_numbers_db [None req-3d34a9f2-af5d-4cf6-83ea-d11c3125b8e4 9bb1686b9b124558af993a65a31c1d27 8ca51966b54141478a3264b0601851cc - - default default] Successfully bumped revision number for resource ce536a55-e479-4bc5-ba51-289e36cfbb5e (type: security_group_rules) to 0
2026-05-06 06:09:01.798 9 INFO neutron.db.ovn_revision_numbers_db [None req-fe91f4d7-b69c-4aeb-bb0a-c6b6b8d3522b ba33ac20c02a44978436f0bf82eee885 326d92d358994d14a7d655a319b7f116 - - default default] Successfully bumped revision number for resource 5cae83a2-eec3-471f-9d62-2762d57e7315 (type: ports) to 1
2026-05-06 06:09:01.805 10 INFO neutron.db.segments_db [None req-3d34a9f2-af5d-4cf6-83ea-d11c3125b8e4 9bb1686b9b124558af993a65a31c1d27 8ca51966b54141478a3264b0601851cc - - default default] Added segment e4b6cd3e-b4cb-4ac3-b6c7-9dfa5580f5be of type geneve for network 1f69295a-4955-4da6-9b6c-3b4c48bad5d4
2026-05-06 06:09:01.962 10 INFO neutron.wsgi [None req-1b98b823-716e-4d99-ad90-7d1c65b76973 270e8126c99640c0bf4206fb440f0008 8b274534e0ec4cd5afc50ea942255d43 - - default default] 10.0.0.107 "DELETE /v2.0/subnets/8f0a239d-84be-4788-9cb8-8d69d8215f3e HTTP/1.1" status: 204 len: 168 time: 0.3002162
2026-05-06 06:09:01.971 10 INFO neutron.db.ovn_revision_numbers_db [None req-3d34a9f2-af5d-4cf6-83ea-d11c3125b8e4 9bb1686b9b124558af993a65a31c1d27 8ca51966b54141478a3264b0601851cc - - default default] Successfully bumped revision number for resource 1f69295a-4955-4da6-9b6c-3b4c48bad5d4 (type: networks) to 1
2026-05-06 06:09:02.180 10 WARNING neutron.scheduler.dhcp_agent_scheduler [None req-3d34a9f2-af5d-4cf6-83ea-d11c3125b8e4 9bb1686b9b124558af993a65a31c1d27 8ca51966b54141478a3264b0601851cc - - default default] No more DHCP agents
2026-05-06 06:09:02.182 10 WARNING neutron.api.rpc.agentnotifiers.dhcp_rpc_agent_api [None req-3d34a9f2-af5d-4cf6-83ea-d11c3125b8e4 9bb1686b9b124558af993a65a31c1d27 8ca51966b54141478a3264b0601851cc - - default default] Unable to schedule network 1f69295a-4955-4da6-9b6c-3b4c48bad5d4: no agents available; will retry on subsequent port and subnet creation events.
2026-05-06 06:09:02.266 9 INFO neutron.db.ovn_revision_numbers_db [None req-fe91f4d7-b69c-4aeb-bb0a-c6b6b8d3522b ba33ac20c02a44978436f0bf82eee885 326d92d358994d14a7d655a319b7f116 - - default default] Successfully bumped revision number for resource 5cae83a2-eec3-471f-9d62-2762d57e7315 (type: router_ports) to 1
2026-05-06 06:09:02.292 10 INFO neutron.db.ovn_revision_numbers_db [None req-3d34a9f2-af5d-4cf6-83ea-d11c3125b8e4 9bb1686b9b124558af993a65a31c1d27 8ca51966b54141478a3264b0601851cc - - default default] Successfully bumped revision number for resource 95ea012d-fbbe-46a3-842d-1b18147deaab (type: ports) to 1
2026-05-06 06:09:02.325 10 INFO neutron.wsgi [None req-3d34a9f2-af5d-4cf6-83ea-d11c3125b8e4 9bb1686b9b124558af993a65a31c1d27 8ca51966b54141478a3264b0601851cc - - default default] 10.0.0.107 "POST /v2.0/networks HTTP/1.1" status: 201 len: 832 time: 1.0736341
2026-05-06 06:09:02.370 10 INFO neutron.services.segments.plugin [-] Segment 64c6c858-055d-4d3c-979b-9f5a14068e16 resource provider aggregate not found
2026-05-06 06:09:02.391 10 INFO neutron.services.segments.plugin [-] Segment 64c6c858-055d-4d3c-979b-9f5a14068e16 resource provider aggregate not found
2026-05-06 06:09:02.401 10 INFO neutron.services.segments.plugin [-] Segment 64c6c858-055d-4d3c-979b-9f5a14068e16 resource provider not found; error: Placement Client Error (4xx): {"errors": [{"status": 404, "title": "Not Found", "detail": "The resource could not be found.\n\n No resource provider with uuid 64c6c858-055d-4d3c-979b-9f5a14068e16 found for delete ", "request_id": "req-c2b52cca-3bc8-49d7-873d-6755e3a40a18"}]}
2026-05-06 06:09:02.404 9 INFO neutron.db.ovn_revision_numbers_db [None req-fe91f4d7-b69c-4aeb-bb0a-c6b6b8d3522b ba33ac20c02a44978436f0bf82eee885 326d92d358994d14a7d655a319b7f116 - - default default] Successfully bumped revision number for resource 5cae83a2-eec3-471f-9d62-2762d57e7315 (type: ports) to 1
2026-05-06 06:09:02.415 10 INFO neutron.services.segments.plugin [-] Segment 64c6c858-055d-4d3c-979b-9f5a14068e16 resource provider not found; error: Placement Client Error (4xx): {"errors": [{"status": 404, "title": "Not Found", "detail": "The resource could not be found.\n\n No resource provider with uuid 64c6c858-055d-4d3c-979b-9f5a14068e16 found for delete ", "request_id": "req-59cdc44a-c38f-47af-962b-d20f9f2cb616"}]}
2026-05-06 06:09:02.434 10 INFO neutron.wsgi [None req-3c6bf0a9-1436-4f1d-b4bd-2316c97a7bec 270e8126c99640c0bf4206fb440f0008 8b274534e0ec4cd5afc50ea942255d43 - - default default] 10.0.0.107 "DELETE /v2.0/networks/de86244b-a460-4a7b-90ad-9631e6e94036 HTTP/1.1" status: 204 len: 168 time: 0.4684827
2026-05-06 06:09:02.453 10 INFO neutron.db.segments_db [None req-713c077f-e9e8-4eb1-acdb-a1560970794b 9bb1686b9b124558af993a65a31c1d27 8ca51966b54141478a3264b0601851cc - - default default] Added segment 4e0cf4be-95d6-446d-9f14-47f14f0aeecf of type geneve for network 6ee783ea-38f6-495b-93ee-64af82d5439f
2026-05-06 06:09:02.464 9 WARNING neutron.scheduler.dhcp_agent_scheduler [None req-fe91f4d7-b69c-4aeb-bb0a-c6b6b8d3522b ba33ac20c02a44978436f0bf82eee885 326d92d358994d14a7d655a319b7f116 - - default default] No more DHCP agents
2026-05-06 06:09:02.465 9 WARNING neutron.api.rpc.agentnotifiers.dhcp_rpc_agent_api [None req-fe91f4d7-b69c-4aeb-bb0a-c6b6b8d3522b ba33ac20c02a44978436f0bf82eee885 326d92d358994d14a7d655a319b7f116 - - default default] Unable to schedule network dff5e589-29df-411c-88d6-124eb255898e: no agents available; will retry on subsequent port and subnet creation events.
2026-05-06 06:09:02.619 10 INFO neutron.db.ovn_revision_numbers_db [None req-713c077f-e9e8-4eb1-acdb-a1560970794b 9bb1686b9b124558af993a65a31c1d27 8ca51966b54141478a3264b0601851cc - - default default] Successfully bumped revision number for resource 6ee783ea-38f6-495b-93ee-64af82d5439f (type: networks) to 1
2026-05-06 06:09:02.647 10 INFO neutron.wsgi [None req-826b555f-e4e6-4bdc-a276-19a246459dcb 270e8126c99640c0bf4206fb440f0008 8b274534e0ec4cd5afc50ea942255d43 - - default default] 10.0.0.107 "GET /v2.0/security-groups?tenant_id=615f69bd3f204d4db5abf750b44fd2d1&name=default HTTP/1.1" status: 200 len: 2996 time: 0.0392234
2026-05-06 06:09:02.697 9 INFO neutron.db.ovn_revision_numbers_db [None req-fe91f4d7-b69c-4aeb-bb0a-c6b6b8d3522b ba33ac20c02a44978436f0bf82eee885 326d92d358994d14a7d655a319b7f116 - - default default] Successfully bumped revision number for resource 5cae83a2-eec3-471f-9d62-2762d57e7315 (type: router_ports) to 1
2026-05-06 06:09:02.700 9 INFO neutron.wsgi [None req-fe91f4d7-b69c-4aeb-bb0a-c6b6b8d3522b ba33ac20c02a44978436f0bf82eee885 326d92d358994d14a7d655a319b7f116 - - default default] 10.0.0.107 "PUT /v2.0/routers/1578e9fb-b691-4c17-a6b7-567715da2b05/add_router_interface HTTP/1.1" status: 200 len: 503 time: 1.4768038
2026-05-06 06:09:02.804 9 INFO neutron.wsgi [None req-6bd42c0d-b209-4eb9-823b-5c2c3ac16c3b ba33ac20c02a44978436f0bf82eee885 326d92d358994d14a7d655a319b7f116 - - default default] 10.0.0.107 "GET /v2.0/ports/5cae83a2-eec3-471f-9d62-2762d57e7315 HTTP/1.1" status: 200 len: 1135 time: 0.0978396
2026-05-06 06:09:02.833 10 WARNING neutron.scheduler.dhcp_agent_scheduler [None req-713c077f-e9e8-4eb1-acdb-a1560970794b 9bb1686b9b124558af993a65a31c1d27 8ca51966b54141478a3264b0601851cc - - default default] No more DHCP agents
2026-05-06 06:09:02.836 10 WARNING neutron.api.rpc.agentnotifiers.dhcp_rpc_agent_api [None req-713c077f-e9e8-4eb1-acdb-a1560970794b 9bb1686b9b124558af993a65a31c1d27 8ca51966b54141478a3264b0601851cc - - default default] Unable to schedule network 6ee783ea-38f6-495b-93ee-64af82d5439f: no agents available; will retry on subsequent port and subnet creation events.
2026-05-06 06:09:02.850 9 INFO neutron.wsgi [None req-e4dbc891-312f-4978-a224-4229d43dfa8c ba33ac20c02a44978436f0bf82eee885 326d92d358994d14a7d655a319b7f116 - - default default] 10.0.0.107 "GET /v2.0/ports/5cae83a2-eec3-471f-9d62-2762d57e7315 HTTP/1.1" status: 200 len: 1135 time: 0.0409398
2026-05-06 06:09:02.914 10 INFO neutron.db.ovn_revision_numbers_db [None req-713c077f-e9e8-4eb1-acdb-a1560970794b 9bb1686b9b124558af993a65a31c1d27 8ca51966b54141478a3264b0601851cc - - default default] Successfully bumped revision number for resource 46f4b108-83ef-47c6-9e2f-a3c0d5f900e9 (type: ports) to 1
2026-05-06 06:09:02.944 10 INFO neutron.wsgi [None req-7710d044-c3d1-45e8-a508-6815cc7895ba 270e8126c99640c0bf4206fb440f0008 8b274534e0ec4cd5afc50ea942255d43 - - default default] 10.0.0.107 "DELETE /v2.0/security-groups/9bce1c36-1c92-4b1e-b4d4-1532012e12c8 HTTP/1.1" status: 204 len: 168 time: 0.2880785
2026-05-06 06:09:02.950 10 INFO neutron.wsgi [None req-713c077f-e9e8-4eb1-acdb-a1560970794b 9bb1686b9b124558af993a65a31c1d27 8ca51966b54141478a3264b0601851cc - - default default] 10.0.0.107 "POST /v2.0/networks HTTP/1.1" status: 201 len: 832 time: 0.6208198
2026-05-06 06:09:03.188 10 WARNING neutron.scheduler.dhcp_agent_scheduler [None req-52043f76-d6ed-40db-944b-6bbf6306c159 9bb1686b9b124558af993a65a31c1d27 8ca51966b54141478a3264b0601851cc - - default default] No more DHCP agents
2026-05-06 06:09:03.190 10 WARNING neutron.api.rpc.agentnotifiers.dhcp_rpc_agent_api [None req-52043f76-d6ed-40db-944b-6bbf6306c159 9bb1686b9b124558af993a65a31c1d27 8ca51966b54141478a3264b0601851cc - - default default] Unable to schedule network 1f69295a-4955-4da6-9b6c-3b4c48bad5d4: no agents available; will retry on subsequent port and subnet creation events.
2026-05-06 06:09:03.219 10 INFO neutron.db.ovn_revision_numbers_db [None req-52043f76-d6ed-40db-944b-6bbf6306c159 9bb1686b9b124558af993a65a31c1d27 8ca51966b54141478a3264b0601851cc - - default default] Successfully bumped revision number for resource 48394838-bc05-4126-bc6a-75bed59abf5e (type: subnets) to 0
2026-05-06 06:09:03.235 10 INFO neutron.wsgi [None req-52043f76-d6ed-40db-944b-6bbf6306c159 9bb1686b9b124558af993a65a31c1d27 8ca51966b54141478a3264b0601851cc - - default default] 10.0.0.107 "POST /v2.0/subnets HTTP/1.1" status: 201 len: 821 time: 0.2808676
2026-05-06 06:09:03.489 10 WARNING neutron.scheduler.dhcp_agent_scheduler [None req-22acba17-1ff7-4f69-9918-174fd7233076 9bb1686b9b124558af993a65a31c1d27 8ca51966b54141478a3264b0601851cc - - default default] No more DHCP agents
2026-05-06 06:09:03.493 10 WARNING neutron.api.rpc.agentnotifiers.dhcp_rpc_agent_api [None req-22acba17-1ff7-4f69-9918-174fd7233076 9bb1686b9b124558af993a65a31c1d27 8ca51966b54141478a3264b0601851cc - - default default] Unable to schedule network 6ee783ea-38f6-495b-93ee-64af82d5439f: no agents available; will retry on subsequent port and subnet creation events.
2026-05-06 06:09:03.538 10 INFO neutron.db.ovn_revision_numbers_db [None req-22acba17-1ff7-4f69-9918-174fd7233076 9bb1686b9b124558af993a65a31c1d27 8ca51966b54141478a3264b0601851cc - - default default] Successfully bumped revision number for resource ba3bf73e-8f37-4df8-8caf-0f6d52ff0ec7 (type: subnets) to 0
2026-05-06 06:09:03.552 10 INFO neutron.wsgi [None req-22acba17-1ff7-4f69-9918-174fd7233076 9bb1686b9b124558af993a65a31c1d27 8ca51966b54141478a3264b0601851cc - - default default] 10.0.0.107 "POST /v2.0/subnets HTTP/1.1" status: 201 len: 830 time: 0.3115730
2026-05-06 06:09:03.746 9 INFO neutron.db.ovn_revision_numbers_db [None req-bb1eea1e-931a-4810-9c0e-c63cb42df064 9bb1686b9b124558af993a65a31c1d27 8ca51966b54141478a3264b0601851cc - - default default] Successfully bumped revision number for resource 62f6e9a3-165b-4e51-92e1-5d5767ec5b50 (type: routers) to 1
2026-05-06 06:09:03.760 9 INFO neutron.wsgi [None req-bb1eea1e-931a-4810-9c0e-c63cb42df064 9bb1686b9b124558af993a65a31c1d27 8ca51966b54141478a3264b0601851cc - - default default] 10.0.0.107 "POST /v2.0/routers HTTP/1.1" status: 201 len: 691 time: 0.2013421
2026-05-06 06:09:03.943 10 INFO neutron.wsgi [None req-202c3815-79aa-4fa9-8f8b-c1200f8b4e40 ba33ac20c02a44978436f0bf82eee885 326d92d358994d14a7d655a319b7f116 - - default default] 10.0.0.107 "GET /v2.0/ports/5cae83a2-eec3-471f-9d62-2762d57e7315 HTTP/1.1" status: 200 len: 1135 time: 0.0879245
2026-05-06 06:09:04.218 9 WARNING neutron.scheduler.dhcp_agent_scheduler [None req-02b61756-77b7-4078-ae1b-333e46cd3cfc 9bb1686b9b124558af993a65a31c1d27 8ca51966b54141478a3264b0601851cc - - default default] No more DHCP agents
2026-05-06 06:09:04.221 9 WARNING neutron.api.rpc.agentnotifiers.dhcp_rpc_agent_api [None req-02b61756-77b7-4078-ae1b-333e46cd3cfc 9bb1686b9b124558af993a65a31c1d27 8ca51966b54141478a3264b0601851cc - - default default] Unable to schedule network 1f69295a-4955-4da6-9b6c-3b4c48bad5d4: no agents available; will retry on subsequent port and subnet creation events.
2026-05-06 06:09:04.348 9 INFO neutron.db.ovn_revision_numbers_db [None req-02b61756-77b7-4078-ae1b-333e46cd3cfc 9bb1686b9b124558af993a65a31c1d27 8ca51966b54141478a3264b0601851cc - - default default] Successfully bumped revision number for resource 81eb1452-7d38-4114-b453-b07301fcd1e9 (type: ports) to 1
2026-05-06 06:09:04.810 9 INFO neutron.db.ovn_revision_numbers_db [None req-02b61756-77b7-4078-ae1b-333e46cd3cfc 9bb1686b9b124558af993a65a31c1d27 8ca51966b54141478a3264b0601851cc - - default default] Successfully bumped revision number for resource 81eb1452-7d38-4114-b453-b07301fcd1e9 (type: router_ports) to 1
2026-05-06 06:09:04.983 10 INFO neutron.wsgi [None req-bcb1eb4b-a555-478a-baf0-e7be5d55a989 ba33ac20c02a44978436f0bf82eee885 326d92d358994d14a7d655a319b7f116 - - default default] 10.0.0.107 "GET /v2.0/ports/5cae83a2-eec3-471f-9d62-2762d57e7315 HTTP/1.1" status: 200 len: 1135 time: 0.0339417
2026-05-06 06:09:05.389 9 INFO neutron.db.ovn_revision_numbers_db [None req-02b61756-77b7-4078-ae1b-333e46cd3cfc 9bb1686b9b124558af993a65a31c1d27 8ca51966b54141478a3264b0601851cc - - default default] Successfully bumped revision number for resource 81eb1452-7d38-4114-b453-b07301fcd1e9 (type: ports) to 1
2026-05-06 06:09:05.464 9 WARNING neutron.scheduler.dhcp_agent_scheduler [None req-02b61756-77b7-4078-ae1b-333e46cd3cfc 9bb1686b9b124558af993a65a31c1d27 8ca51966b54141478a3264b0601851cc - - default default] No more DHCP agents
2026-05-06 06:09:05.466 9 WARNING neutron.api.rpc.agentnotifiers.dhcp_rpc_agent_api [None req-02b61756-77b7-4078-ae1b-333e46cd3cfc 9bb1686b9b124558af993a65a31c1d27 8ca51966b54141478a3264b0601851cc - - default default] Unable to schedule network 1f69295a-4955-4da6-9b6c-3b4c48bad5d4: no agents available; will retry on subsequent port and subnet creation events.
2026-05-06 06:09:05.654 9 INFO neutron.db.ovn_revision_numbers_db [None req-02b61756-77b7-4078-ae1b-333e46cd3cfc 9bb1686b9b124558af993a65a31c1d27 8ca51966b54141478a3264b0601851cc - - default default] Successfully bumped revision number for resource 81eb1452-7d38-4114-b453-b07301fcd1e9 (type: router_ports) to 1
2026-05-06 06:09:05.658 9 INFO neutron.wsgi [None req-02b61756-77b7-4078-ae1b-333e46cd3cfc 9bb1686b9b124558af993a65a31c1d27 8ca51966b54141478a3264b0601851cc - - default default] 10.0.0.107 "PUT /v2.0/routers/62f6e9a3-165b-4e51-92e1-5d5767ec5b50/add_router_interface HTTP/1.1" status: 200 len: 503 time: 1.8935900
2026-05-06 06:09:05.747 9 INFO neutron.wsgi [None req-0ac7a6cd-ac54-43b6-a4eb-10fb31df12e8 9bb1686b9b124558af993a65a31c1d27 8ca51966b54141478a3264b0601851cc - - default default] 10.0.0.107 "GET /v2.0/ports/81eb1452-7d38-4114-b453-b07301fcd1e9 HTTP/1.1" status: 200 len: 1139 time: 0.0832543
2026-05-06 06:09:06.030 10 INFO neutron.wsgi [None req-91cce9c5-5f22-4879-acbe-a5d44d32cc25 ba33ac20c02a44978436f0bf82eee885 326d92d358994d14a7d655a319b7f116 - - default default] 10.0.0.107 "GET /v2.0/ports/5cae83a2-eec3-471f-9d62-2762d57e7315 HTTP/1.1" status: 200 len: 1135 time: 0.0407267
2026-05-06 06:09:06.210 9 WARNING neutron.scheduler.dhcp_agent_scheduler [None req-6369a58f-6028-4e5a-9957-15b1c03cec12 9bb1686b9b124558af993a65a31c1d27 8ca51966b54141478a3264b0601851cc - - default default] No more DHCP agents
2026-05-06 06:09:06.214 9 WARNING neutron.api.rpc.agentnotifiers.dhcp_rpc_agent_api [None req-6369a58f-6028-4e5a-9957-15b1c03cec12 9bb1686b9b124558af993a65a31c1d27 8ca51966b54141478a3264b0601851cc - - default default] Unable to schedule network 6ee783ea-38f6-495b-93ee-64af82d5439f: no agents available; will retry on subsequent port and subnet creation events.
2026-05-06 06:09:06.319 9 INFO neutron.db.ovn_revision_numbers_db [None req-6369a58f-6028-4e5a-9957-15b1c03cec12 9bb1686b9b124558af993a65a31c1d27 8ca51966b54141478a3264b0601851cc - - default default] Successfully bumped revision number for resource 75713b0d-fbb3-452a-9ffb-38f8ea80ca30 (type: ports) to 1
2026-05-06 06:09:06.401 9 WARNING neutron.plugins.ml2.drivers.ovn.mech_driver.ovsdb.ovn_client [None req-1fca42ed-ddf7-4939-899d-3b4dc4239d5b - - - - - -] No hosting information found for port 5648e54a-a226-40eb-9fe6-60d9f80814f3: RuntimeError: No hosting information found for port 5648e54a-a226-40eb-9fe6-60d9f80814f3
2026-05-06 06:09:06.401 9 INFO neutron.plugins.ml2.drivers.ovn.mech_driver.mech_driver [None req-1fca42ed-ddf7-4939-899d-3b4dc4239d5b - - - - - -] OVN reports status up for port: 5cae83a2-eec3-471f-9d62-2762d57e7315
2026-05-06 06:09:06.411 9 INFO neutron.plugins.ml2.plugin [None req-1fca42ed-ddf7-4939-899d-3b4dc4239d5b - - - - - -] Attempt 1 to provision port 5cae83a2-eec3-471f-9d62-2762d57e7315
2026-05-06 06:09:06.797 9 INFO neutron.db.ovn_revision_numbers_db [None req-1fca42ed-ddf7-4939-899d-3b4dc4239d5b - - - - - -] Successfully bumped revision number for resource 5cae83a2-eec3-471f-9d62-2762d57e7315 (type: ports) to 2
2026-05-06 06:09:06.898 9 INFO neutron.db.ovn_revision_numbers_db [None req-6369a58f-6028-4e5a-9957-15b1c03cec12 9bb1686b9b124558af993a65a31c1d27 8ca51966b54141478a3264b0601851cc - - default default] Successfully bumped revision number for resource 75713b0d-fbb3-452a-9ffb-38f8ea80ca30 (type: router_ports) to 1
2026-05-06 06:09:06.951 9 INFO neutron.db.ovn_revision_numbers_db [None req-1fca42ed-ddf7-4939-899d-3b4dc4239d5b - - - - - -] Successfully bumped revision number for resource 5cae83a2-eec3-471f-9d62-2762d57e7315 (type: router_ports) to 2
2026-05-06 06:09:07.013 9 INFO neutron.db.ovn_revision_numbers_db [None req-6369a58f-6028-4e5a-9957-15b1c03cec12 9bb1686b9b124558af993a65a31c1d27 8ca51966b54141478a3264b0601851cc - - default default] Successfully bumped revision number for resource 75713b0d-fbb3-452a-9ffb-38f8ea80ca30 (type: ports) to 1
2026-05-06 06:09:07.069 10 INFO neutron.wsgi [None req-6ebcdda4-c255-4a48-bce3-9eef431f4baf ba33ac20c02a44978436f0bf82eee885 326d92d358994d14a7d655a319b7f116 - - default default] 10.0.0.107 "GET /v2.0/ports/5cae83a2-eec3-471f-9d62-2762d57e7315 HTTP/1.1" status: 200 len: 1137 time: 0.0338960
2026-05-06 06:09:07.074 9 WARNING neutron.scheduler.dhcp_agent_scheduler [None req-6369a58f-6028-4e5a-9957-15b1c03cec12 9bb1686b9b124558af993a65a31c1d27 8ca51966b54141478a3264b0601851cc - - default default] No more DHCP agents
2026-05-06 06:09:07.076 9 WARNING neutron.api.rpc.agentnotifiers.dhcp_rpc_agent_api [None req-6369a58f-6028-4e5a-9957-15b1c03cec12 9bb1686b9b124558af993a65a31c1d27 8ca51966b54141478a3264b0601851cc - - default default] Unable to schedule network 6ee783ea-38f6-495b-93ee-64af82d5439f: no agents available; will retry on subsequent port and subnet creation events.
2026-05-06 06:09:07.277 9 INFO neutron.db.ovn_revision_numbers_db [None req-6369a58f-6028-4e5a-9957-15b1c03cec12 9bb1686b9b124558af993a65a31c1d27 8ca51966b54141478a3264b0601851cc - - default default] Successfully bumped revision number for resource 75713b0d-fbb3-452a-9ffb-38f8ea80ca30 (type: router_ports) to 1
2026-05-06 06:09:07.280 9 INFO neutron.wsgi [None req-6369a58f-6028-4e5a-9957-15b1c03cec12 9bb1686b9b124558af993a65a31c1d27 8ca51966b54141478a3264b0601851cc - - default default] 10.0.0.107 "PUT /v2.0/routers/62f6e9a3-165b-4e51-92e1-5d5767ec5b50/add_router_interface HTTP/1.1" status: 200 len: 503 time: 1.5282521
2026-05-06 06:09:07.379 9 INFO neutron.wsgi [None req-5f85d9ff-081a-43a9-b32d-c29448bc39ca 9bb1686b9b124558af993a65a31c1d27 8ca51966b54141478a3264b0601851cc - - default default] 10.0.0.107 "GET /v2.0/ports/75713b0d-fbb3-452a-9ffb-38f8ea80ca30 HTTP/1.1" status: 200 len: 1147 time: 0.0929430
2026-05-06 06:09:07.427 9 INFO neutron.wsgi [None req-48990843-e3a4-49ba-91f0-5e1f643ec230 9bb1686b9b124558af993a65a31c1d27 8ca51966b54141478a3264b0601851cc - - default default] 10.0.0.107 "GET /v2.0/ports/75713b0d-fbb3-452a-9ffb-38f8ea80ca30 HTTP/1.1" status: 200 len: 1147 time: 0.0423958
2026-05-06 06:09:07.715 10 INFO neutron.wsgi [None req-98b368ee-6434-448c-94df-2b6e5fa0e966 ba33ac20c02a44978436f0bf82eee885 326d92d358994d14a7d655a319b7f116 - - default default] 10.0.0.107 "PUT /v2.0/routers/1578e9fb-b691-4c17-a6b7-567715da2b05/remove_router_interface HTTP/1.1" status: 200 len: 503 time: 0.6402426
2026-05-06 06:09:07.813 9 INFO neutron.wsgi [None req-38a4620e-9053-48a3-b32d-fb73ce41f267 ba33ac20c02a44978436f0bf82eee885 326d92d358994d14a7d655a319b7f116 - - default default] 10.0.0.107 "GET /v2.0/ports/5648e54a-a226-40eb-9fe6-60d9f80814f3 HTTP/1.1" status: 200 len: 1137 time: 0.0923967
2026-05-06 06:09:07.954 10 INFO neutron.wsgi [-] 10.0.0.181 "GET / HTTP/1.1" status: 200 len: 247 time: 0.0036178
2026-05-06 06:09:07.958 10 INFO neutron.wsgi [-] 10.0.0.181 "GET / HTTP/1.1" status: 200 len: 247 time: 0.0025015
2026-05-06 06:09:08.385 9 INFO neutron.wsgi [None req-b7ed33f0-77a6-4abd-bc94-0bf9cedf371c ba33ac20c02a44978436f0bf82eee885 326d92d358994d14a7d655a319b7f116 - - default default] 10.0.0.107 "PUT /v2.0/routers/1578e9fb-b691-4c17-a6b7-567715da2b05/remove_router_interface HTTP/1.1" status: 200 len: 503 time: 0.5673637 /var/lib/openstack/lib/python3.10/site-packages/pycadf/identifier.py:71: UserWarning: Invalid uuid: neutron. To ensure interoperability, identifiers should be a valid uuid. warnings.warn(('Invalid uuid: %s. To ensure interoperability, '
2026-05-06 06:09:08.412 9 INFO neutron.wsgi [None req-adad85bc-468f-4327-a1f7-efe9af5261fc ba33ac20c02a44978436f0bf82eee885 326d92d358994d14a7d655a319b7f116 - - default default] 10.0.0.107 "GET /v2.0/ports?device_id=1578e9fb-b691-4c17-a6b7-567715da2b05 HTTP/1.1" status: 200 len: 205 time: 0.0219622
2026-05-06 06:09:08.480 9 INFO neutron.wsgi [None req-110605ac-29c0-42d4-a408-341e0960c222 9bb1686b9b124558af993a65a31c1d27 8ca51966b54141478a3264b0601851cc - - default default] 10.0.0.107 "GET /v2.0/ports/75713b0d-fbb3-452a-9ffb-38f8ea80ca30 HTTP/1.1" status: 200 len: 1147 time: 0.0386593
2026-05-06 06:09:08.661 9 INFO neutron.wsgi [None req-df158fa2-9d05-4586-bfe1-97d29dc7ab58 ba33ac20c02a44978436f0bf82eee885 326d92d358994d14a7d655a319b7f116 - - default default] 10.0.0.107 "DELETE /v2.0/routers/1578e9fb-b691-4c17-a6b7-567715da2b05 HTTP/1.1" status: 204 len: 168 time: 0.2443428 /var/lib/openstack/lib/python3.10/site-packages/pycadf/identifier.py:71: UserWarning: Invalid uuid: neutron. To ensure interoperability, identifiers should be a valid uuid. warnings.warn(('Invalid uuid: %s. To ensure interoperability, '
2026-05-06 06:09:08.838 10 INFO neutron.db.ovn_revision_numbers_db [None req-d7b329d8-57c4-4b5a-9367-33e77e3520b9 270e8126c99640c0bf4206fb440f0008 8b274534e0ec4cd5afc50ea942255d43 - - default default] Successfully bumped revision number for resource 7c50b84f-5921-4089-9c0a-7eb59d7cb29c (type: security_groups) to 1
2026-05-06 06:09:08.853 10 INFO neutron.db.ovn_revision_numbers_db [None req-d7b329d8-57c4-4b5a-9367-33e77e3520b9 270e8126c99640c0bf4206fb440f0008 8b274534e0ec4cd5afc50ea942255d43 - - default default] Successfully bumped revision number for resource 08010f52-c9dc-4bd7-b3f0-837fdae15fcc (type: security_group_rules) to 0
2026-05-06 06:09:08.867 10 INFO neutron.db.ovn_revision_numbers_db [None req-d7b329d8-57c4-4b5a-9367-33e77e3520b9 270e8126c99640c0bf4206fb440f0008 8b274534e0ec4cd5afc50ea942255d43 - - default default] Successfully bumped revision number for resource 4e1fb1d1-daad-4b46-9091-7687be40b4f1 (type: security_group_rules) to 0
2026-05-06 06:09:08.881 10 INFO neutron.db.ovn_revision_numbers_db [None req-d7b329d8-57c4-4b5a-9367-33e77e3520b9 270e8126c99640c0bf4206fb440f0008 8b274534e0ec4cd5afc50ea942255d43 - - default default] Successfully bumped revision number for resource 6e62ec79-a8c0-4962-bb05-5499429adc16 (type: security_group_rules) to 0
2026-05-06 06:09:08.888 9 INFO neutron.wsgi [None req-8d7c9c3d-62bd-4563-9eea-951908dc9ef7 ba33ac20c02a44978436f0bf82eee885 326d92d358994d14a7d655a319b7f116 - - default default] 10.0.0.107 "DELETE /v2.0/subnets/66e1ab4a-f40e-4d04-8d5d-14fa062fe069 HTTP/1.1" status: 204 len: 168 time: 0.2221766
2026-05-06 06:09:08.896 10 INFO neutron.db.ovn_revision_numbers_db [None req-d7b329d8-57c4-4b5a-9367-33e77e3520b9 270e8126c99640c0bf4206fb440f0008 8b274534e0ec4cd5afc50ea942255d43 - - default default] Successfully bumped revision number for resource a1fa9859-35d7-4234-a762-3a69afa31ff9 (type: security_group_rules) to 0
2026-05-06 06:09:08.918 10 INFO neutron.wsgi [None req-d7b329d8-57c4-4b5a-9367-33e77e3520b9 270e8126c99640c0bf4206fb440f0008 8b274534e0ec4cd5afc50ea942255d43 - - default default] 10.0.0.107 "GET /v2.0/security-groups?tenant_id=cff78ab3c6674a4bb057177e73ee9e9f&name=default HTTP/1.1" status: 200 len: 2996 time: 0.3355250
2026-05-06 06:09:09.103 10 INFO neutron.wsgi [None req-74265c43-528e-4f8c-a21f-0ae774f56f8c 270e8126c99640c0bf4206fb440f0008 8b274534e0ec4cd5afc50ea942255d43 - - default default] 10.0.0.107 "DELETE /v2.0/security-groups/7c50b84f-5921-4089-9c0a-7eb59d7cb29c HTTP/1.1" status: 204 len: 168 time: 0.1805389
2026-05-06 06:09:09.300 9 INFO neutron.wsgi [None req-57e53fe1-4481-4c78-8a1c-dbf11fcca7dd ba33ac20c02a44978436f0bf82eee885 326d92d358994d14a7d655a319b7f116 - - default default] 10.0.0.107 "DELETE /v2.0/subnets/3bec7e2e-66e9-4f99-b8cf-3a81f95b6161 HTTP/1.1" status: 204 len: 168 time: 0.4074929
2026-05-06 06:09:09.348 10 INFO neutron.db.ovn_revision_numbers_db [None req-3ac4453a-88d1-4cdb-96d1-1ae1e83f6cb6 270e8126c99640c0bf4206fb440f0008 8b274534e0ec4cd5afc50ea942255d43 - - default default] Successfully bumped revision number for resource 18a9a980-f957-4d2a-b809-168b2db1d389 (type: security_groups) to 1
2026-05-06 06:09:09.364 10 INFO neutron.db.ovn_revision_numbers_db [None req-3ac4453a-88d1-4cdb-96d1-1ae1e83f6cb6 270e8126c99640c0bf4206fb440f0008 8b274534e0ec4cd5afc50ea942255d43 - - default default] Successfully bumped revision number for resource 11d91b60-35c3-4ec3-8401-c35b0cd84583 (type: security_group_rules) to 0
2026-05-06 06:09:09.380 10 INFO neutron.db.ovn_revision_numbers_db [None req-3ac4453a-88d1-4cdb-96d1-1ae1e83f6cb6 270e8126c99640c0bf4206fb440f0008 8b274534e0ec4cd5afc50ea942255d43 - - default default] Successfully bumped revision number for resource 34730656-33c6-408c-a0b2-1d5e3c120345 (type: security_group_rules) to 0
2026-05-06 06:09:09.395 10 INFO neutron.db.ovn_revision_numbers_db [None req-3ac4453a-88d1-4cdb-96d1-1ae1e83f6cb6 270e8126c99640c0bf4206fb440f0008 8b274534e0ec4cd5afc50ea942255d43 - - default default] Successfully bumped revision number for resource 5669b3d8-4157-4e58-b0d5-80f4fc8b86ba (type: security_group_rules) to 0
2026-05-06 06:09:09.406 10 INFO neutron.db.ovn_revision_numbers_db [None req-3ac4453a-88d1-4cdb-96d1-1ae1e83f6cb6 270e8126c99640c0bf4206fb440f0008 8b274534e0ec4cd5afc50ea942255d43 - - default default] Successfully bumped revision number for resource 9cf61a5d-9e67-45c0-9170-3129ff82332e (type: security_group_rules) to 0
2026-05-06 06:09:09.428 10 INFO neutron.wsgi [None req-3ac4453a-88d1-4cdb-96d1-1ae1e83f6cb6 270e8126c99640c0bf4206fb440f0008 8b274534e0ec4cd5afc50ea942255d43 - - default default] 10.0.0.107 "GET /v2.0/security-groups?tenant_id=cdf1a67c5d724b5fa4824b2a673d10dd&name=default HTTP/1.1" status: 200 len: 2996 time: 0.1961739
2026-05-06 06:09:09.518 9 INFO neutron.wsgi [None req-9b75abb5-aee4-4b8a-a48b-9c1a6a345b88 9bb1686b9b124558af993a65a31c1d27 8ca51966b54141478a3264b0601851cc - - default default] 10.0.0.107 "GET /v2.0/ports/75713b0d-fbb3-452a-9ffb-38f8ea80ca30 HTTP/1.1" status: 200 len: 1147 time: 0.0318696
2026-05-06 06:09:09.615 10 INFO neutron.wsgi [None req-7c983132-c63a-42fb-b080-c52ce52da8bf 270e8126c99640c0bf4206fb440f0008 8b274534e0ec4cd5afc50ea942255d43 - - default default] 10.0.0.107 "DELETE /v2.0/security-groups/18a9a980-f957-4d2a-b809-168b2db1d389 HTTP/1.1" status: 204 len: 168 time: 0.1824677
2026-05-06 06:09:09.694 9 INFO neutron.services.segments.plugin [-] Segment b7d0494b-e241-497d-8035-4c5f0c6d3a9b resource provider aggregate not found
2026-05-06 06:09:09.702 9 INFO neutron.services.segments.plugin [-] Segment b7d0494b-e241-497d-8035-4c5f0c6d3a9b resource provider aggregate not found
2026-05-06 06:09:09.722 9 INFO neutron.services.segments.plugin [-] Segment b7d0494b-e241-497d-8035-4c5f0c6d3a9b resource provider not found; error: Placement Client Error (4xx): {"errors": [{"status": 404, "title": "Not Found", "detail": "The resource could not be found.\n\n No resource provider with uuid b7d0494b-e241-497d-8035-4c5f0c6d3a9b found for delete ", "request_id": "req-420cb726-82e9-4f0a-90ac-de408d8fa590"}]}
2026-05-06 06:09:09.731 9 INFO neutron.services.segments.plugin [-] Segment b7d0494b-e241-497d-8035-4c5f0c6d3a9b resource provider not found; error: Placement Client Error (4xx): {"errors": [{"status": 404, "title": "Not Found", "detail": "The resource could not be found.\n\n No resource provider with uuid b7d0494b-e241-497d-8035-4c5f0c6d3a9b found for delete ", "request_id": "req-54262a2c-84a0-4b62-80fc-9f3634099e1e"}]}
2026-05-06 06:09:09.764 9 INFO neutron.wsgi [None req-b11126bc-d7b0-40b3-b32c-2b026b938360 ba33ac20c02a44978436f0bf82eee885 326d92d358994d14a7d655a319b7f116 - - default default] 10.0.0.107 "DELETE /v2.0/networks/dff5e589-29df-411c-88d6-124eb255898e HTTP/1.1" status: 204 len: 168 time: 0.4586806
2026-05-06 06:09:09.958 9 INFO neutron.wsgi [req-ed34d805-9cb1-4629-afdb-d5badd2923e2 req-c0ce4a01-86da-4bfd-b6de-7e8a695b661a 120372f8f5a84ce4a95b6bf6c77dd802 cebf464594b14c8a99ec438588facc58 - - e0cb39f46a7f4fbcb7c65298a0ad7f9a e0cb39f46a7f4fbcb7c65298a0ad7f9a] 10.0.0.195 "GET /v2.0/ports?device_id=efc080a7-f43b-4007-ac66-03a3d2501c7a HTTP/1.1" status: 200 len: 1413 time: 0.1702013
2026-05-06 06:09:09.972 10 INFO neutron.wsgi [None req-1402cd93-ed3a-4205-b5bc-9dd66cb091d5 270e8126c99640c0bf4206fb440f0008 8b274534e0ec4cd5afc50ea942255d43 - - default default] 10.0.0.90 "GET /v2.0/subnets HTTP/1.1" status: 200 len: 3363 time: 0.1016243
2026-05-06 06:09:09.998 9 INFO neutron.wsgi [req-ed34d805-9cb1-4629-afdb-d5badd2923e2 req-90129cff-5209-4d36-9aad-2f3d456d1304 120372f8f5a84ce4a95b6bf6c77dd802 cebf464594b14c8a99ec438588facc58 - - e0cb39f46a7f4fbcb7c65298a0ad7f9a e0cb39f46a7f4fbcb7c65298a0ad7f9a] 10.0.0.195 "GET /v2.0/security-groups?id=1366c92a-ca20-4d58-8e74-2d7dd9f3e68d&fields=id&fields=name HTTP/1.1" status: 200 len: 310 time: 0.0309978
2026-05-06 06:09:10.007 10 INFO neutron.wsgi [None req-596c6f77-f21e-4350-aad4-1fdb1f77d7db 270e8126c99640c0bf4206fb440f0008 8b274534e0ec4cd5afc50ea942255d43 - - default default] 10.0.0.90 "GET /v2.0/subnets HTTP/1.1" status: 200 len: 3363 time: 0.0330889
2026-05-06 06:09:10.019 10 INFO neutron.wsgi [None req-c84ee45f-b333-4fcf-b139-b71613d643ba 270e8126c99640c0bf4206fb440f0008 8b274534e0ec4cd5afc50ea942255d43 - - default default] 10.0.0.90 "GET /v2.0/subnetpools HTTP/1.1" status: 200 len: 193 time: 0.0095994
2026-05-06 06:09:10.089 10 INFO neutron.wsgi [None req-3addebff-da28-469d-83d7-c9ae897bdc5f 270e8126c99640c0bf4206fb440f0008 8b274534e0ec4cd5afc50ea942255d43 - - default default] 10.0.0.90 "GET /v2.0/networks HTTP/1.1" status: 200 len: 5306 time: 0.0700798
2026-05-06 06:09:10.137 10 INFO neutron.wsgi [None req-8452a6af-14e4-4c92-9660-2609fce35e73 270e8126c99640c0bf4206fb440f0008 8b274534e0ec4cd5afc50ea942255d43 - - default default] 10.0.0.90 "GET /v2.0/ports HTTP/1.1" status: 200 len: 14647 time: 0.0410118
2026-05-06 06:09:10.434 10 INFO neutron.services.segments.plugin [-] Segment 9e06f7da-4318-4331-95c9-aaefe9fda0b6 resource provider aggregate not found
2026-05-06 06:09:10.439 10 INFO neutron.services.segments.plugin [-] Segment 9e06f7da-4318-4331-95c9-aaefe9fda0b6 resource provider aggregate not found
2026-05-06 06:09:10.456 10 INFO neutron.services.segments.plugin [-] Segment 9e06f7da-4318-4331-95c9-aaefe9fda0b6 resource provider not found; error: Placement Client Error (4xx): {"errors": [{"status": 404, "title": "Not Found", "detail": "The resource could not be found.\n\n No resource provider with uuid 9e06f7da-4318-4331-95c9-aaefe9fda0b6 found for delete ", "request_id": "req-51474aa9-b3ac-49c4-9d61-c4ddf26363f2"}]}
2026-05-06 06:09:10.457 10 INFO neutron.services.segments.plugin [-] Segment 9e06f7da-4318-4331-95c9-aaefe9fda0b6 resource provider not found; error: Placement Client Error (4xx): {"errors": [{"status": 404, "title": "Not Found", "detail": "The resource could not be found.\n\n No resource provider with uuid 9e06f7da-4318-4331-95c9-aaefe9fda0b6 found for delete ", "request_id": "req-8372a064-3c05-4cd6-b0fb-2966563e8811"}]}
2026-05-06 06:09:10.467 10 INFO neutron.wsgi [None req-96cc51ce-1642-4412-824f-b4dcc8084f0a 270e8126c99640c0bf4206fb440f0008 8b274534e0ec4cd5afc50ea942255d43 - - default default] 10.0.0.90 "GET /v2.0/routers HTTP/1.1" status: 200 len: 1351 time: 0.3213933
2026-05-06 06:09:10.478 10 INFO neutron.wsgi [None req-87001e10-af6e-4668-b80a-a81c651ad817 270e8126c99640c0bf4206fb440f0008 8b274534e0ec4cd5afc50ea942255d43 - - default default] 10.0.0.90 "GET /v2.0/agents?binary=ovn-controller HTTP/1.1" status: 200 len: 591 time: 0.0096788
2026-05-06 06:09:10.484 10 INFO neutron.wsgi [None req-b5c29476-717e-428d-8f6f-7a8184f06d25 ba33ac20c02a44978436f0bf82eee885 326d92d358994d14a7d655a319b7f116 - - default default] 10.0.0.107 "DELETE /v2.0/networks/3a37d8f9-fb93-4eb0-9f23-f8ecf592a4e8 HTTP/1.1" status: 204 len: 168 time: 0.7143502
2026-05-06 06:09:10.498 10 INFO neutron.wsgi [None req-79089ce8-b4ca-41a2-b274-95b4ac84d9d6 270e8126c99640c0bf4206fb440f0008 8b274534e0ec4cd5afc50ea942255d43 - - default default] 10.0.0.90 "GET /v2.0/agents HTTP/1.1" status: 200 len: 997 time: 0.0179715
2026-05-06 06:09:10.513 10 INFO neutron.wsgi [None req-1ec00af7-4b62-4cfc-9fc8-a17b9d077270 270e8126c99640c0bf4206fb440f0008 8b274534e0ec4cd5afc50ea942255d43 - - default default] 10.0.0.90 "GET /v2.0/network-ip-availabilities HTTP/1.1" status: 200 len: 2664 time: 0.0141544
2026-05-06 06:09:10.554 10 INFO neutron.wsgi [None req-ec9426e2-107d-4ed7-b2d7-ba5de9267624 270e8126c99640c0bf4206fb440f0008 8b274534e0ec4cd5afc50ea942255d43 - - default default] 10.0.0.90 "GET /v2.0/floatingips HTTP/1.1" status: 200 len: 1036 time: 0.0388808
2026-05-06 06:09:10.558 9 INFO neutron.wsgi [None req-d46530c3-b9b8-4d78-97de-72f90bfd9b64 9bb1686b9b124558af993a65a31c1d27 8ca51966b54141478a3264b0601851cc - - default default] 10.0.0.107 "GET /v2.0/ports/75713b0d-fbb3-452a-9ffb-38f8ea80ca30 HTTP/1.1" status: 200 len: 1147 time: 0.0318139
2026-05-06 06:09:10.595 9 INFO neutron.db.segments_db [None req-533abf3e-41fa-41f0-b84c-8c8c5abd6628 ba33ac20c02a44978436f0bf82eee885 326d92d358994d14a7d655a319b7f116 - - default default] Added segment bfa55368-1e17-40ce-80d5-2bff54b8dba9 of type geneve for network 7634fe1a-9629-4c5a-8efc-1c92d14b41d9
2026-05-06 06:09:10.614 10 INFO neutron.wsgi [None req-c0152e56-6c04-4481-93e6-9af402f4d9de 270e8126c99640c0bf4206fb440f0008 8b274534e0ec4cd5afc50ea942255d43 - - default default] 10.0.0.90 "GET /v2.0/security-groups HTTP/1.1" status: 200 len: 27882 time: 0.0580812
2026-05-06 06:09:10.739 9 INFO neutron.db.ovn_revision_numbers_db [None req-533abf3e-41fa-41f0-b84c-8c8c5abd6628 ba33ac20c02a44978436f0bf82eee885 326d92d358994d14a7d655a319b7f116 - - default default] Successfully bumped revision number for resource 7634fe1a-9629-4c5a-8efc-1c92d14b41d9 (type: networks) to 1
2026-05-06 06:09:10.934 9 WARNING neutron.scheduler.dhcp_agent_scheduler [None req-533abf3e-41fa-41f0-b84c-8c8c5abd6628 ba33ac20c02a44978436f0bf82eee885 326d92d358994d14a7d655a319b7f116 - - default default] No more DHCP agents
2026-05-06 06:09:10.938 9 WARNING neutron.api.rpc.agentnotifiers.dhcp_rpc_agent_api [None req-533abf3e-41fa-41f0-b84c-8c8c5abd6628 ba33ac20c02a44978436f0bf82eee885 326d92d358994d14a7d655a319b7f116 - - default default] Unable to schedule network 7634fe1a-9629-4c5a-8efc-1c92d14b41d9: no agents available; will retry on subsequent port and subnet creation events.
2026-05-06 06:09:11.021 9 INFO neutron.db.ovn_revision_numbers_db [None req-533abf3e-41fa-41f0-b84c-8c8c5abd6628 ba33ac20c02a44978436f0bf82eee885 326d92d358994d14a7d655a319b7f116 - - default default] Successfully bumped revision number for resource 93d8729f-7458-4a02-8e4a-0bef14c98c99 (type: ports) to 1
2026-05-06 06:09:11.045 9 INFO neutron.wsgi [None req-533abf3e-41fa-41f0-b84c-8c8c5abd6628 ba33ac20c02a44978436f0bf82eee885 326d92d358994d14a7d655a319b7f116 - - default default] 10.0.0.107 "POST /v2.0/networks HTTP/1.1" status: 201 len: 829 time: 0.5525720
2026-05-06 06:09:11.297 9 WARNING neutron.scheduler.dhcp_agent_scheduler [None req-05f6036a-b7dc-4f94-b72d-535a7d40997f ba33ac20c02a44978436f0bf82eee885 326d92d358994d14a7d655a319b7f116 - - default default] No more DHCP agents
2026-05-06 06:09:11.299 9 WARNING neutron.api.rpc.agentnotifiers.dhcp_rpc_agent_api [None req-05f6036a-b7dc-4f94-b72d-535a7d40997f ba33ac20c02a44978436f0bf82eee885 326d92d358994d14a7d655a319b7f116 - - default default] Unable to schedule network 7634fe1a-9629-4c5a-8efc-1c92d14b41d9: no agents available; will retry on subsequent port and subnet creation events.
2026-05-06 06:09:11.646 10 INFO neutron.wsgi [None req-35413228-179e-429b-8dec-2170a4dec282 9bb1686b9b124558af993a65a31c1d27 8ca51966b54141478a3264b0601851cc - - default default] 10.0.0.107 "GET /v2.0/ports/75713b0d-fbb3-452a-9ffb-38f8ea80ca30 HTTP/1.1" status: 200 len: 1147 time: 0.0799878
2026-05-06 06:09:11.825 9 INFO neutron.db.ovn_revision_numbers_db [None req-05f6036a-b7dc-4f94-b72d-535a7d40997f ba33ac20c02a44978436f0bf82eee885 326d92d358994d14a7d655a319b7f116 - - default default] Successfully bumped revision number for resource 93d8729f-7458-4a02-8e4a-0bef14c98c99 (type: ports) to 2
