2026-05-06 06:09:52.237 10 INFO neutron.wsgi [req-eceb23ec-99fa-49b8-ab16-623e6891b9ea req-28bf1956-ff6a-4171-82db-24f567e82d37 120372f8f5a84ce4a95b6bf6c77dd802 cebf464594b14c8a99ec438588facc58 - - e0cb39f46a7f4fbcb7c65298a0ad7f9a e0cb39f46a7f4fbcb7c65298a0ad7f9a] 199.19.213.86 "GET /v2.0/networks/6c5ddb65-df94-485c-80de-d1cbe93fb3de?fields=provider%3Aphysical_network&fields=provider%3Anetwork_type HTTP/1.1" status: 200 len: 277 time: 0.0773804
2026-05-06 06:09:52.303 9 INFO neutron.db.ovn_revision_numbers_db [req-7c82670a-f4d3-4a64-a2de-bf5ed664df42 req-d4cc7ad4-6e78-4f52-9a54-6bac2f4dc9f0 120372f8f5a84ce4a95b6bf6c77dd802 cebf464594b14c8a99ec438588facc58 - - e0cb39f46a7f4fbcb7c65298a0ad7f9a e0cb39f46a7f4fbcb7c65298a0ad7f9a] Successfully bumped revision number for resource 4105d018-874f-4418-8cbf-14377c4deaf7 (type: ports) to 2
2026-05-06 06:09:52.497 10 INFO neutron.db.ovn_revision_numbers_db [None req-e17c3820-502b-40ba-9298-157e4590bd0e 270e8126c99640c0bf4206fb440f0008 8b274534e0ec4cd5afc50ea942255d43 - - default default] Successfully bumped revision number for resource a134cbfc-0bec-4448-8ce2-9263d5bc7612 (type: security_groups) to 1
2026-05-06 06:09:52.510 10 INFO neutron.db.ovn_revision_numbers_db [None req-e17c3820-502b-40ba-9298-157e4590bd0e 270e8126c99640c0bf4206fb440f0008 8b274534e0ec4cd5afc50ea942255d43 - - default default] Successfully bumped revision number for resource 5fbbc8c2-3709-47a7-b032-6e0ad03608ca (type: security_group_rules) to 0
2026-05-06 06:09:52.523 10 INFO neutron.db.ovn_revision_numbers_db [None req-e17c3820-502b-40ba-9298-157e4590bd0e 270e8126c99640c0bf4206fb440f0008 8b274534e0ec4cd5afc50ea942255d43 - - default default] Successfully bumped revision number for resource 6fbf972d-d07a-4346-8478-18b5f33dc051 (type: security_group_rules) to 0
2026-05-06 06:09:52.524 9 INFO neutron.db.ovn_revision_numbers_db [req-7c82670a-f4d3-4a64-a2de-bf5ed664df42 req-d4cc7ad4-6e78-4f52-9a54-6bac2f4dc9f0 120372f8f5a84ce4a95b6bf6c77dd802 cebf464594b14c8a99ec438588facc58 - - e0cb39f46a7f4fbcb7c65298a0ad7f9a e0cb39f46a7f4fbcb7c65298a0ad7f9a] Successfully bumped revision number for resource 4105d018-874f-4418-8cbf-14377c4deaf7 (type: ports) to 2
2026-05-06 06:09:52.539 10 INFO neutron.db.ovn_revision_numbers_db [None req-e17c3820-502b-40ba-9298-157e4590bd0e 270e8126c99640c0bf4206fb440f0008 8b274534e0ec4cd5afc50ea942255d43 - - default default] Successfully bumped revision number for resource d16cc365-9f63-4602-bb36-0c5ab13a27bd (type: security_group_rules) to 0
2026-05-06 06:09:52.544 9 INFO neutron.wsgi [req-7c82670a-f4d3-4a64-a2de-bf5ed664df42 req-d4cc7ad4-6e78-4f52-9a54-6bac2f4dc9f0 120372f8f5a84ce4a95b6bf6c77dd802 cebf464594b14c8a99ec438588facc58 - - e0cb39f46a7f4fbcb7c65298a0ad7f9a e0cb39f46a7f4fbcb7c65298a0ad7f9a] 199.19.213.86 "PUT /v2.0/ports/4105d018-874f-4418-8cbf-14377c4deaf7 HTTP/1.1" status: 200 len: 1380 time: 0.6897206
2026-05-06 06:09:52.552 10 INFO neutron.db.ovn_revision_numbers_db [None req-e17c3820-502b-40ba-9298-157e4590bd0e 270e8126c99640c0bf4206fb440f0008 8b274534e0ec4cd5afc50ea942255d43 - - default default] Successfully bumped revision number for resource fb00a1ab-9a58-43fc-94bd-fb9b600e0ed0 (type: security_group_rules) to 0
2026-05-06 06:09:52.576 9 INFO neutron.notifiers.nova [-] Nova event matching ['req-ce9ee8a5-21ab-4aa1-8417-d39fdd82a092'] response: {'name': 'network-changed', 'server_uuid': 'c8a1bd51-7b1a-4f48-a362-7ee3db791de4', 'tag': '4105d018-874f-4418-8cbf-14377c4deaf7', 'status': 'completed', 'code': 200}
2026-05-06 06:09:52.577 10 INFO neutron.wsgi [None req-e17c3820-502b-40ba-9298-157e4590bd0e 270e8126c99640c0bf4206fb440f0008 8b274534e0ec4cd5afc50ea942255d43 - - default default] 10.0.0.107 "GET /v2.0/security-groups?tenant_id=5eb22a397d1b4d17befe220c0b7173cc&name=default HTTP/1.1" status: 200 len: 2996 time: 0.3498251 /var/lib/openstack/lib/python3.10/site-packages/pycadf/identifier.py:71: UserWarning: Invalid uuid: neutron. To ensure interoperability, identifiers should be a valid uuid. warnings.warn(('Invalid uuid: %s. To ensure interoperability, '
2026-05-06 06:09:52.618 9 INFO neutron.wsgi [req-7c82670a-f4d3-4a64-a2de-bf5ed664df42 req-51787d0f-985f-40cd-972f-4270005f0861 120372f8f5a84ce4a95b6bf6c77dd802 cebf464594b14c8a99ec438588facc58 - - e0cb39f46a7f4fbcb7c65298a0ad7f9a e0cb39f46a7f4fbcb7c65298a0ad7f9a] 199.19.213.86 "GET /v2.0/ports?tenant_id=43e28986cbc44fb1afa384bcca4951ec&device_id=c8a1bd51-7b1a-4f48-a362-7ee3db791de4 HTTP/1.1" status: 200 len: 1411 time: 0.0369608
2026-05-06 06:09:52.667 9 INFO neutron.wsgi [req-7c82670a-f4d3-4a64-a2de-bf5ed664df42 req-3ab0ce7d-9793-427b-9acf-4c47060d3864 120372f8f5a84ce4a95b6bf6c77dd802 cebf464594b14c8a99ec438588facc58 - - e0cb39f46a7f4fbcb7c65298a0ad7f9a e0cb39f46a7f4fbcb7c65298a0ad7f9a] 199.19.213.86 "GET /v2.0/floatingips?fixed_ip_address=10.100.0.14&port_id=4105d018-874f-4418-8cbf-14377c4deaf7 HTTP/1.1" status: 200 len: 217 time: 0.0405676
2026-05-06 06:09:52.701 9 INFO neutron.wsgi [req-7c82670a-f4d3-4a64-a2de-bf5ed664df42 req-afbf9cba-06aa-41af-88d3-0403a4d7b0b4 120372f8f5a84ce4a95b6bf6c77dd802 cebf464594b14c8a99ec438588facc58 - - e0cb39f46a7f4fbcb7c65298a0ad7f9a e0cb39f46a7f4fbcb7c65298a0ad7f9a] 199.19.213.86 "GET /v2.0/subnets?id=8662f62d-b70a-49ea-8d7d-2c105c33d3e2 HTTP/1.1" status: 200 len: 870 time: 0.0279415
2026-05-06 06:09:52.723 9 INFO neutron.wsgi [req-7c82670a-f4d3-4a64-a2de-bf5ed664df42 req-80ef7254-7913-4690-9fa0-d61b99e402cf 120372f8f5a84ce4a95b6bf6c77dd802 cebf464594b14c8a99ec438588facc58 - - e0cb39f46a7f4fbcb7c65298a0ad7f9a e0cb39f46a7f4fbcb7c65298a0ad7f9a] 199.19.213.86 "GET /v2.0/ports?network_id=01d9c223-5858-448a-bbdb-acfd3a0478e2&device_owner=network%3Adhcp HTTP/1.1" status: 200 len: 210 time: 0.0166824
2026-05-06 06:09:52.736 10 INFO neutron.wsgi [req-90f0eae4-509f-48ba-adae-6e84e5654b77 req-9a3cd1ed-bc77-4a2b-9300-9b8cab3d7981 813729b7b32a4373afaa8656ac41c9a7 43e28986cbc44fb1afa384bcca4951ec - - default default] 10.0.0.201 "GET /v2.0/ports?device_id=c8a1bd51-7b1a-4f48-a362-7ee3db791de4 HTTP/1.1" status: 200 len: 1172 time: 0.1032541
2026-05-06 06:09:52.793 10 INFO neutron.wsgi [req-90f0eae4-509f-48ba-adae-6e84e5654b77 req-52f718fa-3ef3-4ff7-8e72-749f44a4106c 813729b7b32a4373afaa8656ac41c9a7 43e28986cbc44fb1afa384bcca4951ec - - default default] 10.0.0.201 "GET /v2.0/security-groups?id=3746a31d-6696-4604-ad2b-0b0407428b79&fields=id&fields=name HTTP/1.1" status: 200 len: 286 time: 0.0478969
2026-05-06 06:09:52.810 9 INFO neutron.wsgi [req-7c82670a-f4d3-4a64-a2de-bf5ed664df42 req-8a2cec5a-8a74-450a-94f0-14ee7452de76 120372f8f5a84ce4a95b6bf6c77dd802 cebf464594b14c8a99ec438588facc58 - - e0cb39f46a7f4fbcb7c65298a0ad7f9a e0cb39f46a7f4fbcb7c65298a0ad7f9a] 199.19.213.86 "GET /v2.0/networks/01d9c223-5858-448a-bbdb-acfd3a0478e2?fields=segments HTTP/1.1" status: 200 len: 212 time: 0.0802071
2026-05-06 06:09:52.860 10 INFO neutron.wsgi [None req-ff03ea1c-2448-4614-bd1e-82cbb50c1ece 270e8126c99640c0bf4206fb440f0008 8b274534e0ec4cd5afc50ea942255d43 - - default default] 10.0.0.107 "DELETE /v2.0/security-groups/a134cbfc-0bec-4448-8ce2-9263d5bc7612 HTTP/1.1" status: 204 len: 168 time: 0.2783873
2026-05-06 06:09:52.883 9 INFO neutron.wsgi [req-7c82670a-f4d3-4a64-a2de-bf5ed664df42 req-8f852bc0-3a7f-4f65-8175-cec7d3a2b1e4 120372f8f5a84ce4a95b6bf6c77dd802 cebf464594b14c8a99ec438588facc58 - - e0cb39f46a7f4fbcb7c65298a0ad7f9a e0cb39f46a7f4fbcb7c65298a0ad7f9a] 199.19.213.86 "GET /v2.0/networks/01d9c223-5858-448a-bbdb-acfd3a0478e2?fields=provider%3Aphysical_network&fields=provider%3Anetwork_type HTTP/1.1" status: 200 len: 277 time: 0.0645971
2026-05-06 06:09:52.953 10 INFO neutron.wsgi [-] 10.0.0.181 "GET / HTTP/1.1" status: 200 len: 247 time: 0.0024242
2026-05-06 06:09:52.956 10 INFO neutron.wsgi [-] 10.0.0.181 "GET / HTTP/1.1" status: 200 len: 247 time: 0.0020373
2026-05-06 06:09:52.965 9 INFO neutron.wsgi [req-d28c6d93-57a7-4e50-987b-68239ef42589 req-76f1700f-5de0-4b62-bf75-f8f94ecf0f52 120372f8f5a84ce4a95b6bf6c77dd802 cebf464594b14c8a99ec438588facc58 - - e0cb39f46a7f4fbcb7c65298a0ad7f9a e0cb39f46a7f4fbcb7c65298a0ad7f9a] 199.19.213.86 "GET /v2.0/ports?tenant_id=43e28986cbc44fb1afa384bcca4951ec&device_id=c8a1bd51-7b1a-4f48-a362-7ee3db791de4 HTTP/1.1" status: 200 len: 1411 time: 0.0343933
2026-05-06 06:09:53.044 9 INFO neutron.wsgi [req-d28c6d93-57a7-4e50-987b-68239ef42589 req-bbeb555b-7796-435a-8eea-dd42c16bad6a 120372f8f5a84ce4a95b6bf6c77dd802 cebf464594b14c8a99ec438588facc58 - - e0cb39f46a7f4fbcb7c65298a0ad7f9a e0cb39f46a7f4fbcb7c65298a0ad7f9a] 199.19.213.86 "GET /v2.0/networks?id=01d9c223-5858-448a-bbdb-acfd3a0478e2 HTTP/1.1" status: 200 len: 975 time: 0.0736284
2026-05-06 06:09:53.072 9 INFO neutron.wsgi [req-d28c6d93-57a7-4e50-987b-68239ef42589 req-206660b5-e523-478b-9aa4-cf222bec4a39 120372f8f5a84ce4a95b6bf6c77dd802 cebf464594b14c8a99ec438588facc58 - - e0cb39f46a7f4fbcb7c65298a0ad7f9a e0cb39f46a7f4fbcb7c65298a0ad7f9a] 199.19.213.86 "GET /v2.0/floatingips?fixed_ip_address=10.100.0.14&port_id=4105d018-874f-4418-8cbf-14377c4deaf7 HTTP/1.1" status: 200 len: 217 time: 0.0227339
2026-05-06 06:09:53.124 9 INFO neutron.wsgi [req-d28c6d93-57a7-4e50-987b-68239ef42589 req-97edc5b6-fa31-4080-afd6-2f632cf4af88 120372f8f5a84ce4a95b6bf6c77dd802 cebf464594b14c8a99ec438588facc58 - - e0cb39f46a7f4fbcb7c65298a0ad7f9a e0cb39f46a7f4fbcb7c65298a0ad7f9a] 199.19.213.86 "GET /v2.0/subnets?id=8662f62d-b70a-49ea-8d7d-2c105c33d3e2 HTTP/1.1" status: 200 len: 870 time: 0.0448277
2026-05-06 06:09:53.172 9 INFO neutron.wsgi [req-d28c6d93-57a7-4e50-987b-68239ef42589 req-2fdb9fd9-1119-4b14-8300-9d2becbad0d8 120372f8f5a84ce4a95b6bf6c77dd802 cebf464594b14c8a99ec438588facc58 - - e0cb39f46a7f4fbcb7c65298a0ad7f9a e0cb39f46a7f4fbcb7c65298a0ad7f9a] 199.19.213.86 "GET /v2.0/ports?network_id=01d9c223-5858-448a-bbdb-acfd3a0478e2&device_owner=network%3Adhcp HTTP/1.1" status: 200 len: 210 time: 0.0351443
2026-05-06 06:09:53.269 9 INFO neutron.wsgi [req-d28c6d93-57a7-4e50-987b-68239ef42589 req-e4066b16-b1c9-4856-b2b3-e0f9fb3ef12a 120372f8f5a84ce4a95b6bf6c77dd802 cebf464594b14c8a99ec438588facc58 - - e0cb39f46a7f4fbcb7c65298a0ad7f9a e0cb39f46a7f4fbcb7c65298a0ad7f9a] 199.19.213.86 "GET /v2.0/networks/01d9c223-5858-448a-bbdb-acfd3a0478e2?fields=segments HTTP/1.1" status: 200 len: 212 time: 0.0870440
2026-05-06 06:09:53.355 9 INFO neutron.wsgi [req-d28c6d93-57a7-4e50-987b-68239ef42589 req-a1e37bea-66e9-44e4-8432-cbf4d81ad1e0 120372f8f5a84ce4a95b6bf6c77dd802 cebf464594b14c8a99ec438588facc58 - - e0cb39f46a7f4fbcb7c65298a0ad7f9a e0cb39f46a7f4fbcb7c65298a0ad7f9a] 199.19.213.86 "GET /v2.0/networks/01d9c223-5858-448a-bbdb-acfd3a0478e2?fields=provider%3Aphysical_network&fields=provider%3Anetwork_type HTTP/1.1" status: 200 len: 277 time: 0.0813918
2026-05-06 06:09:53.433 10 INFO neutron.db.ovn_revision_numbers_db [None req-7dbede46-f9b6-4462-af94-ae5d9a069e79 270e8126c99640c0bf4206fb440f0008 8b274534e0ec4cd5afc50ea942255d43 - - default default] Successfully bumped revision number for resource 0973a3bb-5cc4-415f-af88-0b6961aa7644 (type: security_groups) to 1
2026-05-06 06:09:53.447 10 INFO neutron.db.ovn_revision_numbers_db [None req-7dbede46-f9b6-4462-af94-ae5d9a069e79 270e8126c99640c0bf4206fb440f0008 8b274534e0ec4cd5afc50ea942255d43 - - default default] Successfully bumped revision number for resource 0e715996-c9df-4344-9778-98bb7a188fb7 (type: security_group_rules) to 0
2026-05-06 06:09:53.462 10 INFO neutron.db.ovn_revision_numbers_db [None req-7dbede46-f9b6-4462-af94-ae5d9a069e79 270e8126c99640c0bf4206fb440f0008 8b274534e0ec4cd5afc50ea942255d43 - - default default] Successfully bumped revision number for resource 210ad407-714f-4eca-872a-c05e602fbda1 (type: security_group_rules) to 0
2026-05-06 06:09:53.476 10 INFO neutron.db.ovn_revision_numbers_db [None req-7dbede46-f9b6-4462-af94-ae5d9a069e79 270e8126c99640c0bf4206fb440f0008 8b274534e0ec4cd5afc50ea942255d43 - - default default] Successfully bumped revision number for resource 862f9594-d3ce-4f7a-b3c1-b1473238a966 (type: security_group_rules) to 0
2026-05-06 06:09:53.490 10 INFO neutron.db.ovn_revision_numbers_db [None req-7dbede46-f9b6-4462-af94-ae5d9a069e79 270e8126c99640c0bf4206fb440f0008 8b274534e0ec4cd5afc50ea942255d43 - - default default] Successfully bumped revision number for resource f12f2773-a42b-44e1-b1e7-52251b0269aa (type: security_group_rules) to 0
2026-05-06 06:09:53.513 10 INFO neutron.wsgi [None req-7dbede46-f9b6-4462-af94-ae5d9a069e79 270e8126c99640c0bf4206fb440f0008 8b274534e0ec4cd5afc50ea942255d43 - - default default] 10.0.0.107 "GET /v2.0/security-groups?tenant_id=a076a33ab0fd4fc393c4339629390b60&name=default HTTP/1.1" status: 200 len: 2996 time: 0.3581810
2026-05-06 06:09:53.755 10 INFO neutron.wsgi [None req-adb4939c-5ca4-48aa-b6b1-e2c953abcf04 270e8126c99640c0bf4206fb440f0008 8b274534e0ec4cd5afc50ea942255d43 - - default default] 10.0.0.107 "DELETE /v2.0/security-groups/0973a3bb-5cc4-415f-af88-0b6961aa7644 HTTP/1.1" status: 204 len: 168 time: 0.2369776
2026-05-06 06:09:53.884 9 INFO neutron.wsgi [req-286ea017-a663-4357-b63e-602820f66ec2 req-3333524e-392b-4a02-97ea-5a04e2240465 813729b7b32a4373afaa8656ac41c9a7 43e28986cbc44fb1afa384bcca4951ec - - default default] 10.0.0.201 "GET /v2.0/ports?device_id=c8a1bd51-7b1a-4f48-a362-7ee3db791de4 HTTP/1.1" status: 200 len: 1172 time: 0.0323598
2026-05-06 06:09:53.928 9 INFO neutron.wsgi [req-286ea017-a663-4357-b63e-602820f66ec2 req-d2f83c62-90bb-45cc-836e-c5466cd97062 813729b7b32a4373afaa8656ac41c9a7 43e28986cbc44fb1afa384bcca4951ec - - default default] 10.0.0.201 "GET /v2.0/security-groups?id=3746a31d-6696-4604-ad2b-0b0407428b79&fields=id&fields=name HTTP/1.1" status: 200 len: 286 time: 0.0381699
2026-05-06 06:09:53.956 9 INFO neutron.db.ovn_revision_numbers_db [None req-90701caa-0c82-41ad-8120-ca6820f228b8 270e8126c99640c0bf4206fb440f0008 8b274534e0ec4cd5afc50ea942255d43 - - default default] Successfully bumped revision number for resource 3cc99e17-8ecf-446e-b285-e095ada23e14 (type: security_groups) to 1
2026-05-06 06:09:53.969 9 INFO neutron.db.ovn_revision_numbers_db [None req-90701caa-0c82-41ad-8120-ca6820f228b8 270e8126c99640c0bf4206fb440f0008 8b274534e0ec4cd5afc50ea942255d43 - - default default] Successfully bumped revision number for resource 64798219-db15-4f80-b09e-f7a8cdf47a09 (type: security_group_rules) to 0
2026-05-06 06:09:53.981 9 INFO neutron.db.ovn_revision_numbers_db [None req-90701caa-0c82-41ad-8120-ca6820f228b8 270e8126c99640c0bf4206fb440f0008 8b274534e0ec4cd5afc50ea942255d43 - - default default] Successfully bumped revision number for resource 805f09c5-426f-4887-a357-dfb92d7106cc (type: security_group_rules) to 0
2026-05-06 06:09:53.995 9 INFO neutron.db.ovn_revision_numbers_db [None req-90701caa-0c82-41ad-8120-ca6820f228b8 270e8126c99640c0bf4206fb440f0008 8b274534e0ec4cd5afc50ea942255d43 - - default default] Successfully bumped revision number for resource 890af0cb-8a39-4568-bc03-5635798aa9eb (type: security_group_rules) to 0
2026-05-06 06:09:54.007 9 INFO neutron.db.ovn_revision_numbers_db [None req-90701caa-0c82-41ad-8120-ca6820f228b8 270e8126c99640c0bf4206fb440f0008 8b274534e0ec4cd5afc50ea942255d43 - - default default] Successfully bumped revision number for resource f282c66d-1eba-4d5a-83dd-aaaaf9f37479 (type: security_group_rules) to 0
2026-05-06 06:09:54.028 9 INFO neutron.wsgi [None req-90701caa-0c82-41ad-8120-ca6820f228b8 270e8126c99640c0bf4206fb440f0008 8b274534e0ec4cd5afc50ea942255d43 - - default default] 10.0.0.107 "GET /v2.0/security-groups?tenant_id=5f5c4c302e3d41a099235af677845fc6&name=default HTTP/1.1" status: 200 len: 2996 time: 0.1926184
2026-05-06 06:09:54.172 9 WARNING neutron.plugins.ml2.drivers.ovn.mech_driver.ovsdb.ovn_client [None req-1fca42ed-ddf7-4939-899d-3b4dc4239d5b - - - - - -] No hosting information found for port 5749a4c1-4a4f-4525-a920-c3b5938d34e2: RuntimeError: No hosting information found for port 5749a4c1-4a4f-4525-a920-c3b5938d34e2
2026-05-06 06:09:54.201 9 INFO neutron.plugins.ml2.drivers.ovn.mech_driver.mech_driver [None req-1fca42ed-ddf7-4939-899d-3b4dc4239d5b - - - - - -] OVN reports status up for port: 4105d018-874f-4418-8cbf-14377c4deaf7
2026-05-06 06:09:54.214 9 INFO neutron.plugins.ml2.plugin [None req-1fca42ed-ddf7-4939-899d-3b4dc4239d5b - - - - - -] Attempt 1 to provision port 4105d018-874f-4418-8cbf-14377c4deaf7
2026-05-06 06:09:54.284 9 INFO neutron.wsgi [None req-25c7af78-5ab0-4dc7-9f93-d6a2593365a4 270e8126c99640c0bf4206fb440f0008 8b274534e0ec4cd5afc50ea942255d43 - - default default] 10.0.0.107 "DELETE /v2.0/security-groups/3cc99e17-8ecf-446e-b285-e095ada23e14 HTTP/1.1" status: 204 len: 168 time: 0.2500546
2026-05-06 06:09:54.536 9 INFO neutron.db.ovn_revision_numbers_db [None req-1fca42ed-ddf7-4939-899d-3b4dc4239d5b - - - - - -] Successfully bumped revision number for resource 4105d018-874f-4418-8cbf-14377c4deaf7 (type: ports) to 4
2026-05-06 06:09:54.610 9 INFO neutron.notifiers.nova [-] Nova event matching ['req-9a9eab32-0e08-4017-8b9f-285fabb11d67'] response: {'server_uuid': 'c8a1bd51-7b1a-4f48-a362-7ee3db791de4', 'name': 'network-vif-plugged', 'status': 'completed', 'tag': '4105d018-874f-4418-8cbf-14377c4deaf7', 'code': 200}
2026-05-06 06:09:54.611 9 INFO neutron.notifiers.nova [-] Nova event matching ['req-9a9eab32-0e08-4017-8b9f-285fabb11d67'] response: {'server_uuid': 'c8a1bd51-7b1a-4f48-a362-7ee3db791de4', 'name': 'network-vif-plugged', 'status': 'completed', 'tag': '4105d018-874f-4418-8cbf-14377c4deaf7', 'code': 200}
2026-05-06 06:09:54.947 10 INFO neutron.db.ovn_revision_numbers_db [None req-1e9222cf-a682-4b43-b56b-03be47bfa104 270e8126c99640c0bf4206fb440f0008 8b274534e0ec4cd5afc50ea942255d43 - - default default] Successfully bumped revision number for resource 3351a3a4-7d0b-4741-b6fb-94b482b649ac (type: security_groups) to 1
2026-05-06 06:09:54.962 10 INFO neutron.db.ovn_revision_numbers_db [None req-1e9222cf-a682-4b43-b56b-03be47bfa104 270e8126c99640c0bf4206fb440f0008 8b274534e0ec4cd5afc50ea942255d43 - - default default] Successfully bumped revision number for resource 20cdaf91-8502-4431-9e98-3d55be5c5555 (type: security_group_rules) to 0
2026-05-06 06:09:54.991 10 INFO neutron.db.ovn_revision_numbers_db [None req-1e9222cf-a682-4b43-b56b-03be47bfa104 270e8126c99640c0bf4206fb440f0008 8b274534e0ec4cd5afc50ea942255d43 - - default default] Successfully bumped revision number for resource 4a090fd2-928c-4299-b5df-70715e586d41 (type: security_group_rules) to 0
2026-05-06 06:09:55.007 10 INFO neutron.db.ovn_revision_numbers_db [None req-1e9222cf-a682-4b43-b56b-03be47bfa104 270e8126c99640c0bf4206fb440f0008 8b274534e0ec4cd5afc50ea942255d43 - - default default] Successfully bumped revision number for resource 8799ebd2-85d1-4c47-84d0-472cc43e652b (type: security_group_rules) to 0 /var/lib/openstack/lib/python3.10/site-packages/pycadf/identifier.py:71: UserWarning: Invalid uuid: neutron. To ensure interoperability, identifiers should be a valid uuid. warnings.warn(('Invalid uuid: %s. To ensure interoperability, '
2026-05-06 06:09:55.022 10 INFO neutron.db.ovn_revision_numbers_db [None req-1e9222cf-a682-4b43-b56b-03be47bfa104 270e8126c99640c0bf4206fb440f0008 8b274534e0ec4cd5afc50ea942255d43 - - default default] Successfully bumped revision number for resource d1a36463-2810-4ecd-91b4-32af642ba310 (type: security_group_rules) to 0
2026-05-06 06:09:55.059 9 INFO neutron.wsgi [req-14304fa1-41ea-40a6-9388-0d4503858192 req-bf0fb8a5-16f1-464e-b0db-162b14986622 813729b7b32a4373afaa8656ac41c9a7 43e28986cbc44fb1afa384bcca4951ec - - default default] 10.0.0.201 "GET /v2.0/ports?device_id=c8a1bd51-7b1a-4f48-a362-7ee3db791de4 HTTP/1.1" status: 200 len: 1174 time: 0.0500672
2026-05-06 06:09:55.107 10 INFO neutron.db.segments_db [None req-1e9222cf-a682-4b43-b56b-03be47bfa104 270e8126c99640c0bf4206fb440f0008 8b274534e0ec4cd5afc50ea942255d43 - - default default] Added segment c804b1a5-fe63-4b1c-b34e-c079d2f34fa9 of type geneve for network 04fca3eb-1566-4c48-b1f3-d27e0224454b
2026-05-06 06:09:55.117 9 INFO neutron.wsgi [req-14304fa1-41ea-40a6-9388-0d4503858192 req-9bfdcc7a-6289-4b46-ad54-20547a7f79f4 813729b7b32a4373afaa8656ac41c9a7 43e28986cbc44fb1afa384bcca4951ec - - default default] 10.0.0.201 "GET /v2.0/security-groups?id=3746a31d-6696-4604-ad2b-0b0407428b79&fields=id&fields=name HTTP/1.1" status: 200 len: 286 time: 0.0421844
2026-05-06 06:09:55.276 10 INFO neutron.db.ovn_revision_numbers_db [None req-1e9222cf-a682-4b43-b56b-03be47bfa104 270e8126c99640c0bf4206fb440f0008 8b274534e0ec4cd5afc50ea942255d43 - - default default] Successfully bumped revision number for resource 04fca3eb-1566-4c48-b1f3-d27e0224454b (type: networks) to 1
2026-05-06 06:09:55.450 10 INFO neutron.wsgi [req-f62ac553-5143-42cd-acb9-06ea9a0303d3 req-744412d8-2b92-4124-b68f-0973c16e8b17 813729b7b32a4373afaa8656ac41c9a7 43e28986cbc44fb1afa384bcca4951ec - - default default] 10.0.0.201 "GET /v2.0/ports?device_id=c8a1bd51-7b1a-4f48-a362-7ee3db791de4 HTTP/1.1" status: 200 len: 1174 time: 0.0330322
2026-05-06 06:09:55.470 9 INFO neutron.plugins.ml2.drivers.ovn.mech_driver.mech_driver [None req-1fca42ed-ddf7-4939-899d-3b4dc4239d5b - - - - - -] OVN reports status down for port: 4105d018-874f-4418-8cbf-14377c4deaf7
2026-05-06 06:09:55.479 10 WARNING neutron.scheduler.dhcp_agent_scheduler [None req-1e9222cf-a682-4b43-b56b-03be47bfa104 270e8126c99640c0bf4206fb440f0008 8b274534e0ec4cd5afc50ea942255d43 - - default default] No more DHCP agents
2026-05-06 06:09:55.482 10 WARNING neutron.api.rpc.agentnotifiers.dhcp_rpc_agent_api [None req-1e9222cf-a682-4b43-b56b-03be47bfa104 270e8126c99640c0bf4206fb440f0008 8b274534e0ec4cd5afc50ea942255d43 - - default default] Unable to schedule network 04fca3eb-1566-4c48-b1f3-d27e0224454b: no agents available; will retry on subsequent port and subnet creation events.
2026-05-06 06:09:55.507 10 INFO neutron.wsgi [req-f62ac553-5143-42cd-acb9-06ea9a0303d3 req-778db36b-582e-4502-a495-47115c646c21 813729b7b32a4373afaa8656ac41c9a7 43e28986cbc44fb1afa384bcca4951ec - - default default] 10.0.0.201 "GET /v2.0/security-groups?id=3746a31d-6696-4604-ad2b-0b0407428b79&fields=id&fields=name HTTP/1.1" status: 200 len: 286 time: 0.0491390
2026-05-06 06:09:55.587 10 INFO neutron.db.ovn_revision_numbers_db [None req-1e9222cf-a682-4b43-b56b-03be47bfa104 270e8126c99640c0bf4206fb440f0008 8b274534e0ec4cd5afc50ea942255d43 - - default default] Successfully bumped revision number for resource 83116059-3c1b-4181-a90a-d40be2016436 (type: ports) to 1
2026-05-06 06:09:55.610 10 INFO neutron.wsgi [None req-1e9222cf-a682-4b43-b56b-03be47bfa104 270e8126c99640c0bf4206fb440f0008 8b274534e0ec4cd5afc50ea942255d43 - - default default] 10.0.0.107 "POST /v2.0/networks HTTP/1.1" status: 201 len: 942 time: 0.9666662
2026-05-06 06:09:55.766 10 WARNING neutron.scheduler.dhcp_agent_scheduler [None req-63c22668-9bc6-46ca-b713-650f925652d7 270e8126c99640c0bf4206fb440f0008 8b274534e0ec4cd5afc50ea942255d43 - - default default] No more DHCP agents
2026-05-06 06:09:55.769 10 WARNING neutron.api.rpc.agentnotifiers.dhcp_rpc_agent_api [None req-63c22668-9bc6-46ca-b713-650f925652d7 270e8126c99640c0bf4206fb440f0008 8b274534e0ec4cd5afc50ea942255d43 - - default default] Unable to schedule network 04fca3eb-1566-4c48-b1f3-d27e0224454b: no agents available; will retry on subsequent port and subnet creation events.
2026-05-06 06:09:55.816 9 INFO neutron.db.ovn_revision_numbers_db [None req-1fca42ed-ddf7-4939-899d-3b4dc4239d5b - - - - - -] Successfully bumped revision number for resource 4105d018-874f-4418-8cbf-14377c4deaf7 (type: ports) to 5
2026-05-06 06:09:55.831 9 INFO neutron.wsgi [req-6bce0e32-6421-48a1-816f-b56ded324268 req-8b5cb4b4-338c-4a2f-ac0f-3a15d7bd0ca5 813729b7b32a4373afaa8656ac41c9a7 43e28986cbc44fb1afa384bcca4951ec - - default default] 199.19.213.86 "GET /v2.0/ports?device_id=c8a1bd51-7b1a-4f48-a362-7ee3db791de4 HTTP/1.1" status: 200 len: 1172 time: 0.0960329
2026-05-06 06:09:56.142 9 INFO neutron.wsgi [req-6bce0e32-6421-48a1-816f-b56ded324268 req-cbefc50c-9247-4925-bf84-b24d0cde88ba 813729b7b32a4373afaa8656ac41c9a7 43e28986cbc44fb1afa384bcca4951ec - - default default] 199.19.213.86 "DELETE /v2.0/ports/4105d018-874f-4418-8cbf-14377c4deaf7 HTTP/1.1" status: 204 len: 173 time: 0.3029954
2026-05-06 06:09:56.230 10 INFO neutron.db.ovn_revision_numbers_db [None req-63c22668-9bc6-46ca-b713-650f925652d7 270e8126c99640c0bf4206fb440f0008 8b274534e0ec4cd5afc50ea942255d43 - - default default] Successfully bumped revision number for resource 83116059-3c1b-4181-a90a-d40be2016436 (type: ports) to 2
2026-05-06 06:09:56.265 10 INFO neutron.db.ovn_revision_numbers_db [None req-63c22668-9bc6-46ca-b713-650f925652d7 270e8126c99640c0bf4206fb440f0008 8b274534e0ec4cd5afc50ea942255d43 - - default default] Successfully bumped revision number for resource f18cd889-f6b9-45f7-b986-cfdfdcd3f0b4 (type: subnets) to 0
2026-05-06 06:09:56.279 10 INFO neutron.wsgi [None req-63c22668-9bc6-46ca-b713-650f925652d7 270e8126c99640c0bf4206fb440f0008 8b274534e0ec4cd5afc50ea942255d43 - - default default] 10.0.0.107 "POST /v2.0/subnets HTTP/1.1" status: 201 len: 862 time: 0.6643717 /var/lib/openstack/lib/python3.10/site-packages/pycadf/identifier.py:71: UserWarning: Invalid uuid: neutron. To ensure interoperability, identifiers should be a valid uuid. warnings.warn(('Invalid uuid: %s. To ensure interoperability, '
2026-05-06 06:09:56.646 9 INFO neutron.notifiers.nova [-] Nova event matching ['req-c9c88c09-93e0-4a9f-ae25-7b085ee785ac'] response: {'server_uuid': 'c8a1bd51-7b1a-4f48-a362-7ee3db791de4', 'name': 'network-vif-unplugged', 'status': 'completed', 'tag': '4105d018-874f-4418-8cbf-14377c4deaf7', 'code': 200}
2026-05-06 06:09:56.646 9 INFO neutron.notifiers.nova [-] Nova event matching ['req-c9c88c09-93e0-4a9f-ae25-7b085ee785ac'] response: {'server_uuid': 'c8a1bd51-7b1a-4f48-a362-7ee3db791de4', 'name': 'network-vif-plugged', 'status': 'completed', 'tag': '4105d018-874f-4418-8cbf-14377c4deaf7', 'code': 200}
2026-05-06 06:09:56.646 9 INFO neutron.notifiers.nova [-] Nova event matching ['req-c9c88c09-93e0-4a9f-ae25-7b085ee785ac'] response: {'server_uuid': 'c8a1bd51-7b1a-4f48-a362-7ee3db791de4', 'name': 'network-vif-deleted', 'tag': '4105d018-874f-4418-8cbf-14377c4deaf7', 'status': 'completed', 'code': 200}
2026-05-06 06:09:56.923 9 INFO neutron.db.ovn_revision_numbers_db [None req-559a8a69-67fc-45e2-bac0-60eed5549bd8 270e8126c99640c0bf4206fb440f0008 8b274534e0ec4cd5afc50ea942255d43 - - default default] Successfully bumped revision number for resource dcc833e3-5dc8-452b-bf17-42b9e9c82b6f (type: security_groups) to 1
2026-05-06 06:09:56.940 9 INFO neutron.db.ovn_revision_numbers_db [None req-559a8a69-67fc-45e2-bac0-60eed5549bd8 270e8126c99640c0bf4206fb440f0008 8b274534e0ec4cd5afc50ea942255d43 - - default default] Successfully bumped revision number for resource 0cbcca01-a65b-4d51-a502-7e0cfc2a04ac (type: security_group_rules) to 0
2026-05-06 06:09:56.945 10 WARNING neutron.scheduler.dhcp_agent_scheduler [None req-9785cf18-1911-4bf5-807e-ca869732cfa0 270e8126c99640c0bf4206fb440f0008 8b274534e0ec4cd5afc50ea942255d43 - - default default] No more DHCP agents
2026-05-06 06:09:56.948 10 WARNING neutron.api.rpc.agentnotifiers.dhcp_rpc_agent_api [None req-9785cf18-1911-4bf5-807e-ca869732cfa0 270e8126c99640c0bf4206fb440f0008 8b274534e0ec4cd5afc50ea942255d43 - - default default] Unable to schedule network 5e9d6caf-82fb-4055-909e-b1e6c200b218: no agents available; will retry on subsequent port and subnet creation events.
2026-05-06 06:09:56.972 9 INFO neutron.db.ovn_revision_numbers_db [None req-559a8a69-67fc-45e2-bac0-60eed5549bd8 270e8126c99640c0bf4206fb440f0008 8b274534e0ec4cd5afc50ea942255d43 - - default default] Successfully bumped revision number for resource 0e5a9f09-9536-4f40-a8ee-f24091d20362 (type: security_group_rules) to 0
2026-05-06 06:09:56.994 9 INFO neutron.db.ovn_revision_numbers_db [None req-559a8a69-67fc-45e2-bac0-60eed5549bd8 270e8126c99640c0bf4206fb440f0008 8b274534e0ec4cd5afc50ea942255d43 - - default default] Successfully bumped revision number for resource 828934fb-c7b2-4080-87fb-a3f88d76cf0e (type: security_group_rules) to 0
2026-05-06 06:09:57.015 9 INFO neutron.db.ovn_revision_numbers_db [None req-559a8a69-67fc-45e2-bac0-60eed5549bd8 270e8126c99640c0bf4206fb440f0008 8b274534e0ec4cd5afc50ea942255d43 - - default default] Successfully bumped revision number for resource f5e546b4-c380-49a3-a88c-1fb86d8acc29 (type: security_group_rules) to 0
2026-05-06 06:09:57.040 9 INFO neutron.wsgi [None req-559a8a69-67fc-45e2-bac0-60eed5549bd8 270e8126c99640c0bf4206fb440f0008 8b274534e0ec4cd5afc50ea942255d43 - - default default] 10.0.0.107 "GET /v2.0/security-groups?tenant_id=a33747bb77ec48cd8554793d4218ca5a&name=default HTTP/1.1" status: 200 len: 2996 time: 0.4409089
2026-05-06 06:09:57.147 10 INFO neutron.db.ovn_revision_numbers_db [None req-9785cf18-1911-4bf5-807e-ca869732cfa0 270e8126c99640c0bf4206fb440f0008 8b274534e0ec4cd5afc50ea942255d43 - - default default] Successfully bumped revision number for resource 24a2e602-7b6b-4f37-99b1-10524eb86f83 (type: ports) to 1
2026-05-06 06:09:57.569 9 INFO neutron.wsgi [None req-0ee05d9a-591e-410a-a0c3-306816d81a89 270e8126c99640c0bf4206fb440f0008 8b274534e0ec4cd5afc50ea942255d43 - - default default] 10.0.0.107 "DELETE /v2.0/security-groups/dcc833e3-5dc8-452b-bf17-42b9e9c82b6f HTTP/1.1" status: 204 len: 168 time: 0.5209987
2026-05-06 06:09:57.735 10 INFO neutron.plugins.ml2.drivers.ovn.mech_driver.mech_driver [None req-bd6d18b6-f675-4f3a-9ff7-00288c7b9848 - - - - - -] OVN reports status up for port: 24a2e602-7b6b-4f37-99b1-10524eb86f83
2026-05-06 06:09:57.750 9 INFO neutron.plugins.ml2.drivers.ovn.mech_driver.ovsdb.ovsdb_monitor [None req-66bb4654-1d17-4962-8a15-91323b6c9b3f - - - - - -] Router 8df32aee-a74f-4eb2-b826-23ae7d98d9d4 is bound to host instance
2026-05-06 06:09:57.758 10 INFO neutron.plugins.ml2.plugin [None req-bd6d18b6-f675-4f3a-9ff7-00288c7b9848 - - - - - -] Attempt 1 to provision port 24a2e602-7b6b-4f37-99b1-10524eb86f83
2026-05-06 06:09:57.781 10 INFO neutron.db.ovn_revision_numbers_db [None req-9785cf18-1911-4bf5-807e-ca869732cfa0 270e8126c99640c0bf4206fb440f0008 8b274534e0ec4cd5afc50ea942255d43 - - default default] Successfully bumped revision number for resource 24a2e602-7b6b-4f37-99b1-10524eb86f83 (type: router_ports) to 1
2026-05-06 06:09:57.867 10 INFO neutron.db.ovn_revision_numbers_db [None req-9785cf18-1911-4bf5-807e-ca869732cfa0 270e8126c99640c0bf4206fb440f0008 8b274534e0ec4cd5afc50ea942255d43 - - default default] Successfully bumped revision number for resource 8df32aee-a74f-4eb2-b826-23ae7d98d9d4 (type: routers) to 2
2026-05-06 06:09:57.879 10 INFO neutron.wsgi [None req-9785cf18-1911-4bf5-807e-ca869732cfa0 270e8126c99640c0bf4206fb440f0008 8b274534e0ec4cd5afc50ea942255d43 - - default default] 10.0.0.107 "POST /v2.0/routers HTTP/1.1" status: 201 len: 873 time: 1.5952802
2026-05-06 06:09:58.068 9 INFO neutron.wsgi [None req-aa1be952-8c24-4457-a3dd-64bb2011e6bd 270e8126c99640c0bf4206fb440f0008 8b274534e0ec4cd5afc50ea942255d43 - - default default] 10.0.0.107 "PUT /v2.0/routers/93b6d0c9-e95d-473c-b762-594d7c01a327/remove_router_interface HTTP/1.1" status: 200 len: 503 time: 1.5124173 /var/lib/openstack/lib/python3.10/site-packages/pycadf/identifier.py:71: UserWarning: Invalid uuid: neutron. To ensure interoperability, identifiers should be a valid uuid. warnings.warn(('Invalid uuid: %s. To ensure interoperability, '
2026-05-06 06:09:58.396 10 WARNING neutron.scheduler.dhcp_agent_scheduler [None req-67caadf8-6900-49b0-a9a4-9c11146dabe1 270e8126c99640c0bf4206fb440f0008 8b274534e0ec4cd5afc50ea942255d43 - - default default] No more DHCP agents
2026-05-06 06:09:58.398 10 WARNING neutron.api.rpc.agentnotifiers.dhcp_rpc_agent_api [None req-67caadf8-6900-49b0-a9a4-9c11146dabe1 270e8126c99640c0bf4206fb440f0008 8b274534e0ec4cd5afc50ea942255d43 - - default default] Unable to schedule network 04fca3eb-1566-4c48-b1f3-d27e0224454b: no agents available; will retry on subsequent port and subnet creation events.
2026-05-06 06:09:58.544 10 INFO neutron.db.ovn_revision_numbers_db [None req-67caadf8-6900-49b0-a9a4-9c11146dabe1 270e8126c99640c0bf4206fb440f0008 8b274534e0ec4cd5afc50ea942255d43 - - default default] Successfully bumped revision number for resource 989666d7-38e8-4966-842b-1d0aa7ca802b (type: ports) to 1
2026-05-06 06:09:58.549 9 INFO neutron.db.ovn_revision_numbers_db [None req-66bb4654-1d17-4962-8a15-91323b6c9b3f - - - - - -] Successfully bumped revision number for resource 24a2e602-7b6b-4f37-99b1-10524eb86f83 (type: ports) to 1
2026-05-06 06:09:58.899 9 INFO neutron.wsgi [None req-b1b505c6-45d8-4ef9-992a-6f56ee58e3bd 270e8126c99640c0bf4206fb440f0008 8b274534e0ec4cd5afc50ea942255d43 - - default default] 10.0.0.107 "DELETE /v2.0/routers/93b6d0c9-e95d-473c-b762-594d7c01a327 HTTP/1.1" status: 204 len: 168 time: 0.8234682
2026-05-06 06:09:58.951 9 INFO neutron.db.ovn_revision_numbers_db [None req-66bb4654-1d17-4962-8a15-91323b6c9b3f - - - - - -] Successfully bumped revision number for resource 24a2e602-7b6b-4f37-99b1-10524eb86f83 (type: router_ports) to 3
2026-05-06 06:09:58.978 9 INFO neutron.plugins.ml2.drivers.ovn.mech_driver.mech_driver [None req-1fca42ed-ddf7-4939-899d-3b4dc4239d5b - - - - - -] OVN reports status up for port: 989666d7-38e8-4966-842b-1d0aa7ca802b
2026-05-06 06:09:58.994 10 INFO neutron.db.ovn_revision_numbers_db [None req-67caadf8-6900-49b0-a9a4-9c11146dabe1 270e8126c99640c0bf4206fb440f0008 8b274534e0ec4cd5afc50ea942255d43 - - default default] Successfully bumped revision number for resource 989666d7-38e8-4966-842b-1d0aa7ca802b (type: router_ports) to 1
2026-05-06 06:09:58.995 9 INFO neutron.plugins.ml2.plugin [None req-1fca42ed-ddf7-4939-899d-3b4dc4239d5b - - - - - -] Attempt 1 to provision port 989666d7-38e8-4966-842b-1d0aa7ca802b
2026-05-06 06:09:59.131 10 INFO neutron.db.ovn_revision_numbers_db [None req-67caadf8-6900-49b0-a9a4-9c11146dabe1 270e8126c99640c0bf4206fb440f0008 8b274534e0ec4cd5afc50ea942255d43 - - default default] Successfully bumped revision number for resource 989666d7-38e8-4966-842b-1d0aa7ca802b (type: ports) to 1
2026-05-06 06:09:59.175 9 INFO neutron.db.ovn_revision_numbers_db [None req-66bb4654-1d17-4962-8a15-91323b6c9b3f - - - - - -] Successfully bumped revision number for resource 24a2e602-7b6b-4f37-99b1-10524eb86f83 (type: ports) to 2
2026-05-06 06:09:59.200 10 INFO neutron.wsgi [req-59863bd9-526c-4211-916c-fe13d778a6d7 req-cdfa43e2-b10e-4564-b426-ff668fd9f762 120372f8f5a84ce4a95b6bf6c77dd802 cebf464594b14c8a99ec438588facc58 - - e0cb39f46a7f4fbcb7c65298a0ad7f9a e0cb39f46a7f4fbcb7c65298a0ad7f9a] 10.0.0.195 "GET /v2.0/ports?device_id=86cede99-ffe6-48b1-82e1-85873daefeda HTTP/1.1" status: 200 len: 1409 time: 0.0306613
2026-05-06 06:09:59.216 10 WARNING neutron.scheduler.dhcp_agent_scheduler [None req-67caadf8-6900-49b0-a9a4-9c11146dabe1 270e8126c99640c0bf4206fb440f0008 8b274534e0ec4cd5afc50ea942255d43 - - default default] No more DHCP agents
2026-05-06 06:09:59.221 10 WARNING neutron.api.rpc.agentnotifiers.dhcp_rpc_agent_api [None req-67caadf8-6900-49b0-a9a4-9c11146dabe1 270e8126c99640c0bf4206fb440f0008 8b274534e0ec4cd5afc50ea942255d43 - - default default] Unable to schedule network 04fca3eb-1566-4c48-b1f3-d27e0224454b: no agents available; will retry on subsequent port and subnet creation events.
2026-05-06 06:09:59.253 10 INFO neutron.wsgi [req-59863bd9-526c-4211-916c-fe13d778a6d7 req-9c692241-6e20-42da-bcff-cc38f737a2f6 120372f8f5a84ce4a95b6bf6c77dd802 cebf464594b14c8a99ec438588facc58 - - e0cb39f46a7f4fbcb7c65298a0ad7f9a e0cb39f46a7f4fbcb7c65298a0ad7f9a] 10.0.0.195 "GET /v2.0/security-groups?id=da55d910-53d5-4835-8e2e-dcd6387fca76&fields=id&fields=name HTTP/1.1" status: 200 len: 313 time: 0.0440364
2026-05-06 06:09:59.390 9 INFO neutron.wsgi [None req-f128ec47-5289-4dc5-8caa-3fb0ef757d3d 270e8126c99640c0bf4206fb440f0008 8b274534e0ec4cd5afc50ea942255d43 - - default default] 10.0.0.107 "DELETE /v2.0/subnets/8662f62d-b70a-49ea-8d7d-2c105c33d3e2 HTTP/1.1" status: 204 len: 168 time: 0.4848573
2026-05-06 06:09:59.583 9 INFO neutron.db.ovn_revision_numbers_db [None req-1fca42ed-ddf7-4939-899d-3b4dc4239d5b - - - - - -] Successfully bumped revision number for resource 989666d7-38e8-4966-842b-1d0aa7ca802b (type: ports) to 2
2026-05-06 06:09:59.707 9 INFO neutron.db.ovn_revision_numbers_db [None req-66bb4654-1d17-4962-8a15-91323b6c9b3f - - - - - -] Successfully bumped revision number for resource 24a2e602-7b6b-4f37-99b1-10524eb86f83 (type: ports) to 4
2026-05-06 06:09:59.818 9 INFO neutron.db.ovn_revision_numbers_db [None req-1fca42ed-ddf7-4939-899d-3b4dc4239d5b - - - - - -] Successfully bumped revision number for resource 989666d7-38e8-4966-842b-1d0aa7ca802b (type: router_ports) to 2
2026-05-06 06:09:59.835 10 INFO neutron.services.segments.plugin [-] Segment ba795c2e-cff4-427a-a2f5-f5a76ea1749d resource provider aggregate not found
2026-05-06 06:09:59.849 10 INFO neutron.services.segments.plugin [-] Segment ba795c2e-cff4-427a-a2f5-f5a76ea1749d resource provider aggregate not found
2026-05-06 06:09:59.870 10 INFO neutron.services.segments.plugin [-] Segment ba795c2e-cff4-427a-a2f5-f5a76ea1749d resource provider not found; error: Placement Client Error (4xx): {"errors": [{"status": 404, "title": "Not Found", "detail": "The resource could not be found.\n\n No resource provider with uuid ba795c2e-cff4-427a-a2f5-f5a76ea1749d found for delete ", "request_id": "req-a5de7b4f-a118-49b9-96b4-395155a955b7"}]}
2026-05-06 06:09:59.873 10 INFO neutron.services.segments.plugin [-] Segment ba795c2e-cff4-427a-a2f5-f5a76ea1749d resource provider not found; error: Placement Client Error (4xx): {"errors": [{"status": 404, "title": "Not Found", "detail": "The resource could not be found.\n\n No resource provider with uuid ba795c2e-cff4-427a-a2f5-f5a76ea1749d found for delete ", "request_id": "req-402b7463-dde9-4372-8412-09f202f0eaf6"}]}
2026-05-06 06:09:59.911 10 INFO neutron.wsgi [None req-ceec604e-0484-4857-8ff3-5e4e15651273 270e8126c99640c0bf4206fb440f0008 8b274534e0ec4cd5afc50ea942255d43 - - default default] 10.0.0.107 "DELETE /v2.0/networks/01d9c223-5858-448a-bbdb-acfd3a0478e2 HTTP/1.1" status: 204 len: 168 time: 0.5134571
2026-05-06 06:09:59.971 10 INFO neutron.db.ovn_revision_numbers_db [None req-67caadf8-6900-49b0-a9a4-9c11146dabe1 270e8126c99640c0bf4206fb440f0008 8b274534e0ec4cd5afc50ea942255d43 - - default default] Successfully bumped revision number for resource 989666d7-38e8-4966-842b-1d0aa7ca802b (type: router_ports) to 2
2026-05-06 06:09:59.975 10 INFO neutron.wsgi [None req-67caadf8-6900-49b0-a9a4-9c11146dabe1 270e8126c99640c0bf4206fb440f0008 8b274534e0ec4cd5afc50ea942255d43 - - default default] 10.0.0.107 "PUT /v2.0/routers/8df32aee-a74f-4eb2-b826-23ae7d98d9d4/add_router_interface HTTP/1.1" status: 200 len: 503 time: 2.0903418
2026-05-06 06:10:00.002 9 INFO neutron.db.ovn_revision_numbers_db [None req-66bb4654-1d17-4962-8a15-91323b6c9b3f - - - - - -] Successfully bumped revision number for resource 24a2e602-7b6b-4f37-99b1-10524eb86f83 (type: router_ports) to 4
2026-05-06 06:10:00.025 9 INFO neutron.wsgi [req-d6b8165c-2de3-4d79-9ebb-2acde8980f7f req-9c22f2c9-1789-40f3-858a-c49c9b39660e 120372f8f5a84ce4a95b6bf6c77dd802 cebf464594b14c8a99ec438588facc58 - - e0cb39f46a7f4fbcb7c65298a0ad7f9a e0cb39f46a7f4fbcb7c65298a0ad7f9a] 199.19.213.86 "GET /v2.0/ports?device_id=86cede99-ffe6-48b1-82e1-85873daefeda&fields=binding%3Ahost_id&fields=binding%3Avif_type HTTP/1.1" status: 200 len: 265 time: 0.0326428
2026-05-06 06:10:00.120 9 INFO neutron.wsgi [req-d6b8165c-2de3-4d79-9ebb-2acde8980f7f req-ebd87375-c166-4b9f-ba83-5d323f104b55 120372f8f5a84ce4a95b6bf6c77dd802 cebf464594b14c8a99ec438588facc58 - - e0cb39f46a7f4fbcb7c65298a0ad7f9a e0cb39f46a7f4fbcb7c65298a0ad7f9a] 199.19.213.86 "GET /v2.0/ports?tenant_id=7ecd6bf418fb42feb2addcd69cc11559&device_id=86cede99-ffe6-48b1-82e1-85873daefeda HTTP/1.1" status: 200 len: 1409 time: 0.0502670
2026-05-06 06:10:00.152 10 INFO neutron.wsgi [None req-f672c1dc-3304-45bb-8726-dc2710e21e85 270e8126c99640c0bf4206fb440f0008 8b274534e0ec4cd5afc50ea942255d43 - - default default] 10.0.0.107 "GET /v2.0/security-groups?tenant_id=43e28986cbc44fb1afa384bcca4951ec&name=default HTTP/1.1" status: 200 len: 2996 time: 0.0522509
2026-05-06 06:10:00.219 9 INFO neutron.wsgi [req-d6b8165c-2de3-4d79-9ebb-2acde8980f7f req-49daf794-f2b1-46cf-a000-32159a61e697 120372f8f5a84ce4a95b6bf6c77dd802 cebf464594b14c8a99ec438588facc58 - - e0cb39f46a7f4fbcb7c65298a0ad7f9a e0cb39f46a7f4fbcb7c65298a0ad7f9a] 199.19.213.86 "GET /v2.0/networks?id=6c5ddb65-df94-485c-80de-d1cbe93fb3de HTTP/1.1" status: 200 len: 959 time: 0.0767496
2026-05-06 06:10:00.265 9 INFO neutron.wsgi [req-d6b8165c-2de3-4d79-9ebb-2acde8980f7f req-50c1adcd-7e46-4ff7-85c0-743895d94d6d 120372f8f5a84ce4a95b6bf6c77dd802 cebf464594b14c8a99ec438588facc58 - - e0cb39f46a7f4fbcb7c65298a0ad7f9a e0cb39f46a7f4fbcb7c65298a0ad7f9a] 199.19.213.86 "GET /v2.0/floatingips?fixed_ip_address=10.100.0.6&port_id=90d7e7db-17f4-4bf5-99a7-e478aafa2d2e HTTP/1.1" status: 200 len: 1059 time: 0.0406218
2026-05-06 06:10:00.309 9 INFO neutron.wsgi [req-d6b8165c-2de3-4d79-9ebb-2acde8980f7f req-945013ed-075d-4c78-b957-bea34cdd469e 120372f8f5a84ce4a95b6bf6c77dd802 cebf464594b14c8a99ec438588facc58 - - e0cb39f46a7f4fbcb7c65298a0ad7f9a e0cb39f46a7f4fbcb7c65298a0ad7f9a] 199.19.213.86 "GET /v2.0/subnets?id=0f4f9fe5-aefd-4cd1-aa0c-1d84967f699d HTTP/1.1" status: 200 len: 853 time: 0.0333440
2026-05-06 06:10:00.338 9 INFO neutron.wsgi [req-d6b8165c-2de3-4d79-9ebb-2acde8980f7f req-7cfe344d-5e01-4f9c-a409-36dcdeea0cf6 120372f8f5a84ce4a95b6bf6c77dd802 cebf464594b14c8a99ec438588facc58 - - e0cb39f46a7f4fbcb7c65298a0ad7f9a e0cb39f46a7f4fbcb7c65298a0ad7f9a] 199.19.213.86 "GET /v2.0/ports?network_id=6c5ddb65-df94-485c-80de-d1cbe93fb3de&device_owner=network%3Adhcp HTTP/1.1" status: 200 len: 210 time: 0.0219307
2026-05-06 06:10:00.405 9 INFO neutron.wsgi [req-d6b8165c-2de3-4d79-9ebb-2acde8980f7f req-aca9b22e-caec-4f1f-ac9c-770b54c0d14d 120372f8f5a84ce4a95b6bf6c77dd802 cebf464594b14c8a99ec438588facc58 - - e0cb39f46a7f4fbcb7c65298a0ad7f9a e0cb39f46a7f4fbcb7c65298a0ad7f9a] 199.19.213.86 "GET /v2.0/networks/6c5ddb65-df94-485c-80de-d1cbe93fb3de?fields=segments HTTP/1.1" status: 200 len: 212 time: 0.0624743
2026-05-06 06:10:00.453 9 INFO neutron.wsgi [None req-4d08892f-d149-457c-bf6d-ac8273deb046 270e8126c99640c0bf4206fb440f0008 8b274534e0ec4cd5afc50ea942255d43 - - default default] 10.0.0.107 "DELETE /v2.0/security-groups/3746a31d-6696-4604-ad2b-0b0407428b79 HTTP/1.1" status: 204 len: 168 time: 0.2973683
2026-05-06 06:10:00.483 9 INFO neutron.wsgi [req-d6b8165c-2de3-4d79-9ebb-2acde8980f7f req-55f382b6-3e42-4bbc-b48e-375362b4cbe0 120372f8f5a84ce4a95b6bf6c77dd802 cebf464594b14c8a99ec438588facc58 - - e0cb39f46a7f4fbcb7c65298a0ad7f9a e0cb39f46a7f4fbcb7c65298a0ad7f9a] 199.19.213.86 "GET /v2.0/networks/6c5ddb65-df94-485c-80de-d1cbe93fb3de?fields=provider%3Aphysical_network&fields=provider%3Anetwork_type HTTP/1.1" status: 200 len: 277 time: 0.0705292
2026-05-06 06:10:02.383 10 INFO neutron.wsgi [req-96d23261-1d57-46d7-a530-3a02532e8d36 req-6922e5ec-f021-4c42-82c8-d8b11ad14337 2ef05968ca3e4e8cbda0a0f807e07f03 95fb849e13564b2b983848d6c29da9e4 - - default default] 10.0.0.201 "GET /v2.0/networks?id=04fca3eb-1566-4c48-b1f3-d27e0224454b HTTP/1.1" status: 200 len: 871 time: 0.0871217
2026-05-06 06:10:02.404 10 INFO neutron.wsgi [req-96d23261-1d57-46d7-a530-3a02532e8d36 req-722d0e6c-c108-47be-be53-3c3050d502db 2ef05968ca3e4e8cbda0a0f807e07f03 95fb849e13564b2b983848d6c29da9e4 - - default default] 10.0.0.201 "GET /v2.0/quotas/95fb849e13564b2b983848d6c29da9e4 HTTP/1.1" status: 200 len: 386 time: 0.0126863
2026-05-06 06:10:02.735 9 INFO neutron.wsgi [None req-e85f16ee-f5f8-452c-b6ac-e83282e4cefb 1489f6ec48f741fcad3914c60c45b1d8 cec7e4ff74b7417b838916f54364e053 - - default default] 10.0.0.107 "GET /v2.0/ports?project_id=7ecd6bf418fb42feb2addcd69cc11559&network_id=6c5ddb65-df94-485c-80de-d1cbe93fb3de HTTP/1.1" status: 200 len: 3510 time: 0.0490613
2026-05-06 06:10:02.765 10 INFO neutron.wsgi [req-96d23261-1d57-46d7-a530-3a02532e8d36 req-75e2bfe0-9aaa-41b4-a6c7-7c8e82994030 2ef05968ca3e4e8cbda0a0f807e07f03 95fb849e13564b2b983848d6c29da9e4 - - default default] 10.0.0.201 "GET /v2.0/ports?tenant_id=95fb849e13564b2b983848d6c29da9e4&fields=id HTTP/1.1" status: 200 len: 302 time: 0.3535471
2026-05-06 06:10:02.834 10 INFO neutron.wsgi [req-96d23261-1d57-46d7-a530-3a02532e8d36 req-f23649cb-3a75-4e57-8624-f90143cb1018 120372f8f5a84ce4a95b6bf6c77dd802 cebf464594b14c8a99ec438588facc58 - - e0cb39f46a7f4fbcb7c65298a0ad7f9a e0cb39f46a7f4fbcb7c65298a0ad7f9a] 10.0.0.201 "GET /v2.0/networks/04fca3eb-1566-4c48-b1f3-d27e0224454b?fields=segments HTTP/1.1" status: 200 len: 212 time: 0.0584028
2026-05-06 06:10:02.891 10 INFO neutron.wsgi [req-96d23261-1d57-46d7-a530-3a02532e8d36 req-dde7853b-889c-42cb-b8fa-836484c105c1 120372f8f5a84ce4a95b6bf6c77dd802 cebf464594b14c8a99ec438588facc58 - - e0cb39f46a7f4fbcb7c65298a0ad7f9a e0cb39f46a7f4fbcb7c65298a0ad7f9a] 10.0.0.201 "GET /v2.0/networks/04fca3eb-1566-4c48-b1f3-d27e0224454b?fields=provider%3Aphysical_network&fields=provider%3Anetwork_type HTTP/1.1" status: 200 len: 277 time: 0.0492268
2026-05-06 06:10:03.012 9 INFO neutron.wsgi [None req-44e2c3f7-1585-4ca5-99c9-a6d82fa9b47f 1489f6ec48f741fcad3914c60c45b1d8 cec7e4ff74b7417b838916f54364e053 - - default default] 10.0.0.107 "GET /v2.0/subnets?network_id=5e9d6caf-82fb-4055-909e-b1e6c200b218 HTTP/1.1" status: 200 len: 838 time: 0.0399203
2026-05-06 06:10:03.047 9 INFO neutron.wsgi [req-65096e44-ee8d-474e-ad44-dea91aff9556 req-caaa8a9d-9150-4b45-b845-de28a8df3133 2ef05968ca3e4e8cbda0a0f807e07f03 95fb849e13564b2b983848d6c29da9e4 - - default default] 10.0.0.201 "GET /v2.0/ports?device_id=0975f486-c53d-4581-9c33-256ba4045207 HTTP/1.1" status: 200 len: 210 time: 0.0256360
2026-05-06 06:10:03.328 10 INFO neutron.db.l3_db [None req-471c088a-81ac-44e0-a1a5-3a174549698c 587b55c6312047fabe8bda1242123f85 7ecd6bf418fb42feb2addcd69cc11559 - - default default] Floating IP cc551225-f7d5-49c5-92eb-2c7a5208beea disassociated. External IP: 10.96.250.207, port: 90d7e7db-17f4-4bf5-99a7-e478aafa2d2e.
2026-05-06 06:10:03.366 10 INFO neutron.db.ovn_revision_numbers_db [None req-471c088a-81ac-44e0-a1a5-3a174549698c 587b55c6312047fabe8bda1242123f85 7ecd6bf418fb42feb2addcd69cc11559 - - default default] Successfully bumped revision number for resource cc551225-f7d5-49c5-92eb-2c7a5208beea (type: floatingips) to 2
2026-05-06 06:10:03.440 10 INFO neutron.wsgi [None req-471c088a-81ac-44e0-a1a5-3a174549698c 587b55c6312047fabe8bda1242123f85 7ecd6bf418fb42feb2addcd69cc11559 - - default default] 10.0.0.107 "PUT /v2.0/floatingips/cc551225-f7d5-49c5-92eb-2c7a5208beea HTTP/1.1" status: 200 len: 748 time: 0.2483969
2026-05-06 06:10:03.484 10 INFO neutron.wsgi [None req-31ddfebb-7d02-46c6-9c2f-b7c31b2a102c 587b55c6312047fabe8bda1242123f85 7ecd6bf418fb42feb2addcd69cc11559 - - default default] 10.0.0.107 "GET /v2.0/floatingips/cc551225-f7d5-49c5-92eb-2c7a5208beea HTTP/1.1" status: 200 len: 746 time: 0.0363984
2026-05-06 06:10:03.486 10 INFO neutron.notifiers.nova [-] Nova event matching ['req-58a7a303-5d0e-45a4-8b2d-d6cb6b6945af'] response: {'name': 'network-changed', 'server_uuid': '86cede99-ffe6-48b1-82e1-85873daefeda', 'tag': '90d7e7db-17f4-4bf5-99a7-e478aafa2d2e', 'status': 'completed', 'code': 200}
2026-05-06 06:10:03.541 9 INFO neutron.wsgi [req-29001d88-b7d2-44c7-b4c2-60e1dcdea58e req-df5349bd-0cf6-43c8-81c6-816b4c76b2e3 120372f8f5a84ce4a95b6bf6c77dd802 cebf464594b14c8a99ec438588facc58 - - e0cb39f46a7f4fbcb7c65298a0ad7f9a e0cb39f46a7f4fbcb7c65298a0ad7f9a] 199.19.213.86 "GET /v2.0/ports?tenant_id=7ecd6bf418fb42feb2addcd69cc11559&device_id=86cede99-ffe6-48b1-82e1-85873daefeda HTTP/1.1" status: 200 len: 1409 time: 0.0365496
2026-05-06 06:10:03.610 9 INFO neutron.wsgi [req-29001d88-b7d2-44c7-b4c2-60e1dcdea58e req-b39eaacb-f228-4ed9-b4cb-ff80e5fe1071 120372f8f5a84ce4a95b6bf6c77dd802 cebf464594b14c8a99ec438588facc58 - - e0cb39f46a7f4fbcb7c65298a0ad7f9a e0cb39f46a7f4fbcb7c65298a0ad7f9a] 199.19.213.86 "GET /v2.0/networks?id=6c5ddb65-df94-485c-80de-d1cbe93fb3de HTTP/1.1" status: 200 len: 959 time: 0.0637777
2026-05-06 06:10:03.642 9 INFO neutron.wsgi [req-29001d88-b7d2-44c7-b4c2-60e1dcdea58e req-e4c37acc-9269-4092-a068-9e6ffd0d3a82 120372f8f5a84ce4a95b6bf6c77dd802 cebf464594b14c8a99ec438588facc58 - - e0cb39f46a7f4fbcb7c65298a0ad7f9a e0cb39f46a7f4fbcb7c65298a0ad7f9a] 199.19.213.86 "GET /v2.0/floatingips?fixed_ip_address=10.100.0.6&port_id=90d7e7db-17f4-4bf5-99a7-e478aafa2d2e HTTP/1.1" status: 200 len: 217 time: 0.0247900
2026-05-06 06:10:03.680 9 INFO neutron.wsgi [req-29001d88-b7d2-44c7-b4c2-60e1dcdea58e req-1d2039dd-49b0-427b-86b0-10c88427d592 120372f8f5a84ce4a95b6bf6c77dd802 cebf464594b14c8a99ec438588facc58 - - e0cb39f46a7f4fbcb7c65298a0ad7f9a e0cb39f46a7f4fbcb7c65298a0ad7f9a] 199.19.213.86 "GET /v2.0/subnets?id=0f4f9fe5-aefd-4cd1-aa0c-1d84967f699d HTTP/1.1" status: 200 len: 853 time: 0.0329568
2026-05-06 06:10:03.703 9 INFO neutron.wsgi [req-29001d88-b7d2-44c7-b4c2-60e1dcdea58e req-661acb4c-b8de-4da9-a1f1-14190735edee 120372f8f5a84ce4a95b6bf6c77dd802 cebf464594b14c8a99ec438588facc58 - - e0cb39f46a7f4fbcb7c65298a0ad7f9a e0cb39f46a7f4fbcb7c65298a0ad7f9a] 199.19.213.86 "GET /v2.0/ports?network_id=6c5ddb65-df94-485c-80de-d1cbe93fb3de&device_owner=network%3Adhcp HTTP/1.1" status: 200 len: 210 time: 0.0185363
2026-05-06 06:10:03.715 10 INFO neutron.wsgi [req-96d23261-1d57-46d7-a530-3a02532e8d36 req-2f05d7a8-7cdf-4a11-a490-8a3d53c512c1 2ef05968ca3e4e8cbda0a0f807e07f03 95fb849e13564b2b983848d6c29da9e4 - - default default] 199.19.213.86 "GET /v2.0/networks?id=04fca3eb-1566-4c48-b1f3-d27e0224454b HTTP/1.1" status: 200 len: 871 time: 0.0778739
2026-05-06 06:10:03.783 9 INFO neutron.wsgi [req-29001d88-b7d2-44c7-b4c2-60e1dcdea58e req-bab9ce70-0b53-4648-93b7-f08a1b7c1763 120372f8f5a84ce4a95b6bf6c77dd802 cebf464594b14c8a99ec438588facc58 - - e0cb39f46a7f4fbcb7c65298a0ad7f9a e0cb39f46a7f4fbcb7c65298a0ad7f9a] 199.19.213.86 "GET /v2.0/networks/6c5ddb65-df94-485c-80de-d1cbe93fb3de?fields=segments HTTP/1.1" status: 200 len: 212 time: 0.0739038
