2026-05-06 06:13:33.700 10 INFO neutron.notifiers.nova [-] Nova event matching ['req-5aa9a141-ea9b-44dd-9e36-e11958c3d8eb'] response: {'server_uuid': '3b5783ba-aff3-433b-a5b3-75a250f3d4fd', 'name': 'network-vif-plugged', 'status': 'completed', 'tag': '1220e40b-a931-43b7-9140-c72d92bddf7f', 'code': 200} /var/lib/openstack/lib/python3.10/site-packages/pycadf/identifier.py:71: UserWarning: Invalid uuid: neutron. To ensure interoperability, identifiers should be a valid uuid. warnings.warn(('Invalid uuid: %s. To ensure interoperability, '
2026-05-06 06:13:34.279 10 INFO neutron.db.l3_db [None req-e621251b-933a-49b4-abd8-77e93f3dcc1c 8129487ce379429cada7c835d4f2ecd1 cd93dd1aabe2486ab9b0e223f5d9f8cb - - default default] Floating IP 8a800020-9934-4900-b62a-e9dca042ef53 disassociated (deleted). External IP: 10.96.250.220, port: 68565fb8-732c-4e5a-a356-315cdb5c511e.
2026-05-06 06:13:34.376 10 INFO neutron.wsgi [None req-e621251b-933a-49b4-abd8-77e93f3dcc1c 8129487ce379429cada7c835d4f2ecd1 cd93dd1aabe2486ab9b0e223f5d9f8cb - - default default] 10.0.0.107 "DELETE /v2.0/floatingips/8a800020-9934-4900-b62a-e9dca042ef53 HTTP/1.1" status: 204 len: 168 time: 0.4620047 /var/lib/openstack/lib/python3.10/site-packages/pycadf/identifier.py:71: UserWarning: Invalid uuid: neutron. To ensure interoperability, identifiers should be a valid uuid. warnings.warn(('Invalid uuid: %s. To ensure interoperability, '
2026-05-06 06:13:34.408 10 INFO neutron.api.v2.resource [None req-1f3d6ca7-cd4c-427e-bc0f-1adff1f8787c 8129487ce379429cada7c835d4f2ecd1 cd93dd1aabe2486ab9b0e223f5d9f8cb - - default default] show failed (client error): The resource could not be found.
2026-05-06 06:13:34.409 10 INFO neutron.wsgi [None req-1f3d6ca7-cd4c-427e-bc0f-1adff1f8787c 8129487ce379429cada7c835d4f2ecd1 cd93dd1aabe2486ab9b0e223f5d9f8cb - - default default] 10.0.0.107 "GET /v2.0/floatingips/8a800020-9934-4900-b62a-e9dca042ef53 HTTP/1.1" status: 404 len: 345 time: 0.0284986
2026-05-06 06:13:34.598 9 INFO neutron.plugins.ml2.drivers.ovn.mech_driver.mech_driver [None req-1fca42ed-ddf7-4939-899d-3b4dc4239d5b - - - - - -] OVN reports status down for port: 68565fb8-732c-4e5a-a356-315cdb5c511e
2026-05-06 06:13:34.706 9 INFO neutron.wsgi [req-2442dbff-4a9f-4dd8-88e4-6303adf5ad47 req-8b2e75cb-2e9a-4cf3-a74f-463d3ef287ca 8129487ce379429cada7c835d4f2ecd1 cd93dd1aabe2486ab9b0e223f5d9f8cb - - default default] 10.0.0.201 "GET /v2.0/ports?device_id=c7c241ea-d617-4c9b-9839-1989432e70fa HTTP/1.1" status: 200 len: 1400 time: 0.1522689
2026-05-06 06:13:34.775 9 INFO neutron.wsgi [req-2442dbff-4a9f-4dd8-88e4-6303adf5ad47 req-27aa4abc-6f34-457b-8543-9ef890441e78 8129487ce379429cada7c835d4f2ecd1 cd93dd1aabe2486ab9b0e223f5d9f8cb - - default default] 10.0.0.201 "GET /v2.0/security-groups?id=f1b6d555-109e-42ab-ace8-beb0b3e0c9eb&fields=id&fields=name HTTP/1.1" status: 200 len: 310 time: 0.0596032
2026-05-06 06:13:34.855 9 INFO neutron.notifiers.nova [-] Nova event matching ['req-607ba316-5300-410a-a5ab-71eaf20ffbc4'] response: {'server_uuid': 'c7c241ea-d617-4c9b-9839-1989432e70fa', 'name': 'network-vif-unplugged', 'status': 'completed', 'tag': '68565fb8-732c-4e5a-a356-315cdb5c511e', 'code': 200}
2026-05-06 06:13:34.909 9 INFO neutron.wsgi [req-d2417311-7f9d-4981-89cc-6da8ae083f3d req-5e81ef1a-0623-4026-8137-078ca5dcdabb 8129487ce379429cada7c835d4f2ecd1 cd93dd1aabe2486ab9b0e223f5d9f8cb - - default default] 199.19.213.86 "GET /v2.0/ports?device_id=c7c241ea-d617-4c9b-9839-1989432e70fa HTTP/1.1" status: 200 len: 1398 time: 0.0427871
2026-05-06 06:13:34.976 9 INFO neutron.db.ovn_revision_numbers_db [None req-1fca42ed-ddf7-4939-899d-3b4dc4239d5b - - - - - -] Successfully bumped revision number for resource 68565fb8-732c-4e5a-a356-315cdb5c511e (type: ports) to 5
2026-05-06 06:13:35.249 9 INFO neutron.wsgi [req-d2417311-7f9d-4981-89cc-6da8ae083f3d req-7e5a3644-81bb-44ac-9388-678f7c85972f 8129487ce379429cada7c835d4f2ecd1 cd93dd1aabe2486ab9b0e223f5d9f8cb - - default default] 199.19.213.86 "DELETE /v2.0/ports/68565fb8-732c-4e5a-a356-315cdb5c511e HTTP/1.1" status: 204 len: 173 time: 0.3339510
2026-05-06 06:13:35.744 10 INFO neutron.notifiers.nova [-] Nova event matching ['req-e22792cd-141d-4495-b42c-a684b631e764'] response: {'name': 'network-changed', 'server_uuid': 'c7c241ea-d617-4c9b-9839-1989432e70fa', 'tag': '68565fb8-732c-4e5a-a356-315cdb5c511e', 'status': 'completed', 'code': 200} /var/lib/openstack/lib/python3.10/site-packages/pycadf/identifier.py:71: UserWarning: Invalid uuid: neutron. To ensure interoperability, identifiers should be a valid uuid. warnings.warn(('Invalid uuid: %s. To ensure interoperability, '
2026-05-06 06:13:35.777 9 INFO neutron.wsgi [req-c2fdb378-4153-447d-95ea-5b870aac7e2b req-b2f60018-a9b2-4869-b6b7-3c6fe3c7b407 120372f8f5a84ce4a95b6bf6c77dd802 cebf464594b14c8a99ec438588facc58 - - e0cb39f46a7f4fbcb7c65298a0ad7f9a e0cb39f46a7f4fbcb7c65298a0ad7f9a] 199.19.213.86 "GET /v2.0/ports?tenant_id=cd93dd1aabe2486ab9b0e223f5d9f8cb&device_id=c7c241ea-d617-4c9b-9839-1989432e70fa HTTP/1.1" status: 200 len: 210 time: 0.0256095
2026-05-06 06:13:35.886 9 INFO neutron.wsgi [req-c2fdb378-4153-447d-95ea-5b870aac7e2b req-faf0fa8a-b0cd-418f-a406-79c886952d5f 120372f8f5a84ce4a95b6bf6c77dd802 cebf464594b14c8a99ec438588facc58 - - e0cb39f46a7f4fbcb7c65298a0ad7f9a e0cb39f46a7f4fbcb7c65298a0ad7f9a] 199.19.213.86 "GET /v2.0/networks?tenant_id=cd93dd1aabe2486ab9b0e223f5d9f8cb&shared=False HTTP/1.1" status: 200 len: 2584 time: 0.1053319
2026-05-06 06:13:35.986 9 INFO neutron.wsgi [req-c2fdb378-4153-447d-95ea-5b870aac7e2b req-a367005a-6a14-43f9-aaa9-5d28e7bc43c8 120372f8f5a84ce4a95b6bf6c77dd802 cebf464594b14c8a99ec438588facc58 - - e0cb39f46a7f4fbcb7c65298a0ad7f9a e0cb39f46a7f4fbcb7c65298a0ad7f9a] 199.19.213.86 "GET /v2.0/networks?shared=True HTTP/1.1" status: 200 len: 952 time: 0.0939863
2026-05-06 06:13:36.893 9 INFO neutron.notifiers.nova [-] Nova event matching ['req-3b31534e-ca2c-4609-9618-c7c2f7b52da1'] response: {'server_uuid': 'c7c241ea-d617-4c9b-9839-1989432e70fa', 'name': 'network-vif-plugged', 'status': 'completed', 'tag': '68565fb8-732c-4e5a-a356-315cdb5c511e', 'code': 200}
2026-05-06 06:13:36.893 9 INFO neutron.notifiers.nova [-] Nova event matching ['req-3b31534e-ca2c-4609-9618-c7c2f7b52da1'] response: {'server_uuid': 'c7c241ea-d617-4c9b-9839-1989432e70fa', 'name': 'network-vif-deleted', 'tag': '68565fb8-732c-4e5a-a356-315cdb5c511e', 'status': 'completed', 'code': 200}
2026-05-06 06:13:37.953 9 INFO neutron.wsgi [-] 10.0.0.181 "GET / HTTP/1.1" status: 200 len: 247 time: 0.0024159
2026-05-06 06:13:37.954 10 INFO neutron.wsgi [-] 10.0.0.181 "GET / HTTP/1.1" status: 200 len: 247 time: 0.0033026
2026-05-06 06:13:40.237 9 INFO neutron.db.l3_db [None req-379afd50-9ecd-4768-990b-6f3f63b277c8 8129487ce379429cada7c835d4f2ecd1 cd93dd1aabe2486ab9b0e223f5d9f8cb - - default default] Floating IP df6a606e-ef09-45a3-ad5d-c40f18b3689a disassociated (deleted). External IP: 10.96.250.217, port: f8bb1e81-b381-4e02-9799-7f0257a61eec.
2026-05-06 06:13:40.315 9 INFO neutron.wsgi [None req-379afd50-9ecd-4768-990b-6f3f63b277c8 8129487ce379429cada7c835d4f2ecd1 cd93dd1aabe2486ab9b0e223f5d9f8cb - - default default] 10.0.0.107 "DELETE /v2.0/floatingips/df6a606e-ef09-45a3-ad5d-c40f18b3689a HTTP/1.1" status: 204 len: 168 time: 0.4749949 /var/lib/openstack/lib/python3.10/site-packages/pycadf/identifier.py:71: UserWarning: Invalid uuid: neutron. To ensure interoperability, identifiers should be a valid uuid. warnings.warn(('Invalid uuid: %s. To ensure interoperability, '
2026-05-06 06:13:40.351 10 INFO neutron.api.v2.resource [None req-3579deab-c4d2-42db-a239-69f21e9c960d 8129487ce379429cada7c835d4f2ecd1 cd93dd1aabe2486ab9b0e223f5d9f8cb - - default default] show failed (client error): The resource could not be found.
2026-05-06 06:13:40.353 10 INFO neutron.wsgi [None req-3579deab-c4d2-42db-a239-69f21e9c960d 8129487ce379429cada7c835d4f2ecd1 cd93dd1aabe2486ab9b0e223f5d9f8cb - - default default] 10.0.0.107 "GET /v2.0/floatingips/df6a606e-ef09-45a3-ad5d-c40f18b3689a HTTP/1.1" status: 404 len: 345 time: 0.0324020
2026-05-06 06:13:40.360 9 INFO neutron.notifiers.nova [-] Nova event matching ['req-b9492b8c-03dd-4505-8647-5998977e416f'] response: {'name': 'network-changed', 'server_uuid': 'fba8d1a2-b3c3-4261-8890-9f16887a5ee4', 'tag': 'f8bb1e81-b381-4e02-9799-7f0257a61eec', 'status': 'completed', 'code': 200}
2026-05-06 06:13:40.547 10 INFO neutron.plugins.ml2.drivers.ovn.mech_driver.mech_driver [None req-bd6d18b6-f675-4f3a-9ff7-00288c7b9848 - - - - - -] OVN reports status down for port: f8bb1e81-b381-4e02-9799-7f0257a61eec
2026-05-06 06:13:40.612 9 INFO neutron.wsgi [req-4c220c14-ab9e-488f-a65c-486865a31e46 req-3c8fff08-6528-4fbe-a546-709548f3e791 120372f8f5a84ce4a95b6bf6c77dd802 cebf464594b14c8a99ec438588facc58 - - e0cb39f46a7f4fbcb7c65298a0ad7f9a e0cb39f46a7f4fbcb7c65298a0ad7f9a] 199.19.213.86 "GET /v2.0/ports?tenant_id=cd93dd1aabe2486ab9b0e223f5d9f8cb&device_id=fba8d1a2-b3c3-4261-8890-9f16887a5ee4 HTTP/1.1" status: 200 len: 1634 time: 0.2314703
2026-05-06 06:13:40.673 10 INFO neutron.wsgi [req-3ce7d5c3-1976-44db-bdb4-38f307a27509 req-e7677589-072b-48ca-b502-a4dc2fff6b87 8129487ce379429cada7c835d4f2ecd1 cd93dd1aabe2486ab9b0e223f5d9f8cb - - default default] 10.0.0.201 "GET /v2.0/ports?device_id=fba8d1a2-b3c3-4261-8890-9f16887a5ee4 HTTP/1.1" status: 200 len: 1396 time: 0.1731377
2026-05-06 06:13:40.690 9 INFO neutron.wsgi [req-4c220c14-ab9e-488f-a65c-486865a31e46 req-450f1a94-69c3-419f-9fb6-8573a961e891 120372f8f5a84ce4a95b6bf6c77dd802 cebf464594b14c8a99ec438588facc58 - - e0cb39f46a7f4fbcb7c65298a0ad7f9a e0cb39f46a7f4fbcb7c65298a0ad7f9a] 199.19.213.86 "GET /v2.0/networks?id=c20ab878-3466-44b4-af29-d65739937978 HTTP/1.1" status: 200 len: 1003 time: 0.0719767
2026-05-06 06:13:40.725 9 INFO neutron.wsgi [req-4c220c14-ab9e-488f-a65c-486865a31e46 req-c2d6c355-ed54-475e-bca2-f45a8fb69da9 120372f8f5a84ce4a95b6bf6c77dd802 cebf464594b14c8a99ec438588facc58 - - e0cb39f46a7f4fbcb7c65298a0ad7f9a e0cb39f46a7f4fbcb7c65298a0ad7f9a] 199.19.213.86 "GET /v2.0/floatingips?fixed_ip_address=10.2.1.23&port_id=f8bb1e81-b381-4e02-9799-7f0257a61eec HTTP/1.1" status: 200 len: 217 time: 0.0268342
2026-05-06 06:13:40.728 10 INFO neutron.notifiers.nova [-] Nova event matching ['req-486e7d53-7449-4d4b-876e-c193e575de2c'] response: {'server_uuid': 'fba8d1a2-b3c3-4261-8890-9f16887a5ee4', 'name': 'network-vif-unplugged', 'status': 'completed', 'tag': 'f8bb1e81-b381-4e02-9799-7f0257a61eec', 'code': 200}
2026-05-06 06:13:40.739 10 INFO neutron.wsgi [req-3ce7d5c3-1976-44db-bdb4-38f307a27509 req-f8500ba7-7a8b-485b-8207-4f2bc5391cf8 8129487ce379429cada7c835d4f2ecd1 cd93dd1aabe2486ab9b0e223f5d9f8cb - - default default] 10.0.0.201 "GET /v2.0/security-groups?id=f1b6d555-109e-42ab-ace8-beb0b3e0c9eb&fields=id&fields=name HTTP/1.1" status: 200 len: 310 time: 0.0565195
2026-05-06 06:13:40.763 9 INFO neutron.wsgi [req-4c220c14-ab9e-488f-a65c-486865a31e46 req-4c2b165f-9ca2-4ed4-989c-02ef65aaf340 120372f8f5a84ce4a95b6bf6c77dd802 cebf464594b14c8a99ec438588facc58 - - e0cb39f46a7f4fbcb7c65298a0ad7f9a e0cb39f46a7f4fbcb7c65298a0ad7f9a] 199.19.213.86 "GET /v2.0/floatingips?fixed_ip_address=fd7b%3Af9f7%3Afff%3A4eca%3A%3A24f&port_id=f8bb1e81-b381-4e02-9799-7f0257a61eec HTTP/1.1" status: 200 len: 217 time: 0.0290694
2026-05-06 06:13:40.805 9 INFO neutron.wsgi [req-4c220c14-ab9e-488f-a65c-486865a31e46 req-aa5c1b8a-894c-427e-925a-35e357c02862 120372f8f5a84ce4a95b6bf6c77dd802 cebf464594b14c8a99ec438588facc58 - - e0cb39f46a7f4fbcb7c65298a0ad7f9a e0cb39f46a7f4fbcb7c65298a0ad7f9a] 199.19.213.86 "GET /v2.0/subnets?id=a00322a8-31eb-476f-8ef4-d769b5410f16&id=0b4b50d9-eb3d-48bf-8766-f602a2e2905a HTTP/1.1" status: 200 len: 1561 time: 0.0343237
2026-05-06 06:13:40.830 9 INFO neutron.wsgi [req-4c220c14-ab9e-488f-a65c-486865a31e46 req-1d394e25-e13d-4cf7-9ab6-fcd904787273 120372f8f5a84ce4a95b6bf6c77dd802 cebf464594b14c8a99ec438588facc58 - - e0cb39f46a7f4fbcb7c65298a0ad7f9a e0cb39f46a7f4fbcb7c65298a0ad7f9a] 199.19.213.86 "GET /v2.0/ports?network_id=c20ab878-3466-44b4-af29-d65739937978&device_owner=network%3Adhcp HTTP/1.1" status: 200 len: 210 time: 0.0178890
2026-05-06 06:13:40.868 9 INFO neutron.wsgi [req-4c220c14-ab9e-488f-a65c-486865a31e46 req-77df3095-2092-4711-a825-6f9083500df9 120372f8f5a84ce4a95b6bf6c77dd802 cebf464594b14c8a99ec438588facc58 - - e0cb39f46a7f4fbcb7c65298a0ad7f9a e0cb39f46a7f4fbcb7c65298a0ad7f9a] 199.19.213.86 "GET /v2.0/ports?network_id=c20ab878-3466-44b4-af29-d65739937978&device_owner=network%3Adhcp HTTP/1.1" status: 200 len: 210 time: 0.0237083
2026-05-06 06:13:40.880 10 INFO neutron.wsgi [req-0c0d37a0-3e4f-4554-82d6-44cfbedabd47 req-b7bc121e-1db7-4284-a3c2-4c5e766dbc15 8129487ce379429cada7c835d4f2ecd1 cd93dd1aabe2486ab9b0e223f5d9f8cb - - default default] 199.19.213.86 "GET /v2.0/ports?device_id=fba8d1a2-b3c3-4261-8890-9f16887a5ee4 HTTP/1.1" status: 200 len: 1394 time: 0.0367279
2026-05-06 06:13:40.936 10 INFO neutron.db.ovn_revision_numbers_db [None req-bd6d18b6-f675-4f3a-9ff7-00288c7b9848 - - - - - -] Successfully bumped revision number for resource f8bb1e81-b381-4e02-9799-7f0257a61eec (type: ports) to 5
2026-05-06 06:13:40.939 9 INFO neutron.wsgi [req-4c220c14-ab9e-488f-a65c-486865a31e46 req-c15d6cb2-bf00-4d01-a102-8ee3607588ad 120372f8f5a84ce4a95b6bf6c77dd802 cebf464594b14c8a99ec438588facc58 - - e0cb39f46a7f4fbcb7c65298a0ad7f9a e0cb39f46a7f4fbcb7c65298a0ad7f9a] 199.19.213.86 "GET /v2.0/networks/c20ab878-3466-44b4-af29-d65739937978?fields=segments HTTP/1.1" status: 200 len: 212 time: 0.0614846
2026-05-06 06:13:41.003 9 INFO neutron.wsgi [req-4c220c14-ab9e-488f-a65c-486865a31e46 req-0cabbe7a-265b-4b49-a8f6-239fad26414f 120372f8f5a84ce4a95b6bf6c77dd802 cebf464594b14c8a99ec438588facc58 - - e0cb39f46a7f4fbcb7c65298a0ad7f9a e0cb39f46a7f4fbcb7c65298a0ad7f9a] 199.19.213.86 "GET /v2.0/networks/c20ab878-3466-44b4-af29-d65739937978?fields=provider%3Aphysical_network&fields=provider%3Anetwork_type HTTP/1.1" status: 200 len: 277 time: 0.0572155
2026-05-06 06:13:41.213 10 INFO neutron.wsgi [req-0c0d37a0-3e4f-4554-82d6-44cfbedabd47 req-88e7e435-9cdb-44d3-8a18-70e26a54a401 8129487ce379429cada7c835d4f2ecd1 cd93dd1aabe2486ab9b0e223f5d9f8cb - - default default] 199.19.213.86 "DELETE /v2.0/ports/f8bb1e81-b381-4e02-9799-7f0257a61eec HTTP/1.1" status: 204 len: 173 time: 0.3295708
2026-05-06 06:13:42.766 10 INFO neutron.notifiers.nova [-] Nova event matching ['req-9310c660-2873-4dc6-b5f6-baf4ce256a75'] response: {'server_uuid': 'fba8d1a2-b3c3-4261-8890-9f16887a5ee4', 'name': 'network-vif-plugged', 'status': 'completed', 'tag': 'f8bb1e81-b381-4e02-9799-7f0257a61eec', 'code': 200}
2026-05-06 06:13:42.766 10 INFO neutron.notifiers.nova [-] Nova event matching ['req-9310c660-2873-4dc6-b5f6-baf4ce256a75'] response: {'server_uuid': 'fba8d1a2-b3c3-4261-8890-9f16887a5ee4', 'name': 'network-vif-deleted', 'tag': 'f8bb1e81-b381-4e02-9799-7f0257a61eec', 'status': 'completed', 'code': 200} /var/lib/openstack/lib/python3.10/site-packages/pycadf/identifier.py:71: UserWarning: Invalid uuid: neutron. To ensure interoperability, identifiers should be a valid uuid. warnings.warn(('Invalid uuid: %s. To ensure interoperability, '
2026-05-06 06:13:45.917 10 INFO neutron.wsgi [None req-e9cd7e43-ffe6-4fb9-a02f-54376b2776b6 8129487ce379429cada7c835d4f2ecd1 cd93dd1aabe2486ab9b0e223f5d9f8cb - - default default] 10.0.0.107 "DELETE /v2.0/security-group-rules/4ad8dcb2-4d80-4fa4-9a52-7f1ab80a5705 HTTP/1.1" status: 204 len: 168 time: 0.1172464
2026-05-06 06:13:45.929 10 INFO neutron.api.v2.resource [None req-4842ccf1-8e41-41d8-9d64-d4c94c27b197 8129487ce379429cada7c835d4f2ecd1 cd93dd1aabe2486ab9b0e223f5d9f8cb - - default default] show failed (client error): The resource could not be found.
2026-05-06 06:13:45.930 10 INFO neutron.wsgi [None req-4842ccf1-8e41-41d8-9d64-d4c94c27b197 8129487ce379429cada7c835d4f2ecd1 cd93dd1aabe2486ab9b0e223f5d9f8cb - - default default] 10.0.0.107 "GET /v2.0/security-group-rules/4ad8dcb2-4d80-4fa4-9a52-7f1ab80a5705 HTTP/1.1" status: 404 len: 356 time: 0.0080554
2026-05-06 06:13:46.047 10 INFO neutron.wsgi [None req-f25f7831-a6ba-4d1d-a929-7f3e6bf04839 8129487ce379429cada7c835d4f2ecd1 cd93dd1aabe2486ab9b0e223f5d9f8cb - - default default] 10.0.0.107 "DELETE /v2.0/security-group-rules/9c5ff329-4db5-4296-9866-52bd0387c2e6 HTTP/1.1" status: 204 len: 168 time: 0.1122124
2026-05-06 06:13:46.062 10 INFO neutron.api.v2.resource [None req-e7157730-d605-4f67-8531-b2892bc46f03 8129487ce379429cada7c835d4f2ecd1 cd93dd1aabe2486ab9b0e223f5d9f8cb - - default default] show failed (client error): The resource could not be found.
2026-05-06 06:13:46.063 10 INFO neutron.wsgi [None req-e7157730-d605-4f67-8531-b2892bc46f03 8129487ce379429cada7c835d4f2ecd1 cd93dd1aabe2486ab9b0e223f5d9f8cb - - default default] 10.0.0.107 "GET /v2.0/security-group-rules/9c5ff329-4db5-4296-9866-52bd0387c2e6 HTTP/1.1" status: 404 len: 356 time: 0.0095081
2026-05-06 06:13:46.189 9 INFO neutron.wsgi [None req-7d1d6a7a-1770-4cb7-ade5-ddc80678ab1f 8129487ce379429cada7c835d4f2ecd1 cd93dd1aabe2486ab9b0e223f5d9f8cb - - default default] 10.0.0.107 "DELETE /v2.0/security-group-rules/9f8b1696-5057-453f-afab-6d95860ea050 HTTP/1.1" status: 204 len: 168 time: 0.1215429
2026-05-06 06:13:46.202 9 INFO neutron.api.v2.resource [None req-4f84d056-1d54-4f3f-ba3d-7b92bd03625e 8129487ce379429cada7c835d4f2ecd1 cd93dd1aabe2486ab9b0e223f5d9f8cb - - default default] show failed (client error): The resource could not be found.
2026-05-06 06:13:46.203 9 INFO neutron.wsgi [None req-4f84d056-1d54-4f3f-ba3d-7b92bd03625e 8129487ce379429cada7c835d4f2ecd1 cd93dd1aabe2486ab9b0e223f5d9f8cb - - default default] 10.0.0.107 "GET /v2.0/security-group-rules/9f8b1696-5057-453f-afab-6d95860ea050 HTTP/1.1" status: 404 len: 356 time: 0.0082517
2026-05-06 06:13:46.325 9 INFO neutron.wsgi [None req-b3d74253-bcdd-4c60-928d-347f8212b4bb 8129487ce379429cada7c835d4f2ecd1 cd93dd1aabe2486ab9b0e223f5d9f8cb - - default default] 10.0.0.107 "DELETE /v2.0/security-group-rules/fd3b0040-a4df-4d34-b5e1-744cc67a0ead HTTP/1.1" status: 204 len: 168 time: 0.1177964
2026-05-06 06:13:46.337 9 INFO neutron.api.v2.resource [None req-ca7040bb-339f-4f90-8ef9-51165ec910ad 8129487ce379429cada7c835d4f2ecd1 cd93dd1aabe2486ab9b0e223f5d9f8cb - - default default] show failed (client error): The resource could not be found.
2026-05-06 06:13:46.339 9 INFO neutron.wsgi [None req-ca7040bb-339f-4f90-8ef9-51165ec910ad 8129487ce379429cada7c835d4f2ecd1 cd93dd1aabe2486ab9b0e223f5d9f8cb - - default default] 10.0.0.107 "GET /v2.0/security-group-rules/fd3b0040-a4df-4d34-b5e1-744cc67a0ead HTTP/1.1" status: 404 len: 356 time: 0.0089867
2026-05-06 06:13:46.447 9 INFO neutron.wsgi [None req-6f2e76a6-fca1-43ac-a3ac-95ffc099906b 8129487ce379429cada7c835d4f2ecd1 cd93dd1aabe2486ab9b0e223f5d9f8cb - - default default] 10.0.0.107 "DELETE /v2.0/security-group-rules/3f26a679-3bd0-423f-b529-96bb700cf807 HTTP/1.1" status: 204 len: 168 time: 0.1050305
2026-05-06 06:13:46.471 9 INFO neutron.api.v2.resource [None req-897e3d6f-3967-4051-bfdf-4cb7a1e01cfd 8129487ce379429cada7c835d4f2ecd1 cd93dd1aabe2486ab9b0e223f5d9f8cb - - default default] show failed (client error): The resource could not be found.
2026-05-06 06:13:46.472 9 INFO neutron.wsgi [None req-897e3d6f-3967-4051-bfdf-4cb7a1e01cfd 8129487ce379429cada7c835d4f2ecd1 cd93dd1aabe2486ab9b0e223f5d9f8cb - - default default] 10.0.0.107 "GET /v2.0/security-group-rules/3f26a679-3bd0-423f-b529-96bb700cf807 HTTP/1.1" status: 404 len: 356 time: 0.0121088
2026-05-06 06:13:46.577 9 INFO neutron.wsgi [None req-d5b148a6-90f0-4d3d-ac4e-f148f5b0c5a6 8129487ce379429cada7c835d4f2ecd1 cd93dd1aabe2486ab9b0e223f5d9f8cb - - default default] 10.0.0.107 "DELETE /v2.0/security-group-rules/b17bfdfd-b21d-4558-b6c0-1e2f3f2646bf HTTP/1.1" status: 204 len: 168 time: 0.0991530
2026-05-06 06:13:46.590 9 INFO neutron.api.v2.resource [None req-d8d4ea41-38b1-4e7e-a298-f7080387c17a 8129487ce379429cada7c835d4f2ecd1 cd93dd1aabe2486ab9b0e223f5d9f8cb - - default default] show failed (client error): The resource could not be found.
2026-05-06 06:13:46.591 9 INFO neutron.wsgi [None req-d8d4ea41-38b1-4e7e-a298-f7080387c17a 8129487ce379429cada7c835d4f2ecd1 cd93dd1aabe2486ab9b0e223f5d9f8cb - - default default] 10.0.0.107 "GET /v2.0/security-group-rules/b17bfdfd-b21d-4558-b6c0-1e2f3f2646bf HTTP/1.1" status: 404 len: 356 time: 0.0091372
2026-05-06 06:13:46.707 9 INFO neutron.wsgi [None req-42dda99f-9a2d-4e25-9d72-6699f48bbc1f 8129487ce379429cada7c835d4f2ecd1 cd93dd1aabe2486ab9b0e223f5d9f8cb - - default default] 10.0.0.107 "DELETE /v2.0/security-group-rules/819edc88-ca25-40e6-aa76-8e03313c7920 HTTP/1.1" status: 204 len: 168 time: 0.1117487
2026-05-06 06:13:46.718 9 INFO neutron.api.v2.resource [None req-b95beb66-3ddd-4c79-94e2-83cb765a7125 8129487ce379429cada7c835d4f2ecd1 cd93dd1aabe2486ab9b0e223f5d9f8cb - - default default] show failed (client error): The resource could not be found.
2026-05-06 06:13:46.719 9 INFO neutron.wsgi [None req-b95beb66-3ddd-4c79-94e2-83cb765a7125 8129487ce379429cada7c835d4f2ecd1 cd93dd1aabe2486ab9b0e223f5d9f8cb - - default default] 10.0.0.107 "GET /v2.0/security-group-rules/819edc88-ca25-40e6-aa76-8e03313c7920 HTTP/1.1" status: 404 len: 356 time: 0.0075595
2026-05-06 06:13:46.851 9 INFO neutron.wsgi [None req-a6a181a8-8310-47dd-9afc-fce804556a92 8129487ce379429cada7c835d4f2ecd1 cd93dd1aabe2486ab9b0e223f5d9f8cb - - default default] 10.0.0.107 "DELETE /v2.0/security-group-rules/c5aa35b6-36e0-4509-a3b9-3efe1c8dc558 HTTP/1.1" status: 204 len: 168 time: 0.1285615
2026-05-06 06:13:46.862 9 INFO neutron.api.v2.resource [None req-77f1898f-a377-4001-9202-783dc5b6b3fd 8129487ce379429cada7c835d4f2ecd1 cd93dd1aabe2486ab9b0e223f5d9f8cb - - default default] show failed (client error): The resource could not be found.
2026-05-06 06:13:46.865 9 INFO neutron.wsgi [None req-77f1898f-a377-4001-9202-783dc5b6b3fd 8129487ce379429cada7c835d4f2ecd1 cd93dd1aabe2486ab9b0e223f5d9f8cb - - default default] 10.0.0.107 "GET /v2.0/security-group-rules/c5aa35b6-36e0-4509-a3b9-3efe1c8dc558 HTTP/1.1" status: 404 len: 356 time: 0.0101666
2026-05-06 06:13:46.977 9 INFO neutron.wsgi [None req-895c649e-a46a-4123-947d-29ecf8ab317f 8129487ce379429cada7c835d4f2ecd1 cd93dd1aabe2486ab9b0e223f5d9f8cb - - default default] 10.0.0.107 "DELETE /v2.0/security-group-rules/9c3dab29-bfe7-426d-a508-906e7ebe3c3e HTTP/1.1" status: 204 len: 168 time: 0.1071026
2026-05-06 06:13:46.991 9 INFO neutron.api.v2.resource [None req-d78de096-8445-4b73-846d-21a3f8179b95 8129487ce379429cada7c835d4f2ecd1 cd93dd1aabe2486ab9b0e223f5d9f8cb - - default default] show failed (client error): The resource could not be found.
2026-05-06 06:13:46.992 9 INFO neutron.wsgi [None req-d78de096-8445-4b73-846d-21a3f8179b95 8129487ce379429cada7c835d4f2ecd1 cd93dd1aabe2486ab9b0e223f5d9f8cb - - default default] 10.0.0.107 "GET /v2.0/security-group-rules/9c3dab29-bfe7-426d-a508-906e7ebe3c3e HTTP/1.1" status: 404 len: 356 time: 0.0090785
2026-05-06 06:13:47.098 9 INFO neutron.wsgi [None req-9873fdbe-6aff-4371-9f17-790d66ee0ffe 8129487ce379429cada7c835d4f2ecd1 cd93dd1aabe2486ab9b0e223f5d9f8cb - - default default] 10.0.0.107 "DELETE /v2.0/security-group-rules/83a2b263-4670-495f-8a41-8df607926df0 HTTP/1.1" status: 204 len: 168 time: 0.0996761
2026-05-06 06:13:47.110 9 INFO neutron.api.v2.resource [None req-20a3b39d-6f86-4250-9ed1-b6f5f5c2176f 8129487ce379429cada7c835d4f2ecd1 cd93dd1aabe2486ab9b0e223f5d9f8cb - - default default] show failed (client error): The resource could not be found.
2026-05-06 06:13:47.112 9 INFO neutron.wsgi [None req-20a3b39d-6f86-4250-9ed1-b6f5f5c2176f 8129487ce379429cada7c835d4f2ecd1 cd93dd1aabe2486ab9b0e223f5d9f8cb - - default default] 10.0.0.107 "GET /v2.0/security-group-rules/83a2b263-4670-495f-8a41-8df607926df0 HTTP/1.1" status: 404 len: 356 time: 0.0076542
2026-05-06 06:13:47.214 9 INFO neutron.wsgi [None req-85f6b692-eb70-46d6-8ed5-00d5d1bbba12 8129487ce379429cada7c835d4f2ecd1 cd93dd1aabe2486ab9b0e223f5d9f8cb - - default default] 10.0.0.107 "DELETE /v2.0/security-group-rules/74e82635-7c19-47d3-b379-92fb1c00d1f2 HTTP/1.1" status: 204 len: 168 time: 0.0971763
2026-05-06 06:13:47.226 9 INFO neutron.api.v2.resource [None req-5d229354-0330-4fce-86bf-477b15580be5 8129487ce379429cada7c835d4f2ecd1 cd93dd1aabe2486ab9b0e223f5d9f8cb - - default default] show failed (client error): The resource could not be found.
2026-05-06 06:13:47.228 9 INFO neutron.wsgi [None req-5d229354-0330-4fce-86bf-477b15580be5 8129487ce379429cada7c835d4f2ecd1 cd93dd1aabe2486ab9b0e223f5d9f8cb - - default default] 10.0.0.107 "GET /v2.0/security-group-rules/74e82635-7c19-47d3-b379-92fb1c00d1f2 HTTP/1.1" status: 404 len: 356 time: 0.0075855
2026-05-06 06:13:47.336 9 INFO neutron.wsgi [None req-f7bdb4dd-4780-4ce3-9e8a-be616ed8d8c9 8129487ce379429cada7c835d4f2ecd1 cd93dd1aabe2486ab9b0e223f5d9f8cb - - default default] 10.0.0.107 "DELETE /v2.0/security-groups/f1b6d555-109e-42ab-ace8-beb0b3e0c9eb HTTP/1.1" status: 204 len: 168 time: 0.1051621
2026-05-06 06:13:47.351 9 INFO neutron.api.v2.resource [None req-e7fe64d0-d0f5-413f-82d2-bb385a06e1d7 8129487ce379429cada7c835d4f2ecd1 cd93dd1aabe2486ab9b0e223f5d9f8cb - - default default] show failed (client error): The resource could not be found.
2026-05-06 06:13:47.352 9 INFO neutron.wsgi [None req-e7fe64d0-d0f5-413f-82d2-bb385a06e1d7 8129487ce379429cada7c835d4f2ecd1 cd93dd1aabe2486ab9b0e223f5d9f8cb - - default default] 10.0.0.107 "GET /v2.0/security-groups/f1b6d555-109e-42ab-ace8-beb0b3e0c9eb HTTP/1.1" status: 404 len: 347 time: 0.0101285
2026-05-06 06:13:48.471 10 INFO neutron.wsgi [None req-e8db6025-e01d-4686-94b9-a7e72c92ce21 8129487ce379429cada7c835d4f2ecd1 cd93dd1aabe2486ab9b0e223f5d9f8cb - - default default] 10.0.0.107 "PUT /v2.0/routers/45c31684-0724-4e9a-8318-e25eda79b554/remove_router_interface HTTP/1.1" status: 200 len: 503 time: 1.0694349 /var/lib/openstack/lib/python3.10/site-packages/pycadf/identifier.py:71: UserWarning: Invalid uuid: neutron. To ensure interoperability, identifiers should be a valid uuid. warnings.warn(('Invalid uuid: %s. To ensure interoperability, '
2026-05-06 06:13:48.594 10 INFO neutron.api.v2.resource [None req-15462ee5-9e7d-4c99-9b81-abfd6873d9d1 8129487ce379429cada7c835d4f2ecd1 cd93dd1aabe2486ab9b0e223f5d9f8cb - - default default] remove_router_interface failed (client error): The resource could not be found.
2026-05-06 06:13:48.595 10 INFO neutron.wsgi [None req-15462ee5-9e7d-4c99-9b81-abfd6873d9d1 8129487ce379429cada7c835d4f2ecd1 cd93dd1aabe2486ab9b0e223f5d9f8cb - - default default] 10.0.0.107 "PUT /v2.0/routers/45c31684-0724-4e9a-8318-e25eda79b554/remove_router_interface HTTP/1.1" status: 404 len: 399 time: 0.1201890
2026-05-06 06:13:49.402 10 INFO neutron.wsgi [None req-9f526107-7e66-460e-ae6d-0c5bb77a15b0 8129487ce379429cada7c835d4f2ecd1 cd93dd1aabe2486ab9b0e223f5d9f8cb - - default default] 10.0.0.107 "PUT /v2.0/routers/45c31684-0724-4e9a-8318-e25eda79b554/remove_router_interface HTTP/1.1" status: 200 len: 503 time: 0.8018479 /var/lib/openstack/lib/python3.10/site-packages/pycadf/identifier.py:71: UserWarning: Invalid uuid: neutron. To ensure interoperability, identifiers should be a valid uuid. warnings.warn(('Invalid uuid: %s. To ensure interoperability, '
2026-05-06 06:13:49.522 10 INFO neutron.api.v2.resource [None req-c566e085-38aa-476f-aa4b-1b640fac4f19 8129487ce379429cada7c835d4f2ecd1 cd93dd1aabe2486ab9b0e223f5d9f8cb - - default default] remove_router_interface failed (client error): The resource could not be found.
2026-05-06 06:13:49.523 10 INFO neutron.wsgi [None req-c566e085-38aa-476f-aa4b-1b640fac4f19 8129487ce379429cada7c835d4f2ecd1 cd93dd1aabe2486ab9b0e223f5d9f8cb - - default default] 10.0.0.107 "PUT /v2.0/routers/45c31684-0724-4e9a-8318-e25eda79b554/remove_router_interface HTTP/1.1" status: 404 len: 399 time: 0.1166253
2026-05-06 06:13:50.401 10 INFO neutron.wsgi [None req-97c1243a-fddd-4c7b-b4df-babceed09343 8129487ce379429cada7c835d4f2ecd1 cd93dd1aabe2486ab9b0e223f5d9f8cb - - default default] 10.0.0.107 "PUT /v2.0/routers/45c31684-0724-4e9a-8318-e25eda79b554/remove_router_interface HTTP/1.1" status: 200 len: 503 time: 0.8727190
2026-05-06 06:13:50.551 9 INFO neutron.api.v2.resource [None req-8a7e96b7-428d-4940-a214-a19221abdcf9 8129487ce379429cada7c835d4f2ecd1 cd93dd1aabe2486ab9b0e223f5d9f8cb - - default default] remove_router_interface failed (client error): The resource could not be found.
2026-05-06 06:13:50.552 9 INFO neutron.wsgi [None req-8a7e96b7-428d-4940-a214-a19221abdcf9 8129487ce379429cada7c835d4f2ecd1 cd93dd1aabe2486ab9b0e223f5d9f8cb - - default default] 10.0.0.107 "PUT /v2.0/routers/45c31684-0724-4e9a-8318-e25eda79b554/remove_router_interface HTTP/1.1" status: 404 len: 399 time: 0.1470633
2026-05-06 06:13:51.096 9 INFO neutron.wsgi [None req-0b993be0-6ac2-4a46-9f69-a8a64cf4c8df 8129487ce379429cada7c835d4f2ecd1 cd93dd1aabe2486ab9b0e223f5d9f8cb - - default default] 10.0.0.107 "DELETE /v2.0/routers/45c31684-0724-4e9a-8318-e25eda79b554 HTTP/1.1" status: 204 len: 168 time: 0.5393937 /var/lib/openstack/lib/python3.10/site-packages/pycadf/identifier.py:71: UserWarning: Invalid uuid: neutron. To ensure interoperability, identifiers should be a valid uuid. warnings.warn(('Invalid uuid: %s. To ensure interoperability, '
2026-05-06 06:13:51.134 10 INFO neutron.api.v2.resource [None req-0538519d-0f4b-4989-a8ff-861ee3d5e45a 8129487ce379429cada7c835d4f2ecd1 cd93dd1aabe2486ab9b0e223f5d9f8cb - - default default] show failed (client error): The resource could not be found.
2026-05-06 06:13:51.135 10 INFO neutron.wsgi [None req-0538519d-0f4b-4989-a8ff-861ee3d5e45a 8129487ce379429cada7c835d4f2ecd1 cd93dd1aabe2486ab9b0e223f5d9f8cb - - default default] 10.0.0.107 "GET /v2.0/routers/45c31684-0724-4e9a-8318-e25eda79b554 HTTP/1.1" status: 404 len: 336 time: 0.0331430
2026-05-06 06:13:51.306 9 INFO neutron.wsgi [None req-b67a5942-d98e-48b2-926f-c2289efc9035 8129487ce379429cada7c835d4f2ecd1 cd93dd1aabe2486ab9b0e223f5d9f8cb - - default default] 10.0.0.107 "DELETE /v2.0/subnets/32f0b9da-e2e2-4388-b4db-e8f67f08a453 HTTP/1.1" status: 204 len: 168 time: 0.1658597
2026-05-06 06:13:51.325 9 INFO neutron.pecan_wsgi.hooks.translation [None req-47f68caa-14d0-4e97-8664-49757f3881b5 8129487ce379429cada7c835d4f2ecd1 cd93dd1aabe2486ab9b0e223f5d9f8cb - - default default] GET failed (client error): The resource could not be found.
2026-05-06 06:13:51.327 9 INFO neutron.wsgi [None req-47f68caa-14d0-4e97-8664-49757f3881b5 8129487ce379429cada7c835d4f2ecd1 cd93dd1aabe2486ab9b0e223f5d9f8cb - - default default] 10.0.0.107 "GET /v2.0/subnets/32f0b9da-e2e2-4388-b4db-e8f67f08a453 HTTP/1.1" status: 404 len: 337 time: 0.0161428
2026-05-06 06:13:51.529 9 INFO neutron.wsgi [None req-1ac83163-1a46-4e79-85ff-a715ed8a38de 8129487ce379429cada7c835d4f2ecd1 cd93dd1aabe2486ab9b0e223f5d9f8cb - - default default] 10.0.0.107 "DELETE /v2.0/subnets/411894fb-6d12-407c-8b89-00113b2f4d74 HTTP/1.1" status: 204 len: 168 time: 0.1971354
2026-05-06 06:13:51.555 9 INFO neutron.pecan_wsgi.hooks.translation [None req-c2cfaf1d-6e5d-48c0-bb14-3ddb4aadae95 8129487ce379429cada7c835d4f2ecd1 cd93dd1aabe2486ab9b0e223f5d9f8cb - - default default] GET failed (client error): The resource could not be found.
2026-05-06 06:13:51.557 9 INFO neutron.wsgi [None req-c2cfaf1d-6e5d-48c0-bb14-3ddb4aadae95 8129487ce379429cada7c835d4f2ecd1 cd93dd1aabe2486ab9b0e223f5d9f8cb - - default default] 10.0.0.107 "GET /v2.0/subnets/411894fb-6d12-407c-8b89-00113b2f4d74 HTTP/1.1" status: 404 len: 337 time: 0.0223238
2026-05-06 06:13:51.933 9 INFO neutron.wsgi [None req-0381d06d-885a-4306-b88d-485758b19bac 8129487ce379429cada7c835d4f2ecd1 cd93dd1aabe2486ab9b0e223f5d9f8cb - - default default] 10.0.0.107 "DELETE /v2.0/networks/035ce9c1-7186-4fe5-8888-119c0ef41e12 HTTP/1.1" status: 204 len: 168 time: 0.3724089
2026-05-06 06:13:51.941 9 INFO neutron.services.segments.plugin [-] Segment 282b93cd-7221-4a20-b26d-202a35f7c26f resource provider aggregate not found
2026-05-06 06:13:51.954 10 INFO neutron.pecan_wsgi.hooks.translation [None req-abfdd924-e73e-4d28-a4c9-7b642b70ce92 8129487ce379429cada7c835d4f2ecd1 cd93dd1aabe2486ab9b0e223f5d9f8cb - - default default] GET failed (client error): The resource could not be found.
2026-05-06 06:13:51.954 9 INFO neutron.services.segments.plugin [-] Segment 282b93cd-7221-4a20-b26d-202a35f7c26f resource provider aggregate not found
2026-05-06 06:13:51.955 10 INFO neutron.wsgi [None req-abfdd924-e73e-4d28-a4c9-7b642b70ce92 8129487ce379429cada7c835d4f2ecd1 cd93dd1aabe2486ab9b0e223f5d9f8cb - - default default] 10.0.0.107 "GET /v2.0/networks/035ce9c1-7186-4fe5-8888-119c0ef41e12 HTTP/1.1" status: 404 len: 339 time: 0.0168064
2026-05-06 06:13:51.959 9 INFO neutron.services.segments.plugin [-] Segment 282b93cd-7221-4a20-b26d-202a35f7c26f resource provider not found; error: Placement Client Error (4xx): {"errors": [{"status": 404, "title": "Not Found", "detail": "The resource could not be found.\n\n No resource provider with uuid 282b93cd-7221-4a20-b26d-202a35f7c26f found for delete ", "request_id": "req-6832cd9d-967f-4797-ae06-c824446ab493"}]}
2026-05-06 06:13:51.971 9 INFO neutron.services.segments.plugin [-] Segment 282b93cd-7221-4a20-b26d-202a35f7c26f resource provider not found; error: Placement Client Error (4xx): {"errors": [{"status": 404, "title": "Not Found", "detail": "The resource could not be found.\n\n No resource provider with uuid 282b93cd-7221-4a20-b26d-202a35f7c26f found for delete ", "request_id": "req-ae197d1d-3d14-408b-978a-43cd423691a8"}]}
2026-05-06 06:13:52.109 10 INFO neutron.wsgi [None req-ffe6effc-7e4a-4f9f-ac47-e4ec77a9fa5f 8129487ce379429cada7c835d4f2ecd1 cd93dd1aabe2486ab9b0e223f5d9f8cb - - default default] 10.0.0.107 "DELETE /v2.0/subnets/a00322a8-31eb-476f-8ef4-d769b5410f16 HTTP/1.1" status: 204 len: 168 time: 0.1500359
2026-05-06 06:13:52.135 10 INFO neutron.pecan_wsgi.hooks.translation [None req-a502aa10-1a56-4751-9414-a3e38d04b862 8129487ce379429cada7c835d4f2ecd1 cd93dd1aabe2486ab9b0e223f5d9f8cb - - default default] GET failed (client error): The resource could not be found.
2026-05-06 06:13:52.138 10 INFO neutron.wsgi [None req-a502aa10-1a56-4751-9414-a3e38d04b862 8129487ce379429cada7c835d4f2ecd1 cd93dd1aabe2486ab9b0e223f5d9f8cb - - default default] 10.0.0.107 "GET /v2.0/subnets/a00322a8-31eb-476f-8ef4-d769b5410f16 HTTP/1.1" status: 404 len: 337 time: 0.0226853
2026-05-06 06:13:52.399 10 INFO neutron.wsgi [None req-08083012-6b0f-40b6-931f-9135c3f27a57 8129487ce379429cada7c835d4f2ecd1 cd93dd1aabe2486ab9b0e223f5d9f8cb - - default default] 10.0.0.107 "DELETE /v2.0/subnets/0b4b50d9-eb3d-48bf-8766-f602a2e2905a HTTP/1.1" status: 204 len: 168 time: 0.2574954
2026-05-06 06:13:52.418 10 INFO neutron.pecan_wsgi.hooks.translation [None req-208aeae2-3386-429b-809a-e833388581a1 8129487ce379429cada7c835d4f2ecd1 cd93dd1aabe2486ab9b0e223f5d9f8cb - - default default] GET failed (client error): The resource could not be found.
2026-05-06 06:13:52.419 10 INFO neutron.wsgi [None req-208aeae2-3386-429b-809a-e833388581a1 8129487ce379429cada7c835d4f2ecd1 cd93dd1aabe2486ab9b0e223f5d9f8cb - - default default] 10.0.0.107 "GET /v2.0/subnets/0b4b50d9-eb3d-48bf-8766-f602a2e2905a HTTP/1.1" status: 404 len: 337 time: 0.0158083
2026-05-06 06:13:52.802 10 INFO neutron.wsgi [None req-0a06b7b6-69f2-4bd9-acd2-4db590bec033 8129487ce379429cada7c835d4f2ecd1 cd93dd1aabe2486ab9b0e223f5d9f8cb - - default default] 10.0.0.107 "DELETE /v2.0/networks/c20ab878-3466-44b4-af29-d65739937978 HTTP/1.1" status: 204 len: 168 time: 0.3790331
2026-05-06 06:13:52.803 10 INFO neutron.services.segments.plugin [-] Segment d9d07dec-0b0b-4c4d-9fc6-eb012c78892a resource provider aggregate not found
2026-05-06 06:13:52.807 10 INFO neutron.services.segments.plugin [-] Segment d9d07dec-0b0b-4c4d-9fc6-eb012c78892a resource provider aggregate not found
2026-05-06 06:13:52.821 9 INFO neutron.pecan_wsgi.hooks.translation [None req-2d87ae93-75e7-4055-8b89-f0ce04d21dca 8129487ce379429cada7c835d4f2ecd1 cd93dd1aabe2486ab9b0e223f5d9f8cb - - default default] GET failed (client error): The resource could not be found.
2026-05-06 06:13:52.822 10 INFO neutron.services.segments.plugin [-] Segment d9d07dec-0b0b-4c4d-9fc6-eb012c78892a resource provider not found; error: Placement Client Error (4xx): {"errors": [{"status": 404, "title": "Not Found", "detail": "The resource could not be found.\n\n No resource provider with uuid d9d07dec-0b0b-4c4d-9fc6-eb012c78892a found for delete ", "request_id": "req-18bb28b8-c556-4185-8d3b-dcb3a07a118f"}]}
2026-05-06 06:13:52.823 10 INFO neutron.services.segments.plugin [-] Segment d9d07dec-0b0b-4c4d-9fc6-eb012c78892a resource provider not found; error: Placement Client Error (4xx): {"errors": [{"status": 404, "title": "Not Found", "detail": "The resource could not be found.\n\n No resource provider with uuid d9d07dec-0b0b-4c4d-9fc6-eb012c78892a found for delete ", "request_id": "req-c206001f-8876-4a28-b329-001d14b34f4a"}]}
2026-05-06 06:13:52.823 9 INFO neutron.wsgi [None req-2d87ae93-75e7-4055-8b89-f0ce04d21dca 8129487ce379429cada7c835d4f2ecd1 cd93dd1aabe2486ab9b0e223f5d9f8cb - - default default] 10.0.0.107 "GET /v2.0/networks/c20ab878-3466-44b4-af29-d65739937978 HTTP/1.1" status: 404 len: 339 time: 0.0164816
2026-05-06 06:13:52.954 10 INFO neutron.wsgi [-] 10.0.0.181 "GET / HTTP/1.1" status: 200 len: 247 time: 0.0026376
2026-05-06 06:13:52.956 10 INFO neutron.wsgi [-] 10.0.0.181 "GET / HTTP/1.1" status: 200 len: 247 time: 0.0013425
2026-05-06 06:13:53.017 9 INFO neutron.wsgi [None req-764756df-adaa-43f0-af8d-1379089abdfc 8129487ce379429cada7c835d4f2ecd1 cd93dd1aabe2486ab9b0e223f5d9f8cb - - default default] 10.0.0.107 "DELETE /v2.0/subnets/440c28b3-9e0b-41a6-90a7-d5b8f5e3515f HTTP/1.1" status: 204 len: 168 time: 0.1887634
2026-05-06 06:13:53.044 9 INFO neutron.pecan_wsgi.hooks.translation [None req-3eb862cd-34dc-4e38-a96b-1a82328a4ada 8129487ce379429cada7c835d4f2ecd1 cd93dd1aabe2486ab9b0e223f5d9f8cb - - default default] GET failed (client error): The resource could not be found.
2026-05-06 06:13:53.046 9 INFO neutron.wsgi [None req-3eb862cd-34dc-4e38-a96b-1a82328a4ada 8129487ce379429cada7c835d4f2ecd1 cd93dd1aabe2486ab9b0e223f5d9f8cb - - default default] 10.0.0.107 "GET /v2.0/subnets/440c28b3-9e0b-41a6-90a7-d5b8f5e3515f HTTP/1.1" status: 404 len: 337 time: 0.0240319
2026-05-06 06:13:53.256 9 INFO neutron.wsgi [None req-e2057f48-a097-4b28-af12-f3fd5d4991ee 8129487ce379429cada7c835d4f2ecd1 cd93dd1aabe2486ab9b0e223f5d9f8cb - - default default] 10.0.0.107 "DELETE /v2.0/subnets/35816295-c074-4e60-9c8b-ce2058bc6ea5 HTTP/1.1" status: 204 len: 168 time: 0.2071724
2026-05-06 06:13:53.279 9 INFO neutron.pecan_wsgi.hooks.translation [None req-808e99df-1473-44db-a1c4-97dd2bffee81 8129487ce379429cada7c835d4f2ecd1 cd93dd1aabe2486ab9b0e223f5d9f8cb - - default default] GET failed (client error): The resource could not be found.
2026-05-06 06:13:53.282 9 INFO neutron.wsgi [None req-808e99df-1473-44db-a1c4-97dd2bffee81 8129487ce379429cada7c835d4f2ecd1 cd93dd1aabe2486ab9b0e223f5d9f8cb - - default default] 10.0.0.107 "GET /v2.0/subnets/35816295-c074-4e60-9c8b-ce2058bc6ea5 HTTP/1.1" status: 404 len: 337 time: 0.0204298
2026-05-06 06:13:53.654 9 INFO neutron.wsgi [None req-3a7b2620-72ef-44cb-b1ac-53a5fd6f8deb 8129487ce379429cada7c835d4f2ecd1 cd93dd1aabe2486ab9b0e223f5d9f8cb - - default default] 10.0.0.107 "DELETE /v2.0/networks/52f11c2e-feb9-450f-a2f4-babe295aaa86 HTTP/1.1" status: 204 len: 168 time: 0.3609905
2026-05-06 06:13:53.675 10 INFO neutron.pecan_wsgi.hooks.translation [None req-6a7b06a4-08e0-4e3a-a780-a5f323450e81 8129487ce379429cada7c835d4f2ecd1 cd93dd1aabe2486ab9b0e223f5d9f8cb - - default default] GET failed (client error): The resource could not be found.
2026-05-06 06:13:53.676 10 INFO neutron.wsgi [None req-6a7b06a4-08e0-4e3a-a780-a5f323450e81 8129487ce379429cada7c835d4f2ecd1 cd93dd1aabe2486ab9b0e223f5d9f8cb - - default default] 10.0.0.107 "GET /v2.0/networks/52f11c2e-feb9-450f-a2f4-babe295aaa86 HTTP/1.1" status: 404 len: 339 time: 0.0170689
2026-05-06 06:13:53.980 9 INFO neutron.services.segments.plugin [-] Segment 749ffeb4-690b-4c4a-9551-91017d189867 resource provider aggregate not found
2026-05-06 06:13:53.988 9 INFO neutron.services.segments.plugin [-] Segment 749ffeb4-690b-4c4a-9551-91017d189867 resource provider aggregate not found
2026-05-06 06:13:53.995 9 INFO neutron.services.segments.plugin [-] Segment 749ffeb4-690b-4c4a-9551-91017d189867 resource provider not found; error: Placement Client Error (4xx): {"errors": [{"status": 404, "title": "Not Found", "detail": "The resource could not be found.\n\n No resource provider with uuid 749ffeb4-690b-4c4a-9551-91017d189867 found for delete ", "request_id": "req-c8c7f7d8-eedb-4507-acce-b6e4d6e17ddc"}]}
2026-05-06 06:13:54.002 9 INFO neutron.services.segments.plugin [-] Segment 749ffeb4-690b-4c4a-9551-91017d189867 resource provider not found; error: Placement Client Error (4xx): {"errors": [{"status": 404, "title": "Not Found", "detail": "The resource could not be found.\n\n No resource provider with uuid 749ffeb4-690b-4c4a-9551-91017d189867 found for delete ", "request_id": "req-ca148857-601c-4426-a976-c673293a149a"}]}
2026-05-06 06:13:55.832 9 INFO neutron.db.ovn_revision_numbers_db [None req-d36d0f3a-e0bb-4bc6-ae36-0a6d25421911 270e8126c99640c0bf4206fb440f0008 8b274534e0ec4cd5afc50ea942255d43 - - default default] Successfully bumped revision number for resource 3ee7624e-c0d0-49bd-addf-8e840f03627a (type: security_groups) to 1
2026-05-06 06:13:55.847 9 INFO neutron.db.ovn_revision_numbers_db [None req-d36d0f3a-e0bb-4bc6-ae36-0a6d25421911 270e8126c99640c0bf4206fb440f0008 8b274534e0ec4cd5afc50ea942255d43 - - default default] Successfully bumped revision number for resource 2cb4b360-e142-40f4-b3ad-e3af2218c675 (type: security_group_rules) to 0
2026-05-06 06:13:55.871 9 INFO neutron.db.ovn_revision_numbers_db [None req-d36d0f3a-e0bb-4bc6-ae36-0a6d25421911 270e8126c99640c0bf4206fb440f0008 8b274534e0ec4cd5afc50ea942255d43 - - default default] Successfully bumped revision number for resource b1bb84a0-97e3-4e76-9a2b-d6e5979bfce7 (type: security_group_rules) to 0
2026-05-06 06:13:55.889 9 INFO neutron.db.ovn_revision_numbers_db [None req-d36d0f3a-e0bb-4bc6-ae36-0a6d25421911 270e8126c99640c0bf4206fb440f0008 8b274534e0ec4cd5afc50ea942255d43 - - default default] Successfully bumped revision number for resource b29e46b4-b256-4da5-aff4-ca5203210b08 (type: security_group_rules) to 0
2026-05-06 06:13:55.906 9 INFO neutron.db.ovn_revision_numbers_db [None req-d36d0f3a-e0bb-4bc6-ae36-0a6d25421911 270e8126c99640c0bf4206fb440f0008 8b274534e0ec4cd5afc50ea942255d43 - - default default] Successfully bumped revision number for resource f4d12b17-c8ed-4f7c-a881-54d090dc9751 (type: security_group_rules) to 0
2026-05-06 06:13:55.926 9 INFO neutron.wsgi [None req-d36d0f3a-e0bb-4bc6-ae36-0a6d25421911 270e8126c99640c0bf4206fb440f0008 8b274534e0ec4cd5afc50ea942255d43 - - default default] 10.0.0.107 "GET /v2.0/security-groups?tenant_id=27a7c32714464c29afe4a166f2e42fca&name=default HTTP/1.1" status: 200 len: 3000 time: 0.3517892
2026-05-06 06:13:56.107 9 INFO neutron.wsgi [None req-2c574cd0-d334-435f-a25f-569d4a0f975b 270e8126c99640c0bf4206fb440f0008 8b274534e0ec4cd5afc50ea942255d43 - - default default] 10.0.0.107 "DELETE /v2.0/security-groups/3ee7624e-c0d0-49bd-addf-8e840f03627a HTTP/1.1" status: 204 len: 168 time: 0.1758945
2026-05-06 06:13:56.315 9 INFO neutron.db.ovn_revision_numbers_db [None req-0d4e911b-7964-4ae9-960d-75e244e5fc4c 270e8126c99640c0bf4206fb440f0008 8b274534e0ec4cd5afc50ea942255d43 - - default default] Successfully bumped revision number for resource 3b1dc783-8628-40ec-817d-953b7fbb7e52 (type: security_groups) to 1
2026-05-06 06:13:56.327 9 INFO neutron.db.ovn_revision_numbers_db [None req-0d4e911b-7964-4ae9-960d-75e244e5fc4c 270e8126c99640c0bf4206fb440f0008 8b274534e0ec4cd5afc50ea942255d43 - - default default] Successfully bumped revision number for resource 435ba03b-c97f-438d-94f1-c54e05c3e0f4 (type: security_group_rules) to 0
2026-05-06 06:13:56.339 9 INFO neutron.db.ovn_revision_numbers_db [None req-0d4e911b-7964-4ae9-960d-75e244e5fc4c 270e8126c99640c0bf4206fb440f0008 8b274534e0ec4cd5afc50ea942255d43 - - default default] Successfully bumped revision number for resource 67b1f2e4-ed10-48e0-8488-3f6f10790da2 (type: security_group_rules) to 0
2026-05-06 06:13:56.352 9 INFO neutron.db.ovn_revision_numbers_db [None req-0d4e911b-7964-4ae9-960d-75e244e5fc4c 270e8126c99640c0bf4206fb440f0008 8b274534e0ec4cd5afc50ea942255d43 - - default default] Successfully bumped revision number for resource 7cb7dd97-4755-4d4b-b7c9-3c339efa3223 (type: security_group_rules) to 0
2026-05-06 06:13:56.366 9 INFO neutron.db.ovn_revision_numbers_db [None req-0d4e911b-7964-4ae9-960d-75e244e5fc4c 270e8126c99640c0bf4206fb440f0008 8b274534e0ec4cd5afc50ea942255d43 - - default default] Successfully bumped revision number for resource d86a81a6-4abe-4f50-8d7d-e26ac35eec7a (type: security_group_rules) to 0
2026-05-06 06:13:56.395 9 INFO neutron.wsgi [None req-0d4e911b-7964-4ae9-960d-75e244e5fc4c 270e8126c99640c0bf4206fb440f0008 8b274534e0ec4cd5afc50ea942255d43 - - default default] 10.0.0.107 "GET /v2.0/security-groups?tenant_id=743e4c17dd7b4b69b2bb0926f9cd3f63&name=default HTTP/1.1" status: 200 len: 3000 time: 0.1887660
2026-05-06 06:13:56.594 9 INFO neutron.wsgi [None req-34e50ea9-23f6-4b60-bef7-59aa68a2fdf8 270e8126c99640c0bf4206fb440f0008 8b274534e0ec4cd5afc50ea942255d43 - - default default] 10.0.0.107 "DELETE /v2.0/security-groups/3b1dc783-8628-40ec-817d-953b7fbb7e52 HTTP/1.1" status: 204 len: 168 time: 0.1931715
2026-05-06 06:13:56.831 9 INFO neutron.db.ovn_revision_numbers_db [None req-1b3a214f-273d-4f0b-938f-2b73ceea8f09 270e8126c99640c0bf4206fb440f0008 8b274534e0ec4cd5afc50ea942255d43 - - default default] Successfully bumped revision number for resource 9e885fd0-3567-4db1-9c84-d857139d35f9 (type: security_groups) to 1
2026-05-06 06:13:56.845 9 INFO neutron.db.ovn_revision_numbers_db [None req-1b3a214f-273d-4f0b-938f-2b73ceea8f09 270e8126c99640c0bf4206fb440f0008 8b274534e0ec4cd5afc50ea942255d43 - - default default] Successfully bumped revision number for resource 3611b242-8a47-44a7-9d11-a90bf653d8f6 (type: security_group_rules) to 0
2026-05-06 06:13:56.858 9 INFO neutron.db.ovn_revision_numbers_db [None req-1b3a214f-273d-4f0b-938f-2b73ceea8f09 270e8126c99640c0bf4206fb440f0008 8b274534e0ec4cd5afc50ea942255d43 - - default default] Successfully bumped revision number for resource 88cc54bf-01f4-4f34-b73a-b5311daa46b6 (type: security_group_rules) to 0
2026-05-06 06:13:56.874 9 INFO neutron.db.ovn_revision_numbers_db [None req-1b3a214f-273d-4f0b-938f-2b73ceea8f09 270e8126c99640c0bf4206fb440f0008 8b274534e0ec4cd5afc50ea942255d43 - - default default] Successfully bumped revision number for resource b6dca0ec-bb29-4ea1-b554-f901e4caca49 (type: security_group_rules) to 0
2026-05-06 06:13:56.888 9 INFO neutron.db.ovn_revision_numbers_db [None req-1b3a214f-273d-4f0b-938f-2b73ceea8f09 270e8126c99640c0bf4206fb440f0008 8b274534e0ec4cd5afc50ea942255d43 - - default default] Successfully bumped revision number for resource c6a50cdf-59e9-4786-8418-939d7a3fbbd3 (type: security_group_rules) to 0
2026-05-06 06:13:56.910 9 INFO neutron.wsgi [None req-1b3a214f-273d-4f0b-938f-2b73ceea8f09 270e8126c99640c0bf4206fb440f0008 8b274534e0ec4cd5afc50ea942255d43 - - default default] 10.0.0.107 "GET /v2.0/security-groups?tenant_id=5218753dca22440ba815d76251dbb576&name=default HTTP/1.1" status: 200 len: 3000 time: 0.1854315
2026-05-06 06:13:57.107 9 INFO neutron.wsgi [None req-cb7b27ac-e991-4c5d-9813-4874d7420aae 270e8126c99640c0bf4206fb440f0008 8b274534e0ec4cd5afc50ea942255d43 - - default default] 10.0.0.107 "DELETE /v2.0/security-groups/9e885fd0-3567-4db1-9c84-d857139d35f9 HTTP/1.1" status: 204 len: 168 time: 0.1910543
2026-05-06 06:13:57.390 10 INFO neutron.db.ovn_revision_numbers_db [None req-805b4db4-b09d-4690-afb6-16e9812b2e48 270e8126c99640c0bf4206fb440f0008 8b274534e0ec4cd5afc50ea942255d43 - - default default] Successfully bumped revision number for resource 6d265d9e-9336-4666-8070-b94e43fd9425 (type: security_groups) to 1
2026-05-06 06:13:57.403 10 INFO neutron.db.ovn_revision_numbers_db [None req-805b4db4-b09d-4690-afb6-16e9812b2e48 270e8126c99640c0bf4206fb440f0008 8b274534e0ec4cd5afc50ea942255d43 - - default default] Successfully bumped revision number for resource 21c05bd3-1aa8-488b-ab47-1ecc2b140eea (type: security_group_rules) to 0
2026-05-06 06:13:57.416 10 INFO neutron.db.ovn_revision_numbers_db [None req-805b4db4-b09d-4690-afb6-16e9812b2e48 270e8126c99640c0bf4206fb440f0008 8b274534e0ec4cd5afc50ea942255d43 - - default default] Successfully bumped revision number for resource 536cb5b4-b269-4de6-a530-730d30c4a952 (type: security_group_rules) to 0
2026-05-06 06:13:57.431 10 INFO neutron.db.ovn_revision_numbers_db [None req-805b4db4-b09d-4690-afb6-16e9812b2e48 270e8126c99640c0bf4206fb440f0008 8b274534e0ec4cd5afc50ea942255d43 - - default default] Successfully bumped revision number for resource cb219287-74b5-4a39-9137-97b9a69a063f (type: security_group_rules) to 0
2026-05-06 06:13:57.446 10 INFO neutron.db.ovn_revision_numbers_db [None req-805b4db4-b09d-4690-afb6-16e9812b2e48 270e8126c99640c0bf4206fb440f0008 8b274534e0ec4cd5afc50ea942255d43 - - default default] Successfully bumped revision number for resource d8da7d8c-dcb1-4b19-83ca-83653816cd93 (type: security_group_rules) to 0
2026-05-06 06:13:57.472 10 INFO neutron.wsgi [None req-805b4db4-b09d-4690-afb6-16e9812b2e48 270e8126c99640c0bf4206fb440f0008 8b274534e0ec4cd5afc50ea942255d43 - - default default] 10.0.0.107 "GET /v2.0/security-groups?tenant_id=35dd316b396d4cdda0d5f336e645436d&name=default HTTP/1.1" status: 200 len: 3000 time: 0.1858814
2026-05-06 06:13:57.658 10 INFO neutron.wsgi [None req-ee91c234-cc6d-40e2-a44f-d4e63253a2eb 270e8126c99640c0bf4206fb440f0008 8b274534e0ec4cd5afc50ea942255d43 - - default default] 10.0.0.107 "DELETE /v2.0/security-groups/6d265d9e-9336-4666-8070-b94e43fd9425 HTTP/1.1" status: 204 len: 168 time: 0.1818304
