2026-05-06 06:13:09.176 10 INFO neutron.wsgi [None req-0de890f2-8768-4e02-b509-8c1e09c824ef 270e8126c99640c0bf4206fb440f0008 8b274534e0ec4cd5afc50ea942255d43 - - default default] 199.19.213.86 "GET /v2.0/ports/9475b1ca-4abb-4fa3-882a-2bcf4e5b90e2 HTTP/1.1" status: 200 len: 1515 time: 0.0279069
2026-05-06 06:13:09.202 9 INFO neutron.wsgi [req-c31f6288-07cb-4d07-8fdc-2387d436a384 req-d28ed04c-efe5-40e4-b611-c2dd1ee37678 120372f8f5a84ce4a95b6bf6c77dd802 cebf464594b14c8a99ec438588facc58 - - e0cb39f46a7f4fbcb7c65298a0ad7f9a e0cb39f46a7f4fbcb7c65298a0ad7f9a] 199.19.213.86 "GET /v2.0/subnets?id=0b4b50d9-eb3d-48bf-8766-f602a2e2905a HTTP/1.1" status: 200 len: 851 time: 0.0358756
2026-05-06 06:13:09.212 10 INFO neutron.wsgi [None req-cdae8923-5923-4a03-95c7-5e298bbdc572 270e8126c99640c0bf4206fb440f0008 8b274534e0ec4cd5afc50ea942255d43 - - default default] 199.19.213.86 "GET /v2.0/subnets/35816295-c074-4e60-9c8b-ce2058bc6ea5 HTTP/1.1" status: 200 len: 850 time: 0.0321398
2026-05-06 06:13:09.227 9 INFO neutron.wsgi [req-c31f6288-07cb-4d07-8fdc-2387d436a384 req-444397aa-e64b-4b69-88fd-b750fd270563 120372f8f5a84ce4a95b6bf6c77dd802 cebf464594b14c8a99ec438588facc58 - - e0cb39f46a7f4fbcb7c65298a0ad7f9a e0cb39f46a7f4fbcb7c65298a0ad7f9a] 199.19.213.86 "GET /v2.0/ports?network_id=c20ab878-3466-44b4-af29-d65739937978&device_owner=network%3Adhcp HTTP/1.1" status: 200 len: 210 time: 0.0192647
2026-05-06 06:13:09.277 10 INFO neutron.wsgi [None req-b415f84f-97cb-4acc-8813-5369d011dd9a 270e8126c99640c0bf4206fb440f0008 8b274534e0ec4cd5afc50ea942255d43 - - default default] 199.19.213.86 "GET /v2.0/networks/52f11c2e-feb9-450f-a2f4-babe295aaa86 HTTP/1.1" status: 200 len: 1000 time: 0.0600908
2026-05-06 06:13:09.290 9 INFO neutron.wsgi [req-c31f6288-07cb-4d07-8fdc-2387d436a384 req-c5aa7759-1ac0-470a-89bd-39cf460d6459 120372f8f5a84ce4a95b6bf6c77dd802 cebf464594b14c8a99ec438588facc58 - - e0cb39f46a7f4fbcb7c65298a0ad7f9a e0cb39f46a7f4fbcb7c65298a0ad7f9a] 199.19.213.86 "GET /v2.0/networks/c20ab878-3466-44b4-af29-d65739937978?fields=segments HTTP/1.1" status: 200 len: 212 time: 0.0559859
2026-05-06 06:13:09.311 10 INFO neutron.wsgi [None req-64ba26bb-69cf-4ccd-9dcd-48ec60bab0cc 270e8126c99640c0bf4206fb440f0008 8b274534e0ec4cd5afc50ea942255d43 - - default default] 199.19.213.86 "GET /v2.0/ports/b8ced31d-2fc0-4f4f-a2c2-a0758025d3d4 HTTP/1.1" status: 200 len: 1340 time: 0.0293543
2026-05-06 06:13:09.344 10 INFO neutron.wsgi [None req-ca701b93-87fb-4e6a-9801-7b218b49b4d3 270e8126c99640c0bf4206fb440f0008 8b274534e0ec4cd5afc50ea942255d43 - - default default] 199.19.213.86 "GET /v2.0/subnets/35816295-c074-4e60-9c8b-ce2058bc6ea5 HTTP/1.1" status: 200 len: 850 time: 0.0286517
2026-05-06 06:13:09.356 9 INFO neutron.wsgi [req-c31f6288-07cb-4d07-8fdc-2387d436a384 req-552c7624-bc37-4b30-a5cd-2cf535d8ff5e 120372f8f5a84ce4a95b6bf6c77dd802 cebf464594b14c8a99ec438588facc58 - - e0cb39f46a7f4fbcb7c65298a0ad7f9a e0cb39f46a7f4fbcb7c65298a0ad7f9a] 199.19.213.86 "GET /v2.0/networks/c20ab878-3466-44b4-af29-d65739937978?fields=provider%3Aphysical_network&fields=provider%3Anetwork_type HTTP/1.1" status: 200 len: 277 time: 0.0546429
2026-05-06 06:13:09.873 10 INFO neutron.wsgi [None req-ed33fbcd-c690-465e-a224-c972a3155d79 270e8126c99640c0bf4206fb440f0008 8b274534e0ec4cd5afc50ea942255d43 - - default default] 10.0.0.90 "GET /v2.0/subnets HTTP/1.1" status: 200 len: 5494 time: 0.0779369
2026-05-06 06:13:09.944 10 INFO neutron.wsgi [None req-43263274-be99-40cf-9470-efa67da5e5b9 270e8126c99640c0bf4206fb440f0008 8b274534e0ec4cd5afc50ea942255d43 - - default default] 10.0.0.90 "GET /v2.0/routers HTTP/1.1" status: 200 len: 849 time: 0.0692682
2026-05-06 06:13:09.954 10 INFO neutron.wsgi [None req-d7c2af69-0c5d-4947-b4c0-2eae6c279326 270e8126c99640c0bf4206fb440f0008 8b274534e0ec4cd5afc50ea942255d43 - - default default] 10.0.0.90 "GET /v2.0/agents?binary=ovn-controller HTTP/1.1" status: 200 len: 591 time: 0.0093625
2026-05-06 06:13:09.973 10 INFO neutron.wsgi [None req-ba321106-6826-445e-9d28-65267bcde94e 270e8126c99640c0bf4206fb440f0008 8b274534e0ec4cd5afc50ea942255d43 - - default default] 10.0.0.90 "GET /v2.0/network-ip-availabilities HTTP/1.1" status: 200 len: 3360 time: 0.0173383
2026-05-06 06:13:10.033 10 INFO neutron.wsgi [None req-339ccafe-40f8-41c8-af2d-d2e9ba6a5ac5 270e8126c99640c0bf4206fb440f0008 8b274534e0ec4cd5afc50ea942255d43 - - default default] 10.0.0.90 "GET /v2.0/security-groups HTTP/1.1" status: 200 len: 30232 time: 0.0594230
2026-05-06 06:13:10.078 10 INFO neutron.wsgi [None req-c8cd2806-7507-4e97-9cfd-0c74b20ed92b 270e8126c99640c0bf4206fb440f0008 8b274534e0ec4cd5afc50ea942255d43 - - default default] 10.0.0.90 "GET /v2.0/subnets HTTP/1.1" status: 200 len: 5494 time: 0.0361550
2026-05-06 06:13:10.089 10 INFO neutron.wsgi [None req-a4af5178-e536-4051-a6b3-114cc45f53c2 270e8126c99640c0bf4206fb440f0008 8b274534e0ec4cd5afc50ea942255d43 - - default default] 10.0.0.90 "GET /v2.0/subnetpools HTTP/1.1" status: 200 len: 193 time: 0.0090060
2026-05-06 06:13:10.125 10 INFO neutron.wsgi [None req-e6c4ef65-3927-4dc4-a9f3-dd47721ebb4f 270e8126c99640c0bf4206fb440f0008 8b274534e0ec4cd5afc50ea942255d43 - - default default] 10.0.0.90 "GET /v2.0/floatingips HTTP/1.1" status: 200 len: 2764 time: 0.0358827
2026-05-06 06:13:10.186 10 INFO neutron.wsgi [None req-1010c804-a87f-4bcd-b418-cd399896ffce 270e8126c99640c0bf4206fb440f0008 8b274534e0ec4cd5afc50ea942255d43 - - default default] 10.0.0.90 "GET /v2.0/networks HTTP/1.1" status: 200 len: 4719 time: 0.0591984
2026-05-06 06:13:10.237 10 INFO neutron.wsgi [None req-b0064727-c669-42fb-889d-deff67bfff20 270e8126c99640c0bf4206fb440f0008 8b274534e0ec4cd5afc50ea942255d43 - - default default] 10.0.0.90 "GET /v2.0/ports HTTP/1.1" status: 200 len: 23412 time: 0.0487306
2026-05-06 06:13:10.267 10 INFO neutron.wsgi [None req-5297b119-5914-4fd0-88a3-5eb9097688ed 270e8126c99640c0bf4206fb440f0008 8b274534e0ec4cd5afc50ea942255d43 - - default default] 10.0.0.90 "GET /v2.0/agents HTTP/1.1" status: 200 len: 997 time: 0.0164585
2026-05-06 06:13:10.386 9 INFO neutron.notifiers.nova [-] Nova event matching ['req-dd4b6d44-ac2c-4056-a032-ede0db826ea0'] response: {'server_uuid': '3b5783ba-aff3-433b-a5b3-75a250f3d4fd', 'name': 'network-vif-plugged', 'status': 'completed', 'tag': 'ffeffa07-1196-4443-b35c-e27ae284fdf1', 'code': 200}
2026-05-06 06:13:10.386 9 INFO neutron.notifiers.nova [-] Nova event matching ['req-dd4b6d44-ac2c-4056-a032-ede0db826ea0'] response: {'server_uuid': '3b5783ba-aff3-433b-a5b3-75a250f3d4fd', 'name': 'network-vif-deleted', 'tag': 'ffeffa07-1196-4443-b35c-e27ae284fdf1', 'status': 'completed', 'code': 200}
2026-05-06 06:13:12.401 10 INFO neutron.wsgi [None req-58693939-a382-4670-a388-348e6dc139c5 270e8126c99640c0bf4206fb440f0008 8b274534e0ec4cd5afc50ea942255d43 - - default default] 199.19.213.86 "GET /v2.0/extensions/security-group HTTP/1.1" status: 200 len: 369 time: 0.0091398
2026-05-06 06:13:12.410 10 INFO neutron.wsgi [None req-2dd19ac2-e0df-4e72-a608-212eba854009 270e8126c99640c0bf4206fb440f0008 8b274534e0ec4cd5afc50ea942255d43 - - default default] 199.19.213.86 "GET /v2.0/extensions/dns-integration HTTP/1.1" status: 200 len: 371 time: 0.0033321
2026-05-06 06:13:12.420 10 INFO neutron.wsgi [None req-4ebd4aa5-76fc-4869-a6b2-881650caf4b6 270e8126c99640c0bf4206fb440f0008 8b274534e0ec4cd5afc50ea942255d43 - - default default] 199.19.213.86 "GET /v2.0/extensions/qos HTTP/1.1" status: 200 len: 365 time: 0.0044069
2026-05-06 06:13:12.429 10 INFO neutron.wsgi [None req-e1115a37-2396-4731-a5f2-61c3e6da3311 270e8126c99640c0bf4206fb440f0008 8b274534e0ec4cd5afc50ea942255d43 - - default default] 199.19.213.86 "GET /v2.0/extensions/allowed-address-pairs HTTP/1.1" status: 200 len: 383 time: 0.0048633
2026-05-06 06:13:12.466 10 INFO neutron.wsgi [None req-1d405abd-b487-4566-bacf-36f0dc47997d 270e8126c99640c0bf4206fb440f0008 8b274534e0ec4cd5afc50ea942255d43 - - default default] 199.19.213.86 "GET /v2.0/ports?device_id=3b5783ba-aff3-433b-a5b3-75a250f3d4fd HTTP/1.1" status: 200 len: 3918 time: 0.0320354
2026-05-06 06:13:12.613 10 INFO neutron.wsgi [None req-b6ba6e55-836c-47d6-b485-f0902b169b27 270e8126c99640c0bf4206fb440f0008 8b274534e0ec4cd5afc50ea942255d43 - - default default] 199.19.213.86 "GET /v2.0/extensions/security-group HTTP/1.1" status: 200 len: 369 time: 0.0122993
2026-05-06 06:13:12.621 10 INFO neutron.wsgi [None req-3a065da3-8eb8-4a13-8ab2-d44280110030 270e8126c99640c0bf4206fb440f0008 8b274534e0ec4cd5afc50ea942255d43 - - default default] 199.19.213.86 "GET /v2.0/extensions/dns-integration HTTP/1.1" status: 200 len: 371 time: 0.0035608
2026-05-06 06:13:12.627 10 INFO neutron.wsgi [None req-e60e8f0f-3794-4f7a-bafe-25beb6216147 270e8126c99640c0bf4206fb440f0008 8b274534e0ec4cd5afc50ea942255d43 - - default default] 199.19.213.86 "GET /v2.0/extensions/qos HTTP/1.1" status: 200 len: 365 time: 0.0032375
2026-05-06 06:13:12.641 10 INFO neutron.wsgi [None req-dd221922-08cc-48d2-a1c0-c825083de721 270e8126c99640c0bf4206fb440f0008 8b274534e0ec4cd5afc50ea942255d43 - - default default] 199.19.213.86 "GET /v2.0/extensions/allowed-address-pairs HTTP/1.1" status: 200 len: 383 time: 0.0086577
2026-05-06 06:13:12.677 10 INFO neutron.wsgi [None req-208ae90d-e863-4142-a2c6-bb753f1ede88 270e8126c99640c0bf4206fb440f0008 8b274534e0ec4cd5afc50ea942255d43 - - default default] 199.19.213.86 "GET /v2.0/ports/65b61ff2-f8f2-4f9a-841c-aed33c1ae797 HTTP/1.1" status: 200 len: 1406 time: 0.0285742
2026-05-06 06:13:13.041 10 INFO neutron.db.ovn_revision_numbers_db [None req-7c5c1e09-dbec-49fa-86c1-c368e3363a7c 270e8126c99640c0bf4206fb440f0008 8b274534e0ec4cd5afc50ea942255d43 - - default default] Successfully bumped revision number for resource 65b61ff2-f8f2-4f9a-841c-aed33c1ae797 (type: ports) to 6
2026-05-06 06:13:13.050 10 INFO neutron.wsgi [None req-7c5c1e09-dbec-49fa-86c1-c368e3363a7c 270e8126c99640c0bf4206fb440f0008 8b274534e0ec4cd5afc50ea942255d43 - - default default] 199.19.213.86 "PUT /v2.0/ports/65b61ff2-f8f2-4f9a-841c-aed33c1ae797 HTTP/1.1" status: 200 len: 1203 time: 0.3672729 /var/lib/openstack/lib/python3.10/site-packages/pycadf/identifier.py:71: UserWarning: Invalid uuid: neutron. To ensure interoperability, identifiers should be a valid uuid. warnings.warn(('Invalid uuid: %s. To ensure interoperability, '
2026-05-06 06:13:13.079 10 INFO neutron.notifiers.nova [-] Nova event matching ['req-55d229b0-f9f1-4e67-ad5c-d26112d37f00'] response: {'name': 'network-changed', 'server_uuid': '3b5783ba-aff3-433b-a5b3-75a250f3d4fd', 'tag': '65b61ff2-f8f2-4f9a-841c-aed33c1ae797', 'status': 'completed', 'code': 200}
2026-05-06 06:13:13.115 10 INFO neutron.wsgi [None req-58a13a1b-c883-4180-b8d6-eea51e3b29df 270e8126c99640c0bf4206fb440f0008 8b274534e0ec4cd5afc50ea942255d43 - - default default] 199.19.213.86 "GET /v2.0/networks/c20ab878-3466-44b4-af29-d65739937978 HTTP/1.1" status: 200 len: 1000 time: 0.0574994
2026-05-06 06:13:13.142 9 INFO neutron.wsgi [req-e9de7fc1-f9d0-4664-971f-cd6fcb86e9d3 req-701626bd-62c2-4a30-b817-5efb2947c762 120372f8f5a84ce4a95b6bf6c77dd802 cebf464594b14c8a99ec438588facc58 - - e0cb39f46a7f4fbcb7c65298a0ad7f9a e0cb39f46a7f4fbcb7c65298a0ad7f9a] 199.19.213.86 "GET /v2.0/ports?tenant_id=8b274534e0ec4cd5afc50ea942255d43&device_id=3b5783ba-aff3-433b-a5b3-75a250f3d4fd HTTP/1.1" status: 200 len: 3743 time: 0.0386105
2026-05-06 06:13:13.153 10 INFO neutron.wsgi [None req-fb1cd07a-a96e-485f-818d-554ccbc92be0 270e8126c99640c0bf4206fb440f0008 8b274534e0ec4cd5afc50ea942255d43 - - default default] 199.19.213.86 "GET /v2.0/ports?device_id=3b5783ba-aff3-433b-a5b3-75a250f3d4fd HTTP/1.1" status: 200 len: 3743 time: 0.0323763
2026-05-06 06:13:13.205 9 INFO neutron.wsgi [req-e9de7fc1-f9d0-4664-971f-cd6fcb86e9d3 req-f1eed888-ae8b-41fe-9ec1-6d0f5db41cbb 120372f8f5a84ce4a95b6bf6c77dd802 cebf464594b14c8a99ec438588facc58 - - e0cb39f46a7f4fbcb7c65298a0ad7f9a e0cb39f46a7f4fbcb7c65298a0ad7f9a] 199.19.213.86 "GET /v2.0/networks?id=c20ab878-3466-44b4-af29-d65739937978 HTTP/1.1" status: 200 len: 1003 time: 0.0567997
2026-05-06 06:13:13.243 10 INFO neutron.wsgi [None req-2e3fba1d-e879-46e0-ba66-fedfc7a0a17d 270e8126c99640c0bf4206fb440f0008 8b274534e0ec4cd5afc50ea942255d43 - - default default] 199.19.213.86 "GET /v2.0/ports?device_id=3b5783ba-aff3-433b-a5b3-75a250f3d4fd HTTP/1.1" status: 200 len: 3743 time: 0.0352006
2026-05-06 06:13:13.266 9 INFO neutron.wsgi [req-e9de7fc1-f9d0-4664-971f-cd6fcb86e9d3 req-0de24558-697c-4591-b9bc-bfe5cd4c1268 120372f8f5a84ce4a95b6bf6c77dd802 cebf464594b14c8a99ec438588facc58 - - e0cb39f46a7f4fbcb7c65298a0ad7f9a e0cb39f46a7f4fbcb7c65298a0ad7f9a] 199.19.213.86 "GET /v2.0/networks/c20ab878-3466-44b4-af29-d65739937978?fields=segments HTTP/1.1" status: 200 len: 212 time: 0.0534222
2026-05-06 06:13:13.331 9 INFO neutron.wsgi [req-e9de7fc1-f9d0-4664-971f-cd6fcb86e9d3 req-b3b1c714-38f9-478b-ba29-e608bbecf0de 120372f8f5a84ce4a95b6bf6c77dd802 cebf464594b14c8a99ec438588facc58 - - e0cb39f46a7f4fbcb7c65298a0ad7f9a e0cb39f46a7f4fbcb7c65298a0ad7f9a] 199.19.213.86 "GET /v2.0/networks/c20ab878-3466-44b4-af29-d65739937978?fields=provider%3Aphysical_network&fields=provider%3Anetwork_type HTTP/1.1" status: 200 len: 277 time: 0.0602014
2026-05-06 06:13:13.520 9 INFO neutron.plugins.ml2.drivers.ovn.mech_driver.mech_driver [None req-1fca42ed-ddf7-4939-899d-3b4dc4239d5b - - - - - -] OVN reports status down for port: 65b61ff2-f8f2-4f9a-841c-aed33c1ae797
2026-05-06 06:13:13.572 9 INFO neutron.wsgi [req-7e47f72e-bbfb-4629-bc6c-cdf03b93dcc2 req-bcaf4f1e-4611-4b3a-bda9-2008d0cadf11 120372f8f5a84ce4a95b6bf6c77dd802 cebf464594b14c8a99ec438588facc58 - - e0cb39f46a7f4fbcb7c65298a0ad7f9a e0cb39f46a7f4fbcb7c65298a0ad7f9a] 199.19.213.86 "GET /v2.0/ports/65b61ff2-f8f2-4f9a-841c-aed33c1ae797 HTTP/1.1" status: 200 len: 1231 time: 0.0307617
2026-05-06 06:13:13.679 9 INFO neutron.notifiers.nova [-] Nova event matching ['req-80b2102c-f902-4f4d-a40e-06ab87cfc236'] response: {'server_uuid': '3b5783ba-aff3-433b-a5b3-75a250f3d4fd', 'name': 'network-vif-unplugged', 'status': 'completed', 'tag': '65b61ff2-f8f2-4f9a-841c-aed33c1ae797', 'code': 200}
2026-05-06 06:13:13.863 9 ERROR ovsdbapp.backend.ovs_idl.command [None req-1fca42ed-ddf7-4939-899d-3b4dc4239d5b - - - - - -] Error executing command (LspGetUpCommand): ovsdbapp.backend.ovs_idl.idlutils.RowNotFound: Cannot find Logical_Switch_Port with name=65b61ff2-f8f2-4f9a-841c-aed33c1ae797
2026-05-06 06:13:13.863 9 ERROR ovsdbapp.backend.ovs_idl.command
Traceback (most recent call last):
2026-05-06 06:13:13.863 9 ERROR ovsdbapp.backend.ovs_idl.command
File "/var/lib/openstack/lib/python3.10/site-packages/ovsdbapp/backend/ovs_idl/command.py", line 47, in execute
2026-05-06 06:13:13.863 9 ERROR ovsdbapp.backend.ovs_idl.command self.run_idl(None)
2026-05-06 06:13:13.863 9 ERROR ovsdbapp.backend.ovs_idl.command
File "/var/lib/openstack/lib/python3.10/site-packages/ovsdbapp/schema/ovn_northbound/commands.py", line 650, in run_idl
2026-05-06 06:13:13.863 9 ERROR ovsdbapp.backend.ovs_idl.command lsp = self.api.lookup('Logical_Switch_Port', self.port)
2026-05-06 06:13:13.863 9 ERROR ovsdbapp.backend.ovs_idl.command
File "/var/lib/openstack/lib/python3.10/site-packages/ovsdbapp/backend/ovs_idl/__init__.py", line 183, in lookup
2026-05-06 06:13:13.863 9 ERROR ovsdbapp.backend.ovs_idl.command return self._lookup(table, record)
2026-05-06 06:13:13.863 9 ERROR ovsdbapp.backend.ovs_idl.command
File "/var/lib/openstack/lib/python3.10/site-packages/ovsdbapp/backend/ovs_idl/__init__.py", line 234, in _lookup
2026-05-06 06:13:13.863 9 ERROR ovsdbapp.backend.ovs_idl.command row = idlutils.row_by_value(self, rl.table, rl.column, record)
2026-05-06 06:13:13.863 9 ERROR ovsdbapp.backend.ovs_idl.command
File "/var/lib/openstack/lib/python3.10/site-packages/ovsdbapp/backend/ovs_idl/idlutils.py", line 114, in row_by_value
2026-05-06 06:13:13.863 9 ERROR ovsdbapp.backend.ovs_idl.command raise RowNotFound(table=table, col=column, match=match)
2026-05-06 06:13:13.863 9 ERROR ovsdbapp.backend.ovs_idl.command ovsdbapp.backend.ovs_idl.idlutils.RowNotFound: Cannot find Logical_Switch_Port with name=65b61ff2-f8f2-4f9a-841c-aed33c1ae797
2026-05-06 06:13:13.863 9 ERROR ovsdbapp.backend.ovs_idl.command 
2026-05-06 06:13:13.864 9 ERROR ovsdbapp.event [None req-1fca42ed-ddf7-4939-899d-3b4dc4239d5b - - - - - -] Unexpected exception in notify_loop: ovsdbapp.backend.ovs_idl.idlutils.RowNotFound: Cannot find Logical_Switch_Port with name=65b61ff2-f8f2-4f9a-841c-aed33c1ae797
2026-05-06 06:13:13.864 9 ERROR ovsdbapp.event
Traceback (most recent call last):
2026-05-06 06:13:13.864 9 ERROR ovsdbapp.event
File "/var/lib/openstack/lib/python3.10/site-packages/ovsdbapp/event.py", line 177, in notify_loop
2026-05-06 06:13:13.864 9 ERROR ovsdbapp.event match.run(event, row, updates)
2026-05-06 06:13:13.864 9 ERROR ovsdbapp.event
File "/var/lib/openstack/lib/python3.10/site-packages/neutron/plugins/ml2/drivers/ovn/mech_driver/ovsdb/ovsdb_monitor.py", line 543, in run
2026-05-06 06:13:13.864 9 ERROR ovsdbapp.event self.driver.set_port_status_down(row.name)
2026-05-06 06:13:13.864 9 ERROR ovsdbapp.event
File "/var/lib/openstack/lib/python3.10/site-packages/neutron/plugins/ml2/drivers/ovn/mech_driver/mech_driver.py", line 1231, in set_port_status_down
2026-05-06 06:13:13.864 9 ERROR ovsdbapp.event self._ovn_client.update_lsp_host_info(
2026-05-06 06:13:13.864 9 ERROR ovsdbapp.event
File "/var/lib/openstack/lib/python3.10/site-packages/neutron/plugins/ml2/drivers/ovn/mech_driver/ovsdb/ovn_client.py", line 297, in update_lsp_host_info
2026-05-06 06:13:13.864 9 ERROR ovsdbapp.event port_up = self._nb_idl.lsp_get_up(db_port.id).execute(
2026-05-06 06:13:13.864 9 ERROR ovsdbapp.event
File "/var/lib/openstack/lib/python3.10/site-packages/ovsdbapp/backend/ovs_idl/command.py", line 47, in execute
2026-05-06 06:13:13.864 9 ERROR ovsdbapp.event self.run_idl(None)
2026-05-06 06:13:13.864 9 ERROR ovsdbapp.event
File "/var/lib/openstack/lib/python3.10/site-packages/ovsdbapp/schema/ovn_northbound/commands.py", line 650, in run_idl
2026-05-06 06:13:13.864 9 ERROR ovsdbapp.event lsp = self.api.lookup('Logical_Switch_Port', self.port)
2026-05-06 06:13:13.864 9 ERROR ovsdbapp.event
File "/var/lib/openstack/lib/python3.10/site-packages/ovsdbapp/backend/ovs_idl/__init__.py", line 183, in lookup
2026-05-06 06:13:13.864 9 ERROR ovsdbapp.event return self._lookup(table, record)
2026-05-06 06:13:13.864 9 ERROR ovsdbapp.event
File "/var/lib/openstack/lib/python3.10/site-packages/ovsdbapp/backend/ovs_idl/__init__.py", line 234, in _lookup
2026-05-06 06:13:13.864 9 ERROR ovsdbapp.event row = idlutils.row_by_value(self, rl.table, rl.column, record)
2026-05-06 06:13:13.864 9 ERROR ovsdbapp.event
File "/var/lib/openstack/lib/python3.10/site-packages/ovsdbapp/backend/ovs_idl/idlutils.py", line 114, in row_by_value
2026-05-06 06:13:13.864 9 ERROR ovsdbapp.event raise RowNotFound(table=table, col=column, match=match)
2026-05-06 06:13:13.864 9 ERROR ovsdbapp.event ovsdbapp.backend.ovs_idl.idlutils.RowNotFound: Cannot find Logical_Switch_Port with name=65b61ff2-f8f2-4f9a-841c-aed33c1ae797
2026-05-06 06:13:13.864 9 ERROR ovsdbapp.event 
2026-05-06 06:13:13.881 9 INFO neutron.wsgi [req-7e47f72e-bbfb-4629-bc6c-cdf03b93dcc2 req-aab729a0-ca6f-4f5c-8480-cc9f29813bd5 270e8126c99640c0bf4206fb440f0008 8b274534e0ec4cd5afc50ea942255d43 - - default default] 199.19.213.86 "DELETE /v2.0/ports/65b61ff2-f8f2-4f9a-841c-aed33c1ae797 HTTP/1.1" status: 204 len: 173 time: 0.2977157
2026-05-06 06:13:13.963 9 INFO neutron.wsgi [req-7e47f72e-bbfb-4629-bc6c-cdf03b93dcc2 req-a2e877ae-5a4e-4b70-9535-f38368ccc485 120372f8f5a84ce4a95b6bf6c77dd802 cebf464594b14c8a99ec438588facc58 - - e0cb39f46a7f4fbcb7c65298a0ad7f9a e0cb39f46a7f4fbcb7c65298a0ad7f9a] 199.19.213.86 "GET /v2.0/ports?tenant_id=8b274534e0ec4cd5afc50ea942255d43&device_id=3b5783ba-aff3-433b-a5b3-75a250f3d4fd HTTP/1.1" status: 200 len: 2720 time: 0.0343537
2026-05-06 06:13:14.035 9 INFO neutron.wsgi [req-7e47f72e-bbfb-4629-bc6c-cdf03b93dcc2 req-12ff63f2-505f-4f8b-a0ed-34de7b2a71f0 120372f8f5a84ce4a95b6bf6c77dd802 cebf464594b14c8a99ec438588facc58 - - e0cb39f46a7f4fbcb7c65298a0ad7f9a e0cb39f46a7f4fbcb7c65298a0ad7f9a] 199.19.213.86 "GET /v2.0/networks?id=9b1835ea-6b73-456d-b21b-2be4ef20452a&id=52f11c2e-feb9-450f-a2f4-babe295aaa86&id=c20ab878-3466-44b4-af29-d65739937978 HTTP/1.1" status: 200 len: 2517 time: 0.0623913
2026-05-06 06:13:14.062 9 INFO neutron.wsgi [req-7e47f72e-bbfb-4629-bc6c-cdf03b93dcc2 req-2a616c57-8978-41b4-9038-4e5de6089f83 120372f8f5a84ce4a95b6bf6c77dd802 cebf464594b14c8a99ec438588facc58 - - e0cb39f46a7f4fbcb7c65298a0ad7f9a e0cb39f46a7f4fbcb7c65298a0ad7f9a] 199.19.213.86 "GET /v2.0/floatingips?fixed_ip_address=172.24.1.80&port_id=1220e40b-a931-43b7-9140-c72d92bddf7f HTTP/1.1" status: 200 len: 217 time: 0.0220289
2026-05-06 06:13:14.096 9 INFO neutron.wsgi [req-7e47f72e-bbfb-4629-bc6c-cdf03b93dcc2 req-38c85150-ad20-4afc-8ef7-d4c16ea6e947 120372f8f5a84ce4a95b6bf6c77dd802 cebf464594b14c8a99ec438588facc58 - - e0cb39f46a7f4fbcb7c65298a0ad7f9a e0cb39f46a7f4fbcb7c65298a0ad7f9a] 199.19.213.86 "GET /v2.0/subnets?id=8580dbcc-6b1c-4262-a6ea-e82b06cdd832 HTTP/1.1" status: 200 len: 829 time: 0.0300891
2026-05-06 06:13:14.290 10 INFO neutron.wsgi [None req-effb83b7-bc81-4e54-bc0b-24de9e831b5e 270e8126c99640c0bf4206fb440f0008 8b274534e0ec4cd5afc50ea942255d43 - - default default] 199.19.213.86 "GET /v2.0/ports?device_id=3b5783ba-aff3-433b-a5b3-75a250f3d4fd HTTP/1.1" status: 200 len: 2720 time: 0.0376074
2026-05-06 06:13:14.300 9 INFO neutron.wsgi [req-7e47f72e-bbfb-4629-bc6c-cdf03b93dcc2 req-223ff5c8-f5b3-453e-b4a7-69e69d881298 120372f8f5a84ce4a95b6bf6c77dd802 cebf464594b14c8a99ec438588facc58 - - e0cb39f46a7f4fbcb7c65298a0ad7f9a e0cb39f46a7f4fbcb7c65298a0ad7f9a] 199.19.213.86 "GET /v2.0/ports?network_id=9b1835ea-6b73-456d-b21b-2be4ef20452a&device_owner=network%3Adhcp HTTP/1.1" status: 200 len: 210 time: 0.1992171
2026-05-06 06:13:14.316 10 INFO neutron.pecan_wsgi.hooks.translation [None req-9e2eda35-091b-4329-a5cb-cc69f7e140fb 270e8126c99640c0bf4206fb440f0008 8b274534e0ec4cd5afc50ea942255d43 - - default default] DELETE failed (client error): The resource could not be found.
2026-05-06 06:13:14.319 10 INFO neutron.wsgi [None req-9e2eda35-091b-4329-a5cb-cc69f7e140fb 270e8126c99640c0bf4206fb440f0008 8b274534e0ec4cd5afc50ea942255d43 - - default default] 199.19.213.86 "DELETE /v2.0/ports/65b61ff2-f8f2-4f9a-841c-aed33c1ae797 HTTP/1.1" status: 404 len: 338 time: 0.0225129
2026-05-06 06:13:14.364 9 INFO neutron.wsgi [req-7e47f72e-bbfb-4629-bc6c-cdf03b93dcc2 req-472dc2f9-674f-46e3-91ff-c773d9814227 120372f8f5a84ce4a95b6bf6c77dd802 cebf464594b14c8a99ec438588facc58 - - e0cb39f46a7f4fbcb7c65298a0ad7f9a e0cb39f46a7f4fbcb7c65298a0ad7f9a] 199.19.213.86 "GET /v2.0/networks/9b1835ea-6b73-456d-b21b-2be4ef20452a?fields=segments HTTP/1.1" status: 200 len: 212 time: 0.0581300
2026-05-06 06:13:14.390 10 INFO neutron.wsgi [None req-1a39212b-cdfa-43fd-b5c1-b3b012e66b92 270e8126c99640c0bf4206fb440f0008 8b274534e0ec4cd5afc50ea942255d43 - - default default] 199.19.213.86 "GET /v2.0/extensions/security-group HTTP/1.1" status: 200 len: 369 time: 0.0062454
2026-05-06 06:13:14.400 10 INFO neutron.wsgi [None req-6b00eafa-5bcd-4b4c-9dfa-ac44d36eb9c5 270e8126c99640c0bf4206fb440f0008 8b274534e0ec4cd5afc50ea942255d43 - - default default] 199.19.213.86 "GET /v2.0/extensions/dns-integration HTTP/1.1" status: 200 len: 371 time: 0.0041358
2026-05-06 06:13:14.409 10 INFO neutron.wsgi [None req-13205057-5997-4aa1-b746-3e984daea902 270e8126c99640c0bf4206fb440f0008 8b274534e0ec4cd5afc50ea942255d43 - - default default] 199.19.213.86 "GET /v2.0/extensions/qos HTTP/1.1" status: 200 len: 365 time: 0.0054336
2026-05-06 06:13:14.418 10 INFO neutron.wsgi [None req-eb6f3d9e-5cc1-47b3-857c-dda98c292919 270e8126c99640c0bf4206fb440f0008 8b274534e0ec4cd5afc50ea942255d43 - - default default] 199.19.213.86 "GET /v2.0/extensions/allowed-address-pairs HTTP/1.1" status: 200 len: 383 time: 0.0045166
2026-05-06 06:13:14.426 9 INFO neutron.wsgi [req-7e47f72e-bbfb-4629-bc6c-cdf03b93dcc2 req-34934337-6fb9-4b13-97e4-7492b1f86a13 120372f8f5a84ce4a95b6bf6c77dd802 cebf464594b14c8a99ec438588facc58 - - e0cb39f46a7f4fbcb7c65298a0ad7f9a e0cb39f46a7f4fbcb7c65298a0ad7f9a] 199.19.213.86 "GET /v2.0/networks/9b1835ea-6b73-456d-b21b-2be4ef20452a?fields=provider%3Aphysical_network&fields=provider%3Anetwork_type HTTP/1.1" status: 200 len: 277 time: 0.0562828
2026-05-06 06:13:14.454 10 INFO neutron.wsgi [None req-c685e157-7aa0-4f2a-8ff2-0e9ca9fa721f 270e8126c99640c0bf4206fb440f0008 8b274534e0ec4cd5afc50ea942255d43 - - default default] 199.19.213.86 "GET /v2.0/subnets/35816295-c074-4e60-9c8b-ce2058bc6ea5 HTTP/1.1" status: 200 len: 850 time: 0.0304303
2026-05-06 06:13:14.456 9 INFO neutron.wsgi [req-7e47f72e-bbfb-4629-bc6c-cdf03b93dcc2 req-13e1b824-ba51-470c-b724-c7bc95d8b89e 120372f8f5a84ce4a95b6bf6c77dd802 cebf464594b14c8a99ec438588facc58 - - e0cb39f46a7f4fbcb7c65298a0ad7f9a e0cb39f46a7f4fbcb7c65298a0ad7f9a] 199.19.213.86 "GET /v2.0/floatingips?fixed_ip_address=10.1.1.55&port_id=9475b1ca-4abb-4fa3-882a-2bcf4e5b90e2 HTTP/1.1" status: 200 len: 217 time: 0.0222676
2026-05-06 06:13:14.489 9 INFO neutron.wsgi [req-7e47f72e-bbfb-4629-bc6c-cdf03b93dcc2 req-e30b9003-1306-47d4-b318-a2ff97fb65cd 120372f8f5a84ce4a95b6bf6c77dd802 cebf464594b14c8a99ec438588facc58 - - e0cb39f46a7f4fbcb7c65298a0ad7f9a e0cb39f46a7f4fbcb7c65298a0ad7f9a] 199.19.213.86 "GET /v2.0/subnets?id=35816295-c074-4e60-9c8b-ce2058bc6ea5 HTTP/1.1" status: 200 len: 853 time: 0.0278025
2026-05-06 06:13:14.513 9 INFO neutron.wsgi [req-7e47f72e-bbfb-4629-bc6c-cdf03b93dcc2 req-39f246d3-c0d0-467c-b04b-89799831d6e5 120372f8f5a84ce4a95b6bf6c77dd802 cebf464594b14c8a99ec438588facc58 - - e0cb39f46a7f4fbcb7c65298a0ad7f9a e0cb39f46a7f4fbcb7c65298a0ad7f9a] 199.19.213.86 "GET /v2.0/ports?network_id=52f11c2e-feb9-450f-a2f4-babe295aaa86&device_owner=network%3Adhcp HTTP/1.1" status: 200 len: 210 time: 0.0187979
2026-05-06 06:13:14.576 9 INFO neutron.wsgi [req-7e47f72e-bbfb-4629-bc6c-cdf03b93dcc2 req-090801de-57bf-4cc8-b7b5-091997f4207d 120372f8f5a84ce4a95b6bf6c77dd802 cebf464594b14c8a99ec438588facc58 - - e0cb39f46a7f4fbcb7c65298a0ad7f9a e0cb39f46a7f4fbcb7c65298a0ad7f9a] 199.19.213.86 "GET /v2.0/networks/52f11c2e-feb9-450f-a2f4-babe295aaa86?fields=segments HTTP/1.1" status: 200 len: 212 time: 0.0564408
2026-05-06 06:13:14.642 9 INFO neutron.wsgi [req-7e47f72e-bbfb-4629-bc6c-cdf03b93dcc2 req-237f7130-78a4-43c3-9f85-5f38ed4369ea 120372f8f5a84ce4a95b6bf6c77dd802 cebf464594b14c8a99ec438588facc58 - - e0cb39f46a7f4fbcb7c65298a0ad7f9a e0cb39f46a7f4fbcb7c65298a0ad7f9a] 199.19.213.86 "GET /v2.0/networks/52f11c2e-feb9-450f-a2f4-babe295aaa86?fields=provider%3Aphysical_network&fields=provider%3Anetwork_type HTTP/1.1" status: 200 len: 277 time: 0.0610096
2026-05-06 06:13:14.779 10 INFO neutron.wsgi [None req-e4ca1743-57bd-4c4d-ae0b-02ef4d76fd5e 270e8126c99640c0bf4206fb440f0008 8b274534e0ec4cd5afc50ea942255d43 - - default default] 199.19.213.86 "GET /v2.0/ports/b8ced31d-2fc0-4f4f-a2c2-a0758025d3d4 HTTP/1.1" status: 200 len: 1340 time: 0.3183050
2026-05-06 06:13:14.809 10 INFO neutron.wsgi [None req-aeb8aca4-55e4-469a-849d-08b4907670d2 270e8126c99640c0bf4206fb440f0008 8b274534e0ec4cd5afc50ea942255d43 - - default default] 199.19.213.86 "GET /v2.0/ports/9475b1ca-4abb-4fa3-882a-2bcf4e5b90e2 HTTP/1.1" status: 200 len: 1515 time: 0.0235920
2026-05-06 06:13:14.843 10 INFO neutron.wsgi [None req-2454106a-e28a-4b06-a4b7-b2069bc6190d 270e8126c99640c0bf4206fb440f0008 8b274534e0ec4cd5afc50ea942255d43 - - default default] 199.19.213.86 "GET /v2.0/subnets/35816295-c074-4e60-9c8b-ce2058bc6ea5 HTTP/1.1" status: 200 len: 850 time: 0.0298433
2026-05-06 06:13:14.901 10 INFO neutron.wsgi [None req-de601239-c781-416e-a75e-69010f1fe72c 270e8126c99640c0bf4206fb440f0008 8b274534e0ec4cd5afc50ea942255d43 - - default default] 199.19.213.86 "GET /v2.0/networks/52f11c2e-feb9-450f-a2f4-babe295aaa86 HTTP/1.1" status: 200 len: 1000 time: 0.0534697
2026-05-06 06:13:14.949 10 INFO neutron.wsgi [None req-0cd7268d-589d-480e-bdd3-cdb4ba6d2320 270e8126c99640c0bf4206fb440f0008 8b274534e0ec4cd5afc50ea942255d43 - - default default] 199.19.213.86 "GET /v2.0/ports/b8ced31d-2fc0-4f4f-a2c2-a0758025d3d4 HTTP/1.1" status: 200 len: 1340 time: 0.0385189
2026-05-06 06:13:14.989 10 INFO neutron.wsgi [None req-158deadf-0c36-4699-901d-b849bf8664ab 270e8126c99640c0bf4206fb440f0008 8b274534e0ec4cd5afc50ea942255d43 - - default default] 199.19.213.86 "GET /v2.0/subnets/35816295-c074-4e60-9c8b-ce2058bc6ea5 HTTP/1.1" status: 200 len: 850 time: 0.0341926
2026-05-06 06:13:15.734 9 INFO neutron.notifiers.nova [-] Nova event matching ['req-95fdfeea-7136-4201-9455-0a864a4c930e'] response: {'server_uuid': '3b5783ba-aff3-433b-a5b3-75a250f3d4fd', 'name': 'network-vif-plugged', 'status': 'completed', 'tag': '65b61ff2-f8f2-4f9a-841c-aed33c1ae797', 'code': 200}
2026-05-06 06:13:15.735 9 INFO neutron.notifiers.nova [-] Nova event matching ['req-95fdfeea-7136-4201-9455-0a864a4c930e'] response: {'server_uuid': '3b5783ba-aff3-433b-a5b3-75a250f3d4fd', 'name': 'network-vif-deleted', 'tag': '65b61ff2-f8f2-4f9a-841c-aed33c1ae797', 'status': 'completed', 'code': 200}
2026-05-06 06:13:22.951 10 INFO neutron.wsgi [-] 10.0.0.181 "GET / HTTP/1.1" status: 200 len: 247 time: 0.0017407
2026-05-06 06:13:22.953 9 INFO neutron.wsgi [-] 10.0.0.181 "GET / HTTP/1.1" status: 200 len: 247 time: 0.0028803
2026-05-06 06:13:23.826 10 INFO neutron.wsgi [None req-a86538be-600b-44a6-b7b1-167645084df9 270e8126c99640c0bf4206fb440f0008 8b274534e0ec4cd5afc50ea942255d43 - - default default] 199.19.213.86 "GET /v2.0/extensions/security-group HTTP/1.1" status: 200 len: 369 time: 0.0085406
2026-05-06 06:13:23.834 10 INFO neutron.wsgi [None req-f1a06999-486e-40de-ad87-3397af3c3db4 270e8126c99640c0bf4206fb440f0008 8b274534e0ec4cd5afc50ea942255d43 - - default default] 199.19.213.86 "GET /v2.0/extensions/dns-integration HTTP/1.1" status: 200 len: 371 time: 0.0032187
2026-05-06 06:13:23.842 10 INFO neutron.wsgi [None req-b2fa3687-78d1-4b83-b131-1ce5da2a629e 270e8126c99640c0bf4206fb440f0008 8b274534e0ec4cd5afc50ea942255d43 - - default default] 199.19.213.86 "GET /v2.0/extensions/qos HTTP/1.1" status: 200 len: 365 time: 0.0048010
2026-05-06 06:13:23.851 10 INFO neutron.wsgi [None req-b73a23ad-b95f-4129-ba28-b14fa84b378d 270e8126c99640c0bf4206fb440f0008 8b274534e0ec4cd5afc50ea942255d43 - - default default] 199.19.213.86 "GET /v2.0/extensions/allowed-address-pairs HTTP/1.1" status: 200 len: 383 time: 0.0045059
2026-05-06 06:13:23.894 10 INFO neutron.wsgi [None req-0edcf314-dfaa-4d85-be88-8f3b70d7cfbe 270e8126c99640c0bf4206fb440f0008 8b274534e0ec4cd5afc50ea942255d43 - - default default] 199.19.213.86 "GET /v2.0/security-groups?name=lb-3d80afa1-2a08-43f4-b8be-02745a429638 HTTP/1.1" status: 200 len: 2939 time: 0.0334735
2026-05-06 06:13:23.928 10 INFO neutron.wsgi [None req-2698368c-6143-405b-a279-f38355de80a7 270e8126c99640c0bf4206fb440f0008 8b274534e0ec4cd5afc50ea942255d43 - - default default] 199.19.213.86 "GET /v2.0/security-group-rules?security_group_id=4b3fbd84-85da-4198-9dec-e85428078933 HTTP/1.1" status: 200 len: 2406 time: 0.0291409
2026-05-06 06:13:24.057 10 INFO neutron.wsgi [None req-0bb8282e-0560-4007-8a03-d901d8d4b0e1 270e8126c99640c0bf4206fb440f0008 8b274534e0ec4cd5afc50ea942255d43 - - default default] 199.19.213.86 "DELETE /v2.0/security-group-rules/c9eeebbb-ad05-48e8-929c-0249d703f4ab HTTP/1.1" status: 204 len: 173 time: 0.1224396
2026-05-06 06:13:24.177 10 INFO neutron.wsgi [None req-c85a57d6-f8c8-4f97-86ad-633da648503f 270e8126c99640c0bf4206fb440f0008 8b274534e0ec4cd5afc50ea942255d43 - - default default] 199.19.213.86 "DELETE /v2.0/security-group-rules/db761831-d228-4a7c-b02a-b4ddc44d818b HTTP/1.1" status: 204 len: 173 time: 0.1133282
2026-05-06 06:13:28.626 10 INFO neutron.db.l3_db [None req-07ea0cfb-5fa5-4e41-80b3-88eee853e98d 8129487ce379429cada7c835d4f2ecd1 cd93dd1aabe2486ab9b0e223f5d9f8cb - - default default] Floating IP 91fe581a-5160-4eca-994c-9780c36dafa4 disassociated (deleted). External IP: 10.96.250.206, port: b8ced31d-2fc0-4f4f-a2c2-a0758025d3d4.
2026-05-06 06:13:28.670 10 INFO neutron.wsgi [None req-07ea0cfb-5fa5-4e41-80b3-88eee853e98d 8129487ce379429cada7c835d4f2ecd1 cd93dd1aabe2486ab9b0e223f5d9f8cb - - default default] 10.0.0.107 "DELETE /v2.0/floatingips/91fe581a-5160-4eca-994c-9780c36dafa4 HTTP/1.1" status: 204 len: 168 time: 0.4579022
2026-05-06 06:13:28.700 10 INFO neutron.api.v2.resource [None req-e2a3b218-30ab-41dd-b8d5-604ad59b3846 8129487ce379429cada7c835d4f2ecd1 cd93dd1aabe2486ab9b0e223f5d9f8cb - - default default] show failed (client error): The resource could not be found.
2026-05-06 06:13:28.702 10 INFO neutron.wsgi [None req-e2a3b218-30ab-41dd-b8d5-604ad59b3846 8129487ce379429cada7c835d4f2ecd1 cd93dd1aabe2486ab9b0e223f5d9f8cb - - default default] 10.0.0.107 "GET /v2.0/floatingips/91fe581a-5160-4eca-994c-9780c36dafa4 HTTP/1.1" status: 404 len: 345 time: 0.0231900
2026-05-06 06:13:28.969 10 INFO neutron.wsgi [None req-f0867345-4c98-4b7e-a388-bcc72c59cc99 270e8126c99640c0bf4206fb440f0008 8b274534e0ec4cd5afc50ea942255d43 - - default default] 199.19.213.86 "GET /v2.0/extensions/security-group HTTP/1.1" status: 200 len: 369 time: 0.0079248
2026-05-06 06:13:28.979 10 INFO neutron.wsgi [None req-4b8ce213-6014-4263-9d64-9801284e8ecc 270e8126c99640c0bf4206fb440f0008 8b274534e0ec4cd5afc50ea942255d43 - - default default] 199.19.213.86 "GET /v2.0/extensions/dns-integration HTTP/1.1" status: 200 len: 371 time: 0.0044918
2026-05-06 06:13:28.987 10 INFO neutron.wsgi [None req-e30e7c3c-77be-4a51-81ae-3438f037ead1 270e8126c99640c0bf4206fb440f0008 8b274534e0ec4cd5afc50ea942255d43 - - default default] 199.19.213.86 "GET /v2.0/extensions/qos HTTP/1.1" status: 200 len: 365 time: 0.0043375
2026-05-06 06:13:28.996 10 INFO neutron.wsgi [None req-2a5dac44-b853-4cad-8992-fd2cfaa2225a 270e8126c99640c0bf4206fb440f0008 8b274534e0ec4cd5afc50ea942255d43 - - default default] 199.19.213.86 "GET /v2.0/extensions/allowed-address-pairs HTTP/1.1" status: 200 len: 383 time: 0.0048742
2026-05-06 06:13:29.031 10 INFO neutron.wsgi [None req-752b477d-3b66-4b3b-9536-c619e056ac26 270e8126c99640c0bf4206fb440f0008 8b274534e0ec4cd5afc50ea942255d43 - - default default] 199.19.213.86 "GET /v2.0/subnets/35816295-c074-4e60-9c8b-ce2058bc6ea5 HTTP/1.1" status: 200 len: 850 time: 0.0296013
2026-05-06 06:13:29.070 10 INFO neutron.wsgi [None req-be665b18-cc31-475b-aed8-ccfcf873726f 270e8126c99640c0bf4206fb440f0008 8b274534e0ec4cd5afc50ea942255d43 - - default default] 199.19.213.86 "GET /v2.0/ports?device_id=3b5783ba-aff3-433b-a5b3-75a250f3d4fd HTTP/1.1" status: 200 len: 2720 time: 0.0333097
2026-05-06 06:13:29.108 10 INFO neutron.wsgi [None req-05b8c579-2307-4697-8b09-ca364d617b6a 270e8126c99640c0bf4206fb440f0008 8b274534e0ec4cd5afc50ea942255d43 - - default default] 199.19.213.86 "GET /v2.0/ports?device_id=3b5783ba-aff3-433b-a5b3-75a250f3d4fd HTTP/1.1" status: 200 len: 2720 time: 0.0312526
2026-05-06 06:13:29.197 10 INFO neutron.wsgi [None req-1e9b6341-6564-4407-8cb5-2a5425160b5e 270e8126c99640c0bf4206fb440f0008 8b274534e0ec4cd5afc50ea942255d43 - - default default] 199.19.213.86 "GET /v2.0/ports?device_id=3b5783ba-aff3-433b-a5b3-75a250f3d4fd HTTP/1.1" status: 200 len: 2720 time: 0.0299709
2026-05-06 06:13:29.446 10 INFO neutron.plugins.ml2.drivers.ovn.mech_driver.mech_driver [None req-bd6d18b6-f675-4f3a-9ff7-00288c7b9848 - - - - - -] OVN reports status down for port: 9475b1ca-4abb-4fa3-882a-2bcf4e5b90e2 /var/lib/openstack/lib/python3.10/site-packages/pycadf/identifier.py:71: UserWarning: Invalid uuid: neutron. To ensure interoperability, identifiers should be a valid uuid. warnings.warn(('Invalid uuid: %s. To ensure interoperability, '
2026-05-06 06:13:29.532 9 INFO neutron.wsgi [req-9531575a-51a3-4ec2-9f94-e3ac8697474c req-5b316ad1-21ae-49a4-8a5d-051c3244f1ca 120372f8f5a84ce4a95b6bf6c77dd802 cebf464594b14c8a99ec438588facc58 - - e0cb39f46a7f4fbcb7c65298a0ad7f9a e0cb39f46a7f4fbcb7c65298a0ad7f9a] 199.19.213.86 "GET /v2.0/ports/9475b1ca-4abb-4fa3-882a-2bcf4e5b90e2 HTTP/1.1" status: 200 len: 1515 time: 0.0302913
2026-05-06 06:13:29.586 9 INFO neutron.wsgi [req-9531575a-51a3-4ec2-9f94-e3ac8697474c req-5d10aedb-67cf-402a-a300-d69e853c622a 270e8126c99640c0bf4206fb440f0008 8b274534e0ec4cd5afc50ea942255d43 - - default default] 199.19.213.86 "GET /v2.0/ports/9475b1ca-4abb-4fa3-882a-2bcf4e5b90e2?fields=binding%3Aprofile&fields=network_id HTTP/1.1" status: 200 len: 281 time: 0.0407383
2026-05-06 06:13:29.614 9 INFO neutron.db.ovn_revision_numbers_db [None req-66bb4654-1d17-4962-8a15-91323b6c9b3f - - - - - -] Successfully bumped revision number for resource b8ced31d-2fc0-4f4f-a2c2-a0758025d3d4 (type: ports) to 6
2026-05-06 06:13:29.618 10 INFO neutron.notifiers.nova [-] Nova event matching ['req-e4e8630a-1d19-4483-8090-777f8f3e0acc'] response: {'server_uuid': '3b5783ba-aff3-433b-a5b3-75a250f3d4fd', 'name': 'network-vif-unplugged', 'status': 'completed', 'tag': '9475b1ca-4abb-4fa3-882a-2bcf4e5b90e2', 'code': 200}
2026-05-06 06:13:29.652 9 INFO neutron.wsgi [req-9531575a-51a3-4ec2-9f94-e3ac8697474c req-47435e51-babc-4b16-b675-11d148d325bf 270e8126c99640c0bf4206fb440f0008 8b274534e0ec4cd5afc50ea942255d43 - - default default] 199.19.213.86 "GET /v2.0/networks/52f11c2e-feb9-450f-a2f4-babe295aaa86?fields=dns_domain HTTP/1.1" status: 200 len: 227 time: 0.0608361
2026-05-06 06:13:29.725 10 INFO neutron.db.ovn_revision_numbers_db [None req-bd6d18b6-f675-4f3a-9ff7-00288c7b9848 - - - - - -] Successfully bumped revision number for resource 9475b1ca-4abb-4fa3-882a-2bcf4e5b90e2 (type: ports) to 7
2026-05-06 06:13:29.741 10 INFO neutron.plugins.ml2.drivers.ovn.mech_driver.mech_driver [None req-bd6d18b6-f675-4f3a-9ff7-00288c7b9848 - - - - - -] OVN reports status down for port: b8ced31d-2fc0-4f4f-a2c2-a0758025d3d4
2026-05-06 06:13:30.129 9 INFO neutron.db.ovn_revision_numbers_db [req-9531575a-51a3-4ec2-9f94-e3ac8697474c req-ae386e7a-bdaf-487d-b567-9bed7b78a5f4 120372f8f5a84ce4a95b6bf6c77dd802 cebf464594b14c8a99ec438588facc58 - - e0cb39f46a7f4fbcb7c65298a0ad7f9a e0cb39f46a7f4fbcb7c65298a0ad7f9a] Successfully bumped revision number for resource 9475b1ca-4abb-4fa3-882a-2bcf4e5b90e2 (type: ports) to 8
2026-05-06 06:13:30.150 9 INFO neutron.wsgi [req-9531575a-51a3-4ec2-9f94-e3ac8697474c req-ae386e7a-bdaf-487d-b567-9bed7b78a5f4 120372f8f5a84ce4a95b6bf6c77dd802 cebf464594b14c8a99ec438588facc58 - - e0cb39f46a7f4fbcb7c65298a0ad7f9a e0cb39f46a7f4fbcb7c65298a0ad7f9a] 199.19.213.86 "PUT /v2.0/ports/9475b1ca-4abb-4fa3-882a-2bcf4e5b90e2 HTTP/1.1" status: 200 len: 1347 time: 0.4912202 /var/lib/openstack/lib/python3.10/site-packages/pycadf/identifier.py:71: UserWarning: Invalid uuid: neutron. To ensure interoperability, identifiers should be a valid uuid. warnings.warn(('Invalid uuid: %s. To ensure interoperability, ' /var/lib/openstack/lib/python3.10/site-packages/pycadf/identifier.py:71: UserWarning: Invalid uuid: neutron. To ensure interoperability, identifiers should be a valid uuid. warnings.warn(('Invalid uuid: %s. To ensure interoperability, '
2026-05-06 06:13:30.233 10 INFO neutron.wsgi [None req-b46d907d-80a1-4770-93e7-ac9f3d853a18 270e8126c99640c0bf4206fb440f0008 8b274534e0ec4cd5afc50ea942255d43 - - default default] 199.19.213.86 "GET /v2.0/ports?device_id=3b5783ba-aff3-433b-a5b3-75a250f3d4fd HTTP/1.1" status: 200 len: 1413 time: 0.0297148
2026-05-06 06:13:30.244 9 INFO neutron.wsgi [req-9531575a-51a3-4ec2-9f94-e3ac8697474c req-3fb93da7-53b1-429a-98ac-05d65c836d2a 120372f8f5a84ce4a95b6bf6c77dd802 cebf464594b14c8a99ec438588facc58 - - e0cb39f46a7f4fbcb7c65298a0ad7f9a e0cb39f46a7f4fbcb7c65298a0ad7f9a] 199.19.213.86 "GET /v2.0/ports?tenant_id=8b274534e0ec4cd5afc50ea942255d43&device_id=3b5783ba-aff3-433b-a5b3-75a250f3d4fd HTTP/1.1" status: 200 len: 1413 time: 0.0440831
2026-05-06 06:13:30.317 9 INFO neutron.wsgi [req-9531575a-51a3-4ec2-9f94-e3ac8697474c req-6a77ce1e-234a-44f0-9617-1f74b1b2889d 120372f8f5a84ce4a95b6bf6c77dd802 cebf464594b14c8a99ec438588facc58 - - e0cb39f46a7f4fbcb7c65298a0ad7f9a e0cb39f46a7f4fbcb7c65298a0ad7f9a] 199.19.213.86 "GET /v2.0/networks?id=9b1835ea-6b73-456d-b21b-2be4ef20452a&id=52f11c2e-feb9-450f-a2f4-babe295aaa86 HTTP/1.1" status: 200 len: 1727 time: 0.0644825
2026-05-06 06:13:30.348 9 INFO neutron.wsgi [req-9531575a-51a3-4ec2-9f94-e3ac8697474c req-78e50130-ff73-4ec6-9fb4-c0236ae6913a 120372f8f5a84ce4a95b6bf6c77dd802 cebf464594b14c8a99ec438588facc58 - - e0cb39f46a7f4fbcb7c65298a0ad7f9a e0cb39f46a7f4fbcb7c65298a0ad7f9a] 199.19.213.86 "GET /v2.0/floatingips?fixed_ip_address=172.24.1.80&port_id=1220e40b-a931-43b7-9140-c72d92bddf7f HTTP/1.1" status: 200 len: 217 time: 0.0236585
2026-05-06 06:13:30.386 9 INFO neutron.wsgi [req-9531575a-51a3-4ec2-9f94-e3ac8697474c req-54d40043-b29c-4fef-b860-ab1e99691a05 120372f8f5a84ce4a95b6bf6c77dd802 cebf464594b14c8a99ec438588facc58 - - e0cb39f46a7f4fbcb7c65298a0ad7f9a e0cb39f46a7f4fbcb7c65298a0ad7f9a] 199.19.213.86 "GET /v2.0/subnets?id=8580dbcc-6b1c-4262-a6ea-e82b06cdd832 HTTP/1.1" status: 200 len: 829 time: 0.0310588
2026-05-06 06:13:30.411 9 INFO neutron.wsgi [req-9531575a-51a3-4ec2-9f94-e3ac8697474c req-aaf38779-7246-4c8d-a56b-9af6cc42de8d 120372f8f5a84ce4a95b6bf6c77dd802 cebf464594b14c8a99ec438588facc58 - - e0cb39f46a7f4fbcb7c65298a0ad7f9a e0cb39f46a7f4fbcb7c65298a0ad7f9a] 199.19.213.86 "GET /v2.0/ports?network_id=9b1835ea-6b73-456d-b21b-2be4ef20452a&device_owner=network%3Adhcp HTTP/1.1" status: 200 len: 210 time: 0.0209539
2026-05-06 06:13:30.478 9 INFO neutron.wsgi [req-9531575a-51a3-4ec2-9f94-e3ac8697474c req-fdd4da84-8d70-47be-8a2a-c344ef6348f0 120372f8f5a84ce4a95b6bf6c77dd802 cebf464594b14c8a99ec438588facc58 - - e0cb39f46a7f4fbcb7c65298a0ad7f9a e0cb39f46a7f4fbcb7c65298a0ad7f9a] 199.19.213.86 "GET /v2.0/networks/9b1835ea-6b73-456d-b21b-2be4ef20452a?fields=segments HTTP/1.1" status: 200 len: 212 time: 0.0590792
2026-05-06 06:13:30.543 9 INFO neutron.wsgi [req-9531575a-51a3-4ec2-9f94-e3ac8697474c req-46b1f374-45b6-4906-bc97-2de2c25778b7 120372f8f5a84ce4a95b6bf6c77dd802 cebf464594b14c8a99ec438588facc58 - - e0cb39f46a7f4fbcb7c65298a0ad7f9a e0cb39f46a7f4fbcb7c65298a0ad7f9a] 199.19.213.86 "GET /v2.0/networks/9b1835ea-6b73-456d-b21b-2be4ef20452a?fields=provider%3Aphysical_network&fields=provider%3Anetwork_type HTTP/1.1" status: 200 len: 277 time: 0.0586348
2026-05-06 06:13:30.590 10 INFO neutron.db.ovn_revision_numbers_db [None req-a96440d7-4b66-4276-91be-b4958f61392e 270e8126c99640c0bf4206fb440f0008 8b274534e0ec4cd5afc50ea942255d43 - - default default] Successfully bumped revision number for resource 9475b1ca-4abb-4fa3-882a-2bcf4e5b90e2 (type: ports) to 9
2026-05-06 06:13:30.611 10 INFO neutron.wsgi [None req-a96440d7-4b66-4276-91be-b4958f61392e 270e8126c99640c0bf4206fb440f0008 8b274534e0ec4cd5afc50ea942255d43 - - default default] 199.19.213.86 "PUT /v2.0/ports/9475b1ca-4abb-4fa3-882a-2bcf4e5b90e2 HTTP/1.1" status: 200 len: 1286 time: 0.3714995 /var/lib/openstack/lib/python3.10/site-packages/pycadf/identifier.py:71: UserWarning: Invalid uuid: neutron. To ensure interoperability, identifiers should be a valid uuid. warnings.warn(('Invalid uuid: %s. To ensure interoperability, '
2026-05-06 06:13:30.662 10 INFO neutron.wsgi [None req-1f67c3cd-d047-41dc-8229-b75a81831be9 270e8126c99640c0bf4206fb440f0008 8b274534e0ec4cd5afc50ea942255d43 - - default default] 199.19.213.86 "GET /v2.0/ports/9475b1ca-4abb-4fa3-882a-2bcf4e5b90e2 HTTP/1.1" status: 200 len: 1286 time: 0.0442195
2026-05-06 06:13:30.717 9 INFO neutron.db.ovn_revision_numbers_db [None req-66bb4654-1d17-4962-8a15-91323b6c9b3f - - - - - -] Successfully bumped revision number for resource b8ced31d-2fc0-4f4f-a2c2-a0758025d3d4 (type: ports) to 8
2026-05-06 06:13:30.953 10 INFO neutron.wsgi [None req-44bcb8cf-5da4-4d86-bb9f-f92c949b4188 270e8126c99640c0bf4206fb440f0008 8b274534e0ec4cd5afc50ea942255d43 - - default default] 199.19.213.86 "DELETE /v2.0/ports/9475b1ca-4abb-4fa3-882a-2bcf4e5b90e2 HTTP/1.1" status: 204 len: 173 time: 0.2866321
2026-05-06 06:13:30.991 10 INFO neutron.wsgi [None req-435925ad-0052-4fe2-83e9-f97ae8deaf71 270e8126c99640c0bf4206fb440f0008 8b274534e0ec4cd5afc50ea942255d43 - - default default] 199.19.213.86 "GET /v2.0/extensions/security-group HTTP/1.1" status: 200 len: 369 time: 0.0060554
2026-05-06 06:13:30.998 10 INFO neutron.wsgi [None req-6aa34d4c-b46d-4d0c-9ab2-b4ea1b61d9f2 270e8126c99640c0bf4206fb440f0008 8b274534e0ec4cd5afc50ea942255d43 - - default default] 199.19.213.86 "GET /v2.0/extensions/dns-integration HTTP/1.1" status: 200 len: 371 time: 0.0035160
2026-05-06 06:13:31.009 10 INFO neutron.wsgi [None req-19f52e79-97e2-480a-9858-ad70f5cb525d 270e8126c99640c0bf4206fb440f0008 8b274534e0ec4cd5afc50ea942255d43 - - default default] 199.19.213.86 "GET /v2.0/extensions/qos HTTP/1.1" status: 200 len: 365 time: 0.0047877
2026-05-06 06:13:31.017 10 INFO neutron.wsgi [None req-a618f9f4-5859-4979-a19c-d897c5ebfc26 270e8126c99640c0bf4206fb440f0008 8b274534e0ec4cd5afc50ea942255d43 - - default default] 199.19.213.86 "GET /v2.0/extensions/allowed-address-pairs HTTP/1.1" status: 200 len: 383 time: 0.0040970
2026-05-06 06:13:31.039 10 INFO neutron.pecan_wsgi.hooks.translation [None req-40ab4cad-4ddc-4e31-95ff-a28b7a4a4d1e 270e8126c99640c0bf4206fb440f0008 8b274534e0ec4cd5afc50ea942255d43 - - default default] DELETE failed (client error): The resource could not be found.
2026-05-06 06:13:31.041 10 INFO neutron.wsgi [None req-40ab4cad-4ddc-4e31-95ff-a28b7a4a4d1e 270e8126c99640c0bf4206fb440f0008 8b274534e0ec4cd5afc50ea942255d43 - - default default] 199.19.213.86 "DELETE /v2.0/ports/9475b1ca-4abb-4fa3-882a-2bcf4e5b90e2 HTTP/1.1" status: 404 len: 338 time: 0.0169654
2026-05-06 06:13:31.074 10 INFO neutron.wsgi [None req-c439fe5a-f708-4fae-a3ad-30ec7b08b51c 270e8126c99640c0bf4206fb440f0008 8b274534e0ec4cd5afc50ea942255d43 - - default default] 199.19.213.86 "GET /v2.0/ports/b8ced31d-2fc0-4f4f-a2c2-a0758025d3d4 HTTP/1.1" status: 200 len: 1332 time: 0.0261421
2026-05-06 06:13:31.111 10 INFO neutron.wsgi [None req-2d3d814a-9f3f-49d7-9e78-79d481f09fa9 270e8126c99640c0bf4206fb440f0008 8b274534e0ec4cd5afc50ea942255d43 - - default default] 199.19.213.86 "GET /v2.0/security-groups?name=lb-3d80afa1-2a08-43f4-b8be-02745a429638 HTTP/1.1" status: 200 len: 1775 time: 0.0293274
2026-05-06 06:13:31.158 10 INFO neutron.wsgi [None req-f3671abd-5d76-452b-9c82-d5594cc0fcec 270e8126c99640c0bf4206fb440f0008 8b274534e0ec4cd5afc50ea942255d43 - - default default] 199.19.213.86 "GET /v2.0/ports/b8ced31d-2fc0-4f4f-a2c2-a0758025d3d4 HTTP/1.1" status: 200 len: 1332 time: 0.0361891
2026-05-06 06:13:31.524 10 INFO neutron.db.ovn_revision_numbers_db [None req-3bd32049-af16-4a3c-a8a0-a96ace7cd1f5 270e8126c99640c0bf4206fb440f0008 8b274534e0ec4cd5afc50ea942255d43 - - default default] Successfully bumped revision number for resource b8ced31d-2fc0-4f4f-a2c2-a0758025d3d4 (type: ports) to 9
2026-05-06 06:13:31.546 10 INFO neutron.wsgi [None req-3bd32049-af16-4a3c-a8a0-a96ace7cd1f5 270e8126c99640c0bf4206fb440f0008 8b274534e0ec4cd5afc50ea942255d43 - - default default] 199.19.213.86 "PUT /v2.0/ports/b8ced31d-2fc0-4f4f-a2c2-a0758025d3d4 HTTP/1.1" status: 200 len: 1294 time: 0.3810163
2026-05-06 06:13:31.664 10 INFO neutron.notifiers.nova [-] Nova event matching ['req-20ec589a-9127-4947-b206-7aed863646b7'] response: {'server_uuid': '3b5783ba-aff3-433b-a5b3-75a250f3d4fd', 'name': 'network-vif-plugged', 'status': 'completed', 'tag': '9475b1ca-4abb-4fa3-882a-2bcf4e5b90e2', 'code': 200}
2026-05-06 06:13:31.674 10 INFO neutron.wsgi [None req-a42792c3-480e-4123-b521-27bff79ea346 270e8126c99640c0bf4206fb440f0008 8b274534e0ec4cd5afc50ea942255d43 - - default default] 199.19.213.86 "DELETE /v2.0/security-groups/4b3fbd84-85da-4198-9dec-e85428078933 HTTP/1.1" status: 204 len: 173 time: 0.1204956
2026-05-06 06:13:31.982 10 INFO neutron.wsgi [None req-363222bd-3d18-451c-9aa3-9eac643359b6 270e8126c99640c0bf4206fb440f0008 8b274534e0ec4cd5afc50ea942255d43 - - default default] 199.19.213.86 "DELETE /v2.0/ports/b8ced31d-2fc0-4f4f-a2c2-a0758025d3d4 HTTP/1.1" status: 204 len: 173 time: 0.3007300
2026-05-06 06:13:32.269 10 INFO neutron.plugins.ml2.drivers.ovn.mech_driver.mech_driver [None req-bd6d18b6-f675-4f3a-9ff7-00288c7b9848 - - - - - -] OVN reports status down for port: 1220e40b-a931-43b7-9140-c72d92bddf7f
2026-05-06 06:13:32.524 9 INFO neutron.wsgi [req-e73b627c-60e8-4a01-9bdb-52af75ba5e9a req-d6e592f8-073c-4f36-a7c1-5cd7a01d9b3c 270e8126c99640c0bf4206fb440f0008 8b274534e0ec4cd5afc50ea942255d43 - - default default] 199.19.213.86 "GET /v2.0/ports?device_id=3b5783ba-aff3-433b-a5b3-75a250f3d4fd HTTP/1.1" status: 200 len: 1411 time: 0.0328598
2026-05-06 06:13:32.571 10 INFO neutron.db.ovn_revision_numbers_db [None req-bd6d18b6-f675-4f3a-9ff7-00288c7b9848 - - - - - -] Successfully bumped revision number for resource 1220e40b-a931-43b7-9140-c72d92bddf7f (type: ports) to 5
2026-05-06 06:13:32.784 9 INFO neutron.wsgi [req-e73b627c-60e8-4a01-9bdb-52af75ba5e9a req-4fa140fe-ad37-4b62-81f1-7356c99f3cc1 270e8126c99640c0bf4206fb440f0008 8b274534e0ec4cd5afc50ea942255d43 - - default default] 199.19.213.86 "DELETE /v2.0/ports/1220e40b-a931-43b7-9140-c72d92bddf7f HTTP/1.1" status: 204 len: 173 time: 0.2520454
2026-05-06 06:13:32.820 9 INFO neutron.notifiers.nova [-] Nova event matching ['req-846445df-d5e5-461b-9b1c-0cd89b12884e'] response: {'server_uuid': '3b5783ba-aff3-433b-a5b3-75a250f3d4fd', 'name': 'network-vif-deleted', 'tag': '1220e40b-a931-43b7-9140-c72d92bddf7f', 'status': 'completed', 'code': 200}
2026-05-06 06:13:33.700 10 INFO neutron.notifiers.nova [-] Nova event matching ['req-5aa9a141-ea9b-44dd-9e36-e11958c3d8eb'] response: {'server_uuid': '3b5783ba-aff3-433b-a5b3-75a250f3d4fd', 'name': 'network-vif-unplugged', 'status': 'completed', 'tag': '1220e40b-a931-43b7-9140-c72d92bddf7f', 'code': 200}
