2026-05-06 06:09:44.538 9 INFO neutron.wsgi [req-321c03e8-8b39-46b4-92bc-848ef4923aa8 req-8bc0dd6b-2f03-4e2e-a17c-03f54e673f8b 587b55c6312047fabe8bda1242123f85 7ecd6bf418fb42feb2addcd69cc11559 - - default default] 10.0.0.201 "GET /v2.0/networks?id=6c5ddb65-df94-485c-80de-d1cbe93fb3de HTTP/1.1" status: 200 len: 860 time: 0.0960591
2026-05-06 06:09:44.547 10 INFO neutron.db.ovn_revision_numbers_db [None req-9f784054-1317-4ca6-8705-f7d6818c9af0 270e8126c99640c0bf4206fb440f0008 8b274534e0ec4cd5afc50ea942255d43 - - default default] Successfully bumped revision number for resource cf3177c6-d8bd-4c3b-9b24-a4f6f77c800d (type: ports) to 2
2026-05-06 06:09:44.559 9 INFO neutron.wsgi [req-321c03e8-8b39-46b4-92bc-848ef4923aa8 req-38d5e1ca-55d1-44bb-af42-02c9d9dcaecd 587b55c6312047fabe8bda1242123f85 7ecd6bf418fb42feb2addcd69cc11559 - - default default] 10.0.0.201 "GET /v2.0/quotas/7ecd6bf418fb42feb2addcd69cc11559 HTTP/1.1" status: 200 len: 386 time: 0.0111814
2026-05-06 06:09:44.562 9 INFO neutron.db.ovn_revision_numbers_db [None req-78a14b3a-8cdb-469d-8c81-9be1ff0ee499 66546a7c06474da98800b7caafd2c96d be414a2f1eb2499c87803a0573f0edb7 - - default default] Successfully bumped revision number for resource 46c06225-047c-4197-816f-9afb6a7600c7 (type: security_group_rules) to 0
2026-05-06 06:09:44.586 10 INFO neutron.db.ovn_revision_numbers_db [None req-9f784054-1317-4ca6-8705-f7d6818c9af0 270e8126c99640c0bf4206fb440f0008 8b274534e0ec4cd5afc50ea942255d43 - - default default] Successfully bumped revision number for resource 8662f62d-b70a-49ea-8d7d-2c105c33d3e2 (type: subnets) to 0
2026-05-06 06:09:44.590 9 INFO neutron.db.ovn_revision_numbers_db [None req-78a14b3a-8cdb-469d-8c81-9be1ff0ee499 66546a7c06474da98800b7caafd2c96d be414a2f1eb2499c87803a0573f0edb7 - - default default] Successfully bumped revision number for resource d1c89fe1-5e58-4742-8689-1621047bfb53 (type: security_group_rules) to 0
2026-05-06 06:09:44.600 10 INFO neutron.wsgi [None req-9f784054-1317-4ca6-8705-f7d6818c9af0 270e8126c99640c0bf4206fb440f0008 8b274534e0ec4cd5afc50ea942255d43 - - default default] 10.0.0.107 "POST /v2.0/subnets HTTP/1.1" status: 201 len: 867 time: 0.7001321
2026-05-06 06:09:44.622 9 INFO neutron.wsgi [None req-78a14b3a-8cdb-469d-8c81-9be1ff0ee499 66546a7c06474da98800b7caafd2c96d be414a2f1eb2499c87803a0573f0edb7 - - default default] 10.0.0.107 "POST /v2.0/security-groups HTTP/1.1" status: 201 len: 1760 time: 0.5698125
2026-05-06 06:09:44.680 9 INFO neutron.wsgi [None req-6e414d49-0582-4b30-8bf6-ed5fff4935f0 66546a7c06474da98800b7caafd2c96d be414a2f1eb2499c87803a0573f0edb7 - - default default] 10.0.0.107 "GET /v2.0/security-groups HTTP/1.1" status: 200 len: 4538 time: 0.0501101
2026-05-06 06:09:44.685 9 INFO neutron.wsgi [req-321c03e8-8b39-46b4-92bc-848ef4923aa8 req-b746358a-844b-43d1-86f8-293aa93d8d57 587b55c6312047fabe8bda1242123f85 7ecd6bf418fb42feb2addcd69cc11559 - - default default] 10.0.0.201 "GET /v2.0/ports?tenant_id=7ecd6bf418fb42feb2addcd69cc11559&fields=id HTTP/1.1" status: 200 len: 302 time: 0.1177659
2026-05-06 06:09:44.784 9 INFO neutron.wsgi [req-321c03e8-8b39-46b4-92bc-848ef4923aa8 req-e2642c26-e50a-42cd-babb-d642bac63669 120372f8f5a84ce4a95b6bf6c77dd802 cebf464594b14c8a99ec438588facc58 - - e0cb39f46a7f4fbcb7c65298a0ad7f9a e0cb39f46a7f4fbcb7c65298a0ad7f9a] 10.0.0.201 "GET /v2.0/networks/6c5ddb65-df94-485c-80de-d1cbe93fb3de?fields=segments HTTP/1.1" status: 200 len: 212 time: 0.0850177
2026-05-06 06:09:44.844 9 INFO neutron.db.ovn_revision_numbers_db [None req-c9e3b3b9-ff54-48ec-b4d7-616bc21cc77d 66546a7c06474da98800b7caafd2c96d be414a2f1eb2499c87803a0573f0edb7 - - default default] Successfully bumped revision number for resource da47f335-d3aa-4448-acf5-2e3754ebb924 (type: security_groups) to 2
2026-05-06 06:09:44.847 9 INFO neutron.wsgi [None req-c9e3b3b9-ff54-48ec-b4d7-616bc21cc77d 66546a7c06474da98800b7caafd2c96d be414a2f1eb2499c87803a0573f0edb7 - - default default] 10.0.0.107 "PUT /v2.0/security-groups/da47f335-d3aa-4448-acf5-2e3754ebb924 HTTP/1.1" status: 200 len: 1793 time: 0.1616471
2026-05-06 06:09:44.884 9 INFO neutron.wsgi [req-321c03e8-8b39-46b4-92bc-848ef4923aa8 req-5a57ac51-bf7f-40c8-8087-84561db752c9 120372f8f5a84ce4a95b6bf6c77dd802 cebf464594b14c8a99ec438588facc58 - - e0cb39f46a7f4fbcb7c65298a0ad7f9a e0cb39f46a7f4fbcb7c65298a0ad7f9a] 10.0.0.201 "GET /v2.0/networks/6c5ddb65-df94-485c-80de-d1cbe93fb3de?fields=provider%3Aphysical_network&fields=provider%3Anetwork_type HTTP/1.1" status: 200 len: 277 time: 0.0914946
2026-05-06 06:09:44.892 9 INFO neutron.wsgi [None req-10914ca7-7d4a-4783-85f9-9a35f7caf861 66546a7c06474da98800b7caafd2c96d be414a2f1eb2499c87803a0573f0edb7 - - default default] 10.0.0.107 "GET /v2.0/security-groups/da47f335-d3aa-4448-acf5-2e3754ebb924 HTTP/1.1" status: 200 len: 1793 time: 0.0386667
2026-05-06 06:09:45.021 9 INFO neutron.wsgi [None req-f98ecd95-2faa-422e-b3e4-63627df97b9a 66546a7c06474da98800b7caafd2c96d be414a2f1eb2499c87803a0573f0edb7 - - default default] 10.0.0.107 "DELETE /v2.0/security-groups/da47f335-d3aa-4448-acf5-2e3754ebb924 HTTP/1.1" status: 204 len: 168 time: 0.1223860
2026-05-06 06:09:45.031 10 INFO neutron.wsgi [req-283a33c7-6d7f-40d1-9e82-2ddd99e944b5 req-35c901f0-5db4-46cf-979c-220954ef09ef 587b55c6312047fabe8bda1242123f85 7ecd6bf418fb42feb2addcd69cc11559 - - default default] 10.0.0.201 "GET /v2.0/ports?device_id=86cede99-ffe6-48b1-82e1-85873daefeda HTTP/1.1" status: 200 len: 210 time: 0.0249424
2026-05-06 06:09:45.073 9 INFO neutron.wsgi [None req-c1a715bf-f6a7-4ef0-8500-7ddffa6b2611 66546a7c06474da98800b7caafd2c96d be414a2f1eb2499c87803a0573f0edb7 - - default default] 10.0.0.107 "GET /v2.0/security-groups HTTP/1.1" status: 200 len: 2996 time: 0.0470734
2026-05-06 06:09:45.090 9 INFO neutron.api.v2.resource [None req-1330f8e7-c63e-46d4-a4e1-559a8ff3e8ab 66546a7c06474da98800b7caafd2c96d be414a2f1eb2499c87803a0573f0edb7 - - default default] delete failed (client error): The resource could not be found.
2026-05-06 06:09:45.091 9 INFO neutron.wsgi [None req-1330f8e7-c63e-46d4-a4e1-559a8ff3e8ab 66546a7c06474da98800b7caafd2c96d be414a2f1eb2499c87803a0573f0edb7 - - default default] 10.0.0.107 "DELETE /v2.0/security-groups/da47f335-d3aa-4448-acf5-2e3754ebb924 HTTP/1.1" status: 404 len: 347 time: 0.0112753
2026-05-06 06:09:45.115 10 WARNING neutron.scheduler.dhcp_agent_scheduler [None req-1cb5fc5d-e638-43af-8f68-7373bdd407f8 270e8126c99640c0bf4206fb440f0008 8b274534e0ec4cd5afc50ea942255d43 - - default default] No more DHCP agents
2026-05-06 06:09:45.118 10 WARNING neutron.api.rpc.agentnotifiers.dhcp_rpc_agent_api [None req-1cb5fc5d-e638-43af-8f68-7373bdd407f8 270e8126c99640c0bf4206fb440f0008 8b274534e0ec4cd5afc50ea942255d43 - - default default] Unable to schedule network 5e9d6caf-82fb-4055-909e-b1e6c200b218: no agents available; will retry on subsequent port and subnet creation events.
2026-05-06 06:09:45.218 9 INFO neutron.db.ovn_revision_numbers_db [None req-ffb97c37-8138-4f6e-8bc0-de126d1599a4 66546a7c06474da98800b7caafd2c96d be414a2f1eb2499c87803a0573f0edb7 - - default default] Successfully bumped revision number for resource c73eb734-f71d-43db-b310-9588972a3082 (type: security_groups) to 1
2026-05-06 06:09:45.238 9 INFO neutron.db.ovn_revision_numbers_db [None req-ffb97c37-8138-4f6e-8bc0-de126d1599a4 66546a7c06474da98800b7caafd2c96d be414a2f1eb2499c87803a0573f0edb7 - - default default] Successfully bumped revision number for resource 47c4a727-b9b1-4221-ae66-08a7fd1afbd1 (type: security_group_rules) to 0
2026-05-06 06:09:45.256 9 INFO neutron.db.ovn_revision_numbers_db [None req-ffb97c37-8138-4f6e-8bc0-de126d1599a4 66546a7c06474da98800b7caafd2c96d be414a2f1eb2499c87803a0573f0edb7 - - default default] Successfully bumped revision number for resource 536ce330-4b34-44f4-8cd9-b4a62da32b5b (type: security_group_rules) to 0
2026-05-06 06:09:45.269 10 INFO neutron.db.ovn_revision_numbers_db [None req-1cb5fc5d-e638-43af-8f68-7373bdd407f8 270e8126c99640c0bf4206fb440f0008 8b274534e0ec4cd5afc50ea942255d43 - - default default] Successfully bumped revision number for resource f6bff09b-4071-475d-b483-00c94eb04811 (type: ports) to 1
2026-05-06 06:09:45.278 9 INFO neutron.wsgi [None req-ffb97c37-8138-4f6e-8bc0-de126d1599a4 66546a7c06474da98800b7caafd2c96d be414a2f1eb2499c87803a0573f0edb7 - - default default] 10.0.0.107 "POST /v2.0/security-groups HTTP/1.1" status: 201 len: 1761 time: 0.1815431
2026-05-06 06:09:45.399 9 INFO neutron.db.ovn_revision_numbers_db [None req-feb8fa44-2623-4446-b4d1-3bfa2b6f1a04 66546a7c06474da98800b7caafd2c96d be414a2f1eb2499c87803a0573f0edb7 - - default default] Successfully bumped revision number for resource 3a8aac31-88e0-41ce-8c05-6e639bc6248c (type: security_group_rules) to 0
2026-05-06 06:09:45.428 9 INFO neutron.wsgi [None req-feb8fa44-2623-4446-b4d1-3bfa2b6f1a04 66546a7c06474da98800b7caafd2c96d be414a2f1eb2499c87803a0573f0edb7 - - default default] 10.0.0.107 "POST /v2.0/security-group-rules HTTP/1.1" status: 201 len: 768 time: 0.1400745
2026-05-06 06:09:45.461 10 INFO neutron.wsgi [None req-f24dfa0d-c543-4cfd-ad86-b5a4f4e2c94d 66546a7c06474da98800b7caafd2c96d be414a2f1eb2499c87803a0573f0edb7 - - default default] 10.0.0.107 "GET /v2.0/security-group-rules/3a8aac31-88e0-41ce-8c05-6e639bc6248c HTTP/1.1" status: 200 len: 763 time: 0.0239053
2026-05-06 06:09:45.507 9 INFO neutron.wsgi [None req-87f1190b-66fc-4e0b-9913-5033dccbf4af 66546a7c06474da98800b7caafd2c96d be414a2f1eb2499c87803a0573f0edb7 - - default default] 10.0.0.107 "GET /v2.0/security-group-rules HTTP/1.1" status: 200 len: 4113 time: 0.0406954
2026-05-06 06:09:45.636 9 INFO neutron.wsgi [None req-66fd2e51-8d67-4e4b-9496-fded73dd0fe0 66546a7c06474da98800b7caafd2c96d be414a2f1eb2499c87803a0573f0edb7 - - default default] 10.0.0.107 "DELETE /v2.0/security-group-rules/3a8aac31-88e0-41ce-8c05-6e639bc6248c HTTP/1.1" status: 204 len: 168 time: 0.1232619
2026-05-06 06:09:45.675 9 INFO neutron.wsgi [None req-c595bb2c-0696-4a43-bf9a-1b90a215130f 66546a7c06474da98800b7caafd2c96d be414a2f1eb2499c87803a0573f0edb7 - - default default] 10.0.0.107 "GET /v2.0/security-group-rules HTTP/1.1" status: 200 len: 3567 time: 0.0343163
2026-05-06 06:09:45.796 10 INFO neutron.plugins.ml2.drivers.ovn.mech_driver.mech_driver [None req-bd6d18b6-f675-4f3a-9ff7-00288c7b9848 - - - - - -] OVN reports status up for port: f6bff09b-4071-475d-b483-00c94eb04811
2026-05-06 06:09:45.800 9 INFO neutron.wsgi [req-321c03e8-8b39-46b4-92bc-848ef4923aa8 req-9e5f79ec-7d03-4ee3-b8be-f74a7e960b12 587b55c6312047fabe8bda1242123f85 7ecd6bf418fb42feb2addcd69cc11559 - - default default] 199.19.213.86 "GET /v2.0/networks?id=6c5ddb65-df94-485c-80de-d1cbe93fb3de HTTP/1.1" status: 200 len: 860 time: 0.0954933
2026-05-06 06:09:45.828 10 INFO neutron.plugins.ml2.drivers.ovn.mech_driver.ovsdb.ovsdb_monitor [None req-56e511d5-30c8-4ec5-98e2-0adc11d63d17 - - - - - -] Router 93b6d0c9-e95d-473c-b762-594d7c01a327 is bound to host instance
2026-05-06 06:09:45.877 9 INFO neutron.wsgi [req-321c03e8-8b39-46b4-92bc-848ef4923aa8 req-2705f3a2-2bed-44fd-8875-21107b7523aa 587b55c6312047fabe8bda1242123f85 7ecd6bf418fb42feb2addcd69cc11559 - - default default] 199.19.213.86 "GET /v2.0/security-groups?fields=id&fields=name&tenant_id=7ecd6bf418fb42feb2addcd69cc11559 HTTP/1.1" status: 200 len: 380 time: 0.0565054
2026-05-06 06:09:45.894 9 INFO neutron.db.ovn_revision_numbers_db [None req-9bcd0f34-08d4-4bbc-97ae-ba6898578024 66546a7c06474da98800b7caafd2c96d be414a2f1eb2499c87803a0573f0edb7 - - default default] Successfully bumped revision number for resource 9ce0cf69-acea-42b5-8af9-6462b5622c4d (type: security_group_rules) to 0
2026-05-06 06:09:45.933 9 INFO neutron.wsgi [None req-9bcd0f34-08d4-4bbc-97ae-ba6898578024 66546a7c06474da98800b7caafd2c96d be414a2f1eb2499c87803a0573f0edb7 - - default default] 10.0.0.107 "POST /v2.0/security-group-rules HTTP/1.1" status: 201 len: 768 time: 0.2521887
2026-05-06 06:09:45.958 9 INFO neutron.wsgi [None req-126d325a-3c5f-4a48-add3-8c0c95c0cf45 66546a7c06474da98800b7caafd2c96d be414a2f1eb2499c87803a0573f0edb7 - - default default] 10.0.0.107 "GET /v2.0/security-group-rules/9ce0cf69-acea-42b5-8af9-6462b5622c4d HTTP/1.1" status: 200 len: 763 time: 0.0190291
2026-05-06 06:09:46.006 9 INFO neutron.wsgi [None req-b1acffe7-fc76-470c-b669-409b007c0321 66546a7c06474da98800b7caafd2c96d be414a2f1eb2499c87803a0573f0edb7 - - default default] 10.0.0.107 "GET /v2.0/security-group-rules HTTP/1.1" status: 200 len: 4113 time: 0.0421188
2026-05-06 06:09:46.014 10 INFO neutron.plugins.ml2.plugin [None req-bd6d18b6-f675-4f3a-9ff7-00288c7b9848 - - - - - -] Attempt 1 to provision port f6bff09b-4071-475d-b483-00c94eb04811
2026-05-06 06:09:46.040 10 INFO neutron.db.ovn_revision_numbers_db [None req-1cb5fc5d-e638-43af-8f68-7373bdd407f8 270e8126c99640c0bf4206fb440f0008 8b274534e0ec4cd5afc50ea942255d43 - - default default] Successfully bumped revision number for resource f6bff09b-4071-475d-b483-00c94eb04811 (type: router_ports) to 1
2026-05-06 06:09:46.136 9 INFO neutron.wsgi [req-03b34c90-7c84-4f50-be0b-eb96ad3c74ca req-15f2d820-a00e-4769-a101-58efbc6d4db9 587b55c6312047fabe8bda1242123f85 7ecd6bf418fb42feb2addcd69cc11559 - - default default] 10.0.0.201 "GET /v2.0/ports?device_id=86cede99-ffe6-48b1-82e1-85873daefeda HTTP/1.1" status: 200 len: 210 time: 0.0252283
2026-05-06 06:09:46.163 10 INFO neutron.db.ovn_revision_numbers_db [None req-1cb5fc5d-e638-43af-8f68-7373bdd407f8 270e8126c99640c0bf4206fb440f0008 8b274534e0ec4cd5afc50ea942255d43 - - default default] Successfully bumped revision number for resource 93b6d0c9-e95d-473c-b762-594d7c01a327 (type: routers) to 2
2026-05-06 06:09:46.184 10 INFO neutron.wsgi [None req-1cb5fc5d-e638-43af-8f68-7373bdd407f8 270e8126c99640c0bf4206fb440f0008 8b274534e0ec4cd5afc50ea942255d43 - - default default] 10.0.0.107 "POST /v2.0/routers HTTP/1.1" status: 201 len: 878 time: 1.5785758
2026-05-06 06:09:46.207 9 INFO neutron.wsgi [None req-18ecf573-40d8-43b9-bf28-924160bb34ba 66546a7c06474da98800b7caafd2c96d be414a2f1eb2499c87803a0573f0edb7 - - default default] 10.0.0.107 "DELETE /v2.0/security-group-rules/9ce0cf69-acea-42b5-8af9-6462b5622c4d HTTP/1.1" status: 204 len: 168 time: 0.1927741
2026-05-06 06:09:46.225 9 WARNING neutron.plugins.ml2.drivers.ovn.mech_driver.ovsdb.ovn_client [None req-1fca42ed-ddf7-4939-899d-3b4dc4239d5b - - - - - -] No hosting information found for port b5f68355-7a78-4712-b213-c502c9b86df6: RuntimeError: No hosting information found for port b5f68355-7a78-4712-b213-c502c9b86df6
2026-05-06 06:09:46.266 9 INFO neutron.wsgi [None req-9f16bee7-2944-410d-bfc7-e9327ecb4544 66546a7c06474da98800b7caafd2c96d be414a2f1eb2499c87803a0573f0edb7 - - default default] 10.0.0.107 "GET /v2.0/security-group-rules HTTP/1.1" status: 200 len: 3567 time: 0.0535026
2026-05-06 06:09:46.300 9 INFO neutron.db.securitygroups_db [None req-55da33ea-4d12-4ace-96dc-280ecc5024d8 66546a7c06474da98800b7caafd2c96d be414a2f1eb2499c87803a0573f0edb7 - - default default] Project be414a2f1eb2499c87803a0573f0edb7 added a security group rule with legacy IPv6 ICMP protocol name icmp, ipv6-icmp should be used instead. It was automatically converted.
2026-05-06 06:09:46.342 9 WARNING neutron.scheduler.dhcp_agent_scheduler [req-321c03e8-8b39-46b4-92bc-848ef4923aa8 req-f628a0b9-1e2e-453b-ba24-c6fd63d5ec1c 587b55c6312047fabe8bda1242123f85 7ecd6bf418fb42feb2addcd69cc11559 - - default default] No more DHCP agents
2026-05-06 06:09:46.347 9 WARNING neutron.api.rpc.agentnotifiers.dhcp_rpc_agent_api [req-321c03e8-8b39-46b4-92bc-848ef4923aa8 req-f628a0b9-1e2e-453b-ba24-c6fd63d5ec1c 587b55c6312047fabe8bda1242123f85 7ecd6bf418fb42feb2addcd69cc11559 - - default default] Unable to schedule network 6c5ddb65-df94-485c-80de-d1cbe93fb3de: no agents available; will retry on subsequent port and subnet creation events.
2026-05-06 06:09:46.434 9 INFO neutron.db.ovn_revision_numbers_db [None req-55da33ea-4d12-4ace-96dc-280ecc5024d8 66546a7c06474da98800b7caafd2c96d be414a2f1eb2499c87803a0573f0edb7 - - default default] Successfully bumped revision number for resource 846bdbc2-391d-43e5-a406-92bafee403f9 (type: security_group_rules) to 0
2026-05-06 06:09:46.475 9 INFO neutron.wsgi [None req-55da33ea-4d12-4ace-96dc-280ecc5024d8 66546a7c06474da98800b7caafd2c96d be414a2f1eb2499c87803a0573f0edb7 - - default default] 10.0.0.107 "POST /v2.0/security-group-rules HTTP/1.1" status: 201 len: 774 time: 0.2021565 /var/lib/openstack/lib/python3.10/site-packages/pycadf/identifier.py:71: UserWarning: Invalid uuid: neutron. To ensure interoperability, identifiers should be a valid uuid. warnings.warn(('Invalid uuid: %s. To ensure interoperability, '
2026-05-06 06:09:46.497 9 INFO neutron.wsgi [None req-d3bfe05f-7cb3-4d3d-a462-4ae401dcc4c6 66546a7c06474da98800b7caafd2c96d be414a2f1eb2499c87803a0573f0edb7 - - default default] 10.0.0.107 "GET /v2.0/security-group-rules/846bdbc2-391d-43e5-a406-92bafee403f9 HTTP/1.1" status: 200 len: 769 time: 0.0168927
2026-05-06 06:09:46.532 9 INFO neutron.db.ovn_revision_numbers_db [req-321c03e8-8b39-46b4-92bc-848ef4923aa8 req-f628a0b9-1e2e-453b-ba24-c6fd63d5ec1c 587b55c6312047fabe8bda1242123f85 7ecd6bf418fb42feb2addcd69cc11559 - - default default] Successfully bumped revision number for resource 90d7e7db-17f4-4bf5-99a7-e478aafa2d2e (type: ports) to 1
2026-05-06 06:09:46.556 9 INFO neutron.wsgi [req-321c03e8-8b39-46b4-92bc-848ef4923aa8 req-f628a0b9-1e2e-453b-ba24-c6fd63d5ec1c 587b55c6312047fabe8bda1242123f85 7ecd6bf418fb42feb2addcd69cc11559 - - default default] 199.19.213.86 "POST /v2.0/ports HTTP/1.1" status: 201 len: 1158 time: 0.6711941
2026-05-06 06:09:46.573 10 INFO neutron.wsgi [None req-1f433659-f570-4cef-b0b4-1e7585367ef4 66546a7c06474da98800b7caafd2c96d be414a2f1eb2499c87803a0573f0edb7 - - default default] 10.0.0.107 "GET /v2.0/security-group-rules HTTP/1.1" status: 200 len: 4119 time: 0.0631166
2026-05-06 06:09:46.795 10 INFO neutron.wsgi [None req-e1852316-d106-49cc-9998-67f66623d4f1 66546a7c06474da98800b7caafd2c96d be414a2f1eb2499c87803a0573f0edb7 - - default default] 10.0.0.107 "DELETE /v2.0/security-group-rules/846bdbc2-391d-43e5-a406-92bafee403f9 HTTP/1.1" status: 204 len: 168 time: 0.2150495
2026-05-06 06:09:46.798 10 INFO neutron.db.ovn_revision_numbers_db [None req-56e511d5-30c8-4ec5-98e2-0adc11d63d17 - - - - - -] Successfully bumped revision number for resource f6bff09b-4071-475d-b483-00c94eb04811 (type: ports) to 1
2026-05-06 06:09:46.815 10 WARNING neutron.scheduler.dhcp_agent_scheduler [None req-4dbb8102-c38f-42e1-9d9d-a77816c99978 270e8126c99640c0bf4206fb440f0008 8b274534e0ec4cd5afc50ea942255d43 - - default default] No more DHCP agents
2026-05-06 06:09:46.821 10 WARNING neutron.api.rpc.agentnotifiers.dhcp_rpc_agent_api [None req-4dbb8102-c38f-42e1-9d9d-a77816c99978 270e8126c99640c0bf4206fb440f0008 8b274534e0ec4cd5afc50ea942255d43 - - default default] Unable to schedule network 01d9c223-5858-448a-bbdb-acfd3a0478e2: no agents available; will retry on subsequent port and subnet creation events.
2026-05-06 06:09:46.859 10 INFO neutron.wsgi [None req-d57edb64-c1f5-49e1-aebb-659cfe8afa56 66546a7c06474da98800b7caafd2c96d be414a2f1eb2499c87803a0573f0edb7 - - default default] 10.0.0.107 "GET /v2.0/security-group-rules HTTP/1.1" status: 200 len: 3567 time: 0.0556011
2026-05-06 06:09:46.940 9 INFO neutron.db.ovn_revision_numbers_db [req-321c03e8-8b39-46b4-92bc-848ef4923aa8 req-af84ac18-a2b9-4c73-8807-1247cba98578 120372f8f5a84ce4a95b6bf6c77dd802 cebf464594b14c8a99ec438588facc58 - - e0cb39f46a7f4fbcb7c65298a0ad7f9a e0cb39f46a7f4fbcb7c65298a0ad7f9a] Successfully bumped revision number for resource 90d7e7db-17f4-4bf5-99a7-e478aafa2d2e (type: ports) to 2
2026-05-06 06:09:47.095 10 INFO neutron.db.ovn_revision_numbers_db [None req-4dbb8102-c38f-42e1-9d9d-a77816c99978 270e8126c99640c0bf4206fb440f0008 8b274534e0ec4cd5afc50ea942255d43 - - default default] Successfully bumped revision number for resource 5749a4c1-4a4f-4525-a920-c3b5938d34e2 (type: ports) to 1
2026-05-06 06:09:47.101 10 INFO neutron.wsgi [None req-1c10c92b-db11-45eb-b46e-c5eb344e3ecd 66546a7c06474da98800b7caafd2c96d be414a2f1eb2499c87803a0573f0edb7 - - default default] 10.0.0.107 "DELETE /v2.0/security-groups/c73eb734-f71d-43db-b310-9588972a3082 HTTP/1.1" status: 204 len: 168 time: 0.2338440 /var/lib/openstack/lib/python3.10/site-packages/pycadf/identifier.py:71: UserWarning: Invalid uuid: neutron. To ensure interoperability, identifiers should be a valid uuid. warnings.warn(('Invalid uuid: %s. To ensure interoperability, '
2026-05-06 06:09:47.147 9 INFO neutron.wsgi [None req-a729c376-0d61-48a0-81d4-95f133f52dcb 66546a7c06474da98800b7caafd2c96d be414a2f1eb2499c87803a0573f0edb7 - - default default] 10.0.0.107 "GET /v2.0/security-groups HTTP/1.1" status: 200 len: 2996 time: 0.0393476
2026-05-06 06:09:47.148 9 INFO neutron.db.ovn_revision_numbers_db [req-321c03e8-8b39-46b4-92bc-848ef4923aa8 req-af84ac18-a2b9-4c73-8807-1247cba98578 120372f8f5a84ce4a95b6bf6c77dd802 cebf464594b14c8a99ec438588facc58 - - e0cb39f46a7f4fbcb7c65298a0ad7f9a e0cb39f46a7f4fbcb7c65298a0ad7f9a] Successfully bumped revision number for resource 90d7e7db-17f4-4bf5-99a7-e478aafa2d2e (type: ports) to 2
2026-05-06 06:09:47.169 9 INFO neutron.wsgi [req-321c03e8-8b39-46b4-92bc-848ef4923aa8 req-af84ac18-a2b9-4c73-8807-1247cba98578 120372f8f5a84ce4a95b6bf6c77dd802 cebf464594b14c8a99ec438588facc58 - - e0cb39f46a7f4fbcb7c65298a0ad7f9a e0cb39f46a7f4fbcb7c65298a0ad7f9a] 199.19.213.86 "PUT /v2.0/ports/90d7e7db-17f4-4bf5-99a7-e478aafa2d2e HTTP/1.1" status: 200 len: 1376 time: 0.6051850
2026-05-06 06:09:47.194 9 INFO neutron.wsgi [None req-d075ccc5-e949-4e73-acdd-a4bded7e9874 66546a7c06474da98800b7caafd2c96d be414a2f1eb2499c87803a0573f0edb7 - - default default] 10.0.0.107 "GET /v2.0/security-groups HTTP/1.1" status: 200 len: 2996 time: 0.0398698
2026-05-06 06:09:47.220 9 INFO neutron.notifiers.nova [-] Nova event matching ['req-4622c0b3-1eda-4c21-b98a-3d1568a00077'] response: {'name': 'network-changed', 'server_uuid': '86cede99-ffe6-48b1-82e1-85873daefeda', 'tag': '90d7e7db-17f4-4bf5-99a7-e478aafa2d2e', 'status': 'completed', 'code': 200}
2026-05-06 06:09:47.242 10 INFO neutron.db.ovn_revision_numbers_db [None req-56e511d5-30c8-4ec5-98e2-0adc11d63d17 - - - - - -] Successfully bumped revision number for resource f6bff09b-4071-475d-b483-00c94eb04811 (type: router_ports) to 3
2026-05-06 06:09:47.247 9 INFO neutron.wsgi [req-321c03e8-8b39-46b4-92bc-848ef4923aa8 req-82a7479f-05d1-4705-8cf0-33c7feb29393 120372f8f5a84ce4a95b6bf6c77dd802 cebf464594b14c8a99ec438588facc58 - - e0cb39f46a7f4fbcb7c65298a0ad7f9a e0cb39f46a7f4fbcb7c65298a0ad7f9a] 199.19.213.86 "GET /v2.0/ports?tenant_id=7ecd6bf418fb42feb2addcd69cc11559&device_id=86cede99-ffe6-48b1-82e1-85873daefeda HTTP/1.1" status: 200 len: 1407 time: 0.0383224
2026-05-06 06:09:47.279 9 INFO neutron.wsgi [req-321c03e8-8b39-46b4-92bc-848ef4923aa8 req-d6bfde99-cfaf-4659-bf75-a5015b5feb30 120372f8f5a84ce4a95b6bf6c77dd802 cebf464594b14c8a99ec438588facc58 - - e0cb39f46a7f4fbcb7c65298a0ad7f9a e0cb39f46a7f4fbcb7c65298a0ad7f9a] 199.19.213.86 "GET /v2.0/floatingips?fixed_ip_address=10.100.0.6&port_id=90d7e7db-17f4-4bf5-99a7-e478aafa2d2e HTTP/1.1" status: 200 len: 217 time: 0.0223975
2026-05-06 06:09:47.322 9 INFO neutron.wsgi [req-321c03e8-8b39-46b4-92bc-848ef4923aa8 req-9e50ed20-38b1-4f99-8ad2-206667892657 120372f8f5a84ce4a95b6bf6c77dd802 cebf464594b14c8a99ec438588facc58 - - e0cb39f46a7f4fbcb7c65298a0ad7f9a e0cb39f46a7f4fbcb7c65298a0ad7f9a] 199.19.213.86 "GET /v2.0/subnets?id=0f4f9fe5-aefd-4cd1-aa0c-1d84967f699d HTTP/1.1" status: 200 len: 853 time: 0.0355904
2026-05-06 06:09:47.348 9 INFO neutron.wsgi [req-321c03e8-8b39-46b4-92bc-848ef4923aa8 req-9865f42c-811d-4f13-b444-a6f5b902f678 120372f8f5a84ce4a95b6bf6c77dd802 cebf464594b14c8a99ec438588facc58 - - e0cb39f46a7f4fbcb7c65298a0ad7f9a e0cb39f46a7f4fbcb7c65298a0ad7f9a] 199.19.213.86 "GET /v2.0/ports?network_id=6c5ddb65-df94-485c-80de-d1cbe93fb3de&device_owner=network%3Adhcp HTTP/1.1" status: 200 len: 210 time: 0.0213420
2026-05-06 06:09:47.411 9 INFO neutron.db.ovn_revision_numbers_db [None req-498747c6-70bc-45f9-8875-65698551352c 270e8126c99640c0bf4206fb440f0008 8b274534e0ec4cd5afc50ea942255d43 - - default default] Successfully bumped revision number for resource a51265c6-dce2-401a-8295-ebb710c1abbd (type: security_groups) to 1
2026-05-06 06:09:47.413 9 INFO neutron.wsgi [req-321c03e8-8b39-46b4-92bc-848ef4923aa8 req-fde3d901-720d-452e-bf5f-e748d25efbae 120372f8f5a84ce4a95b6bf6c77dd802 cebf464594b14c8a99ec438588facc58 - - e0cb39f46a7f4fbcb7c65298a0ad7f9a e0cb39f46a7f4fbcb7c65298a0ad7f9a] 199.19.213.86 "GET /v2.0/networks/6c5ddb65-df94-485c-80de-d1cbe93fb3de?fields=segments HTTP/1.1" status: 200 len: 212 time: 0.0610037
2026-05-06 06:09:47.431 9 INFO neutron.db.ovn_revision_numbers_db [None req-498747c6-70bc-45f9-8875-65698551352c 270e8126c99640c0bf4206fb440f0008 8b274534e0ec4cd5afc50ea942255d43 - - default default] Successfully bumped revision number for resource 011bba62-a17c-47e6-817a-240702353545 (type: security_group_rules) to 0
2026-05-06 06:09:47.457 9 INFO neutron.db.ovn_revision_numbers_db [None req-498747c6-70bc-45f9-8875-65698551352c 270e8126c99640c0bf4206fb440f0008 8b274534e0ec4cd5afc50ea942255d43 - - default default] Successfully bumped revision number for resource 746c5f27-8b61-4fe6-9021-0c4363ae6419 (type: security_group_rules) to 0
2026-05-06 06:09:47.473 9 INFO neutron.wsgi [req-321c03e8-8b39-46b4-92bc-848ef4923aa8 req-268f73c0-ac54-42b0-a308-e50351dd56cf 120372f8f5a84ce4a95b6bf6c77dd802 cebf464594b14c8a99ec438588facc58 - - e0cb39f46a7f4fbcb7c65298a0ad7f9a e0cb39f46a7f4fbcb7c65298a0ad7f9a] 199.19.213.86 "GET /v2.0/networks/6c5ddb65-df94-485c-80de-d1cbe93fb3de?fields=provider%3Aphysical_network&fields=provider%3Anetwork_type HTTP/1.1" status: 200 len: 277 time: 0.0545745
2026-05-06 06:09:47.474 9 INFO neutron.db.ovn_revision_numbers_db [None req-498747c6-70bc-45f9-8875-65698551352c 270e8126c99640c0bf4206fb440f0008 8b274534e0ec4cd5afc50ea942255d43 - - default default] Successfully bumped revision number for resource 8aeca9e6-946c-4322-acda-7fafe11e6b4a (type: security_group_rules) to 0
2026-05-06 06:09:47.485 9 INFO neutron.db.ovn_revision_numbers_db [None req-498747c6-70bc-45f9-8875-65698551352c 270e8126c99640c0bf4206fb440f0008 8b274534e0ec4cd5afc50ea942255d43 - - default default] Successfully bumped revision number for resource 9dbb5db7-cc5f-4893-905f-d06a1cbb812c (type: security_group_rules) to 0
2026-05-06 06:09:47.506 9 INFO neutron.wsgi [None req-498747c6-70bc-45f9-8875-65698551352c 270e8126c99640c0bf4206fb440f0008 8b274534e0ec4cd5afc50ea942255d43 - - default default] 10.0.0.107 "GET /v2.0/security-groups?tenant_id=3021c651ed2845e29052d0f7d9c50401&name=default HTTP/1.1" status: 200 len: 2996 time: 0.4459529
2026-05-06 06:09:47.538 9 INFO neutron.wsgi [req-1578b0f3-36cc-4c73-93d3-50e23f79b654 req-945aba95-9e03-4e88-b4d4-bfd981778f46 120372f8f5a84ce4a95b6bf6c77dd802 cebf464594b14c8a99ec438588facc58 - - e0cb39f46a7f4fbcb7c65298a0ad7f9a e0cb39f46a7f4fbcb7c65298a0ad7f9a] 199.19.213.86 "GET /v2.0/ports?tenant_id=7ecd6bf418fb42feb2addcd69cc11559&device_id=86cede99-ffe6-48b1-82e1-85873daefeda HTTP/1.1" status: 200 len: 1407 time: 0.0318220
2026-05-06 06:09:47.541 10 INFO neutron.wsgi [req-00214fc7-09a1-44fa-8cdf-a9e1ae2f1f10 req-ae637623-0ca1-42ef-b337-1a22bde1f6db 587b55c6312047fabe8bda1242123f85 7ecd6bf418fb42feb2addcd69cc11559 - - default default] 10.0.0.201 "GET /v2.0/ports?device_id=86cede99-ffe6-48b1-82e1-85873daefeda HTTP/1.1" status: 200 len: 1168 time: 0.3238235
2026-05-06 06:09:47.608 9 INFO neutron.wsgi [req-1578b0f3-36cc-4c73-93d3-50e23f79b654 req-38f7a09c-f1fc-484c-be53-ce46af843422 120372f8f5a84ce4a95b6bf6c77dd802 cebf464594b14c8a99ec438588facc58 - - e0cb39f46a7f4fbcb7c65298a0ad7f9a e0cb39f46a7f4fbcb7c65298a0ad7f9a] 199.19.213.86 "GET /v2.0/networks?id=6c5ddb65-df94-485c-80de-d1cbe93fb3de HTTP/1.1" status: 200 len: 959 time: 0.0628393
2026-05-06 06:09:47.629 10 INFO neutron.wsgi [req-00214fc7-09a1-44fa-8cdf-a9e1ae2f1f10 req-ed45596f-90c4-4d2c-8537-16b5d11b16a5 587b55c6312047fabe8bda1242123f85 7ecd6bf418fb42feb2addcd69cc11559 - - default default] 10.0.0.201 "GET /v2.0/security-groups?id=da55d910-53d5-4835-8e2e-dcd6387fca76&fields=id&fields=name HTTP/1.1" status: 200 len: 313 time: 0.0803061
2026-05-06 06:09:47.644 9 INFO neutron.wsgi [req-1578b0f3-36cc-4c73-93d3-50e23f79b654 req-e3163644-fd44-4d2c-b817-9f252ba2f707 120372f8f5a84ce4a95b6bf6c77dd802 cebf464594b14c8a99ec438588facc58 - - e0cb39f46a7f4fbcb7c65298a0ad7f9a e0cb39f46a7f4fbcb7c65298a0ad7f9a] 199.19.213.86 "GET /v2.0/floatingips?fixed_ip_address=10.100.0.6&port_id=90d7e7db-17f4-4bf5-99a7-e478aafa2d2e HTTP/1.1" status: 200 len: 217 time: 0.0301423
2026-05-06 06:09:47.664 9 INFO neutron.plugins.ml2.drivers.ovn.mech_driver.mech_driver [None req-1fca42ed-ddf7-4939-899d-3b4dc4239d5b - - - - - -] OVN reports status up for port: 90d7e7db-17f4-4bf5-99a7-e478aafa2d2e
2026-05-06 06:09:47.673 10 INFO neutron.db.ovn_revision_numbers_db [None req-56e511d5-30c8-4ec5-98e2-0adc11d63d17 - - - - - -] Successfully bumped revision number for resource f6bff09b-4071-475d-b483-00c94eb04811 (type: ports) to 2
2026-05-06 06:09:47.685 9 INFO neutron.wsgi [req-1578b0f3-36cc-4c73-93d3-50e23f79b654 req-4b386286-bbfb-4dcd-93fb-f6ab587a59b5 120372f8f5a84ce4a95b6bf6c77dd802 cebf464594b14c8a99ec438588facc58 - - e0cb39f46a7f4fbcb7c65298a0ad7f9a e0cb39f46a7f4fbcb7c65298a0ad7f9a] 199.19.213.86 "GET /v2.0/subnets?id=0f4f9fe5-aefd-4cd1-aa0c-1d84967f699d HTTP/1.1" status: 200 len: 853 time: 0.0357451
2026-05-06 06:09:47.692 9 INFO neutron.plugins.ml2.plugin [None req-1fca42ed-ddf7-4939-899d-3b4dc4239d5b - - - - - -] Attempt 1 to provision port 90d7e7db-17f4-4bf5-99a7-e478aafa2d2e
2026-05-06 06:09:47.725 9 INFO neutron.wsgi [req-1578b0f3-36cc-4c73-93d3-50e23f79b654 req-e7d47cb0-8571-4009-a509-98b18276b1aa 120372f8f5a84ce4a95b6bf6c77dd802 cebf464594b14c8a99ec438588facc58 - - e0cb39f46a7f4fbcb7c65298a0ad7f9a e0cb39f46a7f4fbcb7c65298a0ad7f9a] 199.19.213.86 "GET /v2.0/ports?network_id=6c5ddb65-df94-485c-80de-d1cbe93fb3de&device_owner=network%3Adhcp HTTP/1.1" status: 200 len: 210 time: 0.0356376
2026-05-06 06:09:47.833 9 INFO neutron.wsgi [req-1578b0f3-36cc-4c73-93d3-50e23f79b654 req-a856c5d1-3273-44cc-89bd-0618b8156df1 120372f8f5a84ce4a95b6bf6c77dd802 cebf464594b14c8a99ec438588facc58 - - e0cb39f46a7f4fbcb7c65298a0ad7f9a e0cb39f46a7f4fbcb7c65298a0ad7f9a] 199.19.213.86 "GET /v2.0/networks/6c5ddb65-df94-485c-80de-d1cbe93fb3de?fields=segments HTTP/1.1" status: 200 len: 212 time: 0.1000640
2026-05-06 06:09:47.925 10 INFO neutron.wsgi [None req-fad8c823-2002-41a5-93dc-9c9ecc309f19 270e8126c99640c0bf4206fb440f0008 8b274534e0ec4cd5afc50ea942255d43 - - default default] 10.0.0.107 "GET /v2.0/security-groups?tenant_id=be414a2f1eb2499c87803a0573f0edb7&name=default HTTP/1.1" status: 200 len: 2996 time: 0.2060683
2026-05-06 06:09:47.956 10 INFO neutron.db.ovn_revision_numbers_db [None req-4dbb8102-c38f-42e1-9d9d-a77816c99978 270e8126c99640c0bf4206fb440f0008 8b274534e0ec4cd5afc50ea942255d43 - - default default] Successfully bumped revision number for resource 5749a4c1-4a4f-4525-a920-c3b5938d34e2 (type: router_ports) to 1
2026-05-06 06:09:48.059 10 INFO neutron.db.ovn_revision_numbers_db [None req-56e511d5-30c8-4ec5-98e2-0adc11d63d17 - - - - - -] Successfully bumped revision number for resource f6bff09b-4071-475d-b483-00c94eb04811 (type: ports) to 4
2026-05-06 06:09:48.110 9 INFO neutron.wsgi [None req-4311c1b8-0a6c-47e1-8140-8e4e6cb42ef9 270e8126c99640c0bf4206fb440f0008 8b274534e0ec4cd5afc50ea942255d43 - - default default] 10.0.0.107 "DELETE /v2.0/security-groups/a51265c6-dce2-401a-8295-ebb710c1abbd HTTP/1.1" status: 204 len: 168 time: 0.5977993
2026-05-06 06:09:48.135 9 INFO neutron.wsgi [req-1578b0f3-36cc-4c73-93d3-50e23f79b654 req-42167fa1-8d8d-414d-8835-0978cef78060 120372f8f5a84ce4a95b6bf6c77dd802 cebf464594b14c8a99ec438588facc58 - - e0cb39f46a7f4fbcb7c65298a0ad7f9a e0cb39f46a7f4fbcb7c65298a0ad7f9a] 199.19.213.86 "GET /v2.0/networks/6c5ddb65-df94-485c-80de-d1cbe93fb3de?fields=provider%3Aphysical_network&fields=provider%3Anetwork_type HTTP/1.1" status: 200 len: 277 time: 0.2943289
2026-05-06 06:09:48.193 10 INFO neutron.db.ovn_revision_numbers_db [None req-4dbb8102-c38f-42e1-9d9d-a77816c99978 270e8126c99640c0bf4206fb440f0008 8b274534e0ec4cd5afc50ea942255d43 - - default default] Successfully bumped revision number for resource 5749a4c1-4a4f-4525-a920-c3b5938d34e2 (type: ports) to 1
2026-05-06 06:09:48.287 9 INFO neutron.db.ovn_revision_numbers_db [None req-1fca42ed-ddf7-4939-899d-3b4dc4239d5b - - - - - -] Successfully bumped revision number for resource 90d7e7db-17f4-4bf5-99a7-e478aafa2d2e (type: ports) to 4
2026-05-06 06:09:48.299 10 WARNING neutron.scheduler.dhcp_agent_scheduler [None req-4dbb8102-c38f-42e1-9d9d-a77816c99978 270e8126c99640c0bf4206fb440f0008 8b274534e0ec4cd5afc50ea942255d43 - - default default] No more DHCP agents
2026-05-06 06:09:48.301 10 WARNING neutron.api.rpc.agentnotifiers.dhcp_rpc_agent_api [None req-4dbb8102-c38f-42e1-9d9d-a77816c99978 270e8126c99640c0bf4206fb440f0008 8b274534e0ec4cd5afc50ea942255d43 - - default default] Unable to schedule network 01d9c223-5858-448a-bbdb-acfd3a0478e2: no agents available; will retry on subsequent port and subnet creation events.
2026-05-06 06:09:48.337 10 INFO neutron.wsgi [None req-31a39105-2b28-448f-94ba-1a23b5ab3830 270e8126c99640c0bf4206fb440f0008 8b274534e0ec4cd5afc50ea942255d43 - - default default] 10.0.0.107 "DELETE /v2.0/security-groups/ba3ad8d5-ee8d-42cc-82f4-30034b278a0e HTTP/1.1" status: 204 len: 168 time: 0.4030590
2026-05-06 06:09:48.338 9 INFO neutron.plugins.ml2.drivers.ovn.mech_driver.mech_driver [None req-1fca42ed-ddf7-4939-899d-3b4dc4239d5b - - - - - -] OVN reports status up for port: 5749a4c1-4a4f-4525-a920-c3b5938d34e2
2026-05-06 06:09:48.349 9 INFO neutron.plugins.ml2.plugin [None req-1fca42ed-ddf7-4939-899d-3b4dc4239d5b - - - - - -] Attempt 1 to provision port 5749a4c1-4a4f-4525-a920-c3b5938d34e2
2026-05-06 06:09:48.382 9 INFO neutron.db.ovn_revision_numbers_db [None req-1212f81b-4816-4a21-971d-ff35716fb0a5 270e8126c99640c0bf4206fb440f0008 8b274534e0ec4cd5afc50ea942255d43 - - default default] Successfully bumped revision number for resource ae1829db-5ce0-495e-9019-1fdb738e1bad (type: security_groups) to 1
2026-05-06 06:09:48.399 9 INFO neutron.db.ovn_revision_numbers_db [None req-1212f81b-4816-4a21-971d-ff35716fb0a5 270e8126c99640c0bf4206fb440f0008 8b274534e0ec4cd5afc50ea942255d43 - - default default] Successfully bumped revision number for resource 0467d53e-3352-4b55-b81c-359ad2cc0e9e (type: security_group_rules) to 0
2026-05-06 06:09:48.420 9 INFO neutron.db.ovn_revision_numbers_db [None req-1212f81b-4816-4a21-971d-ff35716fb0a5 270e8126c99640c0bf4206fb440f0008 8b274534e0ec4cd5afc50ea942255d43 - - default default] Successfully bumped revision number for resource 08c225ce-8b43-480d-9e87-e831f8e9de79 (type: security_group_rules) to 0
2026-05-06 06:09:48.437 9 INFO neutron.db.ovn_revision_numbers_db [None req-1212f81b-4816-4a21-971d-ff35716fb0a5 270e8126c99640c0bf4206fb440f0008 8b274534e0ec4cd5afc50ea942255d43 - - default default] Successfully bumped revision number for resource e4deca5e-fe16-4dcd-a4f1-ddecbc60079a (type: security_group_rules) to 0
2026-05-06 06:09:48.447 10 INFO neutron.db.ovn_revision_numbers_db [None req-56e511d5-30c8-4ec5-98e2-0adc11d63d17 - - - - - -] Successfully bumped revision number for resource f6bff09b-4071-475d-b483-00c94eb04811 (type: router_ports) to 4
2026-05-06 06:09:48.452 9 INFO neutron.db.ovn_revision_numbers_db [None req-1212f81b-4816-4a21-971d-ff35716fb0a5 270e8126c99640c0bf4206fb440f0008 8b274534e0ec4cd5afc50ea942255d43 - - default default] Successfully bumped revision number for resource f9c47bb5-08aa-4293-bd06-f707576d0993 (type: security_group_rules) to 0
2026-05-06 06:09:48.491 9 INFO neutron.wsgi [None req-1212f81b-4816-4a21-971d-ff35716fb0a5 270e8126c99640c0bf4206fb440f0008 8b274534e0ec4cd5afc50ea942255d43 - - default default] 10.0.0.107 "GET /v2.0/security-groups?tenant_id=12aaa082962146d3a09cfc77ee262719&name=default HTTP/1.1" status: 200 len: 2996 time: 0.2614660 /var/lib/openstack/lib/python3.10/site-packages/pycadf/identifier.py:71: UserWarning: Invalid uuid: neutron. To ensure interoperability, identifiers should be a valid uuid. warnings.warn(('Invalid uuid: %s. To ensure interoperability, '
2026-05-06 06:09:48.641 9 INFO neutron.db.ovn_revision_numbers_db [None req-1fca42ed-ddf7-4939-899d-3b4dc4239d5b - - - - - -] Successfully bumped revision number for resource 5749a4c1-4a4f-4525-a920-c3b5938d34e2 (type: ports) to 2
2026-05-06 06:09:48.767 9 INFO neutron.wsgi [req-207d7806-e582-43d5-b6fd-07d300c549fd req-f4cb86d5-a7e8-4914-9b8c-23436b630880 587b55c6312047fabe8bda1242123f85 7ecd6bf418fb42feb2addcd69cc11559 - - default default] 10.0.0.201 "GET /v2.0/ports?device_id=86cede99-ffe6-48b1-82e1-85873daefeda HTTP/1.1" status: 200 len: 1170 time: 0.0437560
2026-05-06 06:09:48.774 9 INFO neutron.wsgi [None req-63c4cc8f-201b-459e-a087-43df2765ab14 270e8126c99640c0bf4206fb440f0008 8b274534e0ec4cd5afc50ea942255d43 - - default default] 10.0.0.107 "DELETE /v2.0/security-groups/ae1829db-5ce0-495e-9019-1fdb738e1bad HTTP/1.1" status: 204 len: 168 time: 0.2768688
2026-05-06 06:09:48.816 9 INFO neutron.wsgi [req-207d7806-e582-43d5-b6fd-07d300c549fd req-c70733f9-e78d-4fba-b9ee-044800c4bd17 587b55c6312047fabe8bda1242123f85 7ecd6bf418fb42feb2addcd69cc11559 - - default default] 10.0.0.201 "GET /v2.0/security-groups?id=da55d910-53d5-4835-8e2e-dcd6387fca76&fields=id&fields=name HTTP/1.1" status: 200 len: 313 time: 0.0406606
2026-05-06 06:09:48.817 9 INFO neutron.db.ovn_revision_numbers_db [None req-1fca42ed-ddf7-4939-899d-3b4dc4239d5b - - - - - -] Successfully bumped revision number for resource 5749a4c1-4a4f-4525-a920-c3b5938d34e2 (type: router_ports) to 2
2026-05-06 06:09:48.913 10 INFO neutron.wsgi [None req-4dbb8102-c38f-42e1-9d9d-a77816c99978 270e8126c99640c0bf4206fb440f0008 8b274534e0ec4cd5afc50ea942255d43 - - default default] 10.0.0.107 "PUT /v2.0/routers/93b6d0c9-e95d-473c-b762-594d7c01a327/add_router_interface HTTP/1.1" status: 200 len: 503 time: 2.7248986
2026-05-06 06:09:49.258 9 INFO neutron.notifiers.nova [-] Nova event matching ['req-64cea725-9ece-473f-bfb9-448e63fe87d1'] response: {'server_uuid': '86cede99-ffe6-48b1-82e1-85873daefeda', 'name': 'network-vif-plugged', 'status': 'completed', 'tag': '90d7e7db-17f4-4bf5-99a7-e478aafa2d2e', 'code': 200}
2026-05-06 06:09:49.258 9 INFO neutron.notifiers.nova [-] Nova event matching ['req-64cea725-9ece-473f-bfb9-448e63fe87d1'] response: {'server_uuid': '86cede99-ffe6-48b1-82e1-85873daefeda', 'name': 'network-vif-plugged', 'status': 'completed', 'tag': '90d7e7db-17f4-4bf5-99a7-e478aafa2d2e', 'code': 200}
2026-05-06 06:09:49.925 10 INFO neutron.wsgi [req-cf20488e-d47e-427c-a8b8-1a0f3dafaec0 req-44088007-ad78-4aa7-96bd-c424c69227f2 587b55c6312047fabe8bda1242123f85 7ecd6bf418fb42feb2addcd69cc11559 - - default default] 10.0.0.201 "GET /v2.0/ports?device_id=86cede99-ffe6-48b1-82e1-85873daefeda HTTP/1.1" status: 200 len: 1170 time: 0.0495744
2026-05-06 06:09:49.974 10 INFO neutron.wsgi [req-cf20488e-d47e-427c-a8b8-1a0f3dafaec0 req-1d04e5f0-5529-47d7-873e-3b82a5498eb4 587b55c6312047fabe8bda1242123f85 7ecd6bf418fb42feb2addcd69cc11559 - - default default] 10.0.0.201 "GET /v2.0/security-groups?id=da55d910-53d5-4835-8e2e-dcd6387fca76&fields=id&fields=name HTTP/1.1" status: 200 len: 313 time: 0.0412891
2026-05-06 06:09:49.979 9 INFO neutron.wsgi [req-7c82670a-f4d3-4a64-a2de-bf5ed664df42 req-007e9312-6a5c-466c-851f-3d813539f02e 813729b7b32a4373afaa8656ac41c9a7 43e28986cbc44fb1afa384bcca4951ec - - default default] 10.0.0.201 "GET /v2.0/networks?id=01d9c223-5858-448a-bbdb-acfd3a0478e2 HTTP/1.1" status: 200 len: 876 time: 0.0738583
2026-05-06 06:09:49.999 9 INFO neutron.wsgi [req-7c82670a-f4d3-4a64-a2de-bf5ed664df42 req-f67a3f70-87f2-4e8f-ad06-88787596b234 813729b7b32a4373afaa8656ac41c9a7 43e28986cbc44fb1afa384bcca4951ec - - default default] 10.0.0.201 "GET /v2.0/quotas/43e28986cbc44fb1afa384bcca4951ec HTTP/1.1" status: 200 len: 386 time: 0.0162601
2026-05-06 06:09:50.087 10 INFO neutron.wsgi [req-690badb0-1c40-443b-9bf8-8a5d90be91d8 req-c5788291-130a-477c-92e5-659546f78e69 587b55c6312047fabe8bda1242123f85 7ecd6bf418fb42feb2addcd69cc11559 - - default default] 10.0.0.201 "GET /v2.0/ports?device_id=86cede99-ffe6-48b1-82e1-85873daefeda HTTP/1.1" status: 200 len: 1170 time: 0.0388010
2026-05-06 06:09:50.109 9 INFO neutron.wsgi [req-7c82670a-f4d3-4a64-a2de-bf5ed664df42 req-a434c031-bf48-4528-b30f-f65e13310367 813729b7b32a4373afaa8656ac41c9a7 43e28986cbc44fb1afa384bcca4951ec - - default default] 10.0.0.201 "GET /v2.0/ports?tenant_id=43e28986cbc44fb1afa384bcca4951ec&fields=id HTTP/1.1" status: 200 len: 302 time: 0.1048110
2026-05-06 06:09:50.134 10 INFO neutron.wsgi [req-690badb0-1c40-443b-9bf8-8a5d90be91d8 req-49350966-94a0-4fa0-969f-35c2fc4905c1 587b55c6312047fabe8bda1242123f85 7ecd6bf418fb42feb2addcd69cc11559 - - default default] 10.0.0.201 "GET /v2.0/security-groups?id=da55d910-53d5-4835-8e2e-dcd6387fca76&fields=id&fields=name HTTP/1.1" status: 200 len: 313 time: 0.0395818
2026-05-06 06:09:50.192 9 INFO neutron.wsgi [req-7c82670a-f4d3-4a64-a2de-bf5ed664df42 req-ae215b52-8798-460d-ba32-a376740fc7fd 120372f8f5a84ce4a95b6bf6c77dd802 cebf464594b14c8a99ec438588facc58 - - e0cb39f46a7f4fbcb7c65298a0ad7f9a e0cb39f46a7f4fbcb7c65298a0ad7f9a] 10.0.0.201 "GET /v2.0/networks/01d9c223-5858-448a-bbdb-acfd3a0478e2?fields=segments HTTP/1.1" status: 200 len: 212 time: 0.0737011
2026-05-06 06:09:50.214 10 INFO neutron.wsgi [None req-0bef1c1b-841f-4cb1-b40c-36d269d02d93 1489f6ec48f741fcad3914c60c45b1d8 cec7e4ff74b7417b838916f54364e053 - - default default] 10.0.0.107 "GET /v2.0/ports?device_id=86cede99-ffe6-48b1-82e1-85873daefeda HTTP/1.1" status: 200 len: 1404 time: 0.0553145
2026-05-06 06:09:50.272 9 INFO neutron.wsgi [req-7c82670a-f4d3-4a64-a2de-bf5ed664df42 req-49924cd5-b330-4caf-89d7-a5865d2106b6 120372f8f5a84ce4a95b6bf6c77dd802 cebf464594b14c8a99ec438588facc58 - - e0cb39f46a7f4fbcb7c65298a0ad7f9a e0cb39f46a7f4fbcb7c65298a0ad7f9a] 10.0.0.201 "GET /v2.0/networks/01d9c223-5858-448a-bbdb-acfd3a0478e2?fields=provider%3Aphysical_network&fields=provider%3Anetwork_type HTTP/1.1" status: 200 len: 277 time: 0.0692682
2026-05-06 06:09:50.433 10 INFO neutron.wsgi [req-85c24efa-bb9c-4a8a-87cd-71cc188edfbe req-aea64a92-cde6-4a72-b5eb-fdbacde2127e 813729b7b32a4373afaa8656ac41c9a7 43e28986cbc44fb1afa384bcca4951ec - - default default] 10.0.0.201 "GET /v2.0/ports?device_id=c8a1bd51-7b1a-4f48-a362-7ee3db791de4 HTTP/1.1" status: 200 len: 210 time: 0.0271850
2026-05-06 06:09:50.534 10 WARNING neutron.scheduler.dhcp_agent_scheduler [None req-9ce8ba56-65e5-4109-ad70-e2cbf32964ef 587b55c6312047fabe8bda1242123f85 7ecd6bf418fb42feb2addcd69cc11559 - - default default] No more DHCP agents
2026-05-06 06:09:50.535 10 WARNING neutron.api.rpc.agentnotifiers.dhcp_rpc_agent_api [None req-9ce8ba56-65e5-4109-ad70-e2cbf32964ef 587b55c6312047fabe8bda1242123f85 7ecd6bf418fb42feb2addcd69cc11559 - - default default] Unable to schedule network 5e9d6caf-82fb-4055-909e-b1e6c200b218: no agents available; will retry on subsequent port and subnet creation events.
2026-05-06 06:09:51.174 9 INFO neutron.wsgi [req-7c82670a-f4d3-4a64-a2de-bf5ed664df42 req-0e04feff-20c0-4078-9c55-bacf88f18a99 813729b7b32a4373afaa8656ac41c9a7 43e28986cbc44fb1afa384bcca4951ec - - default default] 199.19.213.86 "GET /v2.0/networks?id=01d9c223-5858-448a-bbdb-acfd3a0478e2 HTTP/1.1" status: 200 len: 876 time: 0.1375802
2026-05-06 06:09:51.288 10 INFO neutron.db.l3_db [None req-9ce8ba56-65e5-4109-ad70-e2cbf32964ef 587b55c6312047fabe8bda1242123f85 7ecd6bf418fb42feb2addcd69cc11559 - - default default] Floating IP cc551225-f7d5-49c5-92eb-2c7a5208beea associated. External IP: 10.96.250.207, port: 90d7e7db-17f4-4bf5-99a7-e478aafa2d2e.
2026-05-06 06:09:51.557 9 INFO neutron.wsgi [req-b1775651-200a-4c89-b407-b1afd91b72de req-3d3649cc-a321-40e0-a2b5-3765764e11bc 813729b7b32a4373afaa8656ac41c9a7 43e28986cbc44fb1afa384bcca4951ec - - default default] 10.0.0.201 "GET /v2.0/ports?device_id=c8a1bd51-7b1a-4f48-a362-7ee3db791de4 HTTP/1.1" status: 200 len: 210 time: 0.0272717
2026-05-06 06:09:51.564 10 INFO neutron.db.ovn_revision_numbers_db [None req-9ce8ba56-65e5-4109-ad70-e2cbf32964ef 587b55c6312047fabe8bda1242123f85 7ecd6bf418fb42feb2addcd69cc11559 - - default default] Successfully bumped revision number for resource cc551225-f7d5-49c5-92eb-2c7a5208beea (type: floatingips) to 0
2026-05-06 06:09:51.634 9 WARNING neutron.scheduler.dhcp_agent_scheduler [req-7c82670a-f4d3-4a64-a2de-bf5ed664df42 req-a3788d3d-0d12-4986-8a6e-f8ffccfb4357 813729b7b32a4373afaa8656ac41c9a7 43e28986cbc44fb1afa384bcca4951ec - - default default] No more DHCP agents
2026-05-06 06:09:51.636 9 WARNING neutron.api.rpc.agentnotifiers.dhcp_rpc_agent_api [req-7c82670a-f4d3-4a64-a2de-bf5ed664df42 req-a3788d3d-0d12-4986-8a6e-f8ffccfb4357 813729b7b32a4373afaa8656ac41c9a7 43e28986cbc44fb1afa384bcca4951ec - - default default] Unable to schedule network 01d9c223-5858-448a-bbdb-acfd3a0478e2: no agents available; will retry on subsequent port and subnet creation events.
2026-05-06 06:09:51.709 10 INFO neutron.db.ovn_revision_numbers_db [None req-9ce8ba56-65e5-4109-ad70-e2cbf32964ef 587b55c6312047fabe8bda1242123f85 7ecd6bf418fb42feb2addcd69cc11559 - - default default] Successfully bumped revision number for resource cc551225-f7d5-49c5-92eb-2c7a5208beea (type: floatingips) to 1
2026-05-06 06:09:51.747 10 INFO neutron.wsgi [None req-9ce8ba56-65e5-4109-ad70-e2cbf32964ef 587b55c6312047fabe8bda1242123f85 7ecd6bf418fb42feb2addcd69cc11559 - - default default] 10.0.0.107 "POST /v2.0/floatingips HTTP/1.1" status: 201 len: 1054 time: 1.5287135
2026-05-06 06:09:51.783 10 INFO neutron.notifiers.nova [-] Nova event matching ['req-aa6146f7-4720-4755-83b8-9515c4d5b7be'] response: {'name': 'network-changed', 'server_uuid': '86cede99-ffe6-48b1-82e1-85873daefeda', 'tag': '90d7e7db-17f4-4bf5-99a7-e478aafa2d2e', 'status': 'completed', 'code': 200}
2026-05-06 06:09:51.822 9 INFO neutron.db.ovn_revision_numbers_db [req-7c82670a-f4d3-4a64-a2de-bf5ed664df42 req-a3788d3d-0d12-4986-8a6e-f8ffccfb4357 813729b7b32a4373afaa8656ac41c9a7 43e28986cbc44fb1afa384bcca4951ec - - default default] Successfully bumped revision number for resource 4105d018-874f-4418-8cbf-14377c4deaf7 (type: ports) to 1
2026-05-06 06:09:51.848 9 INFO neutron.wsgi [req-7c82670a-f4d3-4a64-a2de-bf5ed664df42 req-a3788d3d-0d12-4986-8a6e-f8ffccfb4357 813729b7b32a4373afaa8656ac41c9a7 43e28986cbc44fb1afa384bcca4951ec - - default default] 199.19.213.86 "POST /v2.0/ports HTTP/1.1" status: 201 len: 1162 time: 0.6672149
2026-05-06 06:09:51.853 10 INFO neutron.wsgi [None req-6bf49530-2368-4257-bd0b-bf6372808a56 587b55c6312047fabe8bda1242123f85 7ecd6bf418fb42feb2addcd69cc11559 - - default default] 10.0.0.107 "GET /v2.0/floatingips/cc551225-f7d5-49c5-92eb-2c7a5208beea HTTP/1.1" status: 200 len: 1051 time: 0.0989416 /var/lib/openstack/lib/python3.10/site-packages/pycadf/identifier.py:71: UserWarning: Invalid uuid: neutron. To ensure interoperability, identifiers should be a valid uuid. warnings.warn(('Invalid uuid: %s. To ensure interoperability, '
2026-05-06 06:09:51.864 10 INFO neutron.wsgi [req-eceb23ec-99fa-49b8-ab16-623e6891b9ea req-4b6c01b4-1ef3-4969-9dd9-aac3cb6c30e7 120372f8f5a84ce4a95b6bf6c77dd802 cebf464594b14c8a99ec438588facc58 - - e0cb39f46a7f4fbcb7c65298a0ad7f9a e0cb39f46a7f4fbcb7c65298a0ad7f9a] 199.19.213.86 "GET /v2.0/ports?tenant_id=7ecd6bf418fb42feb2addcd69cc11559&device_id=86cede99-ffe6-48b1-82e1-85873daefeda HTTP/1.1" status: 200 len: 1409 time: 0.0588913
2026-05-06 06:09:51.933 10 INFO neutron.wsgi [req-eceb23ec-99fa-49b8-ab16-623e6891b9ea req-c8a10812-06f8-4101-815b-28971cc677f0 120372f8f5a84ce4a95b6bf6c77dd802 cebf464594b14c8a99ec438588facc58 - - e0cb39f46a7f4fbcb7c65298a0ad7f9a e0cb39f46a7f4fbcb7c65298a0ad7f9a] 199.19.213.86 "GET /v2.0/networks?id=6c5ddb65-df94-485c-80de-d1cbe93fb3de HTTP/1.1" status: 200 len: 959 time: 0.0635433
2026-05-06 06:09:51.995 10 INFO neutron.wsgi [req-eceb23ec-99fa-49b8-ab16-623e6891b9ea req-b66aede4-c076-44f3-971d-460e3650cc38 120372f8f5a84ce4a95b6bf6c77dd802 cebf464594b14c8a99ec438588facc58 - - e0cb39f46a7f4fbcb7c65298a0ad7f9a e0cb39f46a7f4fbcb7c65298a0ad7f9a] 199.19.213.86 "GET /v2.0/floatingips?fixed_ip_address=10.100.0.6&port_id=90d7e7db-17f4-4bf5-99a7-e478aafa2d2e HTTP/1.1" status: 200 len: 1059 time: 0.0538640
2026-05-06 06:09:52.039 10 INFO neutron.wsgi [req-eceb23ec-99fa-49b8-ab16-623e6891b9ea req-6fae65bc-def4-4208-b836-740f889568c5 120372f8f5a84ce4a95b6bf6c77dd802 cebf464594b14c8a99ec438588facc58 - - e0cb39f46a7f4fbcb7c65298a0ad7f9a e0cb39f46a7f4fbcb7c65298a0ad7f9a] 199.19.213.86 "GET /v2.0/subnets?id=0f4f9fe5-aefd-4cd1-aa0c-1d84967f699d HTTP/1.1" status: 200 len: 853 time: 0.0361803
2026-05-06 06:09:52.082 10 INFO neutron.wsgi [req-eceb23ec-99fa-49b8-ab16-623e6891b9ea req-c86f9789-eb30-4946-a855-334381b6cf4e 120372f8f5a84ce4a95b6bf6c77dd802 cebf464594b14c8a99ec438588facc58 - - e0cb39f46a7f4fbcb7c65298a0ad7f9a e0cb39f46a7f4fbcb7c65298a0ad7f9a] 199.19.213.86 "GET /v2.0/ports?network_id=6c5ddb65-df94-485c-80de-d1cbe93fb3de&device_owner=network%3Adhcp HTTP/1.1" status: 200 len: 210 time: 0.0366061
2026-05-06 06:09:52.152 10 INFO neutron.wsgi [req-eceb23ec-99fa-49b8-ab16-623e6891b9ea req-e39e2d41-dd1f-4ddb-ba13-97b5abba20ae 120372f8f5a84ce4a95b6bf6c77dd802 cebf464594b14c8a99ec438588facc58 - - e0cb39f46a7f4fbcb7c65298a0ad7f9a e0cb39f46a7f4fbcb7c65298a0ad7f9a] 199.19.213.86 "GET /v2.0/networks/6c5ddb65-df94-485c-80de-d1cbe93fb3de?fields=segments HTTP/1.1" status: 200 len: 212 time: 0.0657911
