2026-05-06 06:10:40.460 9 INFO neutron.db.ovn_revision_numbers_db [None req-66bb4654-1d17-4962-8a15-91323b6c9b3f - - - - - -] Successfully bumped revision number for resource 42328d33-0357-4b44-97ad-21cc64662287 (type: router_ports) to 3
2026-05-06 06:10:40.461 10 INFO neutron.db.ovn_revision_numbers_db [None req-bb2430a9-a7c9-430d-aeed-186f5b0708ae be9edd3a12dc424a9f86361ee6a4eb7f 044d79b4abe44b919adec1ff9e6be248 - - default default] Successfully bumped revision number for resource 929a9d95-58e8-493a-be87-f30d4531e256 (type: security_group_rules) to 0
2026-05-06 06:10:40.496 10 INFO neutron.db.ovn_revision_numbers_db [None req-bb2430a9-a7c9-430d-aeed-186f5b0708ae be9edd3a12dc424a9f86361ee6a4eb7f 044d79b4abe44b919adec1ff9e6be248 - - default default] Successfully bumped revision number for resource fe66854e-aebd-4e8a-979f-4e90e034aefb (type: security_group_rules) to 0
2026-05-06 06:10:40.541 10 INFO neutron.db.ovn_revision_numbers_db [None req-61b488da-1c74-4d68-aa79-b2c0afe41bd5 8129487ce379429cada7c835d4f2ecd1 cd93dd1aabe2486ab9b0e223f5d9f8cb - - default default] Successfully bumped revision number for resource f1b6d555-109e-42ab-ace8-beb0b3e0c9eb (type: security_groups) to 1
2026-05-06 06:10:40.568 10 INFO neutron.db.segments_db [None req-bb2430a9-a7c9-430d-aeed-186f5b0708ae be9edd3a12dc424a9f86361ee6a4eb7f 044d79b4abe44b919adec1ff9e6be248 - - default default] Added segment 72e468ec-c6c0-4ce1-a3f9-7d10eefeb6fb of type geneve for network 0f638698-83f0-4148-83b2-d9667fa6514e
2026-05-06 06:10:40.573 10 INFO neutron.db.ovn_revision_numbers_db [None req-61b488da-1c74-4d68-aa79-b2c0afe41bd5 8129487ce379429cada7c835d4f2ecd1 cd93dd1aabe2486ab9b0e223f5d9f8cb - - default default] Successfully bumped revision number for resource 561ec247-5308-4850-bd6d-b3f4967b3f50 (type: security_group_rules) to 0
2026-05-06 06:10:40.604 9 INFO neutron.db.ovn_revision_numbers_db [None req-66bb4654-1d17-4962-8a15-91323b6c9b3f - - - - - -] Successfully bumped revision number for resource 42328d33-0357-4b44-97ad-21cc64662287 (type: ports) to 2
2026-05-06 06:10:40.618 10 INFO neutron.db.ovn_revision_numbers_db [None req-61b488da-1c74-4d68-aa79-b2c0afe41bd5 8129487ce379429cada7c835d4f2ecd1 cd93dd1aabe2486ab9b0e223f5d9f8cb - - default default] Successfully bumped revision number for resource b85350b8-4e61-448e-a70c-ef418c0ff82c (type: security_group_rules) to 0
2026-05-06 06:10:40.665 10 INFO neutron.wsgi [None req-61b488da-1c74-4d68-aa79-b2c0afe41bd5 8129487ce379429cada7c835d4f2ecd1 cd93dd1aabe2486ab9b0e223f5d9f8cb - - default default] 10.0.0.107 "POST /v2.0/security-groups HTTP/1.1" status: 201 len: 1763 time: 0.2890499
2026-05-06 06:10:40.773 10 INFO neutron.db.ovn_revision_numbers_db [None req-bb2430a9-a7c9-430d-aeed-186f5b0708ae be9edd3a12dc424a9f86361ee6a4eb7f 044d79b4abe44b919adec1ff9e6be248 - - default default] Successfully bumped revision number for resource 0f638698-83f0-4148-83b2-d9667fa6514e (type: networks) to 1
2026-05-06 06:10:40.842 9 INFO neutron.db.ovn_revision_numbers_db [None req-46f78734-f63d-40df-9777-8ef8a8717c99 8129487ce379429cada7c835d4f2ecd1 cd93dd1aabe2486ab9b0e223f5d9f8cb - - default default] Successfully bumped revision number for resource 74e82635-7c19-47d3-b379-92fb1c00d1f2 (type: security_group_rules) to 0
2026-05-06 06:10:40.878 9 INFO neutron.wsgi [None req-46f78734-f63d-40df-9777-8ef8a8717c99 8129487ce379429cada7c835d4f2ecd1 cd93dd1aabe2486ab9b0e223f5d9f8cb - - default default] 10.0.0.107 "POST /v2.0/security-group-rules HTTP/1.1" status: 201 len: 764 time: 0.2067919
2026-05-06 06:10:40.878 9 INFO neutron.db.ovn_revision_numbers_db [None req-66bb4654-1d17-4962-8a15-91323b6c9b3f - - - - - -] Successfully bumped revision number for resource 42328d33-0357-4b44-97ad-21cc64662287 (type: ports) to 4
2026-05-06 06:10:40.977 10 WARNING neutron.scheduler.dhcp_agent_scheduler [None req-bb2430a9-a7c9-430d-aeed-186f5b0708ae be9edd3a12dc424a9f86361ee6a4eb7f 044d79b4abe44b919adec1ff9e6be248 - - default default] No more DHCP agents
2026-05-06 06:10:40.986 10 WARNING neutron.api.rpc.agentnotifiers.dhcp_rpc_agent_api [None req-bb2430a9-a7c9-430d-aeed-186f5b0708ae be9edd3a12dc424a9f86361ee6a4eb7f 044d79b4abe44b919adec1ff9e6be248 - - default default] Unable to schedule network 0f638698-83f0-4148-83b2-d9667fa6514e: no agents available; will retry on subsequent port and subnet creation events.
2026-05-06 06:10:41.108 9 INFO neutron.db.ovn_revision_numbers_db [None req-59124015-9a47-4381-918c-5061ae56b3ea 8129487ce379429cada7c835d4f2ecd1 cd93dd1aabe2486ab9b0e223f5d9f8cb - - default default] Successfully bumped revision number for resource 83a2b263-4670-495f-8a41-8df607926df0 (type: security_group_rules) to 0
2026-05-06 06:10:41.155 9 INFO neutron.wsgi [None req-59124015-9a47-4381-918c-5061ae56b3ea 8129487ce379429cada7c835d4f2ecd1 cd93dd1aabe2486ab9b0e223f5d9f8cb - - default default] 10.0.0.107 "POST /v2.0/security-group-rules HTTP/1.1" status: 201 len: 764 time: 0.2710905
2026-05-06 06:10:41.175 9 WARNING neutron.plugins.ml2.drivers.ovn.mech_driver.ovsdb.ovn_client [None req-1fca42ed-ddf7-4939-899d-3b4dc4239d5b - - - - - -] No hosting information found for port 6de033d0-bf24-408a-9c14-15db6a23b411: RuntimeError: No hosting information found for port 6de033d0-bf24-408a-9c14-15db6a23b411
2026-05-06 06:10:41.184 9 INFO neutron.db.ovn_revision_numbers_db [None req-66bb4654-1d17-4962-8a15-91323b6c9b3f - - - - - -] Successfully bumped revision number for resource 42328d33-0357-4b44-97ad-21cc64662287 (type: router_ports) to 4
2026-05-06 06:10:41.296 9 INFO neutron.db.ovn_revision_numbers_db [None req-237d63e4-c6b9-4a04-9c30-9e5ca1f6be6e 8129487ce379429cada7c835d4f2ecd1 cd93dd1aabe2486ab9b0e223f5d9f8cb - - default default] Successfully bumped revision number for resource 9c3dab29-bfe7-426d-a508-906e7ebe3c3e (type: security_group_rules) to 0
2026-05-06 06:10:41.297 10 INFO neutron.db.ovn_revision_numbers_db [None req-de1c7dae-55a7-4eb2-aa89-752f09250ea3 270e8126c99640c0bf4206fb440f0008 8b274534e0ec4cd5afc50ea942255d43 - - default default] Successfully bumped revision number for resource ed741890-8efc-4b9b-b9ce-8d786da6e9c0 (type: router_ports) to 1
2026-05-06 06:10:41.310 10 INFO neutron.db.ovn_revision_numbers_db [None req-bb2430a9-a7c9-430d-aeed-186f5b0708ae be9edd3a12dc424a9f86361ee6a4eb7f 044d79b4abe44b919adec1ff9e6be248 - - default default] Successfully bumped revision number for resource f15fabd6-5df9-4064-8e63-f5b675254279 (type: ports) to 1
2026-05-06 06:10:41.319 9 INFO neutron.wsgi [None req-237d63e4-c6b9-4a04-9c30-9e5ca1f6be6e 8129487ce379429cada7c835d4f2ecd1 cd93dd1aabe2486ab9b0e223f5d9f8cb - - default default] 10.0.0.107 "POST /v2.0/security-group-rules HTTP/1.1" status: 201 len: 766 time: 0.1571493
2026-05-06 06:10:41.335 10 INFO neutron.wsgi [None req-bb2430a9-a7c9-430d-aeed-186f5b0708ae be9edd3a12dc424a9f86361ee6a4eb7f 044d79b4abe44b919adec1ff9e6be248 - - default default] 10.0.0.107 "POST /v2.0/networks HTTP/1.1" status: 201 len: 847 time: 1.2977812
2026-05-06 06:10:41.447 9 INFO neutron.db.ovn_revision_numbers_db [None req-15717331-6df4-4cb5-9a75-055601bed641 8129487ce379429cada7c835d4f2ecd1 cd93dd1aabe2486ab9b0e223f5d9f8cb - - default default] Successfully bumped revision number for resource c5aa35b6-36e0-4509-a3b9-3efe1c8dc558 (type: security_group_rules) to 0
2026-05-06 06:10:41.473 9 INFO neutron.wsgi [None req-15717331-6df4-4cb5-9a75-055601bed641 8129487ce379429cada7c835d4f2ecd1 cd93dd1aabe2486ab9b0e223f5d9f8cb - - default default] 10.0.0.107 "POST /v2.0/security-group-rules HTTP/1.1" status: 201 len: 768 time: 0.1477914
2026-05-06 06:10:41.509 10 INFO neutron.db.ovn_revision_numbers_db [None req-de1c7dae-55a7-4eb2-aa89-752f09250ea3 270e8126c99640c0bf4206fb440f0008 8b274534e0ec4cd5afc50ea942255d43 - - default default] Successfully bumped revision number for resource ed741890-8efc-4b9b-b9ce-8d786da6e9c0 (type: ports) to 1
2026-05-06 06:10:41.598 10 WARNING neutron.scheduler.dhcp_agent_scheduler [None req-de1c7dae-55a7-4eb2-aa89-752f09250ea3 270e8126c99640c0bf4206fb440f0008 8b274534e0ec4cd5afc50ea942255d43 - - default default] No more DHCP agents
2026-05-06 06:10:41.600 10 WARNING neutron.api.rpc.agentnotifiers.dhcp_rpc_agent_api [None req-de1c7dae-55a7-4eb2-aa89-752f09250ea3 270e8126c99640c0bf4206fb440f0008 8b274534e0ec4cd5afc50ea942255d43 - - default default] Unable to schedule network 5b1245c5-1173-4c74-adf0-b7b4f871024b: no agents available; will retry on subsequent port and subnet creation events.
2026-05-06 06:10:41.629 9 INFO neutron.db.ovn_revision_numbers_db [None req-b341d7f2-e67a-46a9-aee8-f205b257d68d 8129487ce379429cada7c835d4f2ecd1 cd93dd1aabe2486ab9b0e223f5d9f8cb - - default default] Successfully bumped revision number for resource 819edc88-ca25-40e6-aa76-8e03313c7920 (type: security_group_rules) to 0
2026-05-06 06:10:41.635 10 WARNING neutron.scheduler.dhcp_agent_scheduler [None req-c504d95b-3718-42d7-89a4-7d174111d69b be9edd3a12dc424a9f86361ee6a4eb7f 044d79b4abe44b919adec1ff9e6be248 - - default default] No more DHCP agents
2026-05-06 06:10:41.638 10 WARNING neutron.api.rpc.agentnotifiers.dhcp_rpc_agent_api [None req-c504d95b-3718-42d7-89a4-7d174111d69b be9edd3a12dc424a9f86361ee6a4eb7f 044d79b4abe44b919adec1ff9e6be248 - - default default] Unable to schedule network 0f638698-83f0-4148-83b2-d9667fa6514e: no agents available; will retry on subsequent port and subnet creation events.
2026-05-06 06:10:41.653 9 INFO neutron.wsgi [None req-b341d7f2-e67a-46a9-aee8-f205b257d68d 8129487ce379429cada7c835d4f2ecd1 cd93dd1aabe2486ab9b0e223f5d9f8cb - - default default] 10.0.0.107 "POST /v2.0/security-group-rules HTTP/1.1" status: 201 len: 768 time: 0.1747229
2026-05-06 06:10:41.740 10 INFO neutron.db.ovn_revision_numbers_db [None req-c504d95b-3718-42d7-89a4-7d174111d69b be9edd3a12dc424a9f86361ee6a4eb7f 044d79b4abe44b919adec1ff9e6be248 - - default default] Successfully bumped revision number for resource 29af3f6b-a6fa-4642-a2b0-a51428ea75ed (type: ports) to 1
2026-05-06 06:10:41.791 10 INFO neutron.wsgi [None req-c504d95b-3718-42d7-89a4-7d174111d69b be9edd3a12dc424a9f86361ee6a4eb7f 044d79b4abe44b919adec1ff9e6be248 - - default default] 10.0.0.107 "POST /v2.0/ports HTTP/1.1" status: 201 len: 976 time: 0.4514134
2026-05-06 06:10:41.848 9 INFO neutron.db.ovn_revision_numbers_db [None req-31a209fa-7757-407b-9d10-651c6fdc4c56 8129487ce379429cada7c835d4f2ecd1 cd93dd1aabe2486ab9b0e223f5d9f8cb - - default default] Successfully bumped revision number for resource b17bfdfd-b21d-4558-b6c0-1e2f3f2646bf (type: security_group_rules) to 0
2026-05-06 06:10:41.896 9 INFO neutron.wsgi [None req-31a209fa-7757-407b-9d10-651c6fdc4c56 8129487ce379429cada7c835d4f2ecd1 cd93dd1aabe2486ab9b0e223f5d9f8cb - - default default] 10.0.0.107 "POST /v2.0/security-group-rules HTTP/1.1" status: 201 len: 764 time: 0.2388339
2026-05-06 06:10:41.900 9 INFO neutron.db.segments_db [None req-a343734e-289c-41b1-8f4e-110cc403a73e be9edd3a12dc424a9f86361ee6a4eb7f 044d79b4abe44b919adec1ff9e6be248 - - default default] Added segment ea7648ed-a803-4827-8a04-59c87ffc19d9 of type geneve for network 5530c040-84b6-4cff-a0da-fa08720dfc50 /var/lib/openstack/lib/python3.10/site-packages/pycadf/identifier.py:71: UserWarning: Invalid uuid: neutron. To ensure interoperability, identifiers should be a valid uuid. warnings.warn(('Invalid uuid: %s. To ensure interoperability, '
2026-05-06 06:10:42.034 9 INFO neutron.db.ovn_revision_numbers_db [None req-a343734e-289c-41b1-8f4e-110cc403a73e be9edd3a12dc424a9f86361ee6a4eb7f 044d79b4abe44b919adec1ff9e6be248 - - default default] Successfully bumped revision number for resource 5530c040-84b6-4cff-a0da-fa08720dfc50 (type: networks) to 1
2026-05-06 06:10:42.104 10 INFO neutron.db.ovn_revision_numbers_db [None req-c039605b-292c-4945-a74b-3b424f75d387 8129487ce379429cada7c835d4f2ecd1 cd93dd1aabe2486ab9b0e223f5d9f8cb - - default default] Successfully bumped revision number for resource 3f26a679-3bd0-423f-b529-96bb700cf807 (type: security_group_rules) to 0
2026-05-06 06:10:42.136 10 INFO neutron.wsgi [None req-c039605b-292c-4945-a74b-3b424f75d387 8129487ce379429cada7c835d4f2ecd1 cd93dd1aabe2486ab9b0e223f5d9f8cb - - default default] 10.0.0.107 "POST /v2.0/security-group-rules HTTP/1.1" status: 201 len: 764 time: 0.2326987
2026-05-06 06:10:42.229 9 WARNING neutron.scheduler.dhcp_agent_scheduler [None req-a343734e-289c-41b1-8f4e-110cc403a73e be9edd3a12dc424a9f86361ee6a4eb7f 044d79b4abe44b919adec1ff9e6be248 - - default default] No more DHCP agents
2026-05-06 06:10:42.233 9 WARNING neutron.api.rpc.agentnotifiers.dhcp_rpc_agent_api [None req-a343734e-289c-41b1-8f4e-110cc403a73e be9edd3a12dc424a9f86361ee6a4eb7f 044d79b4abe44b919adec1ff9e6be248 - - default default] Unable to schedule network 5530c040-84b6-4cff-a0da-fa08720dfc50: no agents available; will retry on subsequent port and subnet creation events.
2026-05-06 06:10:42.266 10 INFO neutron.db.ovn_revision_numbers_db [None req-de1c7dae-55a7-4eb2-aa89-752f09250ea3 270e8126c99640c0bf4206fb440f0008 8b274534e0ec4cd5afc50ea942255d43 - - default default] Successfully bumped revision number for resource ed741890-8efc-4b9b-b9ce-8d786da6e9c0 (type: router_ports) to 1
2026-05-06 06:10:42.269 10 INFO neutron.wsgi [None req-de1c7dae-55a7-4eb2-aa89-752f09250ea3 270e8126c99640c0bf4206fb440f0008 8b274534e0ec4cd5afc50ea942255d43 - - default default] 10.0.0.107 "PUT /v2.0/routers/d622b55e-7d12-405b-81ef-b92fc1f7abb3/add_router_interface HTTP/1.1" status: 200 len: 503 time: 2.6291804
2026-05-06 06:10:42.296 10 WARNING neutron.plugins.ml2.drivers.ovn.mech_driver.ovsdb.ovn_client [None req-bd6d18b6-f675-4f3a-9ff7-00288c7b9848 - - - - - -] No hosting information found for port 7ed7ee9c-eced-4892-acfc-82a611e11683: RuntimeError: No hosting information found for port 7ed7ee9c-eced-4892-acfc-82a611e11683
2026-05-06 06:10:42.296 10 INFO neutron.plugins.ml2.drivers.ovn.mech_driver.mech_driver [None req-bd6d18b6-f675-4f3a-9ff7-00288c7b9848 - - - - - -] OVN reports status up for port: 42328d33-0357-4b44-97ad-21cc64662287
2026-05-06 06:10:42.308 10 INFO neutron.plugins.ml2.plugin [None req-bd6d18b6-f675-4f3a-9ff7-00288c7b9848 - - - - - -] Attempt 1 to provision port 42328d33-0357-4b44-97ad-21cc64662287
2026-05-06 06:10:42.348 9 INFO neutron.db.ovn_revision_numbers_db [None req-a343734e-289c-41b1-8f4e-110cc403a73e be9edd3a12dc424a9f86361ee6a4eb7f 044d79b4abe44b919adec1ff9e6be248 - - default default] Successfully bumped revision number for resource ad15a146-1b57-4f5c-9ffc-944351aeade5 (type: ports) to 1
2026-05-06 06:10:42.350 9 INFO neutron.db.ovn_revision_numbers_db [None req-bbcba01f-537d-4fef-aa27-4f28411ac45e 8129487ce379429cada7c835d4f2ecd1 cd93dd1aabe2486ab9b0e223f5d9f8cb - - default default] Successfully bumped revision number for resource fd3b0040-a4df-4d34-b5e1-744cc67a0ead (type: security_group_rules) to 0
2026-05-06 06:10:42.379 9 INFO neutron.wsgi [None req-a343734e-289c-41b1-8f4e-110cc403a73e be9edd3a12dc424a9f86361ee6a4eb7f 044d79b4abe44b919adec1ff9e6be248 - - default default] 10.0.0.107 "POST /v2.0/networks HTTP/1.1" status: 201 len: 835 time: 0.5820162
2026-05-06 06:10:42.379 10 INFO neutron.plugins.ml2.drivers.ovn.mech_driver.mech_driver [None req-bd6d18b6-f675-4f3a-9ff7-00288c7b9848 - - - - - -] OVN reports status up for port: d647a220-5069-4dfc-b5c8-8e63d61dfc81
2026-05-06 06:10:42.385 9 INFO neutron.wsgi [None req-bbcba01f-537d-4fef-aa27-4f28411ac45e 8129487ce379429cada7c835d4f2ecd1 cd93dd1aabe2486ab9b0e223f5d9f8cb - - default default] 10.0.0.107 "POST /v2.0/security-group-rules HTTP/1.1" status: 201 len: 764 time: 0.2427557
2026-05-06 06:10:42.385 10 INFO neutron.plugins.ml2.plugin [None req-bd6d18b6-f675-4f3a-9ff7-00288c7b9848 - - - - - -] Attempt 1 to provision port d647a220-5069-4dfc-b5c8-8e63d61dfc81
2026-05-06 06:10:42.518 9 INFO neutron.db.ovn_revision_numbers_db [None req-f3f18c2f-b54d-4ddb-a2f0-d1f587cd0926 8129487ce379429cada7c835d4f2ecd1 cd93dd1aabe2486ab9b0e223f5d9f8cb - - default default] Successfully bumped revision number for resource 9f8b1696-5057-453f-afab-6d95860ea050 (type: security_group_rules) to 0
2026-05-06 06:10:42.554 9 INFO neutron.wsgi [None req-f3f18c2f-b54d-4ddb-a2f0-d1f587cd0926 8129487ce379429cada7c835d4f2ecd1 cd93dd1aabe2486ab9b0e223f5d9f8cb - - default default] 10.0.0.107 "POST /v2.0/security-group-rules HTTP/1.1" status: 201 len: 766 time: 0.1641970
2026-05-06 06:10:42.730 10 WARNING neutron.scheduler.dhcp_agent_scheduler [None req-902b957c-3b4b-425a-804a-86f1064840c2 be9edd3a12dc424a9f86361ee6a4eb7f 044d79b4abe44b919adec1ff9e6be248 - - default default] No more DHCP agents
2026-05-06 06:10:42.735 10 WARNING neutron.api.rpc.agentnotifiers.dhcp_rpc_agent_api [None req-902b957c-3b4b-425a-804a-86f1064840c2 be9edd3a12dc424a9f86361ee6a4eb7f 044d79b4abe44b919adec1ff9e6be248 - - default default] Unable to schedule network 5530c040-84b6-4cff-a0da-fa08720dfc50: no agents available; will retry on subsequent port and subnet creation events.
2026-05-06 06:10:42.738 9 INFO neutron.db.ovn_revision_numbers_db [None req-931a26ce-df83-4440-9c68-c32533efc903 8129487ce379429cada7c835d4f2ecd1 cd93dd1aabe2486ab9b0e223f5d9f8cb - - default default] Successfully bumped revision number for resource 9c5ff329-4db5-4296-9866-52bd0387c2e6 (type: security_group_rules) to 0
2026-05-06 06:10:42.757 10 INFO neutron.db.ovn_revision_numbers_db [None req-bd6d18b6-f675-4f3a-9ff7-00288c7b9848 - - - - - -] Successfully bumped revision number for resource d647a220-5069-4dfc-b5c8-8e63d61dfc81 (type: ports) to 2
2026-05-06 06:10:42.771 9 INFO neutron.wsgi [None req-931a26ce-df83-4440-9c68-c32533efc903 8129487ce379429cada7c835d4f2ecd1 cd93dd1aabe2486ab9b0e223f5d9f8cb - - default default] 10.0.0.107 "POST /v2.0/security-group-rules HTTP/1.1" status: 201 len: 768 time: 0.2085235
2026-05-06 06:10:42.796 10 INFO neutron.db.ovn_revision_numbers_db [None req-902b957c-3b4b-425a-804a-86f1064840c2 be9edd3a12dc424a9f86361ee6a4eb7f 044d79b4abe44b919adec1ff9e6be248 - - default default] Successfully bumped revision number for resource 67b2d4a3-9536-4b6d-b5ef-e207fa786df3 (type: subnets) to 0
2026-05-06 06:10:42.820 10 INFO neutron.wsgi [None req-902b957c-3b4b-425a-804a-86f1064840c2 be9edd3a12dc424a9f86361ee6a4eb7f 044d79b4abe44b919adec1ff9e6be248 - - default default] 10.0.0.107 "POST /v2.0/subnets HTTP/1.1" status: 201 len: 821 time: 0.4336815
2026-05-06 06:10:42.922 10 INFO neutron.db.ovn_revision_numbers_db [None req-bd6d18b6-f675-4f3a-9ff7-00288c7b9848 - - - - - -] Successfully bumped revision number for resource d647a220-5069-4dfc-b5c8-8e63d61dfc81 (type: router_ports) to 2
2026-05-06 06:10:42.973 9 INFO neutron.db.ovn_revision_numbers_db [None req-bcc8c07a-6be9-46d7-ac6f-b9ae23527b64 8129487ce379429cada7c835d4f2ecd1 cd93dd1aabe2486ab9b0e223f5d9f8cb - - default default] Successfully bumped revision number for resource 4ad8dcb2-4d80-4fa4-9a52-7f1ab80a5705 (type: security_group_rules) to 0
2026-05-06 06:10:42.994 9 WARNING neutron.scheduler.dhcp_agent_scheduler [None req-b76dabf0-df84-4ac2-b704-46fa5f4bce09 e69c824eb4d1447bb7df2c0f0fb586d7 9ba75f44fe0e4b8696622ae564a7f691 - - default default] No more DHCP agents
2026-05-06 06:10:42.997 9 WARNING neutron.api.rpc.agentnotifiers.dhcp_rpc_agent_api [None req-b76dabf0-df84-4ac2-b704-46fa5f4bce09 e69c824eb4d1447bb7df2c0f0fb586d7 9ba75f44fe0e4b8696622ae564a7f691 - - default default] Unable to schedule network 5e9d6caf-82fb-4055-909e-b1e6c200b218: no agents available; will retry on subsequent port and subnet creation events.
2026-05-06 06:10:43.021 9 INFO neutron.wsgi [None req-bcc8c07a-6be9-46d7-ac6f-b9ae23527b64 8129487ce379429cada7c835d4f2ecd1 cd93dd1aabe2486ab9b0e223f5d9f8cb - - default default] 10.0.0.107 "POST /v2.0/security-group-rules HTTP/1.1" status: 201 len: 764 time: 0.2410314
2026-05-06 06:10:43.201 10 WARNING neutron.scheduler.dhcp_agent_scheduler [None req-11dd74e5-5f4f-4d87-9fb0-f1f3f338b4a9 be9edd3a12dc424a9f86361ee6a4eb7f 044d79b4abe44b919adec1ff9e6be248 - - default default] No more DHCP agents
2026-05-06 06:10:43.204 10 WARNING neutron.api.rpc.agentnotifiers.dhcp_rpc_agent_api [None req-11dd74e5-5f4f-4d87-9fb0-f1f3f338b4a9 be9edd3a12dc424a9f86361ee6a4eb7f 044d79b4abe44b919adec1ff9e6be248 - - default default] Unable to schedule network 5530c040-84b6-4cff-a0da-fa08720dfc50: no agents available; will retry on subsequent port and subnet creation events. /var/lib/openstack/lib/python3.10/site-packages/pycadf/identifier.py:71: UserWarning: Invalid uuid: neutron. To ensure interoperability, identifiers should be a valid uuid. warnings.warn(('Invalid uuid: %s. To ensure interoperability, '
2026-05-06 06:10:43.267 10 INFO neutron.wsgi [req-110b4cb0-7fe7-4b57-87e1-fb132bfa2d95 req-58142b53-69e8-4315-b074-0eafc4a4c68a 8129487ce379429cada7c835d4f2ecd1 cd93dd1aabe2486ab9b0e223f5d9f8cb - - default default] 10.0.0.201 "GET /v2.0/security-groups?name=tempest-lb_member_SG-172839867&fields=id&tenant_id=cd93dd1aabe2486ab9b0e223f5d9f8cb HTTP/1.1" status: 200 len: 267 time: 0.0596819
2026-05-06 06:10:43.320 9 INFO neutron.db.ovn_revision_numbers_db [None req-b76dabf0-df84-4ac2-b704-46fa5f4bce09 e69c824eb4d1447bb7df2c0f0fb586d7 9ba75f44fe0e4b8696622ae564a7f691 - - default default] Successfully bumped revision number for resource fa1345e7-24fa-4331-86a4-45e8d9e434f2 (type: floatingips) to 0
2026-05-06 06:10:43.340 9 INFO neutron.wsgi [None req-b76dabf0-df84-4ac2-b704-46fa5f4bce09 e69c824eb4d1447bb7df2c0f0fb586d7 9ba75f44fe0e4b8696622ae564a7f691 - - default default] 10.0.0.107 "POST /v2.0/floatingips HTTP/1.1" status: 201 len: 751 time: 0.8136561
2026-05-06 06:10:43.386 10 INFO neutron.wsgi [req-110b4cb0-7fe7-4b57-87e1-fb132bfa2d95 req-082021e9-a178-40b2-923d-fe5176aa61a0 8129487ce379429cada7c835d4f2ecd1 cd93dd1aabe2486ab9b0e223f5d9f8cb - - default default] 10.0.0.201 "GET /v2.0/networks?id=c20ab878-3466-44b4-af29-d65739937978 HTTP/1.1" status: 200 len: 904 time: 0.1107330
2026-05-06 06:10:43.387 10 INFO neutron.db.ovn_revision_numbers_db [None req-11dd74e5-5f4f-4d87-9fb0-f1f3f338b4a9 be9edd3a12dc424a9f86361ee6a4eb7f 044d79b4abe44b919adec1ff9e6be248 - - default default] Successfully bumped revision number for resource 1f901d8a-d230-4dc3-9ef9-2a98f2b61e57 (type: ports) to 1
2026-05-06 06:10:43.389 9 INFO neutron.wsgi [None req-814f69f7-0361-4165-91e8-ba160ef78efb e69c824eb4d1447bb7df2c0f0fb586d7 9ba75f44fe0e4b8696622ae564a7f691 - - default default] 10.0.0.107 "PUT /v2.0/floatingips/fa1345e7-24fa-4331-86a4-45e8d9e434f2/tags HTTP/1.1" status: 200 len: 218 time: 0.0438073
2026-05-06 06:10:43.405 10 INFO neutron.wsgi [req-110b4cb0-7fe7-4b57-87e1-fb132bfa2d95 req-c5858425-5beb-4be2-b10b-4f0580d382fd 8129487ce379429cada7c835d4f2ecd1 cd93dd1aabe2486ab9b0e223f5d9f8cb - - default default] 10.0.0.201 "GET /v2.0/quotas/cd93dd1aabe2486ab9b0e223f5d9f8cb HTTP/1.1" status: 200 len: 386 time: 0.0130615
2026-05-06 06:10:43.411 10 INFO neutron.wsgi [None req-11dd74e5-5f4f-4d87-9fb0-f1f3f338b4a9 be9edd3a12dc424a9f86361ee6a4eb7f 044d79b4abe44b919adec1ff9e6be248 - - default default] 10.0.0.107 "POST /v2.0/ports HTTP/1.1" status: 201 len: 1164 time: 0.5852504
2026-05-06 06:10:43.420 9 INFO neutron.wsgi [None req-f7ea2fc5-53c9-40ec-a0ad-3a4f845d22f5 e69c824eb4d1447bb7df2c0f0fb586d7 9ba75f44fe0e4b8696622ae564a7f691 - - default default] 10.0.0.107 "GET /v2.0/floatingips/fa1345e7-24fa-4331-86a4-45e8d9e434f2/tags HTTP/1.1" status: 200 len: 218 time: 0.0256665
2026-05-06 06:10:43.459 9 INFO neutron.wsgi [None req-1f15ec76-d468-4b3a-96a5-4aeed1c02049 e69c824eb4d1447bb7df2c0f0fb586d7 9ba75f44fe0e4b8696622ae564a7f691 - - default default] 10.0.0.107 "PUT /v2.0/floatingips/fa1345e7-24fa-4331-86a4-45e8d9e434f2/tags/green HTTP/1.1" status: 201 len: 201 time: 0.0343194
2026-05-06 06:10:43.497 9 INFO neutron.wsgi [None req-c4156430-e2a3-4136-a6cc-ffe46994970a e69c824eb4d1447bb7df2c0f0fb586d7 9ba75f44fe0e4b8696622ae564a7f691 - - default default] 10.0.0.107 "GET /v2.0/floatingips/fa1345e7-24fa-4331-86a4-45e8d9e434f2/tags HTTP/1.1" status: 200 len: 227 time: 0.0324392
2026-05-06 06:10:43.527 9 INFO neutron.wsgi [None req-6d570190-ffa3-48d6-a750-1d39c45200cb e69c824eb4d1447bb7df2c0f0fb586d7 9ba75f44fe0e4b8696622ae564a7f691 - - default default] 10.0.0.107 "PUT /v2.0/floatingips/fa1345e7-24fa-4331-86a4-45e8d9e434f2/tags/red HTTP/1.1" status: 201 len: 201 time: 0.0267708
2026-05-06 06:10:43.555 9 INFO neutron.wsgi [None req-10f558a1-58d6-4644-80f0-e1a117da22d2 e69c824eb4d1447bb7df2c0f0fb586d7 9ba75f44fe0e4b8696622ae564a7f691 - - default default] 10.0.0.107 "GET /v2.0/floatingips/fa1345e7-24fa-4331-86a4-45e8d9e434f2/tags HTTP/1.1" status: 200 len: 227 time: 0.0224457
2026-05-06 06:10:43.594 9 INFO neutron.wsgi [None req-97206035-6610-4036-908d-2cc65a1fac2e e69c824eb4d1447bb7df2c0f0fb586d7 9ba75f44fe0e4b8696622ae564a7f691 - - default default] 10.0.0.107 "PUT /v2.0/floatingips/fa1345e7-24fa-4331-86a4-45e8d9e434f2/tags/black.or.white HTTP/1.1" status: 201 len: 201 time: 0.0335050
2026-05-06 06:10:43.623 9 INFO neutron.wsgi [None req-2889c466-638a-4455-928f-d0a074657b31 e69c824eb4d1447bb7df2c0f0fb586d7 9ba75f44fe0e4b8696622ae564a7f691 - - default default] 10.0.0.107 "GET /v2.0/floatingips/fa1345e7-24fa-4331-86a4-45e8d9e434f2/tags HTTP/1.1" status: 200 len: 245 time: 0.0247948
2026-05-06 06:10:43.665 9 INFO neutron.wsgi [None req-217fc3f8-5141-424a-bd81-200095ee4d05 e69c824eb4d1447bb7df2c0f0fb586d7 9ba75f44fe0e4b8696622ae564a7f691 - - default default] 10.0.0.107 "PUT /v2.0/floatingips/fa1345e7-24fa-4331-86a4-45e8d9e434f2/tags HTTP/1.1" status: 200 len: 230 time: 0.0361876
2026-05-06 06:10:43.709 9 INFO neutron.wsgi [None req-f6abdc53-e98a-459d-aa6e-686a687f7d88 e69c824eb4d1447bb7df2c0f0fb586d7 9ba75f44fe0e4b8696622ae564a7f691 - - default default] 10.0.0.107 "GET /v2.0/floatingips/fa1345e7-24fa-4331-86a4-45e8d9e434f2/tags HTTP/1.1" status: 200 len: 230 time: 0.0380909
2026-05-06 06:10:43.742 9 INFO neutron.wsgi [None req-f316f54c-b415-40f4-845f-52be22e7679f e69c824eb4d1447bb7df2c0f0fb586d7 9ba75f44fe0e4b8696622ae564a7f691 - - default default] 10.0.0.107 "GET /v2.0/floatingips/fa1345e7-24fa-4331-86a4-45e8d9e434f2/tags/red HTTP/1.1" status: 204 len: 168 time: 0.0256121
2026-05-06 06:10:43.777 9 INFO neutron.api.v2.resource [None req-e624feb7-a5ca-44d8-af20-e204250918c4 e69c824eb4d1447bb7df2c0f0fb586d7 9ba75f44fe0e4b8696622ae564a7f691 - - default default] show failed (client error): The resource could not be found.
2026-05-06 06:10:43.778 9 INFO neutron.wsgi [None req-e624feb7-a5ca-44d8-af20-e204250918c4 e69c824eb4d1447bb7df2c0f0fb586d7 9ba75f44fe0e4b8696622ae564a7f691 - - default default] 10.0.0.107 "GET /v2.0/floatingips/fa1345e7-24fa-4331-86a4-45e8d9e434f2/tags/green HTTP/1.1" status: 404 len: 299 time: 0.0271726
2026-05-06 06:10:43.821 9 INFO neutron.wsgi [None req-686d4ebb-bfd7-4d6c-a87c-31d6f6704c16 e69c824eb4d1447bb7df2c0f0fb586d7 9ba75f44fe0e4b8696622ae564a7f691 - - default default] 10.0.0.107 "DELETE /v2.0/floatingips/fa1345e7-24fa-4331-86a4-45e8d9e434f2/tags/red HTTP/1.1" status: 204 len: 168 time: 0.0380909
2026-05-06 06:10:43.852 9 INFO neutron.wsgi [None req-e7e260c7-f879-4c57-bac8-cbcf600dd05f e69c824eb4d1447bb7df2c0f0fb586d7 9ba75f44fe0e4b8696622ae564a7f691 - - default default] 10.0.0.107 "GET /v2.0/floatingips/fa1345e7-24fa-4331-86a4-45e8d9e434f2/tags HTTP/1.1" status: 200 len: 223 time: 0.0263801
2026-05-06 06:10:43.883 9 INFO neutron.api.v2.resource [None req-a9d7e982-a5d0-4a83-b109-a34f08a97bfc e69c824eb4d1447bb7df2c0f0fb586d7 9ba75f44fe0e4b8696622ae564a7f691 - - default default] delete failed (client error): The resource could not be found.
2026-05-06 06:10:43.884 9 INFO neutron.wsgi [None req-a9d7e982-a5d0-4a83-b109-a34f08a97bfc e69c824eb4d1447bb7df2c0f0fb586d7 9ba75f44fe0e4b8696622ae564a7f691 - - default default] 10.0.0.107 "DELETE /v2.0/floatingips/fa1345e7-24fa-4331-86a4-45e8d9e434f2/tags/green HTTP/1.1" status: 404 len: 299 time: 0.0286479
2026-05-06 06:10:43.924 9 INFO neutron.wsgi [None req-a584f026-84f5-47e8-a6ea-d6a245a4c4fd e69c824eb4d1447bb7df2c0f0fb586d7 9ba75f44fe0e4b8696622ae564a7f691 - - default default] 10.0.0.107 "DELETE /v2.0/floatingips/fa1345e7-24fa-4331-86a4-45e8d9e434f2/tags HTTP/1.1" status: 204 len: 168 time: 0.0348685
2026-05-06 06:10:43.951 9 INFO neutron.wsgi [None req-cf644805-1940-46c9-a574-071e38d595f5 e69c824eb4d1447bb7df2c0f0fb586d7 9ba75f44fe0e4b8696622ae564a7f691 - - default default] 10.0.0.107 "GET /v2.0/floatingips/fa1345e7-24fa-4331-86a4-45e8d9e434f2/tags HTTP/1.1" status: 200 len: 205 time: 0.0237670
2026-05-06 06:10:43.960 10 INFO neutron.wsgi [req-110b4cb0-7fe7-4b57-87e1-fb132bfa2d95 req-396338e0-a65e-4735-a53b-590f5b14b633 8129487ce379429cada7c835d4f2ecd1 cd93dd1aabe2486ab9b0e223f5d9f8cb - - default default] 10.0.0.201 "GET /v2.0/ports?tenant_id=cd93dd1aabe2486ab9b0e223f5d9f8cb&fields=id HTTP/1.1" status: 200 len: 486 time: 0.5484238
2026-05-06 06:10:43.965 10 INFO neutron.db.ovn_revision_numbers_db [None req-cae942b4-5ad1-47d2-bd8d-411e52a87f2a 270e8126c99640c0bf4206fb440f0008 8b274534e0ec4cd5afc50ea942255d43 - - default default] Successfully bumped revision number for resource bdab247b-24a5-4b4e-a89f-faf36b065ea3 (type: security_groups) to 1
2026-05-06 06:10:43.984 10 INFO neutron.db.ovn_revision_numbers_db [None req-cae942b4-5ad1-47d2-bd8d-411e52a87f2a 270e8126c99640c0bf4206fb440f0008 8b274534e0ec4cd5afc50ea942255d43 - - default default] Successfully bumped revision number for resource 11f05eab-cd2d-49fe-9747-92d1e2e99a50 (type: security_group_rules) to 0
2026-05-06 06:10:44.025 10 INFO neutron.db.ovn_revision_numbers_db [None req-cae942b4-5ad1-47d2-bd8d-411e52a87f2a 270e8126c99640c0bf4206fb440f0008 8b274534e0ec4cd5afc50ea942255d43 - - default default] Successfully bumped revision number for resource 266ccb79-2f62-41a5-8730-6998aebeadf4 (type: security_group_rules) to 0
2026-05-06 06:10:44.048 10 INFO neutron.wsgi [req-110b4cb0-7fe7-4b57-87e1-fb132bfa2d95 req-c741ee0a-f201-4bbe-8e30-628e3a283e8c 120372f8f5a84ce4a95b6bf6c77dd802 cebf464594b14c8a99ec438588facc58 - - e0cb39f46a7f4fbcb7c65298a0ad7f9a e0cb39f46a7f4fbcb7c65298a0ad7f9a] 10.0.0.201 "GET /v2.0/networks/c20ab878-3466-44b4-af29-d65739937978?fields=segments HTTP/1.1" status: 200 len: 212 time: 0.0730858
2026-05-06 06:10:44.055 10 INFO neutron.db.ovn_revision_numbers_db [None req-cae942b4-5ad1-47d2-bd8d-411e52a87f2a 270e8126c99640c0bf4206fb440f0008 8b274534e0ec4cd5afc50ea942255d43 - - default default] Successfully bumped revision number for resource 2cd49a78-0980-4b32-b201-bf8e21c0dac5 (type: security_group_rules) to 0
2026-05-06 06:10:44.090 10 INFO neutron.db.ovn_revision_numbers_db [None req-cae942b4-5ad1-47d2-bd8d-411e52a87f2a 270e8126c99640c0bf4206fb440f0008 8b274534e0ec4cd5afc50ea942255d43 - - default default] Successfully bumped revision number for resource ce8a188d-98ae-4a5d-b391-1a56caa5bca6 (type: security_group_rules) to 0
2026-05-06 06:10:44.104 10 INFO neutron.wsgi [None req-404c889b-fc15-43a1-8545-5529a6a3124f be9edd3a12dc424a9f86361ee6a4eb7f 044d79b4abe44b919adec1ff9e6be248 - - default default] 10.0.0.107 "DELETE /v2.0/ports/1f901d8a-d230-4dc3-9ef9-2a98f2b61e57 HTTP/1.1" status: 204 len: 168 time: 0.6869771
2026-05-06 06:10:44.123 10 INFO neutron.wsgi [req-110b4cb0-7fe7-4b57-87e1-fb132bfa2d95 req-cf2c625a-2caa-4461-b208-67d39fdcfb9b 120372f8f5a84ce4a95b6bf6c77dd802 cebf464594b14c8a99ec438588facc58 - - e0cb39f46a7f4fbcb7c65298a0ad7f9a e0cb39f46a7f4fbcb7c65298a0ad7f9a] 10.0.0.201 "GET /v2.0/networks/c20ab878-3466-44b4-af29-d65739937978?fields=provider%3Aphysical_network&fields=provider%3Anetwork_type HTTP/1.1" status: 200 len: 277 time: 0.0671804
2026-05-06 06:10:44.124 9 INFO neutron.pecan_wsgi.hooks.translation [None req-db49af71-9cfc-4add-b545-7802ff49766f be9edd3a12dc424a9f86361ee6a4eb7f 044d79b4abe44b919adec1ff9e6be248 - - default default] DELETE failed (client error): The resource could not be found.
2026-05-06 06:10:44.127 9 INFO neutron.wsgi [None req-db49af71-9cfc-4add-b545-7802ff49766f be9edd3a12dc424a9f86361ee6a4eb7f 044d79b4abe44b919adec1ff9e6be248 - - default default] 10.0.0.107 "DELETE /v2.0/ports/1f901d8a-d230-4dc3-9ef9-2a98f2b61e57 HTTP/1.1" status: 404 len: 333 time: 0.0177352
2026-05-06 06:10:44.148 10 INFO neutron.pecan_wsgi.hooks.translation [None req-a91e652b-33ba-4c53-b29a-db5d07ebb1c9 be9edd3a12dc424a9f86361ee6a4eb7f 044d79b4abe44b919adec1ff9e6be248 - - default default] GET failed (client error): The resource could not be found.
2026-05-06 06:10:44.150 10 INFO neutron.wsgi [None req-a91e652b-33ba-4c53-b29a-db5d07ebb1c9 be9edd3a12dc424a9f86361ee6a4eb7f 044d79b4abe44b919adec1ff9e6be248 - - default default] 10.0.0.107 "GET /v2.0/ports/1f901d8a-d230-4dc3-9ef9-2a98f2b61e57 HTTP/1.1" status: 404 len: 333 time: 0.0183790
2026-05-06 06:10:44.154 10 INFO neutron.db.segments_db [None req-cae942b4-5ad1-47d2-bd8d-411e52a87f2a 270e8126c99640c0bf4206fb440f0008 8b274534e0ec4cd5afc50ea942255d43 - - default default] Added segment 89af47b9-88af-4dcc-b794-f9cf793b3ebf of type geneve for network aa28885c-5daa-4e85-b841-3ead829baf1f
2026-05-06 06:10:44.259 9 INFO neutron.wsgi [req-d26b6485-1ec9-460a-af3a-6aa91afdd47c req-508cbab6-f923-43e6-ba48-7c594d6c2622 8129487ce379429cada7c835d4f2ecd1 cd93dd1aabe2486ab9b0e223f5d9f8cb - - default default] 10.0.0.201 "GET /v2.0/ports?device_id=fba8d1a2-b3c3-4261-8890-9f16887a5ee4 HTTP/1.1" status: 200 len: 210 time: 0.0188422
2026-05-06 06:10:44.307 9 INFO neutron.wsgi [None req-94378c29-057b-4152-aa70-3718f0b99895 e69c824eb4d1447bb7df2c0f0fb586d7 9ba75f44fe0e4b8696622ae564a7f691 - - default default] 10.0.0.107 "DELETE /v2.0/floatingips/fa1345e7-24fa-4331-86a4-45e8d9e434f2 HTTP/1.1" status: 204 len: 168 time: 0.3519380
2026-05-06 06:10:44.333 10 INFO neutron.db.ovn_revision_numbers_db [None req-cae942b4-5ad1-47d2-bd8d-411e52a87f2a 270e8126c99640c0bf4206fb440f0008 8b274534e0ec4cd5afc50ea942255d43 - - default default] Successfully bumped revision number for resource aa28885c-5daa-4e85-b841-3ead829baf1f (type: networks) to 1
2026-05-06 06:10:44.406 10 INFO neutron.wsgi [None req-709faa31-bb9c-4722-b3e4-c562207f5bed be9edd3a12dc424a9f86361ee6a4eb7f 044d79b4abe44b919adec1ff9e6be248 - - default default] 10.0.0.107 "DELETE /v2.0/subnets/67b2d4a3-9536-4b6d-b5ef-e207fa786df3 HTTP/1.1" status: 204 len: 168 time: 0.2527313
2026-05-06 06:10:44.554 10 WARNING neutron.scheduler.dhcp_agent_scheduler [None req-cae942b4-5ad1-47d2-bd8d-411e52a87f2a 270e8126c99640c0bf4206fb440f0008 8b274534e0ec4cd5afc50ea942255d43 - - default default] No more DHCP agents
2026-05-06 06:10:44.558 10 WARNING neutron.api.rpc.agentnotifiers.dhcp_rpc_agent_api [None req-cae942b4-5ad1-47d2-bd8d-411e52a87f2a 270e8126c99640c0bf4206fb440f0008 8b274534e0ec4cd5afc50ea942255d43 - - default default] Unable to schedule network aa28885c-5daa-4e85-b841-3ead829baf1f: no agents available; will retry on subsequent port and subnet creation events.
2026-05-06 06:10:44.668 10 INFO neutron.db.ovn_revision_numbers_db [None req-cae942b4-5ad1-47d2-bd8d-411e52a87f2a 270e8126c99640c0bf4206fb440f0008 8b274534e0ec4cd5afc50ea942255d43 - - default default] Successfully bumped revision number for resource b2e84c8c-2be3-4682-90b9-9429099c9e40 (type: ports) to 1
2026-05-06 06:10:44.692 10 INFO neutron.wsgi [None req-cae942b4-5ad1-47d2-bd8d-411e52a87f2a 270e8126c99640c0bf4206fb440f0008 8b274534e0ec4cd5afc50ea942255d43 - - default default] 10.0.0.107 "POST /v2.0/networks HTTP/1.1" status: 201 len: 943 time: 1.2538316
2026-05-06 06:10:44.852 10 INFO neutron.services.segments.plugin [-] Segment ea7648ed-a803-4827-8a04-59c87ffc19d9 resource provider aggregate not found
2026-05-06 06:10:44.855 10 INFO neutron.services.segments.plugin [-] Segment ea7648ed-a803-4827-8a04-59c87ffc19d9 resource provider aggregate not found
2026-05-06 06:10:44.876 10 INFO neutron.services.segments.plugin [-] Segment ea7648ed-a803-4827-8a04-59c87ffc19d9 resource provider not found; error: Placement Client Error (4xx): {"errors": [{"status": 404, "title": "Not Found", "detail": "The resource could not be found.\n\n No resource provider with uuid ea7648ed-a803-4827-8a04-59c87ffc19d9 found for delete ", "request_id": "req-eb6772f1-4934-409c-9417-c76145681583"}]}
2026-05-06 06:10:44.877 10 INFO neutron.services.segments.plugin [-] Segment ea7648ed-a803-4827-8a04-59c87ffc19d9 resource provider not found; error: Placement Client Error (4xx): {"errors": [{"status": 404, "title": "Not Found", "detail": "The resource could not be found.\n\n No resource provider with uuid ea7648ed-a803-4827-8a04-59c87ffc19d9 found for delete ", "request_id": "req-e29e0e73-f198-480a-84b9-92aded4a2fcc"}]}
2026-05-06 06:10:44.880 9 WARNING neutron.scheduler.dhcp_agent_scheduler [None req-3ebfc3cd-6842-4561-9430-3eaabdad9d96 270e8126c99640c0bf4206fb440f0008 8b274534e0ec4cd5afc50ea942255d43 - - default default] No more DHCP agents
2026-05-06 06:10:44.888 9 WARNING neutron.api.rpc.agentnotifiers.dhcp_rpc_agent_api [None req-3ebfc3cd-6842-4561-9430-3eaabdad9d96 270e8126c99640c0bf4206fb440f0008 8b274534e0ec4cd5afc50ea942255d43 - - default default] Unable to schedule network aa28885c-5daa-4e85-b841-3ead829baf1f: no agents available; will retry on subsequent port and subnet creation events.
2026-05-06 06:10:44.897 10 INFO neutron.wsgi [None req-e79cbd51-d4c9-40e8-affe-4f4f31f2395e be9edd3a12dc424a9f86361ee6a4eb7f 044d79b4abe44b919adec1ff9e6be248 - - default default] 10.0.0.107 "DELETE /v2.0/networks/5530c040-84b6-4cff-a0da-fa08720dfc50 HTTP/1.1" status: 204 len: 168 time: 0.4839921
2026-05-06 06:10:45.026 10 INFO neutron.db.segments_db [None req-5be0b765-2a2a-43e8-accd-35abc7cd7d86 be9edd3a12dc424a9f86361ee6a4eb7f 044d79b4abe44b919adec1ff9e6be248 - - default default] Added segment 934513a2-946a-48a8-88e7-6f250a930a09 of type geneve for network ad711518-26b7-4acd-b9c3-33ed982cabf4
2026-05-06 06:10:45.043 10 INFO neutron.wsgi [req-110b4cb0-7fe7-4b57-87e1-fb132bfa2d95 req-a7a62586-e00b-43f9-9049-0334497793ab 8129487ce379429cada7c835d4f2ecd1 cd93dd1aabe2486ab9b0e223f5d9f8cb - - default default] 199.19.213.86 "GET /v2.0/networks?id=c20ab878-3466-44b4-af29-d65739937978 HTTP/1.1" status: 200 len: 904 time: 0.0853026
2026-05-06 06:10:45.116 10 INFO neutron.wsgi [req-110b4cb0-7fe7-4b57-87e1-fb132bfa2d95 req-a3f94d35-caa5-4d2e-9fc0-0ee049529bda 8129487ce379429cada7c835d4f2ecd1 cd93dd1aabe2486ab9b0e223f5d9f8cb - - default default] 199.19.213.86 "GET /v2.0/security-groups?fields=id&fields=name&tenant_id=cd93dd1aabe2486ab9b0e223f5d9f8cb HTTP/1.1" status: 200 len: 377 time: 0.0666783
2026-05-06 06:10:45.248 10 INFO neutron.db.ovn_revision_numbers_db [None req-5be0b765-2a2a-43e8-accd-35abc7cd7d86 be9edd3a12dc424a9f86361ee6a4eb7f 044d79b4abe44b919adec1ff9e6be248 - - default default] Successfully bumped revision number for resource ad711518-26b7-4acd-b9c3-33ed982cabf4 (type: networks) to 1
2026-05-06 06:10:45.383 9 INFO neutron.db.ovn_revision_numbers_db [None req-871f962d-7ec6-4b62-a2d1-f7520ce5df20 270e8126c99640c0bf4206fb440f0008 8b274534e0ec4cd5afc50ea942255d43 - - default default] Successfully bumped revision number for resource 39c531da-089f-4055-85b8-b03d0804e79b (type: security_groups) to 1
2026-05-06 06:10:45.406 9 INFO neutron.db.ovn_revision_numbers_db [None req-871f962d-7ec6-4b62-a2d1-f7520ce5df20 270e8126c99640c0bf4206fb440f0008 8b274534e0ec4cd5afc50ea942255d43 - - default default] Successfully bumped revision number for resource 1e82d965-72d0-43f3-89ad-cdf75582ce70 (type: security_group_rules) to 0
2026-05-06 06:10:45.422 9 INFO neutron.db.ovn_revision_numbers_db [None req-871f962d-7ec6-4b62-a2d1-f7520ce5df20 270e8126c99640c0bf4206fb440f0008 8b274534e0ec4cd5afc50ea942255d43 - - default default] Successfully bumped revision number for resource 48ad4014-1cbc-4e26-ad85-585af6b9675e (type: security_group_rules) to 0
2026-05-06 06:10:45.424 9 INFO neutron.db.ovn_revision_numbers_db [None req-3ebfc3cd-6842-4561-9430-3eaabdad9d96 270e8126c99640c0bf4206fb440f0008 8b274534e0ec4cd5afc50ea942255d43 - - default default] Successfully bumped revision number for resource b2e84c8c-2be3-4682-90b9-9429099c9e40 (type: ports) to 2
2026-05-06 06:10:45.436 9 INFO neutron.db.ovn_revision_numbers_db [None req-871f962d-7ec6-4b62-a2d1-f7520ce5df20 270e8126c99640c0bf4206fb440f0008 8b274534e0ec4cd5afc50ea942255d43 - - default default] Successfully bumped revision number for resource bf90499a-f1ac-4ce6-ac18-f1f0f5507fee (type: security_group_rules) to 0
2026-05-06 06:10:45.463 9 INFO neutron.db.ovn_revision_numbers_db [None req-871f962d-7ec6-4b62-a2d1-f7520ce5df20 270e8126c99640c0bf4206fb440f0008 8b274534e0ec4cd5afc50ea942255d43 - - default default] Successfully bumped revision number for resource de40596b-6a74-4223-be13-7f9ab8d5b05c (type: security_group_rules) to 0
2026-05-06 06:10:45.471 9 INFO neutron.db.ovn_revision_numbers_db [None req-3ebfc3cd-6842-4561-9430-3eaabdad9d96 270e8126c99640c0bf4206fb440f0008 8b274534e0ec4cd5afc50ea942255d43 - - default default] Successfully bumped revision number for resource 64d8b86f-a0b6-49f5-a81c-31bd6946f266 (type: subnets) to 0
2026-05-06 06:10:45.487 10 WARNING neutron.scheduler.dhcp_agent_scheduler [None req-5be0b765-2a2a-43e8-accd-35abc7cd7d86 be9edd3a12dc424a9f86361ee6a4eb7f 044d79b4abe44b919adec1ff9e6be248 - - default default] No more DHCP agents
2026-05-06 06:10:45.491 10 WARNING neutron.api.rpc.agentnotifiers.dhcp_rpc_agent_api [None req-5be0b765-2a2a-43e8-accd-35abc7cd7d86 be9edd3a12dc424a9f86361ee6a4eb7f 044d79b4abe44b919adec1ff9e6be248 - - default default] Unable to schedule network ad711518-26b7-4acd-b9c3-33ed982cabf4: no agents available; will retry on subsequent port and subnet creation events.
2026-05-06 06:10:45.492 9 INFO neutron.wsgi [None req-871f962d-7ec6-4b62-a2d1-f7520ce5df20 270e8126c99640c0bf4206fb440f0008 8b274534e0ec4cd5afc50ea942255d43 - - default default] 10.0.0.107 "GET /v2.0/security-groups?tenant_id=9ba75f44fe0e4b8696622ae564a7f691&name=default HTTP/1.1" status: 200 len: 2996 time: 0.4537838
2026-05-06 06:10:45.494 9 INFO neutron.wsgi [None req-3ebfc3cd-6842-4561-9430-3eaabdad9d96 270e8126c99640c0bf4206fb440f0008 8b274534e0ec4cd5afc50ea942255d43 - - default default] 10.0.0.107 "POST /v2.0/subnets HTTP/1.1" status: 201 len: 863 time: 0.7921290
2026-05-06 06:10:45.607 10 INFO neutron.db.ovn_revision_numbers_db [None req-5be0b765-2a2a-43e8-accd-35abc7cd7d86 be9edd3a12dc424a9f86361ee6a4eb7f 044d79b4abe44b919adec1ff9e6be248 - - default default] Successfully bumped revision number for resource b1a60e5e-05cf-4a35-a1f4-5b224dc347ca (type: ports) to 1
2026-05-06 06:10:45.634 10 INFO neutron.wsgi [None req-5be0b765-2a2a-43e8-accd-35abc7cd7d86 be9edd3a12dc424a9f86361ee6a4eb7f 044d79b4abe44b919adec1ff9e6be248 - - default default] 10.0.0.107 "POST /v2.0/networks HTTP/1.1" status: 201 len: 834 time: 0.7271667
2026-05-06 06:10:45.653 10 WARNING neutron.scheduler.dhcp_agent_scheduler [req-110b4cb0-7fe7-4b57-87e1-fb132bfa2d95 req-ef691fda-5c1b-4060-b906-3fd7a16426ea 8129487ce379429cada7c835d4f2ecd1 cd93dd1aabe2486ab9b0e223f5d9f8cb - - default default] No more DHCP agents
2026-05-06 06:10:45.657 10 WARNING neutron.api.rpc.agentnotifiers.dhcp_rpc_agent_api [req-110b4cb0-7fe7-4b57-87e1-fb132bfa2d95 req-ef691fda-5c1b-4060-b906-3fd7a16426ea 8129487ce379429cada7c835d4f2ecd1 cd93dd1aabe2486ab9b0e223f5d9f8cb - - default default] Unable to schedule network c20ab878-3466-44b4-af29-d65739937978: no agents available; will retry on subsequent port and subnet creation events.
2026-05-06 06:10:45.816 10 INFO neutron.db.ovn_revision_numbers_db [req-110b4cb0-7fe7-4b57-87e1-fb132bfa2d95 req-ef691fda-5c1b-4060-b906-3fd7a16426ea 8129487ce379429cada7c835d4f2ecd1 cd93dd1aabe2486ab9b0e223f5d9f8cb - - default default] Successfully bumped revision number for resource f8bb1e81-b381-4e02-9799-7f0257a61eec (type: ports) to 1
2026-05-06 06:10:45.839 10 INFO neutron.wsgi [req-110b4cb0-7fe7-4b57-87e1-fb132bfa2d95 req-ef691fda-5c1b-4060-b906-3fd7a16426ea 8129487ce379429cada7c835d4f2ecd1 cd93dd1aabe2486ab9b0e223f5d9f8cb - - default default] 199.19.213.86 "POST /v2.0/ports HTTP/1.1" status: 201 len: 1384 time: 0.7154081 /var/lib/openstack/lib/python3.10/site-packages/pycadf/identifier.py:71: UserWarning: Invalid uuid: neutron. To ensure interoperability, identifiers should be a valid uuid. warnings.warn(('Invalid uuid: %s. To ensure interoperability, '
2026-05-06 06:10:46.081 9 INFO neutron.wsgi [None req-c38b6a98-2bc2-41c4-9c2f-325ca86fbfe6 270e8126c99640c0bf4206fb440f0008 8b274534e0ec4cd5afc50ea942255d43 - - default default] 10.0.0.107 "DELETE /v2.0/security-groups/39c531da-089f-4055-85b8-b03d0804e79b HTTP/1.1" status: 204 len: 168 time: 0.5830119
2026-05-06 06:10:46.204 9 WARNING neutron.scheduler.dhcp_agent_scheduler [None req-5a48a3e9-a5cc-4580-8a10-dd944e172366 be9edd3a12dc424a9f86361ee6a4eb7f 044d79b4abe44b919adec1ff9e6be248 - - default default] No more DHCP agents
2026-05-06 06:10:46.207 9 WARNING neutron.api.rpc.agentnotifiers.dhcp_rpc_agent_api [None req-5a48a3e9-a5cc-4580-8a10-dd944e172366 be9edd3a12dc424a9f86361ee6a4eb7f 044d79b4abe44b919adec1ff9e6be248 - - default default] Unable to schedule network ad711518-26b7-4acd-b9c3-33ed982cabf4: no agents available; will retry on subsequent port and subnet creation events.
2026-05-06 06:10:46.262 9 INFO neutron.db.ovn_revision_numbers_db [None req-5a48a3e9-a5cc-4580-8a10-dd944e172366 be9edd3a12dc424a9f86361ee6a4eb7f 044d79b4abe44b919adec1ff9e6be248 - - default default] Successfully bumped revision number for resource f71dd8ed-2b93-4ff1-8864-7cb1a66bfabf (type: subnets) to 0
2026-05-06 06:10:46.278 9 INFO neutron.wsgi [None req-5a48a3e9-a5cc-4580-8a10-dd944e172366 be9edd3a12dc424a9f86361ee6a4eb7f 044d79b4abe44b919adec1ff9e6be248 - - default default] 10.0.0.107 "POST /v2.0/subnets HTTP/1.1" status: 201 len: 821 time: 0.6355565
2026-05-06 06:10:46.348 10 INFO neutron.db.ovn_revision_numbers_db [None req-d9b9df4f-1415-4ebb-a53f-f6121c5e69e3 270e8126c99640c0bf4206fb440f0008 8b274534e0ec4cd5afc50ea942255d43 - - default default] Successfully bumped revision number for resource 4a388ead-b0f6-421d-941d-7727abed91e6 (type: security_groups) to 1
2026-05-06 06:10:46.350 9 WARNING neutron.scheduler.dhcp_agent_scheduler [None req-dd18052a-ca2c-4702-af7d-35d279ab6490 270e8126c99640c0bf4206fb440f0008 8b274534e0ec4cd5afc50ea942255d43 - - default default] No more DHCP agents
2026-05-06 06:10:46.367 9 WARNING neutron.api.rpc.agentnotifiers.dhcp_rpc_agent_api [None req-dd18052a-ca2c-4702-af7d-35d279ab6490 270e8126c99640c0bf4206fb440f0008 8b274534e0ec4cd5afc50ea942255d43 - - default default] Unable to schedule network 5e9d6caf-82fb-4055-909e-b1e6c200b218: no agents available; will retry on subsequent port and subnet creation events.
2026-05-06 06:10:46.372 10 INFO neutron.db.ovn_revision_numbers_db [None req-d9b9df4f-1415-4ebb-a53f-f6121c5e69e3 270e8126c99640c0bf4206fb440f0008 8b274534e0ec4cd5afc50ea942255d43 - - default default] Successfully bumped revision number for resource 0dd260a1-8629-45df-8312-637ae1d2fdfb (type: security_group_rules) to 0
2026-05-06 06:10:46.378 10 INFO neutron.db.ovn_revision_numbers_db [req-110b4cb0-7fe7-4b57-87e1-fb132bfa2d95 req-ea26a3ec-ef01-4936-8d85-d8bf8d64c73c 120372f8f5a84ce4a95b6bf6c77dd802 cebf464594b14c8a99ec438588facc58 - - e0cb39f46a7f4fbcb7c65298a0ad7f9a e0cb39f46a7f4fbcb7c65298a0ad7f9a] Successfully bumped revision number for resource f8bb1e81-b381-4e02-9799-7f0257a61eec (type: ports) to 2
2026-05-06 06:10:46.385 10 INFO neutron.db.ovn_revision_numbers_db [None req-d9b9df4f-1415-4ebb-a53f-f6121c5e69e3 270e8126c99640c0bf4206fb440f0008 8b274534e0ec4cd5afc50ea942255d43 - - default default] Successfully bumped revision number for resource 9331a65b-9a70-4740-b65f-aa250da72645 (type: security_group_rules) to 0
2026-05-06 06:10:46.398 10 INFO neutron.db.ovn_revision_numbers_db [None req-d9b9df4f-1415-4ebb-a53f-f6121c5e69e3 270e8126c99640c0bf4206fb440f0008 8b274534e0ec4cd5afc50ea942255d43 - - default default] Successfully bumped revision number for resource a3c38ab5-3113-4570-b33b-42d9e155e88e (type: security_group_rules) to 0
2026-05-06 06:10:46.421 10 INFO neutron.db.ovn_revision_numbers_db [None req-d9b9df4f-1415-4ebb-a53f-f6121c5e69e3 270e8126c99640c0bf4206fb440f0008 8b274534e0ec4cd5afc50ea942255d43 - - default default] Successfully bumped revision number for resource aedb63f9-930e-4313-9443-a194c0e429d0 (type: security_group_rules) to 0
2026-05-06 06:10:46.454 10 INFO neutron.wsgi [None req-d9b9df4f-1415-4ebb-a53f-f6121c5e69e3 270e8126c99640c0bf4206fb440f0008 8b274534e0ec4cd5afc50ea942255d43 - - default default] 10.0.0.107 "GET /v2.0/security-groups?tenant_id=930a782b834d4147a6fd550ee38dd738&name=default HTTP/1.1" status: 200 len: 2996 time: 0.2748277 /var/lib/openstack/lib/python3.10/site-packages/pycadf/identifier.py:71: UserWarning: Invalid uuid: neutron. To ensure interoperability, identifiers should be a valid uuid. warnings.warn(('Invalid uuid: %s. To ensure interoperability, '
2026-05-06 06:10:46.571 9 INFO neutron.db.ovn_revision_numbers_db [None req-dd18052a-ca2c-4702-af7d-35d279ab6490 270e8126c99640c0bf4206fb440f0008 8b274534e0ec4cd5afc50ea942255d43 - - default default] Successfully bumped revision number for resource 0eb465be-bfce-4472-87cc-d7676d429cad (type: ports) to 1
2026-05-06 06:10:46.598 10 INFO neutron.db.ovn_revision_numbers_db [req-110b4cb0-7fe7-4b57-87e1-fb132bfa2d95 req-ea26a3ec-ef01-4936-8d85-d8bf8d64c73c 120372f8f5a84ce4a95b6bf6c77dd802 cebf464594b14c8a99ec438588facc58 - - e0cb39f46a7f4fbcb7c65298a0ad7f9a e0cb39f46a7f4fbcb7c65298a0ad7f9a] Successfully bumped revision number for resource f8bb1e81-b381-4e02-9799-7f0257a61eec (type: ports) to 2
