2026-05-06 06:11:31.245 9 INFO neutron.db.ovn_revision_numbers_db [None req-b223b6a1-c947-484e-9593-2509da05ad49 4a807808cf6d407a9921697eeb0b865c 28398de6dc8645dba73109dade3d2781 - - default default] Successfully bumped revision number for resource 6605444f-3f76-4629-bb9a-33a84cd95a98 (type: security_group_rules) to 0
2026-05-06 06:11:31.260 9 INFO neutron.db.ovn_revision_numbers_db [None req-b223b6a1-c947-484e-9593-2509da05ad49 4a807808cf6d407a9921697eeb0b865c 28398de6dc8645dba73109dade3d2781 - - default default] Successfully bumped revision number for resource 7096a207-9317-4bde-83b2-1ccc9f9a2f66 (type: security_group_rules) to 0
2026-05-06 06:11:31.306 9 INFO neutron.db.segments_db [None req-b223b6a1-c947-484e-9593-2509da05ad49 4a807808cf6d407a9921697eeb0b865c 28398de6dc8645dba73109dade3d2781 - - default default] Added segment ce5f4e4f-f368-4223-9aa6-ebeab2d18534 of type geneve for network 4d4febed-d282-48d0-8292-5a7423484990
2026-05-06 06:11:31.446 9 INFO neutron.db.ovn_revision_numbers_db [None req-b223b6a1-c947-484e-9593-2509da05ad49 4a807808cf6d407a9921697eeb0b865c 28398de6dc8645dba73109dade3d2781 - - default default] Successfully bumped revision number for resource 4d4febed-d282-48d0-8292-5a7423484990 (type: networks) to 1
2026-05-06 06:11:31.616 9 WARNING neutron.scheduler.dhcp_agent_scheduler [None req-b223b6a1-c947-484e-9593-2509da05ad49 4a807808cf6d407a9921697eeb0b865c 28398de6dc8645dba73109dade3d2781 - - default default] No more DHCP agents
2026-05-06 06:11:31.619 9 WARNING neutron.api.rpc.agentnotifiers.dhcp_rpc_agent_api [None req-b223b6a1-c947-484e-9593-2509da05ad49 4a807808cf6d407a9921697eeb0b865c 28398de6dc8645dba73109dade3d2781 - - default default] Unable to schedule network 4d4febed-d282-48d0-8292-5a7423484990: no agents available; will retry on subsequent port and subnet creation events.
2026-05-06 06:11:31.683 9 INFO neutron.db.ovn_revision_numbers_db [None req-b223b6a1-c947-484e-9593-2509da05ad49 4a807808cf6d407a9921697eeb0b865c 28398de6dc8645dba73109dade3d2781 - - default default] Successfully bumped revision number for resource 49221a5d-6176-4cdb-9124-0cc34a1dbdab (type: ports) to 1
2026-05-06 06:11:31.701 9 INFO neutron.wsgi [None req-b223b6a1-c947-484e-9593-2509da05ad49 4a807808cf6d407a9921697eeb0b865c 28398de6dc8645dba73109dade3d2781 - - default default] 10.0.0.107 "POST /v2.0/networks HTTP/1.1" status: 201 len: 831 time: 0.8039501
2026-05-06 06:11:31.887 9 WARNING neutron.scheduler.dhcp_agent_scheduler [None req-2e2a4375-06fa-4fe1-ac75-85778935f051 4a807808cf6d407a9921697eeb0b865c 28398de6dc8645dba73109dade3d2781 - - default default] No more DHCP agents
2026-05-06 06:11:31.889 9 WARNING neutron.api.rpc.agentnotifiers.dhcp_rpc_agent_api [None req-2e2a4375-06fa-4fe1-ac75-85778935f051 4a807808cf6d407a9921697eeb0b865c 28398de6dc8645dba73109dade3d2781 - - default default] Unable to schedule network 4d4febed-d282-48d0-8292-5a7423484990: no agents available; will retry on subsequent port and subnet creation events.
2026-05-06 06:11:31.957 9 INFO neutron.db.ovn_revision_numbers_db [None req-2e2a4375-06fa-4fe1-ac75-85778935f051 4a807808cf6d407a9921697eeb0b865c 28398de6dc8645dba73109dade3d2781 - - default default] Successfully bumped revision number for resource b8c78d5e-6f65-4145-9a00-caef6322bdfb (type: ports) to 1
2026-05-06 06:11:31.982 9 INFO neutron.wsgi [None req-2e2a4375-06fa-4fe1-ac75-85778935f051 4a807808cf6d407a9921697eeb0b865c 28398de6dc8645dba73109dade3d2781 - - default default] 10.0.0.107 "POST /v2.0/ports HTTP/1.1" status: 201 len: 942 time: 0.2761962 /var/lib/openstack/lib/python3.10/site-packages/pycadf/identifier.py:71: UserWarning: Invalid uuid: neutron. To ensure interoperability, identifiers should be a valid uuid. warnings.warn(('Invalid uuid: %s. To ensure interoperability, '
2026-05-06 06:11:32.059 9 INFO neutron.db.segments_db [None req-5d0e4155-5052-4de2-921b-f9e4a25eeb7c 4a807808cf6d407a9921697eeb0b865c 28398de6dc8645dba73109dade3d2781 - - default default] Added segment a5f7482a-dd32-4602-9cf1-f353515a86b6 of type geneve for network fa4da41c-2604-4404-a5db-bbcb89fb6f15
2026-05-06 06:11:32.185 9 INFO neutron.db.ovn_revision_numbers_db [None req-5d0e4155-5052-4de2-921b-f9e4a25eeb7c 4a807808cf6d407a9921697eeb0b865c 28398de6dc8645dba73109dade3d2781 - - default default] Successfully bumped revision number for resource fa4da41c-2604-4404-a5db-bbcb89fb6f15 (type: networks) to 1
2026-05-06 06:11:32.371 9 WARNING neutron.scheduler.dhcp_agent_scheduler [None req-5d0e4155-5052-4de2-921b-f9e4a25eeb7c 4a807808cf6d407a9921697eeb0b865c 28398de6dc8645dba73109dade3d2781 - - default default] No more DHCP agents
2026-05-06 06:11:32.374 9 WARNING neutron.api.rpc.agentnotifiers.dhcp_rpc_agent_api [None req-5d0e4155-5052-4de2-921b-f9e4a25eeb7c 4a807808cf6d407a9921697eeb0b865c 28398de6dc8645dba73109dade3d2781 - - default default] Unable to schedule network fa4da41c-2604-4404-a5db-bbcb89fb6f15: no agents available; will retry on subsequent port and subnet creation events.
2026-05-06 06:11:32.456 9 INFO neutron.db.ovn_revision_numbers_db [None req-5d0e4155-5052-4de2-921b-f9e4a25eeb7c 4a807808cf6d407a9921697eeb0b865c 28398de6dc8645dba73109dade3d2781 - - default default] Successfully bumped revision number for resource c6f82f50-39af-487f-9e3a-bc7e7981e453 (type: ports) to 1
2026-05-06 06:11:32.476 9 INFO neutron.wsgi [None req-5d0e4155-5052-4de2-921b-f9e4a25eeb7c 4a807808cf6d407a9921697eeb0b865c 28398de6dc8645dba73109dade3d2781 - - default default] 10.0.0.107 "POST /v2.0/networks HTTP/1.1" status: 201 len: 830 time: 0.4904382
2026-05-06 06:11:32.725 9 WARNING neutron.scheduler.dhcp_agent_scheduler [None req-7ba8a61c-be4a-4f51-87ff-1a5c9baa6eee 4a807808cf6d407a9921697eeb0b865c 28398de6dc8645dba73109dade3d2781 - - default default] No more DHCP agents
2026-05-06 06:11:32.727 9 WARNING neutron.api.rpc.agentnotifiers.dhcp_rpc_agent_api [None req-7ba8a61c-be4a-4f51-87ff-1a5c9baa6eee 4a807808cf6d407a9921697eeb0b865c 28398de6dc8645dba73109dade3d2781 - - default default] Unable to schedule network fa4da41c-2604-4404-a5db-bbcb89fb6f15: no agents available; will retry on subsequent port and subnet creation events.
2026-05-06 06:11:32.805 9 INFO neutron.db.ovn_revision_numbers_db [None req-7ba8a61c-be4a-4f51-87ff-1a5c9baa6eee 4a807808cf6d407a9921697eeb0b865c 28398de6dc8645dba73109dade3d2781 - - default default] Successfully bumped revision number for resource 25cad99f-4109-4587-8ad3-24a846536785 (type: ports) to 1
2026-05-06 06:11:32.824 9 INFO neutron.wsgi [None req-7ba8a61c-be4a-4f51-87ff-1a5c9baa6eee 4a807808cf6d407a9921697eeb0b865c 28398de6dc8645dba73109dade3d2781 - - default default] 10.0.0.107 "POST /v2.0/ports HTTP/1.1" status: 201 len: 942 time: 0.3425026 /var/lib/openstack/lib/python3.10/site-packages/pycadf/identifier.py:71: UserWarning: Invalid uuid: neutron. To ensure interoperability, identifiers should be a valid uuid. warnings.warn(('Invalid uuid: %s. To ensure interoperability, '
2026-05-06 06:11:32.920 9 INFO neutron.db.segments_db [None req-b426c53e-3684-4905-9e89-0161d3a5505a 4a807808cf6d407a9921697eeb0b865c 28398de6dc8645dba73109dade3d2781 - - default default] Added segment 58510762-4cd8-49c7-825b-acd6a5e83596 of type geneve for network 7f20e5e7-e8b4-493e-a084-9019e16976d4
2026-05-06 06:11:33.072 9 INFO neutron.db.ovn_revision_numbers_db [None req-b426c53e-3684-4905-9e89-0161d3a5505a 4a807808cf6d407a9921697eeb0b865c 28398de6dc8645dba73109dade3d2781 - - default default] Successfully bumped revision number for resource 7f20e5e7-e8b4-493e-a084-9019e16976d4 (type: networks) to 1
2026-05-06 06:11:33.245 9 WARNING neutron.scheduler.dhcp_agent_scheduler [None req-b426c53e-3684-4905-9e89-0161d3a5505a 4a807808cf6d407a9921697eeb0b865c 28398de6dc8645dba73109dade3d2781 - - default default] No more DHCP agents
2026-05-06 06:11:33.247 9 WARNING neutron.api.rpc.agentnotifiers.dhcp_rpc_agent_api [None req-b426c53e-3684-4905-9e89-0161d3a5505a 4a807808cf6d407a9921697eeb0b865c 28398de6dc8645dba73109dade3d2781 - - default default] Unable to schedule network 7f20e5e7-e8b4-493e-a084-9019e16976d4: no agents available; will retry on subsequent port and subnet creation events.
2026-05-06 06:11:33.330 9 INFO neutron.db.ovn_revision_numbers_db [None req-b426c53e-3684-4905-9e89-0161d3a5505a 4a807808cf6d407a9921697eeb0b865c 28398de6dc8645dba73109dade3d2781 - - default default] Successfully bumped revision number for resource 644e3b24-8aaf-4b10-944f-652f0a009270 (type: ports) to 1
2026-05-06 06:11:33.354 9 INFO neutron.wsgi [None req-b426c53e-3684-4905-9e89-0161d3a5505a 4a807808cf6d407a9921697eeb0b865c 28398de6dc8645dba73109dade3d2781 - - default default] 10.0.0.107 "POST /v2.0/networks HTTP/1.1" status: 201 len: 830 time: 0.5246875
2026-05-06 06:11:33.604 9 WARNING neutron.scheduler.dhcp_agent_scheduler [None req-f12fa0a0-5085-498c-9e34-52609b149cf5 4a807808cf6d407a9921697eeb0b865c 28398de6dc8645dba73109dade3d2781 - - default default] No more DHCP agents
2026-05-06 06:11:33.606 9 WARNING neutron.api.rpc.agentnotifiers.dhcp_rpc_agent_api [None req-f12fa0a0-5085-498c-9e34-52609b149cf5 4a807808cf6d407a9921697eeb0b865c 28398de6dc8645dba73109dade3d2781 - - default default] Unable to schedule network 7f20e5e7-e8b4-493e-a084-9019e16976d4: no agents available; will retry on subsequent port and subnet creation events.
2026-05-06 06:11:33.691 9 INFO neutron.db.ovn_revision_numbers_db [None req-f12fa0a0-5085-498c-9e34-52609b149cf5 4a807808cf6d407a9921697eeb0b865c 28398de6dc8645dba73109dade3d2781 - - default default] Successfully bumped revision number for resource 461b0e2d-d18e-46a2-8d09-8b4bd8052d32 (type: ports) to 1
2026-05-06 06:11:33.715 9 INFO neutron.wsgi [None req-f12fa0a0-5085-498c-9e34-52609b149cf5 4a807808cf6d407a9921697eeb0b865c 28398de6dc8645dba73109dade3d2781 - - default default] 10.0.0.107 "POST /v2.0/ports HTTP/1.1" status: 201 len: 942 time: 0.3567488 /var/lib/openstack/lib/python3.10/site-packages/pycadf/identifier.py:71: UserWarning: Invalid uuid: neutron. To ensure interoperability, identifiers should be a valid uuid. warnings.warn(('Invalid uuid: %s. To ensure interoperability, '
2026-05-06 06:11:33.805 9 INFO neutron.db.segments_db [None req-5c2352b7-d3b1-4ac8-a21b-40c61f8089d4 4a807808cf6d407a9921697eeb0b865c 28398de6dc8645dba73109dade3d2781 - - default default] Added segment a25a578e-abe9-4439-8769-2779d1d14ee9 of type geneve for network 1c11aa05-4f1d-42fa-92e6-55f058eb531c
2026-05-06 06:11:33.962 9 INFO neutron.db.ovn_revision_numbers_db [None req-5c2352b7-d3b1-4ac8-a21b-40c61f8089d4 4a807808cf6d407a9921697eeb0b865c 28398de6dc8645dba73109dade3d2781 - - default default] Successfully bumped revision number for resource 1c11aa05-4f1d-42fa-92e6-55f058eb531c (type: networks) to 1
2026-05-06 06:11:34.128 9 WARNING neutron.scheduler.dhcp_agent_scheduler [None req-5c2352b7-d3b1-4ac8-a21b-40c61f8089d4 4a807808cf6d407a9921697eeb0b865c 28398de6dc8645dba73109dade3d2781 - - default default] No more DHCP agents
2026-05-06 06:11:34.130 9 WARNING neutron.api.rpc.agentnotifiers.dhcp_rpc_agent_api [None req-5c2352b7-d3b1-4ac8-a21b-40c61f8089d4 4a807808cf6d407a9921697eeb0b865c 28398de6dc8645dba73109dade3d2781 - - default default] Unable to schedule network 1c11aa05-4f1d-42fa-92e6-55f058eb531c: no agents available; will retry on subsequent port and subnet creation events.
2026-05-06 06:11:34.203 9 INFO neutron.db.ovn_revision_numbers_db [None req-5c2352b7-d3b1-4ac8-a21b-40c61f8089d4 4a807808cf6d407a9921697eeb0b865c 28398de6dc8645dba73109dade3d2781 - - default default] Successfully bumped revision number for resource 2039f6ff-7a36-42f7-a063-d194362f6afb (type: ports) to 1
2026-05-06 06:11:34.226 9 INFO neutron.wsgi [None req-5c2352b7-d3b1-4ac8-a21b-40c61f8089d4 4a807808cf6d407a9921697eeb0b865c 28398de6dc8645dba73109dade3d2781 - - default default] 10.0.0.107 "POST /v2.0/networks HTTP/1.1" status: 201 len: 831 time: 0.5065100
2026-05-06 06:11:34.477 9 WARNING neutron.scheduler.dhcp_agent_scheduler [None req-a737c92f-28cb-4f4b-8bf8-e20102c4f59c 4a807808cf6d407a9921697eeb0b865c 28398de6dc8645dba73109dade3d2781 - - default default] No more DHCP agents
2026-05-06 06:11:34.479 9 WARNING neutron.api.rpc.agentnotifiers.dhcp_rpc_agent_api [None req-a737c92f-28cb-4f4b-8bf8-e20102c4f59c 4a807808cf6d407a9921697eeb0b865c 28398de6dc8645dba73109dade3d2781 - - default default] Unable to schedule network 1c11aa05-4f1d-42fa-92e6-55f058eb531c: no agents available; will retry on subsequent port and subnet creation events.
2026-05-06 06:11:34.557 9 INFO neutron.db.ovn_revision_numbers_db [None req-a737c92f-28cb-4f4b-8bf8-e20102c4f59c 4a807808cf6d407a9921697eeb0b865c 28398de6dc8645dba73109dade3d2781 - - default default] Successfully bumped revision number for resource aa3d0d4b-6399-4cf8-a40c-c14ba2b3161c (type: ports) to 1
2026-05-06 06:11:34.580 9 INFO neutron.wsgi [None req-a737c92f-28cb-4f4b-8bf8-e20102c4f59c 4a807808cf6d407a9921697eeb0b865c 28398de6dc8645dba73109dade3d2781 - - default default] 10.0.0.107 "POST /v2.0/ports HTTP/1.1" status: 201 len: 942 time: 0.3487296 /var/lib/openstack/lib/python3.10/site-packages/pycadf/identifier.py:71: UserWarning: Invalid uuid: neutron. To ensure interoperability, identifiers should be a valid uuid. warnings.warn(('Invalid uuid: %s. To ensure interoperability, '
2026-05-06 06:11:34.667 9 INFO neutron.db.segments_db [None req-3f9e9d75-71d8-4446-b88d-c71abbeebcba 4a807808cf6d407a9921697eeb0b865c 28398de6dc8645dba73109dade3d2781 - - default default] Added segment 94ab3462-6b40-4596-99cb-ff57d50ec899 of type geneve for network 00067e76-8e0a-4e75-8808-c081ed7b2f01
2026-05-06 06:11:34.794 9 INFO neutron.db.ovn_revision_numbers_db [None req-3f9e9d75-71d8-4446-b88d-c71abbeebcba 4a807808cf6d407a9921697eeb0b865c 28398de6dc8645dba73109dade3d2781 - - default default] Successfully bumped revision number for resource 00067e76-8e0a-4e75-8808-c081ed7b2f01 (type: networks) to 1
2026-05-06 06:11:34.959 9 WARNING neutron.scheduler.dhcp_agent_scheduler [None req-3f9e9d75-71d8-4446-b88d-c71abbeebcba 4a807808cf6d407a9921697eeb0b865c 28398de6dc8645dba73109dade3d2781 - - default default] No more DHCP agents
2026-05-06 06:11:34.962 9 WARNING neutron.api.rpc.agentnotifiers.dhcp_rpc_agent_api [None req-3f9e9d75-71d8-4446-b88d-c71abbeebcba 4a807808cf6d407a9921697eeb0b865c 28398de6dc8645dba73109dade3d2781 - - default default] Unable to schedule network 00067e76-8e0a-4e75-8808-c081ed7b2f01: no agents available; will retry on subsequent port and subnet creation events.
2026-05-06 06:11:35.042 9 INFO neutron.db.ovn_revision_numbers_db [None req-3f9e9d75-71d8-4446-b88d-c71abbeebcba 4a807808cf6d407a9921697eeb0b865c 28398de6dc8645dba73109dade3d2781 - - default default] Successfully bumped revision number for resource bced5044-3124-44f2-a8d0-49a1a4b90f92 (type: ports) to 1
2026-05-06 06:11:35.063 9 INFO neutron.wsgi [None req-3f9e9d75-71d8-4446-b88d-c71abbeebcba 4a807808cf6d407a9921697eeb0b865c 28398de6dc8645dba73109dade3d2781 - - default default] 10.0.0.107 "POST /v2.0/networks HTTP/1.1" status: 201 len: 830 time: 0.4788911
2026-05-06 06:11:35.301 9 WARNING neutron.scheduler.dhcp_agent_scheduler [None req-f142575a-3619-42ce-937d-dcd22ce37bec 4a807808cf6d407a9921697eeb0b865c 28398de6dc8645dba73109dade3d2781 - - default default] No more DHCP agents
2026-05-06 06:11:35.303 9 WARNING neutron.api.rpc.agentnotifiers.dhcp_rpc_agent_api [None req-f142575a-3619-42ce-937d-dcd22ce37bec 4a807808cf6d407a9921697eeb0b865c 28398de6dc8645dba73109dade3d2781 - - default default] Unable to schedule network 00067e76-8e0a-4e75-8808-c081ed7b2f01: no agents available; will retry on subsequent port and subnet creation events.
2026-05-06 06:11:35.373 9 INFO neutron.db.ovn_revision_numbers_db [None req-f142575a-3619-42ce-937d-dcd22ce37bec 4a807808cf6d407a9921697eeb0b865c 28398de6dc8645dba73109dade3d2781 - - default default] Successfully bumped revision number for resource 9a1def7b-c405-4905-a866-50aea3d06f6d (type: ports) to 1
2026-05-06 06:11:35.395 9 INFO neutron.wsgi [None req-f142575a-3619-42ce-937d-dcd22ce37bec 4a807808cf6d407a9921697eeb0b865c 28398de6dc8645dba73109dade3d2781 - - default default] 10.0.0.107 "POST /v2.0/ports HTTP/1.1" status: 201 len: 942 time: 0.3266551 /var/lib/openstack/lib/python3.10/site-packages/pycadf/identifier.py:71: UserWarning: Invalid uuid: neutron. To ensure interoperability, identifiers should be a valid uuid. warnings.warn(('Invalid uuid: %s. To ensure interoperability, '
2026-05-06 06:11:35.439 9 INFO neutron.wsgi [None req-f3b801b8-1088-48da-9a04-409431f6a5b9 4a807808cf6d407a9921697eeb0b865c 28398de6dc8645dba73109dade3d2781 - - default default] 10.0.0.107 "PUT /v2.0/ports/b8c78d5e-6f65-4145-9a00-caef6322bdfb/tags HTTP/1.1" status: 200 len: 210 time: 0.0383410
2026-05-06 06:11:35.482 9 INFO neutron.wsgi [None req-047d38ec-015f-48ea-bf1a-edb8ff3310b1 4a807808cf6d407a9921697eeb0b865c 28398de6dc8645dba73109dade3d2781 - - default default] 10.0.0.107 "PUT /v2.0/ports/25cad99f-4109-4587-8ad3-24a846536785/tags HTTP/1.1" status: 200 len: 218 time: 0.0386617
2026-05-06 06:11:35.529 10 INFO neutron.wsgi [None req-624bf232-e6e0-4019-ad7c-145971ad4418 4a807808cf6d407a9921697eeb0b865c 28398de6dc8645dba73109dade3d2781 - - default default] 10.0.0.107 "PUT /v2.0/ports/461b0e2d-d18e-46a2-8d09-8b4bd8052d32/tags HTTP/1.1" status: 200 len: 227 time: 0.0419772
2026-05-06 06:11:35.566 10 INFO neutron.wsgi [None req-aebe7022-b349-427c-a37d-2748fe7b542d 4a807808cf6d407a9921697eeb0b865c 28398de6dc8645dba73109dade3d2781 - - default default] 10.0.0.107 "PUT /v2.0/ports/aa3d0d4b-6399-4cf8-a40c-c14ba2b3161c/tags HTTP/1.1" status: 200 len: 212 time: 0.0315537
2026-05-06 06:11:35.741 10 INFO neutron.wsgi [None req-80ef7898-53dd-4332-b1ef-a636bb020df4 4a807808cf6d407a9921697eeb0b865c 28398de6dc8645dba73109dade3d2781 - - default default] 10.0.0.107 "GET /v2.0/ports?tags=red HTTP/1.1" status: 200 len: 2448 time: 0.1685474
2026-05-06 06:11:35.797 10 INFO neutron.wsgi [None req-31bab6d9-a6da-4324-a0c5-2f87419cf037 4a807808cf6d407a9921697eeb0b865c 28398de6dc8645dba73109dade3d2781 - - default default] 10.0.0.107 "GET /v2.0/ports?tags=red%2Cblue HTTP/1.1" status: 200 len: 1708 time: 0.0497065
2026-05-06 06:11:35.856 10 INFO neutron.wsgi [None req-20f74c73-acba-42f6-b0fa-a3a8a3a0ea77 4a807808cf6d407a9921697eeb0b865c 28398de6dc8645dba73109dade3d2781 - - default default] 10.0.0.107 "GET /v2.0/ports?tags-any=blue HTTP/1.1" status: 200 len: 1708 time: 0.0548537
2026-05-06 06:11:35.901 10 INFO neutron.wsgi [None req-281baebd-12e9-4200-a1f0-7efa19550aef 4a807808cf6d407a9921697eeb0b865c 28398de6dc8645dba73109dade3d2781 - - default default] 10.0.0.107 "GET /v2.0/ports?tags-any=red%2Cblue HTTP/1.1" status: 200 len: 2448 time: 0.0400853
2026-05-06 06:11:36.033 10 INFO neutron.wsgi [None req-64d41537-f737-45ec-83e7-a07e35313618 4a807808cf6d407a9921697eeb0b865c 28398de6dc8645dba73109dade3d2781 - - default default] 10.0.0.107 "GET /v2.0/ports?not-tags=red HTTP/1.1" status: 200 len: 5463 time: 0.1265509
2026-05-06 06:11:36.108 10 INFO neutron.wsgi [None req-89a758fb-8c72-4063-ac47-7b76332c21e4 4a807808cf6d407a9921697eeb0b865c 28398de6dc8645dba73109dade3d2781 - - default default] 10.0.0.107 "GET /v2.0/ports?not-tags=red%2Cblue HTTP/1.1" status: 200 len: 6203 time: 0.0709770
2026-05-06 06:11:36.185 10 INFO neutron.wsgi [None req-2e83276b-ab9e-42c3-ae6d-50dc3589511c 4a807808cf6d407a9921697eeb0b865c 28398de6dc8645dba73109dade3d2781 - - default default] 10.0.0.107 "GET /v2.0/ports?not-tags-any=blue HTTP/1.1" status: 200 len: 6203 time: 0.0719566
2026-05-06 06:11:36.239 10 INFO neutron.wsgi [None req-01639c12-4a01-4f5c-a827-4fa007263461 4a807808cf6d407a9921697eeb0b865c 28398de6dc8645dba73109dade3d2781 - - default default] 10.0.0.107 "GET /v2.0/ports?not-tags-any=red%2Cblue HTTP/1.1" status: 200 len: 5463 time: 0.0484710
2026-05-06 06:11:36.451 10 INFO neutron.wsgi [None req-da56425c-475c-432a-bf24-290ae8ea863b 4a807808cf6d407a9921697eeb0b865c 28398de6dc8645dba73109dade3d2781 - - default default] 10.0.0.107 "DELETE /v2.0/ports/b8c78d5e-6f65-4145-9a00-caef6322bdfb HTTP/1.1" status: 204 len: 168 time: 0.2061672
2026-05-06 06:11:36.684 10 INFO neutron.wsgi [None req-5fc4179d-4ea0-41c0-98c4-d582455794a5 4a807808cf6d407a9921697eeb0b865c 28398de6dc8645dba73109dade3d2781 - - default default] 10.0.0.107 "DELETE /v2.0/ports/25cad99f-4109-4587-8ad3-24a846536785 HTTP/1.1" status: 204 len: 168 time: 0.2279186
2026-05-06 06:11:36.876 10 INFO neutron.wsgi [None req-26571329-117c-467b-94b8-3b51ce67a47d 4a807808cf6d407a9921697eeb0b865c 28398de6dc8645dba73109dade3d2781 - - default default] 10.0.0.107 "DELETE /v2.0/ports/461b0e2d-d18e-46a2-8d09-8b4bd8052d32 HTTP/1.1" status: 204 len: 168 time: 0.1876862
2026-05-06 06:11:37.085 10 INFO neutron.wsgi [None req-64d83c65-14f7-4746-a14c-84b1ffba2855 4a807808cf6d407a9921697eeb0b865c 28398de6dc8645dba73109dade3d2781 - - default default] 10.0.0.107 "DELETE /v2.0/ports/aa3d0d4b-6399-4cf8-a40c-c14ba2b3161c HTTP/1.1" status: 204 len: 168 time: 0.2041752
2026-05-06 06:11:37.330 10 INFO neutron.wsgi [None req-db66bb18-b1de-489b-bd53-09b0a4869e47 4a807808cf6d407a9921697eeb0b865c 28398de6dc8645dba73109dade3d2781 - - default default] 10.0.0.107 "DELETE /v2.0/ports/9a1def7b-c405-4905-a866-50aea3d06f6d HTTP/1.1" status: 204 len: 168 time: 0.2388575
2026-05-06 06:11:37.696 10 INFO neutron.services.segments.plugin [-] Segment ce5f4e4f-f368-4223-9aa6-ebeab2d18534 resource provider aggregate not found
2026-05-06 06:11:37.701 10 INFO neutron.services.segments.plugin [-] Segment ce5f4e4f-f368-4223-9aa6-ebeab2d18534 resource provider aggregate not found
2026-05-06 06:11:37.715 10 INFO neutron.services.segments.plugin [-] Segment ce5f4e4f-f368-4223-9aa6-ebeab2d18534 resource provider not found; error: Placement Client Error (4xx): {"errors": [{"status": 404, "title": "Not Found", "detail": "The resource could not be found.\n\n No resource provider with uuid ce5f4e4f-f368-4223-9aa6-ebeab2d18534 found for delete ", "request_id": "req-6826a751-9162-4bd6-a3a3-99282e7d806f"}]}
2026-05-06 06:11:37.718 10 INFO neutron.services.segments.plugin [-] Segment ce5f4e4f-f368-4223-9aa6-ebeab2d18534 resource provider not found; error: Placement Client Error (4xx): {"errors": [{"status": 404, "title": "Not Found", "detail": "The resource could not be found.\n\n No resource provider with uuid ce5f4e4f-f368-4223-9aa6-ebeab2d18534 found for delete ", "request_id": "req-38393cd5-c2b1-4852-9824-a6a567502c81"}]}
2026-05-06 06:11:37.741 10 INFO neutron.wsgi [None req-208144a4-b1e2-4333-bc03-077d7c26758e 4a807808cf6d407a9921697eeb0b865c 28398de6dc8645dba73109dade3d2781 - - default default] 10.0.0.107 "DELETE /v2.0/networks/4d4febed-d282-48d0-8292-5a7423484990 HTTP/1.1" status: 204 len: 168 time: 0.4060862
2026-05-06 06:11:37.953 9 INFO neutron.wsgi [-] 10.0.0.181 "GET / HTTP/1.1" status: 200 len: 247 time: 0.0025403
2026-05-06 06:11:37.955 9 INFO neutron.wsgi [-] 10.0.0.181 "GET / HTTP/1.1" status: 200 len: 247 time: 0.0012467
2026-05-06 06:11:38.095 9 INFO neutron.wsgi [req-8cf48f1c-d194-465d-b25d-f15c070846f5 req-bc31be82-249f-4ad1-8421-7e04eeab131e 270e8126c99640c0bf4206fb440f0008 8b274534e0ec4cd5afc50ea942255d43 - - default default] 10.0.0.201 "GET /v2.0/security-groups?id=a2daa95e-683c-42d2-8993-064daf5fef81&fields=id HTTP/1.1" status: 200 len: 267 time: 0.0370524
2026-05-06 06:11:38.160 9 INFO neutron.wsgi [req-8cf48f1c-d194-465d-b25d-f15c070846f5 req-9fdc5fe0-1dde-4481-8dc8-f6a0600b30e2 270e8126c99640c0bf4206fb440f0008 8b274534e0ec4cd5afc50ea942255d43 - - default default] 10.0.0.201 "GET /v2.0/networks?id=9b1835ea-6b73-456d-b21b-2be4ef20452a HTTP/1.1" status: 200 len: 936 time: 0.0606456
2026-05-06 06:11:38.179 9 INFO neutron.wsgi [req-8cf48f1c-d194-465d-b25d-f15c070846f5 req-58058029-42df-468f-9fdf-7a286f8c28c0 270e8126c99640c0bf4206fb440f0008 8b274534e0ec4cd5afc50ea942255d43 - - default default] 10.0.0.201 "GET /v2.0/quotas/8b274534e0ec4cd5afc50ea942255d43 HTTP/1.1" status: 200 len: 385 time: 0.0114210
2026-05-06 06:11:38.233 9 INFO neutron.wsgi [req-8cf48f1c-d194-465d-b25d-f15c070846f5 req-829d0bec-7b6d-4526-ba86-ef6ea31fe837 270e8126c99640c0bf4206fb440f0008 8b274534e0ec4cd5afc50ea942255d43 - - default default] 10.0.0.201 "GET /v2.0/ports?tenant_id=8b274534e0ec4cd5afc50ea942255d43&fields=id HTTP/1.1" status: 200 len: 348 time: 0.0477834
2026-05-06 06:11:38.269 10 INFO neutron.wsgi [None req-d4e2b70a-2ada-4445-ac9f-2e0284dc151c 4a807808cf6d407a9921697eeb0b865c 28398de6dc8645dba73109dade3d2781 - - default default] 10.0.0.107 "DELETE /v2.0/networks/fa4da41c-2604-4404-a5db-bbcb89fb6f15 HTTP/1.1" status: 204 len: 168 time: 0.5220129
2026-05-06 06:11:38.303 9 INFO neutron.wsgi [req-8cf48f1c-d194-465d-b25d-f15c070846f5 req-27b87540-7d23-418d-b5b2-61e36b9ffbf6 120372f8f5a84ce4a95b6bf6c77dd802 cebf464594b14c8a99ec438588facc58 - - e0cb39f46a7f4fbcb7c65298a0ad7f9a e0cb39f46a7f4fbcb7c65298a0ad7f9a] 10.0.0.201 "GET /v2.0/networks/9b1835ea-6b73-456d-b21b-2be4ef20452a?fields=segments HTTP/1.1" status: 200 len: 212 time: 0.0562484
2026-05-06 06:11:38.366 9 INFO neutron.wsgi [req-8cf48f1c-d194-465d-b25d-f15c070846f5 req-19be5645-526e-4243-9870-bd8a6cda40e5 120372f8f5a84ce4a95b6bf6c77dd802 cebf464594b14c8a99ec438588facc58 - - e0cb39f46a7f4fbcb7c65298a0ad7f9a e0cb39f46a7f4fbcb7c65298a0ad7f9a] 10.0.0.201 "GET /v2.0/networks/9b1835ea-6b73-456d-b21b-2be4ef20452a?fields=provider%3Aphysical_network&fields=provider%3Anetwork_type HTTP/1.1" status: 200 len: 277 time: 0.0553257
2026-05-06 06:11:38.644 10 INFO neutron.wsgi [None req-89eecbe5-6e97-40f2-8ff8-f3d835deb3b8 4a807808cf6d407a9921697eeb0b865c 28398de6dc8645dba73109dade3d2781 - - default default] 10.0.0.107 "DELETE /v2.0/networks/7f20e5e7-e8b4-493e-a084-9019e16976d4 HTTP/1.1" status: 204 len: 168 time: 0.3686824
2026-05-06 06:11:38.669 10 INFO neutron.wsgi [req-59f65ff9-0ff3-4996-893e-3b09293bc479 req-69fa0d89-96f7-4202-94f6-a68ba86b2b69 270e8126c99640c0bf4206fb440f0008 8b274534e0ec4cd5afc50ea942255d43 - - default default] 10.0.0.201 "GET /v2.0/ports?device_id=3b5783ba-aff3-433b-a5b3-75a250f3d4fd HTTP/1.1" status: 200 len: 210 time: 0.0189741
2026-05-06 06:11:38.747 9 INFO neutron.wsgi [req-c006ad15-34d8-4e81-b197-5aa4e43715c6 req-5e20f1a7-2235-483a-8f75-91532043abba 270e8126c99640c0bf4206fb440f0008 8b274534e0ec4cd5afc50ea942255d43 - - default default] 10.0.0.201 "GET /v2.0/ports?device_id=3b5783ba-aff3-433b-a5b3-75a250f3d4fd HTTP/1.1" status: 200 len: 210 time: 0.0196419
2026-05-06 06:11:39.008 9 INFO neutron.services.segments.plugin [-] Segment a25a578e-abe9-4439-8769-2779d1d14ee9 resource provider aggregate not found
2026-05-06 06:11:39.013 9 INFO neutron.services.segments.plugin [-] Segment a25a578e-abe9-4439-8769-2779d1d14ee9 resource provider aggregate not found
2026-05-06 06:11:39.032 9 INFO neutron.services.segments.plugin [-] Segment a25a578e-abe9-4439-8769-2779d1d14ee9 resource provider not found; error: Placement Client Error (4xx): {"errors": [{"status": 404, "title": "Not Found", "detail": "The resource could not be found.\n\n No resource provider with uuid a25a578e-abe9-4439-8769-2779d1d14ee9 found for delete ", "request_id": "req-ea66953b-69d2-447d-af44-c69ebf66c6a3"}]}
2026-05-06 06:11:39.037 9 INFO neutron.services.segments.plugin [-] Segment a25a578e-abe9-4439-8769-2779d1d14ee9 resource provider not found; error: Placement Client Error (4xx): {"errors": [{"status": 404, "title": "Not Found", "detail": "The resource could not be found.\n\n No resource provider with uuid a25a578e-abe9-4439-8769-2779d1d14ee9 found for delete ", "request_id": "req-ceaea513-0749-4765-a618-b5bb8e67ebf8"}]}
2026-05-06 06:11:39.049 9 INFO neutron.wsgi [None req-908a99ac-e46d-491c-a33b-8466733bef78 4a807808cf6d407a9921697eeb0b865c 28398de6dc8645dba73109dade3d2781 - - default default] 10.0.0.107 "DELETE /v2.0/networks/1c11aa05-4f1d-42fa-92e6-55f058eb531c HTTP/1.1" status: 204 len: 168 time: 0.4006312
2026-05-06 06:11:39.385 9 INFO neutron.wsgi [req-8cf48f1c-d194-465d-b25d-f15c070846f5 req-46403880-b388-4b10-b467-a9b8b83be91d 270e8126c99640c0bf4206fb440f0008 8b274534e0ec4cd5afc50ea942255d43 - - default default] 199.19.213.86 "GET /v2.0/networks?id=9b1835ea-6b73-456d-b21b-2be4ef20452a HTTP/1.1" status: 200 len: 936 time: 0.0687828
2026-05-06 06:11:39.434 9 INFO neutron.wsgi [req-8cf48f1c-d194-465d-b25d-f15c070846f5 req-7395ff42-f3f4-4211-92dc-d30eb986a0ea 270e8126c99640c0bf4206fb440f0008 8b274534e0ec4cd5afc50ea942255d43 - - default default] 199.19.213.86 "GET /v2.0/security-groups?fields=id&fields=name&tenant_id=8b274534e0ec4cd5afc50ea942255d43 HTTP/1.1" status: 200 len: 542 time: 0.0449502
2026-05-06 06:11:39.444 10 INFO neutron.wsgi [None req-544370e7-9df6-4a4a-8a6b-12fb5d1394a6 4a807808cf6d407a9921697eeb0b865c 28398de6dc8645dba73109dade3d2781 - - default default] 10.0.0.107 "DELETE /v2.0/networks/00067e76-8e0a-4e75-8808-c081ed7b2f01 HTTP/1.1" status: 204 len: 168 time: 0.3894651
2026-05-06 06:11:39.707 9 WARNING neutron.scheduler.dhcp_agent_scheduler [req-8cf48f1c-d194-465d-b25d-f15c070846f5 req-eab768e1-7bc0-4c2c-b00b-839ec69cd0e5 270e8126c99640c0bf4206fb440f0008 8b274534e0ec4cd5afc50ea942255d43 - - default default] No more DHCP agents
2026-05-06 06:11:39.710 9 WARNING neutron.api.rpc.agentnotifiers.dhcp_rpc_agent_api [req-8cf48f1c-d194-465d-b25d-f15c070846f5 req-eab768e1-7bc0-4c2c-b00b-839ec69cd0e5 270e8126c99640c0bf4206fb440f0008 8b274534e0ec4cd5afc50ea942255d43 - - default default] Unable to schedule network 9b1835ea-6b73-456d-b21b-2be4ef20452a: no agents available; will retry on subsequent port and subnet creation events.
2026-05-06 06:11:39.743 10 INFO neutron.services.segments.plugin [-] Segment a5f7482a-dd32-4602-9cf1-f353515a86b6 resource provider aggregate not found
2026-05-06 06:11:39.749 10 INFO neutron.services.segments.plugin [-] Segment a5f7482a-dd32-4602-9cf1-f353515a86b6 resource provider aggregate not found
2026-05-06 06:11:39.755 10 INFO neutron.services.segments.plugin [-] Segment a5f7482a-dd32-4602-9cf1-f353515a86b6 resource provider not found; error: Placement Client Error (4xx): {"errors": [{"status": 404, "title": "Not Found", "detail": "The resource could not be found.\n\n No resource provider with uuid a5f7482a-dd32-4602-9cf1-f353515a86b6 found for delete ", "request_id": "req-18ab671d-6a67-461b-ae0b-ca7c2d3ef769"}]}
2026-05-06 06:11:39.772 10 INFO neutron.services.segments.plugin [-] Segment a5f7482a-dd32-4602-9cf1-f353515a86b6 resource provider not found; error: Placement Client Error (4xx): {"errors": [{"status": 404, "title": "Not Found", "detail": "The resource could not be found.\n\n No resource provider with uuid a5f7482a-dd32-4602-9cf1-f353515a86b6 found for delete ", "request_id": "req-f4188cee-909a-4f6c-8d7a-339ac3ae9afa"}]}
2026-05-06 06:11:39.776 10 INFO neutron.services.segments.plugin [-] Segment 58510762-4cd8-49c7-825b-acd6a5e83596 resource provider aggregate not found
2026-05-06 06:11:39.786 10 INFO neutron.services.segments.plugin [-] Segment 58510762-4cd8-49c7-825b-acd6a5e83596 resource provider aggregate not found
2026-05-06 06:11:39.791 10 INFO neutron.services.segments.plugin [-] Segment 58510762-4cd8-49c7-825b-acd6a5e83596 resource provider not found; error: Placement Client Error (4xx): {"errors": [{"status": 404, "title": "Not Found", "detail": "The resource could not be found.\n\n No resource provider with uuid 58510762-4cd8-49c7-825b-acd6a5e83596 found for delete ", "request_id": "req-d697828c-05bb-4def-8846-175a5eca9951"}]}
2026-05-06 06:11:39.817 10 INFO neutron.services.segments.plugin [-] Segment 58510762-4cd8-49c7-825b-acd6a5e83596 resource provider not found; error: Placement Client Error (4xx): {"errors": [{"status": 404, "title": "Not Found", "detail": "The resource could not be found.\n\n No resource provider with uuid 58510762-4cd8-49c7-825b-acd6a5e83596 found for delete ", "request_id": "req-1545f043-e891-4aca-a1ab-d6940c2e1138"}]}
2026-05-06 06:11:39.823 10 INFO neutron.services.segments.plugin [-] Segment 94ab3462-6b40-4596-99cb-ff57d50ec899 resource provider aggregate not found
2026-05-06 06:11:39.839 10 INFO neutron.services.segments.plugin [-] Segment 94ab3462-6b40-4596-99cb-ff57d50ec899 resource provider not found; error: Placement Client Error (4xx): {"errors": [{"status": 404, "title": "Not Found", "detail": "The resource could not be found.\n\n No resource provider with uuid 94ab3462-6b40-4596-99cb-ff57d50ec899 found for delete ", "request_id": "req-f04796f4-2a47-4ae6-96ad-7582e874e5a1"}]}
2026-05-06 06:11:39.842 10 INFO neutron.services.segments.plugin [-] Segment 94ab3462-6b40-4596-99cb-ff57d50ec899 resource provider aggregate not found
2026-05-06 06:11:39.861 10 INFO neutron.services.segments.plugin [-] Segment 94ab3462-6b40-4596-99cb-ff57d50ec899 resource provider not found; error: Placement Client Error (4xx): {"errors": [{"status": 404, "title": "Not Found", "detail": "The resource could not be found.\n\n No resource provider with uuid 94ab3462-6b40-4596-99cb-ff57d50ec899 found for delete ", "request_id": "req-a862e9b6-644a-4765-a9bd-c5dcf2613520"}]}
2026-05-06 06:11:39.900 9 INFO neutron.db.ovn_revision_numbers_db [req-8cf48f1c-d194-465d-b25d-f15c070846f5 req-eab768e1-7bc0-4c2c-b00b-839ec69cd0e5 270e8126c99640c0bf4206fb440f0008 8b274534e0ec4cd5afc50ea942255d43 - - default default] Successfully bumped revision number for resource 1220e40b-a931-43b7-9140-c72d92bddf7f (type: ports) to 1
2026-05-06 06:11:39.921 9 INFO neutron.wsgi [req-8cf48f1c-d194-465d-b25d-f15c070846f5 req-eab768e1-7bc0-4c2c-b00b-839ec69cd0e5 270e8126c99640c0bf4206fb440f0008 8b274534e0ec4cd5afc50ea942255d43 - - default default] 199.19.213.86 "POST /v2.0/ports HTTP/1.1" status: 201 len: 1283 time: 0.4818616 /var/lib/openstack/lib/python3.10/site-packages/pycadf/identifier.py:71: UserWarning: Invalid uuid: neutron. To ensure interoperability, identifiers should be a valid uuid. warnings.warn(('Invalid uuid: %s. To ensure interoperability, '
2026-05-06 06:11:40.535 9 INFO neutron.db.ovn_revision_numbers_db [req-8cf48f1c-d194-465d-b25d-f15c070846f5 req-0d2d49d4-4604-40f1-8a9e-752b38ad65eb 120372f8f5a84ce4a95b6bf6c77dd802 cebf464594b14c8a99ec438588facc58 - - e0cb39f46a7f4fbcb7c65298a0ad7f9a e0cb39f46a7f4fbcb7c65298a0ad7f9a] Successfully bumped revision number for resource 1220e40b-a931-43b7-9140-c72d92bddf7f (type: ports) to 2
2026-05-06 06:11:40.583 10 INFO neutron.db.ovn_revision_numbers_db [None req-8ae20bda-e799-4848-8245-40a891bd4f97 270e8126c99640c0bf4206fb440f0008 8b274534e0ec4cd5afc50ea942255d43 - - default default] Successfully bumped revision number for resource bd899fb2-c4b7-485a-9740-25bcc281360b (type: security_groups) to 1
2026-05-06 06:11:40.602 10 INFO neutron.db.ovn_revision_numbers_db [None req-8ae20bda-e799-4848-8245-40a891bd4f97 270e8126c99640c0bf4206fb440f0008 8b274534e0ec4cd5afc50ea942255d43 - - default default] Successfully bumped revision number for resource 077d437d-dfbe-4620-839d-3bda95091137 (type: security_group_rules) to 0
2026-05-06 06:11:40.619 10 INFO neutron.db.ovn_revision_numbers_db [None req-8ae20bda-e799-4848-8245-40a891bd4f97 270e8126c99640c0bf4206fb440f0008 8b274534e0ec4cd5afc50ea942255d43 - - default default] Successfully bumped revision number for resource 4570967b-cfc7-4f03-945b-02aa833248eb (type: security_group_rules) to 0
2026-05-06 06:11:40.635 10 INFO neutron.db.ovn_revision_numbers_db [None req-8ae20bda-e799-4848-8245-40a891bd4f97 270e8126c99640c0bf4206fb440f0008 8b274534e0ec4cd5afc50ea942255d43 - - default default] Successfully bumped revision number for resource aa749bd2-544f-42ed-9541-f7dcfc4e76b6 (type: security_group_rules) to 0
2026-05-06 06:11:40.652 10 INFO neutron.db.ovn_revision_numbers_db [None req-8ae20bda-e799-4848-8245-40a891bd4f97 270e8126c99640c0bf4206fb440f0008 8b274534e0ec4cd5afc50ea942255d43 - - default default] Successfully bumped revision number for resource b7eca04a-5cd9-4756-bc5a-dd3c721fd3cb (type: security_group_rules) to 0
2026-05-06 06:11:40.678 10 INFO neutron.wsgi [None req-8ae20bda-e799-4848-8245-40a891bd4f97 270e8126c99640c0bf4206fb440f0008 8b274534e0ec4cd5afc50ea942255d43 - - default default] 10.0.0.107 "GET /v2.0/security-groups?tenant_id=6adbcc170a834b09b8c6308d2fa9aa97&name=default HTTP/1.1" status: 200 len: 2996 time: 0.3784964
2026-05-06 06:11:40.710 9 INFO neutron.db.ovn_revision_numbers_db [req-8cf48f1c-d194-465d-b25d-f15c070846f5 req-0d2d49d4-4604-40f1-8a9e-752b38ad65eb 120372f8f5a84ce4a95b6bf6c77dd802 cebf464594b14c8a99ec438588facc58 - - e0cb39f46a7f4fbcb7c65298a0ad7f9a e0cb39f46a7f4fbcb7c65298a0ad7f9a] Successfully bumped revision number for resource 1220e40b-a931-43b7-9140-c72d92bddf7f (type: ports) to 2
2026-05-06 06:11:40.729 9 INFO neutron.wsgi [req-8cf48f1c-d194-465d-b25d-f15c070846f5 req-0d2d49d4-4604-40f1-8a9e-752b38ad65eb 120372f8f5a84ce4a95b6bf6c77dd802 cebf464594b14c8a99ec438588facc58 - - e0cb39f46a7f4fbcb7c65298a0ad7f9a e0cb39f46a7f4fbcb7c65298a0ad7f9a] 199.19.213.86 "PUT /v2.0/ports/1220e40b-a931-43b7-9140-c72d92bddf7f HTTP/1.1" status: 200 len: 1380 time: 0.8012724
2026-05-06 06:11:40.764 9 INFO neutron.notifiers.nova [-] Nova event matching ['req-cf06c909-8850-4863-9193-a6275f1a69b2'] response: {'name': 'network-changed', 'server_uuid': '3b5783ba-aff3-433b-a5b3-75a250f3d4fd', 'tag': '1220e40b-a931-43b7-9140-c72d92bddf7f', 'status': 'completed', 'code': 200} /var/lib/openstack/lib/python3.10/site-packages/pycadf/identifier.py:71: UserWarning: Invalid uuid: neutron. To ensure interoperability, identifiers should be a valid uuid. warnings.warn(('Invalid uuid: %s. To ensure interoperability, '
2026-05-06 06:11:40.800 9 INFO neutron.wsgi [req-8cf48f1c-d194-465d-b25d-f15c070846f5 req-9f4f1c25-9a55-41c8-b716-77c94193103b 120372f8f5a84ce4a95b6bf6c77dd802 cebf464594b14c8a99ec438588facc58 - - e0cb39f46a7f4fbcb7c65298a0ad7f9a e0cb39f46a7f4fbcb7c65298a0ad7f9a] 199.19.213.86 "GET /v2.0/ports?tenant_id=8b274534e0ec4cd5afc50ea942255d43&device_id=3b5783ba-aff3-433b-a5b3-75a250f3d4fd HTTP/1.1" status: 200 len: 1411 time: 0.0339942
2026-05-06 06:11:40.833 9 INFO neutron.wsgi [req-8cf48f1c-d194-465d-b25d-f15c070846f5 req-4690a7a5-f458-4247-b8f9-f21093b5bd0f 120372f8f5a84ce4a95b6bf6c77dd802 cebf464594b14c8a99ec438588facc58 - - e0cb39f46a7f4fbcb7c65298a0ad7f9a e0cb39f46a7f4fbcb7c65298a0ad7f9a] 199.19.213.86 "GET /v2.0/floatingips?fixed_ip_address=172.24.1.80&port_id=1220e40b-a931-43b7-9140-c72d92bddf7f HTTP/1.1" status: 200 len: 217 time: 0.0250342
2026-05-06 06:11:40.860 10 INFO neutron.wsgi [None req-1ff9315b-678a-42ba-ad74-cb8ec21590e9 270e8126c99640c0bf4206fb440f0008 8b274534e0ec4cd5afc50ea942255d43 - - default default] 10.0.0.107 "DELETE /v2.0/security-groups/bd899fb2-c4b7-485a-9740-25bcc281360b HTTP/1.1" status: 204 len: 168 time: 0.1779852
2026-05-06 06:11:40.878 9 INFO neutron.wsgi [req-8cf48f1c-d194-465d-b25d-f15c070846f5 req-41363e8a-3716-41a0-84f3-acbbffedf456 120372f8f5a84ce4a95b6bf6c77dd802 cebf464594b14c8a99ec438588facc58 - - e0cb39f46a7f4fbcb7c65298a0ad7f9a e0cb39f46a7f4fbcb7c65298a0ad7f9a] 199.19.213.86 "GET /v2.0/subnets?id=8580dbcc-6b1c-4262-a6ea-e82b06cdd832 HTTP/1.1" status: 200 len: 829 time: 0.0410683
2026-05-06 06:11:40.901 9 INFO neutron.wsgi [req-8cf48f1c-d194-465d-b25d-f15c070846f5 req-f0994fba-0ce1-4d79-9980-28abba50bc81 120372f8f5a84ce4a95b6bf6c77dd802 cebf464594b14c8a99ec438588facc58 - - e0cb39f46a7f4fbcb7c65298a0ad7f9a e0cb39f46a7f4fbcb7c65298a0ad7f9a] 199.19.213.86 "GET /v2.0/ports?network_id=9b1835ea-6b73-456d-b21b-2be4ef20452a&device_owner=network%3Adhcp HTTP/1.1" status: 200 len: 210 time: 0.0175591
2026-05-06 06:11:40.902 10 INFO neutron.wsgi [req-790ec592-c201-449f-a57b-956a8b6884c3 req-87603c4b-a755-4f35-9095-94427e85846f 270e8126c99640c0bf4206fb440f0008 8b274534e0ec4cd5afc50ea942255d43 - - default default] 10.0.0.201 "GET /v2.0/ports?device_id=3b5783ba-aff3-433b-a5b3-75a250f3d4fd HTTP/1.1" status: 200 len: 1411 time: 0.0349772
2026-05-06 06:11:40.947 10 INFO neutron.wsgi [req-790ec592-c201-449f-a57b-956a8b6884c3 req-f2bf5b14-1f3a-452e-ac5b-83ec935b521c 270e8126c99640c0bf4206fb440f0008 8b274534e0ec4cd5afc50ea942255d43 - - default default] 10.0.0.201 "GET /v2.0/security-groups?id=a2daa95e-683c-42d2-8993-064daf5fef81&fields=id&fields=name HTTP/1.1" status: 200 len: 294 time: 0.0376461
2026-05-06 06:11:40.965 9 INFO neutron.wsgi [req-8cf48f1c-d194-465d-b25d-f15c070846f5 req-a4fc9796-12cc-4318-8611-66de8a179645 120372f8f5a84ce4a95b6bf6c77dd802 cebf464594b14c8a99ec438588facc58 - - e0cb39f46a7f4fbcb7c65298a0ad7f9a e0cb39f46a7f4fbcb7c65298a0ad7f9a] 199.19.213.86 "GET /v2.0/networks/9b1835ea-6b73-456d-b21b-2be4ef20452a?fields=segments HTTP/1.1" status: 200 len: 212 time: 0.0563219
2026-05-06 06:11:41.041 9 INFO neutron.wsgi [req-8cf48f1c-d194-465d-b25d-f15c070846f5 req-06059a51-c0d4-45f8-89c5-422e9c8a51fb 120372f8f5a84ce4a95b6bf6c77dd802 cebf464594b14c8a99ec438588facc58 - - e0cb39f46a7f4fbcb7c65298a0ad7f9a e0cb39f46a7f4fbcb7c65298a0ad7f9a] 199.19.213.86 "GET /v2.0/networks/9b1835ea-6b73-456d-b21b-2be4ef20452a?fields=provider%3Aphysical_network&fields=provider%3Anetwork_type HTTP/1.1" status: 200 len: 277 time: 0.0699008
2026-05-06 06:11:41.048 9 INFO neutron.wsgi [req-98932e1d-529a-4ac0-adda-368a402a9dbf req-aa129697-7d26-4ff7-96d3-7447b3a3eadc 270e8126c99640c0bf4206fb440f0008 8b274534e0ec4cd5afc50ea942255d43 - - default default] 10.0.0.201 "GET /v2.0/ports?device_id=3b5783ba-aff3-433b-a5b3-75a250f3d4fd HTTP/1.1" status: 200 len: 1411 time: 0.0347695
2026-05-06 06:11:41.051 10 INFO neutron.db.ovn_revision_numbers_db [None req-2e5953f7-0ad6-41a0-8fc8-4a93c4ad59a7 270e8126c99640c0bf4206fb440f0008 8b274534e0ec4cd5afc50ea942255d43 - - default default] Successfully bumped revision number for resource a6a9b64a-f513-4ed9-92f1-994c743c05be (type: security_groups) to 1
2026-05-06 06:11:41.065 10 INFO neutron.db.ovn_revision_numbers_db [None req-2e5953f7-0ad6-41a0-8fc8-4a93c4ad59a7 270e8126c99640c0bf4206fb440f0008 8b274534e0ec4cd5afc50ea942255d43 - - default default] Successfully bumped revision number for resource 51bdb6b4-28b0-4e74-a52d-31d8074ae7a6 (type: security_group_rules) to 0
2026-05-06 06:11:41.081 10 INFO neutron.db.ovn_revision_numbers_db [None req-2e5953f7-0ad6-41a0-8fc8-4a93c4ad59a7 270e8126c99640c0bf4206fb440f0008 8b274534e0ec4cd5afc50ea942255d43 - - default default] Successfully bumped revision number for resource 59145f33-f769-405c-81b1-f51936254802 (type: security_group_rules) to 0
2026-05-06 06:11:41.096 10 INFO neutron.db.ovn_revision_numbers_db [None req-2e5953f7-0ad6-41a0-8fc8-4a93c4ad59a7 270e8126c99640c0bf4206fb440f0008 8b274534e0ec4cd5afc50ea942255d43 - - default default] Successfully bumped revision number for resource 8ea33935-830b-442c-b2a3-4625cda83f28 (type: security_group_rules) to 0
2026-05-06 06:11:41.109 10 INFO neutron.db.ovn_revision_numbers_db [None req-2e5953f7-0ad6-41a0-8fc8-4a93c4ad59a7 270e8126c99640c0bf4206fb440f0008 8b274534e0ec4cd5afc50ea942255d43 - - default default] Successfully bumped revision number for resource 8fb5be47-6a98-47fc-b5b4-5c7b9132eb13 (type: security_group_rules) to 0
2026-05-06 06:11:41.113 9 INFO neutron.wsgi [req-f74bb8a7-20ca-4b8e-86cc-959c80768fbc req-2391392e-52ca-46c1-a97a-df0d15932142 120372f8f5a84ce4a95b6bf6c77dd802 cebf464594b14c8a99ec438588facc58 - - e0cb39f46a7f4fbcb7c65298a0ad7f9a e0cb39f46a7f4fbcb7c65298a0ad7f9a] 199.19.213.86 "GET /v2.0/ports?tenant_id=8b274534e0ec4cd5afc50ea942255d43&device_id=3b5783ba-aff3-433b-a5b3-75a250f3d4fd HTTP/1.1" status: 200 len: 1411 time: 0.0340171
2026-05-06 06:11:41.132 10 INFO neutron.wsgi [None req-2e5953f7-0ad6-41a0-8fc8-4a93c4ad59a7 270e8126c99640c0bf4206fb440f0008 8b274534e0ec4cd5afc50ea942255d43 - - default default] 10.0.0.107 "GET /v2.0/security-groups?tenant_id=1d22cd2040144b52983634cee7ad65c5&name=default HTTP/1.1" status: 200 len: 2996 time: 0.1831205
2026-05-06 06:11:41.180 9 INFO neutron.wsgi [req-f74bb8a7-20ca-4b8e-86cc-959c80768fbc req-0a1d4f54-7756-423f-9e73-c618a7464b83 120372f8f5a84ce4a95b6bf6c77dd802 cebf464594b14c8a99ec438588facc58 - - e0cb39f46a7f4fbcb7c65298a0ad7f9a e0cb39f46a7f4fbcb7c65298a0ad7f9a] 199.19.213.86 "GET /v2.0/networks?id=9b1835ea-6b73-456d-b21b-2be4ef20452a HTTP/1.1" status: 200 len: 936 time: 0.0560868
2026-05-06 06:11:41.209 9 INFO neutron.wsgi [req-f74bb8a7-20ca-4b8e-86cc-959c80768fbc req-142922df-4b62-40c5-9be5-eda2380c109e 120372f8f5a84ce4a95b6bf6c77dd802 cebf464594b14c8a99ec438588facc58 - - e0cb39f46a7f4fbcb7c65298a0ad7f9a e0cb39f46a7f4fbcb7c65298a0ad7f9a] 199.19.213.86 "GET /v2.0/floatingips?fixed_ip_address=172.24.1.80&port_id=1220e40b-a931-43b7-9140-c72d92bddf7f HTTP/1.1" status: 200 len: 217 time: 0.0203295
2026-05-06 06:11:41.244 9 INFO neutron.wsgi [req-f74bb8a7-20ca-4b8e-86cc-959c80768fbc req-c15f1e27-9d78-4d2f-8507-2295f174b466 120372f8f5a84ce4a95b6bf6c77dd802 cebf464594b14c8a99ec438588facc58 - - e0cb39f46a7f4fbcb7c65298a0ad7f9a e0cb39f46a7f4fbcb7c65298a0ad7f9a] 199.19.213.86 "GET /v2.0/subnets?id=8580dbcc-6b1c-4262-a6ea-e82b06cdd832 HTTP/1.1" status: 200 len: 829 time: 0.0279293
2026-05-06 06:11:41.248 10 INFO neutron.wsgi [req-7598e713-3fdc-4ed2-aec8-78f92ba21981 req-bce8cd7d-c54d-4f41-953c-c018ff003dbe 120372f8f5a84ce4a95b6bf6c77dd802 cebf464594b14c8a99ec438588facc58 - - e0cb39f46a7f4fbcb7c65298a0ad7f9a e0cb39f46a7f4fbcb7c65298a0ad7f9a] 199.19.213.86 "GET /v2.0/ports?device_id=3b5783ba-aff3-433b-a5b3-75a250f3d4fd HTTP/1.1" status: 200 len: 1411 time: 0.0310562
2026-05-06 06:11:41.272 9 INFO neutron.wsgi [req-f74bb8a7-20ca-4b8e-86cc-959c80768fbc req-09e81b65-8da4-4e9b-aed7-b716c2968e96 120372f8f5a84ce4a95b6bf6c77dd802 cebf464594b14c8a99ec438588facc58 - - e0cb39f46a7f4fbcb7c65298a0ad7f9a e0cb39f46a7f4fbcb7c65298a0ad7f9a] 199.19.213.86 "GET /v2.0/ports?network_id=9b1835ea-6b73-456d-b21b-2be4ef20452a&device_owner=network%3Adhcp HTTP/1.1" status: 200 len: 210 time: 0.0179923
2026-05-06 06:11:41.295 10 INFO neutron.wsgi [req-7598e713-3fdc-4ed2-aec8-78f92ba21981 req-2495d5a0-2f2e-4655-a426-3cffc836e603 120372f8f5a84ce4a95b6bf6c77dd802 cebf464594b14c8a99ec438588facc58 - - e0cb39f46a7f4fbcb7c65298a0ad7f9a e0cb39f46a7f4fbcb7c65298a0ad7f9a] 199.19.213.86 "GET /v2.0/security-groups?id=a2daa95e-683c-42d2-8993-064daf5fef81&fields=id&fields=name HTTP/1.1" status: 200 len: 294 time: 0.0406418
2026-05-06 06:11:41.330 9 INFO neutron.wsgi [req-f74bb8a7-20ca-4b8e-86cc-959c80768fbc req-1362a02e-e16f-4cc1-8ada-1c4f3b6b1f8c 120372f8f5a84ce4a95b6bf6c77dd802 cebf464594b14c8a99ec438588facc58 - - e0cb39f46a7f4fbcb7c65298a0ad7f9a e0cb39f46a7f4fbcb7c65298a0ad7f9a] 199.19.213.86 "GET /v2.0/networks/9b1835ea-6b73-456d-b21b-2be4ef20452a?fields=segments HTTP/1.1" status: 200 len: 212 time: 0.0519085
2026-05-06 06:11:41.349 10 INFO neutron.wsgi [None req-16824a06-a6c9-4ecd-9e5a-e43ad1b17737 270e8126c99640c0bf4206fb440f0008 8b274534e0ec4cd5afc50ea942255d43 - - default default] 10.0.0.107 "DELETE /v2.0/security-groups/a6a9b64a-f513-4ed9-92f1-994c743c05be HTTP/1.1" status: 204 len: 168 time: 0.2135408
2026-05-06 06:11:41.384 10 INFO neutron.plugins.ml2.drivers.ovn.mech_driver.mech_driver [None req-bd6d18b6-f675-4f3a-9ff7-00288c7b9848 - - - - - -] OVN reports status up for port: 1220e40b-a931-43b7-9140-c72d92bddf7f
2026-05-06 06:11:41.395 9 INFO neutron.wsgi [req-f74bb8a7-20ca-4b8e-86cc-959c80768fbc req-0b9f3395-7115-4256-b93e-8312f9590ba8 120372f8f5a84ce4a95b6bf6c77dd802 cebf464594b14c8a99ec438588facc58 - - e0cb39f46a7f4fbcb7c65298a0ad7f9a e0cb39f46a7f4fbcb7c65298a0ad7f9a] 199.19.213.86 "GET /v2.0/networks/9b1835ea-6b73-456d-b21b-2be4ef20452a?fields=provider%3Aphysical_network&fields=provider%3Anetwork_type HTTP/1.1" status: 200 len: 277 time: 0.0589795
2026-05-06 06:11:41.398 10 INFO neutron.plugins.ml2.plugin [None req-bd6d18b6-f675-4f3a-9ff7-00288c7b9848 - - - - - -] Attempt 1 to provision port 1220e40b-a931-43b7-9140-c72d92bddf7f
2026-05-06 06:11:41.524 10 INFO neutron.notifiers.nova [-] Nova event matching ['req-ae9a0625-eacc-48b7-83e4-a4c6a87a96da'] response: {'server_uuid': '3b5783ba-aff3-433b-a5b3-75a250f3d4fd', 'name': 'network-vif-plugged', 'status': 'completed', 'tag': '1220e40b-a931-43b7-9140-c72d92bddf7f', 'code': 200}
2026-05-06 06:11:41.532 9 INFO neutron.wsgi [None req-4339a4f6-0012-4f8c-8c9b-0a63410128b9 270e8126c99640c0bf4206fb440f0008 8b274534e0ec4cd5afc50ea942255d43 - - default default] 10.0.0.107 "GET /v2.0/security-groups?tenant_id=28398de6dc8645dba73109dade3d2781&name=default HTTP/1.1" status: 200 len: 2996 time: 0.0357800
2026-05-06 06:11:41.698 10 INFO neutron.db.ovn_revision_numbers_db [None req-bd6d18b6-f675-4f3a-9ff7-00288c7b9848 - - - - - -] Successfully bumped revision number for resource 1220e40b-a931-43b7-9140-c72d92bddf7f (type: ports) to 4
2026-05-06 06:11:41.721 9 INFO neutron.wsgi [None req-7dde399f-1a81-4fca-aa27-208cc1980265 270e8126c99640c0bf4206fb440f0008 8b274534e0ec4cd5afc50ea942255d43 - - default default] 10.0.0.107 "DELETE /v2.0/security-groups/d7711254-a822-4f25-8e36-9e36624a0463 HTTP/1.1" status: 204 len: 168 time: 0.1843576 /var/lib/openstack/lib/python3.10/site-packages/pycadf/identifier.py:71: UserWarning: Invalid uuid: neutron. To ensure interoperability, identifiers should be a valid uuid. warnings.warn(('Invalid uuid: %s. To ensure interoperability, '
2026-05-06 06:11:43.271 10 INFO neutron.wsgi [req-708b5404-7aa0-43b2-9621-14f517abf83a req-bc90c60f-228f-4060-a997-e17dd878ac8b 270e8126c99640c0bf4206fb440f0008 8b274534e0ec4cd5afc50ea942255d43 - - default default] 10.0.0.201 "GET /v2.0/ports?device_id=3b5783ba-aff3-433b-a5b3-75a250f3d4fd HTTP/1.1" status: 200 len: 1413 time: 0.0388517
2026-05-06 06:11:43.314 10 INFO neutron.wsgi [req-708b5404-7aa0-43b2-9621-14f517abf83a req-9e3e27bf-0454-4a73-a8d1-82dba39adec5 270e8126c99640c0bf4206fb440f0008 8b274534e0ec4cd5afc50ea942255d43 - - default default] 10.0.0.201 "GET /v2.0/security-groups?id=a2daa95e-683c-42d2-8993-064daf5fef81&fields=id&fields=name HTTP/1.1" status: 200 len: 294 time: 0.0349982
2026-05-06 06:11:43.405 9 INFO neutron.wsgi [req-12a5e9e0-7241-4f06-b607-b76037df7344 req-dac86260-a598-4386-b995-45688f2846ae 270e8126c99640c0bf4206fb440f0008 8b274534e0ec4cd5afc50ea942255d43 - - default default] 10.0.0.201 "GET /v2.0/ports?device_id=3b5783ba-aff3-433b-a5b3-75a250f3d4fd HTTP/1.1" status: 200 len: 1413 time: 0.0365102
