2026-05-14 06:02:39.652 6 INFO neutron.quota.resource_registry [None req-eed290ff-3342-4b26-8325-b9e37399ea12 - - - - - -] Creating instance of CountableResource for resource:trunk
2026-05-14 06:02:39.653 7 INFO neutron.api.extensions [None req-4d59676f-538e-4ebd-a06f-84b534c7726f - - - - - -] Loaded extension: l2_adjacency
2026-05-14 06:02:39.653 6 INFO neutron.quota.resource_registry [None req-eed290ff-3342-4b26-8325-b9e37399ea12 - - - - - -] Creating instance of CountableResource for resource:ikepolicy
2026-05-14 06:02:39.653 6 INFO neutron.quota.resource_registry [None req-eed290ff-3342-4b26-8325-b9e37399ea12 - - - - - -] Creating instance of CountableResource for resource:ipsecpolicy
2026-05-14 06:02:39.654 7 INFO neutron.api.extensions [None req-4d59676f-538e-4ebd-a06f-84b534c7726f - - - - - -] Loaded extension: router
2026-05-14 06:02:39.654 6 INFO neutron.quota.resource_registry [None req-eed290ff-3342-4b26-8325-b9e37399ea12 - - - - - -] Creating instance of CountableResource for resource:endpoint_group
2026-05-14 06:02:39.655 6 INFO neutron.quota.resource_registry [None req-eed290ff-3342-4b26-8325-b9e37399ea12 - - - - - -] Creating instance of CountableResource for resource:vpnservice
2026-05-14 06:02:39.655 6 INFO neutron.quota.resource_registry [None req-eed290ff-3342-4b26-8325-b9e37399ea12 - - - - - -] Creating instance of CountableResource for resource:ipsec_site_connection
2026-05-14 06:02:39.656 6 INFO neutron.quota.resource_registry [None req-eed290ff-3342-4b26-8325-b9e37399ea12 - - - - - -] Creating instance of CountableResource for resource:ipsecpolicy
2026-05-14 06:02:39.656 6 WARNING neutron.quota.resource_registry [None req-eed290ff-3342-4b26-8325-b9e37399ea12 - - - - - -] ipsecpolicy is already registered
2026-05-14 06:02:39.656 7 INFO neutron.api.extensions [None req-4d59676f-538e-4ebd-a06f-84b534c7726f - - - - - -] Extension l3-conntrack-helper not supported by any of loaded plugins
2026-05-14 06:02:39.656 6 INFO neutron.quota.resource_registry [None req-eed290ff-3342-4b26-8325-b9e37399ea12 - - - - - -] Creating instance of CountableResource for resource:ikepolicy
2026-05-14 06:02:39.656 6 WARNING neutron.quota.resource_registry [None req-eed290ff-3342-4b26-8325-b9e37399ea12 - - - - - -] ikepolicy is already registered
2026-05-14 06:02:39.657 7 INFO neutron.api.extensions [None req-4d59676f-538e-4ebd-a06f-84b534c7726f - - - - - -] Extension enable-default-route-bfd not supported by any of loaded plugins
2026-05-14 06:02:39.657 7 INFO neutron.api.extensions [None req-4d59676f-538e-4ebd-a06f-84b534c7726f - - - - - -] Extension enable-default-route-ecmp not supported by any of loaded plugins
2026-05-14 06:02:39.658 7 INFO neutron.api.extensions [None req-4d59676f-538e-4ebd-a06f-84b534c7726f - - - - - -] Loaded extension: ext-gw-mode
2026-05-14 06:02:39.658 7 INFO neutron.api.extensions [None req-4d59676f-538e-4ebd-a06f-84b534c7726f - - - - - -] Loaded extension: l3-ha
2026-05-14 06:02:39.659 7 INFO neutron.api.extensions [None req-4d59676f-538e-4ebd-a06f-84b534c7726f - - - - - -] Extension l3-ext-ndp-proxy not supported by any of loaded plugins
2026-05-14 06:02:39.659 7 INFO neutron.api.extensions [None req-4d59676f-538e-4ebd-a06f-84b534c7726f - - - - - -] Extension external-gateway-multihoming not supported by any of loaded plugins
2026-05-14 06:02:39.660 7 INFO neutron.api.extensions [None req-4d59676f-538e-4ebd-a06f-84b534c7726f - - - - - -] Loaded extension: l3-flavors
2026-05-14 06:02:39.661 7 INFO neutron.api.extensions [None req-4d59676f-538e-4ebd-a06f-84b534c7726f - - - - - -] Extension l3-ndp-proxy not supported by any of loaded plugins
2026-05-14 06:02:39.662 6 INFO neutron.quota.resource_registry [None req-eed290ff-3342-4b26-8325-b9e37399ea12 - - - - - -] Creating instance of TrackedResource for resource:router
2026-05-14 06:02:39.662 7 INFO neutron.api.extensions [None req-4d59676f-538e-4ebd-a06f-84b534c7726f - - - - - -] Loaded extension: l3-port-ip-change-not-allowed
2026-05-14 06:02:39.662 6 WARNING neutron.quota.resource_registry [None req-eed290ff-3342-4b26-8325-b9e37399ea12 - - - - - -] router is already registered
2026-05-14 06:02:39.663 6 INFO neutron.quota.resource_registry [None req-eed290ff-3342-4b26-8325-b9e37399ea12 - - - - - -] Creating instance of TrackedResource for resource:floatingip
2026-05-14 06:02:39.663 6 WARNING neutron.quota.resource_registry [None req-eed290ff-3342-4b26-8325-b9e37399ea12 - - - - - -] floatingip is already registered
2026-05-14 06:02:39.664 7 INFO neutron.api.extensions [None req-4d59676f-538e-4ebd-a06f-84b534c7726f - - - - - -] Loaded extension: l3_agent_scheduler
2026-05-14 06:02:39.666 7 INFO neutron.api.extensions [None req-4d59676f-538e-4ebd-a06f-84b534c7726f - - - - - -] Extension local_ip not supported by any of loaded plugins
2026-05-14 06:02:39.667 6 INFO neutron.quota.resource_registry [None req-eed290ff-3342-4b26-8325-b9e37399ea12 - - - - - -] Creating instance of CountableResource for resource:rbac_policy
2026-05-14 06:02:39.667 6 WARNING neutron.quota.resource_registry [None req-eed290ff-3342-4b26-8325-b9e37399ea12 - - - - - -] rbac_policy is already registered
2026-05-14 06:02:39.667 7 INFO neutron.api.extensions [None req-4d59676f-538e-4ebd-a06f-84b534c7726f - - - - - -] Extension logging not supported by any of loaded plugins
2026-05-14 06:02:39.668 6 INFO neutron.quota.resource_registry [None req-eed290ff-3342-4b26-8325-b9e37399ea12 - - - - - -] Creating instance of TrackedResource for resource:security_group
2026-05-14 06:02:39.668 6 WARNING neutron.quota.resource_registry [None req-eed290ff-3342-4b26-8325-b9e37399ea12 - - - - - -] security_group is already registered
2026-05-14 06:02:39.668 6 INFO neutron.quota.resource_registry [None req-eed290ff-3342-4b26-8325-b9e37399ea12 - - - - - -] Creating instance of TrackedResource for resource:security_group_rule
2026-05-14 06:02:39.668 6 WARNING neutron.quota.resource_registry [None req-eed290ff-3342-4b26-8325-b9e37399ea12 - - - - - -] security_group_rule is already registered
2026-05-14 06:02:39.669 7 INFO neutron.api.extensions [None req-4d59676f-538e-4ebd-a06f-84b534c7726f - - - - - -] Extension metering not supported by any of loaded plugins
2026-05-14 06:02:39.669 6 INFO neutron.quota.resource_registry [None req-eed290ff-3342-4b26-8325-b9e37399ea12 - - - - - -] Creating instance of TrackedResource for resource:subnetpool
2026-05-14 06:02:39.669 6 WARNING neutron.quota.resource_registry [None req-eed290ff-3342-4b26-8325-b9e37399ea12 - - - - - -] subnetpool is already registered
2026-05-14 06:02:39.669 7 INFO neutron.api.extensions [None req-4d59676f-538e-4ebd-a06f-84b534c7726f - - - - - -] Extension metering_source_and_destination_fields not supported by any of loaded plugins
2026-05-14 06:02:39.670 6 INFO neutron.quota.resource_registry [None req-eed290ff-3342-4b26-8325-b9e37399ea12 - - - - - -] Creating instance of TrackedResource for resource:subnetpool
2026-05-14 06:02:39.670 6 WARNING neutron.quota.resource_registry [None req-eed290ff-3342-4b26-8325-b9e37399ea12 - - - - - -] subnetpool is already registered
2026-05-14 06:02:39.670 7 INFO neutron.api.extensions [None req-4d59676f-538e-4ebd-a06f-84b534c7726f - - - - - -] Loaded extension: multi-provider
2026-05-14 06:02:39.670 6 INFO neutron.quota.resource_registry [None req-eed290ff-3342-4b26-8325-b9e37399ea12 - - - - - -] Creating instance of CountableResource for resource:trunk
2026-05-14 06:02:39.670 7 INFO neutron.api.extensions [None req-4d59676f-538e-4ebd-a06f-84b534c7726f - - - - - -] Loaded extension: net-mtu
2026-05-14 06:02:39.671 6 WARNING neutron.quota.resource_registry [None req-eed290ff-3342-4b26-8325-b9e37399ea12 - - - - - -] trunk is already registered
2026-05-14 06:02:39.671 6 INFO neutron.quota.resource_registry [None req-eed290ff-3342-4b26-8325-b9e37399ea12 - - - - - -] Creating instance of CountableResource for resource:ikepolicy
2026-05-14 06:02:39.671 7 INFO neutron.api.extensions [None req-4d59676f-538e-4ebd-a06f-84b534c7726f - - - - - -] Loaded extension: net-mtu-writable
2026-05-14 06:02:39.671 6 WARNING neutron.quota.resource_registry [None req-eed290ff-3342-4b26-8325-b9e37399ea12 - - - - - -] ikepolicy is already registered
2026-05-14 06:02:39.671 6 INFO neutron.quota.resource_registry [None req-eed290ff-3342-4b26-8325-b9e37399ea12 - - - - - -] Creating instance of CountableResource for resource:ipsecpolicy
2026-05-14 06:02:39.672 6 WARNING neutron.quota.resource_registry [None req-eed290ff-3342-4b26-8325-b9e37399ea12 - - - - - -] ipsecpolicy is already registered
2026-05-14 06:02:39.672 7 INFO neutron.api.extensions [None req-4d59676f-538e-4ebd-a06f-84b534c7726f - - - - - -] Loaded extension: network_availability_zone
2026-05-14 06:02:39.672 6 INFO neutron.quota.resource_registry [None req-eed290ff-3342-4b26-8325-b9e37399ea12 - - - - - -] Creating instance of CountableResource for resource:endpoint_group
2026-05-14 06:02:39.672 7 INFO neutron.api.extensions [None req-4d59676f-538e-4ebd-a06f-84b534c7726f - - - - - -] Loaded extension: network_ha
2026-05-14 06:02:39.672 6 WARNING neutron.quota.resource_registry [None req-eed290ff-3342-4b26-8325-b9e37399ea12 - - - - - -] endpoint_group is already registered
2026-05-14 06:02:39.673 7 INFO neutron.api.extensions [None req-4d59676f-538e-4ebd-a06f-84b534c7726f - - - - - -] Loaded extension: network-ip-availability
2026-05-14 06:02:39.673 6 INFO neutron.quota.resource_registry [None req-eed290ff-3342-4b26-8325-b9e37399ea12 - - - - - -] Creating instance of CountableResource for resource:vpnservice
2026-05-14 06:02:39.673 6 WARNING neutron.quota.resource_registry [None req-eed290ff-3342-4b26-8325-b9e37399ea12 - - - - - -] vpnservice is already registered
2026-05-14 06:02:39.673 6 INFO neutron.quota.resource_registry [None req-eed290ff-3342-4b26-8325-b9e37399ea12 - - - - - -] Creating instance of CountableResource for resource:ipsec_site_connection
2026-05-14 06:02:39.674 6 WARNING neutron.quota.resource_registry [None req-eed290ff-3342-4b26-8325-b9e37399ea12 - - - - - -] ipsec_site_connection is already registered
2026-05-14 06:02:39.674 7 INFO neutron.api.extensions [None req-4d59676f-538e-4ebd-a06f-84b534c7726f - - - - - -] Extension network-segment-range not supported by any of loaded plugins
2026-05-14 06:02:39.674 6 INFO neutron.quota.resource_registry [None req-eed290ff-3342-4b26-8325-b9e37399ea12 - - - - - -] Creating instance of CountableResource for resource:ipsecpolicy
2026-05-14 06:02:39.674 6 WARNING neutron.quota.resource_registry [None req-eed290ff-3342-4b26-8325-b9e37399ea12 - - - - - -] ipsecpolicy is already registered
2026-05-14 06:02:39.674 7 INFO neutron.api.extensions [None req-4d59676f-538e-4ebd-a06f-84b534c7726f - - - - - -] Loaded extension: pagination
2026-05-14 06:02:39.675 6 INFO neutron.quota.resource_registry [None req-eed290ff-3342-4b26-8325-b9e37399ea12 - - - - - -] Creating instance of CountableResource for resource:ikepolicy
2026-05-14 06:02:39.675 7 INFO neutron.api.extensions [None req-4d59676f-538e-4ebd-a06f-84b534c7726f - - - - - -] Loaded extension: port-device-profile
2026-05-14 06:02:39.675 6 WARNING neutron.quota.resource_registry [None req-eed290ff-3342-4b26-8325-b9e37399ea12 - - - - - -] ikepolicy is already registered
2026-05-14 06:02:39.675 7 INFO neutron.api.extensions [None req-4d59676f-538e-4ebd-a06f-84b534c7726f - - - - - -] Extension port-hardware-offload-type not supported by any of loaded plugins
2026-05-14 06:02:39.676 7 INFO neutron.api.extensions [None req-4d59676f-538e-4ebd-a06f-84b534c7726f - - - - - -] Extension port-hint-ovs-tx-steering not supported by any of loaded plugins
2026-05-14 06:02:39.677 7 INFO neutron.api.extensions [None req-4d59676f-538e-4ebd-a06f-84b534c7726f - - - - - -] Extension port-hints not supported by any of loaded plugins
2026-05-14 06:02:39.677 7 INFO neutron.api.extensions [None req-4d59676f-538e-4ebd-a06f-84b534c7726f - - - - - -] Loaded extension: port-mac-override
2026-05-14 06:02:39.678 7 INFO neutron.api.extensions [None req-4d59676f-538e-4ebd-a06f-84b534c7726f - - - - - -] Loaded extension: port-mac-address-regenerate
2026-05-14 06:02:39.678 7 INFO neutron.api.extensions [None req-4d59676f-538e-4ebd-a06f-84b534c7726f - - - - - -] Loaded extension: port-numa-affinity-policy
2026-05-14 06:02:39.678 7 INFO neutron.api.extensions [None req-4d59676f-538e-4ebd-a06f-84b534c7726f - - - - - -] Loaded extension: port-numa-affinity-policy-socket
2026-05-14 06:02:39.679 7 INFO neutron.api.extensions [None req-4d59676f-538e-4ebd-a06f-84b534c7726f - - - - - -] Loaded extension: port-resource-request
2026-05-14 06:02:39.680 7 INFO neutron.api.extensions [None req-4d59676f-538e-4ebd-a06f-84b534c7726f - - - - - -] Loaded extension: port-resource-request-groups
2026-05-14 06:02:39.680 7 INFO neutron.api.extensions [None req-4d59676f-538e-4ebd-a06f-84b534c7726f - - - - - -] Extension port-trusted-vif not supported by any of loaded plugins
2026-05-14 06:02:39.681 7 INFO neutron.api.extensions [None req-4d59676f-538e-4ebd-a06f-84b534c7726f - - - - - -] Loaded extension: binding
2026-05-14 06:02:39.681 7 INFO neutron.api.extensions [None req-4d59676f-538e-4ebd-a06f-84b534c7726f - - - - - -] Loaded extension: binding-extended
2026-05-14 06:02:39.682 7 INFO neutron.api.extensions [None req-4d59676f-538e-4ebd-a06f-84b534c7726f - - - - - -] Loaded extension: port-security
2026-05-14 06:02:39.682 7 INFO neutron.api.extensions [None req-4d59676f-538e-4ebd-a06f-84b534c7726f - - - - - -] Loaded extension: project-id
2026-05-14 06:02:39.683 7 INFO neutron.api.extensions [None req-4d59676f-538e-4ebd-a06f-84b534c7726f - - - - - -] Loaded extension: provider
2026-05-14 06:02:39.684 7 INFO neutron.api.extensions [None req-4d59676f-538e-4ebd-a06f-84b534c7726f - - - - - -] Extension qinq not supported by any of loaded plugins
2026-05-14 06:02:39.686 7 INFO neutron.api.extensions [None req-4d59676f-538e-4ebd-a06f-84b534c7726f - - - - - -] Loaded extension: qos
2026-05-14 06:02:39.686 7 INFO neutron.api.extensions [None req-4d59676f-538e-4ebd-a06f-84b534c7726f - - - - - -] Loaded extension: qos-bw-limit-direction
2026-05-14 06:02:39.687 7 INFO neutron.api.extensions [None req-4d59676f-538e-4ebd-a06f-84b534c7726f - - - - - -] Loaded extension: qos-bw-minimum-ingress
2026-05-14 06:02:39.687 7 INFO neutron.api.extensions [None req-4d59676f-538e-4ebd-a06f-84b534c7726f - - - - - -] Loaded extension: qos-default
2026-05-14 06:02:39.688 7 INFO neutron.api.extensions [None req-4d59676f-538e-4ebd-a06f-84b534c7726f - - - - - -] Loaded extension: qos-fip
2026-05-14 06:02:39.689 7 INFO neutron.api.extensions [None req-4d59676f-538e-4ebd-a06f-84b534c7726f - - - - - -] Extension qos-fip-network-policy not supported by any of loaded plugins
2026-05-14 06:02:39.689 7 INFO neutron.api.extensions [None req-4d59676f-538e-4ebd-a06f-84b534c7726f - - - - - -] Loaded extension: qos-gateway-ip
2026-05-14 06:02:39.690 7 INFO neutron.api.extensions [None req-4d59676f-538e-4ebd-a06f-84b534c7726f - - - - - -] Loaded extension: qos-port-network-policy
2026-05-14 06:02:39.690 7 INFO neutron.api.extensions [None req-4d59676f-538e-4ebd-a06f-84b534c7726f - - - - - -] Loaded extension: qos-pps-minimum
2026-05-14 06:02:39.691 7 INFO neutron.api.extensions [None req-4d59676f-538e-4ebd-a06f-84b534c7726f - - - - - -] Loaded extension: qos-pps-minimum-rule-alias
2026-05-14 06:02:39.691 7 INFO neutron.api.extensions [None req-4d59676f-538e-4ebd-a06f-84b534c7726f - - - - - -] Loaded extension: qos-pps
2026-05-14 06:02:39.692 7 INFO neutron.api.extensions [None req-4d59676f-538e-4ebd-a06f-84b534c7726f - - - - - -] Loaded extension: qos-rule-type-details
2026-05-14 06:02:39.693 7 INFO neutron.api.extensions [None req-4d59676f-538e-4ebd-a06f-84b534c7726f - - - - - -] Loaded extension: qos-rule-type-filter
2026-05-14 06:02:39.693 7 INFO neutron.api.extensions [None req-4d59676f-538e-4ebd-a06f-84b534c7726f - - - - - -] Loaded extension: qos-rules-alias
2026-05-14 06:02:39.694 7 INFO neutron.api.extensions [None req-4d59676f-538e-4ebd-a06f-84b534c7726f - - - - - -] Loaded extension: quota-check-limit
2026-05-14 06:02:39.695 7 INFO neutron.api.extensions [None req-4d59676f-538e-4ebd-a06f-84b534c7726f - - - - - -] Loaded extension: quota-check-limit-default
2026-05-14 06:02:39.698 7 INFO neutron.api.extensions [None req-4d59676f-538e-4ebd-a06f-84b534c7726f - - - - - -] Loaded extension: quotas
2026-05-14 06:02:39.701 7 INFO neutron.api.extensions [None req-4d59676f-538e-4ebd-a06f-84b534c7726f - - - - - -] Loaded extension: quota_details
2026-05-14 06:02:39.702 7 INFO neutron.api.extensions [None req-4d59676f-538e-4ebd-a06f-84b534c7726f - - - - - -] Loaded extension: rbac-policies
2026-05-14 06:02:39.703 7 INFO neutron.api.extensions [None req-4d59676f-538e-4ebd-a06f-84b534c7726f - - - - - -] Loaded extension: rbac-address-group
2026-05-14 06:02:39.703 7 INFO neutron.api.extensions [None req-4d59676f-538e-4ebd-a06f-84b534c7726f - - - - - -] Loaded extension: rbac-address-scope
2026-05-14 06:02:39.704 7 INFO neutron.api.extensions [None req-4d59676f-538e-4ebd-a06f-84b534c7726f - - - - - -] Loaded extension: rbac-security-groups
2026-05-14 06:02:39.704 7 INFO neutron.api.extensions [None req-4d59676f-538e-4ebd-a06f-84b534c7726f - - - - - -] Loaded extension: rbac-subnetpool
2026-05-14 06:02:39.706 7 INFO neutron.api.extensions [None req-4d59676f-538e-4ebd-a06f-84b534c7726f - - - - - -] Loaded extension: revision-if-match
2026-05-14 06:02:39.707 7 INFO neutron.api.extensions [None req-4d59676f-538e-4ebd-a06f-84b534c7726f - - - - - -] Loaded extension: standard-attr-revisions
2026-05-14 06:02:39.708 7 INFO neutron.api.extensions [None req-4d59676f-538e-4ebd-a06f-84b534c7726f - - - - - -] Loaded extension: router_availability_zone
2026-05-14 06:02:39.708 7 INFO neutron.api.extensions [None req-4d59676f-538e-4ebd-a06f-84b534c7726f - - - - - -] Extension router-service-type not supported by any of loaded plugins
2026-05-14 06:02:39.710 7 INFO neutron.api.extensions [None req-4d59676f-538e-4ebd-a06f-84b534c7726f - - - - - -] Loaded extension: security-groups-default-rules
2026-05-14 06:02:39.711 7 INFO neutron.api.extensions [None req-4d59676f-538e-4ebd-a06f-84b534c7726f - - - - - -] Loaded extension: security-groups-normalized-cidr
2026-05-14 06:02:39.712 7 INFO neutron.api.extensions [None req-4d59676f-538e-4ebd-a06f-84b534c7726f - - - - - -] Loaded extension: port-security-groups-filtering
2026-05-14 06:02:39.713 7 INFO neutron.api.extensions [None req-4d59676f-538e-4ebd-a06f-84b534c7726f - - - - - -] Loaded extension: security-groups-remote-address-group
2026-05-14 06:02:39.713 7 INFO neutron.api.extensions [None req-4d59676f-538e-4ebd-a06f-84b534c7726f - - - - - -] Loaded extension: security-groups-rules-belongs-to-default-sg
2026-05-14 06:02:39.714 7 INFO neutron.api.extensions [None req-4d59676f-538e-4ebd-a06f-84b534c7726f - - - - - -] Loaded extension: security-groups-shared-filtering
2026-05-14 06:02:39.721 7 INFO neutron.api.extensions [None req-4d59676f-538e-4ebd-a06f-84b534c7726f - - - - - -] Loaded extension: security-group
2026-05-14 06:02:39.723 7 INFO neutron.api.extensions [None req-4d59676f-538e-4ebd-a06f-84b534c7726f - - - - - -] Loaded extension: segment
2026-05-14 06:02:39.723 7 INFO neutron.api.extensions [None req-4d59676f-538e-4ebd-a06f-84b534c7726f - - - - - -] Loaded extension: segments-peer-subnet-host-routes
2026-05-14 06:02:39.724 7 INFO neutron.api.extensions [None req-4d59676f-538e-4ebd-a06f-84b534c7726f - - - - - -] Loaded extension: service-type
2026-05-14 06:02:39.725 6 WARNING keystonemiddleware._common.config [None req-eed290ff-3342-4b26-8325-b9e37399ea12 - - - - - -] The option "audit_map_file" is not known to keystonemiddleware
2026-05-14 06:02:39.725 7 INFO neutron.api.extensions [None req-4d59676f-538e-4ebd-a06f-84b534c7726f - - - - - -] Loaded extension: sorting
2026-05-14 06:02:39.726 7 INFO neutron.api.extensions [None req-4d59676f-538e-4ebd-a06f-84b534c7726f - - - - - -] Loaded extension: standard-attr-segment
2026-05-14 06:02:39.727 7 INFO neutron.api.extensions [None req-4d59676f-538e-4ebd-a06f-84b534c7726f - - - - - -] Loaded extension: standard-attr-description
2026-05-14 06:02:39.728 7 INFO neutron.api.extensions [None req-4d59676f-538e-4ebd-a06f-84b534c7726f - - - - - -] Loaded extension: stateful-security-group
2026-05-14 06:02:39.729 7 WARNING neutron.api.extensions [None req-4d59676f-538e-4ebd-a06f-84b534c7726f - - - - - -] Did not find expected name "Stdattrs_common" in /var/lib/openstack/lib/python3.12/site-packages/neutron/extensions/stdattrs_common.py
2026-05-14 06:02:39.729 7 INFO neutron.api.extensions [None req-4d59676f-538e-4ebd-a06f-84b534c7726f - - - - - -] Extension subnet-dns-publish-fixed-ip not supported by any of loaded plugins
2026-05-14 06:02:39.730 7 INFO neutron.api.extensions [None req-4d59676f-538e-4ebd-a06f-84b534c7726f - - - - - -] Loaded extension: subnet-external-network
2026-05-14 06:02:39.731 7 INFO neutron.api.extensions [None req-4d59676f-538e-4ebd-a06f-84b534c7726f - - - - - -] Loaded extension: subnet_onboard
2026-05-14 06:02:39.732 7 INFO neutron.api.extensions [None req-4d59676f-538e-4ebd-a06f-84b534c7726f - - - - - -] Loaded extension: subnet-segmentid-writable
2026-05-14 06:02:39.732 7 INFO neutron.api.extensions [None req-4d59676f-538e-4ebd-a06f-84b534c7726f - - - - - -] Loaded extension: subnet-service-types
2026-05-14 06:02:39.733 7 INFO neutron.api.extensions [None req-4d59676f-538e-4ebd-a06f-84b534c7726f - - - - - -] Loaded extension: subnet_allocation
2026-05-14 06:02:39.734 7 INFO neutron.api.extensions [None req-4d59676f-538e-4ebd-a06f-84b534c7726f - - - - - -] Loaded extension: subnetpool-prefix-ops
2026-05-14 06:02:39.734 6 WARNING oslo_config.cfg [None req-eed290ff-3342-4b26-8325-b9e37399ea12 - - - - - -] Deprecated: Option "auth_uri" from group "keystone_authtoken" is deprecated. Use option "www_authenticate_uri" from group "keystone_authtoken".
2026-05-14 06:02:39.734 7 INFO neutron.api.extensions [None req-4d59676f-538e-4ebd-a06f-84b534c7726f - - - - - -] Loaded extension: tag-creation
2026-05-14 06:02:39.735 7 INFO neutron.api.extensions [None req-4d59676f-538e-4ebd-a06f-84b534c7726f - - - - - -] Extension tag-ports-during-bulk-creation not supported by any of loaded plugins WSGI app 0 (mountpoint='') ready in 9 seconds on interpreter 0x7fe2953c0668 pid: 6 (default app)
2026-05-14 06:02:39.739 7 INFO neutron.api.extensions [None req-4d59676f-538e-4ebd-a06f-84b534c7726f - - - - - -] Loaded extension: standard-attr-tag
2026-05-14 06:02:39.739 7 INFO neutron.api.extensions [None req-4d59676f-538e-4ebd-a06f-84b534c7726f - - - - - -] Loaded extension: standard-attr-timestamp
2026-05-14 06:02:39.741 7 INFO neutron.api.extensions [None req-4d59676f-538e-4ebd-a06f-84b534c7726f - - - - - -] Loaded extension: trunk
2026-05-14 06:02:39.741 7 INFO neutron.api.extensions [None req-4d59676f-538e-4ebd-a06f-84b534c7726f - - - - - -] Loaded extension: trunk-details
2026-05-14 06:02:39.742 7 INFO neutron.api.extensions [None req-4d59676f-538e-4ebd-a06f-84b534c7726f - - - - - -] Extension uplink-status-propagation not supported by any of loaded plugins
2026-05-14 06:02:39.742 7 INFO neutron.api.extensions [None req-4d59676f-538e-4ebd-a06f-84b534c7726f - - - - - -] Extension uplink-status-propagation-updatable not supported by any of loaded plugins
2026-05-14 06:02:39.743 7 INFO neutron.api.extensions [None req-4d59676f-538e-4ebd-a06f-84b534c7726f - - - - - -] Extension vlan-transparent not supported by any of loaded plugins
2026-05-14 06:02:39.744 7 INFO neutron.api.extensions [None req-4d59676f-538e-4ebd-a06f-84b534c7726f - - - - - -] Loaded extension: vpn-aes-ctr
2026-05-14 06:02:39.746 7 INFO neutron.api.extensions [None req-4d59676f-538e-4ebd-a06f-84b534c7726f - - - - - -] Extension vpn-agent-scheduler not supported by any of loaded plugins
2026-05-14 06:02:39.747 7 INFO neutron.api.extensions [None req-4d59676f-538e-4ebd-a06f-84b534c7726f - - - - - -] Loaded extension: vpn-endpoint-groups
2026-05-14 06:02:39.747 7 INFO neutron.api.extensions [None req-4d59676f-538e-4ebd-a06f-84b534c7726f - - - - - -] Loaded extension: vpn-flavors
2026-05-14 06:02:39.749 7 INFO neutron.api.extensions [None req-4d59676f-538e-4ebd-a06f-84b534c7726f - - - - - -] Loaded extension: vpnaas
2026-05-14 06:02:39.750 7 INFO neutron.api.extensions [None req-4d59676f-538e-4ebd-a06f-84b534c7726f - - - - - -] Loaded extension: taas
2026-05-14 06:02:39.752 7 INFO neutron.api.extensions [None req-4d59676f-538e-4ebd-a06f-84b534c7726f - - - - - -] Loaded extension: tap-mirror
2026-05-14 06:02:39.752 7 INFO neutron.api.extensions [None req-4d59676f-538e-4ebd-a06f-84b534c7726f - - - - - -] Loaded extension: taas-vlan-filter
2026-05-14 06:02:39.755 7 INFO neutron.quota.resource_registry [None req-4d59676f-538e-4ebd-a06f-84b534c7726f - - - - - -] Creating instance of TrackedResource for resource:network
2026-05-14 06:02:39.755 7 INFO neutron.quota.resource_registry [None req-4d59676f-538e-4ebd-a06f-84b534c7726f - - - - - -] Creating instance of TrackedResource for resource:subnet
2026-05-14 06:02:39.756 7 INFO neutron.quota.resource_registry [None req-4d59676f-538e-4ebd-a06f-84b534c7726f - - - - - -] Creating instance of TrackedResource for resource:subnetpool
2026-05-14 06:02:39.756 7 INFO neutron.quota.resource_registry [None req-4d59676f-538e-4ebd-a06f-84b534c7726f - - - - - -] Creating instance of TrackedResource for resource:port
2026-05-14 06:02:39.759 7 INFO neutron.quota.resource_registry [None req-4d59676f-538e-4ebd-a06f-84b534c7726f - - - - - -] Creating instance of TrackedResource for resource:router
2026-05-14 06:02:39.760 7 INFO neutron.quota.resource_registry [None req-4d59676f-538e-4ebd-a06f-84b534c7726f - - - - - -] Creating instance of TrackedResource for resource:floatingip
2026-05-14 06:02:39.765 7 INFO neutron.quota.resource_registry [None req-4d59676f-538e-4ebd-a06f-84b534c7726f - - - - - -] Creating instance of CountableResource for resource:rbac_policy
2026-05-14 06:02:39.766 7 INFO neutron.quota.resource_registry [None req-4d59676f-538e-4ebd-a06f-84b534c7726f - - - - - -] Creating instance of TrackedResource for resource:security_group
2026-05-14 06:02:39.766 7 INFO neutron.quota.resource_registry [None req-4d59676f-538e-4ebd-a06f-84b534c7726f - - - - - -] Creating instance of TrackedResource for resource:security_group_rule
2026-05-14 06:02:39.767 7 INFO neutron.quota.resource_registry [None req-4d59676f-538e-4ebd-a06f-84b534c7726f - - - - - -] Creating instance of TrackedResource for resource:subnetpool
2026-05-14 06:02:39.767 7 WARNING neutron.quota.resource_registry [None req-4d59676f-538e-4ebd-a06f-84b534c7726f - - - - - -] subnetpool is already registered
2026-05-14 06:02:39.767 7 INFO neutron.quota.resource_registry [None req-4d59676f-538e-4ebd-a06f-84b534c7726f - - - - - -] Creating instance of TrackedResource for resource:subnetpool
2026-05-14 06:02:39.768 7 WARNING neutron.quota.resource_registry [None req-4d59676f-538e-4ebd-a06f-84b534c7726f - - - - - -] subnetpool is already registered
2026-05-14 06:02:39.768 7 INFO neutron.quota.resource_registry [None req-4d59676f-538e-4ebd-a06f-84b534c7726f - - - - - -] Creating instance of CountableResource for resource:trunk
2026-05-14 06:02:39.769 7 INFO neutron.quota.resource_registry [None req-4d59676f-538e-4ebd-a06f-84b534c7726f - - - - - -] Creating instance of CountableResource for resource:ikepolicy
2026-05-14 06:02:39.769 7 INFO neutron.quota.resource_registry [None req-4d59676f-538e-4ebd-a06f-84b534c7726f - - - - - -] Creating instance of CountableResource for resource:ipsecpolicy
2026-05-14 06:02:39.770 7 INFO neutron.quota.resource_registry [None req-4d59676f-538e-4ebd-a06f-84b534c7726f - - - - - -] Creating instance of CountableResource for resource:endpoint_group
2026-05-14 06:02:39.770 7 INFO neutron.quota.resource_registry [None req-4d59676f-538e-4ebd-a06f-84b534c7726f - - - - - -] Creating instance of CountableResource for resource:vpnservice
2026-05-14 06:02:39.770 7 INFO neutron.quota.resource_registry [None req-4d59676f-538e-4ebd-a06f-84b534c7726f - - - - - -] Creating instance of CountableResource for resource:ipsec_site_connection
2026-05-14 06:02:39.771 7 INFO neutron.quota.resource_registry [None req-4d59676f-538e-4ebd-a06f-84b534c7726f - - - - - -] Creating instance of CountableResource for resource:ipsecpolicy
2026-05-14 06:02:39.771 7 WARNING neutron.quota.resource_registry [None req-4d59676f-538e-4ebd-a06f-84b534c7726f - - - - - -] ipsecpolicy is already registered
2026-05-14 06:02:39.771 7 INFO neutron.quota.resource_registry [None req-4d59676f-538e-4ebd-a06f-84b534c7726f - - - - - -] Creating instance of CountableResource for resource:ikepolicy
2026-05-14 06:02:39.772 7 WARNING neutron.quota.resource_registry [None req-4d59676f-538e-4ebd-a06f-84b534c7726f - - - - - -] ikepolicy is already registered
2026-05-14 06:02:39.776 7 INFO neutron.quota.resource_registry [None req-4d59676f-538e-4ebd-a06f-84b534c7726f - - - - - -] Creating instance of TrackedResource for resource:router
2026-05-14 06:02:39.777 7 WARNING neutron.quota.resource_registry [None req-4d59676f-538e-4ebd-a06f-84b534c7726f - - - - - -] router is already registered
2026-05-14 06:02:39.777 7 INFO neutron.quota.resource_registry [None req-4d59676f-538e-4ebd-a06f-84b534c7726f - - - - - -] Creating instance of TrackedResource for resource:floatingip
2026-05-14 06:02:39.777 7 WARNING neutron.quota.resource_registry [None req-4d59676f-538e-4ebd-a06f-84b534c7726f - - - - - -] floatingip is already registered
2026-05-14 06:02:39.781 7 INFO neutron.quota.resource_registry [None req-4d59676f-538e-4ebd-a06f-84b534c7726f - - - - - -] Creating instance of CountableResource for resource:rbac_policy
2026-05-14 06:02:39.781 7 WARNING neutron.quota.resource_registry [None req-4d59676f-538e-4ebd-a06f-84b534c7726f - - - - - -] rbac_policy is already registered
2026-05-14 06:02:39.782 7 INFO neutron.quota.resource_registry [None req-4d59676f-538e-4ebd-a06f-84b534c7726f - - - - - -] Creating instance of TrackedResource for resource:security_group
2026-05-14 06:02:39.782 7 WARNING neutron.quota.resource_registry [None req-4d59676f-538e-4ebd-a06f-84b534c7726f - - - - - -] security_group is already registered
2026-05-14 06:02:39.782 7 INFO neutron.quota.resource_registry [None req-4d59676f-538e-4ebd-a06f-84b534c7726f - - - - - -] Creating instance of TrackedResource for resource:security_group_rule
2026-05-14 06:02:39.782 7 WARNING neutron.quota.resource_registry [None req-4d59676f-538e-4ebd-a06f-84b534c7726f - - - - - -] security_group_rule is already registered
2026-05-14 06:02:39.783 7 INFO neutron.quota.resource_registry [None req-4d59676f-538e-4ebd-a06f-84b534c7726f - - - - - -] Creating instance of TrackedResource for resource:subnetpool
2026-05-14 06:02:39.783 7 WARNING neutron.quota.resource_registry [None req-4d59676f-538e-4ebd-a06f-84b534c7726f - - - - - -] subnetpool is already registered
2026-05-14 06:02:39.784 7 INFO neutron.quota.resource_registry [None req-4d59676f-538e-4ebd-a06f-84b534c7726f - - - - - -] Creating instance of TrackedResource for resource:subnetpool
2026-05-14 06:02:39.784 7 WARNING neutron.quota.resource_registry [None req-4d59676f-538e-4ebd-a06f-84b534c7726f - - - - - -] subnetpool is already registered
2026-05-14 06:02:39.784 7 INFO neutron.quota.resource_registry [None req-4d59676f-538e-4ebd-a06f-84b534c7726f - - - - - -] Creating instance of CountableResource for resource:trunk
2026-05-14 06:02:39.784 7 WARNING neutron.quota.resource_registry [None req-4d59676f-538e-4ebd-a06f-84b534c7726f - - - - - -] trunk is already registered
2026-05-14 06:02:39.785 7 INFO neutron.quota.resource_registry [None req-4d59676f-538e-4ebd-a06f-84b534c7726f - - - - - -] Creating instance of CountableResource for resource:ikepolicy
2026-05-14 06:02:39.785 7 WARNING neutron.quota.resource_registry [None req-4d59676f-538e-4ebd-a06f-84b534c7726f - - - - - -] ikepolicy is already registered
2026-05-14 06:02:39.785 7 INFO neutron.quota.resource_registry [None req-4d59676f-538e-4ebd-a06f-84b534c7726f - - - - - -] Creating instance of CountableResource for resource:ipsecpolicy
2026-05-14 06:02:39.785 7 WARNING neutron.quota.resource_registry [None req-4d59676f-538e-4ebd-a06f-84b534c7726f - - - - - -] ipsecpolicy is already registered
2026-05-14 06:02:39.786 7 INFO neutron.quota.resource_registry [None req-4d59676f-538e-4ebd-a06f-84b534c7726f - - - - - -] Creating instance of CountableResource for resource:endpoint_group
2026-05-14 06:02:39.786 7 WARNING neutron.quota.resource_registry [None req-4d59676f-538e-4ebd-a06f-84b534c7726f - - - - - -] endpoint_group is already registered
2026-05-14 06:02:39.786 7 INFO neutron.quota.resource_registry [None req-4d59676f-538e-4ebd-a06f-84b534c7726f - - - - - -] Creating instance of CountableResource for resource:vpnservice
2026-05-14 06:02:39.786 7 WARNING neutron.quota.resource_registry [None req-4d59676f-538e-4ebd-a06f-84b534c7726f - - - - - -] vpnservice is already registered
2026-05-14 06:02:39.787 7 INFO neutron.quota.resource_registry [None req-4d59676f-538e-4ebd-a06f-84b534c7726f - - - - - -] Creating instance of CountableResource for resource:ipsec_site_connection
2026-05-14 06:02:39.787 7 WARNING neutron.quota.resource_registry [None req-4d59676f-538e-4ebd-a06f-84b534c7726f - - - - - -] ipsec_site_connection is already registered
2026-05-14 06:02:39.787 7 INFO neutron.quota.resource_registry [None req-4d59676f-538e-4ebd-a06f-84b534c7726f - - - - - -] Creating instance of CountableResource for resource:ipsecpolicy
2026-05-14 06:02:39.787 7 WARNING neutron.quota.resource_registry [None req-4d59676f-538e-4ebd-a06f-84b534c7726f - - - - - -] ipsecpolicy is already registered
2026-05-14 06:02:39.788 7 INFO neutron.quota.resource_registry [None req-4d59676f-538e-4ebd-a06f-84b534c7726f - - - - - -] Creating instance of CountableResource for resource:ikepolicy
2026-05-14 06:02:39.788 7 WARNING neutron.quota.resource_registry [None req-4d59676f-538e-4ebd-a06f-84b534c7726f - - - - - -] ikepolicy is already registered
2026-05-14 06:02:39.832 7 WARNING keystonemiddleware._common.config [None req-4d59676f-538e-4ebd-a06f-84b534c7726f - - - - - -] The option "audit_map_file" is not known to keystonemiddleware
2026-05-14 06:02:39.840 7 WARNING oslo_config.cfg [None req-4d59676f-538e-4ebd-a06f-84b534c7726f - - - - - -] Deprecated: Option "auth_uri" from group "keystone_authtoken" is deprecated. Use option "www_authenticate_uri" from group "keystone_authtoken". WSGI app 0 (mountpoint='') ready in 9 seconds on interpreter 0x7fe2953c0668 pid: 7 (default app) /var/lib/openstack/lib/python3.12/site-packages/pycadf/identifier.py:70: UserWarning: Invalid uuid: unknown. To ensure interoperability, identifiers should be a valid uuid. warnings.warn(('Invalid uuid: %s. To ensure interoperability, '
2026-05-14 06:02:43.762 7 INFO neutron.pecan_wsgi.hooks.translation [None req-9ea05e03-4b10-462d-8555-65055b8246c5 59e788d7d5df4217a920deff86b7374a be78a5d28cfe46118d0d71d44e53cdaf - - default default] GET failed (client error): The resource could not be found. [pid: 7|app: 0|req: 1/4] 199.204.45.109 () {44 vars in 928 bytes} [Thu May 14 06:02:42 2026] GET /v2.0/networks/public => generated 108 bytes in 1037 msecs (HTTP/1.1 404) 4 headers in 164 bytes (1 switches on core 0) /var/lib/openstack/lib/python3.12/site-packages/pycadf/identifier.py:70: UserWarning: Invalid uuid: unknown. To ensure interoperability, identifiers should be a valid uuid. warnings.warn(('Invalid uuid: %s. To ensure interoperability, ' [pid: 6|app: 0|req: 4/5] 199.204.45.109 () {44 vars in 950 bytes} [Thu May 14 06:02:43 2026] GET /v2.0/networks?name=public => generated 15 bytes in 515 msecs (HTTP/1.1 200) 4 headers in 156 bytes (1 switches on core 0)
2026-05-14 06:02:44.747 7 WARNING neutron.services.revisions.revision_plugin [None req-d62f91dd-1719-4ddd-9eec-909779c551da 59e788d7d5df4217a920deff86b7374a be78a5d28cfe46118d0d71d44e53cdaf - - default default] Could not find related network for resource to bump revision.
2026-05-14 06:02:44.781 7 INFO neutron.db.segments_db [None req-d62f91dd-1719-4ddd-9eec-909779c551da 59e788d7d5df4217a920deff86b7374a be78a5d28cfe46118d0d71d44e53cdaf - - default default] Added segment 327c854a-93fe-4902-8e2b-9f93f7ab6839 of type flat for network cb97b8a9-9a24-4092-9377-3425fe41dd5b
2026-05-14 06:02:44.836 7 INFO neutron.pecan_wsgi.hooks.translation [None req-d62f91dd-1719-4ddd-9eec-909779c551da 59e788d7d5df4217a920deff86b7374a be78a5d28cfe46118d0d71d44e53cdaf - - default default] POST failed (client error): The resource could not be found. [pid: 7|app: 0|req: 2/6] 199.204.45.109 () {48 vars in 968 bytes} [Thu May 14 06:02:44 2026] POST /v2.0/networks => generated 124 bytes in 569 msecs (HTTP/1.1 404) 4 headers in 164 bytes (1 switches on core 0)
2026-05-14 06:02:51.321 6 INFO neutron.pecan_wsgi.hooks.translation [None req-1f3b465e-c12f-4874-aa3d-90d33aab76c7 59e788d7d5df4217a920deff86b7374a be78a5d28cfe46118d0d71d44e53cdaf - - default default] GET failed (client error): The resource could not be found. [pid: 6|app: 0|req: 5/7] 199.204.45.109 () {44 vars in 928 bytes} [Thu May 14 06:02:50 2026] GET /v2.0/networks/public => generated 108 bytes in 395 msecs (HTTP/1.1 404) 4 headers in 164 bytes (1 switches on core 0) [pid: 7|app: 0|req: 3/8] 199.204.45.109 () {44 vars in 950 bytes} [Thu May 14 06:02:51 2026] GET /v2.0/networks?name=public => generated 15 bytes in 27 msecs (HTTP/1.1 200) 4 headers in 156 bytes (1 switches on core 0)
2026-05-14 06:02:51.643 6 WARNING neutron.services.revisions.revision_plugin [None req-24733b8a-a2a2-4210-a383-4db5d4dc3830 59e788d7d5df4217a920deff86b7374a be78a5d28cfe46118d0d71d44e53cdaf - - default default] Could not find related network for resource to bump revision.
2026-05-14 06:02:51.677 6 INFO neutron.db.segments_db [None req-24733b8a-a2a2-4210-a383-4db5d4dc3830 59e788d7d5df4217a920deff86b7374a be78a5d28cfe46118d0d71d44e53cdaf - - default default] Added segment 4cf368eb-cfd2-4dfd-b77d-83c24a8007aa of type flat for network 9c2e52f6-d946-4466-ae85-6d588b029a50
2026-05-14 06:02:51.744 6 INFO neutron.pecan_wsgi.hooks.translation [None req-24733b8a-a2a2-4210-a383-4db5d4dc3830 59e788d7d5df4217a920deff86b7374a be78a5d28cfe46118d0d71d44e53cdaf - - default default] POST failed (client error): The resource could not be found. [pid: 6|app: 0|req: 6/9] 199.204.45.109 () {48 vars in 968 bytes} [Thu May 14 06:02:51 2026] POST /v2.0/networks => generated 124 bytes in 409 msecs (HTTP/1.1 404) 4 headers in 164 bytes (1 switches on core 0)
2026-05-14 06:02:57.824 6 INFO neutron.pecan_wsgi.hooks.translation [None req-e64f0872-27e1-4999-be26-2bb004448235 59e788d7d5df4217a920deff86b7374a be78a5d28cfe46118d0d71d44e53cdaf - - default default] GET failed (client error): The resource could not be found. [pid: 6|app: 0|req: 7/11] 199.204.45.109 () {44 vars in 928 bytes} [Thu May 14 06:02:57 2026] GET /v2.0/networks/public => generated 108 bytes in 80 msecs (HTTP/1.1 404) 4 headers in 164 bytes (1 switches on core 0) [pid: 7|app: 0|req: 5/12] 199.204.45.109 () {44 vars in 950 bytes} [Thu May 14 06:02:57 2026] GET /v2.0/networks?name=public => generated 15 bytes in 15 msecs (HTTP/1.1 200) 4 headers in 156 bytes (1 switches on core 0)
2026-05-14 06:02:57.909 6 WARNING neutron.services.revisions.revision_plugin [None req-19b1955f-0fc1-4f57-a3c5-6456ef1448a2 59e788d7d5df4217a920deff86b7374a be78a5d28cfe46118d0d71d44e53cdaf - - default default] Could not find related network for resource to bump revision.
2026-05-14 06:02:57.927 6 INFO neutron.db.segments_db [None req-19b1955f-0fc1-4f57-a3c5-6456ef1448a2 59e788d7d5df4217a920deff86b7374a be78a5d28cfe46118d0d71d44e53cdaf - - default default] Added segment 6210415c-7c82-466b-a71a-94490a96f862 of type flat for network 971a0150-c1fd-4f5c-a4ce-6efc07af85ae
2026-05-14 06:02:57.955 6 INFO neutron.pecan_wsgi.hooks.translation [None req-19b1955f-0fc1-4f57-a3c5-6456ef1448a2 59e788d7d5df4217a920deff86b7374a be78a5d28cfe46118d0d71d44e53cdaf - - default default] POST failed (client error): The resource could not be found. [pid: 6|app: 0|req: 8/13] 199.204.45.109 () {48 vars in 968 bytes} [Thu May 14 06:02:57 2026] POST /v2.0/networks => generated 124 bytes in 122 msecs (HTTP/1.1 404) 4 headers in 164 bytes (1 switches on core 0)
2026-05-14 06:03:04.041 7 INFO neutron.pecan_wsgi.hooks.translation [None req-70ba1a4e-9514-4777-9cf6-6a1bc25cd2c5 59e788d7d5df4217a920deff86b7374a be78a5d28cfe46118d0d71d44e53cdaf - - default default] GET failed (client error): The resource could not be found. [pid: 7|app: 0|req: 6/14] 199.204.45.109 () {44 vars in 928 bytes} [Thu May 14 06:03:03 2026] GET /v2.0/networks/public => generated 108 bytes in 54 msecs (HTTP/1.1 404) 4 headers in 164 bytes (1 switches on core 0) [pid: 6|app: 0|req: 9/15] 199.204.45.109 () {44 vars in 950 bytes} [Thu May 14 06:03:04 2026] GET /v2.0/networks?name=public => generated 15 bytes in 16 msecs (HTTP/1.1 200) 4 headers in 156 bytes (1 switches on core 0)
2026-05-14 06:03:04.124 7 WARNING neutron.services.revisions.revision_plugin [None req-fe56ae0e-4a6f-4e70-bba8-7ef4c87318e0 59e788d7d5df4217a920deff86b7374a be78a5d28cfe46118d0d71d44e53cdaf - - default default] Could not find related network for resource to bump revision.
2026-05-14 06:03:04.170 7 INFO neutron.db.segments_db [None req-fe56ae0e-4a6f-4e70-bba8-7ef4c87318e0 59e788d7d5df4217a920deff86b7374a be78a5d28cfe46118d0d71d44e53cdaf - - default default] Added segment 944d4a61-fbfd-48a0-982b-e82b366e271b of type flat for network a45533e1-0209-4104-85e6-a04ae177b854
2026-05-14 06:03:04.199 7 INFO neutron.pecan_wsgi.hooks.translation [None req-fe56ae0e-4a6f-4e70-bba8-7ef4c87318e0 59e788d7d5df4217a920deff86b7374a be78a5d28cfe46118d0d71d44e53cdaf - - default default] POST failed (client error): The resource could not be found. [pid: 7|app: 0|req: 7/16] 199.204.45.109 () {48 vars in 968 bytes} [Thu May 14 06:03:04 2026] POST /v2.0/networks => generated 124 bytes in 144 msecs (HTTP/1.1 404) 4 headers in 164 bytes (1 switches on core 0)
2026-05-14 06:03:10.205 6 INFO neutron.pecan_wsgi.hooks.translation [None req-6ca615ff-ff91-41d0-a82b-5f86e5757c0f 59e788d7d5df4217a920deff86b7374a be78a5d28cfe46118d0d71d44e53cdaf - - default default] GET failed (client error): The resource could not be found. [pid: 6|app: 0|req: 10/17] 199.204.45.109 () {44 vars in 928 bytes} [Thu May 14 06:03:10 2026] GET /v2.0/networks/public => generated 108 bytes in 69 msecs (HTTP/1.1 404) 4 headers in 164 bytes (1 switches on core 0) [pid: 7|app: 0|req: 8/18] 199.204.45.109 () {44 vars in 950 bytes} [Thu May 14 06:03:10 2026] GET /v2.0/networks?name=public => generated 15 bytes in 16 msecs (HTTP/1.1 200) 4 headers in 156 bytes (1 switches on core 0)
2026-05-14 06:03:10.279 6 WARNING neutron.services.revisions.revision_plugin [None req-40b13f66-4953-4a0d-bee4-44cb9e74a1ba 59e788d7d5df4217a920deff86b7374a be78a5d28cfe46118d0d71d44e53cdaf - - default default] Could not find related network for resource to bump revision.
2026-05-14 06:03:10.301 6 INFO neutron.db.segments_db [None req-40b13f66-4953-4a0d-bee4-44cb9e74a1ba 59e788d7d5df4217a920deff86b7374a be78a5d28cfe46118d0d71d44e53cdaf - - default default] Added segment 66117e15-0240-4ae6-9117-fe9268a0e10d of type flat for network 56060f0c-00be-405e-9182-813b6cab107e
2026-05-14 06:03:10.329 6 INFO neutron.pecan_wsgi.hooks.translation [None req-40b13f66-4953-4a0d-bee4-44cb9e74a1ba 59e788d7d5df4217a920deff86b7374a be78a5d28cfe46118d0d71d44e53cdaf - - default default] POST failed (client error): The resource could not be found. [pid: 6|app: 0|req: 11/19] 199.204.45.109 () {48 vars in 968 bytes} [Thu May 14 06:03:10 2026] POST /v2.0/networks => generated 124 bytes in 113 msecs (HTTP/1.1 404) 4 headers in 164 bytes (1 switches on core 0)
2026-05-14 06:03:16.542 6 INFO neutron.pecan_wsgi.hooks.translation [None req-84b57cee-b1f5-4e7e-a436-04580a70bc00 59e788d7d5df4217a920deff86b7374a be78a5d28cfe46118d0d71d44e53cdaf - - default default] GET failed (client error): The resource could not be found. [pid: 6|app: 0|req: 12/21] 199.204.45.109 () {44 vars in 928 bytes} [Thu May 14 06:03:16 2026] GET /v2.0/networks/public => generated 108 bytes in 100 msecs (HTTP/1.1 404) 4 headers in 164 bytes (1 switches on core 0) [pid: 7|app: 0|req: 10/22] 199.204.45.109 () {44 vars in 950 bytes} [Thu May 14 06:03:16 2026] GET /v2.0/networks?name=public => generated 15 bytes in 18 msecs (HTTP/1.1 200) 4 headers in 156 bytes (1 switches on core 0)
2026-05-14 06:03:16.627 6 WARNING neutron.services.revisions.revision_plugin [None req-64c930d6-d971-44c7-abe9-a185eec5501c 59e788d7d5df4217a920deff86b7374a be78a5d28cfe46118d0d71d44e53cdaf - - default default] Could not find related network for resource to bump revision.
2026-05-14 06:03:16.658 6 INFO neutron.db.segments_db [None req-64c930d6-d971-44c7-abe9-a185eec5501c 59e788d7d5df4217a920deff86b7374a be78a5d28cfe46118d0d71d44e53cdaf - - default default] Added segment 1ba4f553-f0a8-4911-8f32-9a3b5274b370 of type flat for network 1b33cfc5-de07-4582-922e-bbfe44f907c1
2026-05-14 06:03:16.683 6 INFO neutron.pecan_wsgi.hooks.translation [None req-64c930d6-d971-44c7-abe9-a185eec5501c 59e788d7d5df4217a920deff86b7374a be78a5d28cfe46118d0d71d44e53cdaf - - default default] POST failed (client error): The resource could not be found. [pid: 6|app: 0|req: 13/23] 199.204.45.109 () {48 vars in 968 bytes} [Thu May 14 06:03:16 2026] POST /v2.0/networks => generated 124 bytes in 122 msecs (HTTP/1.1 404) 4 headers in 164 bytes (1 switches on core 0)
2026-05-14 06:03:22.836 7 INFO neutron.pecan_wsgi.hooks.translation [None req-4aeaca8f-d31f-4c0c-92d4-14a1b6cb3969 59e788d7d5df4217a920deff86b7374a be78a5d28cfe46118d0d71d44e53cdaf - - default default] GET failed (client error): The resource could not be found. [pid: 7|app: 0|req: 11/24] 199.204.45.109 () {44 vars in 928 bytes} [Thu May 14 06:03:22 2026] GET /v2.0/networks/public => generated 108 bytes in 66 msecs (HTTP/1.1 404) 4 headers in 164 bytes (1 switches on core 0) [pid: 6|app: 0|req: 14/25] 199.204.45.109 () {44 vars in 950 bytes} [Thu May 14 06:03:22 2026] GET /v2.0/networks?name=public => generated 15 bytes in 13 msecs (HTTP/1.1 200) 4 headers in 156 bytes (1 switches on core 0)
2026-05-14 06:03:23.841 7 WARNING neutron.services.revisions.revision_plugin [None req-17f56e01-f92a-4783-8942-1571670bca0c 59e788d7d5df4217a920deff86b7374a be78a5d28cfe46118d0d71d44e53cdaf - - default default] Could not find related network for resource to bump revision.
2026-05-14 06:03:23.909 7 INFO neutron.db.segments_db [None req-17f56e01-f92a-4783-8942-1571670bca0c 59e788d7d5df4217a920deff86b7374a be78a5d28cfe46118d0d71d44e53cdaf - - default default] Added segment f344ade0-53fb-469a-a3c2-5ec0126495b6 of type flat for network b5ce1f18-8684-4563-8fc7-205037f839a0 [pid: 7|app: 0|req: 12/27] 199.204.45.109 () {48 vars in 968 bytes} [Thu May 14 06:03:22 2026] POST /v2.0/networks => generated 706 bytes in 4034 msecs (HTTP/1.1 201) 4 headers in 162 bytes (1 switches on core 0)
2026-05-14 06:03:28.054 6 INFO neutron.pecan_wsgi.hooks.translation [None req-9e64a24a-8820-4c66-8795-0518e45f9585 59e788d7d5df4217a920deff86b7374a be78a5d28cfe46118d0d71d44e53cdaf - - default default] GET failed (client error): The resource could not be found. [pid: 6|app: 0|req: 16/28] 199.204.45.109 () {44 vars in 928 bytes} [Thu May 14 06:03:27 2026] GET /v2.0/networks/public => generated 108 bytes in 63 msecs (HTTP/1.1 404) 4 headers in 164 bytes (1 switches on core 0) [pid: 7|app: 0|req: 13/29] 199.204.45.109 () {44 vars in 950 bytes} [Thu May 14 06:03:28 2026] GET /v2.0/networks?name=public => generated 709 bytes in 36 msecs (HTTP/1.1 200) 4 headers in 157 bytes (1 switches on core 0)
2026-05-14 06:03:28.128 6 INFO neutron.pecan_wsgi.hooks.translation [None req-26f341ea-1317-4053-89e0-187e0b86afa7 59e788d7d5df4217a920deff86b7374a be78a5d28cfe46118d0d71d44e53cdaf - - default default] GET failed (client error): The resource could not be found. [pid: 6|app: 0|req: 17/30] 199.204.45.109 () {44 vars in 1035 bytes} [Thu May 14 06:03:28 2026] GET /v2.0/subnets/public-subnet?network_id=b5ce1f18-8684-4563-8fc7-205037f839a0 => generated 113 bytes in 25 msecs (HTTP/1.1 404) 4 headers in 164 bytes (1 switches on core 0) [pid: 7|app: 0|req: 14/31] 199.204.45.109 () {44 vars in 1058 bytes} [Thu May 14 06:03:28 2026] GET /v2.0/subnets?name=public-subnet&network_id=b5ce1f18-8684-4563-8fc7-205037f839a0 => generated 14 bytes in 26 msecs (HTTP/1.1 200) 4 headers in 156 bytes (1 switches on core 0) [pid: 6|app: 0|req: 18/32] 199.204.45.109 () {48 vars in 966 bytes} [Thu May 14 06:03:28 2026] POST /v2.0/subnets => generated 664 bytes in 360 msecs (HTTP/1.1 201) 4 headers in 162 bytes (1 switches on core 0)
2026-05-14 06:08:49.239 7 INFO neutron.pecan_wsgi.hooks.translation [None req-d12b3662-ecfa-4b62-a294-004b664fda00 59e788d7d5df4217a920deff86b7374a be78a5d28cfe46118d0d71d44e53cdaf - - default default] GET failed (client error): The resource could not be found. [pid: 7|app: 0|req: 36/75] 199.204.45.109 () {44 vars in 938 bytes} [Thu May 14 06:08:48 2026] GET /v2.0/networks/lb-mgmt-net => generated 113 bytes in 363 msecs (HTTP/1.1 404) 4 headers in 164 bytes (1 switches on core 0) [pid: 6|app: 0|req: 40/76] 199.204.45.109 () {44 vars in 960 bytes} [Thu May 14 06:08:49 2026] GET /v2.0/networks?name=lb-mgmt-net => generated 15 bytes in 22 msecs (HTTP/1.1 200) 4 headers in 156 bytes (1 switches on core 0)
2026-05-14 06:08:49.355 7 INFO neutron.db.segments_db [None req-fa680bc5-4420-4560-816e-2493c1318f35 59e788d7d5df4217a920deff86b7374a be78a5d28cfe46118d0d71d44e53cdaf - - default default] Added segment bbf5261b-16f7-4fa4-a77e-53f2df4e05f2 of type vxlan for network 02c38973-d98c-4fce-856a-58cecbe92ac8 [pid: 7|app: 0|req: 37/77] 199.204.45.109 () {48 vars in 967 bytes} [Thu May 14 06:08:49 2026] POST /v2.0/networks => generated 688 bytes in 195 msecs (HTTP/1.1 201) 4 headers in 162 bytes (1 switches on core 0)
