2026-05-14 06:49:36.605 8 INFO placement.requestlog [None req-0feb977f-a459-4c77-9e17-6a95c3564852 a30d28a3c39f41d8985caf116b193bdf b96ea3abb02c432c9911ca4fe2a76c0f - - 1d8a86fd67554e1ba47233d3fd2eb9fb 1d8a86fd67554e1ba47233d3fd2eb9fb] 10.0.0.18 "GET /resource_providers/fe4af9ac-55e3-4ab7-ae0f-f7a826aedcfc/aggregates" status: 404 len: 235 microversion: 1.1 [pid: 8|app: 0|req: 594/1190] 10.0.0.18 () {32 vars in 814 bytes} [Thu May 14 06:49:36 2026] GET /resource_providers/fe4af9ac-55e3-4ab7-ae0f-f7a826aedcfc/aggregates => generated 235 bytes in 15 msecs (HTTP/1.1 404) 5 headers in 202 bytes (1 switches on core 0)
2026-05-14 06:49:36.615 7 INFO placement.requestlog [None req-ddfc5765-00ae-4a0c-ba69-1207033f4341 a30d28a3c39f41d8985caf116b193bdf b96ea3abb02c432c9911ca4fe2a76c0f - - 1d8a86fd67554e1ba47233d3fd2eb9fb 1d8a86fd67554e1ba47233d3fd2eb9fb] 10.0.0.18 "GET /resource_providers/fe4af9ac-55e3-4ab7-ae0f-f7a826aedcfc/aggregates" status: 404 len: 235 microversion: 1.1 [pid: 7|app: 0|req: 597/1191] 10.0.0.18 () {32 vars in 814 bytes} [Thu May 14 06:49:36 2026] GET /resource_providers/fe4af9ac-55e3-4ab7-ae0f-f7a826aedcfc/aggregates => generated 235 bytes in 13 msecs (HTTP/1.1 404) 5 headers in 202 bytes (1 switches on core 0)
2026-05-14 06:49:36.623 8 INFO placement.requestlog [None req-51ae1a26-84dc-433a-b1ec-51c927da051b a30d28a3c39f41d8985caf116b193bdf b96ea3abb02c432c9911ca4fe2a76c0f - - 1d8a86fd67554e1ba47233d3fd2eb9fb 1d8a86fd67554e1ba47233d3fd2eb9fb] 10.0.0.18 "DELETE /resource_providers/fe4af9ac-55e3-4ab7-ae0f-f7a826aedcfc" status: 404 len: 246 microversion: 1.1 [pid: 8|app: 0|req: 595/1192] 10.0.0.18 () {34 vars in 814 bytes} [Thu May 14 06:49:36 2026] DELETE /resource_providers/fe4af9ac-55e3-4ab7-ae0f-f7a826aedcfc => generated 246 bytes in 11 msecs (HTTP/1.1 404) 6 headers in 231 bytes (1 switches on core 0)
2026-05-14 06:49:36.633 7 INFO placement.requestlog [None req-8f778407-6521-49fd-bcac-6e8164085798 a30d28a3c39f41d8985caf116b193bdf b96ea3abb02c432c9911ca4fe2a76c0f - - 1d8a86fd67554e1ba47233d3fd2eb9fb 1d8a86fd67554e1ba47233d3fd2eb9fb] 10.0.0.18 "DELETE /resource_providers/fe4af9ac-55e3-4ab7-ae0f-f7a826aedcfc" status: 404 len: 246 microversion: 1.1 [pid: 7|app: 0|req: 598/1193] 10.0.0.18 () {34 vars in 814 bytes} [Thu May 14 06:49:36 2026] DELETE /resource_providers/fe4af9ac-55e3-4ab7-ae0f-f7a826aedcfc => generated 246 bytes in 10 msecs (HTTP/1.1 404) 6 headers in 231 bytes (1 switches on core 0)
2026-05-14 06:49:42.895 8 INFO placement.requestlog [None req-a091768e-0e6d-4c57-bca1-4cb463411b6e - - - - - -] 10.0.0.175 "GET /" status: 200 len: 136 microversion: 1.0
2026-05-14 06:49:42.897 7 INFO placement.requestlog [None req-793ee038-ace2-4175-9cb3-c7e8033a5172 - - - - - -] 10.0.0.175 "GET /" status: 200 len: 136 microversion: 1.0
2026-05-14 06:49:52.895 8 INFO placement.requestlog [None req-7717e6ed-7bc9-415a-8021-d09369cf2a77 - - - - - -] 10.0.0.175 "GET /" status: 200 len: 136 microversion: 1.0
2026-05-14 06:49:52.895 7 INFO placement.requestlog [None req-81c68c8c-af58-4645-96cd-eb22896a1f12 - - - - - -] 10.0.0.175 "GET /" status: 200 len: 136 microversion: 1.0
2026-05-14 06:49:54.812 7 INFO placement.requestlog [req-f0a05ade-3a13-445c-8709-e96a1a08b83a req-a3799333-b91b-4436-bee2-1597d26f86c3 f06023e4e8a24d248aa1f74ac6aa3e07 b96ea3abb02c432c9911ca4fe2a76c0f - - 1d8a86fd67554e1ba47233d3fd2eb9fb 1d8a86fd67554e1ba47233d3fd2eb9fb] 10.0.0.234 "GET /allocation_candidates?limit=1000&resources=DISK_GB%3A1%2CMEMORY_MB%3A512%2CVCPU%3A1&root_required=%21COMPUTE_STATUS_DISABLED" status: 200 len: 2781 microversion: 1.36 [pid: 7|app: 0|req: 601/1198] 10.0.0.234 () {34 vars in 1011 bytes} [Thu May 14 06:49:54 2026] GET /allocation_candidates?limit=1000&resources=DISK_GB%3A1%2CMEMORY_MB%3A512%2CVCPU%3A1&root_required=%21COMPUTE_STATUS_DISABLED => generated 2781 bytes in 55 msecs (HTTP/1.1 200) 8 headers in 297 bytes (1 switches on core 0)
2026-05-14 06:49:54.851 8 INFO placement.requestlog [req-f0a05ade-3a13-445c-8709-e96a1a08b83a req-d298dbc5-d057-4ddf-a3c8-4e68233705ed f06023e4e8a24d248aa1f74ac6aa3e07 b96ea3abb02c432c9911ca4fe2a76c0f - - 1d8a86fd67554e1ba47233d3fd2eb9fb 1d8a86fd67554e1ba47233d3fd2eb9fb] 10.0.0.234 "GET /allocations/daed7393-8f83-4c68-968e-0e0c183c93b5" status: 200 len: 19 microversion: 1.28 [pid: 8|app: 0|req: 598/1199] 10.0.0.234 () {34 vars in 860 bytes} [Thu May 14 06:49:54 2026] GET /allocations/daed7393-8f83-4c68-968e-0e0c183c93b5 => generated 19 bytes in 12 msecs (HTTP/1.1 200) 8 headers in 295 bytes (1 switches on core 0)
2026-05-14 06:49:54.942 7 INFO placement.requestlog [req-f0a05ade-3a13-445c-8709-e96a1a08b83a req-ed02396e-cec3-41bb-a865-32c8964492a4 f06023e4e8a24d248aa1f74ac6aa3e07 b96ea3abb02c432c9911ca4fe2a76c0f - - 1d8a86fd67554e1ba47233d3fd2eb9fb 1d8a86fd67554e1ba47233d3fd2eb9fb] 10.0.0.234 "PUT /allocations/daed7393-8f83-4c68-968e-0e0c183c93b5" status: 204 len: 0 microversion: 1.36 [pid: 7|app: 0|req: 602/1200] 10.0.0.234 () {38 vars in 913 bytes} [Thu May 14 06:49:54 2026] PUT /allocations/daed7393-8f83-4c68-968e-0e0c183c93b5 => generated 0 bytes in 83 msecs (HTTP/1.1 204) 5 headers in 199 bytes (1 switches on core 0)
2026-05-14 06:49:56.506 8 INFO placement.requestlog [req-f0a05ade-3a13-445c-8709-e96a1a08b83a req-0de358d6-e3d3-4cd1-bfc5-18461d383c8f f06023e4e8a24d248aa1f74ac6aa3e07 b96ea3abb02c432c9911ca4fe2a76c0f - - 1d8a86fd67554e1ba47233d3fd2eb9fb 1d8a86fd67554e1ba47233d3fd2eb9fb] 199.204.45.109 "GET /allocations/daed7393-8f83-4c68-968e-0e0c183c93b5" status: 200 len: 257 microversion: 1.28 [pid: 8|app: 0|req: 599/1201] 199.204.45.109 () {34 vars in 862 bytes} [Thu May 14 06:49:56 2026] GET /allocations/daed7393-8f83-4c68-968e-0e0c183c93b5 => generated 257 bytes in 20 msecs (HTTP/1.1 200) 8 headers in 296 bytes (1 switches on core 0)
2026-05-14 06:49:57.576 7 INFO placement.requestlog [req-f0a05ade-3a13-445c-8709-e96a1a08b83a req-8614816f-65de-4909-ac76-fd6ab1236f6b f06023e4e8a24d248aa1f74ac6aa3e07 b96ea3abb02c432c9911ca4fe2a76c0f - - 1d8a86fd67554e1ba47233d3fd2eb9fb 1d8a86fd67554e1ba47233d3fd2eb9fb] 199.204.45.109 "GET /resource_providers/49a67d1c-eeab-4aa6-a876-0d886a2b475b/allocations" status: 200 len: 152 microversion: 1.0 [pid: 7|app: 0|req: 603/1202] 199.204.45.109 () {32 vars in 856 bytes} [Thu May 14 06:49:57 2026] GET /resource_providers/49a67d1c-eeab-4aa6-a876-0d886a2b475b/allocations => generated 152 bytes in 37 msecs (HTTP/1.1 200) 6 headers in 224 bytes (1 switches on core 0)
2026-05-14 06:49:57.596 8 INFO placement.requestlog [req-f0a05ade-3a13-445c-8709-e96a1a08b83a req-b37a7cfe-570e-4118-a621-98761aea567f f06023e4e8a24d248aa1f74ac6aa3e07 b96ea3abb02c432c9911ca4fe2a76c0f - - 1d8a86fd67554e1ba47233d3fd2eb9fb 1d8a86fd67554e1ba47233d3fd2eb9fb] 199.204.45.109 "GET /allocations/daed7393-8f83-4c68-968e-0e0c183c93b5" status: 200 len: 257 microversion: 1.28 [pid: 8|app: 0|req: 600/1203] 199.204.45.109 () {34 vars in 862 bytes} [Thu May 14 06:49:57 2026] GET /allocations/daed7393-8f83-4c68-968e-0e0c183c93b5 => generated 257 bytes in 13 msecs (HTTP/1.1 200) 8 headers in 296 bytes (1 switches on core 0)
2026-05-14 06:50:02.895 8 INFO placement.requestlog [None req-843bf90c-678e-4f1b-831a-2842ff1825e7 - - - - - -] 10.0.0.175 "GET /" status: 200 len: 136 microversion: 1.0
2026-05-14 06:50:02.895 7 INFO placement.requestlog [None req-b79ab94a-3c1a-4f22-a054-07df8e201081 - - - - - -] 10.0.0.175 "GET /" status: 200 len: 136 microversion: 1.0
2026-05-14 06:50:07.442 7 INFO placement.requestlog [req-976bfb4c-8c49-4e04-8e74-b6427064cc45 req-d0477ad6-3363-4990-9721-0bea62eff7cc f06023e4e8a24d248aa1f74ac6aa3e07 b96ea3abb02c432c9911ca4fe2a76c0f - - 1d8a86fd67554e1ba47233d3fd2eb9fb 1d8a86fd67554e1ba47233d3fd2eb9fb] 10.0.0.234 "GET /allocation_candidates?limit=1000&resources=DISK_GB%3A1%2CMEMORY_MB%3A512%2CVCPU%3A1&root_required=%21COMPUTE_STATUS_DISABLED" status: 200 len: 2783 microversion: 1.36 [pid: 7|app: 0|req: 605/1206] 10.0.0.234 () {34 vars in 1011 bytes} [Thu May 14 06:50:07 2026] GET /allocation_candidates?limit=1000&resources=DISK_GB%3A1%2CMEMORY_MB%3A512%2CVCPU%3A1&root_required=%21COMPUTE_STATUS_DISABLED => generated 2783 bytes in 75 msecs (HTTP/1.1 200) 8 headers in 297 bytes (1 switches on core 0)
2026-05-14 06:50:07.485 8 INFO placement.requestlog [req-976bfb4c-8c49-4e04-8e74-b6427064cc45 req-15ef122e-2844-4991-9288-51c147151dbc f06023e4e8a24d248aa1f74ac6aa3e07 b96ea3abb02c432c9911ca4fe2a76c0f - - 1d8a86fd67554e1ba47233d3fd2eb9fb 1d8a86fd67554e1ba47233d3fd2eb9fb] 10.0.0.234 "GET /allocations/84f9d271-a6d7-496e-ab29-0ab1e2b11896" status: 200 len: 19 microversion: 1.28 [pid: 8|app: 0|req: 602/1207] 10.0.0.234 () {34 vars in 860 bytes} [Thu May 14 06:50:07 2026] GET /allocations/84f9d271-a6d7-496e-ab29-0ab1e2b11896 => generated 19 bytes in 10 msecs (HTTP/1.1 200) 8 headers in 295 bytes (1 switches on core 0)
2026-05-14 06:50:07.586 7 INFO placement.requestlog [req-976bfb4c-8c49-4e04-8e74-b6427064cc45 req-b55fda7d-cb96-41d7-934d-fc59f80ce3d6 f06023e4e8a24d248aa1f74ac6aa3e07 b96ea3abb02c432c9911ca4fe2a76c0f - - 1d8a86fd67554e1ba47233d3fd2eb9fb 1d8a86fd67554e1ba47233d3fd2eb9fb] 10.0.0.234 "PUT /allocations/84f9d271-a6d7-496e-ab29-0ab1e2b11896" status: 204 len: 0 microversion: 1.36 [pid: 7|app: 0|req: 606/1208] 10.0.0.234 () {38 vars in 913 bytes} [Thu May 14 06:50:07 2026] PUT /allocations/84f9d271-a6d7-496e-ab29-0ab1e2b11896 => generated 0 bytes in 92 msecs (HTTP/1.1 204) 5 headers in 199 bytes (1 switches on core 0)
2026-05-14 06:50:09.074 8 INFO placement.requestlog [req-976bfb4c-8c49-4e04-8e74-b6427064cc45 req-0f033b86-1bb7-458b-966e-164cdde344ec f06023e4e8a24d248aa1f74ac6aa3e07 b96ea3abb02c432c9911ca4fe2a76c0f - - 1d8a86fd67554e1ba47233d3fd2eb9fb 1d8a86fd67554e1ba47233d3fd2eb9fb] 199.204.45.109 "GET /allocations/84f9d271-a6d7-496e-ab29-0ab1e2b11896" status: 200 len: 258 microversion: 1.28 [pid: 8|app: 0|req: 603/1209] 199.204.45.109 () {34 vars in 862 bytes} [Thu May 14 06:50:09 2026] GET /allocations/84f9d271-a6d7-496e-ab29-0ab1e2b11896 => generated 258 bytes in 16 msecs (HTTP/1.1 200) 8 headers in 296 bytes (1 switches on core 0)
2026-05-14 06:50:10.142 7 INFO placement.requestlog [req-976bfb4c-8c49-4e04-8e74-b6427064cc45 req-223affce-e59a-4aff-b477-5122b7129703 f06023e4e8a24d248aa1f74ac6aa3e07 b96ea3abb02c432c9911ca4fe2a76c0f - - 1d8a86fd67554e1ba47233d3fd2eb9fb 1d8a86fd67554e1ba47233d3fd2eb9fb] 199.204.45.109 "GET /resource_providers/49a67d1c-eeab-4aa6-a876-0d886a2b475b/allocations" status: 200 len: 253 microversion: 1.0 [pid: 7|app: 0|req: 607/1210] 199.204.45.109 () {32 vars in 856 bytes} [Thu May 14 06:50:10 2026] GET /resource_providers/49a67d1c-eeab-4aa6-a876-0d886a2b475b/allocations => generated 253 bytes in 36 msecs (HTTP/1.1 200) 6 headers in 224 bytes (1 switches on core 0)
2026-05-14 06:50:10.170 8 INFO placement.requestlog [req-976bfb4c-8c49-4e04-8e74-b6427064cc45 req-9f533d0d-8b99-4a1e-904d-bad6190388a1 f06023e4e8a24d248aa1f74ac6aa3e07 b96ea3abb02c432c9911ca4fe2a76c0f - - 1d8a86fd67554e1ba47233d3fd2eb9fb 1d8a86fd67554e1ba47233d3fd2eb9fb] 199.204.45.109 "GET /allocations/daed7393-8f83-4c68-968e-0e0c183c93b5" status: 200 len: 258 microversion: 1.28 [pid: 8|app: 0|req: 604/1211] 199.204.45.109 () {34 vars in 862 bytes} [Thu May 14 06:50:10 2026] GET /allocations/daed7393-8f83-4c68-968e-0e0c183c93b5 => generated 258 bytes in 21 msecs (HTTP/1.1 200) 8 headers in 296 bytes (1 switches on core 0)
2026-05-14 06:50:10.190 7 INFO placement.requestlog [req-976bfb4c-8c49-4e04-8e74-b6427064cc45 req-4b6a61c6-34f1-43e5-bf15-558f8ebc18c9 f06023e4e8a24d248aa1f74ac6aa3e07 b96ea3abb02c432c9911ca4fe2a76c0f - - 1d8a86fd67554e1ba47233d3fd2eb9fb 1d8a86fd67554e1ba47233d3fd2eb9fb] 199.204.45.109 "GET /allocations/84f9d271-a6d7-496e-ab29-0ab1e2b11896" status: 200 len: 258 microversion: 1.28 [pid: 7|app: 0|req: 608/1212] 199.204.45.109 () {34 vars in 862 bytes} [Thu May 14 06:50:10 2026] GET /allocations/84f9d271-a6d7-496e-ab29-0ab1e2b11896 => generated 258 bytes in 14 msecs (HTTP/1.1 200) 8 headers in 296 bytes (1 switches on core 0)
2026-05-14 06:50:12.278 8 INFO placement.requestlog [req-4a9b00b5-33b2-4d52-ae9d-0f2c86d0417f req-370e7003-8659-4fa3-9bce-acf56c44b422 f06023e4e8a24d248aa1f74ac6aa3e07 b96ea3abb02c432c9911ca4fe2a76c0f - - 1d8a86fd67554e1ba47233d3fd2eb9fb 1d8a86fd67554e1ba47233d3fd2eb9fb] 199.204.45.109 "GET /resource_providers/49a67d1c-eeab-4aa6-a876-0d886a2b475b/allocations" status: 200 len: 253 microversion: 1.0 [pid: 8|app: 0|req: 605/1213] 199.204.45.109 () {32 vars in 856 bytes} [Thu May 14 06:50:12 2026] GET /resource_providers/49a67d1c-eeab-4aa6-a876-0d886a2b475b/allocations => generated 253 bytes in 25 msecs (HTTP/1.1 200) 6 headers in 224 bytes (1 switches on core 0)
2026-05-14 06:50:12.313 7 INFO placement.requestlog [req-4a9b00b5-33b2-4d52-ae9d-0f2c86d0417f req-8052f174-0193-4587-8f8c-bd886f499ff5 f06023e4e8a24d248aa1f74ac6aa3e07 b96ea3abb02c432c9911ca4fe2a76c0f - - 1d8a86fd67554e1ba47233d3fd2eb9fb 1d8a86fd67554e1ba47233d3fd2eb9fb] 199.204.45.109 "GET /resource_providers/49a67d1c-eeab-4aa6-a876-0d886a2b475b/allocations" status: 200 len: 253 microversion: 1.0 [pid: 7|app: 0|req: 609/1214] 199.204.45.109 () {32 vars in 856 bytes} [Thu May 14 06:50:12 2026] GET /resource_providers/49a67d1c-eeab-4aa6-a876-0d886a2b475b/allocations => generated 253 bytes in 25 msecs (HTTP/1.1 200) 6 headers in 224 bytes (1 switches on core 0)
2026-05-14 06:50:12.340 8 INFO placement.requestlog [req-4a9b00b5-33b2-4d52-ae9d-0f2c86d0417f req-9ec72bfa-9b66-42ff-ac9e-aeede5ac1ea6 f06023e4e8a24d248aa1f74ac6aa3e07 b96ea3abb02c432c9911ca4fe2a76c0f - - 1d8a86fd67554e1ba47233d3fd2eb9fb 1d8a86fd67554e1ba47233d3fd2eb9fb] 199.204.45.109 "GET /allocations/daed7393-8f83-4c68-968e-0e0c183c93b5" status: 200 len: 258 microversion: 1.28 [pid: 8|app: 0|req: 606/1215] 199.204.45.109 () {34 vars in 862 bytes} [Thu May 14 06:50:12 2026] GET /allocations/daed7393-8f83-4c68-968e-0e0c183c93b5 => generated 258 bytes in 18 msecs (HTTP/1.1 200) 8 headers in 296 bytes (1 switches on core 0)
2026-05-14 06:50:12.358 7 INFO placement.requestlog [req-4a9b00b5-33b2-4d52-ae9d-0f2c86d0417f req-28cf80fa-b744-4391-a372-9b4177727e7a f06023e4e8a24d248aa1f74ac6aa3e07 b96ea3abb02c432c9911ca4fe2a76c0f - - 1d8a86fd67554e1ba47233d3fd2eb9fb 1d8a86fd67554e1ba47233d3fd2eb9fb] 199.204.45.109 "GET /allocations/84f9d271-a6d7-496e-ab29-0ab1e2b11896" status: 200 len: 258 microversion: 1.28 [pid: 7|app: 0|req: 610/1216] 199.204.45.109 () {34 vars in 862 bytes} [Thu May 14 06:50:12 2026] GET /allocations/84f9d271-a6d7-496e-ab29-0ab1e2b11896 => generated 258 bytes in 13 msecs (HTTP/1.1 200) 8 headers in 296 bytes (1 switches on core 0)
2026-05-14 06:50:12.895 8 INFO placement.requestlog [None req-63bf0774-fe24-4206-b657-ec5d4ed4dda9 - - - - - -] 10.0.0.175 "GET /" status: 200 len: 136 microversion: 1.0
2026-05-14 06:50:12.895 7 INFO placement.requestlog [None req-2dc28343-b8d9-4e04-bc92-8ce19e227776 - - - - - -] 10.0.0.175 "GET /" status: 200 len: 136 microversion: 1.0
2026-05-14 06:50:14.084 8 INFO placement.requestlog [req-526fde69-8032-4f1c-b13f-0850f8cacbc5 req-f6f30383-372a-427a-8784-295f3dbdcefe f06023e4e8a24d248aa1f74ac6aa3e07 b96ea3abb02c432c9911ca4fe2a76c0f - - 1d8a86fd67554e1ba47233d3fd2eb9fb 1d8a86fd67554e1ba47233d3fd2eb9fb] 199.204.45.109 "GET /resource_providers/49a67d1c-eeab-4aa6-a876-0d886a2b475b/allocations" status: 200 len: 253 microversion: 1.0 [pid: 8|app: 0|req: 608/1219] 199.204.45.109 () {32 vars in 856 bytes} [Thu May 14 06:50:14 2026] GET /resource_providers/49a67d1c-eeab-4aa6-a876-0d886a2b475b/allocations => generated 253 bytes in 41 msecs (HTTP/1.1 200) 6 headers in 224 bytes (1 switches on core 0)
2026-05-14 06:50:14.102 7 INFO placement.requestlog [req-526fde69-8032-4f1c-b13f-0850f8cacbc5 req-9ebe7396-2d15-4cf5-b199-e25f1bced2c9 f06023e4e8a24d248aa1f74ac6aa3e07 b96ea3abb02c432c9911ca4fe2a76c0f - - 1d8a86fd67554e1ba47233d3fd2eb9fb 1d8a86fd67554e1ba47233d3fd2eb9fb] 199.204.45.109 "GET /allocations/daed7393-8f83-4c68-968e-0e0c183c93b5" status: 200 len: 258 microversion: 1.28 [pid: 7|app: 0|req: 612/1220] 199.204.45.109 () {34 vars in 862 bytes} [Thu May 14 06:50:14 2026] GET /allocations/daed7393-8f83-4c68-968e-0e0c183c93b5 => generated 258 bytes in 12 msecs (HTTP/1.1 200) 8 headers in 296 bytes (1 switches on core 0)
2026-05-14 06:50:14.144 8 INFO placement.requestlog [req-526fde69-8032-4f1c-b13f-0850f8cacbc5 req-6f248bd5-ecf9-4946-a8a7-078b632433b1 f06023e4e8a24d248aa1f74ac6aa3e07 b96ea3abb02c432c9911ca4fe2a76c0f - - 1d8a86fd67554e1ba47233d3fd2eb9fb 1d8a86fd67554e1ba47233d3fd2eb9fb] 199.204.45.109 "GET /allocations/84f9d271-a6d7-496e-ab29-0ab1e2b11896" status: 200 len: 258 microversion: 1.28 [pid: 8|app: 0|req: 609/1221] 199.204.45.109 () {34 vars in 862 bytes} [Thu May 14 06:50:14 2026] GET /allocations/84f9d271-a6d7-496e-ab29-0ab1e2b11896 => generated 258 bytes in 30 msecs (HTTP/1.1 200) 8 headers in 296 bytes (1 switches on core 0)
2026-05-14 06:50:15.226 7 INFO placement.requestlog [req-526fde69-8032-4f1c-b13f-0850f8cacbc5 req-04f35fca-9667-4e82-9756-aff0b366d37d f06023e4e8a24d248aa1f74ac6aa3e07 b96ea3abb02c432c9911ca4fe2a76c0f - - 1d8a86fd67554e1ba47233d3fd2eb9fb 1d8a86fd67554e1ba47233d3fd2eb9fb] 199.204.45.109 "DELETE /allocations/daed7393-8f83-4c68-968e-0e0c183c93b5" status: 204 len: 0 microversion: 1.0 [pid: 7|app: 0|req: 613/1222] 199.204.45.109 () {34 vars in 840 bytes} [Thu May 14 06:50:15 2026] DELETE /allocations/daed7393-8f83-4c68-968e-0e0c183c93b5 => generated 0 bytes in 37 msecs (HTTP/1.1 204) 5 headers in 198 bytes (1 switches on core 0)
2026-05-14 06:50:18.502 7 INFO placement.requestlog [None req-686a751e-b8b3-411b-9641-df946b27ce1d a30d28a3c39f41d8985caf116b193bdf b96ea3abb02c432c9911ca4fe2a76c0f - - 1d8a86fd67554e1ba47233d3fd2eb9fb 1d8a86fd67554e1ba47233d3fd2eb9fb] 10.0.0.18 "GET /resource_providers/7a82da8f-2075-48e8-9c94-4c4be8d53a14/aggregates" status: 404 len: 235 microversion: 1.1 [pid: 7|app: 0|req: 614/1223] 10.0.0.18 () {32 vars in 814 bytes} [Thu May 14 06:50:18 2026] GET /resource_providers/7a82da8f-2075-48e8-9c94-4c4be8d53a14/aggregates => generated 235 bytes in 11 msecs (HTTP/1.1 404) 5 headers in 202 bytes (1 switches on core 0)
2026-05-14 06:50:18.503 8 INFO placement.requestlog [None req-db0f56f8-1857-4d5b-b9e5-e5fb9cee36c5 a30d28a3c39f41d8985caf116b193bdf b96ea3abb02c432c9911ca4fe2a76c0f - - 1d8a86fd67554e1ba47233d3fd2eb9fb 1d8a86fd67554e1ba47233d3fd2eb9fb] 10.0.0.18 "GET /resource_providers/7a82da8f-2075-48e8-9c94-4c4be8d53a14/aggregates" status: 404 len: 235 microversion: 1.1 [pid: 8|app: 0|req: 610/1224] 10.0.0.18 () {32 vars in 814 bytes} [Thu May 14 06:50:18 2026] GET /resource_providers/7a82da8f-2075-48e8-9c94-4c4be8d53a14/aggregates => generated 235 bytes in 12 msecs (HTTP/1.1 404) 5 headers in 202 bytes (1 switches on core 0)
2026-05-14 06:50:18.529 8 INFO placement.requestlog [None req-533a4ccd-9170-4f9d-9039-0e9b927a0c2d a30d28a3c39f41d8985caf116b193bdf b96ea3abb02c432c9911ca4fe2a76c0f - - 1d8a86fd67554e1ba47233d3fd2eb9fb 1d8a86fd67554e1ba47233d3fd2eb9fb] 10.0.0.18 "DELETE /resource_providers/7a82da8f-2075-48e8-9c94-4c4be8d53a14" status: 404 len: 246 microversion: 1.1 [pid: 8|app: 0|req: 611/1225] 10.0.0.18 () {34 vars in 814 bytes} [Thu May 14 06:50:18 2026] DELETE /resource_providers/7a82da8f-2075-48e8-9c94-4c4be8d53a14 => generated 246 bytes in 12 msecs (HTTP/1.1 404) 6 headers in 231 bytes (1 switches on core 0)
2026-05-14 06:50:18.531 7 INFO placement.requestlog [None req-e7b12cfe-bd36-44ac-b924-af149e655ee4 a30d28a3c39f41d8985caf116b193bdf b96ea3abb02c432c9911ca4fe2a76c0f - - 1d8a86fd67554e1ba47233d3fd2eb9fb 1d8a86fd67554e1ba47233d3fd2eb9fb] 10.0.0.18 "DELETE /resource_providers/7a82da8f-2075-48e8-9c94-4c4be8d53a14" status: 404 len: 246 microversion: 1.1 [pid: 7|app: 0|req: 615/1226] 10.0.0.18 () {34 vars in 814 bytes} [Thu May 14 06:50:18 2026] DELETE /resource_providers/7a82da8f-2075-48e8-9c94-4c4be8d53a14 => generated 246 bytes in 15 msecs (HTTP/1.1 404) 6 headers in 231 bytes (1 switches on core 0)
2026-05-14 06:50:20.222 8 INFO placement.requestlog [None req-5dd19665-12d8-4999-bf03-b1fc2b1f9f1f a30d28a3c39f41d8985caf116b193bdf b96ea3abb02c432c9911ca4fe2a76c0f - - 1d8a86fd67554e1ba47233d3fd2eb9fb 1d8a86fd67554e1ba47233d3fd2eb9fb] 10.0.0.18 "GET /resource_providers/6e3a5678-bc38-4b8c-ad7d-b139a4e64eba/aggregates" status: 404 len: 235 microversion: 1.1 [pid: 8|app: 0|req: 612/1227] 10.0.0.18 () {32 vars in 814 bytes} [Thu May 14 06:50:20 2026] GET /resource_providers/6e3a5678-bc38-4b8c-ad7d-b139a4e64eba/aggregates => generated 235 bytes in 12 msecs (HTTP/1.1 404) 5 headers in 202 bytes (1 switches on core 0)
2026-05-14 06:50:20.230 7 INFO placement.requestlog [None req-e75c8fb8-2acd-4915-abf1-5065c9c61d6d a30d28a3c39f41d8985caf116b193bdf b96ea3abb02c432c9911ca4fe2a76c0f - - 1d8a86fd67554e1ba47233d3fd2eb9fb 1d8a86fd67554e1ba47233d3fd2eb9fb] 10.0.0.18 "GET /resource_providers/6e3a5678-bc38-4b8c-ad7d-b139a4e64eba/aggregates" status: 404 len: 235 microversion: 1.1 [pid: 7|app: 0|req: 616/1228] 10.0.0.18 () {32 vars in 814 bytes} [Thu May 14 06:50:20 2026] GET /resource_providers/6e3a5678-bc38-4b8c-ad7d-b139a4e64eba/aggregates => generated 235 bytes in 11 msecs (HTTP/1.1 404) 5 headers in 202 bytes (1 switches on core 0)
2026-05-14 06:50:20.262 8 INFO placement.requestlog [None req-c1d8cabd-ff92-45fb-aa14-d1b390321fd0 a30d28a3c39f41d8985caf116b193bdf b96ea3abb02c432c9911ca4fe2a76c0f - - 1d8a86fd67554e1ba47233d3fd2eb9fb 1d8a86fd67554e1ba47233d3fd2eb9fb] 10.0.0.18 "DELETE /resource_providers/6e3a5678-bc38-4b8c-ad7d-b139a4e64eba" status: 404 len: 246 microversion: 1.1 [pid: 8|app: 0|req: 613/1229] 10.0.0.18 () {34 vars in 814 bytes} [Thu May 14 06:50:20 2026] DELETE /resource_providers/6e3a5678-bc38-4b8c-ad7d-b139a4e64eba => generated 246 bytes in 16 msecs (HTTP/1.1 404) 6 headers in 231 bytes (1 switches on core 0)
2026-05-14 06:50:20.266 7 INFO placement.requestlog [None req-b7ed59de-fead-4725-ab82-08e85b978e77 a30d28a3c39f41d8985caf116b193bdf b96ea3abb02c432c9911ca4fe2a76c0f - - 1d8a86fd67554e1ba47233d3fd2eb9fb 1d8a86fd67554e1ba47233d3fd2eb9fb] 10.0.0.18 "DELETE /resource_providers/6e3a5678-bc38-4b8c-ad7d-b139a4e64eba" status: 404 len: 246 microversion: 1.1 [pid: 7|app: 0|req: 617/1230] 10.0.0.18 () {34 vars in 814 bytes} [Thu May 14 06:50:20 2026] DELETE /resource_providers/6e3a5678-bc38-4b8c-ad7d-b139a4e64eba => generated 246 bytes in 17 msecs (HTTP/1.1 404) 6 headers in 231 bytes (1 switches on core 0)
2026-05-14 06:50:20.554 8 INFO placement.requestlog [None req-8544c8be-3666-4083-9ad0-27311d7ac0a7 a30d28a3c39f41d8985caf116b193bdf b96ea3abb02c432c9911ca4fe2a76c0f - - 1d8a86fd67554e1ba47233d3fd2eb9fb 1d8a86fd67554e1ba47233d3fd2eb9fb] 10.0.0.18 "GET /resource_providers/15d808cf-aeab-4b44-bdf7-4884ca2d4252/aggregates" status: 404 len: 235 microversion: 1.1 [pid: 8|app: 0|req: 614/1231] 10.0.0.18 () {32 vars in 814 bytes} [Thu May 14 06:50:20 2026] GET /resource_providers/15d808cf-aeab-4b44-bdf7-4884ca2d4252/aggregates => generated 235 bytes in 13 msecs (HTTP/1.1 404) 5 headers in 202 bytes (1 switches on core 0)
2026-05-14 06:50:20.563 7 INFO placement.requestlog [None req-def430db-0a89-4dbb-a376-32a88f7b65aa a30d28a3c39f41d8985caf116b193bdf b96ea3abb02c432c9911ca4fe2a76c0f - - 1d8a86fd67554e1ba47233d3fd2eb9fb 1d8a86fd67554e1ba47233d3fd2eb9fb] 10.0.0.18 "GET /resource_providers/15d808cf-aeab-4b44-bdf7-4884ca2d4252/aggregates" status: 404 len: 235 microversion: 1.1 [pid: 7|app: 0|req: 618/1232] 10.0.0.18 () {32 vars in 814 bytes} [Thu May 14 06:50:20 2026] GET /resource_providers/15d808cf-aeab-4b44-bdf7-4884ca2d4252/aggregates => generated 235 bytes in 19 msecs (HTTP/1.1 404) 5 headers in 202 bytes (1 switches on core 0)
2026-05-14 06:50:20.571 8 INFO placement.requestlog [None req-b85ff433-baba-4067-8816-203791626be0 a30d28a3c39f41d8985caf116b193bdf b96ea3abb02c432c9911ca4fe2a76c0f - - 1d8a86fd67554e1ba47233d3fd2eb9fb 1d8a86fd67554e1ba47233d3fd2eb9fb] 10.0.0.18 "DELETE /resource_providers/15d808cf-aeab-4b44-bdf7-4884ca2d4252" status: 404 len: 246 microversion: 1.1 [pid: 8|app: 0|req: 615/1233] 10.0.0.18 () {34 vars in 814 bytes} [Thu May 14 06:50:20 2026] DELETE /resource_providers/15d808cf-aeab-4b44-bdf7-4884ca2d4252 => generated 246 bytes in 10 msecs (HTTP/1.1 404) 6 headers in 231 bytes (1 switches on core 0)
2026-05-14 06:50:20.586 7 INFO placement.requestlog [None req-454bb586-0cf8-4762-a2f8-6ba737f5fd6a a30d28a3c39f41d8985caf116b193bdf b96ea3abb02c432c9911ca4fe2a76c0f - - 1d8a86fd67554e1ba47233d3fd2eb9fb 1d8a86fd67554e1ba47233d3fd2eb9fb] 10.0.0.18 "DELETE /resource_providers/15d808cf-aeab-4b44-bdf7-4884ca2d4252" status: 404 len: 246 microversion: 1.1 [pid: 7|app: 0|req: 619/1234] 10.0.0.18 () {34 vars in 814 bytes} [Thu May 14 06:50:20 2026] DELETE /resource_providers/15d808cf-aeab-4b44-bdf7-4884ca2d4252 => generated 246 bytes in 15 msecs (HTTP/1.1 404) 6 headers in 231 bytes (1 switches on core 0)
2026-05-14 06:50:22.895 8 INFO placement.requestlog [None req-2058e31b-d54a-44b6-be15-7a538eb64c75 - - - - - -] 10.0.0.175 "GET /" status: 200 len: 136 microversion: 1.0
2026-05-14 06:50:22.897 7 INFO placement.requestlog [None req-8aa79e79-818e-4a1e-8e80-e131f2da6a12 - - - - - -] 10.0.0.175 "GET /" status: 200 len: 136 microversion: 1.0
2026-05-14 06:50:26.082 8 INFO placement.requestlog [req-9630750a-e1ac-49b9-95d3-8a7711c38b7f req-ef898e09-607e-4884-b3f5-e8639ff9f989 f06023e4e8a24d248aa1f74ac6aa3e07 b96ea3abb02c432c9911ca4fe2a76c0f - - 1d8a86fd67554e1ba47233d3fd2eb9fb 1d8a86fd67554e1ba47233d3fd2eb9fb] 10.0.0.234 "GET /allocation_candidates?limit=1000&resources=DISK_GB%3A1%2CMEMORY_MB%3A512%2CVCPU%3A1&root_required=%21COMPUTE_STATUS_DISABLED" status: 200 len: 2783 microversion: 1.36 [pid: 8|app: 0|req: 617/1237] 10.0.0.234 () {34 vars in 1011 bytes} [Thu May 14 06:50:26 2026] GET /allocation_candidates?limit=1000&resources=DISK_GB%3A1%2CMEMORY_MB%3A512%2CVCPU%3A1&root_required=%21COMPUTE_STATUS_DISABLED => generated 2783 bytes in 53 msecs (HTTP/1.1 200) 8 headers in 297 bytes (1 switches on core 0)
2026-05-14 06:50:26.115 7 INFO placement.requestlog [req-9630750a-e1ac-49b9-95d3-8a7711c38b7f req-79534910-0778-4885-b857-ee2ecf72230b f06023e4e8a24d248aa1f74ac6aa3e07 b96ea3abb02c432c9911ca4fe2a76c0f - - 1d8a86fd67554e1ba47233d3fd2eb9fb 1d8a86fd67554e1ba47233d3fd2eb9fb] 10.0.0.234 "GET /allocations/ed5c4cb3-c77e-4f29-b72a-98b94fdd8da0" status: 200 len: 19 microversion: 1.28 [pid: 7|app: 0|req: 621/1238] 10.0.0.234 () {34 vars in 860 bytes} [Thu May 14 06:50:26 2026] GET /allocations/ed5c4cb3-c77e-4f29-b72a-98b94fdd8da0 => generated 19 bytes in 10 msecs (HTTP/1.1 200) 8 headers in 295 bytes (1 switches on core 0)
2026-05-14 06:50:26.187 8 INFO placement.requestlog [req-9630750a-e1ac-49b9-95d3-8a7711c38b7f req-199a2685-47b3-4f84-add0-9b00e7ad2604 f06023e4e8a24d248aa1f74ac6aa3e07 b96ea3abb02c432c9911ca4fe2a76c0f - - 1d8a86fd67554e1ba47233d3fd2eb9fb 1d8a86fd67554e1ba47233d3fd2eb9fb] 10.0.0.234 "PUT /allocations/ed5c4cb3-c77e-4f29-b72a-98b94fdd8da0" status: 204 len: 0 microversion: 1.36 [pid: 8|app: 0|req: 618/1239] 10.0.0.234 () {38 vars in 913 bytes} [Thu May 14 06:50:26 2026] PUT /allocations/ed5c4cb3-c77e-4f29-b72a-98b94fdd8da0 => generated 0 bytes in 64 msecs (HTTP/1.1 204) 5 headers in 199 bytes (1 switches on core 0)
2026-05-14 06:50:27.154 7 INFO placement.requestlog [None req-c1bbecd2-a6e9-4fea-86f5-d2b9d0d7efca a30d28a3c39f41d8985caf116b193bdf b96ea3abb02c432c9911ca4fe2a76c0f - - 1d8a86fd67554e1ba47233d3fd2eb9fb 1d8a86fd67554e1ba47233d3fd2eb9fb] 10.0.0.18 "GET /resource_providers/aad199bd-592b-4a44-b685-15780bd0445a/aggregates" status: 404 len: 235 microversion: 1.1
2026-05-14 06:50:27.154 8 INFO placement.requestlog [None req-03565bdb-9a88-462e-8c60-000d57338b91 a30d28a3c39f41d8985caf116b193bdf b96ea3abb02c432c9911ca4fe2a76c0f - - 1d8a86fd67554e1ba47233d3fd2eb9fb 1d8a86fd67554e1ba47233d3fd2eb9fb] 10.0.0.18 "GET /resource_providers/aad199bd-592b-4a44-b685-15780bd0445a/aggregates" status: 404 len: 235 microversion: 1.1 [pid: 8|app: 0|req: 619/1240] 10.0.0.18 () {32 vars in 814 bytes} [Thu May 14 06:50:27 2026] GET /resource_providers/aad199bd-592b-4a44-b685-15780bd0445a/aggregates => generated 235 bytes in 11 msecs (HTTP/1.1 404) 5 headers in 202 bytes (1 switches on core 0) [pid: 7|app: 0|req: 622/1241] 10.0.0.18 () {32 vars in 814 bytes} [Thu May 14 06:50:27 2026] GET /resource_providers/aad199bd-592b-4a44-b685-15780bd0445a/aggregates => generated 235 bytes in 13 msecs (HTTP/1.1 404) 5 headers in 202 bytes (1 switches on core 0)
2026-05-14 06:50:27.180 8 INFO placement.requestlog [None req-cdad8d81-4cbd-40f0-bc68-d8ac84ce93a5 a30d28a3c39f41d8985caf116b193bdf b96ea3abb02c432c9911ca4fe2a76c0f - - 1d8a86fd67554e1ba47233d3fd2eb9fb 1d8a86fd67554e1ba47233d3fd2eb9fb] 10.0.0.18 "DELETE /resource_providers/aad199bd-592b-4a44-b685-15780bd0445a" status: 404 len: 246 microversion: 1.1 [pid: 8|app: 0|req: 620/1242] 10.0.0.18 () {34 vars in 814 bytes} [Thu May 14 06:50:27 2026] DELETE /resource_providers/aad199bd-592b-4a44-b685-15780bd0445a => generated 246 bytes in 12 msecs (HTTP/1.1 404) 6 headers in 231 bytes (1 switches on core 0)
2026-05-14 06:50:27.181 7 INFO placement.requestlog [None req-e92958a2-698f-485d-945b-d1dc210ad6ba a30d28a3c39f41d8985caf116b193bdf b96ea3abb02c432c9911ca4fe2a76c0f - - 1d8a86fd67554e1ba47233d3fd2eb9fb 1d8a86fd67554e1ba47233d3fd2eb9fb] 10.0.0.18 "DELETE /resource_providers/aad199bd-592b-4a44-b685-15780bd0445a" status: 404 len: 246 microversion: 1.1 [pid: 7|app: 0|req: 623/1243] 10.0.0.18 () {34 vars in 814 bytes} [Thu May 14 06:50:27 2026] DELETE /resource_providers/aad199bd-592b-4a44-b685-15780bd0445a => generated 246 bytes in 10 msecs (HTTP/1.1 404) 6 headers in 231 bytes (1 switches on core 0)
2026-05-14 06:50:27.706 8 INFO placement.requestlog [req-9630750a-e1ac-49b9-95d3-8a7711c38b7f req-58115612-397f-45b4-97e6-31dd497d4afa f06023e4e8a24d248aa1f74ac6aa3e07 b96ea3abb02c432c9911ca4fe2a76c0f - - 1d8a86fd67554e1ba47233d3fd2eb9fb 1d8a86fd67554e1ba47233d3fd2eb9fb] 199.204.45.109 "GET /allocations/ed5c4cb3-c77e-4f29-b72a-98b94fdd8da0" status: 200 len: 258 microversion: 1.28 [pid: 8|app: 0|req: 621/1244] 199.204.45.109 () {34 vars in 862 bytes} [Thu May 14 06:50:27 2026] GET /allocations/ed5c4cb3-c77e-4f29-b72a-98b94fdd8da0 => generated 258 bytes in 20 msecs (HTTP/1.1 200) 8 headers in 296 bytes (1 switches on core 0)
2026-05-14 06:50:28.791 7 INFO placement.requestlog [req-9630750a-e1ac-49b9-95d3-8a7711c38b7f req-7bf8f2ad-4255-446f-b79e-a9c556b1b319 f06023e4e8a24d248aa1f74ac6aa3e07 b96ea3abb02c432c9911ca4fe2a76c0f - - 1d8a86fd67554e1ba47233d3fd2eb9fb 1d8a86fd67554e1ba47233d3fd2eb9fb] 199.204.45.109 "GET /resource_providers/49a67d1c-eeab-4aa6-a876-0d886a2b475b/allocations" status: 200 len: 253 microversion: 1.0 [pid: 7|app: 0|req: 624/1245] 199.204.45.109 () {32 vars in 856 bytes} [Thu May 14 06:50:28 2026] GET /resource_providers/49a67d1c-eeab-4aa6-a876-0d886a2b475b/allocations => generated 253 bytes in 63 msecs (HTTP/1.1 200) 6 headers in 224 bytes (1 switches on core 0)
2026-05-14 06:50:28.819 8 INFO placement.requestlog [req-9630750a-e1ac-49b9-95d3-8a7711c38b7f req-cea45708-bf94-475d-ae13-e8eb785cc202 f06023e4e8a24d248aa1f74ac6aa3e07 b96ea3abb02c432c9911ca4fe2a76c0f - - 1d8a86fd67554e1ba47233d3fd2eb9fb 1d8a86fd67554e1ba47233d3fd2eb9fb] 199.204.45.109 "GET /allocations/ed5c4cb3-c77e-4f29-b72a-98b94fdd8da0" status: 200 len: 258 microversion: 1.28 [pid: 8|app: 0|req: 622/1246] 199.204.45.109 () {34 vars in 862 bytes} [Thu May 14 06:50:28 2026] GET /allocations/ed5c4cb3-c77e-4f29-b72a-98b94fdd8da0 => generated 258 bytes in 20 msecs (HTTP/1.1 200) 8 headers in 296 bytes (1 switches on core 0)
2026-05-14 06:50:28.841 7 INFO placement.requestlog [req-9630750a-e1ac-49b9-95d3-8a7711c38b7f req-3386c3a5-73eb-4d96-9536-c90bf02c206a f06023e4e8a24d248aa1f74ac6aa3e07 b96ea3abb02c432c9911ca4fe2a76c0f - - 1d8a86fd67554e1ba47233d3fd2eb9fb 1d8a86fd67554e1ba47233d3fd2eb9fb] 199.204.45.109 "GET /allocations/84f9d271-a6d7-496e-ab29-0ab1e2b11896" status: 200 len: 258 microversion: 1.28 [pid: 7|app: 0|req: 625/1247] 199.204.45.109 () {34 vars in 862 bytes} [Thu May 14 06:50:28 2026] GET /allocations/84f9d271-a6d7-496e-ab29-0ab1e2b11896 => generated 258 bytes in 14 msecs (HTTP/1.1 200) 8 headers in 296 bytes (1 switches on core 0)
2026-05-14 06:50:31.363 8 INFO placement.requestlog [req-aa3c6746-c89c-44fe-a2a6-3c24c47e0cc8 req-28bec45a-337f-4a07-bd32-a23a40ae91d8 f06023e4e8a24d248aa1f74ac6aa3e07 b96ea3abb02c432c9911ca4fe2a76c0f - - 1d8a86fd67554e1ba47233d3fd2eb9fb 1d8a86fd67554e1ba47233d3fd2eb9fb] 10.0.0.234 "GET /allocation_candidates?limit=1000&resources=DISK_GB%3A1%2CMEMORY_MB%3A512%2CVCPU%3A1&root_required=%21COMPUTE_STATUS_DISABLED" status: 200 len: 2784 microversion: 1.36 [pid: 8|app: 0|req: 623/1248] 10.0.0.234 () {34 vars in 1011 bytes} [Thu May 14 06:50:31 2026] GET /allocation_candidates?limit=1000&resources=DISK_GB%3A1%2CMEMORY_MB%3A512%2CVCPU%3A1&root_required=%21COMPUTE_STATUS_DISABLED => generated 2784 bytes in 52 msecs (HTTP/1.1 200) 8 headers in 297 bytes (1 switches on core 0)
2026-05-14 06:50:31.398 7 INFO placement.requestlog [req-aa3c6746-c89c-44fe-a2a6-3c24c47e0cc8 req-746326d1-618d-4ec5-b2e0-0148ec0e8718 f06023e4e8a24d248aa1f74ac6aa3e07 b96ea3abb02c432c9911ca4fe2a76c0f - - 1d8a86fd67554e1ba47233d3fd2eb9fb 1d8a86fd67554e1ba47233d3fd2eb9fb] 10.0.0.234 "GET /allocations/32287c1a-40e6-43fc-b813-67c4b11c51c3" status: 200 len: 19 microversion: 1.28 [pid: 7|app: 0|req: 626/1249] 10.0.0.234 () {34 vars in 860 bytes} [Thu May 14 06:50:31 2026] GET /allocations/32287c1a-40e6-43fc-b813-67c4b11c51c3 => generated 19 bytes in 12 msecs (HTTP/1.1 200) 8 headers in 295 bytes (1 switches on core 0)
2026-05-14 06:50:31.472 8 INFO placement.requestlog [req-aa3c6746-c89c-44fe-a2a6-3c24c47e0cc8 req-589b418f-d5ac-48be-bebd-7cf21373b3bc f06023e4e8a24d248aa1f74ac6aa3e07 b96ea3abb02c432c9911ca4fe2a76c0f - - 1d8a86fd67554e1ba47233d3fd2eb9fb 1d8a86fd67554e1ba47233d3fd2eb9fb] 10.0.0.234 "PUT /allocations/32287c1a-40e6-43fc-b813-67c4b11c51c3" status: 204 len: 0 microversion: 1.36 [pid: 8|app: 0|req: 624/1250] 10.0.0.234 () {38 vars in 913 bytes} [Thu May 14 06:50:31 2026] PUT /allocations/32287c1a-40e6-43fc-b813-67c4b11c51c3 => generated 0 bytes in 66 msecs (HTTP/1.1 204) 5 headers in 199 bytes (1 switches on core 0)
2026-05-14 06:50:32.896 8 INFO placement.requestlog [None req-9e7abad5-5504-4f9b-8bbf-e30407b798e1 - - - - - -] 10.0.0.175 "GET /" status: 200 len: 136 microversion: 1.0
2026-05-14 06:50:32.897 7 INFO placement.requestlog [None req-788e54ad-3e5b-4380-8851-a65ad1a61aab - - - - - -] 10.0.0.175 "GET /" status: 200 len: 136 microversion: 1.0
2026-05-14 06:50:32.996 8 INFO placement.requestlog [req-aa3c6746-c89c-44fe-a2a6-3c24c47e0cc8 req-f7630f0b-b1b1-4d78-b15e-19dc497ad533 f06023e4e8a24d248aa1f74ac6aa3e07 b96ea3abb02c432c9911ca4fe2a76c0f - - 1d8a86fd67554e1ba47233d3fd2eb9fb 1d8a86fd67554e1ba47233d3fd2eb9fb] 199.204.45.109 "GET /allocations/32287c1a-40e6-43fc-b813-67c4b11c51c3" status: 200 len: 258 microversion: 1.28 [pid: 8|app: 0|req: 626/1253] 199.204.45.109 () {34 vars in 862 bytes} [Thu May 14 06:50:32 2026] GET /allocations/32287c1a-40e6-43fc-b813-67c4b11c51c3 => generated 258 bytes in 22 msecs (HTTP/1.1 200) 8 headers in 296 bytes (1 switches on core 0)
2026-05-14 06:50:34.051 7 INFO placement.requestlog [req-aa3c6746-c89c-44fe-a2a6-3c24c47e0cc8 req-01ab73e6-0f5b-430d-b8b3-368348e91359 f06023e4e8a24d248aa1f74ac6aa3e07 b96ea3abb02c432c9911ca4fe2a76c0f - - 1d8a86fd67554e1ba47233d3fd2eb9fb 1d8a86fd67554e1ba47233d3fd2eb9fb] 199.204.45.109 "GET /resource_providers/49a67d1c-eeab-4aa6-a876-0d886a2b475b/allocations" status: 200 len: 353 microversion: 1.0 [pid: 7|app: 0|req: 628/1254] 199.204.45.109 () {32 vars in 856 bytes} [Thu May 14 06:50:34 2026] GET /resource_providers/49a67d1c-eeab-4aa6-a876-0d886a2b475b/allocations => generated 353 bytes in 14 msecs (HTTP/1.1 200) 6 headers in 224 bytes (1 switches on core 0)
2026-05-14 06:50:34.074 8 INFO placement.requestlog [req-aa3c6746-c89c-44fe-a2a6-3c24c47e0cc8 req-dc786892-c4db-40f3-9e00-1aeaf09b4502 f06023e4e8a24d248aa1f74ac6aa3e07 b96ea3abb02c432c9911ca4fe2a76c0f - - 1d8a86fd67554e1ba47233d3fd2eb9fb 1d8a86fd67554e1ba47233d3fd2eb9fb] 199.204.45.109 "GET /allocations/ed5c4cb3-c77e-4f29-b72a-98b94fdd8da0" status: 200 len: 258 microversion: 1.28 [pid: 8|app: 0|req: 627/1255] 199.204.45.109 () {34 vars in 862 bytes} [Thu May 14 06:50:34 2026] GET /allocations/ed5c4cb3-c77e-4f29-b72a-98b94fdd8da0 => generated 258 bytes in 16 msecs (HTTP/1.1 200) 8 headers in 296 bytes (1 switches on core 0)
2026-05-14 06:50:34.096 7 INFO placement.requestlog [req-aa3c6746-c89c-44fe-a2a6-3c24c47e0cc8 req-9bbf2210-c18f-4080-8402-a4e7fbec8aff f06023e4e8a24d248aa1f74ac6aa3e07 b96ea3abb02c432c9911ca4fe2a76c0f - - 1d8a86fd67554e1ba47233d3fd2eb9fb 1d8a86fd67554e1ba47233d3fd2eb9fb] 199.204.45.109 "GET /allocations/84f9d271-a6d7-496e-ab29-0ab1e2b11896" status: 200 len: 258 microversion: 1.28 [pid: 7|app: 0|req: 629/1256] 199.204.45.109 () {34 vars in 862 bytes} [Thu May 14 06:50:34 2026] GET /allocations/84f9d271-a6d7-496e-ab29-0ab1e2b11896 => generated 258 bytes in 15 msecs (HTTP/1.1 200) 8 headers in 296 bytes (1 switches on core 0)
2026-05-14 06:50:34.119 8 INFO placement.requestlog [req-aa3c6746-c89c-44fe-a2a6-3c24c47e0cc8 req-51321f72-bf73-4611-85eb-5aada54ce356 f06023e4e8a24d248aa1f74ac6aa3e07 b96ea3abb02c432c9911ca4fe2a76c0f - - 1d8a86fd67554e1ba47233d3fd2eb9fb 1d8a86fd67554e1ba47233d3fd2eb9fb] 199.204.45.109 "GET /allocations/32287c1a-40e6-43fc-b813-67c4b11c51c3" status: 200 len: 258 microversion: 1.28 [pid: 8|app: 0|req: 628/1257] 199.204.45.109 () {34 vars in 862 bytes} [Thu May 14 06:50:34 2026] GET /allocations/32287c1a-40e6-43fc-b813-67c4b11c51c3 => generated 258 bytes in 14 msecs (HTTP/1.1 200) 8 headers in 296 bytes (1 switches on core 0)
2026-05-14 06:50:42.895 7 INFO placement.requestlog [None req-c47602b5-f47f-4466-9764-208101ec2218 - - - - - -] 10.0.0.175 "GET /" status: 200 len: 136 microversion: 1.0
2026-05-14 06:50:42.896 8 INFO placement.requestlog [None req-df1d8eb0-846e-44a5-bc7b-a499284ce07c - - - - - -] 10.0.0.175 "GET /" status: 200 len: 136 microversion: 1.0
2026-05-14 06:50:52.896 8 INFO placement.requestlog [None req-8fb49607-e6d1-4879-8887-cfc3559354d0 - - - - - -] 10.0.0.175 "GET /" status: 200 len: 136 microversion: 1.0
2026-05-14 06:50:52.896 7 INFO placement.requestlog [None req-f0c921f3-ded5-4c52-b75e-11d4cb31ab3e - - - - - -] 10.0.0.175 "GET /" status: 200 len: 136 microversion: 1.0
2026-05-14 06:51:02.895 8 INFO placement.requestlog [None req-8a74c4b3-62d5-4ed9-bbee-eaf321c5d9fb - - - - - -] 10.0.0.175 "GET /" status: 200 len: 136 microversion: 1.0
2026-05-14 06:51:02.897 7 INFO placement.requestlog [None req-fff1d2dd-b177-4b0a-bda1-3f1f9e17e8c1 - - - - - -] 10.0.0.175 "GET /" status: 200 len: 136 microversion: 1.0
2026-05-14 06:51:11.489 8 INFO placement.requestlog [req-d108a857-ea3a-490a-894c-b872de8656b7 req-7e86741f-234d-406e-9fbc-0e1d1c1aa99d f06023e4e8a24d248aa1f74ac6aa3e07 b96ea3abb02c432c9911ca4fe2a76c0f - - 1d8a86fd67554e1ba47233d3fd2eb9fb 1d8a86fd67554e1ba47233d3fd2eb9fb] 10.0.0.234 "GET /allocation_candidates?limit=1000&resources=DISK_GB%3A1%2CMEMORY_MB%3A512%2CVCPU%3A1&root_required=%21COMPUTE_STATUS_DISABLED" status: 200 len: 2784 microversion: 1.36 [pid: 8|app: 0|req: 632/1264] 10.0.0.234 () {34 vars in 1011 bytes} [Thu May 14 06:51:11 2026] GET /allocation_candidates?limit=1000&resources=DISK_GB%3A1%2CMEMORY_MB%3A512%2CVCPU%3A1&root_required=%21COMPUTE_STATUS_DISABLED => generated 2784 bytes in 53 msecs (HTTP/1.1 200) 8 headers in 297 bytes (1 switches on core 0)
2026-05-14 06:51:11.524 7 INFO placement.requestlog [req-d108a857-ea3a-490a-894c-b872de8656b7 req-d9d80adf-4851-4397-96f6-d4caf993d689 f06023e4e8a24d248aa1f74ac6aa3e07 b96ea3abb02c432c9911ca4fe2a76c0f - - 1d8a86fd67554e1ba47233d3fd2eb9fb 1d8a86fd67554e1ba47233d3fd2eb9fb] 10.0.0.234 "GET /allocations/c64e6ec4-cdbb-487a-bed0-efc2e5339f09" status: 200 len: 19 microversion: 1.28 [pid: 7|app: 0|req: 633/1265] 10.0.0.234 () {34 vars in 860 bytes} [Thu May 14 06:51:11 2026] GET /allocations/c64e6ec4-cdbb-487a-bed0-efc2e5339f09 => generated 19 bytes in 13 msecs (HTTP/1.1 200) 8 headers in 295 bytes (1 switches on core 0)
2026-05-14 06:51:11.588 8 INFO placement.requestlog [req-d108a857-ea3a-490a-894c-b872de8656b7 req-c3806392-0b0b-40b8-96c5-abea88c7cbad f06023e4e8a24d248aa1f74ac6aa3e07 b96ea3abb02c432c9911ca4fe2a76c0f - - 1d8a86fd67554e1ba47233d3fd2eb9fb 1d8a86fd67554e1ba47233d3fd2eb9fb] 10.0.0.234 "PUT /allocations/c64e6ec4-cdbb-487a-bed0-efc2e5339f09" status: 204 len: 0 microversion: 1.36 [pid: 8|app: 0|req: 633/1266] 10.0.0.234 () {38 vars in 913 bytes} [Thu May 14 06:51:11 2026] PUT /allocations/c64e6ec4-cdbb-487a-bed0-efc2e5339f09 => generated 0 bytes in 56 msecs (HTTP/1.1 204) 5 headers in 199 bytes (1 switches on core 0)
2026-05-14 06:51:12.895 8 INFO placement.requestlog [None req-f4d01939-1a9a-4248-a4fe-78a43635fc4b - - - - - -] 10.0.0.175 "GET /" status: 200 len: 136 microversion: 1.0
2026-05-14 06:51:12.895 7 INFO placement.requestlog [None req-17fc6192-ba76-41ee-a2b5-22b5413037b2 - - - - - -] 10.0.0.175 "GET /" status: 200 len: 136 microversion: 1.0
2026-05-14 06:51:13.097 7 INFO placement.requestlog [req-d108a857-ea3a-490a-894c-b872de8656b7 req-ffb4301f-d377-4b87-90a6-2dcf903090cd f06023e4e8a24d248aa1f74ac6aa3e07 b96ea3abb02c432c9911ca4fe2a76c0f - - 1d8a86fd67554e1ba47233d3fd2eb9fb 1d8a86fd67554e1ba47233d3fd2eb9fb] 199.204.45.109 "GET /allocations/c64e6ec4-cdbb-487a-bed0-efc2e5339f09" status: 200 len: 258 microversion: 1.28 [pid: 7|app: 0|req: 635/1269] 199.204.45.109 () {34 vars in 862 bytes} [Thu May 14 06:51:13 2026] GET /allocations/c64e6ec4-cdbb-487a-bed0-efc2e5339f09 => generated 258 bytes in 14 msecs (HTTP/1.1 200) 8 headers in 296 bytes (1 switches on core 0)
2026-05-14 06:51:13.988 8 INFO placement.requestlog [req-3e2dfbbb-9d05-45c9-8c3a-046f2be8e904 req-2d0e4516-83bb-40f5-baad-ec934caced4d f06023e4e8a24d248aa1f74ac6aa3e07 b96ea3abb02c432c9911ca4fe2a76c0f - - 1d8a86fd67554e1ba47233d3fd2eb9fb 1d8a86fd67554e1ba47233d3fd2eb9fb] 199.204.45.109 "GET /resource_providers/49a67d1c-eeab-4aa6-a876-0d886a2b475b/allocations" status: 200 len: 453 microversion: 1.0 [pid: 8|app: 0|req: 635/1270] 199.204.45.109 () {32 vars in 856 bytes} [Thu May 14 06:51:13 2026] GET /resource_providers/49a67d1c-eeab-4aa6-a876-0d886a2b475b/allocations => generated 453 bytes in 21 msecs (HTTP/1.1 200) 6 headers in 224 bytes (1 switches on core 0)
2026-05-14 06:51:14.523 7 INFO placement.requestlog [req-3e2dfbbb-9d05-45c9-8c3a-046f2be8e904 req-b480367b-3d43-4027-960b-5508383c3d01 f06023e4e8a24d248aa1f74ac6aa3e07 b96ea3abb02c432c9911ca4fe2a76c0f - - 1d8a86fd67554e1ba47233d3fd2eb9fb 1d8a86fd67554e1ba47233d3fd2eb9fb] 199.204.45.109 "GET /resource_providers/49a67d1c-eeab-4aa6-a876-0d886a2b475b/allocations" status: 200 len: 453 microversion: 1.0 [pid: 7|app: 0|req: 636/1271] 199.204.45.109 () {32 vars in 856 bytes} [Thu May 14 06:51:14 2026] GET /resource_providers/49a67d1c-eeab-4aa6-a876-0d886a2b475b/allocations => generated 453 bytes in 26 msecs (HTTP/1.1 200) 6 headers in 224 bytes (1 switches on core 0)
2026-05-14 06:51:14.545 8 INFO placement.requestlog [req-3e2dfbbb-9d05-45c9-8c3a-046f2be8e904 req-ad5e294d-cbec-4b97-86a4-7ac6135173b1 f06023e4e8a24d248aa1f74ac6aa3e07 b96ea3abb02c432c9911ca4fe2a76c0f - - 1d8a86fd67554e1ba47233d3fd2eb9fb 1d8a86fd67554e1ba47233d3fd2eb9fb] 199.204.45.109 "GET /allocations/ed5c4cb3-c77e-4f29-b72a-98b94fdd8da0" status: 200 len: 258 microversion: 1.28 [pid: 8|app: 0|req: 636/1272] 199.204.45.109 () {34 vars in 862 bytes} [Thu May 14 06:51:14 2026] GET /allocations/ed5c4cb3-c77e-4f29-b72a-98b94fdd8da0 => generated 258 bytes in 11 msecs (HTTP/1.1 200) 8 headers in 296 bytes (1 switches on core 0)
2026-05-14 06:51:14.563 7 INFO placement.requestlog [req-3e2dfbbb-9d05-45c9-8c3a-046f2be8e904 req-2ea033cd-be85-4188-988b-679f9b173419 f06023e4e8a24d248aa1f74ac6aa3e07 b96ea3abb02c432c9911ca4fe2a76c0f - - 1d8a86fd67554e1ba47233d3fd2eb9fb 1d8a86fd67554e1ba47233d3fd2eb9fb] 199.204.45.109 "GET /allocations/84f9d271-a6d7-496e-ab29-0ab1e2b11896" status: 200 len: 258 microversion: 1.28 [pid: 7|app: 0|req: 637/1273] 199.204.45.109 () {34 vars in 862 bytes} [Thu May 14 06:51:14 2026] GET /allocations/84f9d271-a6d7-496e-ab29-0ab1e2b11896 => generated 258 bytes in 14 msecs (HTTP/1.1 200) 8 headers in 296 bytes (1 switches on core 0)
2026-05-14 06:51:14.582 8 INFO placement.requestlog [req-3e2dfbbb-9d05-45c9-8c3a-046f2be8e904 req-4af7cb7a-e810-47ab-9ef5-0e08034014b1 f06023e4e8a24d248aa1f74ac6aa3e07 b96ea3abb02c432c9911ca4fe2a76c0f - - 1d8a86fd67554e1ba47233d3fd2eb9fb 1d8a86fd67554e1ba47233d3fd2eb9fb] 199.204.45.109 "GET /allocations/32287c1a-40e6-43fc-b813-67c4b11c51c3" status: 200 len: 258 microversion: 1.28 [pid: 8|app: 0|req: 637/1274] 199.204.45.109 () {34 vars in 862 bytes} [Thu May 14 06:51:14 2026] GET /allocations/32287c1a-40e6-43fc-b813-67c4b11c51c3 => generated 258 bytes in 13 msecs (HTTP/1.1 200) 8 headers in 296 bytes (1 switches on core 0)
2026-05-14 06:51:14.600 7 INFO placement.requestlog [req-3e2dfbbb-9d05-45c9-8c3a-046f2be8e904 req-d0556bbd-1c59-46ec-8074-f56d57376af5 f06023e4e8a24d248aa1f74ac6aa3e07 b96ea3abb02c432c9911ca4fe2a76c0f - - 1d8a86fd67554e1ba47233d3fd2eb9fb 1d8a86fd67554e1ba47233d3fd2eb9fb] 199.204.45.109 "GET /allocations/c64e6ec4-cdbb-487a-bed0-efc2e5339f09" status: 200 len: 258 microversion: 1.28 [pid: 7|app: 0|req: 638/1275] 199.204.45.109 () {34 vars in 862 bytes} [Thu May 14 06:51:14 2026] GET /allocations/c64e6ec4-cdbb-487a-bed0-efc2e5339f09 => generated 258 bytes in 14 msecs (HTTP/1.1 200) 8 headers in 296 bytes (1 switches on core 0)
2026-05-14 06:51:16.659 8 INFO placement.requestlog [req-d108a857-ea3a-490a-894c-b872de8656b7 req-82c1454a-f301-4d5f-b3d2-7785558ecdf5 f06023e4e8a24d248aa1f74ac6aa3e07 b96ea3abb02c432c9911ca4fe2a76c0f - - 1d8a86fd67554e1ba47233d3fd2eb9fb 1d8a86fd67554e1ba47233d3fd2eb9fb] 199.204.45.109 "GET /resource_providers/49a67d1c-eeab-4aa6-a876-0d886a2b475b/allocations" status: 200 len: 453 microversion: 1.0 [pid: 8|app: 0|req: 638/1276] 199.204.45.109 () {32 vars in 856 bytes} [Thu May 14 06:51:16 2026] GET /resource_providers/49a67d1c-eeab-4aa6-a876-0d886a2b475b/allocations => generated 453 bytes in 16 msecs (HTTP/1.1 200) 6 headers in 224 bytes (1 switches on core 0)
2026-05-14 06:51:16.685 7 INFO placement.requestlog [req-d108a857-ea3a-490a-894c-b872de8656b7 req-25eee44e-9d04-468d-8841-e75286addc7a f06023e4e8a24d248aa1f74ac6aa3e07 b96ea3abb02c432c9911ca4fe2a76c0f - - 1d8a86fd67554e1ba47233d3fd2eb9fb 1d8a86fd67554e1ba47233d3fd2eb9fb] 199.204.45.109 "GET /allocations/ed5c4cb3-c77e-4f29-b72a-98b94fdd8da0" status: 200 len: 258 microversion: 1.28 [pid: 7|app: 0|req: 639/1277] 199.204.45.109 () {34 vars in 862 bytes} [Thu May 14 06:51:16 2026] GET /allocations/ed5c4cb3-c77e-4f29-b72a-98b94fdd8da0 => generated 258 bytes in 18 msecs (HTTP/1.1 200) 8 headers in 296 bytes (1 switches on core 0)
2026-05-14 06:51:16.707 8 INFO placement.requestlog [req-d108a857-ea3a-490a-894c-b872de8656b7 req-815d1e49-65ad-498b-8564-81924b02bdbf f06023e4e8a24d248aa1f74ac6aa3e07 b96ea3abb02c432c9911ca4fe2a76c0f - - 1d8a86fd67554e1ba47233d3fd2eb9fb 1d8a86fd67554e1ba47233d3fd2eb9fb] 199.204.45.109 "GET /allocations/84f9d271-a6d7-496e-ab29-0ab1e2b11896" status: 200 len: 258 microversion: 1.28 [pid: 8|app: 0|req: 639/1278] 199.204.45.109 () {34 vars in 862 bytes} [Thu May 14 06:51:16 2026] GET /allocations/84f9d271-a6d7-496e-ab29-0ab1e2b11896 => generated 258 bytes in 16 msecs (HTTP/1.1 200) 8 headers in 296 bytes (1 switches on core 0)
2026-05-14 06:51:16.727 7 INFO placement.requestlog [req-d108a857-ea3a-490a-894c-b872de8656b7 req-2742cde5-a0b0-4a78-9cbd-d953d02e6471 f06023e4e8a24d248aa1f74ac6aa3e07 b96ea3abb02c432c9911ca4fe2a76c0f - - 1d8a86fd67554e1ba47233d3fd2eb9fb 1d8a86fd67554e1ba47233d3fd2eb9fb] 199.204.45.109 "GET /allocations/32287c1a-40e6-43fc-b813-67c4b11c51c3" status: 200 len: 258 microversion: 1.28 [pid: 7|app: 0|req: 640/1279] 199.204.45.109 () {34 vars in 862 bytes} [Thu May 14 06:51:16 2026] GET /allocations/32287c1a-40e6-43fc-b813-67c4b11c51c3 => generated 258 bytes in 13 msecs (HTTP/1.1 200) 8 headers in 296 bytes (1 switches on core 0)
2026-05-14 06:51:16.746 8 INFO placement.requestlog [req-d108a857-ea3a-490a-894c-b872de8656b7 req-881a1a42-7562-4ca5-b29b-9b42d6b339f5 f06023e4e8a24d248aa1f74ac6aa3e07 b96ea3abb02c432c9911ca4fe2a76c0f - - 1d8a86fd67554e1ba47233d3fd2eb9fb 1d8a86fd67554e1ba47233d3fd2eb9fb] 199.204.45.109 "GET /allocations/c64e6ec4-cdbb-487a-bed0-efc2e5339f09" status: 200 len: 258 microversion: 1.28 [pid: 8|app: 0|req: 640/1280] 199.204.45.109 () {34 vars in 862 bytes} [Thu May 14 06:51:16 2026] GET /allocations/c64e6ec4-cdbb-487a-bed0-efc2e5339f09 => generated 258 bytes in 14 msecs (HTTP/1.1 200) 8 headers in 296 bytes (1 switches on core 0)
2026-05-14 06:51:17.374 7 INFO placement.requestlog [req-6134f1aa-d9a7-4c1d-903d-01331b6f61eb req-9f6281cd-c3e0-41b5-be92-d0606076992d f06023e4e8a24d248aa1f74ac6aa3e07 b96ea3abb02c432c9911ca4fe2a76c0f - - 1d8a86fd67554e1ba47233d3fd2eb9fb 1d8a86fd67554e1ba47233d3fd2eb9fb] 10.0.0.234 "GET /allocation_candidates?limit=1000&resources=MEMORY_MB%3A2048%2CVCPU%3A2&root_required=%21COMPUTE_STATUS_DISABLED" status: 200 len: 2771 microversion: 1.36 [pid: 7|app: 0|req: 641/1281] 10.0.0.234 () {34 vars in 985 bytes} [Thu May 14 06:51:17 2026] GET /allocation_candidates?limit=1000&resources=MEMORY_MB%3A2048%2CVCPU%3A2&root_required=%21COMPUTE_STATUS_DISABLED => generated 2771 bytes in 51 msecs (HTTP/1.1 200) 8 headers in 297 bytes (1 switches on core 0)
