May 02 02:43:16.801105 np0000171482 systemd[1]: Starting devstack@n-api-meta.service - Devstack devstack@n-api-meta.service...
May 02 02:43:16.810666 np0000171482 devstack@n-api-meta.service[109862]: [uWSGI] getting INI configuration from /etc/nova/nova-metadata-uwsgi.ini
May 02 02:43:16.811427 np0000171482 devstack@n-api-meta.service[109862]: open("./http_plugin.so"): No such file or directory [core/utils.c line 3709]
May 02 02:43:16.811427 np0000171482 devstack@n-api-meta.service[109862]: !!! UNABLE to load uWSGI plugin: ./http_plugin.so: cannot open shared object file: No such file or directory !!!
May 02 02:43:16.811427 np0000171482 devstack@n-api-meta.service[109862]: open("./python3_plugin.so"): No such file or directory [core/utils.c line 3709]
May 02 02:43:16.811427 np0000171482 devstack@n-api-meta.service[109862]: !!! UNABLE to load uWSGI plugin: ./python3_plugin.so: cannot open shared object file: No such file or directory !!!
May 02 02:43:16.811427 np0000171482 devstack@n-api-meta.service[109862]: *** Starting uWSGI 2.0.31 (64bit) on [Sat May 2 02:43:16 2026] ***
May 02 02:43:16.811427 np0000171482 devstack@n-api-meta.service[109862]: compiled with version: 13.3.0 on 02 May 2026 02:32:29
May 02 02:43:16.811427 np0000171482 devstack@n-api-meta.service[109862]: os: Linux-6.8.0-110-generic #110-Ubuntu SMP PREEMPT_DYNAMIC Thu Mar 19 15:09:20 UTC 2026
May 02 02:43:16.811427 np0000171482 devstack@n-api-meta.service[109862]: nodename: np0000171482
May 02 02:43:16.811427 np0000171482 devstack@n-api-meta.service[109862]: machine: x86_64
May 02 02:43:16.811427 np0000171482 devstack@n-api-meta.service[109862]: clock source: unix
May 02 02:43:16.811427 np0000171482 devstack@n-api-meta.service[109862]: pcre jit disabled
May 02 02:43:16.811427 np0000171482 devstack@n-api-meta.service[109862]: detected number of CPU cores: 16
May 02 02:43:16.811427 np0000171482 devstack@n-api-meta.service[109862]: current working directory: /
May 02 02:43:16.811427 np0000171482 devstack@n-api-meta.service[109862]: detected binary path: /opt/stack/data/venv/bin/uwsgi
May 02 02:43:16.811427 np0000171482 devstack@n-api-meta.service[109862]: your processes number limit is 256917
May 02 02:43:16.811427 np0000171482 devstack@n-api-meta.service[109862]: your memory page size is 4096 bytes
May 02 02:43:16.811427 np0000171482 devstack@n-api-meta.service[109862]: detected max file descriptor number: 2048
May 02 02:43:16.811427 np0000171482 devstack@n-api-meta.service[109862]: lock engine: pthread robust mutexes
May 02 02:43:16.811427 np0000171482 devstack@n-api-meta.service[109862]: thunder lock: enabled
May 02 02:43:16.812606 np0000171482 devstack@n-api-meta.service[109862]: uWSGI http bound on 0.0.0.0:8775 fd 5
May 02 02:43:16.812606 np0000171482 devstack@n-api-meta.service[109862]: uwsgi socket 0 bound to TCP address 127.0.0.1:33655 (port auto-assigned) fd 4
May 02 02:43:16.812606 np0000171482 devstack@n-api-meta.service[109862]: Python version: 3.12.3 (main, Mar 23 2026, 19:04:32) [GCC 13.3.0]
May 02 02:43:16.812606 np0000171482 devstack@n-api-meta.service[109862]: PEP 405 virtualenv detected: /opt/stack/data/venv
May 02 02:43:16.812606 np0000171482 devstack@n-api-meta.service[109862]: Set PythonHome to /opt/stack/data/venv
May 02 02:43:16.851325 np0000171482 devstack@n-api-meta.service[109862]: Python main interpreter initialized at 0x7cc3e58a3668
May 02 02:43:16.851325 np0000171482 devstack@n-api-meta.service[109862]: python threads support enabled
May 02 02:43:16.851325 np0000171482 devstack@n-api-meta.service[109862]: your server socket listen backlog is limited to 100 connections
May 02 02:43:16.851325 np0000171482 devstack@n-api-meta.service[109862]: your mercy for graceful operations on workers is 80 seconds
May 02 02:43:16.851863 np0000171482 devstack@n-api-meta.service[109862]: mapped 671795 bytes (656 KB) for 4 cores
May 02 02:43:16.852031 np0000171482 devstack@n-api-meta.service[109862]: *** Operational MODE: preforking ***
May 02 02:43:16.852320 np0000171482 devstack@n-api-meta.service[109862]: *** uWSGI is running in multiple interpreter mode ***
May 02 02:43:16.852320 np0000171482 devstack@n-api-meta.service[109862]: spawned uWSGI master process (pid: 109862)
May 02 02:43:16.852457 np0000171482 systemd[1]: Started devstack@n-api-meta.service - Devstack devstack@n-api-meta.service.
May 02 02:43:16.853075 np0000171482 devstack@n-api-meta.service[109862]: spawned uWSGI worker 1 (pid: 109863, cores: 1)
May 02 02:43:16.853542 np0000171482 devstack@n-api-meta.service[109862]: spawned uWSGI worker 2 (pid: 109864, cores: 1)
May 02 02:43:16.854309 np0000171482 devstack@n-api-meta.service[109862]: spawned uWSGI worker 3 (pid: 109865, cores: 1)
May 02 02:43:16.854716 np0000171482 devstack@n-api-meta.service[109862]: spawned uWSGI worker 4 (pid: 109866, cores: 1)
May 02 02:43:16.855206 np0000171482 devstack@n-api-meta.service[109862]: spawned uWSGI http 1 (pid: 109867)
May 02 02:43:16.855206 np0000171482 devstack@n-api-meta.service[109862]: running "unix_signal:15 gracefully_kill_them_all" (master-start)...
May 02 02:43:17.174449 np0000171482 devstack@n-api-meta.service[109863]: /opt/stack/data/venv/lib/python3.12/site-packages/oslo_concurrency/lockutils.py:41: EventletDeprecationWarning:
May 02 02:43:17.174449 np0000171482 devstack@n-api-meta.service[109863]: Eventlet is deprecated. It is currently being maintained in bugfix mode, and
May 02 02:43:17.174449 np0000171482 devstack@n-api-meta.service[109863]: we strongly recommend against using it for new projects.
May 02 02:43:17.174449 np0000171482 devstack@n-api-meta.service[109863]: If you are already using Eventlet, we recommend migrating to a different
May 02 02:43:17.174449 np0000171482 devstack@n-api-meta.service[109863]: framework. For more detail see
May 02 02:43:17.174449 np0000171482 devstack@n-api-meta.service[109863]: https://eventlet.readthedocs.io/en/latest/asyncio/migration.html
May 02 02:43:17.174449 np0000171482 devstack@n-api-meta.service[109863]: import eventlet
May 02 02:43:17.178842 np0000171482 devstack@n-api-meta.service[109866]: /opt/stack/data/venv/lib/python3.12/site-packages/oslo_concurrency/lockutils.py:41: EventletDeprecationWarning:
May 02 02:43:17.178842 np0000171482 devstack@n-api-meta.service[109866]: Eventlet is deprecated. It is currently being maintained in bugfix mode, and
May 02 02:43:17.178842 np0000171482 devstack@n-api-meta.service[109866]: we strongly recommend against using it for new projects.
May 02 02:43:17.178842 np0000171482 devstack@n-api-meta.service[109866]: If you are already using Eventlet, we recommend migrating to a different
May 02 02:43:17.178842 np0000171482 devstack@n-api-meta.service[109866]: framework. For more detail see
May 02 02:43:17.178842 np0000171482 devstack@n-api-meta.service[109866]: https://eventlet.readthedocs.io/en/latest/asyncio/migration.html
May 02 02:43:17.178842 np0000171482 devstack@n-api-meta.service[109866]: import eventlet
May 02 02:43:17.190202 np0000171482 devstack@n-api-meta.service[109865]: /opt/stack/data/venv/lib/python3.12/site-packages/oslo_concurrency/lockutils.py:41: EventletDeprecationWarning:
May 02 02:43:17.190202 np0000171482 devstack@n-api-meta.service[109865]: Eventlet is deprecated. It is currently being maintained in bugfix mode, and
May 02 02:43:17.190202 np0000171482 devstack@n-api-meta.service[109865]: we strongly recommend against using it for new projects.
May 02 02:43:17.190202 np0000171482 devstack@n-api-meta.service[109865]: If you are already using Eventlet, we recommend migrating to a different
May 02 02:43:17.190202 np0000171482 devstack@n-api-meta.service[109865]: framework. For more detail see
May 02 02:43:17.190202 np0000171482 devstack@n-api-meta.service[109865]: https://eventlet.readthedocs.io/en/latest/asyncio/migration.html
May 02 02:43:17.190202 np0000171482 devstack@n-api-meta.service[109865]: import eventlet
May 02 02:43:17.205601 np0000171482 devstack@n-api-meta.service[109864]: /opt/stack/data/venv/lib/python3.12/site-packages/oslo_concurrency/lockutils.py:41: EventletDeprecationWarning:
May 02 02:43:17.205601 np0000171482 devstack@n-api-meta.service[109864]: Eventlet is deprecated. It is currently being maintained in bugfix mode, and
May 02 02:43:17.205601 np0000171482 devstack@n-api-meta.service[109864]: we strongly recommend against using it for new projects.
May 02 02:43:17.205601 np0000171482 devstack@n-api-meta.service[109864]: If you are already using Eventlet, we recommend migrating to a different
May 02 02:43:17.205601 np0000171482 devstack@n-api-meta.service[109864]: framework. For more detail see
May 02 02:43:17.205601 np0000171482 devstack@n-api-meta.service[109864]: https://eventlet.readthedocs.io/en/latest/asyncio/migration.html
May 02 02:43:17.205601 np0000171482 devstack@n-api-meta.service[109864]: import eventlet
May 02 02:43:17.222011 np0000171482 devstack@n-api-meta.service[109863]: Service is starting with native threading. This is currently experimental. Do not use it in production without first testing it in pre-production.
May 02 02:43:17.225096 np0000171482 devstack@n-api-meta.service[109866]: Service is starting with native threading. This is currently experimental. Do not use it in production without first testing it in pre-production.
May 02 02:43:17.241600 np0000171482 devstack@n-api-meta.service[109865]: Service is starting with native threading. This is currently experimental. Do not use it in production without first testing it in pre-production.
May 02 02:43:17.262860 np0000171482 devstack@n-api-meta.service[109864]: Service is starting with native threading. This is currently experimental. Do not use it in production without first testing it in pre-production.
May 02 02:43:18.681654 np0000171482 devstack@n-api-meta.service[109863]: INFO dbcounter [None req-166d07db-8e4a-4d1e-a68a-e0260ad8b5db None None] Registered counter for database nova_api
May 02 02:43:18.697599 np0000171482 devstack@n-api-meta.service[109863]: DEBUG oslo_db.sqlalchemy.engines [None req-166d07db-8e4a-4d1e-a68a-e0260ad8b5db None None] MySQL server mode set to STRICT_TRANS_TABLES,STRICT_ALL_TABLES,NO_ZERO_IN_DATE,NO_ZERO_DATE,ERROR_FOR_DIVISION_BY_ZERO,TRADITIONAL,NO_ENGINE_SUBSTITUTION {{(pid=109863) _check_effective_sql_mode /opt/stack/data/venv/lib/python3.12/site-packages/oslo_db/sqlalchemy/engines.py:325}}
May 02 02:43:18.732358 np0000171482 devstack@n-api-meta.service[109863]: DEBUG dbcounter [-] [109863] Writer thread running {{(pid=109863) stat_writer /opt/stack/data/venv/lib/python3.12/site-packages/dbcounter.py:102}}
May 02 02:43:18.733141 np0000171482 devstack@n-api-meta.service[109866]: INFO dbcounter [None req-973b2da7-dbe8-4f49-adc8-4d9a892155d1 None None] Registered counter for database nova_api
May 02 02:43:18.735087 np0000171482 devstack@n-api-meta.service[109863]: DEBUG nova.context [None req-166d07db-8e4a-4d1e-a68a-e0260ad8b5db None None] Found 2 cells: 00000000-0000-0000-0000-000000000000(cell0),e2234075-e281-419f-803c-ee56b8746dbf(cell1) {{(pid=109863) load_cells /opt/stack/nova/nova/context.py:509}}
May 02 02:43:18.735330 np0000171482 devstack@n-api-meta.service[109863]: INFO nova.utils [None req-166d07db-8e4a-4d1e-a68a-e0260ad8b5db None None] The cell worker thread pool MainProcess.cell_worker is initialized
May 02 02:43:18.737747 np0000171482 devstack@n-api-meta.service[109863]: DEBUG oslo_concurrency.lockutils [None req-166d07db-8e4a-4d1e-a68a-e0260ad8b5db None None] Acquiring lock "00000000-0000-0000-0000-000000000000" by "nova.context.set_target_cell..get_or_set_cached_cell_and_set_connections" {{(pid=109863) inner /opt/stack/data/venv/lib/python3.12/site-packages/oslo_concurrency/lockutils.py:506}}
May 02 02:43:18.737747 np0000171482 devstack@n-api-meta.service[109863]: DEBUG oslo_concurrency.lockutils [None req-166d07db-8e4a-4d1e-a68a-e0260ad8b5db None None] Lock "00000000-0000-0000-0000-000000000000" acquired by "nova.context.set_target_cell..get_or_set_cached_cell_and_set_connections" :: waited 0.000s {{(pid=109863) inner /opt/stack/data/venv/lib/python3.12/site-packages/oslo_concurrency/lockutils.py:519}}
May 02 02:43:18.737747 np0000171482 devstack@n-api-meta.service[109863]: DEBUG oslo_concurrency.lockutils [None req-166d07db-8e4a-4d1e-a68a-e0260ad8b5db None None] Lock "00000000-0000-0000-0000-000000000000" "released" by "nova.context.set_target_cell..get_or_set_cached_cell_and_set_connections" :: held 0.000s {{(pid=109863) inner /opt/stack/data/venv/lib/python3.12/site-packages/oslo_concurrency/lockutils.py:538}}
May 02 02:43:18.738611 np0000171482 devstack@n-api-meta.service[109863]: DEBUG oslo_concurrency.lockutils [None req-166d07db-8e4a-4d1e-a68a-e0260ad8b5db None None] Acquiring lock "e2234075-e281-419f-803c-ee56b8746dbf" by "nova.context.set_target_cell..get_or_set_cached_cell_and_set_connections" {{(pid=109863) inner /opt/stack/data/venv/lib/python3.12/site-packages/oslo_concurrency/lockutils.py:506}}
May 02 02:43:18.738764 np0000171482 devstack@n-api-meta.service[109863]: DEBUG oslo_concurrency.lockutils [None req-166d07db-8e4a-4d1e-a68a-e0260ad8b5db None None] Lock "e2234075-e281-419f-803c-ee56b8746dbf" acquired by "nova.context.set_target_cell..get_or_set_cached_cell_and_set_connections" :: waited 0.000s {{(pid=109863) inner /opt/stack/data/venv/lib/python3.12/site-packages/oslo_concurrency/lockutils.py:519}}
May 02 02:43:18.739596 np0000171482 devstack@n-api-meta.service[109863]: DEBUG oslo_concurrency.lockutils [None req-166d07db-8e4a-4d1e-a68a-e0260ad8b5db None None] Lock "e2234075-e281-419f-803c-ee56b8746dbf" "released" by "nova.context.set_target_cell..get_or_set_cached_cell_and_set_connections" :: held 0.001s {{(pid=109863) inner /opt/stack/data/venv/lib/python3.12/site-packages/oslo_concurrency/lockutils.py:538}}
May 02 02:43:18.742760 np0000171482 devstack@n-api-meta.service[109863]: INFO dbcounter [None req-166d07db-8e4a-4d1e-a68a-e0260ad8b5db None None] Registered counter for database nova_cell0
May 02 02:43:18.749493 np0000171482 devstack@n-api-meta.service[109863]: INFO dbcounter [None req-166d07db-8e4a-4d1e-a68a-e0260ad8b5db None None] Registered counter for database nova_cell1
May 02 02:43:18.750099 np0000171482 devstack@n-api-meta.service[109866]: DEBUG oslo_db.sqlalchemy.engines [None req-973b2da7-dbe8-4f49-adc8-4d9a892155d1 None None] MySQL server mode set to STRICT_TRANS_TABLES,STRICT_ALL_TABLES,NO_ZERO_IN_DATE,NO_ZERO_DATE,ERROR_FOR_DIVISION_BY_ZERO,TRADITIONAL,NO_ENGINE_SUBSTITUTION {{(pid=109866) _check_effective_sql_mode /opt/stack/data/venv/lib/python3.12/site-packages/oslo_db/sqlalchemy/engines.py:325}}
May 02 02:43:18.761318 np0000171482 devstack@n-api-meta.service[109863]: DEBUG oslo_db.sqlalchemy.engines [None req-166d07db-8e4a-4d1e-a68a-e0260ad8b5db None None] MySQL server mode set to STRICT_TRANS_TABLES,STRICT_ALL_TABLES,NO_ZERO_IN_DATE,NO_ZERO_DATE,ERROR_FOR_DIVISION_BY_ZERO,TRADITIONAL,NO_ENGINE_SUBSTITUTION {{(pid=109863) _check_effective_sql_mode /opt/stack/data/venv/lib/python3.12/site-packages/oslo_db/sqlalchemy/engines.py:325}}
May 02 02:43:18.767751 np0000171482 devstack@n-api-meta.service[109863]: DEBUG oslo_db.sqlalchemy.engines [None req-166d07db-8e4a-4d1e-a68a-e0260ad8b5db None None] MySQL server mode set to STRICT_TRANS_TABLES,STRICT_ALL_TABLES,NO_ZERO_IN_DATE,NO_ZERO_DATE,ERROR_FOR_DIVISION_BY_ZERO,TRADITIONAL,NO_ENGINE_SUBSTITUTION {{(pid=109863) _check_effective_sql_mode /opt/stack/data/venv/lib/python3.12/site-packages/oslo_db/sqlalchemy/engines.py:325}}
May 02 02:43:18.771969 np0000171482 devstack@n-api-meta.service[109865]: INFO dbcounter [None req-7039c58c-5577-4eb7-a986-62abe9081c7f None None] Registered counter for database nova_api
May 02 02:43:18.783624 np0000171482 devstack@n-api-meta.service[109866]: DEBUG dbcounter [-] [109866] Writer thread running {{(pid=109866) stat_writer /opt/stack/data/venv/lib/python3.12/site-packages/dbcounter.py:102}}
May 02 02:43:18.786469 np0000171482 devstack@n-api-meta.service[109866]: DEBUG nova.context [None req-973b2da7-dbe8-4f49-adc8-4d9a892155d1 None None] Found 2 cells: 00000000-0000-0000-0000-000000000000(cell0),e2234075-e281-419f-803c-ee56b8746dbf(cell1) {{(pid=109866) load_cells /opt/stack/nova/nova/context.py:509}}
May 02 02:43:18.786750 np0000171482 devstack@n-api-meta.service[109866]: INFO nova.utils [None req-973b2da7-dbe8-4f49-adc8-4d9a892155d1 None None] The cell worker thread pool MainProcess.cell_worker is initialized
May 02 02:43:18.787098 np0000171482 devstack@n-api-meta.service[109864]: INFO dbcounter [None req-d8f22c1a-9278-49e0-8d48-f092e2dfccd3 None None] Registered counter for database nova_api
May 02 02:43:18.788886 np0000171482 devstack@n-api-meta.service[109866]: DEBUG oslo_concurrency.lockutils [None req-973b2da7-dbe8-4f49-adc8-4d9a892155d1 None None] Acquiring lock "00000000-0000-0000-0000-000000000000" by "nova.context.set_target_cell..get_or_set_cached_cell_and_set_connections" {{(pid=109866) inner /opt/stack/data/venv/lib/python3.12/site-packages/oslo_concurrency/lockutils.py:506}}
May 02 02:43:18.789064 np0000171482 devstack@n-api-meta.service[109866]: DEBUG oslo_concurrency.lockutils [None req-973b2da7-dbe8-4f49-adc8-4d9a892155d1 None None] Lock "00000000-0000-0000-0000-000000000000" acquired by "nova.context.set_target_cell..get_or_set_cached_cell_and_set_connections" :: waited 0.000s {{(pid=109866) inner /opt/stack/data/venv/lib/python3.12/site-packages/oslo_concurrency/lockutils.py:519}}
May 02 02:43:18.789539 np0000171482 devstack@n-api-meta.service[109866]: DEBUG oslo_concurrency.lockutils [None req-973b2da7-dbe8-4f49-adc8-4d9a892155d1 None None] Lock "00000000-0000-0000-0000-000000000000" "released" by "nova.context.set_target_cell..get_or_set_cached_cell_and_set_connections" :: held 0.000s {{(pid=109866) inner /opt/stack/data/venv/lib/python3.12/site-packages/oslo_concurrency/lockutils.py:538}}
May 02 02:43:18.789832 np0000171482 devstack@n-api-meta.service[109865]: DEBUG oslo_db.sqlalchemy.engines [None req-7039c58c-5577-4eb7-a986-62abe9081c7f None None] MySQL server mode set to STRICT_TRANS_TABLES,STRICT_ALL_TABLES,NO_ZERO_IN_DATE,NO_ZERO_DATE,ERROR_FOR_DIVISION_BY_ZERO,TRADITIONAL,NO_ENGINE_SUBSTITUTION {{(pid=109865) _check_effective_sql_mode /opt/stack/data/venv/lib/python3.12/site-packages/oslo_db/sqlalchemy/engines.py:325}}
May 02 02:43:18.790335 np0000171482 devstack@n-api-meta.service[109866]: DEBUG oslo_concurrency.lockutils [None req-973b2da7-dbe8-4f49-adc8-4d9a892155d1 None None] Acquiring lock "e2234075-e281-419f-803c-ee56b8746dbf" by "nova.context.set_target_cell..get_or_set_cached_cell_and_set_connections" {{(pid=109866) inner /opt/stack/data/venv/lib/python3.12/site-packages/oslo_concurrency/lockutils.py:506}}
May 02 02:43:18.790453 np0000171482 devstack@n-api-meta.service[109866]: DEBUG oslo_concurrency.lockutils [None req-973b2da7-dbe8-4f49-adc8-4d9a892155d1 None None] Lock "e2234075-e281-419f-803c-ee56b8746dbf" acquired by "nova.context.set_target_cell..get_or_set_cached_cell_and_set_connections" :: waited 0.000s {{(pid=109866) inner /opt/stack/data/venv/lib/python3.12/site-packages/oslo_concurrency/lockutils.py:519}}
May 02 02:43:18.791409 np0000171482 devstack@n-api-meta.service[109866]: DEBUG oslo_concurrency.lockutils [None req-973b2da7-dbe8-4f49-adc8-4d9a892155d1 None None] Lock "e2234075-e281-419f-803c-ee56b8746dbf" "released" by "nova.context.set_target_cell..get_or_set_cached_cell_and_set_connections" :: held 0.001s {{(pid=109866) inner /opt/stack/data/venv/lib/python3.12/site-packages/oslo_concurrency/lockutils.py:538}}
May 02 02:43:18.794239 np0000171482 devstack@n-api-meta.service[109866]: INFO dbcounter [None req-973b2da7-dbe8-4f49-adc8-4d9a892155d1 None None] Registered counter for database nova_cell0
May 02 02:43:18.808429 np0000171482 devstack@n-api-meta.service[109864]: DEBUG oslo_db.sqlalchemy.engines [None req-d8f22c1a-9278-49e0-8d48-f092e2dfccd3 None None] MySQL server mode set to STRICT_TRANS_TABLES,STRICT_ALL_TABLES,NO_ZERO_IN_DATE,NO_ZERO_DATE,ERROR_FOR_DIVISION_BY_ZERO,TRADITIONAL,NO_ENGINE_SUBSTITUTION {{(pid=109864) _check_effective_sql_mode /opt/stack/data/venv/lib/python3.12/site-packages/oslo_db/sqlalchemy/engines.py:325}}
May 02 02:43:18.808781 np0000171482 devstack@n-api-meta.service[109866]: INFO dbcounter [None req-973b2da7-dbe8-4f49-adc8-4d9a892155d1 None None] Registered counter for database nova_cell1
May 02 02:43:18.820402 np0000171482 devstack@n-api-meta.service[109866]: DEBUG oslo_db.sqlalchemy.engines [None req-973b2da7-dbe8-4f49-adc8-4d9a892155d1 None None] MySQL server mode set to STRICT_TRANS_TABLES,STRICT_ALL_TABLES,NO_ZERO_IN_DATE,NO_ZERO_DATE,ERROR_FOR_DIVISION_BY_ZERO,TRADITIONAL,NO_ENGINE_SUBSTITUTION {{(pid=109866) _check_effective_sql_mode /opt/stack/data/venv/lib/python3.12/site-packages/oslo_db/sqlalchemy/engines.py:325}}
May 02 02:43:18.827136 np0000171482 devstack@n-api-meta.service[109866]: DEBUG oslo_db.sqlalchemy.engines [None req-973b2da7-dbe8-4f49-adc8-4d9a892155d1 None None] MySQL server mode set to STRICT_TRANS_TABLES,STRICT_ALL_TABLES,NO_ZERO_IN_DATE,NO_ZERO_DATE,ERROR_FOR_DIVISION_BY_ZERO,TRADITIONAL,NO_ENGINE_SUBSTITUTION {{(pid=109866) _check_effective_sql_mode /opt/stack/data/venv/lib/python3.12/site-packages/oslo_db/sqlalchemy/engines.py:325}}
May 02 02:43:18.828099 np0000171482 devstack@n-api-meta.service[109865]: DEBUG dbcounter [-] [109865] Writer thread running {{(pid=109865) stat_writer /opt/stack/data/venv/lib/python3.12/site-packages/dbcounter.py:102}}
May 02 02:43:18.830643 np0000171482 devstack@n-api-meta.service[109865]: DEBUG nova.context [None req-7039c58c-5577-4eb7-a986-62abe9081c7f None None] Found 2 cells: 00000000-0000-0000-0000-000000000000(cell0),e2234075-e281-419f-803c-ee56b8746dbf(cell1) {{(pid=109865) load_cells /opt/stack/nova/nova/context.py:509}}
May 02 02:43:18.830871 np0000171482 devstack@n-api-meta.service[109865]: INFO nova.utils [None req-7039c58c-5577-4eb7-a986-62abe9081c7f None None] The cell worker thread pool MainProcess.cell_worker is initialized
May 02 02:43:18.832754 np0000171482 devstack@n-api-meta.service[109865]: DEBUG oslo_concurrency.lockutils [None req-7039c58c-5577-4eb7-a986-62abe9081c7f None None] Acquiring lock "00000000-0000-0000-0000-000000000000" by "nova.context.set_target_cell..get_or_set_cached_cell_and_set_connections" {{(pid=109865) inner /opt/stack/data/venv/lib/python3.12/site-packages/oslo_concurrency/lockutils.py:506}}
May 02 02:43:18.832891 np0000171482 devstack@n-api-meta.service[109865]: DEBUG oslo_concurrency.lockutils [None req-7039c58c-5577-4eb7-a986-62abe9081c7f None None] Lock "00000000-0000-0000-0000-000000000000" acquired by "nova.context.set_target_cell..get_or_set_cached_cell_and_set_connections" :: waited 0.000s {{(pid=109865) inner /opt/stack/data/venv/lib/python3.12/site-packages/oslo_concurrency/lockutils.py:519}}
May 02 02:43:18.833307 np0000171482 devstack@n-api-meta.service[109865]: DEBUG oslo_concurrency.lockutils [None req-7039c58c-5577-4eb7-a986-62abe9081c7f None None] Lock "00000000-0000-0000-0000-000000000000" "released" by "nova.context.set_target_cell..get_or_set_cached_cell_and_set_connections" :: held 0.000s {{(pid=109865) inner /opt/stack/data/venv/lib/python3.12/site-packages/oslo_concurrency/lockutils.py:538}}
May 02 02:43:18.833909 np0000171482 devstack@n-api-meta.service[109865]: DEBUG oslo_concurrency.lockutils [None req-7039c58c-5577-4eb7-a986-62abe9081c7f None None] Acquiring lock "e2234075-e281-419f-803c-ee56b8746dbf" by "nova.context.set_target_cell..get_or_set_cached_cell_and_set_connections" {{(pid=109865) inner /opt/stack/data/venv/lib/python3.12/site-packages/oslo_concurrency/lockutils.py:506}}
May 02 02:43:18.834032 np0000171482 devstack@n-api-meta.service[109865]: DEBUG oslo_concurrency.lockutils [None req-7039c58c-5577-4eb7-a986-62abe9081c7f None None] Lock "e2234075-e281-419f-803c-ee56b8746dbf" acquired by "nova.context.set_target_cell..get_or_set_cached_cell_and_set_connections" :: waited 0.000s {{(pid=109865) inner /opt/stack/data/venv/lib/python3.12/site-packages/oslo_concurrency/lockutils.py:519}}
May 02 02:43:18.834985 np0000171482 devstack@n-api-meta.service[109865]: DEBUG oslo_concurrency.lockutils [None req-7039c58c-5577-4eb7-a986-62abe9081c7f None None] Lock "e2234075-e281-419f-803c-ee56b8746dbf" "released" by "nova.context.set_target_cell..get_or_set_cached_cell_and_set_connections" :: held 0.001s {{(pid=109865) inner /opt/stack/data/venv/lib/python3.12/site-packages/oslo_concurrency/lockutils.py:538}}
May 02 02:43:18.837053 np0000171482 devstack@n-api-meta.service[109865]: INFO dbcounter [None req-7039c58c-5577-4eb7-a986-62abe9081c7f None None] Registered counter for database nova_cell0
May 02 02:43:18.842188 np0000171482 devstack@n-api-meta.service[109865]: INFO dbcounter [None req-7039c58c-5577-4eb7-a986-62abe9081c7f None None] Registered counter for database nova_cell1
May 02 02:43:18.847906 np0000171482 devstack@n-api-meta.service[109864]: DEBUG dbcounter [-] [109864] Writer thread running {{(pid=109864) stat_writer /opt/stack/data/venv/lib/python3.12/site-packages/dbcounter.py:102}}
May 02 02:43:18.850647 np0000171482 devstack@n-api-meta.service[109864]: DEBUG nova.context [None req-d8f22c1a-9278-49e0-8d48-f092e2dfccd3 None None] Found 2 cells: 00000000-0000-0000-0000-000000000000(cell0),e2234075-e281-419f-803c-ee56b8746dbf(cell1) {{(pid=109864) load_cells /opt/stack/nova/nova/context.py:509}}
May 02 02:43:18.850857 np0000171482 devstack@n-api-meta.service[109865]: DEBUG oslo_db.sqlalchemy.engines [None req-7039c58c-5577-4eb7-a986-62abe9081c7f None None] MySQL server mode set to STRICT_TRANS_TABLES,STRICT_ALL_TABLES,NO_ZERO_IN_DATE,NO_ZERO_DATE,ERROR_FOR_DIVISION_BY_ZERO,TRADITIONAL,NO_ENGINE_SUBSTITUTION {{(pid=109865) _check_effective_sql_mode /opt/stack/data/venv/lib/python3.12/site-packages/oslo_db/sqlalchemy/engines.py:325}}
May 02 02:43:18.850966 np0000171482 devstack@n-api-meta.service[109864]: INFO nova.utils [None req-d8f22c1a-9278-49e0-8d48-f092e2dfccd3 None None] The cell worker thread pool MainProcess.cell_worker is initialized
May 02 02:43:18.852781 np0000171482 devstack@n-api-meta.service[109864]: DEBUG oslo_concurrency.lockutils [None req-d8f22c1a-9278-49e0-8d48-f092e2dfccd3 None None] Acquiring lock "00000000-0000-0000-0000-000000000000" by "nova.context.set_target_cell..get_or_set_cached_cell_and_set_connections" {{(pid=109864) inner /opt/stack/data/venv/lib/python3.12/site-packages/oslo_concurrency/lockutils.py:506}}
May 02 02:43:18.852940 np0000171482 devstack@n-api-meta.service[109864]: DEBUG oslo_concurrency.lockutils [None req-d8f22c1a-9278-49e0-8d48-f092e2dfccd3 None None] Lock "00000000-0000-0000-0000-000000000000" acquired by "nova.context.set_target_cell..get_or_set_cached_cell_and_set_connections" :: waited 0.000s {{(pid=109864) inner /opt/stack/data/venv/lib/python3.12/site-packages/oslo_concurrency/lockutils.py:519}}
May 02 02:43:18.853540 np0000171482 devstack@n-api-meta.service[109864]: DEBUG oslo_concurrency.lockutils [None req-d8f22c1a-9278-49e0-8d48-f092e2dfccd3 None None] Lock "00000000-0000-0000-0000-000000000000" "released" by "nova.context.set_target_cell..get_or_set_cached_cell_and_set_connections" :: held 0.000s {{(pid=109864) inner /opt/stack/data/venv/lib/python3.12/site-packages/oslo_concurrency/lockutils.py:538}}
May 02 02:43:18.854518 np0000171482 devstack@n-api-meta.service[109864]: DEBUG oslo_concurrency.lockutils [None req-d8f22c1a-9278-49e0-8d48-f092e2dfccd3 None None] Acquiring lock "e2234075-e281-419f-803c-ee56b8746dbf" by "nova.context.set_target_cell..get_or_set_cached_cell_and_set_connections" {{(pid=109864) inner /opt/stack/data/venv/lib/python3.12/site-packages/oslo_concurrency/lockutils.py:506}}
May 02 02:43:18.854665 np0000171482 devstack@n-api-meta.service[109864]: DEBUG oslo_concurrency.lockutils [None req-d8f22c1a-9278-49e0-8d48-f092e2dfccd3 None None] Lock "e2234075-e281-419f-803c-ee56b8746dbf" acquired by "nova.context.set_target_cell..get_or_set_cached_cell_and_set_connections" :: waited 0.000s {{(pid=109864) inner /opt/stack/data/venv/lib/python3.12/site-packages/oslo_concurrency/lockutils.py:519}}
May 02 02:43:18.855651 np0000171482 devstack@n-api-meta.service[109864]: DEBUG oslo_concurrency.lockutils [None req-d8f22c1a-9278-49e0-8d48-f092e2dfccd3 None None] Lock "e2234075-e281-419f-803c-ee56b8746dbf" "released" by "nova.context.set_target_cell..get_or_set_cached_cell_and_set_connections" :: held 0.001s {{(pid=109864) inner /opt/stack/data/venv/lib/python3.12/site-packages/oslo_concurrency/lockutils.py:538}}
May 02 02:43:18.858631 np0000171482 devstack@n-api-meta.service[109864]: INFO dbcounter [None req-d8f22c1a-9278-49e0-8d48-f092e2dfccd3 None None] Registered counter for database nova_cell0
May 02 02:43:18.859256 np0000171482 devstack@n-api-meta.service[109865]: DEBUG oslo_db.sqlalchemy.engines [None req-7039c58c-5577-4eb7-a986-62abe9081c7f None None] MySQL server mode set to STRICT_TRANS_TABLES,STRICT_ALL_TABLES,NO_ZERO_IN_DATE,NO_ZERO_DATE,ERROR_FOR_DIVISION_BY_ZERO,TRADITIONAL,NO_ENGINE_SUBSTITUTION {{(pid=109865) _check_effective_sql_mode /opt/stack/data/venv/lib/python3.12/site-packages/oslo_db/sqlalchemy/engines.py:325}}
May 02 02:43:18.864735 np0000171482 devstack@n-api-meta.service[109864]: INFO dbcounter [None req-d8f22c1a-9278-49e0-8d48-f092e2dfccd3 None None] Registered counter for database nova_cell1
May 02 02:43:18.869882 np0000171482 devstack@n-api-meta.service[109863]: DEBUG dbcounter [-] [109863] Writer thread running {{(pid=109863) stat_writer /opt/stack/data/venv/lib/python3.12/site-packages/dbcounter.py:102}}
May 02 02:43:18.873635 np0000171482 devstack@n-api-meta.service[109863]: DEBUG dbcounter [-] [109863] Writer thread running {{(pid=109863) stat_writer /opt/stack/data/venv/lib/python3.12/site-packages/dbcounter.py:102}}
May 02 02:43:18.876634 np0000171482 devstack@n-api-meta.service[109864]: DEBUG oslo_db.sqlalchemy.engines [None req-d8f22c1a-9278-49e0-8d48-f092e2dfccd3 None None] MySQL server mode set to STRICT_TRANS_TABLES,STRICT_ALL_TABLES,NO_ZERO_IN_DATE,NO_ZERO_DATE,ERROR_FOR_DIVISION_BY_ZERO,TRADITIONAL,NO_ENGINE_SUBSTITUTION {{(pid=109864) _check_effective_sql_mode /opt/stack/data/venv/lib/python3.12/site-packages/oslo_db/sqlalchemy/engines.py:325}}
May 02 02:43:18.880060 np0000171482 devstack@n-api-meta.service[109863]: INFO dbcounter [None req-166d07db-8e4a-4d1e-a68a-e0260ad8b5db None None] Registered counter for database nova_cell0
May 02 02:43:18.888865 np0000171482 devstack@n-api-meta.service[109864]: DEBUG oslo_db.sqlalchemy.engines [None req-d8f22c1a-9278-49e0-8d48-f092e2dfccd3 None None] MySQL server mode set to STRICT_TRANS_TABLES,STRICT_ALL_TABLES,NO_ZERO_IN_DATE,NO_ZERO_DATE,ERROR_FOR_DIVISION_BY_ZERO,TRADITIONAL,NO_ENGINE_SUBSTITUTION {{(pid=109864) _check_effective_sql_mode /opt/stack/data/venv/lib/python3.12/site-packages/oslo_db/sqlalchemy/engines.py:325}}
May 02 02:43:18.891686 np0000171482 devstack@n-api-meta.service[109863]: DEBUG oslo_db.sqlalchemy.engines [None req-166d07db-8e4a-4d1e-a68a-e0260ad8b5db None None] MySQL server mode set to STRICT_TRANS_TABLES,STRICT_ALL_TABLES,NO_ZERO_IN_DATE,NO_ZERO_DATE,ERROR_FOR_DIVISION_BY_ZERO,TRADITIONAL,NO_ENGINE_SUBSTITUTION {{(pid=109863) _check_effective_sql_mode /opt/stack/data/venv/lib/python3.12/site-packages/oslo_db/sqlalchemy/engines.py:325}}
May 02 02:43:18.903811 np0000171482 devstack@n-api-meta.service[109863]: DEBUG dbcounter [-] [109863] Writer thread running {{(pid=109863) stat_writer /opt/stack/data/venv/lib/python3.12/site-packages/dbcounter.py:102}}
May 02 02:43:18.925073 np0000171482 devstack@n-api-meta.service[109866]: DEBUG dbcounter [-] [109866] Writer thread running {{(pid=109866) stat_writer /opt/stack/data/venv/lib/python3.12/site-packages/dbcounter.py:102}}
May 02 02:43:18.925900 np0000171482 devstack@n-api-meta.service[109866]: DEBUG dbcounter [-] [109866] Writer thread running {{(pid=109866) stat_writer /opt/stack/data/venv/lib/python3.12/site-packages/dbcounter.py:102}}
May 02 02:43:18.931218 np0000171482 devstack@n-api-meta.service[109866]: INFO dbcounter [None req-973b2da7-dbe8-4f49-adc8-4d9a892155d1 None None] Registered counter for database nova_cell0
May 02 02:43:18.944413 np0000171482 devstack@n-api-meta.service[109866]: DEBUG oslo_db.sqlalchemy.engines [None req-973b2da7-dbe8-4f49-adc8-4d9a892155d1 None None] MySQL server mode set to STRICT_TRANS_TABLES,STRICT_ALL_TABLES,NO_ZERO_IN_DATE,NO_ZERO_DATE,ERROR_FOR_DIVISION_BY_ZERO,TRADITIONAL,NO_ENGINE_SUBSTITUTION {{(pid=109866) _check_effective_sql_mode /opt/stack/data/venv/lib/python3.12/site-packages/oslo_db/sqlalchemy/engines.py:325}}
May 02 02:43:18.954006 np0000171482 devstack@n-api-meta.service[109863]: WARNING nova.api.metadata.handler [None req-166d07db-8e4a-4d1e-a68a-e0260ad8b5db None None] metadata_proxy_shared_secret is not configured, the metadata information returned by the proxy cannot be trusted
May 02 02:43:18.954315 np0000171482 devstack@n-api-meta.service[109866]: DEBUG dbcounter [-] [109866] Writer thread running {{(pid=109866) stat_writer /opt/stack/data/venv/lib/python3.12/site-packages/dbcounter.py:102}}
May 02 02:43:18.957200 np0000171482 devstack@n-api-meta.service[109863]: DEBUG nova.api.openstack.wsgi_app [None req-166d07db-8e4a-4d1e-a68a-e0260ad8b5db None None] ******************************************************************************** {{(pid=109863) log_opt_values /opt/stack/data/venv/lib/python3.12/site-packages/oslo_config/cfg.py:2979}}
May 02 02:43:18.957376 np0000171482 devstack@n-api-meta.service[109863]: DEBUG nova.api.openstack.wsgi_app [None req-166d07db-8e4a-4d1e-a68a-e0260ad8b5db None None] Configuration options gathered from: {{(pid=109863) log_opt_values /opt/stack/data/venv/lib/python3.12/site-packages/oslo_config/cfg.py:2980}}
May 02 02:43:18.957584 np0000171482 devstack@n-api-meta.service[109863]: DEBUG nova.api.openstack.wsgi_app [None req-166d07db-8e4a-4d1e-a68a-e0260ad8b5db None None] command line args: [] {{(pid=109863) log_opt_values /opt/stack/data/venv/lib/python3.12/site-packages/oslo_config/cfg.py:2981}}
May 02 02:43:18.957664 np0000171482 devstack@n-api-meta.service[109863]: DEBUG nova.api.openstack.wsgi_app [None req-166d07db-8e4a-4d1e-a68a-e0260ad8b5db None None] config files: ['/etc/nova/api-paste.ini', '/etc/nova/nova.conf'] {{(pid=109863) log_opt_values /opt/stack/data/venv/lib/python3.12/site-packages/oslo_config/cfg.py:2982}}
May 02 02:43:18.957802 np0000171482 devstack@n-api-meta.service[109863]: DEBUG nova.api.openstack.wsgi_app [None req-166d07db-8e4a-4d1e-a68a-e0260ad8b5db None None] ================================================================================ {{(pid=109863) log_opt_values /opt/stack/data/venv/lib/python3.12/site-packages/oslo_config/cfg.py:2987}}
May 02 02:43:18.957984 np0000171482 devstack@n-api-meta.service[109863]: DEBUG nova.api.openstack.wsgi_app [None req-166d07db-8e4a-4d1e-a68a-e0260ad8b5db None None] allow_resize_to_same_host = True {{(pid=109863) log_opt_values /opt/stack/data/venv/lib/python3.12/site-packages/oslo_config/cfg.py:2995}}
May 02 02:43:18.958096 np0000171482 devstack@n-api-meta.service[109863]: DEBUG nova.api.openstack.wsgi_app [None req-166d07db-8e4a-4d1e-a68a-e0260ad8b5db None None] arq_binding_timeout = 300 {{(pid=109863) log_opt_values /opt/stack/data/venv/lib/python3.12/site-packages/oslo_config/cfg.py:2995}}
May 02 02:43:18.958240 np0000171482 devstack@n-api-meta.service[109863]: DEBUG nova.api.openstack.wsgi_app [None req-166d07db-8e4a-4d1e-a68a-e0260ad8b5db None None] block_device_allocate_retries = 60 {{(pid=109863) log_opt_values /opt/stack/data/venv/lib/python3.12/site-packages/oslo_config/cfg.py:2995}}
May 02 02:43:18.958434 np0000171482 devstack@n-api-meta.service[109863]: DEBUG nova.api.openstack.wsgi_app [None req-166d07db-8e4a-4d1e-a68a-e0260ad8b5db None None] block_device_allocate_retries_interval = 3 {{(pid=109863) log_opt_values /opt/stack/data/venv/lib/python3.12/site-packages/oslo_config/cfg.py:2995}}
May 02 02:43:18.958580 np0000171482 devstack@n-api-meta.service[109863]: DEBUG nova.api.openstack.wsgi_app [None req-166d07db-8e4a-4d1e-a68a-e0260ad8b5db None None] cell_worker_thread_pool_size = 5 {{(pid=109863) log_opt_values /opt/stack/data/venv/lib/python3.12/site-packages/oslo_config/cfg.py:2995}}
May 02 02:43:18.958726 np0000171482 devstack@n-api-meta.service[109863]: DEBUG nova.api.openstack.wsgi_app [None req-166d07db-8e4a-4d1e-a68a-e0260ad8b5db None None] cert = self.pem {{(pid=109863) log_opt_values /opt/stack/data/venv/lib/python3.12/site-packages/oslo_config/cfg.py:2995}}
May 02 02:43:18.958871 np0000171482 devstack@n-api-meta.service[109863]: DEBUG nova.api.openstack.wsgi_app [None req-166d07db-8e4a-4d1e-a68a-e0260ad8b5db None None] compute_driver = libvirt.LibvirtDriver {{(pid=109863) log_opt_values /opt/stack/data/venv/lib/python3.12/site-packages/oslo_config/cfg.py:2995}}
May 02 02:43:18.959007 np0000171482 devstack@n-api-meta.service[109863]: DEBUG nova.api.openstack.wsgi_app [None req-166d07db-8e4a-4d1e-a68a-e0260ad8b5db None None] compute_monitors = [] {{(pid=109863) log_opt_values /opt/stack/data/venv/lib/python3.12/site-packages/oslo_config/cfg.py:2995}}
May 02 02:43:18.959155 np0000171482 devstack@n-api-meta.service[109863]: DEBUG nova.api.openstack.wsgi_app [None req-166d07db-8e4a-4d1e-a68a-e0260ad8b5db None None] config_dir = [] {{(pid=109863) log_opt_values /opt/stack/data/venv/lib/python3.12/site-packages/oslo_config/cfg.py:2995}}
May 02 02:43:18.959335 np0000171482 devstack@n-api-meta.service[109863]: DEBUG nova.api.openstack.wsgi_app [None req-166d07db-8e4a-4d1e-a68a-e0260ad8b5db None None] config_drive_format = iso9660 {{(pid=109863) log_opt_values /opt/stack/data/venv/lib/python3.12/site-packages/oslo_config/cfg.py:2995}}
May 02 02:43:18.959465 np0000171482 devstack@n-api-meta.service[109863]: DEBUG nova.api.openstack.wsgi_app [None req-166d07db-8e4a-4d1e-a68a-e0260ad8b5db None None] config_file = ['/etc/nova/api-paste.ini', '/etc/nova/nova.conf'] {{(pid=109863) log_opt_values /opt/stack/data/venv/lib/python3.12/site-packages/oslo_config/cfg.py:2995}}
May 02 02:43:18.959587 np0000171482 devstack@n-api-meta.service[109863]: DEBUG nova.api.openstack.wsgi_app [None req-166d07db-8e4a-4d1e-a68a-e0260ad8b5db None None] config_source = [] {{(pid=109863) log_opt_values /opt/stack/data/venv/lib/python3.12/site-packages/oslo_config/cfg.py:2995}}
May 02 02:43:18.959705 np0000171482 devstack@n-api-meta.service[109863]: DEBUG nova.api.openstack.wsgi_app [None req-166d07db-8e4a-4d1e-a68a-e0260ad8b5db None None] console_host = np0000171482 {{(pid=109863) log_opt_values /opt/stack/data/venv/lib/python3.12/site-packages/oslo_config/cfg.py:2995}}
May 02 02:43:18.959819 np0000171482 devstack@n-api-meta.service[109863]: DEBUG nova.api.openstack.wsgi_app [None req-166d07db-8e4a-4d1e-a68a-e0260ad8b5db None None] control_exchange = nova {{(pid=109863) log_opt_values /opt/stack/data/venv/lib/python3.12/site-packages/oslo_config/cfg.py:2995}}
May 02 02:43:18.959942 np0000171482 devstack@n-api-meta.service[109863]: DEBUG nova.api.openstack.wsgi_app [None req-166d07db-8e4a-4d1e-a68a-e0260ad8b5db None None] cpu_allocation_ratio = None {{(pid=109863) log_opt_values /opt/stack/data/venv/lib/python3.12/site-packages/oslo_config/cfg.py:2995}}
May 02 02:43:18.960099 np0000171482 devstack@n-api-meta.service[109863]: DEBUG nova.api.openstack.wsgi_app [None req-166d07db-8e4a-4d1e-a68a-e0260ad8b5db None None] daemon = False {{(pid=109863) log_opt_values /opt/stack/data/venv/lib/python3.12/site-packages/oslo_config/cfg.py:2995}}
May 02 02:43:18.960270 np0000171482 devstack@n-api-meta.service[109863]: DEBUG nova.api.openstack.wsgi_app [None req-166d07db-8e4a-4d1e-a68a-e0260ad8b5db None None] debug = True {{(pid=109863) log_opt_values /opt/stack/data/venv/lib/python3.12/site-packages/oslo_config/cfg.py:2995}}
May 02 02:43:18.960608 np0000171482 devstack@n-api-meta.service[109863]: DEBUG nova.api.openstack.wsgi_app [None req-166d07db-8e4a-4d1e-a68a-e0260ad8b5db None None] default_access_ip_network_name = None {{(pid=109863) log_opt_values /opt/stack/data/venv/lib/python3.12/site-packages/oslo_config/cfg.py:2995}}
May 02 02:43:18.960766 np0000171482 devstack@n-api-meta.service[109863]: DEBUG nova.api.openstack.wsgi_app [None req-166d07db-8e4a-4d1e-a68a-e0260ad8b5db None None] default_availability_zone = nova {{(pid=109863) log_opt_values /opt/stack/data/venv/lib/python3.12/site-packages/oslo_config/cfg.py:2995}}
May 02 02:43:18.960905 np0000171482 devstack@n-api-meta.service[109863]: DEBUG nova.api.openstack.wsgi_app [None req-166d07db-8e4a-4d1e-a68a-e0260ad8b5db None None] default_ephemeral_format = ext4 {{(pid=109863) log_opt_values /opt/stack/data/venv/lib/python3.12/site-packages/oslo_config/cfg.py:2995}}
May 02 02:43:18.961021 np0000171482 devstack@n-api-meta.service[109863]: DEBUG nova.api.openstack.wsgi_app [None req-166d07db-8e4a-4d1e-a68a-e0260ad8b5db None None] default_green_pool_size = 1000 {{(pid=109863) log_opt_values /opt/stack/data/venv/lib/python3.12/site-packages/oslo_config/cfg.py:2995}}
May 02 02:43:18.961335 np0000171482 devstack@n-api-meta.service[109863]: DEBUG nova.api.openstack.wsgi_app [None req-166d07db-8e4a-4d1e-a68a-e0260ad8b5db None None] default_log_levels = ['amqp=WARN', 'boto=WARN', 'sqlalchemy=WARN', 'suds=INFO', 'oslo.messaging=INFO', 'oslo_messaging=INFO', 'iso8601=WARN', 'requests.packages.urllib3.connectionpool=WARN', 'urllib3.connectionpool=WARN', 'websocket=WARN', 'requests.packages.urllib3.util.retry=WARN', 'urllib3.util.retry=WARN', 'keystonemiddleware=WARN', 'routes.middleware=WARN', 'stevedore=WARN', 'taskflow=WARN', 'keystoneauth=WARN', 'oslo.cache=INFO', 'oslo_policy=INFO', 'dogpile.core.dogpile=INFO', 'glanceclient=WARN', 'oslo.privsep.daemon=INFO'] {{(pid=109863) log_opt_values /opt/stack/data/venv/lib/python3.12/site-packages/oslo_config/cfg.py:2995}}
May 02 02:43:18.961581 np0000171482 devstack@n-api-meta.service[109863]: DEBUG nova.api.openstack.wsgi_app [None req-166d07db-8e4a-4d1e-a68a-e0260ad8b5db None None] default_schedule_zone = None {{(pid=109863) log_opt_values /opt/stack/data/venv/lib/python3.12/site-packages/oslo_config/cfg.py:2995}}
May 02 02:43:18.961581 np0000171482 devstack@n-api-meta.service[109863]: DEBUG nova.api.openstack.wsgi_app [None req-166d07db-8e4a-4d1e-a68a-e0260ad8b5db None None] default_thread_pool_size = 10 {{(pid=109863) log_opt_values /opt/stack/data/venv/lib/python3.12/site-packages/oslo_config/cfg.py:2995}}
May 02 02:43:18.961938 np0000171482 devstack@n-api-meta.service[109863]: DEBUG nova.api.openstack.wsgi_app [None req-166d07db-8e4a-4d1e-a68a-e0260ad8b5db None None] disk_allocation_ratio = None {{(pid=109863) log_opt_values /opt/stack/data/venv/lib/python3.12/site-packages/oslo_config/cfg.py:2995}}
May 02 02:43:18.961938 np0000171482 devstack@n-api-meta.service[109863]: DEBUG nova.api.openstack.wsgi_app [None req-166d07db-8e4a-4d1e-a68a-e0260ad8b5db None None] enable_new_services = True {{(pid=109863) log_opt_values /opt/stack/data/venv/lib/python3.12/site-packages/oslo_config/cfg.py:2995}}
May 02 02:43:18.961938 np0000171482 devstack@n-api-meta.service[109863]: DEBUG nova.api.openstack.wsgi_app [None req-166d07db-8e4a-4d1e-a68a-e0260ad8b5db None None] flat_injected = False {{(pid=109863) log_opt_values /opt/stack/data/venv/lib/python3.12/site-packages/oslo_config/cfg.py:2995}}
May 02 02:43:18.962200 np0000171482 devstack@n-api-meta.service[109863]: DEBUG nova.api.openstack.wsgi_app [None req-166d07db-8e4a-4d1e-a68a-e0260ad8b5db None None] force_config_drive = False {{(pid=109863) log_opt_values /opt/stack/data/venv/lib/python3.12/site-packages/oslo_config/cfg.py:2995}}
May 02 02:43:18.962200 np0000171482 devstack@n-api-meta.service[109863]: DEBUG nova.api.openstack.wsgi_app [None req-166d07db-8e4a-4d1e-a68a-e0260ad8b5db None None] force_raw_images = True {{(pid=109863) log_opt_values /opt/stack/data/venv/lib/python3.12/site-packages/oslo_config/cfg.py:2995}}
May 02 02:43:18.962329 np0000171482 devstack@n-api-meta.service[109863]: DEBUG nova.api.openstack.wsgi_app [None req-166d07db-8e4a-4d1e-a68a-e0260ad8b5db None None] graceful_shutdown_timeout = 5 {{(pid=109863) log_opt_values /opt/stack/data/venv/lib/python3.12/site-packages/oslo_config/cfg.py:2995}}
May 02 02:43:18.962460 np0000171482 devstack@n-api-meta.service[109863]: DEBUG nova.api.openstack.wsgi_app [None req-166d07db-8e4a-4d1e-a68a-e0260ad8b5db None None] heal_instance_info_cache_interval = -1 {{(pid=109863) log_opt_values /opt/stack/data/venv/lib/python3.12/site-packages/oslo_config/cfg.py:2995}}
May 02 02:43:18.962686 np0000171482 devstack@n-api-meta.service[109863]: DEBUG nova.api.openstack.wsgi_app [None req-166d07db-8e4a-4d1e-a68a-e0260ad8b5db None None] host = np0000171482 {{(pid=109863) log_opt_values /opt/stack/data/venv/lib/python3.12/site-packages/oslo_config/cfg.py:2995}}
May 02 02:43:18.962833 np0000171482 devstack@n-api-meta.service[109863]: DEBUG nova.api.openstack.wsgi_app [None req-166d07db-8e4a-4d1e-a68a-e0260ad8b5db None None] initial_cpu_allocation_ratio = 4.0 {{(pid=109863) log_opt_values /opt/stack/data/venv/lib/python3.12/site-packages/oslo_config/cfg.py:2995}}
May 02 02:43:18.962968 np0000171482 devstack@n-api-meta.service[109863]: DEBUG nova.api.openstack.wsgi_app [None req-166d07db-8e4a-4d1e-a68a-e0260ad8b5db None None] initial_disk_allocation_ratio = 1.0 {{(pid=109863) log_opt_values /opt/stack/data/venv/lib/python3.12/site-packages/oslo_config/cfg.py:2995}}
May 02 02:43:18.963099 np0000171482 devstack@n-api-meta.service[109863]: DEBUG nova.api.openstack.wsgi_app [None req-166d07db-8e4a-4d1e-a68a-e0260ad8b5db None None] initial_ram_allocation_ratio = 1.0 {{(pid=109863) log_opt_values /opt/stack/data/venv/lib/python3.12/site-packages/oslo_config/cfg.py:2995}}
May 02 02:43:18.963297 np0000171482 devstack@n-api-meta.service[109863]: DEBUG nova.api.openstack.wsgi_app [None req-166d07db-8e4a-4d1e-a68a-e0260ad8b5db None None] injected_network_template = /opt/stack/nova/nova/virt/interfaces.template {{(pid=109863) log_opt_values /opt/stack/data/venv/lib/python3.12/site-packages/oslo_config/cfg.py:2995}}
May 02 02:43:18.963443 np0000171482 devstack@n-api-meta.service[109863]: DEBUG nova.api.openstack.wsgi_app [None req-166d07db-8e4a-4d1e-a68a-e0260ad8b5db None None] instance_build_timeout = 0 {{(pid=109863) log_opt_values /opt/stack/data/venv/lib/python3.12/site-packages/oslo_config/cfg.py:2995}}
May 02 02:43:18.963606 np0000171482 devstack@n-api-meta.service[109863]: DEBUG nova.api.openstack.wsgi_app [None req-166d07db-8e4a-4d1e-a68a-e0260ad8b5db None None] instance_delete_interval = 300 {{(pid=109863) log_opt_values /opt/stack/data/venv/lib/python3.12/site-packages/oslo_config/cfg.py:2995}}
May 02 02:43:18.963756 np0000171482 devstack@n-api-meta.service[109863]: DEBUG nova.api.openstack.wsgi_app [None req-166d07db-8e4a-4d1e-a68a-e0260ad8b5db None None] instance_format = [instance: %(uuid)s] {{(pid=109863) log_opt_values /opt/stack/data/venv/lib/python3.12/site-packages/oslo_config/cfg.py:2995}}
May 02 02:43:18.963895 np0000171482 devstack@n-api-meta.service[109863]: DEBUG nova.api.openstack.wsgi_app [None req-166d07db-8e4a-4d1e-a68a-e0260ad8b5db None None] instance_name_template = instance-%08x {{(pid=109863) log_opt_values /opt/stack/data/venv/lib/python3.12/site-packages/oslo_config/cfg.py:2995}}
May 02 02:43:18.964032 np0000171482 devstack@n-api-meta.service[109863]: DEBUG nova.api.openstack.wsgi_app [None req-166d07db-8e4a-4d1e-a68a-e0260ad8b5db None None] instance_usage_audit = False {{(pid=109863) log_opt_values /opt/stack/data/venv/lib/python3.12/site-packages/oslo_config/cfg.py:2995}}
May 02 02:43:18.964199 np0000171482 devstack@n-api-meta.service[109863]: DEBUG nova.api.openstack.wsgi_app [None req-166d07db-8e4a-4d1e-a68a-e0260ad8b5db None None] instance_usage_audit_period = month {{(pid=109863) log_opt_values /opt/stack/data/venv/lib/python3.12/site-packages/oslo_config/cfg.py:2995}}
May 02 02:43:18.964379 np0000171482 devstack@n-api-meta.service[109863]: DEBUG nova.api.openstack.wsgi_app [None req-166d07db-8e4a-4d1e-a68a-e0260ad8b5db None None] instance_uuid_format = [instance: %(uuid)s] {{(pid=109863) log_opt_values /opt/stack/data/venv/lib/python3.12/site-packages/oslo_config/cfg.py:2995}}
May 02 02:43:18.964515 np0000171482 devstack@n-api-meta.service[109863]: DEBUG nova.api.openstack.wsgi_app [None req-166d07db-8e4a-4d1e-a68a-e0260ad8b5db None None] instances_path = /opt/stack/data/nova/instances {{(pid=109863) log_opt_values /opt/stack/data/venv/lib/python3.12/site-packages/oslo_config/cfg.py:2995}}
May 02 02:43:18.964680 np0000171482 devstack@n-api-meta.service[109863]: DEBUG nova.api.openstack.wsgi_app [None req-166d07db-8e4a-4d1e-a68a-e0260ad8b5db None None] internal_service_availability_zone = internal {{(pid=109863) log_opt_values /opt/stack/data/venv/lib/python3.12/site-packages/oslo_config/cfg.py:2995}}
May 02 02:43:18.964820 np0000171482 devstack@n-api-meta.service[109863]: DEBUG nova.api.openstack.wsgi_app [None req-166d07db-8e4a-4d1e-a68a-e0260ad8b5db None None] key = None {{(pid=109863) log_opt_values /opt/stack/data/venv/lib/python3.12/site-packages/oslo_config/cfg.py:2995}}
May 02 02:43:18.964952 np0000171482 devstack@n-api-meta.service[109863]: DEBUG nova.api.openstack.wsgi_app [None req-166d07db-8e4a-4d1e-a68a-e0260ad8b5db None None] live_migration_retry_count = 30 {{(pid=109863) log_opt_values /opt/stack/data/venv/lib/python3.12/site-packages/oslo_config/cfg.py:2995}}
May 02 02:43:18.965087 np0000171482 devstack@n-api-meta.service[109863]: DEBUG nova.api.openstack.wsgi_app [None req-166d07db-8e4a-4d1e-a68a-e0260ad8b5db None None] log_color = False {{(pid=109863) log_opt_values /opt/stack/data/venv/lib/python3.12/site-packages/oslo_config/cfg.py:2995}}
