May 02 02:42:42.972136 np0000171482 devstack@neutron-api.service[104777]: DEBUG neutron.plugins.ml2.drivers.ovn.mech_driver.mech_driver [None req-907e1860-8dcc-48bc-935f-d909ab793b7b None None] Hash Ring setup using WSGI start time 2026-05-02 02:42:36+00:00 {{(pid=104777) _init_hash_ring /opt/stack/neutron/neutron/plugins/ml2/drivers/ovn/mech_driver/mech_driver.py:402}}
May 02 02:42:42.984513 np0000171482 devstack@neutron-api.service[104777]: INFO neutron.db.ovn_hash_ring_db [None req-907e1860-8dcc-48bc-935f-d909ab793b7b None None] Nodes from host "np0000171482" and group "mechanism_driver" removed from the Hash Ring created at 2026-05-02 02:42:36+00:00
May 02 02:42:42.989057 np0000171482 devstack@neutron-api.service[104777]: INFO neutron.db.ovn_hash_ring_db [None req-907e1860-8dcc-48bc-935f-d909ab793b7b None None] Node a10f0f9c0399507a9b854fd0aa185dd3 from host "np0000171482" and group "mechanism_driver" added to the Hash Ring
May 02 02:42:42.994025 np0000171482 devstack@neutron-api.service[104777]: DEBUG neutron.plugins.ml2.drivers.ovn.mech_driver.mech_driver [None req-907e1860-8dcc-48bc-935f-d909ab793b7b None None] Hash Ring setup, this worker has detected 1 OVN hash ring registers in the database {{(pid=104777) _init_hash_ring /opt/stack/neutron/neutron/plugins/ml2/drivers/ovn/mech_driver/mech_driver.py:412}}
May 02 02:42:43.001819 np0000171482 devstack@neutron-api.service[104777]: DEBUG neutron.plugins.ml2.drivers.ovn.mech_driver.ovsdb.maintenance [None req-907e1860-8dcc-48bc-935f-d909ab793b7b None None] Periodic task found: HashRingHealthCheckPeriodics.touch_hash_ring_node {{(pid=104777) add_periodics /opt/stack/neutron/neutron/plugins/ml2/drivers/ovn/mech_driver/ovsdb/maintenance.py:148}}
May 02 02:42:43.003405 np0000171482 devstack@neutron-api.service[104777]: INFO neutron.plugins.ml2.drivers.ovn.mech_driver.mech_driver [None req-907e1860-8dcc-48bc-935f-d909ab793b7b None None] Hash Ring probing thread for node a10f0f9c0399507a9b854fd0aa185dd3 has started
May 02 02:42:43.004620 np0000171482 devstack@neutron-api.service[104777]: INFO neutron.plugins.ml2.drivers.ovn.mech_driver.ovsdb.impl_idl_ovn [None req-907e1860-8dcc-48bc-935f-d909ab793b7b None None] Getting OvsdbNbOvnIdl for WorkerService with retry
May 02 02:42:43.062025 np0000171482 devstack@neutron-api.service[104777]: DEBUG ovsdbapp.backend.ovs_idl [None req-907e1860-8dcc-48bc-935f-d909ab793b7b None None] Created lookup_table index Logical_Switch.name {{(pid=104777) autocreate_indices /opt/stack/data/venv/lib/python3.12/site-packages/ovsdbapp/backend/ovs_idl/__init__.py:87}}
May 02 02:42:43.062217 np0000171482 devstack@neutron-api.service[104777]: DEBUG ovsdbapp.backend.ovs_idl [None req-907e1860-8dcc-48bc-935f-d909ab793b7b None None] Created lookup_table index Logical_Router.name {{(pid=104777) autocreate_indices /opt/stack/data/venv/lib/python3.12/site-packages/ovsdbapp/backend/ovs_idl/__init__.py:87}}
May 02 02:42:43.062382 np0000171482 devstack@neutron-api.service[104777]: DEBUG ovsdbapp.backend.ovs_idl [None req-907e1860-8dcc-48bc-935f-d909ab793b7b None None] Created lookup_table index Load_Balancer.name {{(pid=104777) autocreate_indices /opt/stack/data/venv/lib/python3.12/site-packages/ovsdbapp/backend/ovs_idl/__init__.py:87}}
May 02 02:42:43.062524 np0000171482 devstack@neutron-api.service[104777]: DEBUG ovsdbapp.backend.ovs_idl [None req-907e1860-8dcc-48bc-935f-d909ab793b7b None None] Created schema index Copp.name {{(pid=104777) autocreate_indices /opt/stack/data/venv/lib/python3.12/site-packages/ovsdbapp/backend/ovs_idl/__init__.py:106}}
May 02 02:42:43.062648 np0000171482 devstack@neutron-api.service[104777]: DEBUG ovsdbapp.backend.ovs_idl [None req-907e1860-8dcc-48bc-935f-d909ab793b7b None None] Created schema index Meter.name {{(pid=104777) autocreate_indices /opt/stack/data/venv/lib/python3.12/site-packages/ovsdbapp/backend/ovs_idl/__init__.py:106}}
May 02 02:42:43.062792 np0000171482 devstack@neutron-api.service[104777]: DEBUG ovsdbapp.backend.ovs_idl [None req-907e1860-8dcc-48bc-935f-d909ab793b7b None None] Created schema index Load_Balancer_Group.name {{(pid=104777) autocreate_indices /opt/stack/data/venv/lib/python3.12/site-packages/ovsdbapp/backend/ovs_idl/__init__.py:106}}
May 02 02:42:43.062901 np0000171482 devstack@neutron-api.service[104777]: DEBUG ovsdbapp.backend.ovs_idl [None req-907e1860-8dcc-48bc-935f-d909ab793b7b None None] Created schema index HA_Chassis_Group.name {{(pid=104777) autocreate_indices /opt/stack/data/venv/lib/python3.12/site-packages/ovsdbapp/backend/ovs_idl/__init__.py:106}}
May 02 02:42:43.063042 np0000171482 devstack@neutron-api.service[104777]: DEBUG ovsdbapp.backend.ovs_idl [None req-907e1860-8dcc-48bc-935f-d909ab793b7b None None] Created schema index Address_Set.name {{(pid=104777) autocreate_indices /opt/stack/data/venv/lib/python3.12/site-packages/ovsdbapp/backend/ovs_idl/__init__.py:106}}
May 02 02:42:43.063235 np0000171482 devstack@neutron-api.service[104777]: DEBUG ovsdbapp.backend.ovs_idl [None req-907e1860-8dcc-48bc-935f-d909ab793b7b None None] Created schema index Connection.target {{(pid=104777) autocreate_indices /opt/stack/data/venv/lib/python3.12/site-packages/ovsdbapp/backend/ovs_idl/__init__.py:106}}
May 02 02:42:43.063430 np0000171482 devstack@neutron-api.service[104777]: DEBUG ovsdbapp.backend.ovs_idl [None req-907e1860-8dcc-48bc-935f-d909ab793b7b None None] Created schema index Gateway_Chassis.name {{(pid=104777) autocreate_indices /opt/stack/data/venv/lib/python3.12/site-packages/ovsdbapp/backend/ovs_idl/__init__.py:106}}
May 02 02:42:43.063560 np0000171482 devstack@neutron-api.service[104777]: DEBUG ovsdbapp.backend.ovs_idl [None req-907e1860-8dcc-48bc-935f-d909ab793b7b None None] Created schema index Mirror.name {{(pid=104777) autocreate_indices /opt/stack/data/venv/lib/python3.12/site-packages/ovsdbapp/backend/ovs_idl/__init__.py:106}}
May 02 02:42:43.063702 np0000171482 devstack@neutron-api.service[104777]: DEBUG ovsdbapp.backend.ovs_idl [None req-907e1860-8dcc-48bc-935f-d909ab793b7b None None] Created schema index Chassis_Template_Var.chassis {{(pid=104777) autocreate_indices /opt/stack/data/venv/lib/python3.12/site-packages/ovsdbapp/backend/ovs_idl/__init__.py:106}}
May 02 02:42:43.063834 np0000171482 devstack@neutron-api.service[104777]: DEBUG ovsdbapp.backend.ovs_idl [None req-907e1860-8dcc-48bc-935f-d909ab793b7b None None] Created schema index Logical_Router_Port.name {{(pid=104777) autocreate_indices /opt/stack/data/venv/lib/python3.12/site-packages/ovsdbapp/backend/ovs_idl/__init__.py:106}}
May 02 02:42:43.063969 np0000171482 devstack@neutron-api.service[104777]: DEBUG ovsdbapp.backend.ovs_idl [None req-907e1860-8dcc-48bc-935f-d909ab793b7b None None] Created schema index Port_Group.name {{(pid=104777) autocreate_indices /opt/stack/data/venv/lib/python3.12/site-packages/ovsdbapp/backend/ovs_idl/__init__.py:106}}
May 02 02:42:43.064111 np0000171482 devstack@neutron-api.service[104777]: DEBUG ovsdbapp.backend.ovs_idl [None req-907e1860-8dcc-48bc-935f-d909ab793b7b None None] Created schema index Logical_Switch_Port.name {{(pid=104777) autocreate_indices /opt/stack/data/venv/lib/python3.12/site-packages/ovsdbapp/backend/ovs_idl/__init__.py:106}}
May 02 02:42:43.068084 np0000171482 devstack@neutron-api.service[104777]: INFO ovsdbapp.backend.ovs_idl.vlog [None req-907e1860-8dcc-48bc-935f-d909ab793b7b None None] ssl:199.19.213.105:6641: connecting...
May 02 02:42:43.075340 np0000171482 devstack@neutron-api.service[104777]: INFO ovsdbapp.backend.ovs_idl.vlog [None req-907e1860-8dcc-48bc-935f-d909ab793b7b None None] ssl:199.19.213.105:6641: connected
May 02 02:42:43.116071 np0000171482 devstack@neutron-api.service[104777]: DEBUG neutron.common.ovn.hash_ring_manager [None req-907e1860-8dcc-48bc-935f-d909ab793b7b None None] Disallow caching, nodes 1<4 {{(pid=104777) _wait_startup_before_caching /opt/stack/neutron/neutron/common/ovn/hash_ring_manager.py:72}}
May 02 02:42:43.121921 np0000171482 devstack@neutron-api.service[104777]: DEBUG neutron.common.ovn.hash_ring_manager [None req-907e1860-8dcc-48bc-935f-d909ab793b7b None None] Hash Ring loaded. 1 active nodes. 0 offline nodes {{(pid=104777) _load_hash_ring /opt/stack/neutron/neutron/common/ovn/hash_ring_manager.py:102}}
May 02 02:42:43.122144 np0000171482 devstack@neutron-api.service[104777]: DEBUG neutron.plugins.ml2.drivers.ovn.mech_driver.ovsdb.ovsdb_monitor [None req-907e1860-8dcc-48bc-935f-d909ab793b7b None None] Hash Ring: Node a10f0f9c0399507a9b854fd0aa185dd3 (host: np0000171482) handling event "create" for row 0e0e42e5-97e5-4ef9-a19f-d55c1690b383 (table: ACL) {{(pid=104777) notify /opt/stack/neutron/neutron/plugins/ml2/drivers/ovn/mech_driver/ovsdb/ovsdb_monitor.py:942}}
May 02 02:42:43.127026 np0000171482 devstack@neutron-api.service[104777]: DEBUG neutron.common.ovn.hash_ring_manager [None req-907e1860-8dcc-48bc-935f-d909ab793b7b None None] Hash Ring loaded. 1 active nodes. 0 offline nodes {{(pid=104777) _load_hash_ring /opt/stack/neutron/neutron/common/ovn/hash_ring_manager.py:102}}
May 02 02:42:43.127177 np0000171482 devstack@neutron-api.service[104777]: DEBUG neutron.plugins.ml2.drivers.ovn.mech_driver.ovsdb.ovsdb_monitor [None req-907e1860-8dcc-48bc-935f-d909ab793b7b None None] Hash Ring: Node a10f0f9c0399507a9b854fd0aa185dd3 (host: np0000171482) handling event "create" for row 71af3eb9-a6b4-4529-8f76-6cb8d9243300 (table: ACL) {{(pid=104777) notify /opt/stack/neutron/neutron/plugins/ml2/drivers/ovn/mech_driver/ovsdb/ovsdb_monitor.py:942}}
May 02 02:42:43.131601 np0000171482 devstack@neutron-api.service[104777]: DEBUG neutron.common.ovn.hash_ring_manager [None req-907e1860-8dcc-48bc-935f-d909ab793b7b None None] Hash Ring loaded. 1 active nodes. 0 offline nodes {{(pid=104777) _load_hash_ring /opt/stack/neutron/neutron/common/ovn/hash_ring_manager.py:102}}
May 02 02:42:43.131771 np0000171482 devstack@neutron-api.service[104777]: DEBUG neutron.plugins.ml2.drivers.ovn.mech_driver.ovsdb.ovsdb_monitor [None req-907e1860-8dcc-48bc-935f-d909ab793b7b None None] Hash Ring: Node a10f0f9c0399507a9b854fd0aa185dd3 (host: np0000171482) handling event "create" for row d3cc6319-7cc7-4f18-bc02-a32880a89bbb (table: Connection) {{(pid=104777) notify /opt/stack/neutron/neutron/plugins/ml2/drivers/ovn/mech_driver/ovsdb/ovsdb_monitor.py:942}}
May 02 02:42:43.136723 np0000171482 devstack@neutron-api.service[104777]: DEBUG neutron.common.ovn.hash_ring_manager [None req-907e1860-8dcc-48bc-935f-d909ab793b7b None None] Hash Ring loaded. 1 active nodes. 0 offline nodes {{(pid=104777) _load_hash_ring /opt/stack/neutron/neutron/common/ovn/hash_ring_manager.py:102}}
May 02 02:42:43.136877 np0000171482 devstack@neutron-api.service[104777]: DEBUG neutron.plugins.ml2.drivers.ovn.mech_driver.ovsdb.ovsdb_monitor [None req-907e1860-8dcc-48bc-935f-d909ab793b7b None None] Hash Ring: Node a10f0f9c0399507a9b854fd0aa185dd3 (host: np0000171482) handling event "create" for row f187b2cf-1586-44f8-ae1d-873c491c04e9 (table: NB_Global) {{(pid=104777) notify /opt/stack/neutron/neutron/plugins/ml2/drivers/ovn/mech_driver/ovsdb/ovsdb_monitor.py:942}}
May 02 02:42:43.145267 np0000171482 devstack@neutron-api.service[104777]: DEBUG neutron.common.ovn.hash_ring_manager [None req-907e1860-8dcc-48bc-935f-d909ab793b7b None None] Hash Ring loaded. 1 active nodes. 0 offline nodes {{(pid=104777) _load_hash_ring /opt/stack/neutron/neutron/common/ovn/hash_ring_manager.py:102}}
May 02 02:42:43.145503 np0000171482 devstack@neutron-api.service[104777]: DEBUG neutron.plugins.ml2.drivers.ovn.mech_driver.ovsdb.ovsdb_monitor [None req-907e1860-8dcc-48bc-935f-d909ab793b7b None None] Hash Ring: Node a10f0f9c0399507a9b854fd0aa185dd3 (host: np0000171482) handling event "create" for row dcff3349-d113-41ef-8429-0915f586b0b8 (table: Port_Group) {{(pid=104777) notify /opt/stack/neutron/neutron/plugins/ml2/drivers/ovn/mech_driver/ovsdb/ovsdb_monitor.py:942}}
May 02 02:42:43.152573 np0000171482 devstack@neutron-api.service[104777]: DEBUG neutron.common.ovn.hash_ring_manager [None req-907e1860-8dcc-48bc-935f-d909ab793b7b None None] Hash Ring loaded. 1 active nodes. 0 offline nodes {{(pid=104777) _load_hash_ring /opt/stack/neutron/neutron/common/ovn/hash_ring_manager.py:102}}
May 02 02:42:43.152776 np0000171482 devstack@neutron-api.service[104777]: DEBUG neutron.plugins.ml2.drivers.ovn.mech_driver.ovsdb.ovsdb_monitor [None req-907e1860-8dcc-48bc-935f-d909ab793b7b None None] Hash Ring: Node a10f0f9c0399507a9b854fd0aa185dd3 (host: np0000171482) handling event "create" for row a23430d0-9b72-4825-baa0-1cf5bb58779b (table: SSL) {{(pid=104777) notify /opt/stack/neutron/neutron/plugins/ml2/drivers/ovn/mech_driver/ovsdb/ovsdb_monitor.py:942}}
May 02 02:42:43.154349 np0000171482 devstack@neutron-api.service[104777]: INFO neutron.plugins.ml2.drivers.ovn.mech_driver.ovsdb.impl_idl_ovn [None req-907e1860-8dcc-48bc-935f-d909ab793b7b None None] Getting OvsdbSbOvnIdl for WorkerService with retry
May 02 02:42:43.194363 np0000171482 devstack@neutron-api.service[104777]: DEBUG ovsdbapp.backend.ovs_idl [None req-907e1860-8dcc-48bc-935f-d909ab793b7b None None] Created lookup_table index Chassis.name {{(pid=104777) autocreate_indices /opt/stack/data/venv/lib/python3.12/site-packages/ovsdbapp/backend/ovs_idl/__init__.py:87}}
May 02 02:42:43.194488 np0000171482 devstack@neutron-api.service[104777]: DEBUG ovsdbapp.backend.ovs_idl [None req-907e1860-8dcc-48bc-935f-d909ab793b7b None None] Created lookup_table index Port_Binding.logical_port {{(pid=104777) autocreate_indices /opt/stack/data/venv/lib/python3.12/site-packages/ovsdbapp/backend/ovs_idl/__init__.py:87}}
May 02 02:42:43.194561 np0000171482 devstack@neutron-api.service[104777]: DEBUG ovsdbapp.backend.ovs_idl [None req-907e1860-8dcc-48bc-935f-d909ab793b7b None None] Created schema index Chassis_Private.name {{(pid=104777) autocreate_indices /opt/stack/data/venv/lib/python3.12/site-packages/ovsdbapp/backend/ovs_idl/__init__.py:106}}
May 02 02:42:43.194619 np0000171482 devstack@neutron-api.service[104777]: DEBUG ovsdbapp.backend.ovs_idl [None req-907e1860-8dcc-48bc-935f-d909ab793b7b None None] Created schema index Datapath_Binding.tunnel_key {{(pid=104777) autocreate_indices /opt/stack/data/venv/lib/python3.12/site-packages/ovsdbapp/backend/ovs_idl/__init__.py:106}}
May 02 02:42:43.197363 np0000171482 devstack@neutron-api.service[104777]: INFO ovsdbapp.backend.ovs_idl.vlog [None req-907e1860-8dcc-48bc-935f-d909ab793b7b None None] ssl:199.19.213.105:6642: connecting...
May 02 02:42:43.203218 np0000171482 devstack@neutron-api.service[104777]: INFO ovsdbapp.backend.ovs_idl.vlog [None req-907e1860-8dcc-48bc-935f-d909ab793b7b None None] ssl:199.19.213.105:6642: connected
May 02 02:42:43.238833 np0000171482 devstack@neutron-api.service[104777]: DEBUG neutron.common.ovn.hash_ring_manager [None req-907e1860-8dcc-48bc-935f-d909ab793b7b None None] Disallow caching, nodes 1<4 {{(pid=104777) _wait_startup_before_caching /opt/stack/neutron/neutron/common/ovn/hash_ring_manager.py:72}}
May 02 02:42:43.242742 np0000171482 devstack@neutron-api.service[104777]: DEBUG neutron.common.ovn.hash_ring_manager [None req-907e1860-8dcc-48bc-935f-d909ab793b7b None None] Hash Ring loaded. 1 active nodes. 0 offline nodes {{(pid=104777) _load_hash_ring /opt/stack/neutron/neutron/common/ovn/hash_ring_manager.py:102}}
May 02 02:42:43.242926 np0000171482 devstack@neutron-api.service[104777]: DEBUG neutron.plugins.ml2.drivers.ovn.mech_driver.ovsdb.ovsdb_monitor [None req-907e1860-8dcc-48bc-935f-d909ab793b7b None None] Hash Ring: Node a10f0f9c0399507a9b854fd0aa185dd3 (host: np0000171482) handling event "create" for row 5a88b8ad-8539-4cf7-875e-f6a33f300591 (table: Chassis) {{(pid=104777) notify /opt/stack/neutron/neutron/plugins/ml2/drivers/ovn/mech_driver/ovsdb/ovsdb_monitor.py:942}}
May 02 02:42:43.243958 np0000171482 devstack@neutron-api.service[104777]: DEBUG ovsdbapp.backend.ovs_idl.event [None req-907e1860-8dcc-48bc-935f-d909ab793b7b None None] Matched CREATE: ChassisBandwidthConfigEvent(events=('create', 'update'), table='Chassis', conditions=None, old_conditions=None), priority=20 to row=Chassis(uuid=5a88b8ad-8539-4cf7-875e-f6a33f300591, encaps=[333644a6-17e2-410c-8544-1c45f37dda04], external_ids={}, hostname='np0000171482', name='99f36137-a442-4089-bac9-8dbe335d9578', nb_cfg=0, other_config={'ct-commit-nat-v2': 'true', 'ct-commit-to-zone': 'true', 'ct-next-zone': 'true', 'ct-no-masked-label': 'true', 'ct-state-save': 'true', 'datapath-type': 'system', 'fdb-timestamp': 'true', 'iface-types': 'afxdp,afxdp-nonpmd,bareudp,erspan,geneve,gre,gtpu,internal,ip6erspan,ip6gre,lisp,patch,srv6,stt,system,tap,vxlan', 'is-interconn': 'false', 'ls-dpg-column': 'true', 'mac-binding-timestamp': 'true', 'ovn-bridge-mappings': 'public:br-ex', 'ovn-chassis-mac-mappings': '', 'ovn-cms-options': 'enable-chassis-as-gw', 'ovn-ct-lb-related': 'true', 'ovn-enable-lflow-cache': 'true', 'ovn-limit-lflow-cache': '', 'ovn-memlimit-lflow-cache-kb': '', 'ovn-monitor-all': 'false', 'ovn-trim-limit-lflow-cache': '', 'ovn-trim-timeout-ms': '', 'ovn-trim-wmark-perc-lflow-cache': '', 'port-up-notif': 'true'}, transport_zones=[], vtep_logical_switches=[]) old= {{(pid=104777) matches /opt/stack/data/venv/lib/python3.12/site-packages/ovsdbapp/backend/ovs_idl/event.py:55}}
May 02 02:42:43.244618 np0000171482 devstack@neutron-api.service[104777]: DEBUG neutron.plugins.ml2.drivers.ovn.mech_driver.ovsdb.ovsdb_monitor [None req-907e1860-8dcc-48bc-935f-d909ab793b7b None None] ChassisAgentWriteEvent : Matched Chassis_Private, create, None None {{(pid=104777) matches /opt/stack/neutron/neutron/plugins/ml2/drivers/ovn/mech_driver/ovsdb/ovsdb_monitor.py:64}}
May 02 02:42:43.244857 np0000171482 devstack@neutron-api.service[104777]: DEBUG neutron.plugins.ml2.drivers.ovn.mech_driver.ovsdb.ovsdb_monitor [None req-907e1860-8dcc-48bc-935f-d909ab793b7b None None] ChassisOVNAgentWriteEvent : Matched Chassis_Private, create, None None {{(pid=104777) matches /opt/stack/neutron/neutron/plugins/ml2/drivers/ovn/mech_driver/ovsdb/ovsdb_monitor.py:64}}
May 02 02:42:43.254754 np0000171482 devstack@neutron-api.service[104777]: DEBUG neutron.common.ovn.hash_ring_manager [None req-907e1860-8dcc-48bc-935f-d909ab793b7b None None] Hash Ring loaded. 1 active nodes. 0 offline nodes {{(pid=104777) _load_hash_ring /opt/stack/neutron/neutron/common/ovn/hash_ring_manager.py:102}}
May 02 02:42:43.254883 np0000171482 devstack@neutron-api.service[104777]: DEBUG neutron.plugins.ml2.drivers.ovn.mech_driver.ovsdb.ovsdb_monitor [None req-907e1860-8dcc-48bc-935f-d909ab793b7b None None] Hash Ring: Node a10f0f9c0399507a9b854fd0aa185dd3 (host: np0000171482) handling event "create" for row c7513e73-1b5f-46cd-81f0-f24466c45e66 (table: Chassis_Private) {{(pid=104777) notify /opt/stack/neutron/neutron/plugins/ml2/drivers/ovn/mech_driver/ovsdb/ovsdb_monitor.py:942}}
May 02 02:42:43.261754 np0000171482 devstack@neutron-api.service[104777]: DEBUG neutron.common.ovn.hash_ring_manager [None req-907e1860-8dcc-48bc-935f-d909ab793b7b None None] Hash Ring loaded. 1 active nodes. 0 offline nodes {{(pid=104777) _load_hash_ring /opt/stack/neutron/neutron/common/ovn/hash_ring_manager.py:102}}
May 02 02:42:43.261920 np0000171482 devstack@neutron-api.service[104777]: DEBUG neutron.plugins.ml2.drivers.ovn.mech_driver.ovsdb.ovsdb_monitor [None req-907e1860-8dcc-48bc-935f-d909ab793b7b None None] Hash Ring: Node a10f0f9c0399507a9b854fd0aa185dd3 (host: np0000171482) handling event "create" for row 333644a6-17e2-410c-8544-1c45f37dda04 (table: Encap) {{(pid=104777) notify /opt/stack/neutron/neutron/plugins/ml2/drivers/ovn/mech_driver/ovsdb/ovsdb_monitor.py:942}}
May 02 02:42:43.263477 np0000171482 devstack@neutron-api.service[104777]: INFO neutron.plugins.ml2.drivers.ovn.mech_driver.mech_driver [None req-907e1860-8dcc-48bc-935f-d909ab793b7b None None] WorkerService process has finished the post initialization
May 02 02:42:43.264406 np0000171482 devstack@neutron-api.service[104777]: INFO neutron.plugins.ml2.drivers.ovn.mech_driver.ovsdb.extensions.qos [-] Starting OVNClientQosExtension
May 02 02:42:43.264781 np0000171482 devstack@neutron-api.service[104777]: INFO neutron.plugins.ml2.drivers.ovn.mech_driver.ovsdb.extensions.placement [-] Starting OVNClientPlacementExtension
May 02 02:42:43.267176 np0000171482 devstack@neutron-api.service[104777]: WSGI app 0 (mountpoint='') ready in 7 seconds on interpreter 0x7cca08aa3668 pid: 104777 (default app)
May 02 02:42:43.341009 np0000171482 devstack@neutron-api.service[104778]: INFO neutron.plugins.ml2.managers [None req-3b46a4c7-0f01-49b9-828a-8a4638407456 None None] Initializing driver for type 'local'
May 02 02:42:43.341308 np0000171482 devstack@neutron-api.service[104778]: INFO neutron.plugins.ml2.managers [None req-3b46a4c7-0f01-49b9-828a-8a4638407456 None None] Initializing driver for type 'vlan'
May 02 02:42:43.349411 np0000171482 devstack@neutron-api.service[104779]: INFO neutron.plugins.ml2.managers [None req-d83aa05f-abb1-4d17-8477-6f99ed6e2a33 None None] Initializing driver for type 'local'
May 02 02:42:43.349634 np0000171482 devstack@neutron-api.service[104779]: INFO neutron.plugins.ml2.managers [None req-d83aa05f-abb1-4d17-8477-6f99ed6e2a33 None None] Initializing driver for type 'vlan'
May 02 02:42:43.349827 np0000171482 devstack@neutron-api.service[104776]: INFO neutron.plugins.ml2.managers [None req-2f081579-c7b1-4218-9e0a-6ed72bdde185 None None] Initializing driver for type 'local'
May 02 02:42:43.350129 np0000171482 devstack@neutron-api.service[104776]: INFO neutron.plugins.ml2.managers [None req-2f081579-c7b1-4218-9e0a-6ed72bdde185 None None] Initializing driver for type 'vlan'
May 02 02:42:43.497323 np0000171482 devstack@neutron-api.service[104778]: INFO neutron.plugins.ml2.drivers.type_vlan [None req-3b46a4c7-0f01-49b9-828a-8a4638407456 None None] VlanTypeDriver initialization complete
May 02 02:42:43.497565 np0000171482 devstack@neutron-api.service[104778]: INFO neutron.plugins.ml2.managers [None req-3b46a4c7-0f01-49b9-828a-8a4638407456 None None] Initializing extension driver 'port_security'
May 02 02:42:43.497565 np0000171482 devstack@neutron-api.service[104778]: INFO neutron.plugins.ml2.extensions.port_security [None req-3b46a4c7-0f01-49b9-828a-8a4638407456 None None] PortSecurityExtensionDriver initialization complete
May 02 02:42:43.497787 np0000171482 devstack@neutron-api.service[104778]: INFO neutron.plugins.ml2.managers [None req-3b46a4c7-0f01-49b9-828a-8a4638407456 None None] Initializing extension driver 'qos'
May 02 02:42:43.497787 np0000171482 devstack@neutron-api.service[104778]: DEBUG neutron.plugins.ml2.extensions.qos [None req-3b46a4c7-0f01-49b9-828a-8a4638407456 None None] QosExtensionDriver initialization complete {{(pid=104778) initialize /opt/stack/neutron/neutron/plugins/ml2/extensions/qos.py:31}}
May 02 02:42:43.497835 np0000171482 devstack@neutron-api.service[104778]: INFO neutron.plugins.ml2.managers [None req-3b46a4c7-0f01-49b9-828a-8a4638407456 None None] Initializing mechanism driver 'ovn'
May 02 02:42:43.497974 np0000171482 devstack@neutron-api.service[104778]: INFO neutron.plugins.ml2.drivers.ovn.mech_driver.mech_driver [None req-3b46a4c7-0f01-49b9-828a-8a4638407456 None None] Starting OVNMechanismDriver
May 02 02:42:43.500107 np0000171482 devstack@neutron-api.service[104778]: DEBUG neutron_lib.callbacks.manager [None req-3b46a4c7-0f01-49b9-828a-8a4638407456 None None] Subscribe: > process before_spawn 55550000, False {{(pid=104778) subscribe /opt/stack/data/venv/lib/python3.12/site-packages/neutron_lib/callbacks/manager.py:52}}
May 02 02:42:43.500324 np0000171482 devstack@neutron-api.service[104778]: DEBUG neutron_lib.callbacks.manager [None req-3b46a4c7-0f01-49b9-828a-8a4638407456 None None] Subscribe: > process after_init 55550000, True {{(pid=104778) subscribe /opt/stack/data/venv/lib/python3.12/site-packages/neutron_lib/callbacks/manager.py:52}}
May 02 02:42:43.500466 np0000171482 devstack@neutron-api.service[104778]: DEBUG neutron_lib.callbacks.manager [None req-3b46a4c7-0f01-49b9-828a-8a4638407456 None None] Subscribe: > segment after_create 55550000, False {{(pid=104778) subscribe /opt/stack/data/venv/lib/python3.12/site-packages/neutron_lib/callbacks/manager.py:52}}
May 02 02:42:43.500615 np0000171482 devstack@neutron-api.service[104778]: DEBUG neutron_lib.callbacks.manager [None req-3b46a4c7-0f01-49b9-828a-8a4638407456 None None] Subscribe: > segment after_create 55550000, False {{(pid=104778) subscribe /opt/stack/data/venv/lib/python3.12/site-packages/neutron_lib/callbacks/manager.py:52}}
May 02 02:42:43.500760 np0000171482 devstack@neutron-api.service[104778]: DEBUG neutron_lib.callbacks.manager [None req-3b46a4c7-0f01-49b9-828a-8a4638407456 None None] Subscribe: > segment after_delete 55550000, False {{(pid=104778) subscribe /opt/stack/data/venv/lib/python3.12/site-packages/neutron_lib/callbacks/manager.py:52}}
May 02 02:42:43.500898 np0000171482 devstack@neutron-api.service[104778]: DEBUG neutron_lib.callbacks.manager [None req-3b46a4c7-0f01-49b9-828a-8a4638407456 None None] Subscribe: > allowed_address_pair before_create 55550000, False {{(pid=104778) subscribe /opt/stack/data/venv/lib/python3.12/site-packages/neutron_lib/callbacks/manager.py:52}}
May 02 02:42:43.501045 np0000171482 devstack@neutron-api.service[104778]: DEBUG neutron_lib.callbacks.manager [None req-3b46a4c7-0f01-49b9-828a-8a4638407456 None None] Subscribe: > security_group precommit_create 55550000, False {{(pid=104778) subscribe /opt/stack/data/venv/lib/python3.12/site-packages/neutron_lib/callbacks/manager.py:52}}
May 02 02:42:43.501192 np0000171482 devstack@neutron-api.service[104778]: DEBUG neutron_lib.callbacks.manager [None req-3b46a4c7-0f01-49b9-828a-8a4638407456 None None] Subscribe: > security_group after_update 55550000, False {{(pid=104778) subscribe /opt/stack/data/venv/lib/python3.12/site-packages/neutron_lib/callbacks/manager.py:52}}
May 02 02:42:43.501352 np0000171482 devstack@neutron-api.service[104778]: DEBUG neutron_lib.callbacks.manager [None req-3b46a4c7-0f01-49b9-828a-8a4638407456 None None] Subscribe: > security_group after_create 55550000, False {{(pid=104778) subscribe /opt/stack/data/venv/lib/python3.12/site-packages/neutron_lib/callbacks/manager.py:52}}
May 02 02:42:43.501537 np0000171482 devstack@neutron-api.service[104778]: DEBUG neutron_lib.callbacks.manager [None req-3b46a4c7-0f01-49b9-828a-8a4638407456 None None] Subscribe: > security_group precommit_delete 55550000, False {{(pid=104778) subscribe /opt/stack/data/venv/lib/python3.12/site-packages/neutron_lib/callbacks/manager.py:52}}
May 02 02:42:43.501750 np0000171482 devstack@neutron-api.service[104778]: DEBUG neutron_lib.callbacks.manager [None req-3b46a4c7-0f01-49b9-828a-8a4638407456 None None] Subscribe: > security_group after_delete 55550000, False {{(pid=104778) subscribe /opt/stack/data/venv/lib/python3.12/site-packages/neutron_lib/callbacks/manager.py:52}}
May 02 02:42:43.501966 np0000171482 devstack@neutron-api.service[104778]: DEBUG neutron_lib.callbacks.manager [None req-3b46a4c7-0f01-49b9-828a-8a4638407456 None None] Subscribe: > security_group_rule precommit_create 55550000, False {{(pid=104778) subscribe /opt/stack/data/venv/lib/python3.12/site-packages/neutron_lib/callbacks/manager.py:52}}
May 02 02:42:43.502088 np0000171482 devstack@neutron-api.service[104778]: DEBUG neutron_lib.callbacks.manager [None req-3b46a4c7-0f01-49b9-828a-8a4638407456 None None] Subscribe: > security_group_rule after_create 55550000, False {{(pid=104778) subscribe /opt/stack/data/venv/lib/python3.12/site-packages/neutron_lib/callbacks/manager.py:52}}
May 02 02:42:43.502234 np0000171482 devstack@neutron-api.service[104778]: DEBUG neutron_lib.callbacks.manager [None req-3b46a4c7-0f01-49b9-828a-8a4638407456 None None] Subscribe: > security_group_rule before_delete 55550000, False {{(pid=104778) subscribe /opt/stack/data/venv/lib/python3.12/site-packages/neutron_lib/callbacks/manager.py:52}}
May 02 02:42:43.502414 np0000171482 devstack@neutron-api.service[104778]: DEBUG neutron_lib.callbacks.manager [None req-3b46a4c7-0f01-49b9-828a-8a4638407456 None None] Subscribe: > address_group after_create 55550000, False {{(pid=104778) subscribe /opt/stack/data/venv/lib/python3.12/site-packages/neutron_lib/callbacks/manager.py:52}}
May 02 02:42:43.502540 np0000171482 devstack@neutron-api.service[104778]: DEBUG neutron_lib.callbacks.manager [None req-3b46a4c7-0f01-49b9-828a-8a4638407456 None None] Subscribe: > address_group after_update 55550000, False {{(pid=104778) subscribe /opt/stack/data/venv/lib/python3.12/site-packages/neutron_lib/callbacks/manager.py:52}}
May 02 02:42:43.502681 np0000171482 devstack@neutron-api.service[104778]: DEBUG neutron_lib.callbacks.manager [None req-3b46a4c7-0f01-49b9-828a-8a4638407456 None None] Subscribe: > address_group after_delete 55550000, False {{(pid=104778) subscribe /opt/stack/data/venv/lib/python3.12/site-packages/neutron_lib/callbacks/manager.py:52}}
May 02 02:42:43.502942 np0000171482 devstack@neutron-api.service[104778]: DEBUG neutron_lib.callbacks.manager [None req-3b46a4c7-0f01-49b9-828a-8a4638407456 None None] Subscribe: > qos_plugin after_init 55550000, False {{(pid=104778) subscribe /opt/stack/data/venv/lib/python3.12/site-packages/neutron_lib/callbacks/manager.py:52}}
May 02 02:42:43.503194 np0000171482 devstack@neutron-api.service[104778]: DEBUG neutron_lib.callbacks.manager [None req-3b46a4c7-0f01-49b9-828a-8a4638407456 None None] Subscribe: > trunk_plugin after_init 55550000, False {{(pid=104778) subscribe /opt/stack/data/venv/lib/python3.12/site-packages/neutron_lib/callbacks/manager.py:52}}
May 02 02:42:43.503530 np0000171482 devstack@neutron-api.service[104778]: DEBUG neutron_lib.callbacks.manager [None req-3b46a4c7-0f01-49b9-828a-8a4638407456 None None] Subscribe: > logging-plugin after_init 55550000, False {{(pid=104778) subscribe /opt/stack/data/venv/lib/python3.12/site-packages/neutron_lib/callbacks/manager.py:52}}
May 02 02:42:43.504076 np0000171482 devstack@neutron-api.service[104778]: INFO neutron.services.logapi.drivers.ovn.driver [None req-3b46a4c7-0f01-49b9-828a-8a4638407456 None None] OVN logging driver registered
May 02 02:42:43.506078 np0000171482 devstack@neutron-api.service[104778]: DEBUG neutron.plugins.ml2.plugin [None req-3b46a4c7-0f01-49b9-828a-8a4638407456 None None] neutron.plugins.ml2.plugin.Ml2Plugin method _start_rpc_notifiers called with arguments () {} {{(pid=104778) wrapper /opt/stack/data/venv/lib/python3.12/site-packages/oslo_log/helpers.py:77}}
May 02 02:42:43.506460 np0000171482 devstack@neutron-api.service[104778]: DEBUG neutron_lib.callbacks.manager [None req-3b46a4c7-0f01-49b9-828a-8a4638407456 None None] Subscribe: > port after_create 55550000, False {{(pid=104778) subscribe /opt/stack/data/venv/lib/python3.12/site-packages/neutron_lib/callbacks/manager.py:52}}
May 02 02:42:43.506602 np0000171482 devstack@neutron-api.service[104778]: DEBUG neutron_lib.callbacks.manager [None req-3b46a4c7-0f01-49b9-828a-8a4638407456 None None] Subscribe: > port after_update 55550000, False {{(pid=104778) subscribe /opt/stack/data/venv/lib/python3.12/site-packages/neutron_lib/callbacks/manager.py:52}}
May 02 02:42:43.506751 np0000171482 devstack@neutron-api.service[104778]: DEBUG neutron_lib.callbacks.manager [None req-3b46a4c7-0f01-49b9-828a-8a4638407456 None None] Subscribe: > port after_delete 55550000, False {{(pid=104778) subscribe /opt/stack/data/venv/lib/python3.12/site-packages/neutron_lib/callbacks/manager.py:52}}
May 02 02:42:43.506899 np0000171482 devstack@neutron-api.service[104778]: DEBUG neutron_lib.callbacks.manager [None req-3b46a4c7-0f01-49b9-828a-8a4638407456 None None] Subscribe: > subnet after_create 55550000, False {{(pid=104778) subscribe /opt/stack/data/venv/lib/python3.12/site-packages/neutron_lib/callbacks/manager.py:52}}
May 02 02:42:43.507039 np0000171482 devstack@neutron-api.service[104778]: DEBUG neutron_lib.callbacks.manager [None req-3b46a4c7-0f01-49b9-828a-8a4638407456 None None] Subscribe: > subnet after_update 55550000, False {{(pid=104778) subscribe /opt/stack/data/venv/lib/python3.12/site-packages/neutron_lib/callbacks/manager.py:52}}
May 02 02:42:43.507181 np0000171482 devstack@neutron-api.service[104778]: DEBUG neutron_lib.callbacks.manager [None req-3b46a4c7-0f01-49b9-828a-8a4638407456 None None] Subscribe: > subnet after_delete 55550000, False {{(pid=104778) subscribe /opt/stack/data/venv/lib/python3.12/site-packages/neutron_lib/callbacks/manager.py:52}}
May 02 02:42:43.507341 np0000171482 devstack@neutron-api.service[104778]: DEBUG neutron_lib.callbacks.manager [None req-3b46a4c7-0f01-49b9-828a-8a4638407456 None None] Subscribe: > network after_create 55550000, False {{(pid=104778) subscribe /opt/stack/data/venv/lib/python3.12/site-packages/neutron_lib/callbacks/manager.py:52}}
May 02 02:42:43.507488 np0000171482 devstack@neutron-api.service[104778]: DEBUG neutron_lib.callbacks.manager [None req-3b46a4c7-0f01-49b9-828a-8a4638407456 None None] Subscribe: > network after_update 55550000, False {{(pid=104778) subscribe /opt/stack/data/venv/lib/python3.12/site-packages/neutron_lib/callbacks/manager.py:52}}
May 02 02:42:43.507636 np0000171482 devstack@neutron-api.service[104778]: DEBUG neutron_lib.callbacks.manager [None req-3b46a4c7-0f01-49b9-828a-8a4638407456 None None] Subscribe: > network after_delete 55550000, False {{(pid=104778) subscribe /opt/stack/data/venv/lib/python3.12/site-packages/neutron_lib/callbacks/manager.py:52}}
May 02 02:42:43.507770 np0000171482 devstack@neutron-api.service[104778]: DEBUG neutron_lib.callbacks.manager [None req-3b46a4c7-0f01-49b9-828a-8a4638407456 None None] Subscribe: > security_group after_create 55550000, False {{(pid=104778) subscribe /opt/stack/data/venv/lib/python3.12/site-packages/neutron_lib/callbacks/manager.py:52}}
May 02 02:42:43.507909 np0000171482 devstack@neutron-api.service[104778]: DEBUG neutron_lib.callbacks.manager [None req-3b46a4c7-0f01-49b9-828a-8a4638407456 None None] Subscribe: > security_group after_update 55550000, False {{(pid=104778) subscribe /opt/stack/data/venv/lib/python3.12/site-packages/neutron_lib/callbacks/manager.py:52}}
May 02 02:42:43.508042 np0000171482 devstack@neutron-api.service[104778]: DEBUG neutron_lib.callbacks.manager [None req-3b46a4c7-0f01-49b9-828a-8a4638407456 None None] Subscribe: > security_group after_delete 55550000, False {{(pid=104778) subscribe /opt/stack/data/venv/lib/python3.12/site-packages/neutron_lib/callbacks/manager.py:52}}
May 02 02:42:43.508172 np0000171482 devstack@neutron-api.service[104778]: DEBUG neutron_lib.callbacks.manager [None req-3b46a4c7-0f01-49b9-828a-8a4638407456 None None] Subscribe: > security_group_rule after_create 55550000, False {{(pid=104778) subscribe /opt/stack/data/venv/lib/python3.12/site-packages/neutron_lib/callbacks/manager.py:52}}
May 02 02:42:43.508337 np0000171482 devstack@neutron-api.service[104778]: DEBUG neutron_lib.callbacks.manager [None req-3b46a4c7-0f01-49b9-828a-8a4638407456 None None] Subscribe: > security_group_rule after_update 55550000, False {{(pid=104778) subscribe /opt/stack/data/venv/lib/python3.12/site-packages/neutron_lib/callbacks/manager.py:52}}
May 02 02:42:43.508464 np0000171482 devstack@neutron-api.service[104778]: DEBUG neutron_lib.callbacks.manager [None req-3b46a4c7-0f01-49b9-828a-8a4638407456 None None] Subscribe: > security_group_rule after_delete 55550000, False {{(pid=104778) subscribe /opt/stack/data/venv/lib/python3.12/site-packages/neutron_lib/callbacks/manager.py:52}}
May 02 02:42:43.508614 np0000171482 devstack@neutron-api.service[104778]: DEBUG neutron_lib.callbacks.manager [None req-3b46a4c7-0f01-49b9-828a-8a4638407456 None None] Subscribe: > address_group after_create 55550000, False {{(pid=104778) subscribe /opt/stack/data/venv/lib/python3.12/site-packages/neutron_lib/callbacks/manager.py:52}}
May 02 02:42:43.508733 np0000171482 devstack@neutron-api.service[104778]: DEBUG neutron_lib.callbacks.manager [None req-3b46a4c7-0f01-49b9-828a-8a4638407456 None None] Subscribe: > address_group after_update 55550000, False {{(pid=104778) subscribe /opt/stack/data/venv/lib/python3.12/site-packages/neutron_lib/callbacks/manager.py:52}}
May 02 02:42:43.508899 np0000171482 devstack@neutron-api.service[104778]: DEBUG neutron_lib.callbacks.manager [None req-3b46a4c7-0f01-49b9-828a-8a4638407456 None None] Subscribe: > address_group after_delete 55550000, False {{(pid=104778) subscribe /opt/stack/data/venv/lib/python3.12/site-packages/neutron_lib/callbacks/manager.py:52}}
May 02 02:42:43.509008 np0000171482 devstack@neutron-api.service[104778]: DEBUG neutron.plugins.ml2.ovo_rpc [None req-3b46a4c7-0f01-49b9-828a-8a4638407456 None None] ML2 OVO RPC backend initialized. {{(pid=104778) __init__ /opt/stack/neutron/neutron/plugins/ml2/ovo_rpc.py:117}}
May 02 02:42:43.510074 np0000171482 devstack@neutron-api.service[104778]: INFO neutron.quota [None req-3b46a4c7-0f01-49b9-828a-8a4638407456 None None] Loaded quota_driver: .
May 02 02:42:43.510247 np0000171482 devstack@neutron-api.service[104778]: INFO neutron.plugins.ml2.plugin [None req-3b46a4c7-0f01-49b9-828a-8a4638407456 None None] Modular L2 Plugin initialization complete
May 02 02:42:43.510531 np0000171482 devstack@neutron-api.service[104778]: DEBUG neutron.manager [None req-3b46a4c7-0f01-49b9-828a-8a4638407456 None None] Loading services supported by the core plugin {{(pid=104778) _load_services_from_core_plugin /opt/stack/neutron/neutron/manager.py:170}}
May 02 02:42:43.510734 np0000171482 devstack@neutron-api.service[104778]: INFO neutron.plugins.ml2.managers [None req-3b46a4c7-0f01-49b9-828a-8a4638407456 None None] Got port-security extension from driver 'port_security'
May 02 02:42:43.511095 np0000171482 devstack@neutron-api.service[104778]: DEBUG neutron.manager [None req-3b46a4c7-0f01-49b9-828a-8a4638407456 None None] Loading service plugins: ['ovn-router', 'auto_allocate', 'tag', 'timestamp', 'network_ip_availability', 'flavors', 'revisions'] {{(pid=104778) _load_service_plugins /opt/stack/neutron/neutron/manager.py:195}}
May 02 02:42:43.511219 np0000171482 devstack@neutron-api.service[104778]: INFO neutron.manager [None req-3b46a4c7-0f01-49b9-828a-8a4638407456 None None] Loading Plugin: ovn-router
May 02 02:42:43.514727 np0000171482 devstack@neutron-api.service[104779]: INFO neutron.plugins.ml2.drivers.type_vlan [None req-d83aa05f-abb1-4d17-8477-6f99ed6e2a33 None None] VlanTypeDriver initialization complete
May 02 02:42:43.514936 np0000171482 devstack@neutron-api.service[104776]: INFO neutron.plugins.ml2.drivers.type_vlan [None req-2f081579-c7b1-4218-9e0a-6ed72bdde185 None None] VlanTypeDriver initialization complete
May 02 02:42:43.515244 np0000171482 devstack@neutron-api.service[104779]: INFO neutron.plugins.ml2.managers [None req-d83aa05f-abb1-4d17-8477-6f99ed6e2a33 None None] Initializing extension driver 'port_security'
May 02 02:42:43.515333 np0000171482 devstack@neutron-api.service[104776]: INFO neutron.plugins.ml2.managers [None req-2f081579-c7b1-4218-9e0a-6ed72bdde185 None None] Initializing extension driver 'port_security'
May 02 02:42:43.515396 np0000171482 devstack@neutron-api.service[104779]: INFO neutron.plugins.ml2.extensions.port_security [None req-d83aa05f-abb1-4d17-8477-6f99ed6e2a33 None None] PortSecurityExtensionDriver initialization complete
May 02 02:42:43.515421 np0000171482 devstack@neutron-api.service[104776]: INFO neutron.plugins.ml2.extensions.port_security [None req-2f081579-c7b1-4218-9e0a-6ed72bdde185 None None] PortSecurityExtensionDriver initialization complete
May 02 02:42:43.515421 np0000171482 devstack@neutron-api.service[104776]: INFO neutron.plugins.ml2.managers [None req-2f081579-c7b1-4218-9e0a-6ed72bdde185 None None] Initializing extension driver 'qos'
May 02 02:42:43.515468 np0000171482 devstack@neutron-api.service[104779]: INFO neutron.plugins.ml2.managers [None req-d83aa05f-abb1-4d17-8477-6f99ed6e2a33 None None] Initializing extension driver 'qos'
May 02 02:42:43.515520 np0000171482 devstack@neutron-api.service[104776]: DEBUG neutron.plugins.ml2.extensions.qos [None req-2f081579-c7b1-4218-9e0a-6ed72bdde185 None None] QosExtensionDriver initialization complete {{(pid=104776) initialize /opt/stack/neutron/neutron/plugins/ml2/extensions/qos.py:31}}
May 02 02:42:43.515548 np0000171482 devstack@neutron-api.service[104779]: DEBUG neutron.plugins.ml2.extensions.qos [None req-d83aa05f-abb1-4d17-8477-6f99ed6e2a33 None None] QosExtensionDriver initialization complete {{(pid=104779) initialize /opt/stack/neutron/neutron/plugins/ml2/extensions/qos.py:31}}
May 02 02:42:43.515617 np0000171482 devstack@neutron-api.service[104776]: INFO neutron.plugins.ml2.managers [None req-2f081579-c7b1-4218-9e0a-6ed72bdde185 None None] Initializing mechanism driver 'ovn'
May 02 02:42:43.515672 np0000171482 devstack@neutron-api.service[104779]: INFO neutron.plugins.ml2.managers [None req-d83aa05f-abb1-4d17-8477-6f99ed6e2a33 None None] Initializing mechanism driver 'ovn'
May 02 02:42:43.515700 np0000171482 devstack@neutron-api.service[104776]: INFO neutron.plugins.ml2.drivers.ovn.mech_driver.mech_driver [None req-2f081579-c7b1-4218-9e0a-6ed72bdde185 None None] Starting OVNMechanismDriver
May 02 02:42:43.515770 np0000171482 devstack@neutron-api.service[104779]: INFO neutron.plugins.ml2.drivers.ovn.mech_driver.mech_driver [None req-d83aa05f-abb1-4d17-8477-6f99ed6e2a33 None None] Starting OVNMechanismDriver
May 02 02:42:43.517295 np0000171482 devstack@neutron-api.service[104779]: DEBUG neutron_lib.callbacks.manager [None req-d83aa05f-abb1-4d17-8477-6f99ed6e2a33 None None] Subscribe: > process before_spawn 55550000, False {{(pid=104779) subscribe /opt/stack/data/venv/lib/python3.12/site-packages/neutron_lib/callbacks/manager.py:52}}
May 02 02:42:43.517359 np0000171482 devstack@neutron-api.service[104776]: DEBUG neutron_lib.callbacks.manager [None req-2f081579-c7b1-4218-9e0a-6ed72bdde185 None None] Subscribe: > process before_spawn 55550000, False {{(pid=104776) subscribe /opt/stack/data/venv/lib/python3.12/site-packages/neutron_lib/callbacks/manager.py:52}}
May 02 02:42:43.517440 np0000171482 devstack@neutron-api.service[104779]: DEBUG neutron_lib.callbacks.manager [None req-d83aa05f-abb1-4d17-8477-6f99ed6e2a33 None None] Subscribe: > process after_init 55550000, True {{(pid=104779) subscribe /opt/stack/data/venv/lib/python3.12/site-packages/neutron_lib/callbacks/manager.py:52}}
May 02 02:42:43.517490 np0000171482 devstack@neutron-api.service[104776]: DEBUG neutron_lib.callbacks.manager [None req-2f081579-c7b1-4218-9e0a-6ed72bdde185 None None] Subscribe: > process after_init 55550000, True {{(pid=104776) subscribe /opt/stack/data/venv/lib/python3.12/site-packages/neutron_lib/callbacks/manager.py:52}}
May 02 02:42:43.517557 np0000171482 devstack@neutron-api.service[104776]: DEBUG neutron_lib.callbacks.manager [None req-2f081579-c7b1-4218-9e0a-6ed72bdde185 None None] Subscribe: > segment after_create 55550000, False {{(pid=104776) subscribe /opt/stack/data/venv/lib/python3.12/site-packages/neutron_lib/callbacks/manager.py:52}}
May 02 02:42:43.517605 np0000171482 devstack@neutron-api.service[104779]: DEBUG neutron_lib.callbacks.manager [None req-d83aa05f-abb1-4d17-8477-6f99ed6e2a33 None None] Subscribe: > segment after_create 55550000, False {{(pid=104779) subscribe /opt/stack/data/venv/lib/python3.12/site-packages/neutron_lib/callbacks/manager.py:52}}
May 02 02:42:43.517667 np0000171482 devstack@neutron-api.service[104779]: DEBUG neutron_lib.callbacks.manager [None req-d83aa05f-abb1-4d17-8477-6f99ed6e2a33 None None] Subscribe: > segment after_create 55550000, False {{(pid=104779) subscribe /opt/stack/data/venv/lib/python3.12/site-packages/neutron_lib/callbacks/manager.py:52}}
May 02 02:42:43.517705 np0000171482 devstack@neutron-api.service[104776]: DEBUG neutron_lib.callbacks.manager [None req-2f081579-c7b1-4218-9e0a-6ed72bdde185 None None] Subscribe: > segment after_create 55550000, False {{(pid=104776) subscribe /opt/stack/data/venv/lib/python3.12/site-packages/neutron_lib/callbacks/manager.py:52}}
May 02 02:42:43.517770 np0000171482 devstack@neutron-api.service[104776]: DEBUG neutron_lib.callbacks.manager [None req-2f081579-c7b1-4218-9e0a-6ed72bdde185 None None] Subscribe: > segment after_delete 55550000, False {{(pid=104776) subscribe /opt/stack/data/venv/lib/python3.12/site-packages/neutron_lib/callbacks/manager.py:52}}
May 02 02:42:43.517803 np0000171482 devstack@neutron-api.service[104779]: DEBUG neutron_lib.callbacks.manager [None req-d83aa05f-abb1-4d17-8477-6f99ed6e2a33 None None] Subscribe: > segment after_delete 55550000, False {{(pid=104779) subscribe /opt/stack/data/venv/lib/python3.12/site-packages/neutron_lib/callbacks/manager.py:52}}
May 02 02:42:43.517910 np0000171482 devstack@neutron-api.service[104779]: DEBUG neutron_lib.callbacks.manager [None req-d83aa05f-abb1-4d17-8477-6f99ed6e2a33 None None] Subscribe: > allowed_address_pair before_create 55550000, False {{(pid=104779) subscribe /opt/stack/data/venv/lib/python3.12/site-packages/neutron_lib/callbacks/manager.py:52}}
May 02 02:42:43.517956 np0000171482 devstack@neutron-api.service[104776]: DEBUG neutron_lib.callbacks.manager [None req-2f081579-c7b1-4218-9e0a-6ed72bdde185 None None] Subscribe: > allowed_address_pair before_create 55550000, False {{(pid=104776) subscribe /opt/stack/data/venv/lib/python3.12/site-packages/neutron_lib/callbacks/manager.py:52}}
May 02 02:42:43.518027 np0000171482 devstack@neutron-api.service[104779]: DEBUG neutron_lib.callbacks.manager [None req-d83aa05f-abb1-4d17-8477-6f99ed6e2a33 None None] Subscribe: > security_group precommit_create 55550000, False {{(pid=104779) subscribe /opt/stack/data/venv/lib/python3.12/site-packages/neutron_lib/callbacks/manager.py:52}}
May 02 02:42:43.518080 np0000171482 devstack@neutron-api.service[104776]: DEBUG neutron_lib.callbacks.manager [None req-2f081579-c7b1-4218-9e0a-6ed72bdde185 None None] Subscribe: > security_group precommit_create 55550000, False {{(pid=104776) subscribe /opt/stack/data/venv/lib/python3.12/site-packages/neutron_lib/callbacks/manager.py:52}}
May 02 02:42:43.518138 np0000171482 devstack@neutron-api.service[104779]: DEBUG neutron_lib.callbacks.manager [None req-d83aa05f-abb1-4d17-8477-6f99ed6e2a33 None None] Subscribe: > security_group after_update 55550000, False {{(pid=104779) subscribe /opt/stack/data/venv/lib/python3.12/site-packages/neutron_lib/callbacks/manager.py:52}}
May 02 02:42:43.518171 np0000171482 devstack@neutron-api.service[104776]: DEBUG neutron_lib.callbacks.manager [None req-2f081579-c7b1-4218-9e0a-6ed72bdde185 None None] Subscribe: > security_group after_update 55550000, False {{(pid=104776) subscribe /opt/stack/data/venv/lib/python3.12/site-packages/neutron_lib/callbacks/manager.py:52}}
May 02 02:42:43.518252 np0000171482 devstack@neutron-api.service[104776]: DEBUG neutron_lib.callbacks.manager [None req-2f081579-c7b1-4218-9e0a-6ed72bdde185 None None] Subscribe: > security_group after_create 55550000, False {{(pid=104776) subscribe /opt/stack/data/venv/lib/python3.12/site-packages/neutron_lib/callbacks/manager.py:52}}
May 02 02:42:43.518322 np0000171482 devstack@neutron-api.service[104779]: DEBUG neutron_lib.callbacks.manager [None req-d83aa05f-abb1-4d17-8477-6f99ed6e2a33 None None] Subscribe: > security_group after_create 55550000, False {{(pid=104779) subscribe /opt/stack/data/venv/lib/python3.12/site-packages/neutron_lib/callbacks/manager.py:52}}
May 02 02:42:43.518369 np0000171482 devstack@neutron-api.service[104779]: DEBUG neutron_lib.callbacks.manager [None req-d83aa05f-abb1-4d17-8477-6f99ed6e2a33 None None] Subscribe: > security_group precommit_delete 55550000, False {{(pid=104779) subscribe /opt/stack/data/venv/lib/python3.12/site-packages/neutron_lib/callbacks/manager.py:52}}
May 02 02:42:43.518399 np0000171482 devstack@neutron-api.service[104776]: DEBUG neutron_lib.callbacks.manager [None req-2f081579-c7b1-4218-9e0a-6ed72bdde185 None None] Subscribe: > security_group precommit_delete 55550000, False {{(pid=104776) subscribe /opt/stack/data/venv/lib/python3.12/site-packages/neutron_lib/callbacks/manager.py:52}}
May 02 02:42:43.518467 np0000171482 devstack@neutron-api.service[104779]: DEBUG neutron_lib.callbacks.manager [None req-d83aa05f-abb1-4d17-8477-6f99ed6e2a33 None None] Subscribe: > security_group after_delete 55550000, False {{(pid=104779) subscribe /opt/stack/data/venv/lib/python3.12/site-packages/neutron_lib/callbacks/manager.py:52}}
May 02 02:42:43.518497 np0000171482 devstack@neutron-api.service[104776]: DEBUG neutron_lib.callbacks.manager [None req-2f081579-c7b1-4218-9e0a-6ed72bdde185 None None] Subscribe: > security_group after_delete 55550000, False {{(pid=104776) subscribe /opt/stack/data/venv/lib/python3.12/site-packages/neutron_lib/callbacks/manager.py:52}}
May 02 02:42:43.518572 np0000171482 devstack@neutron-api.service[104776]: DEBUG neutron_lib.callbacks.manager [None req-2f081579-c7b1-4218-9e0a-6ed72bdde185 None None] Subscribe: > security_group_rule precommit_create 55550000, False {{(pid=104776) subscribe /opt/stack/data/venv/lib/python3.12/site-packages/neutron_lib/callbacks/manager.py:52}}
May 02 02:42:43.518601 np0000171482 devstack@neutron-api.service[104779]: DEBUG neutron_lib.callbacks.manager [None req-d83aa05f-abb1-4d17-8477-6f99ed6e2a33 None None] Subscribe: > security_group_rule precommit_create 55550000, False {{(pid=104779) subscribe /opt/stack/data/venv/lib/python3.12/site-packages/neutron_lib/callbacks/manager.py:52}}
May 02 02:42:43.518675 np0000171482 devstack@neutron-api.service[104779]: DEBUG neutron_lib.callbacks.manager [None req-d83aa05f-abb1-4d17-8477-6f99ed6e2a33 None None] Subscribe: > security_group_rule after_create 55550000, False {{(pid=104779) subscribe /opt/stack/data/venv/lib/python3.12/site-packages/neutron_lib/callbacks/manager.py:52}}
