2026-09-11 06:39:18.618 10 INFO neutron.db.ovn_revision_numbers_db [None req-684051d1-91da-40ef-a38e-20cc4f047d8b e915aac3d8cf44b5bd14642408eaa706 d5a18636bbbc4419932587742c22c0e5 - - default default] Successfully bumped revision number for resource b304b5b1-d220-44a3-8503-f60af160c7be (type: security_group_rules) to 0
2026-09-11 06:39:18.640 10 INFO neutron.db.ovn_revision_numbers_db [None req-684051d1-91da-40ef-a38e-20cc4f047d8b e915aac3d8cf44b5bd14642408eaa706 d5a18636bbbc4419932587742c22c0e5 - - default default] Successfully bumped revision number for resource d1c360ac-1fc6-4680-b07e-e9146d71c9c2 (type: security_group_rules) to 0
2026-09-11 06:39:18.656 9 INFO neutron.db.ovn_revision_numbers_db [None req-8f5216d1-f533-43a9-98e9-967532d57d1e 66c92f406a0c4b2c9455e574f962b4b2 76e564dc5db747b682ddd3cd7843f977 - - default default] Successfully bumped revision number for resource 05913192-eeea-4c8d-9acd-d4a46db9f520 (type: ports) to 1
2026-09-11 06:39:18.661 10 INFO neutron.db.ovn_revision_numbers_db [None req-684051d1-91da-40ef-a38e-20cc4f047d8b e915aac3d8cf44b5bd14642408eaa706 d5a18636bbbc4419932587742c22c0e5 - - default default] Successfully bumped revision number for resource fb38c27f-4c8c-481d-8adc-b6b4d0b8c2a8 (type: security_group_rules) to 0
2026-09-11 06:39:18.669 9 INFO neutron.wsgi [req-6a71e7b4-4deb-4945-9139-4ade6f72c79e req-e95b420e-e8b5-444e-8b06-d4c8728cedc3 efe35623479b45798794747db62a1a5c cabec951436a4d0eaec193ce1f9fc389 - - c31d3e9b3c3142cba44307f86026f19a c31d3e9b3c3142cba44307f86026f19a] 162.253.55.75 "GET /v2.0/networks/9911125b-fe43-41c9-9096-f6321309bf2d?fields=segments HTTP/1.1" status: 200 len: 212 time: 0.0733244
2026-09-11 06:39:18.672 9 INFO neutron.wsgi [req-1b39a864-54d1-4268-b051-f226e52499af req-f66c064c-ef1e-461d-b6fc-0a686445ea38 efe35623479b45798794747db62a1a5c cabec951436a4d0eaec193ce1f9fc389 - - c31d3e9b3c3142cba44307f86026f19a c31d3e9b3c3142cba44307f86026f19a] 10.0.0.159 "GET /v2.0/networks/5c674f1b-02bd-448b-a5a7-8c3e3a39da7a?fields=segments HTTP/1.1" status: 200 len: 212 time: 0.0964797
2026-09-11 06:39:18.689 10 INFO neutron.wsgi [None req-684051d1-91da-40ef-a38e-20cc4f047d8b e915aac3d8cf44b5bd14642408eaa706 d5a18636bbbc4419932587742c22c0e5 - - default default] 10.0.0.148 "GET /v2.0/security-groups?tenant_id=d9370325893549278af7c2dbac4711f1&name=default HTTP/1.1" status: 200 len: 2996 time: 0.4317310
2026-09-11 06:39:18.758 9 INFO neutron.wsgi [req-6a71e7b4-4deb-4945-9139-4ade6f72c79e req-d46c4459-e486-4c4f-9f9f-8df238729bbc efe35623479b45798794747db62a1a5c cabec951436a4d0eaec193ce1f9fc389 - - c31d3e9b3c3142cba44307f86026f19a c31d3e9b3c3142cba44307f86026f19a] 162.253.55.75 "GET /v2.0/networks/9911125b-fe43-41c9-9096-f6321309bf2d?fields=provider%3Aphysical_network&fields=provider%3Anetwork_type HTTP/1.1" status: 200 len: 277 time: 0.0771570
2026-09-11 06:39:18.761 9 INFO neutron.wsgi [req-1b39a864-54d1-4268-b051-f226e52499af req-66933ddd-cb65-4f0f-b689-749d086e6f92 efe35623479b45798794747db62a1a5c cabec951436a4d0eaec193ce1f9fc389 - - c31d3e9b3c3142cba44307f86026f19a c31d3e9b3c3142cba44307f86026f19a] 10.0.0.159 "GET /v2.0/networks/5c674f1b-02bd-448b-a5a7-8c3e3a39da7a?fields=provider%3Aphysical_network&fields=provider%3Anetwork_type HTTP/1.1" status: 200 len: 277 time: 0.0794165
2026-09-11 06:39:18.860 10 INFO neutron.wsgi [None req-8b0d0d20-e63d-4cd9-a8df-b2615898f0bc e915aac3d8cf44b5bd14642408eaa706 d5a18636bbbc4419932587742c22c0e5 - - default default] 10.0.0.148 "DELETE /v2.0/security-groups/feb0c5ed-7418-4d63-9b70-959613492199 HTTP/1.1" status: 204 len: 168 time: 0.1659939
2026-09-11 06:39:18.903 9 INFO neutron.wsgi [req-6c40ae1a-0b8a-4459-867f-57a9bf454c81 req-79d0ff5f-61fa-4bbf-8337-44f29e1a7980 065734309da24240bf16549401b6e260 bb07654028d44426a6c8d69bbfb80d69 - - default default] 10.0.0.159 "GET /v2.0/ports?device_id=8d7fe62e-e93a-4c08-9baf-fbc39abdc76c HTTP/1.1" status: 200 len: 210 time: 0.0247219
2026-09-11 06:39:19.121 9 INFO neutron.db.ovn_revision_numbers_db [None req-8f5216d1-f533-43a9-98e9-967532d57d1e 66c92f406a0c4b2c9455e574f962b4b2 76e564dc5db747b682ddd3cd7843f977 - - default default] Successfully bumped revision number for resource 05913192-eeea-4c8d-9acd-d4a46db9f520 (type: router_ports) to 1
2026-09-11 06:39:19.160 10 INFO neutron.db.ovn_revision_numbers_db [None req-672960bf-4efb-485b-9ec4-5acb69ee0ef3 e915aac3d8cf44b5bd14642408eaa706 d5a18636bbbc4419932587742c22c0e5 - - default default] Successfully bumped revision number for resource f38c810d-369a-44a8-87ca-a7a22b2de7bc (type: security_groups) to 1
2026-09-11 06:39:19.184 10 INFO neutron.db.ovn_revision_numbers_db [None req-672960bf-4efb-485b-9ec4-5acb69ee0ef3 e915aac3d8cf44b5bd14642408eaa706 d5a18636bbbc4419932587742c22c0e5 - - default default] Successfully bumped revision number for resource 49d74057-38fd-4b9b-996e-e98808f4b20f (type: security_group_rules) to 0
2026-09-11 06:39:19.200 9 INFO neutron.db.ovn_revision_numbers_db [None req-8f5216d1-f533-43a9-98e9-967532d57d1e 66c92f406a0c4b2c9455e574f962b4b2 76e564dc5db747b682ddd3cd7843f977 - - default default] Successfully bumped revision number for resource 05913192-eeea-4c8d-9acd-d4a46db9f520 (type: ports) to 1
2026-09-11 06:39:19.204 10 INFO neutron.db.ovn_revision_numbers_db [None req-672960bf-4efb-485b-9ec4-5acb69ee0ef3 e915aac3d8cf44b5bd14642408eaa706 d5a18636bbbc4419932587742c22c0e5 - - default default] Successfully bumped revision number for resource 5379c9ba-8b91-4b02-8ea2-e5c1179140dd (type: security_group_rules) to 0
2026-09-11 06:39:19.221 10 INFO neutron.db.ovn_revision_numbers_db [None req-672960bf-4efb-485b-9ec4-5acb69ee0ef3 e915aac3d8cf44b5bd14642408eaa706 d5a18636bbbc4419932587742c22c0e5 - - default default] Successfully bumped revision number for resource 9aac8845-83a3-4fa3-95ed-271aade93acc (type: security_group_rules) to 0
2026-09-11 06:39:19.239 10 INFO neutron.db.ovn_revision_numbers_db [None req-672960bf-4efb-485b-9ec4-5acb69ee0ef3 e915aac3d8cf44b5bd14642408eaa706 d5a18636bbbc4419932587742c22c0e5 - - default default] Successfully bumped revision number for resource 9ddf723b-62a1-4f0b-a944-ea666af12244 (type: security_group_rules) to 0
2026-09-11 06:39:19.249 9 WARNING neutron.scheduler.dhcp_agent_scheduler [None req-8f5216d1-f533-43a9-98e9-967532d57d1e 66c92f406a0c4b2c9455e574f962b4b2 76e564dc5db747b682ddd3cd7843f977 - - default default] No more DHCP agents
2026-09-11 06:39:19.251 9 WARNING neutron.api.rpc.agentnotifiers.dhcp_rpc_agent_api [None req-8f5216d1-f533-43a9-98e9-967532d57d1e 66c92f406a0c4b2c9455e574f962b4b2 76e564dc5db747b682ddd3cd7843f977 - - default default] Unable to schedule network 79a30e8f-2b89-4265-88af-e68b52e6da4b: no agents available; will retry on subsequent port and subnet creation events.
2026-09-11 06:39:19.263 10 INFO neutron.wsgi [None req-672960bf-4efb-485b-9ec4-5acb69ee0ef3 e915aac3d8cf44b5bd14642408eaa706 d5a18636bbbc4419932587742c22c0e5 - - default default] 10.0.0.148 "GET /v2.0/security-groups?tenant_id=f6430441754e49d2a137d7edbec3de5d&name=default HTTP/1.1" status: 200 len: 2996 time: 0.2474613
2026-09-11 06:39:19.417 10 INFO neutron.db.ovn_revision_numbers_db [None req-5bd8a61b-7586-4d02-8d3d-8439f8acbff7 3630194428a949dcbbb2aa51b5fd642e 723a7251ef834d4ca7deb84bdab3ca26 - - default default] Successfully bumped revision number for resource 12cff641-fe77-467f-9014-f046f2bb0f56 (type: security_groups) to 1
2026-09-11 06:39:19.428 10 INFO neutron.db.ovn_revision_numbers_db [None req-5bd8a61b-7586-4d02-8d3d-8439f8acbff7 3630194428a949dcbbb2aa51b5fd642e 723a7251ef834d4ca7deb84bdab3ca26 - - default default] Successfully bumped revision number for resource edd2ace0-4372-4784-825e-0e7cdbe01828 (type: security_group_rules) to 0
2026-09-11 06:39:19.440 10 INFO neutron.db.ovn_revision_numbers_db [None req-5bd8a61b-7586-4d02-8d3d-8439f8acbff7 3630194428a949dcbbb2aa51b5fd642e 723a7251ef834d4ca7deb84bdab3ca26 - - default default] Successfully bumped revision number for resource fc9b25dc-b739-477d-8262-f4593e6377bc (type: security_group_rules) to 0
2026-09-11 06:39:19.454 10 INFO neutron.wsgi [None req-5bd8a61b-7586-4d02-8d3d-8439f8acbff7 3630194428a949dcbbb2aa51b5fd642e 723a7251ef834d4ca7deb84bdab3ca26 - - default default] 10.0.0.148 "POST /v2.0/security-groups HTTP/1.1" status: 201 len: 1809 time: 0.1530607
2026-09-11 06:39:19.461 10 INFO neutron.wsgi [None req-a1d03ca4-5d65-48a6-9625-34a67d36897d e915aac3d8cf44b5bd14642408eaa706 d5a18636bbbc4419932587742c22c0e5 - - default default] 10.0.0.148 "DELETE /v2.0/security-groups/f38c810d-369a-44a8-87ca-a7a22b2de7bc HTTP/1.1" status: 204 len: 168 time: 0.1924701
2026-09-11 06:39:19.564 10 INFO neutron.db.ovn_revision_numbers_db [None req-92bfe83f-c5be-4a0e-a6c2-545fab39d260 3630194428a949dcbbb2aa51b5fd642e 723a7251ef834d4ca7deb84bdab3ca26 - - default default] Successfully bumped revision number for resource 982eea2b-600a-4387-9010-c41cc9c3e946 (type: security_group_rules) to 0
2026-09-11 06:39:19.584 10 INFO neutron.wsgi [None req-92bfe83f-c5be-4a0e-a6c2-545fab39d260 3630194428a949dcbbb2aa51b5fd642e 723a7251ef834d4ca7deb84bdab3ca26 - - default default] 10.0.0.148 "POST /v2.0/security-group-rules HTTP/1.1" status: 201 len: 764 time: 0.1216133
2026-09-11 06:39:19.619 9 INFO neutron.db.ovn_revision_numbers_db [None req-8f5216d1-f533-43a9-98e9-967532d57d1e 66c92f406a0c4b2c9455e574f962b4b2 76e564dc5db747b682ddd3cd7843f977 - - default default] Successfully bumped revision number for resource 05913192-eeea-4c8d-9acd-d4a46db9f520 (type: router_ports) to 1
2026-09-11 06:39:19.621 9 INFO neutron.wsgi [None req-8f5216d1-f533-43a9-98e9-967532d57d1e 66c92f406a0c4b2c9455e574f962b4b2 76e564dc5db747b682ddd3cd7843f977 - - default default] 10.0.0.148 "PUT /v2.0/routers/8da45f6b-fb58-4c5c-a5c5-7862073655a5/add_router_interface HTTP/1.1" status: 200 len: 503 time: 1.7265584
2026-09-11 06:39:19.773 9 INFO neutron.wsgi [None req-f50deeb4-e789-498c-9a69-fb9a0a458b6a 66c92f406a0c4b2c9455e574f962b4b2 76e564dc5db747b682ddd3cd7843f977 - - default default] 10.0.0.148 "GET /v2.0/ports/05913192-eeea-4c8d-9acd-d4a46db9f520 HTTP/1.1" status: 200 len: 1139 time: 0.1473672
2026-09-11 06:39:19.836 9 INFO neutron.wsgi [req-1b39a864-54d1-4268-b051-f226e52499af req-0abbe41a-2ddd-4344-ab33-8f76d46c6005 065734309da24240bf16549401b6e260 bb07654028d44426a6c8d69bbfb80d69 - - default default] 162.253.55.75 "GET /v2.0/networks?id=5c674f1b-02bd-448b-a5a7-8c3e3a39da7a HTTP/1.1" status: 200 len: 877 time: 0.1326470
2026-09-11 06:39:19.860 9 INFO neutron.db.ovn_revision_numbers_db [None req-9e2418da-e798-450b-a8dc-00a8fb2f5a37 3630194428a949dcbbb2aa51b5fd642e 723a7251ef834d4ca7deb84bdab3ca26 - - default default] Successfully bumped revision number for resource d7bad25b-6df5-4089-99b3-77450a9e488f (type: security_group_rules) to 0
2026-09-11 06:39:19.968 9 INFO neutron.wsgi [None req-9e2418da-e798-450b-a8dc-00a8fb2f5a37 3630194428a949dcbbb2aa51b5fd642e 723a7251ef834d4ca7deb84bdab3ca26 - - default default] 10.0.0.148 "POST /v2.0/security-group-rules HTTP/1.1" status: 201 len: 763 time: 0.3755546
2026-09-11 06:39:20.004 9 INFO neutron.wsgi [-] 10.0.0.199 "GET / HTTP/1.1" status: 200 len: 246 time: 0.0011928
2026-09-11 06:39:20.006 9 INFO neutron.wsgi [-] 10.0.0.199 "GET / HTTP/1.1" status: 200 len: 246 time: 0.0008841
2026-09-11 06:39:20.021 9 INFO neutron.wsgi [req-03075743-f1b0-415f-ada9-c34f6dd0c9df req-4830eb53-39de-40ae-83ee-5cfa4899ef4c 065734309da24240bf16549401b6e260 bb07654028d44426a6c8d69bbfb80d69 - - default default] 10.0.0.159 "GET /v2.0/ports?device_id=8d7fe62e-e93a-4c08-9baf-fbc39abdc76c HTTP/1.1" status: 200 len: 210 time: 0.0429242
2026-09-11 06:39:20.149 10 INFO neutron.db.ovn_revision_numbers_db [None req-89d0b9c2-9f5a-4828-9282-332e42df3ea8 3630194428a949dcbbb2aa51b5fd642e 723a7251ef834d4ca7deb84bdab3ca26 - - default default] Successfully bumped revision number for resource ca54343b-2033-45d8-9420-f5c1fc2e0268 (type: security_group_rules) to 0
2026-09-11 06:39:20.182 10 INFO neutron.wsgi [None req-89d0b9c2-9f5a-4828-9282-332e42df3ea8 3630194428a949dcbbb2aa51b5fd642e 723a7251ef834d4ca7deb84bdab3ca26 - - default default] 10.0.0.148 "POST /v2.0/security-group-rules HTTP/1.1" status: 201 len: 769 time: 0.2041903
2026-09-11 06:39:20.290 10 INFO neutron.db.ovn_revision_numbers_db [None req-28436685-eb93-46f6-bf37-92a3ebfad8d8 3630194428a949dcbbb2aa51b5fd642e 723a7251ef834d4ca7deb84bdab3ca26 - - default default] Successfully bumped revision number for resource f6e05e0a-5a65-4e29-a8ad-e7305cf359a8 (type: security_group_rules) to 0
2026-09-11 06:39:20.313 10 INFO neutron.wsgi [None req-28436685-eb93-46f6-bf37-92a3ebfad8d8 3630194428a949dcbbb2aa51b5fd642e 723a7251ef834d4ca7deb84bdab3ca26 - - default default] 10.0.0.148 "POST /v2.0/security-group-rules HTTP/1.1" status: 201 len: 768 time: 0.1268632
2026-09-11 06:39:20.338 10 INFO neutron.db.securitygroups_db [None req-a4d56e2f-9cdf-40b5-b88d-cf0e917503b9 3630194428a949dcbbb2aa51b5fd642e 723a7251ef834d4ca7deb84bdab3ca26 - - default default] Project 723a7251ef834d4ca7deb84bdab3ca26 added a security group rule with legacy IPv6 ICMP protocol name icmp, ipv6-icmp should be used instead. It was automatically converted.
2026-09-11 06:39:20.391 9 WARNING neutron.scheduler.dhcp_agent_scheduler [req-1b39a864-54d1-4268-b051-f226e52499af req-ff1c7a97-df9e-43a3-9eb3-4b0df32f6e07 065734309da24240bf16549401b6e260 bb07654028d44426a6c8d69bbfb80d69 - - default default] No more DHCP agents
2026-09-11 06:39:20.393 9 WARNING neutron.api.rpc.agentnotifiers.dhcp_rpc_agent_api [req-1b39a864-54d1-4268-b051-f226e52499af req-ff1c7a97-df9e-43a3-9eb3-4b0df32f6e07 065734309da24240bf16549401b6e260 bb07654028d44426a6c8d69bbfb80d69 - - default default] Unable to schedule network 5c674f1b-02bd-448b-a5a7-8c3e3a39da7a: no agents available; will retry on subsequent port and subnet creation events.
2026-09-11 06:39:20.426 9 WARNING neutron.scheduler.dhcp_agent_scheduler [None req-a347321f-9b05-423f-9869-5719a2e787be 66c92f406a0c4b2c9455e574f962b4b2 76e564dc5db747b682ddd3cd7843f977 - - default default] No more DHCP agents
2026-09-11 06:39:20.430 9 WARNING neutron.api.rpc.agentnotifiers.dhcp_rpc_agent_api [None req-a347321f-9b05-423f-9869-5719a2e787be 66c92f406a0c4b2c9455e574f962b4b2 76e564dc5db747b682ddd3cd7843f977 - - default default] Unable to schedule network 3c3bf529-819b-471e-8b7f-18ba735bc646: no agents available; will retry on subsequent port and subnet creation events.
2026-09-11 06:39:20.446 10 INFO neutron.db.ovn_revision_numbers_db [None req-a4d56e2f-9cdf-40b5-b88d-cf0e917503b9 3630194428a949dcbbb2aa51b5fd642e 723a7251ef834d4ca7deb84bdab3ca26 - - default default] Successfully bumped revision number for resource 5afc8aa3-c57f-462d-8e87-946cd5dfaace (type: security_group_rules) to 0
2026-09-11 06:39:20.468 10 INFO neutron.wsgi [None req-a4d56e2f-9cdf-40b5-b88d-cf0e917503b9 3630194428a949dcbbb2aa51b5fd642e 723a7251ef834d4ca7deb84bdab3ca26 - - default default] 10.0.0.148 "POST /v2.0/security-group-rules HTTP/1.1" status: 201 len: 774 time: 0.1489587
2026-09-11 06:39:20.494 10 INFO neutron.db.securitygroups_db [None req-097da91e-b4b6-4bf0-92c8-0c2bbd042dcd 3630194428a949dcbbb2aa51b5fd642e 723a7251ef834d4ca7deb84bdab3ca26 - - default default] Project 723a7251ef834d4ca7deb84bdab3ca26 added a security group rule with legacy IPv6 ICMP protocol name icmp, ipv6-icmp should be used instead. It was automatically converted.
2026-09-11 06:39:20.558 9 INFO neutron.db.ovn_revision_numbers_db [None req-a347321f-9b05-423f-9869-5719a2e787be 66c92f406a0c4b2c9455e574f962b4b2 76e564dc5db747b682ddd3cd7843f977 - - default default] Successfully bumped revision number for resource ee71f50a-6cdd-4704-accb-d2e19a2e7186 (type: ports) to 1
2026-09-11 06:39:20.603 9 INFO neutron.db.ovn_revision_numbers_db [req-1b39a864-54d1-4268-b051-f226e52499af req-ff1c7a97-df9e-43a3-9eb3-4b0df32f6e07 065734309da24240bf16549401b6e260 bb07654028d44426a6c8d69bbfb80d69 - - default default] Successfully bumped revision number for resource e7a5df59-431b-404f-b128-904a299f1086 (type: ports) to 1
2026-09-11 06:39:20.612 10 INFO neutron.db.ovn_revision_numbers_db [None req-097da91e-b4b6-4bf0-92c8-0c2bbd042dcd 3630194428a949dcbbb2aa51b5fd642e 723a7251ef834d4ca7deb84bdab3ca26 - - default default] Successfully bumped revision number for resource 6d9da5ce-eb01-47f2-af43-966c72818050 (type: security_group_rules) to 0
2026-09-11 06:39:20.628 9 INFO neutron.wsgi [req-1b39a864-54d1-4268-b051-f226e52499af req-ff1c7a97-df9e-43a3-9eb3-4b0df32f6e07 065734309da24240bf16549401b6e260 bb07654028d44426a6c8d69bbfb80d69 - - default default] 162.253.55.75 "POST /v2.0/ports HTTP/1.1" status: 201 len: 1158 time: 0.7808368
2026-09-11 06:39:20.637 10 INFO neutron.wsgi [None req-097da91e-b4b6-4bf0-92c8-0c2bbd042dcd 3630194428a949dcbbb2aa51b5fd642e 723a7251ef834d4ca7deb84bdab3ca26 - - default default] 10.0.0.148 "POST /v2.0/security-group-rules HTTP/1.1" status: 201 len: 773 time: 0.1634915 /var/lib/openstack/lib/python3.10/site-packages/pycadf/identifier.py:71: UserWarning: Invalid uuid: neutron. To ensure interoperability, identifiers should be a valid uuid. warnings.warn(('Invalid uuid: %s. To ensure interoperability, ' /var/lib/openstack/lib/python3.10/site-packages/pycadf/identifier.py:71: UserWarning: Invalid uuid: neutron. To ensure interoperability, identifiers should be a valid uuid. warnings.warn(('Invalid uuid: %s. To ensure interoperability, '
2026-09-11 06:39:21.137 9 INFO neutron.wsgi [req-e2ef2133-9b70-4b80-a82a-39d98bc36c70 req-29e9359a-0d76-4a33-ba63-01285a000981 065734309da24240bf16549401b6e260 bb07654028d44426a6c8d69bbfb80d69 - - default default] 10.0.0.159 "GET /v2.0/ports?device_id=8d7fe62e-e93a-4c08-9baf-fbc39abdc76c HTTP/1.1" status: 200 len: 1168 time: 0.0543070
2026-09-11 06:39:21.173 9 INFO neutron.db.ovn_revision_numbers_db [None req-a347321f-9b05-423f-9869-5719a2e787be 66c92f406a0c4b2c9455e574f962b4b2 76e564dc5db747b682ddd3cd7843f977 - - default default] Successfully bumped revision number for resource ee71f50a-6cdd-4704-accb-d2e19a2e7186 (type: router_ports) to 1
2026-09-11 06:39:21.222 9 INFO neutron.db.ovn_revision_numbers_db [req-1b39a864-54d1-4268-b051-f226e52499af req-8a9edec7-961a-4c77-84c1-660f033b1bd0 efe35623479b45798794747db62a1a5c cabec951436a4d0eaec193ce1f9fc389 - - c31d3e9b3c3142cba44307f86026f19a c31d3e9b3c3142cba44307f86026f19a] Successfully bumped revision number for resource e7a5df59-431b-404f-b128-904a299f1086 (type: ports) to 2
2026-09-11 06:39:21.230 9 INFO neutron.wsgi [req-e2ef2133-9b70-4b80-a82a-39d98bc36c70 req-4b3087de-88d4-4811-aa27-f08aaa7ea914 065734309da24240bf16549401b6e260 bb07654028d44426a6c8d69bbfb80d69 - - default default] 10.0.0.159 "GET /v2.0/security-groups?id=c3f769c5-3b28-4340-b59d-66406a240a20&fields=id&fields=name HTTP/1.1" status: 200 len: 286 time: 0.0888846
2026-09-11 06:39:21.322 9 INFO neutron.db.ovn_revision_numbers_db [None req-a347321f-9b05-423f-9869-5719a2e787be 66c92f406a0c4b2c9455e574f962b4b2 76e564dc5db747b682ddd3cd7843f977 - - default default] Successfully bumped revision number for resource ee71f50a-6cdd-4704-accb-d2e19a2e7186 (type: ports) to 1
2026-09-11 06:39:21.414 9 WARNING neutron.scheduler.dhcp_agent_scheduler [None req-a347321f-9b05-423f-9869-5719a2e787be 66c92f406a0c4b2c9455e574f962b4b2 76e564dc5db747b682ddd3cd7843f977 - - default default] No more DHCP agents
2026-09-11 06:39:21.417 9 WARNING neutron.api.rpc.agentnotifiers.dhcp_rpc_agent_api [None req-a347321f-9b05-423f-9869-5719a2e787be 66c92f406a0c4b2c9455e574f962b4b2 76e564dc5db747b682ddd3cd7843f977 - - default default] Unable to schedule network 3c3bf529-819b-471e-8b7f-18ba735bc646: no agents available; will retry on subsequent port and subnet creation events.
2026-09-11 06:39:21.423 10 INFO neutron.wsgi [None req-a97cc0f5-8c15-4bed-8103-a10696dadfad 3630194428a949dcbbb2aa51b5fd642e 723a7251ef834d4ca7deb84bdab3ca26 - - default default] 10.0.0.148 "GET /v2.0/networks HTTP/1.1" status: 200 len: 1492 time: 0.3460271
2026-09-11 06:39:21.472 9 INFO neutron.db.ovn_revision_numbers_db [req-1b39a864-54d1-4268-b051-f226e52499af req-8a9edec7-961a-4c77-84c1-660f033b1bd0 efe35623479b45798794747db62a1a5c cabec951436a4d0eaec193ce1f9fc389 - - c31d3e9b3c3142cba44307f86026f19a c31d3e9b3c3142cba44307f86026f19a] Successfully bumped revision number for resource e7a5df59-431b-404f-b128-904a299f1086 (type: ports) to 2
2026-09-11 06:39:21.487 9 INFO neutron.wsgi [req-1b39a864-54d1-4268-b051-f226e52499af req-8a9edec7-961a-4c77-84c1-660f033b1bd0 efe35623479b45798794747db62a1a5c cabec951436a4d0eaec193ce1f9fc389 - - c31d3e9b3c3142cba44307f86026f19a c31d3e9b3c3142cba44307f86026f19a] 162.253.55.75 "PUT /v2.0/ports/e7a5df59-431b-404f-b128-904a299f1086 HTTP/1.1" status: 200 len: 1376 time: 0.8385570 /var/lib/openstack/lib/python3.10/site-packages/pycadf/identifier.py:71: UserWarning: Invalid uuid: neutron. To ensure interoperability, identifiers should be a valid uuid. warnings.warn(('Invalid uuid: %s. To ensure interoperability, '
2026-09-11 06:39:21.523 9 INFO neutron.notifiers.nova [-] Nova event matching ['req-6c892b42-fcc4-45a0-bf9c-15f68427573a'] response: {'name': 'network-changed', 'server_uuid': '8d7fe62e-e93a-4c08-9baf-fbc39abdc76c', 'tag': 'e7a5df59-431b-404f-b128-904a299f1086', 'status': 'completed', 'code': 200}
2026-09-11 06:39:21.567 9 INFO neutron.wsgi [req-e07d20f3-7af8-4b91-9fd2-58ded220209e req-f36b297d-7e47-4982-b4d8-ed229381f8bf 3630194428a949dcbbb2aa51b5fd642e 723a7251ef834d4ca7deb84bdab3ca26 - - default default] 10.0.0.159 "GET /v2.0/security-groups?name=tempest-secgroup-smoke-907396782&fields=id&tenant_id=723a7251ef834d4ca7deb84bdab3ca26 HTTP/1.1" status: 200 len: 267 time: 0.0604737
2026-09-11 06:39:21.572 9 INFO neutron.wsgi [req-1b39a864-54d1-4268-b051-f226e52499af req-cddf84d5-3d7e-4db6-bcb5-b7ff0bc97eda efe35623479b45798794747db62a1a5c cabec951436a4d0eaec193ce1f9fc389 - - c31d3e9b3c3142cba44307f86026f19a c31d3e9b3c3142cba44307f86026f19a] 162.253.55.75 "GET /v2.0/ports?tenant_id=bb07654028d44426a6c8d69bbfb80d69&device_id=8d7fe62e-e93a-4c08-9baf-fbc39abdc76c HTTP/1.1" status: 200 len: 1407 time: 0.0513511
2026-09-11 06:39:21.608 9 INFO neutron.wsgi [req-1b39a864-54d1-4268-b051-f226e52499af req-71e64d11-1ba1-4df6-94a3-241372cf903b efe35623479b45798794747db62a1a5c cabec951436a4d0eaec193ce1f9fc389 - - c31d3e9b3c3142cba44307f86026f19a c31d3e9b3c3142cba44307f86026f19a] 162.253.55.75 "GET /v2.0/floatingips?fixed_ip_address=10.100.0.9&port_id=e7a5df59-431b-404f-b128-904a299f1086 HTTP/1.1" status: 200 len: 217 time: 0.0316255
2026-09-11 06:39:21.666 9 INFO neutron.wsgi [req-1b39a864-54d1-4268-b051-f226e52499af req-b176e7d5-316f-4d77-9733-1bf9b6ea44bb efe35623479b45798794747db62a1a5c cabec951436a4d0eaec193ce1f9fc389 - - c31d3e9b3c3142cba44307f86026f19a c31d3e9b3c3142cba44307f86026f19a] 162.253.55.75 "GET /v2.0/subnets?id=340c62d6-9891-41c9-a456-3e06e8c379b9 HTTP/1.1" status: 200 len: 871 time: 0.0502472
2026-09-11 06:39:21.671 9 INFO neutron.db.ovn_revision_numbers_db [None req-a347321f-9b05-423f-9869-5719a2e787be 66c92f406a0c4b2c9455e574f962b4b2 76e564dc5db747b682ddd3cd7843f977 - - default default] Successfully bumped revision number for resource ee71f50a-6cdd-4704-accb-d2e19a2e7186 (type: router_ports) to 1
2026-09-11 06:39:21.672 9 INFO neutron.wsgi [None req-a347321f-9b05-423f-9869-5719a2e787be 66c92f406a0c4b2c9455e574f962b4b2 76e564dc5db747b682ddd3cd7843f977 - - default default] 10.0.0.148 "PUT /v2.0/routers/8da45f6b-fb58-4c5c-a5c5-7862073655a5/add_router_interface HTTP/1.1" status: 200 len: 503 time: 1.8915627
2026-09-11 06:39:21.676 9 INFO neutron.wsgi [req-e07d20f3-7af8-4b91-9fd2-58ded220209e req-0a620b7c-3fb9-4f69-9a83-bdada179ff64 3630194428a949dcbbb2aa51b5fd642e 723a7251ef834d4ca7deb84bdab3ca26 - - default default] 10.0.0.159 "GET /v2.0/networks?id=9911125b-fe43-41c9-9096-f6321309bf2d HTTP/1.1" status: 200 len: 859 time: 0.1006732
2026-09-11 06:39:21.691 9 INFO neutron.wsgi [req-1b39a864-54d1-4268-b051-f226e52499af req-0e39d54c-f300-4145-bb35-6c9fed9f5ea2 efe35623479b45798794747db62a1a5c cabec951436a4d0eaec193ce1f9fc389 - - c31d3e9b3c3142cba44307f86026f19a c31d3e9b3c3142cba44307f86026f19a] 162.253.55.75 "GET /v2.0/ports?network_id=5c674f1b-02bd-448b-a5a7-8c3e3a39da7a&device_owner=network%3Adhcp HTTP/1.1" status: 200 len: 210 time: 0.0183470
2026-09-11 06:39:21.698 9 INFO neutron.wsgi [req-e07d20f3-7af8-4b91-9fd2-58ded220209e req-a8ead186-4d09-4e58-b7bf-6e099a054895 3630194428a949dcbbb2aa51b5fd642e 723a7251ef834d4ca7deb84bdab3ca26 - - default default] 10.0.0.159 "GET /v2.0/quotas/723a7251ef834d4ca7deb84bdab3ca26 HTTP/1.1" status: 200 len: 386 time: 0.0095372
2026-09-11 06:39:21.805 10 INFO neutron.wsgi [None req-867d69d4-5e30-411d-8326-7824112d2ed1 66c92f406a0c4b2c9455e574f962b4b2 76e564dc5db747b682ddd3cd7843f977 - - default default] 10.0.0.148 "GET /v2.0/ports/ee71f50a-6cdd-4704-accb-d2e19a2e7186 HTTP/1.1" status: 200 len: 1147 time: 0.1264126
2026-09-11 06:39:21.842 10 INFO neutron.wsgi [None req-8937a4bd-7181-4407-a585-c134bac7a9be 66c92f406a0c4b2c9455e574f962b4b2 76e564dc5db747b682ddd3cd7843f977 - - default default] 10.0.0.148 "GET /v2.0/ports/ee71f50a-6cdd-4704-accb-d2e19a2e7186 HTTP/1.1" status: 200 len: 1147 time: 0.0329995
2026-09-11 06:39:22.050 9 INFO neutron.wsgi [req-1b39a864-54d1-4268-b051-f226e52499af req-8544bb5a-85f3-4ced-9cfc-2dbc59fbe0b0 efe35623479b45798794747db62a1a5c cabec951436a4d0eaec193ce1f9fc389 - - c31d3e9b3c3142cba44307f86026f19a c31d3e9b3c3142cba44307f86026f19a] 162.253.55.75 "GET /v2.0/networks/5c674f1b-02bd-448b-a5a7-8c3e3a39da7a?fields=segments HTTP/1.1" status: 200 len: 212 time: 0.3528507
2026-09-11 06:39:22.086 9 INFO neutron.wsgi [req-e07d20f3-7af8-4b91-9fd2-58ded220209e req-82a98f66-0e9f-4219-bb2f-f782aacd553b 3630194428a949dcbbb2aa51b5fd642e 723a7251ef834d4ca7deb84bdab3ca26 - - default default] 10.0.0.159 "GET /v2.0/ports?tenant_id=723a7251ef834d4ca7deb84bdab3ca26&fields=id HTTP/1.1" status: 200 len: 348 time: 0.3780472
2026-09-11 06:39:22.144 9 INFO neutron.wsgi [req-1b39a864-54d1-4268-b051-f226e52499af req-0d1a72ed-8cc8-40c9-af48-da3166e8161b efe35623479b45798794747db62a1a5c cabec951436a4d0eaec193ce1f9fc389 - - c31d3e9b3c3142cba44307f86026f19a c31d3e9b3c3142cba44307f86026f19a] 162.253.55.75 "GET /v2.0/networks/5c674f1b-02bd-448b-a5a7-8c3e3a39da7a?fields=provider%3Aphysical_network&fields=provider%3Anetwork_type HTTP/1.1" status: 200 len: 277 time: 0.0854433
2026-09-11 06:39:22.164 9 INFO neutron.wsgi [req-e07d20f3-7af8-4b91-9fd2-58ded220209e req-bf255c3b-dc20-4491-b551-84160b1038d4 efe35623479b45798794747db62a1a5c cabec951436a4d0eaec193ce1f9fc389 - - c31d3e9b3c3142cba44307f86026f19a c31d3e9b3c3142cba44307f86026f19a] 10.0.0.159 "GET /v2.0/networks/9911125b-fe43-41c9-9096-f6321309bf2d?fields=segments HTTP/1.1" status: 200 len: 212 time: 0.0583601
2026-09-11 06:39:22.172 10 WARNING neutron.plugins.ml2.drivers.ovn.mech_driver.ovsdb.ovn_client [None req-22667b2b-b3d4-4950-9b97-cf9617e86ba2 - - - - - -] No hosting information found for port 422686fe-1c5a-4e43-a1a6-0e6a0f52f9d6: RuntimeError: No hosting information found for port 422686fe-1c5a-4e43-a1a6-0e6a0f52f9d6
2026-09-11 06:39:22.172 10 INFO neutron.plugins.ml2.drivers.ovn.mech_driver.mech_driver [None req-22667b2b-b3d4-4950-9b97-cf9617e86ba2 - - - - - -] OVN reports status up for port: 05913192-eeea-4c8d-9acd-d4a46db9f520
2026-09-11 06:39:22.185 10 INFO neutron.plugins.ml2.plugin [None req-22667b2b-b3d4-4950-9b97-cf9617e86ba2 - - - - - -] Attempt 1 to provision port 05913192-eeea-4c8d-9acd-d4a46db9f520
2026-09-11 06:39:22.230 9 INFO neutron.wsgi [req-e005e201-9aea-4dd6-ae2a-8fb1f3559d47 req-e5e1db07-7119-489b-affe-6e4bfc08b5b7 efe35623479b45798794747db62a1a5c cabec951436a4d0eaec193ce1f9fc389 - - c31d3e9b3c3142cba44307f86026f19a c31d3e9b3c3142cba44307f86026f19a] 162.253.55.75 "GET /v2.0/ports?tenant_id=bb07654028d44426a6c8d69bbfb80d69&device_id=8d7fe62e-e93a-4c08-9baf-fbc39abdc76c HTTP/1.1" status: 200 len: 1407 time: 0.0304303
2026-09-11 06:39:22.240 9 INFO neutron.wsgi [req-e07d20f3-7af8-4b91-9fd2-58ded220209e req-e084b3e1-b0f8-46cd-85de-d674baafbac8 efe35623479b45798794747db62a1a5c cabec951436a4d0eaec193ce1f9fc389 - - c31d3e9b3c3142cba44307f86026f19a c31d3e9b3c3142cba44307f86026f19a] 10.0.0.159 "GET /v2.0/networks/9911125b-fe43-41c9-9096-f6321309bf2d?fields=provider%3Aphysical_network&fields=provider%3Anetwork_type HTTP/1.1" status: 200 len: 277 time: 0.0649159
2026-09-11 06:39:22.287 9 INFO neutron.wsgi [req-e005e201-9aea-4dd6-ae2a-8fb1f3559d47 req-749078fa-751b-4b8e-a783-1a1766262195 efe35623479b45798794747db62a1a5c cabec951436a4d0eaec193ce1f9fc389 - - c31d3e9b3c3142cba44307f86026f19a c31d3e9b3c3142cba44307f86026f19a] 162.253.55.75 "GET /v2.0/networks?id=5c674f1b-02bd-448b-a5a7-8c3e3a39da7a HTTP/1.1" status: 200 len: 976 time: 0.0492976
2026-09-11 06:39:22.314 9 INFO neutron.wsgi [req-e005e201-9aea-4dd6-ae2a-8fb1f3559d47 req-e171e5d2-b6c4-43b3-b778-11ca029582ef efe35623479b45798794747db62a1a5c cabec951436a4d0eaec193ce1f9fc389 - - c31d3e9b3c3142cba44307f86026f19a c31d3e9b3c3142cba44307f86026f19a] 162.253.55.75 "GET /v2.0/floatingips?fixed_ip_address=10.100.0.9&port_id=e7a5df59-431b-404f-b128-904a299f1086 HTTP/1.1" status: 200 len: 217 time: 0.0172367
2026-09-11 06:39:22.381 9 INFO neutron.wsgi [req-cee1c233-4461-4f53-8b3f-d458c15b6b55 req-cd812722-b4a2-4769-9770-470d42c9a833 065734309da24240bf16549401b6e260 bb07654028d44426a6c8d69bbfb80d69 - - default default] 10.0.0.159 "GET /v2.0/ports?device_id=8d7fe62e-e93a-4c08-9baf-fbc39abdc76c HTTP/1.1" status: 200 len: 1168 time: 0.0625896
2026-09-11 06:39:22.386 9 INFO neutron.wsgi [req-e005e201-9aea-4dd6-ae2a-8fb1f3559d47 req-db73a72d-57c2-472c-aaf1-0e6f530b3c65 efe35623479b45798794747db62a1a5c cabec951436a4d0eaec193ce1f9fc389 - - c31d3e9b3c3142cba44307f86026f19a c31d3e9b3c3142cba44307f86026f19a] 162.253.55.75 "GET /v2.0/subnets?id=340c62d6-9891-41c9-a456-3e06e8c379b9 HTTP/1.1" status: 200 len: 871 time: 0.0624886
2026-09-11 06:39:22.416 9 INFO neutron.plugins.ml2.drivers.ovn.mech_driver.mech_driver [None req-152a3724-0546-47c9-9d80-04f0c556738d - - - - - -] OVN reports status up for port: e7a5df59-431b-404f-b128-904a299f1086
2026-09-11 06:39:22.443 9 INFO neutron.wsgi [req-e005e201-9aea-4dd6-ae2a-8fb1f3559d47 req-d93a1a1e-2b8a-4d76-a3da-847092382972 efe35623479b45798794747db62a1a5c cabec951436a4d0eaec193ce1f9fc389 - - c31d3e9b3c3142cba44307f86026f19a c31d3e9b3c3142cba44307f86026f19a] 162.253.55.75 "GET /v2.0/ports?network_id=5c674f1b-02bd-448b-a5a7-8c3e3a39da7a&device_owner=network%3Adhcp HTTP/1.1" status: 200 len: 210 time: 0.0497375
2026-09-11 06:39:22.454 9 INFO neutron.plugins.ml2.plugin [None req-152a3724-0546-47c9-9d80-04f0c556738d - - - - - -] Attempt 1 to provision port e7a5df59-431b-404f-b128-904a299f1086
2026-09-11 06:39:22.457 9 INFO neutron.wsgi [req-66537de9-723c-471a-abc4-1548a1670a8a req-6d962d6d-0b5c-4ab7-9428-f1564712ec0e 3630194428a949dcbbb2aa51b5fd642e 723a7251ef834d4ca7deb84bdab3ca26 - - default default] 10.0.0.159 "GET /v2.0/ports?device_id=82f748a0-14e0-4091-bdd6-df8ed52ef097 HTTP/1.1" status: 200 len: 210 time: 0.0327077
2026-09-11 06:39:22.500 9 INFO neutron.wsgi [req-cee1c233-4461-4f53-8b3f-d458c15b6b55 req-156d4a8f-56b0-4735-a76d-d879b0e7b5a3 065734309da24240bf16549401b6e260 bb07654028d44426a6c8d69bbfb80d69 - - default default] 10.0.0.159 "GET /v2.0/security-groups?id=c3f769c5-3b28-4340-b59d-66406a240a20&fields=id&fields=name HTTP/1.1" status: 200 len: 286 time: 0.1104414
2026-09-11 06:39:22.551 9 INFO neutron.wsgi [req-e005e201-9aea-4dd6-ae2a-8fb1f3559d47 req-b41688df-6ca4-4d2b-955e-a2534439213c efe35623479b45798794747db62a1a5c cabec951436a4d0eaec193ce1f9fc389 - - c31d3e9b3c3142cba44307f86026f19a c31d3e9b3c3142cba44307f86026f19a] 162.253.55.75 "GET /v2.0/networks/5c674f1b-02bd-448b-a5a7-8c3e3a39da7a?fields=segments HTTP/1.1" status: 200 len: 212 time: 0.0971246
2026-09-11 06:39:22.594 10 INFO neutron.db.ovn_revision_numbers_db [None req-22667b2b-b3d4-4950-9b97-cf9617e86ba2 - - - - - -] Successfully bumped revision number for resource 05913192-eeea-4c8d-9acd-d4a46db9f520 (type: ports) to 2
2026-09-11 06:39:22.648 9 INFO neutron.wsgi [req-e005e201-9aea-4dd6-ae2a-8fb1f3559d47 req-e7fadab0-dc76-4d10-b56a-ba0d1b5711ed efe35623479b45798794747db62a1a5c cabec951436a4d0eaec193ce1f9fc389 - - c31d3e9b3c3142cba44307f86026f19a c31d3e9b3c3142cba44307f86026f19a] 162.253.55.75 "GET /v2.0/networks/5c674f1b-02bd-448b-a5a7-8c3e3a39da7a?fields=provider%3Aphysical_network&fields=provider%3Anetwork_type HTTP/1.1" status: 200 len: 277 time: 0.0848792
2026-09-11 06:39:22.787 10 INFO neutron.db.ovn_revision_numbers_db [None req-22667b2b-b3d4-4950-9b97-cf9617e86ba2 - - - - - -] Successfully bumped revision number for resource 05913192-eeea-4c8d-9acd-d4a46db9f520 (type: router_ports) to 2
2026-09-11 06:39:22.838 9 INFO neutron.db.ovn_revision_numbers_db [None req-152a3724-0546-47c9-9d80-04f0c556738d - - - - - -] Successfully bumped revision number for resource e7a5df59-431b-404f-b128-904a299f1086 (type: ports) to 4
2026-09-11 06:39:23.092 10 INFO neutron.wsgi [None req-d58f3fb4-3448-42c8-8391-837337f6265d 66c92f406a0c4b2c9455e574f962b4b2 76e564dc5db747b682ddd3cd7843f977 - - default default] 10.0.0.148 "GET /v2.0/ports/ee71f50a-6cdd-4704-accb-d2e19a2e7186 HTTP/1.1" status: 200 len: 1147 time: 0.2403140 /var/lib/openstack/lib/python3.10/site-packages/pycadf/identifier.py:71: UserWarning: Invalid uuid: neutron. To ensure interoperability, identifiers should be a valid uuid. warnings.warn(('Invalid uuid: %s. To ensure interoperability, '
2026-09-11 06:39:23.258 9 INFO neutron.wsgi [req-e07d20f3-7af8-4b91-9fd2-58ded220209e req-d680f4db-0e5a-4263-89dc-8e1cd44ccd76 3630194428a949dcbbb2aa51b5fd642e 723a7251ef834d4ca7deb84bdab3ca26 - - default default] 162.253.55.75 "GET /v2.0/networks?id=9911125b-fe43-41c9-9096-f6321309bf2d HTTP/1.1" status: 200 len: 859 time: 0.0841632
2026-09-11 06:39:23.309 9 INFO neutron.wsgi [req-e07d20f3-7af8-4b91-9fd2-58ded220209e req-ebf8a5d2-a171-4840-b0a0-bb3f5b42617f 3630194428a949dcbbb2aa51b5fd642e 723a7251ef834d4ca7deb84bdab3ca26 - - default default] 162.253.55.75 "GET /v2.0/security-groups?fields=id&fields=name&tenant_id=723a7251ef834d4ca7deb84bdab3ca26 HTTP/1.1" status: 200 len: 471 time: 0.0449660
2026-09-11 06:39:23.563 9 INFO neutron.notifiers.nova [-] Nova event matching ['req-fbf7572d-14ce-4c37-b2a7-5878bb7e361d'] response: {'server_uuid': '8d7fe62e-e93a-4c08-9baf-fbc39abdc76c', 'name': 'network-vif-plugged', 'status': 'completed', 'tag': 'e7a5df59-431b-404f-b128-904a299f1086', 'code': 200}
2026-09-11 06:39:23.564 9 INFO neutron.notifiers.nova [-] Nova event matching ['req-fbf7572d-14ce-4c37-b2a7-5878bb7e361d'] response: {'server_uuid': '8d7fe62e-e93a-4c08-9baf-fbc39abdc76c', 'name': 'network-vif-plugged', 'status': 'completed', 'tag': 'e7a5df59-431b-404f-b128-904a299f1086', 'code': 200}
2026-09-11 06:39:23.569 9 INFO neutron.wsgi [req-9207b90b-c7ce-4d2c-ba13-176c25fab6ef req-4384308b-0baf-4a72-b718-3515e88bc902 3630194428a949dcbbb2aa51b5fd642e 723a7251ef834d4ca7deb84bdab3ca26 - - default default] 10.0.0.159 "GET /v2.0/ports?device_id=82f748a0-14e0-4091-bdd6-df8ed52ef097 HTTP/1.1" status: 200 len: 210 time: 0.0283656 /var/lib/openstack/lib/python3.10/site-packages/pycadf/identifier.py:71: UserWarning: Invalid uuid: neutron. To ensure interoperability, identifiers should be a valid uuid. warnings.warn(('Invalid uuid: %s. To ensure interoperability, '
2026-09-11 06:39:23.624 9 WARNING neutron.scheduler.dhcp_agent_scheduler [req-e07d20f3-7af8-4b91-9fd2-58ded220209e req-3e23960f-a742-42f0-aff0-bf61d29a0799 3630194428a949dcbbb2aa51b5fd642e 723a7251ef834d4ca7deb84bdab3ca26 - - default default] No more DHCP agents
2026-09-11 06:39:23.629 9 WARNING neutron.api.rpc.agentnotifiers.dhcp_rpc_agent_api [req-e07d20f3-7af8-4b91-9fd2-58ded220209e req-3e23960f-a742-42f0-aff0-bf61d29a0799 3630194428a949dcbbb2aa51b5fd642e 723a7251ef834d4ca7deb84bdab3ca26 - - default default] Unable to schedule network 9911125b-fe43-41c9-9096-f6321309bf2d: no agents available; will retry on subsequent port and subnet creation events.
2026-09-11 06:39:23.708 9 INFO neutron.wsgi [req-1bbeda8f-bdb7-4ebf-9ca2-5a9fea7c3366 req-4672e572-6af3-4e50-958a-699a790f48cf 065734309da24240bf16549401b6e260 bb07654028d44426a6c8d69bbfb80d69 - - default default] 10.0.0.159 "GET /v2.0/ports?device_id=8d7fe62e-e93a-4c08-9baf-fbc39abdc76c HTTP/1.1" status: 200 len: 1170 time: 0.1115181 /var/lib/openstack/lib/python3.10/site-packages/pycadf/identifier.py:71: UserWarning: Invalid uuid: neutron. To ensure interoperability, identifiers should be a valid uuid. warnings.warn(('Invalid uuid: %s. To ensure interoperability, '
2026-09-11 06:39:23.762 9 INFO neutron.wsgi [req-1bbeda8f-bdb7-4ebf-9ca2-5a9fea7c3366 req-4faf7576-896a-4127-a10c-c40292425aa7 065734309da24240bf16549401b6e260 bb07654028d44426a6c8d69bbfb80d69 - - default default] 10.0.0.159 "GET /v2.0/security-groups?id=c3f769c5-3b28-4340-b59d-66406a240a20&fields=id&fields=name HTTP/1.1" status: 200 len: 286 time: 0.0468612
2026-09-11 06:39:23.819 9 INFO neutron.db.ovn_revision_numbers_db [req-e07d20f3-7af8-4b91-9fd2-58ded220209e req-3e23960f-a742-42f0-aff0-bf61d29a0799 3630194428a949dcbbb2aa51b5fd642e 723a7251ef834d4ca7deb84bdab3ca26 - - default default] Successfully bumped revision number for resource 976923d9-10a5-44dd-97a6-8baac2f70132 (type: ports) to 1
2026-09-11 06:39:23.837 9 INFO neutron.wsgi [req-e07d20f3-7af8-4b91-9fd2-58ded220209e req-3e23960f-a742-42f0-aff0-bf61d29a0799 3630194428a949dcbbb2aa51b5fd642e 723a7251ef834d4ca7deb84bdab3ca26 - - default default] 162.253.55.75 "POST /v2.0/ports HTTP/1.1" status: 201 len: 1158 time: 0.5210195
2026-09-11 06:39:24.138 10 INFO neutron.wsgi [None req-505de9b1-243b-439b-9096-f9138d368f2e 66c92f406a0c4b2c9455e574f962b4b2 76e564dc5db747b682ddd3cd7843f977 - - default default] 10.0.0.148 "GET /v2.0/ports/ee71f50a-6cdd-4704-accb-d2e19a2e7186 HTTP/1.1" status: 200 len: 1147 time: 0.0388803 /var/lib/openstack/lib/python3.10/site-packages/pycadf/identifier.py:71: UserWarning: Invalid uuid: neutron. To ensure interoperability, identifiers should be a valid uuid. warnings.warn(('Invalid uuid: %s. To ensure interoperability, '
2026-09-11 06:39:24.216 10 INFO neutron.db.ovn_revision_numbers_db [None req-da2752b3-d4fd-4e19-ba4a-5e0be76921b9 e915aac3d8cf44b5bd14642408eaa706 d5a18636bbbc4419932587742c22c0e5 - - default default] Successfully bumped revision number for resource 109c8f05-3097-49d9-ac33-cfbdef1b81f3 (type: security_groups) to 1
2026-09-11 06:39:24.225 9 INFO neutron.db.ovn_revision_numbers_db [req-e07d20f3-7af8-4b91-9fd2-58ded220209e req-1f0a9a4d-24a9-4164-9dcd-0e14c54de2ee efe35623479b45798794747db62a1a5c cabec951436a4d0eaec193ce1f9fc389 - - c31d3e9b3c3142cba44307f86026f19a c31d3e9b3c3142cba44307f86026f19a] Successfully bumped revision number for resource 976923d9-10a5-44dd-97a6-8baac2f70132 (type: ports) to 2
2026-09-11 06:39:24.229 10 INFO neutron.db.ovn_revision_numbers_db [None req-da2752b3-d4fd-4e19-ba4a-5e0be76921b9 e915aac3d8cf44b5bd14642408eaa706 d5a18636bbbc4419932587742c22c0e5 - - default default] Successfully bumped revision number for resource 31f04d6a-8549-4cc4-bf25-767f8f4cf541 (type: security_group_rules) to 0
2026-09-11 06:39:24.242 10 INFO neutron.db.ovn_revision_numbers_db [None req-da2752b3-d4fd-4e19-ba4a-5e0be76921b9 e915aac3d8cf44b5bd14642408eaa706 d5a18636bbbc4419932587742c22c0e5 - - default default] Successfully bumped revision number for resource a7629e0c-3fdc-4dc2-abbc-1f12f5bb7b1a (type: security_group_rules) to 0
2026-09-11 06:39:24.270 10 INFO neutron.db.ovn_revision_numbers_db [None req-da2752b3-d4fd-4e19-ba4a-5e0be76921b9 e915aac3d8cf44b5bd14642408eaa706 d5a18636bbbc4419932587742c22c0e5 - - default default] Successfully bumped revision number for resource b6911a35-bd8b-42d7-bc2c-c9123f254717 (type: security_group_rules) to 0
2026-09-11 06:39:24.273 9 INFO neutron.wsgi [None req-de6ff53b-7149-4eb3-9136-b79509b3fff2 e915aac3d8cf44b5bd14642408eaa706 d5a18636bbbc4419932587742c22c0e5 - - default default] 10.0.0.247 "GET /v2.0/networks HTTP/1.1" status: 200 len: 5350 time: 0.1214311
2026-09-11 06:39:24.289 10 INFO neutron.db.ovn_revision_numbers_db [None req-da2752b3-d4fd-4e19-ba4a-5e0be76921b9 e915aac3d8cf44b5bd14642408eaa706 d5a18636bbbc4419932587742c22c0e5 - - default default] Successfully bumped revision number for resource bdf3b5ce-5241-495d-b341-e96de43c6463 (type: security_group_rules) to 0
2026-09-11 06:39:24.315 10 INFO neutron.wsgi [None req-da2752b3-d4fd-4e19-ba4a-5e0be76921b9 e915aac3d8cf44b5bd14642408eaa706 d5a18636bbbc4419932587742c22c0e5 - - default default] 10.0.0.148 "GET /v2.0/security-groups?tenant_id=3f131bda3c8042bcbac2f3589d82c402&name=default HTTP/1.1" status: 200 len: 2996 time: 0.4004714
2026-09-11 06:39:24.353 9 INFO neutron.wsgi [None req-40d7698e-c26a-4b75-ae07-dd39e2929fe0 e915aac3d8cf44b5bd14642408eaa706 d5a18636bbbc4419932587742c22c0e5 - - default default] 10.0.0.247 "GET /v2.0/routers HTTP/1.1" status: 200 len: 2023 time: 0.0750792
2026-09-11 06:39:24.369 9 INFO neutron.wsgi [None req-bc175a75-5293-427c-a77d-3bdbcda21d58 e915aac3d8cf44b5bd14642408eaa706 d5a18636bbbc4419932587742c22c0e5 - - default default] 10.0.0.247 "GET /v2.0/agents?binary=ovn-controller HTTP/1.1" status: 200 len: 591 time: 0.0149276
2026-09-11 06:39:24.448 9 INFO neutron.wsgi [None req-3de31881-0504-4adb-95e4-672b898e35d7 e915aac3d8cf44b5bd14642408eaa706 d5a18636bbbc4419932587742c22c0e5 - - default default] 10.0.0.247 "GET /v2.0/subnets HTTP/1.1" status: 200 len: 4006 time: 0.0716317
2026-09-11 06:39:24.497 9 INFO neutron.wsgi [None req-da52f24a-da0f-4ee8-a059-d4600da3229f e915aac3d8cf44b5bd14642408eaa706 d5a18636bbbc4419932587742c22c0e5 - - default default] 10.0.0.247 "GET /v2.0/subnets HTTP/1.1" status: 200 len: 4006 time: 0.0421705 /var/lib/openstack/lib/python3.10/site-packages/pycadf/identifier.py:71: UserWarning: Invalid uuid: neutron. To ensure interoperability, identifiers should be a valid uuid. warnings.warn(('Invalid uuid: %s. To ensure interoperability, '
2026-09-11 06:39:24.511 10 INFO neutron.wsgi [None req-e543c2df-e359-4f0b-8cc8-dcce36989e1b e915aac3d8cf44b5bd14642408eaa706 d5a18636bbbc4419932587742c22c0e5 - - default default] 10.0.0.148 "DELETE /v2.0/security-groups/109c8f05-3097-49d9-ac33-cfbdef1b81f3 HTTP/1.1" status: 204 len: 168 time: 0.1911712
2026-09-11 06:39:24.513 9 INFO neutron.wsgi [None req-5261db98-049f-4d9c-a480-aff8a3abe37f e915aac3d8cf44b5bd14642408eaa706 d5a18636bbbc4419932587742c22c0e5 - - default default] 10.0.0.247 "GET /v2.0/subnetpools HTTP/1.1" status: 200 len: 193 time: 0.0113699
2026-09-11 06:39:24.525 9 INFO neutron.wsgi [None req-b006dfe4-4779-4da2-ad45-544e24da8117 e915aac3d8cf44b5bd14642408eaa706 d5a18636bbbc4419932587742c22c0e5 - - default default] 10.0.0.247 "GET /v2.0/agents HTTP/1.1" status: 200 len: 997 time: 0.0108745
2026-09-11 06:39:24.544 9 INFO neutron.wsgi [None req-a78a34d7-cd2e-477b-90ae-29ea866a3560 e915aac3d8cf44b5bd14642408eaa706 d5a18636bbbc4419932587742c22c0e5 - - default default] 10.0.0.247 "GET /v2.0/network-ip-availabilities HTTP/1.1" status: 200 len: 3114 time: 0.0138919
2026-09-11 06:39:24.549 9 INFO neutron.db.ovn_revision_numbers_db [req-e07d20f3-7af8-4b91-9fd2-58ded220209e req-1f0a9a4d-24a9-4164-9dcd-0e14c54de2ee efe35623479b45798794747db62a1a5c cabec951436a4d0eaec193ce1f9fc389 - - c31d3e9b3c3142cba44307f86026f19a c31d3e9b3c3142cba44307f86026f19a] Successfully bumped revision number for resource 976923d9-10a5-44dd-97a6-8baac2f70132 (type: ports) to 2
2026-09-11 06:39:24.566 9 INFO neutron.wsgi [None req-504e962f-fb3a-4a14-b983-145a894e725d e915aac3d8cf44b5bd14642408eaa706 d5a18636bbbc4419932587742c22c0e5 - - default default] 10.0.0.247 "GET /v2.0/floatingips HTTP/1.1" status: 200 len: 730 time: 0.0205989
2026-09-11 06:39:24.573 9 INFO neutron.wsgi [req-e07d20f3-7af8-4b91-9fd2-58ded220209e req-1f0a9a4d-24a9-4164-9dcd-0e14c54de2ee efe35623479b45798794747db62a1a5c cabec951436a4d0eaec193ce1f9fc389 - - c31d3e9b3c3142cba44307f86026f19a c31d3e9b3c3142cba44307f86026f19a] 162.253.55.75 "PUT /v2.0/ports/976923d9-10a5-44dd-97a6-8baac2f70132 HTTP/1.1" status: 200 len: 1376 time: 0.7261276
2026-09-11 06:39:24.632 9 INFO neutron.wsgi [None req-8e24b08e-b313-4deb-a70f-5195e8864f6b e915aac3d8cf44b5bd14642408eaa706 d5a18636bbbc4419932587742c22c0e5 - - default default] 10.0.0.247 "GET /v2.0/security-groups HTTP/1.1" status: 200 len: 35323 time: 0.0646007
2026-09-11 06:39:24.680 9 INFO neutron.wsgi [req-e9557d26-cf37-41ba-9b05-5834a3624e97 req-bfecb14d-1352-4352-b453-f7ddea4a733c 3630194428a949dcbbb2aa51b5fd642e 723a7251ef834d4ca7deb84bdab3ca26 - - default default] 10.0.0.159 "GET /v2.0/ports?device_id=82f748a0-14e0-4091-bdd6-df8ed52ef097 HTTP/1.1" status: 200 len: 1168 time: 0.0477796
2026-09-11 06:39:24.697 9 INFO neutron.wsgi [None req-8cc20a78-d1fd-4c0e-87b3-f43f3bb95a14 e915aac3d8cf44b5bd14642408eaa706 d5a18636bbbc4419932587742c22c0e5 - - default default] 10.0.0.247 "GET /v2.0/ports HTTP/1.1" status: 200 len: 20258 time: 0.0507486
2026-09-11 06:39:24.701 9 INFO neutron.wsgi [req-e07d20f3-7af8-4b91-9fd2-58ded220209e req-02463ea4-2873-47b9-b656-4480eeff84be efe35623479b45798794747db62a1a5c cabec951436a4d0eaec193ce1f9fc389 - - c31d3e9b3c3142cba44307f86026f19a c31d3e9b3c3142cba44307f86026f19a] 162.253.55.75 "GET /v2.0/ports?tenant_id=723a7251ef834d4ca7deb84bdab3ca26&device_id=82f748a0-14e0-4091-bdd6-df8ed52ef097 HTTP/1.1" status: 200 len: 1407 time: 0.0616682
2026-09-11 06:39:24.730 9 INFO neutron.wsgi [req-e9557d26-cf37-41ba-9b05-5834a3624e97 req-2ff0ba97-3db2-4526-b624-ceeca174247c 3630194428a949dcbbb2aa51b5fd642e 723a7251ef834d4ca7deb84bdab3ca26 - - default default] 10.0.0.159 "GET /v2.0/security-groups?id=12cff641-fe77-467f-9014-f046f2bb0f56&fields=id&fields=name HTTP/1.1" status: 200 len: 312 time: 0.0403287
2026-09-11 06:39:24.757 9 INFO neutron.wsgi [req-e07d20f3-7af8-4b91-9fd2-58ded220209e req-deefb57d-dc38-40ac-bdba-1bab045391d5 efe35623479b45798794747db62a1a5c cabec951436a4d0eaec193ce1f9fc389 - - c31d3e9b3c3142cba44307f86026f19a c31d3e9b3c3142cba44307f86026f19a] 162.253.55.75 "GET /v2.0/floatingips?fixed_ip_address=10.100.0.4&port_id=976923d9-10a5-44dd-97a6-8baac2f70132 HTTP/1.1" status: 200 len: 217 time: 0.0372109
2026-09-11 06:39:24.762 10 INFO neutron.db.ovn_revision_numbers_db [None req-eb46cf6e-ea88-4f99-af8b-935871baab10 e915aac3d8cf44b5bd14642408eaa706 d5a18636bbbc4419932587742c22c0e5 - - default default] Successfully bumped revision number for resource 0775665b-50cb-4e9e-9f3c-e19819958abe (type: security_groups) to 1
2026-09-11 06:39:24.775 10 INFO neutron.db.ovn_revision_numbers_db [None req-eb46cf6e-ea88-4f99-af8b-935871baab10 e915aac3d8cf44b5bd14642408eaa706 d5a18636bbbc4419932587742c22c0e5 - - default default] Successfully bumped revision number for resource 004017ee-c946-47ee-9a90-00aa3bb3e0f1 (type: security_group_rules) to 0
2026-09-11 06:39:24.786 10 INFO neutron.db.ovn_revision_numbers_db [None req-eb46cf6e-ea88-4f99-af8b-935871baab10 e915aac3d8cf44b5bd14642408eaa706 d5a18636bbbc4419932587742c22c0e5 - - default default] Successfully bumped revision number for resource 41cc9ede-e0db-4502-b20a-33f5b734c90e (type: security_group_rules) to 0
2026-09-11 06:39:24.801 10 INFO neutron.db.ovn_revision_numbers_db [None req-eb46cf6e-ea88-4f99-af8b-935871baab10 e915aac3d8cf44b5bd14642408eaa706 d5a18636bbbc4419932587742c22c0e5 - - default default] Successfully bumped revision number for resource 76bcecab-eca0-4515-9d3f-d1a212ba8b81 (type: security_group_rules) to 0
2026-09-11 06:39:24.809 9 INFO neutron.wsgi [req-e07d20f3-7af8-4b91-9fd2-58ded220209e req-73f88b46-afa2-4d91-b9d5-e1c1fbbf24d1 efe35623479b45798794747db62a1a5c cabec951436a4d0eaec193ce1f9fc389 - - c31d3e9b3c3142cba44307f86026f19a c31d3e9b3c3142cba44307f86026f19a] 162.253.55.75 "GET /v2.0/subnets?id=58217a87-e627-4501-94b0-7ff4a9ef88b6 HTTP/1.1" status: 200 len: 853 time: 0.0430779
2026-09-11 06:39:24.813 10 INFO neutron.db.ovn_revision_numbers_db [None req-eb46cf6e-ea88-4f99-af8b-935871baab10 e915aac3d8cf44b5bd14642408eaa706 d5a18636bbbc4419932587742c22c0e5 - - default default] Successfully bumped revision number for resource 8ebf325d-ad32-47f6-91fd-2045bdb8ad0b (type: security_group_rules) to 0
2026-09-11 06:39:24.834 9 INFO neutron.wsgi [req-e07d20f3-7af8-4b91-9fd2-58ded220209e req-4ae677ab-6e9d-4951-b244-e1ba2785a610 efe35623479b45798794747db62a1a5c cabec951436a4d0eaec193ce1f9fc389 - - c31d3e9b3c3142cba44307f86026f19a c31d3e9b3c3142cba44307f86026f19a] 162.253.55.75 "GET /v2.0/ports?network_id=9911125b-fe43-41c9-9096-f6321309bf2d&device_owner=network%3Adhcp HTTP/1.1" status: 200 len: 210 time: 0.0178607
2026-09-11 06:39:24.840 10 INFO neutron.wsgi [None req-eb46cf6e-ea88-4f99-af8b-935871baab10 e915aac3d8cf44b5bd14642408eaa706 d5a18636bbbc4419932587742c22c0e5 - - default default] 10.0.0.148 "GET /v2.0/security-groups?tenant_id=d83109b3e18e4ad89257ee6d59ad5d8c&name=default HTTP/1.1" status: 200 len: 2996 time: 0.1848686
2026-09-11 06:39:24.931 9 INFO neutron.wsgi [req-8689834f-7702-48f0-9f80-ab08dd8bf7f1 req-55873f34-9959-4b89-b773-0a860d97ebb6 065734309da24240bf16549401b6e260 bb07654028d44426a6c8d69bbfb80d69 - - default default] 10.0.0.159 "GET /v2.0/ports?device_id=8d7fe62e-e93a-4c08-9baf-fbc39abdc76c HTTP/1.1" status: 200 len: 1170 time: 0.0648141
2026-09-11 06:39:24.986 9 INFO neutron.wsgi [req-e07d20f3-7af8-4b91-9fd2-58ded220209e req-b3064f18-3b69-48c3-ad13-406d0fcd8174 efe35623479b45798794747db62a1a5c cabec951436a4d0eaec193ce1f9fc389 - - c31d3e9b3c3142cba44307f86026f19a c31d3e9b3c3142cba44307f86026f19a] 162.253.55.75 "GET /v2.0/networks/9911125b-fe43-41c9-9096-f6321309bf2d?fields=segments HTTP/1.1" status: 200 len: 212 time: 0.1435688
2026-09-11 06:39:25.003 9 INFO neutron.wsgi [req-8689834f-7702-48f0-9f80-ab08dd8bf7f1 req-cde55cbd-7932-4bdf-bfca-5b7168f6c28b 065734309da24240bf16549401b6e260 bb07654028d44426a6c8d69bbfb80d69 - - default default] 10.0.0.159 "GET /v2.0/security-groups?id=c3f769c5-3b28-4340-b59d-66406a240a20&fields=id&fields=name HTTP/1.1" status: 200 len: 286 time: 0.0622869
