2026-09-11 06:39:07.175 10 INFO neutron.wsgi [None req-41b1be8c-9f20-4a2b-b9f9-7dcb3c3f4ee6 4facf21b67b5420882db26f0149e35a5 3a3ad1ba856044ca899ed5347b2590d6 - - default default] 10.0.0.148 "DELETE /v2.0/ports/05ca1b6c-e0b1-4c92-bf0d-4c64319ca0e9 HTTP/1.1" status: 204 len: 168 time: 0.1881630
2026-09-11 06:39:07.214 10 INFO neutron.wsgi [None req-bfdfa51e-ce26-4a99-a0c4-0b430074ff8e 4facf21b67b5420882db26f0149e35a5 3a3ad1ba856044ca899ed5347b2590d6 - - default default] 10.0.0.148 "GET /v2.0/ports HTTP/1.1" status: 200 len: 1718 time: 0.0309780
2026-09-11 06:39:07.369 9 INFO neutron.db.segments_db [None req-ee98cb53-e16b-4aae-866f-d5b9850283ca 4facf21b67b5420882db26f0149e35a5 3a3ad1ba856044ca899ed5347b2590d6 - - default default] Added segment 1c99824a-7f42-4a48-b9fa-d606a070926a of type geneve for network eb8e4adb-29ce-4f34-8de5-e6e88823f4d6
2026-09-11 06:39:07.392 10 INFO neutron.services.segments.plugin [-] Segment 39e78a9b-9cc3-4fae-a495-a8ed5c3859d9 resource provider aggregate not found
2026-09-11 06:39:07.413 10 INFO neutron.services.segments.plugin [-] Segment 39e78a9b-9cc3-4fae-a495-a8ed5c3859d9 resource provider not found; error: Placement Client Error (4xx): {"errors": [{"status": 404, "title": "Not Found", "detail": "The resource could not be found.\n\n No resource provider with uuid 39e78a9b-9cc3-4fae-a495-a8ed5c3859d9 found for delete ", "request_id": "req-f119ee89-6768-4df4-b4a6-4ca7992a4477"}]}
2026-09-11 06:39:07.414 10 INFO neutron.services.segments.plugin [-] Segment 39e78a9b-9cc3-4fae-a495-a8ed5c3859d9 resource provider aggregate not found
2026-09-11 06:39:07.433 10 INFO neutron.services.segments.plugin [-] Segment 39e78a9b-9cc3-4fae-a495-a8ed5c3859d9 resource provider not found; error: Placement Client Error (4xx): {"errors": [{"status": 404, "title": "Not Found", "detail": "The resource could not be found.\n\n No resource provider with uuid 39e78a9b-9cc3-4fae-a495-a8ed5c3859d9 found for delete ", "request_id": "req-6afaa0ac-151b-4656-bf26-7cb7ebeb6fa6"}]}
2026-09-11 06:39:07.549 9 INFO neutron.db.ovn_revision_numbers_db [None req-ee98cb53-e16b-4aae-866f-d5b9850283ca 4facf21b67b5420882db26f0149e35a5 3a3ad1ba856044ca899ed5347b2590d6 - - default default] Successfully bumped revision number for resource eb8e4adb-29ce-4f34-8de5-e6e88823f4d6 (type: networks) to 1
2026-09-11 06:39:08.002 9 WARNING neutron.scheduler.dhcp_agent_scheduler [None req-ee98cb53-e16b-4aae-866f-d5b9850283ca 4facf21b67b5420882db26f0149e35a5 3a3ad1ba856044ca899ed5347b2590d6 - - default default] No more DHCP agents
2026-09-11 06:39:08.009 9 WARNING neutron.api.rpc.agentnotifiers.dhcp_rpc_agent_api [None req-ee98cb53-e16b-4aae-866f-d5b9850283ca 4facf21b67b5420882db26f0149e35a5 3a3ad1ba856044ca899ed5347b2590d6 - - default default] Unable to schedule network eb8e4adb-29ce-4f34-8de5-e6e88823f4d6: no agents available; will retry on subsequent port and subnet creation events.
2026-09-11 06:39:08.117 9 INFO neutron.wsgi [None req-f8c31f1f-2c92-414a-b2bf-a0763e2db43c e915aac3d8cf44b5bd14642408eaa706 d5a18636bbbc4419932587742c22c0e5 - - default default] 10.0.0.148 "PUT /v2.0/routers/d9c9fa68-8e92-422b-b82f-211dbef30907/remove_router_interface HTTP/1.1" status: 200 len: 503 time: 1.5478759
2026-09-11 06:39:08.134 9 INFO neutron.db.ovn_revision_numbers_db [None req-ee98cb53-e16b-4aae-866f-d5b9850283ca 4facf21b67b5420882db26f0149e35a5 3a3ad1ba856044ca899ed5347b2590d6 - - default default] Successfully bumped revision number for resource 3ee25446-3188-4b20-819a-861029dbe862 (type: ports) to 1
2026-09-11 06:39:08.154 9 INFO neutron.wsgi [None req-ee98cb53-e16b-4aae-866f-d5b9850283ca 4facf21b67b5420882db26f0149e35a5 3a3ad1ba856044ca899ed5347b2590d6 - - default default] 10.0.0.148 "POST /v2.0/networks HTTP/1.1" status: 201 len: 853 time: 0.9341002 /var/lib/openstack/lib/python3.10/site-packages/pycadf/identifier.py:71: UserWarning: Invalid uuid: neutron. To ensure interoperability, identifiers should be a valid uuid. warnings.warn(('Invalid uuid: %s. To ensure interoperability, '
2026-09-11 06:39:08.266 9 INFO neutron.db.segments_db [None req-2123cb49-3b44-4946-aa79-221577a82779 4facf21b67b5420882db26f0149e35a5 3a3ad1ba856044ca899ed5347b2590d6 - - default default] Added segment 8faa5449-49f2-437c-9dee-4461f650be7b of type geneve for network 89153077-6f2e-49f6-ba12-eb812dcf2a4b
2026-09-11 06:39:08.417 9 INFO neutron.db.ovn_revision_numbers_db [None req-2123cb49-3b44-4946-aa79-221577a82779 4facf21b67b5420882db26f0149e35a5 3a3ad1ba856044ca899ed5347b2590d6 - - default default] Successfully bumped revision number for resource 89153077-6f2e-49f6-ba12-eb812dcf2a4b (type: networks) to 1
2026-09-11 06:39:08.577 9 WARNING neutron.scheduler.dhcp_agent_scheduler [None req-2123cb49-3b44-4946-aa79-221577a82779 4facf21b67b5420882db26f0149e35a5 3a3ad1ba856044ca899ed5347b2590d6 - - default default] No more DHCP agents
2026-09-11 06:39:08.579 9 WARNING neutron.api.rpc.agentnotifiers.dhcp_rpc_agent_api [None req-2123cb49-3b44-4946-aa79-221577a82779 4facf21b67b5420882db26f0149e35a5 3a3ad1ba856044ca899ed5347b2590d6 - - default default] Unable to schedule network 89153077-6f2e-49f6-ba12-eb812dcf2a4b: no agents available; will retry on subsequent port and subnet creation events.
2026-09-11 06:39:08.645 9 INFO neutron.db.ovn_revision_numbers_db [None req-2123cb49-3b44-4946-aa79-221577a82779 4facf21b67b5420882db26f0149e35a5 3a3ad1ba856044ca899ed5347b2590d6 - - default default] Successfully bumped revision number for resource 0589d6d7-a3b8-4875-9961-fa83be37f433 (type: ports) to 1
2026-09-11 06:39:08.662 9 INFO neutron.wsgi [None req-2123cb49-3b44-4946-aa79-221577a82779 4facf21b67b5420882db26f0149e35a5 3a3ad1ba856044ca899ed5347b2590d6 - - default default] 10.0.0.148 "POST /v2.0/networks HTTP/1.1" status: 201 len: 853 time: 0.5042512
2026-09-11 06:39:08.680 10 INFO neutron.wsgi [None req-4a1d4a9b-9dcd-4892-b5ad-a6e9139d1246 e915aac3d8cf44b5bd14642408eaa706 d5a18636bbbc4419932587742c22c0e5 - - default default] 10.0.0.148 "DELETE /v2.0/routers/d9c9fa68-8e92-422b-b82f-211dbef30907 HTTP/1.1" status: 204 len: 168 time: 0.5574028
2026-09-11 06:39:08.833 9 INFO neutron.wsgi [None req-323353c4-4df4-4f7d-958a-6d1795182b3d e915aac3d8cf44b5bd14642408eaa706 d5a18636bbbc4419932587742c22c0e5 - - default default] 10.0.0.148 "DELETE /v2.0/subnets/0d469e0d-f46a-4172-ad16-b60b2c08284d HTTP/1.1" status: 204 len: 168 time: 0.1453786
2026-09-11 06:39:09.134 9 INFO neutron.services.segments.plugin [-] Segment 8c18d444-ee81-47d3-8514-9ee36684e44c resource provider aggregate not found
2026-09-11 06:39:09.138 9 INFO neutron.services.segments.plugin [-] Segment 8c18d444-ee81-47d3-8514-9ee36684e44c resource provider aggregate not found
2026-09-11 06:39:09.151 9 INFO neutron.services.segments.plugin [-] Segment 8c18d444-ee81-47d3-8514-9ee36684e44c resource provider not found; error: Placement Client Error (4xx): {"errors": [{"status": 404, "title": "Not Found", "detail": "The resource could not be found.\n\n No resource provider with uuid 8c18d444-ee81-47d3-8514-9ee36684e44c found for delete ", "request_id": "req-f26016f7-f639-46ff-b796-8d765cda2f38"}]}
2026-09-11 06:39:09.154 9 INFO neutron.services.segments.plugin [-] Segment 8c18d444-ee81-47d3-8514-9ee36684e44c resource provider not found; error: Placement Client Error (4xx): {"errors": [{"status": 404, "title": "Not Found", "detail": "The resource could not be found.\n\n No resource provider with uuid 8c18d444-ee81-47d3-8514-9ee36684e44c found for delete ", "request_id": "req-a733705c-22fb-4d0f-b3ca-c4afa1e59d94"}]}
2026-09-11 06:39:09.175 9 INFO neutron.wsgi [None req-6bcb7208-61ab-4abb-8980-fd5c165fdd6d e915aac3d8cf44b5bd14642408eaa706 d5a18636bbbc4419932587742c22c0e5 - - default default] 10.0.0.148 "DELETE /v2.0/networks/6765d756-0d98-46c5-af8e-cce6e615e0f1 HTTP/1.1" status: 204 len: 168 time: 0.3387003
2026-09-11 06:39:09.353 9 INFO neutron.wsgi [None req-acb1b2c5-856c-441e-a107-9c7b0044fc19 e915aac3d8cf44b5bd14642408eaa706 d5a18636bbbc4419932587742c22c0e5 - - default default] 10.0.0.148 "GET /v2.0/security-groups?tenant_id=eb3a33433b214006960ff878677e4c8d&name=default HTTP/1.1" status: 200 len: 2996 time: 0.0526485
2026-09-11 06:39:09.555 9 INFO neutron.wsgi [None req-0a51a26c-b925-4c2c-88aa-ffb143638926 e915aac3d8cf44b5bd14642408eaa706 d5a18636bbbc4419932587742c22c0e5 - - default default] 10.0.0.148 "DELETE /v2.0/security-groups/1e741dbe-1cf0-4a7a-9c9d-d57359fb9e06 HTTP/1.1" status: 204 len: 168 time: 0.1981928
2026-09-11 06:39:09.739 10 WARNING neutron.scheduler.dhcp_agent_scheduler [None req-0eeaed85-3184-4b58-9492-eb0ae46be7d4 4facf21b67b5420882db26f0149e35a5 3a3ad1ba856044ca899ed5347b2590d6 - - default default] No more DHCP agents
2026-09-11 06:39:09.746 10 WARNING neutron.api.rpc.agentnotifiers.dhcp_rpc_agent_api [None req-0eeaed85-3184-4b58-9492-eb0ae46be7d4 4facf21b67b5420882db26f0149e35a5 3a3ad1ba856044ca899ed5347b2590d6 - - default default] Unable to schedule network eb8e4adb-29ce-4f34-8de5-e6e88823f4d6: no agents available; will retry on subsequent port and subnet creation events.
2026-09-11 06:39:09.790 10 INFO neutron.db.ovn_revision_numbers_db [None req-0eeaed85-3184-4b58-9492-eb0ae46be7d4 4facf21b67b5420882db26f0149e35a5 3a3ad1ba856044ca899ed5347b2590d6 - - default default] Successfully bumped revision number for resource aed1eff3-0f4c-47a7-a2ba-8e0f6eb09e46 (type: subnets) to 0
2026-09-11 06:39:09.817 10 WARNING neutron.scheduler.dhcp_agent_scheduler [None req-0eeaed85-3184-4b58-9492-eb0ae46be7d4 4facf21b67b5420882db26f0149e35a5 3a3ad1ba856044ca899ed5347b2590d6 - - default default] No more DHCP agents
2026-09-11 06:39:09.819 10 WARNING neutron.api.rpc.agentnotifiers.dhcp_rpc_agent_api [None req-0eeaed85-3184-4b58-9492-eb0ae46be7d4 4facf21b67b5420882db26f0149e35a5 3a3ad1ba856044ca899ed5347b2590d6 - - default default] Unable to schedule network 89153077-6f2e-49f6-ba12-eb812dcf2a4b: no agents available; will retry on subsequent port and subnet creation events.
2026-09-11 06:39:09.904 10 INFO neutron.db.ovn_revision_numbers_db [None req-0eeaed85-3184-4b58-9492-eb0ae46be7d4 4facf21b67b5420882db26f0149e35a5 3a3ad1ba856044ca899ed5347b2590d6 - - default default] Successfully bumped revision number for resource 3a070be0-c89f-472f-b1a6-b19cdf1e74f0 (type: subnets) to 0
2026-09-11 06:39:09.932 10 INFO neutron.wsgi [None req-0eeaed85-3184-4b58-9492-eb0ae46be7d4 4facf21b67b5420882db26f0149e35a5 3a3ad1ba856044ca899ed5347b2590d6 - - default default] 10.0.0.148 "POST /v2.0/subnets HTTP/1.1" status: 201 len: 1475 time: 0.7958493
2026-09-11 06:39:09.989 10 INFO neutron.wsgi [None req-8b9c593e-af35-4943-b748-eaf958ea2af1 4facf21b67b5420882db26f0149e35a5 3a3ad1ba856044ca899ed5347b2590d6 - - default default] 10.0.0.148 "GET /v2.0/subnets HTTP/1.1" status: 200 len: 2083 time: 0.0519423
2026-09-11 06:39:10.176 10 INFO neutron.wsgi [None req-82562155-651c-43a8-8ad5-aaff0c055d20 4facf21b67b5420882db26f0149e35a5 3a3ad1ba856044ca899ed5347b2590d6 - - default default] 10.0.0.148 "DELETE /v2.0/subnets/aed1eff3-0f4c-47a7-a2ba-8e0f6eb09e46 HTTP/1.1" status: 204 len: 168 time: 0.1756976
2026-09-11 06:39:10.314 10 INFO neutron.wsgi [None req-05fe69bf-1d3b-4285-8330-7080cada3ca4 4facf21b67b5420882db26f0149e35a5 3a3ad1ba856044ca899ed5347b2590d6 - - default default] 10.0.0.148 "DELETE /v2.0/subnets/3a070be0-c89f-472f-b1a6-b19cdf1e74f0 HTTP/1.1" status: 204 len: 168 time: 0.1325738
2026-09-11 06:39:10.354 10 INFO neutron.wsgi [None req-ef916ea9-193c-4c3f-ba54-d852c4eb2e02 4facf21b67b5420882db26f0149e35a5 3a3ad1ba856044ca899ed5347b2590d6 - - default default] 10.0.0.148 "GET /v2.0/subnets HTTP/1.1" status: 200 len: 820 time: 0.0353584
2026-09-11 06:39:10.883 10 INFO neutron.services.segments.plugin [-] Segment 8faa5449-49f2-437c-9dee-4461f650be7b resource provider aggregate not found
2026-09-11 06:39:10.901 10 INFO neutron.services.segments.plugin [-] Segment 8faa5449-49f2-437c-9dee-4461f650be7b resource provider aggregate not found
2026-09-11 06:39:10.908 10 INFO neutron.services.segments.plugin [-] Segment 8faa5449-49f2-437c-9dee-4461f650be7b resource provider not found; error: Placement Client Error (4xx): {"errors": [{"status": 404, "title": "Not Found", "detail": "The resource could not be found.\n\n No resource provider with uuid 8faa5449-49f2-437c-9dee-4461f650be7b found for delete ", "request_id": "req-6af081f5-377c-4ecb-a763-5589a1db97df"}]}
2026-09-11 06:39:10.923 10 INFO neutron.services.segments.plugin [-] Segment 8faa5449-49f2-437c-9dee-4461f650be7b resource provider not found; error: Placement Client Error (4xx): {"errors": [{"status": 404, "title": "Not Found", "detail": "The resource could not be found.\n\n No resource provider with uuid 8faa5449-49f2-437c-9dee-4461f650be7b found for delete ", "request_id": "req-1eb78972-5e77-4435-84c9-034916dac571"}]}
2026-09-11 06:39:10.927 10 INFO neutron.wsgi [None req-702a1348-105e-4056-abbb-74f9070853c8 4facf21b67b5420882db26f0149e35a5 3a3ad1ba856044ca899ed5347b2590d6 - - default default] 10.0.0.148 "DELETE /v2.0/networks/89153077-6f2e-49f6-ba12-eb812dcf2a4b HTTP/1.1" status: 204 len: 168 time: 0.5605226
2026-09-11 06:39:11.374 9 INFO neutron.services.segments.plugin [-] Segment 1c99824a-7f42-4a48-b9fa-d606a070926a resource provider aggregate not found
2026-09-11 06:39:11.389 9 INFO neutron.services.segments.plugin [-] Segment 1c99824a-7f42-4a48-b9fa-d606a070926a resource provider aggregate not found
2026-09-11 06:39:11.398 9 INFO neutron.services.segments.plugin [-] Segment 1c99824a-7f42-4a48-b9fa-d606a070926a resource provider not found; error: Placement Client Error (4xx): {"errors": [{"status": 404, "title": "Not Found", "detail": "The resource could not be found.\n\n No resource provider with uuid 1c99824a-7f42-4a48-b9fa-d606a070926a found for delete ", "request_id": "req-f724ac18-7407-4a6c-8a60-0b54907fa7d5"}]}
2026-09-11 06:39:11.409 9 INFO neutron.services.segments.plugin [-] Segment 1c99824a-7f42-4a48-b9fa-d606a070926a resource provider not found; error: Placement Client Error (4xx): {"errors": [{"status": 404, "title": "Not Found", "detail": "The resource could not be found.\n\n No resource provider with uuid 1c99824a-7f42-4a48-b9fa-d606a070926a found for delete ", "request_id": "req-00280394-79e5-4850-8316-56c02dd03dc6"}]}
2026-09-11 06:39:11.430 9 INFO neutron.wsgi [None req-116edd54-fe99-48d4-bfb4-a206cd73a077 4facf21b67b5420882db26f0149e35a5 3a3ad1ba856044ca899ed5347b2590d6 - - default default] 10.0.0.148 "DELETE /v2.0/networks/eb8e4adb-29ce-4f34-8de5-e6e88823f4d6 HTTP/1.1" status: 204 len: 168 time: 0.4987428
2026-09-11 06:39:11.869 10 INFO neutron.db.ovn_revision_numbers_db [None req-21803b58-ab17-4442-bff8-59bf1b4dab50 e915aac3d8cf44b5bd14642408eaa706 d5a18636bbbc4419932587742c22c0e5 - - default default] Successfully bumped revision number for resource 54f7dc3e-0ddc-49e9-ad1d-a2ab8093bf19 (type: security_groups) to 1
2026-09-11 06:39:11.893 9 INFO neutron.wsgi [None req-b318b106-5be1-4d8d-b6b8-7efd3d3b5043 4facf21b67b5420882db26f0149e35a5 3a3ad1ba856044ca899ed5347b2590d6 - - default default] 10.0.0.148 "DELETE /v2.0/networks/2059de73-4d8f-4e5e-affa-f99fc479393e HTTP/1.1" status: 204 len: 168 time: 0.4563525
2026-09-11 06:39:11.894 10 INFO neutron.db.ovn_revision_numbers_db [None req-21803b58-ab17-4442-bff8-59bf1b4dab50 e915aac3d8cf44b5bd14642408eaa706 d5a18636bbbc4419932587742c22c0e5 - - default default] Successfully bumped revision number for resource 495ff05f-e65d-4bb6-921f-3286de8a250e (type: security_group_rules) to 0
2026-09-11 06:39:11.927 10 INFO neutron.db.ovn_revision_numbers_db [None req-21803b58-ab17-4442-bff8-59bf1b4dab50 e915aac3d8cf44b5bd14642408eaa706 d5a18636bbbc4419932587742c22c0e5 - - default default] Successfully bumped revision number for resource a7655ffe-5d98-4c50-bb5d-5e8aacd9ea2d (type: security_group_rules) to 0
2026-09-11 06:39:11.952 9 INFO neutron.db.ovn_revision_numbers_db [None req-0c65a552-b9ec-45e5-a39d-912f217a4842 e915aac3d8cf44b5bd14642408eaa706 d5a18636bbbc4419932587742c22c0e5 - - default default] Successfully bumped revision number for resource c3f769c5-3b28-4340-b59d-66406a240a20 (type: security_groups) to 1
2026-09-11 06:39:11.960 10 INFO neutron.db.ovn_revision_numbers_db [None req-21803b58-ab17-4442-bff8-59bf1b4dab50 e915aac3d8cf44b5bd14642408eaa706 d5a18636bbbc4419932587742c22c0e5 - - default default] Successfully bumped revision number for resource aa22442b-7c52-40af-ad1b-35858e471067 (type: security_group_rules) to 0
2026-09-11 06:39:11.968 9 INFO neutron.db.ovn_revision_numbers_db [None req-0c65a552-b9ec-45e5-a39d-912f217a4842 e915aac3d8cf44b5bd14642408eaa706 d5a18636bbbc4419932587742c22c0e5 - - default default] Successfully bumped revision number for resource 5a002218-1fd5-4e52-8413-513a5f742d95 (type: security_group_rules) to 0
2026-09-11 06:39:11.980 10 INFO neutron.db.ovn_revision_numbers_db [None req-21803b58-ab17-4442-bff8-59bf1b4dab50 e915aac3d8cf44b5bd14642408eaa706 d5a18636bbbc4419932587742c22c0e5 - - default default] Successfully bumped revision number for resource de686a01-38e6-4c61-8151-a5dc78474f23 (type: security_group_rules) to 0
2026-09-11 06:39:11.981 9 INFO neutron.db.ovn_revision_numbers_db [None req-0c65a552-b9ec-45e5-a39d-912f217a4842 e915aac3d8cf44b5bd14642408eaa706 d5a18636bbbc4419932587742c22c0e5 - - default default] Successfully bumped revision number for resource 85e6f25b-1b80-4234-bb82-9894a7bd2d9b (type: security_group_rules) to 0
2026-09-11 06:39:11.997 9 INFO neutron.db.ovn_revision_numbers_db [None req-0c65a552-b9ec-45e5-a39d-912f217a4842 e915aac3d8cf44b5bd14642408eaa706 d5a18636bbbc4419932587742c22c0e5 - - default default] Successfully bumped revision number for resource 946a318b-c05b-43c4-864f-e1f82a537f5a (type: security_group_rules) to 0
2026-09-11 06:39:12.005 10 INFO neutron.wsgi [None req-21803b58-ab17-4442-bff8-59bf1b4dab50 e915aac3d8cf44b5bd14642408eaa706 d5a18636bbbc4419932587742c22c0e5 - - default default] 10.0.0.148 "GET /v2.0/security-groups?tenant_id=e3780415f94f422f858bc355422368ba&name=default HTTP/1.1" status: 200 len: 2996 time: 0.3815870
2026-09-11 06:39:12.029 9 INFO neutron.db.ovn_revision_numbers_db [None req-0c65a552-b9ec-45e5-a39d-912f217a4842 e915aac3d8cf44b5bd14642408eaa706 d5a18636bbbc4419932587742c22c0e5 - - default default] Successfully bumped revision number for resource eccd1a3c-c287-441c-a264-c84ad391b72d (type: security_group_rules) to 0
2026-09-11 06:39:12.093 9 INFO neutron.db.segments_db [None req-0c65a552-b9ec-45e5-a39d-912f217a4842 e915aac3d8cf44b5bd14642408eaa706 d5a18636bbbc4419932587742c22c0e5 - - default default] Added segment e13ab465-5652-4666-93cf-ccba0f183f86 of type geneve for network 5c674f1b-02bd-448b-a5a7-8c3e3a39da7a
2026-09-11 06:39:12.215 9 INFO neutron.db.ovn_revision_numbers_db [None req-0c65a552-b9ec-45e5-a39d-912f217a4842 e915aac3d8cf44b5bd14642408eaa706 d5a18636bbbc4419932587742c22c0e5 - - default default] Successfully bumped revision number for resource 5c674f1b-02bd-448b-a5a7-8c3e3a39da7a (type: networks) to 1
2026-09-11 06:39:12.235 9 INFO neutron.wsgi [None req-af0e0f59-c9f1-4b57-9bdb-4fc9ba1f6a74 e915aac3d8cf44b5bd14642408eaa706 d5a18636bbbc4419932587742c22c0e5 - - default default] 10.0.0.148 "DELETE /v2.0/security-groups/54f7dc3e-0ddc-49e9-ad1d-a2ab8093bf19 HTTP/1.1" status: 204 len: 168 time: 0.2249563
2026-09-11 06:39:12.347 10 INFO neutron.wsgi [None req-093c5488-f641-4c55-8b7f-8d5727338971 4facf21b67b5420882db26f0149e35a5 3a3ad1ba856044ca899ed5347b2590d6 - - default default] 10.0.0.148 "DELETE /v2.0/networks/a80512cc-28ca-473e-807c-b1466afa7d95 HTTP/1.1" status: 204 len: 168 time: 0.4493756
2026-09-11 06:39:12.408 9 WARNING neutron.scheduler.dhcp_agent_scheduler [None req-0c65a552-b9ec-45e5-a39d-912f217a4842 e915aac3d8cf44b5bd14642408eaa706 d5a18636bbbc4419932587742c22c0e5 - - default default] No more DHCP agents
2026-09-11 06:39:12.411 9 WARNING neutron.api.rpc.agentnotifiers.dhcp_rpc_agent_api [None req-0c65a552-b9ec-45e5-a39d-912f217a4842 e915aac3d8cf44b5bd14642408eaa706 d5a18636bbbc4419932587742c22c0e5 - - default default] Unable to schedule network 5c674f1b-02bd-448b-a5a7-8c3e3a39da7a: no agents available; will retry on subsequent port and subnet creation events.
2026-09-11 06:39:12.476 10 INFO neutron.db.ovn_revision_numbers_db [None req-245d285e-b7d6-4600-8982-1777f86a129c e915aac3d8cf44b5bd14642408eaa706 d5a18636bbbc4419932587742c22c0e5 - - default default] Successfully bumped revision number for resource ae24e386-b5a7-4f9a-95f3-1ae7d4bb489d (type: security_groups) to 1
2026-09-11 06:39:12.483 9 INFO neutron.db.ovn_revision_numbers_db [None req-0c65a552-b9ec-45e5-a39d-912f217a4842 e915aac3d8cf44b5bd14642408eaa706 d5a18636bbbc4419932587742c22c0e5 - - default default] Successfully bumped revision number for resource b5441ba7-f371-4c2b-a9ec-656c1ae70702 (type: ports) to 1
2026-09-11 06:39:12.488 10 INFO neutron.db.ovn_revision_numbers_db [None req-245d285e-b7d6-4600-8982-1777f86a129c e915aac3d8cf44b5bd14642408eaa706 d5a18636bbbc4419932587742c22c0e5 - - default default] Successfully bumped revision number for resource 0b97801e-a09a-4137-bca4-b407299e3f1a (type: security_group_rules) to 0
2026-09-11 06:39:12.498 9 INFO neutron.wsgi [None req-0c65a552-b9ec-45e5-a39d-912f217a4842 e915aac3d8cf44b5bd14642408eaa706 d5a18636bbbc4419932587742c22c0e5 - - default default] 10.0.0.148 "POST /v2.0/networks HTTP/1.1" status: 201 len: 948 time: 0.9315734
2026-09-11 06:39:12.506 10 INFO neutron.db.ovn_revision_numbers_db [None req-245d285e-b7d6-4600-8982-1777f86a129c e915aac3d8cf44b5bd14642408eaa706 d5a18636bbbc4419932587742c22c0e5 - - default default] Successfully bumped revision number for resource 3464c391-7ba3-4e6d-9de8-8bfb99cbb45b (type: security_group_rules) to 0
2026-09-11 06:39:12.523 10 INFO neutron.db.ovn_revision_numbers_db [None req-245d285e-b7d6-4600-8982-1777f86a129c e915aac3d8cf44b5bd14642408eaa706 d5a18636bbbc4419932587742c22c0e5 - - default default] Successfully bumped revision number for resource 9d2773a9-b6d9-4e51-93d8-4ba74aae9d50 (type: security_group_rules) to 0
2026-09-11 06:39:12.561 10 INFO neutron.db.ovn_revision_numbers_db [None req-245d285e-b7d6-4600-8982-1777f86a129c e915aac3d8cf44b5bd14642408eaa706 d5a18636bbbc4419932587742c22c0e5 - - default default] Successfully bumped revision number for resource fa4a0ec1-5383-4628-8efe-8646bb9a1b99 (type: security_group_rules) to 0
2026-09-11 06:39:12.588 10 INFO neutron.wsgi [None req-245d285e-b7d6-4600-8982-1777f86a129c e915aac3d8cf44b5bd14642408eaa706 d5a18636bbbc4419932587742c22c0e5 - - default default] 10.0.0.148 "GET /v2.0/security-groups?tenant_id=2f171d4f889b4e21a04f83605ca69fec&name=default HTTP/1.1" status: 200 len: 2996 time: 0.2142503
2026-09-11 06:39:12.697 9 WARNING neutron.scheduler.dhcp_agent_scheduler [None req-5b7f0d30-3e57-4f21-8a9d-778e769e0288 e915aac3d8cf44b5bd14642408eaa706 d5a18636bbbc4419932587742c22c0e5 - - default default] No more DHCP agents
2026-09-11 06:39:12.699 9 WARNING neutron.api.rpc.agentnotifiers.dhcp_rpc_agent_api [None req-5b7f0d30-3e57-4f21-8a9d-778e769e0288 e915aac3d8cf44b5bd14642408eaa706 d5a18636bbbc4419932587742c22c0e5 - - default default] Unable to schedule network 5c674f1b-02bd-448b-a5a7-8c3e3a39da7a: no agents available; will retry on subsequent port and subnet creation events.
2026-09-11 06:39:12.757 10 INFO neutron.wsgi [None req-4bd46315-f57e-4ac4-9f1c-07215dac62a5 e915aac3d8cf44b5bd14642408eaa706 d5a18636bbbc4419932587742c22c0e5 - - default default] 10.0.0.148 "DELETE /v2.0/security-groups/ae24e386-b5a7-4f9a-95f3-1ae7d4bb489d HTTP/1.1" status: 204 len: 168 time: 0.1644340
2026-09-11 06:39:12.932 10 INFO neutron.services.segments.plugin [-] Segment 57df86ac-3e78-4ba8-9874-6fe037829d69 resource provider aggregate not found
2026-09-11 06:39:12.957 10 INFO neutron.services.segments.plugin [-] Segment 57df86ac-3e78-4ba8-9874-6fe037829d69 resource provider not found; error: Placement Client Error (4xx): {"errors": [{"status": 404, "title": "Not Found", "detail": "The resource could not be found.\n\n No resource provider with uuid 57df86ac-3e78-4ba8-9874-6fe037829d69 found for delete ", "request_id": "req-5c54e9c4-1194-4d1c-abdf-75363b63d381"}]}
2026-09-11 06:39:12.962 10 INFO neutron.services.segments.plugin [-] Segment 57df86ac-3e78-4ba8-9874-6fe037829d69 resource provider aggregate not found
2026-09-11 06:39:12.980 10 INFO neutron.services.segments.plugin [-] Segment 57df86ac-3e78-4ba8-9874-6fe037829d69 resource provider not found; error: Placement Client Error (4xx): {"errors": [{"status": 404, "title": "Not Found", "detail": "The resource could not be found.\n\n No resource provider with uuid 57df86ac-3e78-4ba8-9874-6fe037829d69 found for delete ", "request_id": "req-00b9787e-026e-4d54-945a-4e07a536058c"}]}
2026-09-11 06:39:13.135 9 INFO neutron.db.ovn_revision_numbers_db [None req-5b7f0d30-3e57-4f21-8a9d-778e769e0288 e915aac3d8cf44b5bd14642408eaa706 d5a18636bbbc4419932587742c22c0e5 - - default default] Successfully bumped revision number for resource b5441ba7-f371-4c2b-a9ec-656c1ae70702 (type: ports) to 2
2026-09-11 06:39:13.174 9 INFO neutron.db.ovn_revision_numbers_db [None req-5b7f0d30-3e57-4f21-8a9d-778e769e0288 e915aac3d8cf44b5bd14642408eaa706 d5a18636bbbc4419932587742c22c0e5 - - default default] Successfully bumped revision number for resource 340c62d6-9891-41c9-a456-3e06e8c379b9 (type: subnets) to 0
2026-09-11 06:39:13.184 9 INFO neutron.wsgi [None req-d3253eda-6d7d-40c2-b49a-b19757667c8c e915aac3d8cf44b5bd14642408eaa706 d5a18636bbbc4419932587742c22c0e5 - - default default] 10.0.0.148 "GET /v2.0/security-groups?tenant_id=3a3ad1ba856044ca899ed5347b2590d6&name=default HTTP/1.1" status: 200 len: 2996 time: 0.2879398
2026-09-11 06:39:13.187 9 INFO neutron.wsgi [None req-5b7f0d30-3e57-4f21-8a9d-778e769e0288 e915aac3d8cf44b5bd14642408eaa706 d5a18636bbbc4419932587742c22c0e5 - - default default] 10.0.0.148 "POST /v2.0/subnets HTTP/1.1" status: 201 len: 868 time: 0.6836491
2026-09-11 06:39:13.419 9 INFO neutron.services.segments.plugin [-] Segment cc97d084-0ffd-40b0-9a71-c7898f8c91c0 resource provider aggregate not found
2026-09-11 06:39:13.435 9 INFO neutron.services.segments.plugin [-] Segment cc97d084-0ffd-40b0-9a71-c7898f8c91c0 resource provider not found; error: Placement Client Error (4xx): {"errors": [{"status": 404, "title": "Not Found", "detail": "The resource could not be found.\n\n No resource provider with uuid cc97d084-0ffd-40b0-9a71-c7898f8c91c0 found for delete ", "request_id": "req-69174cb6-c2f4-48a3-af19-23e48eb4325e"}]}
2026-09-11 06:39:13.439 9 INFO neutron.services.segments.plugin [-] Segment cc97d084-0ffd-40b0-9a71-c7898f8c91c0 resource provider aggregate not found
2026-09-11 06:39:13.457 9 INFO neutron.services.segments.plugin [-] Segment cc97d084-0ffd-40b0-9a71-c7898f8c91c0 resource provider not found; error: Placement Client Error (4xx): {"errors": [{"status": 404, "title": "Not Found", "detail": "The resource could not be found.\n\n No resource provider with uuid cc97d084-0ffd-40b0-9a71-c7898f8c91c0 found for delete ", "request_id": "req-c01a0e1c-be1d-43fe-a41f-10e3a6f6a7b5"}]}
2026-09-11 06:39:13.597 9 INFO neutron.wsgi [None req-2dd7bd15-0bcb-4b05-bde4-2564b275faee e915aac3d8cf44b5bd14642408eaa706 d5a18636bbbc4419932587742c22c0e5 - - default default] 10.0.0.148 "DELETE /v2.0/security-groups/7584cc1d-6d0e-4e9c-811f-c9dd580835dc HTTP/1.1" status: 204 len: 168 time: 0.4080386
2026-09-11 06:39:13.722 9 WARNING neutron.scheduler.dhcp_agent_scheduler [None req-ec3ba0f0-e064-4d8c-9e23-1a9a89178576 e915aac3d8cf44b5bd14642408eaa706 d5a18636bbbc4419932587742c22c0e5 - - default default] No more DHCP agents
2026-09-11 06:39:13.724 9 WARNING neutron.api.rpc.agentnotifiers.dhcp_rpc_agent_api [None req-ec3ba0f0-e064-4d8c-9e23-1a9a89178576 e915aac3d8cf44b5bd14642408eaa706 d5a18636bbbc4419932587742c22c0e5 - - default default] Unable to schedule network e871f3f8-9325-4ec8-89b9-e381e1782448: no agents available; will retry on subsequent port and subnet creation events.
2026-09-11 06:39:13.848 9 INFO neutron.db.ovn_revision_numbers_db [None req-ec3ba0f0-e064-4d8c-9e23-1a9a89178576 e915aac3d8cf44b5bd14642408eaa706 d5a18636bbbc4419932587742c22c0e5 - - default default] Successfully bumped revision number for resource c4dc3b3d-900b-4c6f-890b-cc5c04d2768e (type: ports) to 1
2026-09-11 06:39:14.502 10 INFO neutron.plugins.ml2.drivers.ovn.mech_driver.mech_driver [None req-22667b2b-b3d4-4950-9b97-cf9617e86ba2 - - - - - -] OVN reports status up for port: c4dc3b3d-900b-4c6f-890b-cc5c04d2768e
2026-09-11 06:39:14.510 10 INFO neutron.plugins.ml2.plugin [None req-22667b2b-b3d4-4950-9b97-cf9617e86ba2 - - - - - -] Attempt 1 to provision port c4dc3b3d-900b-4c6f-890b-cc5c04d2768e
2026-09-11 06:39:14.522 9 INFO neutron.db.ovn_revision_numbers_db [None req-ec3ba0f0-e064-4d8c-9e23-1a9a89178576 e915aac3d8cf44b5bd14642408eaa706 d5a18636bbbc4419932587742c22c0e5 - - default default] Successfully bumped revision number for resource c4dc3b3d-900b-4c6f-890b-cc5c04d2768e (type: router_ports) to 1
2026-09-11 06:39:14.525 9 INFO neutron.plugins.ml2.drivers.ovn.mech_driver.ovsdb.ovsdb_monitor [None req-8fef02c4-cbb0-4e9d-8cfc-031b3677f726 - - - - - -] Router 05ffa49c-6b06-42bd-8f6e-2b0660a57417 is bound to host instance
2026-09-11 06:39:14.595 9 INFO neutron.db.ovn_revision_numbers_db [None req-ec3ba0f0-e064-4d8c-9e23-1a9a89178576 e915aac3d8cf44b5bd14642408eaa706 d5a18636bbbc4419932587742c22c0e5 - - default default] Successfully bumped revision number for resource 05ffa49c-6b06-42bd-8f6e-2b0660a57417 (type: routers) to 2
2026-09-11 06:39:14.613 9 INFO neutron.wsgi [None req-ec3ba0f0-e064-4d8c-9e23-1a9a89178576 e915aac3d8cf44b5bd14642408eaa706 d5a18636bbbc4419932587742c22c0e5 - - default default] 10.0.0.148 "POST /v2.0/routers HTTP/1.1" status: 201 len: 879 time: 1.4193919
2026-09-11 06:39:15.185 9 INFO neutron.db.ovn_revision_numbers_db [None req-8fef02c4-cbb0-4e9d-8cfc-031b3677f726 - - - - - -] Successfully bumped revision number for resource c4dc3b3d-900b-4c6f-890b-cc5c04d2768e (type: ports) to 1
2026-09-11 06:39:15.186 9 WARNING neutron.scheduler.dhcp_agent_scheduler [None req-5d9200eb-c0bd-4155-ac1d-d060f1a0cb93 e915aac3d8cf44b5bd14642408eaa706 d5a18636bbbc4419932587742c22c0e5 - - default default] No more DHCP agents
2026-09-11 06:39:15.189 9 WARNING neutron.api.rpc.agentnotifiers.dhcp_rpc_agent_api [None req-5d9200eb-c0bd-4155-ac1d-d060f1a0cb93 e915aac3d8cf44b5bd14642408eaa706 d5a18636bbbc4419932587742c22c0e5 - - default default] Unable to schedule network 5c674f1b-02bd-448b-a5a7-8c3e3a39da7a: no agents available; will retry on subsequent port and subnet creation events.
2026-09-11 06:39:15.353 10 INFO neutron.wsgi [req-288673b7-bdd3-489b-82e3-c6d8a1c0b1b0 req-382f63bb-080c-450f-9e25-799af5919e15 efe35623479b45798794747db62a1a5c cabec951436a4d0eaec193ce1f9fc389 - - c31d3e9b3c3142cba44307f86026f19a c31d3e9b3c3142cba44307f86026f19a] 10.0.0.233 "GET /v2.0/ports?device_id=87d83710-b428-4b1e-ac26-e06d18e2f164 HTTP/1.1" status: 200 len: 1409 time: 0.0543182
2026-09-11 06:39:15.383 9 INFO neutron.db.ovn_revision_numbers_db [None req-5d9200eb-c0bd-4155-ac1d-d060f1a0cb93 e915aac3d8cf44b5bd14642408eaa706 d5a18636bbbc4419932587742c22c0e5 - - default default] Successfully bumped revision number for resource 422686fe-1c5a-4e43-a1a6-0e6a0f52f9d6 (type: ports) to 1
2026-09-11 06:39:15.400 10 INFO neutron.wsgi [req-288673b7-bdd3-489b-82e3-c6d8a1c0b1b0 req-f9c14c31-92df-4f01-a137-b377bba16447 efe35623479b45798794747db62a1a5c cabec951436a4d0eaec193ce1f9fc389 - - c31d3e9b3c3142cba44307f86026f19a c31d3e9b3c3142cba44307f86026f19a] 10.0.0.233 "GET /v2.0/security-groups?id=ffa47498-c88d-45c7-8131-0b236348f37e&fields=id&fields=name HTTP/1.1" status: 200 len: 312 time: 0.0385051
2026-09-11 06:39:15.546 9 INFO neutron.db.ovn_revision_numbers_db [None req-8fef02c4-cbb0-4e9d-8cfc-031b3677f726 - - - - - -] Successfully bumped revision number for resource c4dc3b3d-900b-4c6f-890b-cc5c04d2768e (type: router_ports) to 3
2026-09-11 06:39:15.707 9 INFO neutron.db.ovn_revision_numbers_db [None req-8fef02c4-cbb0-4e9d-8cfc-031b3677f726 - - - - - -] Successfully bumped revision number for resource c4dc3b3d-900b-4c6f-890b-cc5c04d2768e (type: ports) to 2
2026-09-11 06:39:15.754 10 INFO neutron.db.ovn_revision_numbers_db [None req-26fdace1-009e-4c3c-abf8-3b4578adb7d3 66c92f406a0c4b2c9455e574f962b4b2 76e564dc5db747b682ddd3cd7843f977 - - default default] Successfully bumped revision number for resource d2127ed0-f456-4feb-b99f-036427d607a2 (type: security_groups) to 1
2026-09-11 06:39:15.770 10 INFO neutron.db.ovn_revision_numbers_db [None req-26fdace1-009e-4c3c-abf8-3b4578adb7d3 66c92f406a0c4b2c9455e574f962b4b2 76e564dc5db747b682ddd3cd7843f977 - - default default] Successfully bumped revision number for resource 09157f3c-db09-4790-85f8-2e7f3e1631e8 (type: security_group_rules) to 0
2026-09-11 06:39:15.782 10 INFO neutron.db.ovn_revision_numbers_db [None req-26fdace1-009e-4c3c-abf8-3b4578adb7d3 66c92f406a0c4b2c9455e574f962b4b2 76e564dc5db747b682ddd3cd7843f977 - - default default] Successfully bumped revision number for resource 17abf92e-4f1a-4e12-a56b-7dcb39ccb3ec (type: security_group_rules) to 0
2026-09-11 06:39:15.803 10 INFO neutron.db.ovn_revision_numbers_db [None req-26fdace1-009e-4c3c-abf8-3b4578adb7d3 66c92f406a0c4b2c9455e574f962b4b2 76e564dc5db747b682ddd3cd7843f977 - - default default] Successfully bumped revision number for resource 52a09279-7d50-4ca8-902e-3de349e427a3 (type: security_group_rules) to 0
2026-09-11 06:39:15.829 10 INFO neutron.db.ovn_revision_numbers_db [None req-26fdace1-009e-4c3c-abf8-3b4578adb7d3 66c92f406a0c4b2c9455e574f962b4b2 76e564dc5db747b682ddd3cd7843f977 - - default default] Successfully bumped revision number for resource 98d10e4c-9a09-468d-9706-c786627c973d (type: security_group_rules) to 0
2026-09-11 06:39:15.896 9 INFO neutron.db.ovn_revision_numbers_db [None req-5d9200eb-c0bd-4155-ac1d-d060f1a0cb93 e915aac3d8cf44b5bd14642408eaa706 d5a18636bbbc4419932587742c22c0e5 - - default default] Successfully bumped revision number for resource 422686fe-1c5a-4e43-a1a6-0e6a0f52f9d6 (type: router_ports) to 1
2026-09-11 06:39:15.916 10 INFO neutron.db.segments_db [None req-26fdace1-009e-4c3c-abf8-3b4578adb7d3 66c92f406a0c4b2c9455e574f962b4b2 76e564dc5db747b682ddd3cd7843f977 - - default default] Added segment 8e454239-2a42-494a-9775-ae9007b33b31 of type geneve for network 79a30e8f-2b89-4265-88af-e68b52e6da4b
2026-09-11 06:39:16.014 9 INFO neutron.db.ovn_revision_numbers_db [None req-8fef02c4-cbb0-4e9d-8cfc-031b3677f726 - - - - - -] Successfully bumped revision number for resource c4dc3b3d-900b-4c6f-890b-cc5c04d2768e (type: ports) to 4
2026-09-11 06:39:16.061 9 INFO neutron.db.ovn_revision_numbers_db [None req-5d9200eb-c0bd-4155-ac1d-d060f1a0cb93 e915aac3d8cf44b5bd14642408eaa706 d5a18636bbbc4419932587742c22c0e5 - - default default] Successfully bumped revision number for resource 422686fe-1c5a-4e43-a1a6-0e6a0f52f9d6 (type: ports) to 1
2026-09-11 06:39:16.066 10 INFO neutron.db.ovn_revision_numbers_db [None req-26fdace1-009e-4c3c-abf8-3b4578adb7d3 66c92f406a0c4b2c9455e574f962b4b2 76e564dc5db747b682ddd3cd7843f977 - - default default] Successfully bumped revision number for resource 79a30e8f-2b89-4265-88af-e68b52e6da4b (type: networks) to 1
2026-09-11 06:39:16.154 9 WARNING neutron.scheduler.dhcp_agent_scheduler [None req-5d9200eb-c0bd-4155-ac1d-d060f1a0cb93 e915aac3d8cf44b5bd14642408eaa706 d5a18636bbbc4419932587742c22c0e5 - - default default] No more DHCP agents
2026-09-11 06:39:16.163 9 WARNING neutron.api.rpc.agentnotifiers.dhcp_rpc_agent_api [None req-5d9200eb-c0bd-4155-ac1d-d060f1a0cb93 e915aac3d8cf44b5bd14642408eaa706 d5a18636bbbc4419932587742c22c0e5 - - default default] Unable to schedule network 5c674f1b-02bd-448b-a5a7-8c3e3a39da7a: no agents available; will retry on subsequent port and subnet creation events.
2026-09-11 06:39:16.227 10 WARNING neutron.scheduler.dhcp_agent_scheduler [None req-26fdace1-009e-4c3c-abf8-3b4578adb7d3 66c92f406a0c4b2c9455e574f962b4b2 76e564dc5db747b682ddd3cd7843f977 - - default default] No more DHCP agents
2026-09-11 06:39:16.228 10 WARNING neutron.api.rpc.agentnotifiers.dhcp_rpc_agent_api [None req-26fdace1-009e-4c3c-abf8-3b4578adb7d3 66c92f406a0c4b2c9455e574f962b4b2 76e564dc5db747b682ddd3cd7843f977 - - default default] Unable to schedule network 79a30e8f-2b89-4265-88af-e68b52e6da4b: no agents available; will retry on subsequent port and subnet creation events.
2026-09-11 06:39:16.301 10 INFO neutron.db.ovn_revision_numbers_db [None req-26fdace1-009e-4c3c-abf8-3b4578adb7d3 66c92f406a0c4b2c9455e574f962b4b2 76e564dc5db747b682ddd3cd7843f977 - - default default] Successfully bumped revision number for resource 54c59749-0462-4913-98d2-cfa141692a96 (type: ports) to 1
2026-09-11 06:39:16.323 10 INFO neutron.wsgi [None req-26fdace1-009e-4c3c-abf8-3b4578adb7d3 66c92f406a0c4b2c9455e574f962b4b2 76e564dc5db747b682ddd3cd7843f977 - - default default] 10.0.0.148 "POST /v2.0/networks HTTP/1.1" status: 201 len: 832 time: 0.9389143
2026-09-11 06:39:16.451 10 INFO neutron.db.segments_db [None req-9e9fa7d7-87c0-4f18-886a-2c8bd74d937b 66c92f406a0c4b2c9455e574f962b4b2 76e564dc5db747b682ddd3cd7843f977 - - default default] Added segment 666f152d-90c7-484b-af70-f452b409012b of type geneve for network 3c3bf529-819b-471e-8b7f-18ba735bc646
2026-09-11 06:39:16.515 9 INFO neutron.db.ovn_revision_numbers_db [None req-8fef02c4-cbb0-4e9d-8cfc-031b3677f726 - - - - - -] Successfully bumped revision number for resource c4dc3b3d-900b-4c6f-890b-cc5c04d2768e (type: router_ports) to 4
2026-09-11 06:39:16.617 10 INFO neutron.db.ovn_revision_numbers_db [None req-9e9fa7d7-87c0-4f18-886a-2c8bd74d937b 66c92f406a0c4b2c9455e574f962b4b2 76e564dc5db747b682ddd3cd7843f977 - - default default] Successfully bumped revision number for resource 3c3bf529-819b-471e-8b7f-18ba735bc646 (type: networks) to 1
2026-09-11 06:39:16.760 10 WARNING neutron.scheduler.dhcp_agent_scheduler [None req-9e9fa7d7-87c0-4f18-886a-2c8bd74d937b 66c92f406a0c4b2c9455e574f962b4b2 76e564dc5db747b682ddd3cd7843f977 - - default default] No more DHCP agents
2026-09-11 06:39:16.762 10 WARNING neutron.api.rpc.agentnotifiers.dhcp_rpc_agent_api [None req-9e9fa7d7-87c0-4f18-886a-2c8bd74d937b 66c92f406a0c4b2c9455e574f962b4b2 76e564dc5db747b682ddd3cd7843f977 - - default default] Unable to schedule network 3c3bf529-819b-471e-8b7f-18ba735bc646: no agents available; will retry on subsequent port and subnet creation events.
2026-09-11 06:39:16.860 10 INFO neutron.db.ovn_revision_numbers_db [None req-9e9fa7d7-87c0-4f18-886a-2c8bd74d937b 66c92f406a0c4b2c9455e574f962b4b2 76e564dc5db747b682ddd3cd7843f977 - - default default] Successfully bumped revision number for resource af74d129-6489-456b-a0a6-1472703fe99f (type: ports) to 1
2026-09-11 06:39:16.885 10 INFO neutron.wsgi [None req-9e9fa7d7-87c0-4f18-886a-2c8bd74d937b 66c92f406a0c4b2c9455e574f962b4b2 76e564dc5db747b682ddd3cd7843f977 - - default default] 10.0.0.148 "POST /v2.0/networks HTTP/1.1" status: 201 len: 832 time: 0.5575700
2026-09-11 06:39:16.950 10 INFO neutron.plugins.ml2.drivers.ovn.mech_driver.mech_driver [None req-22667b2b-b3d4-4950-9b97-cf9617e86ba2 - - - - - -] OVN reports status up for port: 422686fe-1c5a-4e43-a1a6-0e6a0f52f9d6
2026-09-11 06:39:16.975 10 INFO neutron.plugins.ml2.plugin [None req-22667b2b-b3d4-4950-9b97-cf9617e86ba2 - - - - - -] Attempt 1 to provision port 422686fe-1c5a-4e43-a1a6-0e6a0f52f9d6
2026-09-11 06:39:17.092 9 INFO neutron.db.ovn_revision_numbers_db [None req-5d9200eb-c0bd-4155-ac1d-d060f1a0cb93 e915aac3d8cf44b5bd14642408eaa706 d5a18636bbbc4419932587742c22c0e5 - - default default] Successfully bumped revision number for resource 422686fe-1c5a-4e43-a1a6-0e6a0f52f9d6 (type: router_ports) to 1
2026-09-11 06:39:17.094 9 INFO neutron.wsgi [None req-5d9200eb-c0bd-4155-ac1d-d060f1a0cb93 e915aac3d8cf44b5bd14642408eaa706 d5a18636bbbc4419932587742c22c0e5 - - default default] 10.0.0.148 "PUT /v2.0/routers/05ffa49c-6b06-42bd-8f6e-2b0660a57417/add_router_interface HTTP/1.1" status: 200 len: 503 time: 2.4729538
2026-09-11 06:39:17.254 10 WARNING neutron.scheduler.dhcp_agent_scheduler [None req-c01d3604-2c5d-40e5-aa0c-9c322e6cc015 66c92f406a0c4b2c9455e574f962b4b2 76e564dc5db747b682ddd3cd7843f977 - - default default] No more DHCP agents
2026-09-11 06:39:17.260 10 WARNING neutron.api.rpc.agentnotifiers.dhcp_rpc_agent_api [None req-c01d3604-2c5d-40e5-aa0c-9c322e6cc015 66c92f406a0c4b2c9455e574f962b4b2 76e564dc5db747b682ddd3cd7843f977 - - default default] Unable to schedule network 79a30e8f-2b89-4265-88af-e68b52e6da4b: no agents available; will retry on subsequent port and subnet creation events.
2026-09-11 06:39:17.312 10 INFO neutron.db.ovn_revision_numbers_db [None req-c01d3604-2c5d-40e5-aa0c-9c322e6cc015 66c92f406a0c4b2c9455e574f962b4b2 76e564dc5db747b682ddd3cd7843f977 - - default default] Successfully bumped revision number for resource a573fa85-5d13-4730-ad38-988991dc3ad7 (type: subnets) to 0
2026-09-11 06:39:17.333 10 INFO neutron.wsgi [None req-c01d3604-2c5d-40e5-aa0c-9c322e6cc015 66c92f406a0c4b2c9455e574f962b4b2 76e564dc5db747b682ddd3cd7843f977 - - default default] 10.0.0.148 "POST /v2.0/subnets HTTP/1.1" status: 201 len: 821 time: 0.4409394
2026-09-11 06:39:17.335 9 INFO neutron.wsgi [None req-9986d087-26bc-48d2-a253-43f1db294bbe fbdba7675f11448e8bb1ad50ea6aded1 683d07febbf04d02945fffb1e4d3fea0 - - default default] 10.0.0.148 "GET /v2.0/ports?project_id=723a7251ef834d4ca7deb84bdab3ca26&network_id=9911125b-fe43-41c9-9096-f6321309bf2d HTTP/1.1" status: 200 len: 3510 time: 0.0668550
2026-09-11 06:39:17.350 10 INFO neutron.db.ovn_revision_numbers_db [None req-22667b2b-b3d4-4950-9b97-cf9617e86ba2 - - - - - -] Successfully bumped revision number for resource 422686fe-1c5a-4e43-a1a6-0e6a0f52f9d6 (type: ports) to 2
2026-09-11 06:39:17.448 10 INFO neutron.db.ovn_revision_numbers_db [None req-22667b2b-b3d4-4950-9b97-cf9617e86ba2 - - - - - -] Successfully bumped revision number for resource 422686fe-1c5a-4e43-a1a6-0e6a0f52f9d6 (type: router_ports) to 2
2026-09-11 06:39:17.578 9 WARNING neutron.scheduler.dhcp_agent_scheduler [None req-8347d7cc-32c6-4488-825a-5aad6b748ee5 66c92f406a0c4b2c9455e574f962b4b2 76e564dc5db747b682ddd3cd7843f977 - - default default] No more DHCP agents
2026-09-11 06:39:17.580 9 WARNING neutron.api.rpc.agentnotifiers.dhcp_rpc_agent_api [None req-8347d7cc-32c6-4488-825a-5aad6b748ee5 66c92f406a0c4b2c9455e574f962b4b2 76e564dc5db747b682ddd3cd7843f977 - - default default] Unable to schedule network 3c3bf529-819b-471e-8b7f-18ba735bc646: no agents available; will retry on subsequent port and subnet creation events.
2026-09-11 06:39:17.624 9 INFO neutron.db.ovn_revision_numbers_db [None req-8347d7cc-32c6-4488-825a-5aad6b748ee5 66c92f406a0c4b2c9455e574f962b4b2 76e564dc5db747b682ddd3cd7843f977 - - default default] Successfully bumped revision number for resource 4755b610-471d-42f6-b456-532629d37962 (type: subnets) to 0
2026-09-11 06:39:17.651 9 INFO neutron.wsgi [None req-8347d7cc-32c6-4488-825a-5aad6b748ee5 66c92f406a0c4b2c9455e574f962b4b2 76e564dc5db747b682ddd3cd7843f977 - - default default] 10.0.0.148 "POST /v2.0/subnets HTTP/1.1" status: 201 len: 830 time: 0.3122833
2026-09-11 06:39:17.684 10 INFO neutron.wsgi [None req-dfd473fb-83e6-4049-a22b-9c9b55db5d63 fbdba7675f11448e8bb1ad50ea6aded1 683d07febbf04d02945fffb1e4d3fea0 - - default default] 10.0.0.148 "GET /v2.0/subnets?network_id=e871f3f8-9325-4ec8-89b9-e381e1782448 HTTP/1.1" status: 200 len: 838 time: 0.0524106
2026-09-11 06:39:17.870 9 INFO neutron.db.ovn_revision_numbers_db [None req-8ae7aaf5-c1c1-447d-9e38-09dbe56138b0 66c92f406a0c4b2c9455e574f962b4b2 76e564dc5db747b682ddd3cd7843f977 - - default default] Successfully bumped revision number for resource 8da45f6b-fb58-4c5c-a5c5-7862073655a5 (type: routers) to 1
2026-09-11 06:39:17.887 9 INFO neutron.wsgi [None req-8ae7aaf5-c1c1-447d-9e38-09dbe56138b0 66c92f406a0c4b2c9455e574f962b4b2 76e564dc5db747b682ddd3cd7843f977 - - default default] 10.0.0.148 "POST /v2.0/routers HTTP/1.1" status: 201 len: 690 time: 0.2293398
2026-09-11 06:39:18.027 10 INFO neutron.db.l3_db [None req-18594576-c1b2-4b58-99db-e2d2a93f4a6e 3630194428a949dcbbb2aa51b5fd642e 723a7251ef834d4ca7deb84bdab3ca26 - - default default] Floating IP ac00be8b-96bf-4a3a-875e-43c67d3ff21b disassociated. External IP: 10.96.250.212, port: 3b6608fa-bac5-415e-a43d-000ec2644f4c.
2026-09-11 06:39:18.080 10 INFO neutron.db.ovn_revision_numbers_db [None req-18594576-c1b2-4b58-99db-e2d2a93f4a6e 3630194428a949dcbbb2aa51b5fd642e 723a7251ef834d4ca7deb84bdab3ca26 - - default default] Successfully bumped revision number for resource ac00be8b-96bf-4a3a-875e-43c67d3ff21b (type: floatingips) to 2
2026-09-11 06:39:18.171 10 INFO neutron.wsgi [None req-18594576-c1b2-4b58-99db-e2d2a93f4a6e 3630194428a949dcbbb2aa51b5fd642e 723a7251ef834d4ca7deb84bdab3ca26 - - default default] 10.0.0.148 "PUT /v2.0/floatingips/ac00be8b-96bf-4a3a-875e-43c67d3ff21b HTTP/1.1" status: 200 len: 748 time: 0.3248308 /var/lib/openstack/lib/python3.10/site-packages/pycadf/identifier.py:71: UserWarning: Invalid uuid: neutron. To ensure interoperability, identifiers should be a valid uuid. warnings.warn(('Invalid uuid: %s. To ensure interoperability, '
2026-09-11 06:39:18.207 10 INFO neutron.notifiers.nova [-] Nova event matching ['req-4e6669b6-ea40-4b71-b0c0-87a3ae68a997'] response: {'name': 'network-changed', 'server_uuid': '87d83710-b428-4b1e-ac26-e06d18e2f164', 'tag': '3b6608fa-bac5-415e-a43d-000ec2644f4c', 'status': 'completed', 'code': 200}
2026-09-11 06:39:18.227 9 INFO neutron.wsgi [None req-02b036b2-969a-4086-8656-04f752d011cf 3630194428a949dcbbb2aa51b5fd642e 723a7251ef834d4ca7deb84bdab3ca26 - - default default] 10.0.0.148 "GET /v2.0/floatingips/ac00be8b-96bf-4a3a-875e-43c67d3ff21b HTTP/1.1" status: 200 len: 746 time: 0.0503671
2026-09-11 06:39:18.285 9 INFO neutron.wsgi [req-6a71e7b4-4deb-4945-9139-4ade6f72c79e req-c58568c2-8af1-404a-be54-e36cb10f196f efe35623479b45798794747db62a1a5c cabec951436a4d0eaec193ce1f9fc389 - - c31d3e9b3c3142cba44307f86026f19a c31d3e9b3c3142cba44307f86026f19a] 162.253.55.75 "GET /v2.0/ports?tenant_id=723a7251ef834d4ca7deb84bdab3ca26&device_id=87d83710-b428-4b1e-ac26-e06d18e2f164 HTTP/1.1" status: 200 len: 1409 time: 0.0536385
2026-09-11 06:39:18.358 9 INFO neutron.wsgi [req-1b39a864-54d1-4268-b051-f226e52499af req-266c5f64-d6d2-48d1-86b3-3141902e0a40 065734309da24240bf16549401b6e260 bb07654028d44426a6c8d69bbfb80d69 - - default default] 10.0.0.159 "GET /v2.0/networks?id=5c674f1b-02bd-448b-a5a7-8c3e3a39da7a HTTP/1.1" status: 200 len: 877 time: 0.1513813
2026-09-11 06:39:18.405 9 INFO neutron.wsgi [req-1b39a864-54d1-4268-b051-f226e52499af req-a58b3179-f4f5-4bdc-aa41-44174f381d96 065734309da24240bf16549401b6e260 bb07654028d44426a6c8d69bbfb80d69 - - default default] 10.0.0.159 "GET /v2.0/quotas/bb07654028d44426a6c8d69bbfb80d69 HTTP/1.1" status: 200 len: 386 time: 0.0308654
2026-09-11 06:39:18.449 9 WARNING neutron.scheduler.dhcp_agent_scheduler [None req-8f5216d1-f533-43a9-98e9-967532d57d1e 66c92f406a0c4b2c9455e574f962b4b2 76e564dc5db747b682ddd3cd7843f977 - - default default] No more DHCP agents
2026-09-11 06:39:18.452 9 INFO neutron.wsgi [req-6a71e7b4-4deb-4945-9139-4ade6f72c79e req-95660b98-5d2f-40cc-99ef-657bdec5663a efe35623479b45798794747db62a1a5c cabec951436a4d0eaec193ce1f9fc389 - - c31d3e9b3c3142cba44307f86026f19a c31d3e9b3c3142cba44307f86026f19a] 162.253.55.75 "GET /v2.0/networks?id=9911125b-fe43-41c9-9096-f6321309bf2d HTTP/1.1" status: 200 len: 958 time: 0.1579385
2026-09-11 06:39:18.453 9 WARNING neutron.api.rpc.agentnotifiers.dhcp_rpc_agent_api [None req-8f5216d1-f533-43a9-98e9-967532d57d1e 66c92f406a0c4b2c9455e574f962b4b2 76e564dc5db747b682ddd3cd7843f977 - - default default] Unable to schedule network 79a30e8f-2b89-4265-88af-e68b52e6da4b: no agents available; will retry on subsequent port and subnet creation events.
2026-09-11 06:39:18.493 9 INFO neutron.wsgi [req-6a71e7b4-4deb-4945-9139-4ade6f72c79e req-57d076f0-26a6-472a-b142-e0d8ae53fcf7 efe35623479b45798794747db62a1a5c cabec951436a4d0eaec193ce1f9fc389 - - c31d3e9b3c3142cba44307f86026f19a c31d3e9b3c3142cba44307f86026f19a] 162.253.55.75 "GET /v2.0/floatingips?fixed_ip_address=10.100.0.7&port_id=3b6608fa-bac5-415e-a43d-000ec2644f4c HTTP/1.1" status: 200 len: 217 time: 0.0351307
2026-09-11 06:39:18.559 9 INFO neutron.wsgi [req-6a71e7b4-4deb-4945-9139-4ade6f72c79e req-48403673-93ff-4d49-a00e-42ce56ea4180 efe35623479b45798794747db62a1a5c cabec951436a4d0eaec193ce1f9fc389 - - c31d3e9b3c3142cba44307f86026f19a c31d3e9b3c3142cba44307f86026f19a] 162.253.55.75 "GET /v2.0/subnets?id=58217a87-e627-4501-94b0-7ff4a9ef88b6 HTTP/1.1" status: 200 len: 853 time: 0.0543089
2026-09-11 06:39:18.563 10 INFO neutron.db.ovn_revision_numbers_db [None req-684051d1-91da-40ef-a38e-20cc4f047d8b e915aac3d8cf44b5bd14642408eaa706 d5a18636bbbc4419932587742c22c0e5 - - default default] Successfully bumped revision number for resource feb0c5ed-7418-4d63-9b70-959613492199 (type: security_groups) to 1
2026-09-11 06:39:18.566 9 INFO neutron.wsgi [req-1b39a864-54d1-4268-b051-f226e52499af req-b547412b-1bee-434f-9d53-bed8f9cdfd51 065734309da24240bf16549401b6e260 bb07654028d44426a6c8d69bbfb80d69 - - default default] 10.0.0.159 "GET /v2.0/ports?tenant_id=bb07654028d44426a6c8d69bbfb80d69&fields=id HTTP/1.1" status: 200 len: 302 time: 0.1497643
2026-09-11 06:39:18.585 10 INFO neutron.db.ovn_revision_numbers_db [None req-684051d1-91da-40ef-a38e-20cc4f047d8b e915aac3d8cf44b5bd14642408eaa706 d5a18636bbbc4419932587742c22c0e5 - - default default] Successfully bumped revision number for resource 8d813d87-a822-4d61-9db4-8a01c26ffc73 (type: security_group_rules) to 0
2026-09-11 06:39:18.589 9 INFO neutron.wsgi [req-6a71e7b4-4deb-4945-9139-4ade6f72c79e req-85336837-adbc-430a-80ea-d769f4e2355f efe35623479b45798794747db62a1a5c cabec951436a4d0eaec193ce1f9fc389 - - c31d3e9b3c3142cba44307f86026f19a c31d3e9b3c3142cba44307f86026f19a] 162.253.55.75 "GET /v2.0/ports?network_id=9911125b-fe43-41c9-9096-f6321309bf2d&device_owner=network%3Adhcp HTTP/1.1" status: 200 len: 210 time: 0.0224397
