2026-09-11 06:39:53.125 10 INFO neutron.db.ovn_revision_numbers_db [None req-3a8d9a71-c4ca-4305-915f-f8382788b154 e915aac3d8cf44b5bd14642408eaa706 d5a18636bbbc4419932587742c22c0e5 - - default default] Successfully bumped revision number for resource f2a83505-787b-4aaf-b02b-5ba6921f91dd (type: security_groups) to 1
2026-09-11 06:39:53.136 9 INFO neutron.pecan_wsgi.hooks.translation [None req-744ae635-5b59-4e0f-adfa-93eeb12df19a 010c0f101046409e932ae5b249023eae c12526fb193a4e81ac66ceaee67beced - - default default] GET failed (client error): The resource could not be found.
2026-09-11 06:39:53.137 9 INFO neutron.wsgi [None req-744ae635-5b59-4e0f-adfa-93eeb12df19a 010c0f101046409e932ae5b249023eae c12526fb193a4e81ac66ceaee67beced - - default default] 10.0.0.148 "GET /v2.0/ports/1c95fdde-6444-44eb-bdd1-06c62dbdf29a HTTP/1.1" status: 404 len: 333 time: 0.0133798
2026-09-11 06:39:53.138 10 INFO neutron.db.ovn_revision_numbers_db [None req-3a8d9a71-c4ca-4305-915f-f8382788b154 e915aac3d8cf44b5bd14642408eaa706 d5a18636bbbc4419932587742c22c0e5 - - default default] Successfully bumped revision number for resource 52c9e5f7-5df6-4b8c-b206-516bbf97d082 (type: security_group_rules) to 0
2026-09-11 06:39:53.176 10 INFO neutron.db.ovn_revision_numbers_db [None req-3a8d9a71-c4ca-4305-915f-f8382788b154 e915aac3d8cf44b5bd14642408eaa706 d5a18636bbbc4419932587742c22c0e5 - - default default] Successfully bumped revision number for resource ab8d8207-3fa9-42dd-938d-5120f679dc40 (type: security_group_rules) to 0
2026-09-11 06:39:53.182 9 INFO neutron.wsgi [None req-16e284f4-e248-4c24-91fd-6c0af2f325f5 010c0f101046409e932ae5b249023eae c12526fb193a4e81ac66ceaee67beced - - default default] 10.0.0.148 "GET /v2.0/ports HTTP/1.1" status: 200 len: 1732 time: 0.0376942
2026-09-11 06:39:53.198 10 INFO neutron.db.ovn_revision_numbers_db [None req-3a8d9a71-c4ca-4305-915f-f8382788b154 e915aac3d8cf44b5bd14642408eaa706 d5a18636bbbc4419932587742c22c0e5 - - default default] Successfully bumped revision number for resource b6f0fdd1-6f40-4ee6-aa76-caa1d41f5fea (type: security_group_rules) to 0
2026-09-11 06:39:53.202 10 INFO neutron.wsgi [None req-71541b7f-dde3-4d4c-ade0-762681ff021b e915aac3d8cf44b5bd14642408eaa706 d5a18636bbbc4419932587742c22c0e5 - - default default] 10.0.0.148 "GET /v2.0/security-groups?tenant_id=42962a236cbe49c4adea206b87c89757&name=default HTTP/1.1" status: 200 len: 2996 time: 0.2119262
2026-09-11 06:39:53.225 10 INFO neutron.db.ovn_revision_numbers_db [None req-3a8d9a71-c4ca-4305-915f-f8382788b154 e915aac3d8cf44b5bd14642408eaa706 d5a18636bbbc4419932587742c22c0e5 - - default default] Successfully bumped revision number for resource f3b6ad9e-5743-413f-aad2-9e493097b380 (type: security_group_rules) to 0
2026-09-11 06:39:53.225 9 INFO neutron.wsgi [None req-eb694af3-7290-42b3-a98b-1958ebbf539b 010c0f101046409e932ae5b249023eae c12526fb193a4e81ac66ceaee67beced - - default default] 10.0.0.148 "GET /v2.0/ports/513decdf-fc7d-4985-8ef4-5f270d6d6c1d HTTP/1.1" status: 200 len: 972 time: 0.0364342
2026-09-11 06:39:53.247 9 INFO neutron.pecan_wsgi.hooks.translation [None req-c175ec61-ed9d-41ac-a64c-f41c0ed0e2ca 010c0f101046409e932ae5b249023eae c12526fb193a4e81ac66ceaee67beced - - default default] DELETE failed (client error): The resource could not be found.
2026-09-11 06:39:53.248 9 INFO neutron.wsgi [None req-c175ec61-ed9d-41ac-a64c-f41c0ed0e2ca 010c0f101046409e932ae5b249023eae c12526fb193a4e81ac66ceaee67beced - - default default] 10.0.0.148 "DELETE /v2.0/ports/b778d901-a782-4617-8809-bd02a0fedf40 HTTP/1.1" status: 404 len: 333 time: 0.0186579
2026-09-11 06:39:53.274 9 INFO neutron.pecan_wsgi.hooks.translation [None req-8ed5f4c9-c7bc-4436-998c-c2c49f868e35 010c0f101046409e932ae5b249023eae c12526fb193a4e81ac66ceaee67beced - - default default] DELETE failed (client error): The resource could not be found.
2026-09-11 06:39:53.276 9 INFO neutron.wsgi [None req-8ed5f4c9-c7bc-4436-998c-c2c49f868e35 010c0f101046409e932ae5b249023eae c12526fb193a4e81ac66ceaee67beced - - default default] 10.0.0.148 "DELETE /v2.0/subnets/33e6ed6b-32b8-4d2d-9dc3-a16e2005501e HTTP/1.1" status: 404 len: 337 time: 0.0230253
2026-09-11 06:39:53.278 10 INFO neutron.wsgi [None req-3a8d9a71-c4ca-4305-915f-f8382788b154 e915aac3d8cf44b5bd14642408eaa706 d5a18636bbbc4419932587742c22c0e5 - - default default] 10.0.0.148 "GET /v2.0/security-groups?tenant_id=ece2fda90bdd410a85f2f8800ff10559&name=default HTTP/1.1" status: 200 len: 2996 time: 0.2691634
2026-09-11 06:39:53.293 9 INFO neutron.pecan_wsgi.hooks.translation [None req-6eee17a8-af0e-4545-9a11-6dccbd56143e 010c0f101046409e932ae5b249023eae c12526fb193a4e81ac66ceaee67beced - - default default] DELETE failed (client error): The resource could not be found.
2026-09-11 06:39:53.294 9 INFO neutron.wsgi [None req-6eee17a8-af0e-4545-9a11-6dccbd56143e 010c0f101046409e932ae5b249023eae c12526fb193a4e81ac66ceaee67beced - - default default] 10.0.0.148 "DELETE /v2.0/subnets/d1b3a352-ddc4-4b50-861e-ec63aadc9759 HTTP/1.1" status: 404 len: 337 time: 0.0135534
2026-09-11 06:39:53.457 9 INFO neutron.wsgi [None req-431c4255-73e3-4a73-8a15-f83792588d5b 3630194428a949dcbbb2aa51b5fd642e 723a7251ef834d4ca7deb84bdab3ca26 - - default default] 10.0.0.148 "DELETE /v2.0/security-groups/ffa47498-c88d-45c7-8131-0b236348f37e HTTP/1.1" status: 204 len: 168 time: 0.2078779
2026-09-11 06:39:53.462 10 INFO neutron.wsgi [None req-7169a933-2d3e-43b5-ada5-6a5616113dd6 e915aac3d8cf44b5bd14642408eaa706 d5a18636bbbc4419932587742c22c0e5 - - default default] 10.0.0.148 "DELETE /v2.0/security-groups/c6e61c03-f20b-4651-bf2e-f5097cc0dab5 HTTP/1.1" status: 204 len: 168 time: 0.2534192
2026-09-11 06:39:53.489 10 INFO neutron.wsgi [None req-9bcc94fe-bbae-4c2a-b3f1-2a791078dff9 e915aac3d8cf44b5bd14642408eaa706 d5a18636bbbc4419932587742c22c0e5 - - default default] 10.0.0.148 "DELETE /v2.0/security-groups/f2a83505-787b-4aaf-b02b-5ba6921f91dd HTTP/1.1" status: 204 len: 168 time: 0.2054777
2026-09-11 06:39:53.555 9 INFO neutron.wsgi [None req-abb18dac-ab7a-42db-92d3-40a5eab5f1d9 010c0f101046409e932ae5b249023eae c12526fb193a4e81ac66ceaee67beced - - default default] 10.0.0.148 "DELETE /v2.0/ports/513decdf-fc7d-4985-8ef4-5f270d6d6c1d HTTP/1.1" status: 204 len: 168 time: 0.2554901
2026-09-11 06:39:53.906 9 INFO neutron.services.segments.plugin [-] Segment dc353989-df06-4341-b39b-6dbca8281f73 resource provider aggregate not found
2026-09-11 06:39:53.913 9 INFO neutron.services.segments.plugin [-] Segment dc353989-df06-4341-b39b-6dbca8281f73 resource provider aggregate not found
2026-09-11 06:39:53.927 9 INFO neutron.services.segments.plugin [-] Segment dc353989-df06-4341-b39b-6dbca8281f73 resource provider not found; error: Placement Client Error (4xx): {"errors": [{"status": 404, "title": "Not Found", "detail": "The resource could not be found.\n\n No resource provider with uuid dc353989-df06-4341-b39b-6dbca8281f73 found for delete ", "request_id": "req-95c65d8c-caea-4d81-9edd-31a7e1594df2"}]}
2026-09-11 06:39:53.935 9 INFO neutron.services.segments.plugin [-] Segment dc353989-df06-4341-b39b-6dbca8281f73 resource provider not found; error: Placement Client Error (4xx): {"errors": [{"status": 404, "title": "Not Found", "detail": "The resource could not be found.\n\n No resource provider with uuid dc353989-df06-4341-b39b-6dbca8281f73 found for delete ", "request_id": "req-b9add6a8-648e-4d30-b9db-c4d6225ebf51"}]}
2026-09-11 06:39:53.952 9 INFO neutron.wsgi [None req-cb3f17a3-3f24-4af6-bb0f-24b2c0ed446f 010c0f101046409e932ae5b249023eae c12526fb193a4e81ac66ceaee67beced - - default default] 10.0.0.148 "DELETE /v2.0/networks/a4804bc9-f5eb-4876-b719-2e586e4521c1 HTTP/1.1" status: 204 len: 168 time: 0.3914258
2026-09-11 06:39:54.255 10 INFO neutron.wsgi [None req-c2cffe27-93dd-4ea4-8ecf-b5a73c47b042 3630194428a949dcbbb2aa51b5fd642e 723a7251ef834d4ca7deb84bdab3ca26 - - default default] 10.0.0.148 "PUT /v2.0/routers/5f0b654f-c37e-416c-8203-3f5b50b69b1d/remove_router_interface HTTP/1.1" status: 200 len: 503 time: 0.7561705 /var/lib/openstack/lib/python3.10/site-packages/pycadf/identifier.py:71: UserWarning: Invalid uuid: neutron. To ensure interoperability, identifiers should be a valid uuid. warnings.warn(('Invalid uuid: %s. To ensure interoperability, '
2026-09-11 06:39:54.333 9 INFO neutron.notifiers.nova [-] Nova event matching ['req-e407858a-67d6-4617-b0ed-913b8149d967'] response: {'server_uuid': '87d83710-b428-4b1e-ac26-e06d18e2f164', 'name': 'network-vif-plugged', 'status': 'completed', 'tag': '3b6608fa-bac5-415e-a43d-000ec2644f4c', 'code': 200}
2026-09-11 06:39:54.333 9 INFO neutron.notifiers.nova [-] Nova event matching ['req-e407858a-67d6-4617-b0ed-913b8149d967'] response: {'server_uuid': '87d83710-b428-4b1e-ac26-e06d18e2f164', 'name': 'network-vif-deleted', 'tag': '3b6608fa-bac5-415e-a43d-000ec2644f4c', 'status': 'completed', 'code': 200}
2026-09-11 06:39:54.478 10 INFO neutron.wsgi [None req-6c701217-a067-4a13-8f93-efbebd477ee8 3630194428a949dcbbb2aa51b5fd642e 723a7251ef834d4ca7deb84bdab3ca26 - - default default] 10.0.0.148 "DELETE /v2.0/subnets/58217a87-e627-4501-94b0-7ff4a9ef88b6 HTTP/1.1" status: 204 len: 168 time: 0.2166696
2026-09-11 06:39:54.653 9 INFO neutron.wsgi [None req-12d8ddca-63bf-41d9-9766-7b5946e66016 e915aac3d8cf44b5bd14642408eaa706 d5a18636bbbc4419932587742c22c0e5 - - default default] 10.0.0.148 "GET /v2.0/security-groups?tenant_id=c12526fb193a4e81ac66ceaee67beced&name=default HTTP/1.1" status: 200 len: 2996 time: 0.1763184
2026-09-11 06:39:54.847 9 INFO neutron.wsgi [None req-0a8fe44d-2782-4893-a582-495a54a8c91e e915aac3d8cf44b5bd14642408eaa706 d5a18636bbbc4419932587742c22c0e5 - - default default] 10.0.0.148 "DELETE /v2.0/security-groups/f83211cf-4281-4a9a-a3ef-8d77c922cd89 HTTP/1.1" status: 204 len: 168 time: 0.1880524
2026-09-11 06:39:55.169 10 INFO neutron.wsgi [None req-e501aaca-ec61-4f60-a15f-480f05d98d13 3630194428a949dcbbb2aa51b5fd642e 723a7251ef834d4ca7deb84bdab3ca26 - - default default] 10.0.0.148 "DELETE /v2.0/routers/5f0b654f-c37e-416c-8203-3f5b50b69b1d HTTP/1.1" status: 204 len: 168 time: 0.6859276
2026-09-11 06:39:55.466 10 INFO neutron.services.segments.plugin [-] Segment afef6f29-d228-4261-a17c-1411d672f7d0 resource provider aggregate not found
2026-09-11 06:39:55.471 10 INFO neutron.services.segments.plugin [-] Segment afef6f29-d228-4261-a17c-1411d672f7d0 resource provider aggregate not found
2026-09-11 06:39:55.491 10 INFO neutron.services.segments.plugin [-] Segment afef6f29-d228-4261-a17c-1411d672f7d0 resource provider not found; error: Placement Client Error (4xx): {"errors": [{"status": 404, "title": "Not Found", "detail": "The resource could not be found.\n\n No resource provider with uuid afef6f29-d228-4261-a17c-1411d672f7d0 found for delete ", "request_id": "req-2c8cd9e0-8f26-4442-85a1-4eedc7fd8bc1"}]}
2026-09-11 06:39:55.493 10 INFO neutron.services.segments.plugin [-] Segment afef6f29-d228-4261-a17c-1411d672f7d0 resource provider not found; error: Placement Client Error (4xx): {"errors": [{"status": 404, "title": "Not Found", "detail": "The resource could not be found.\n\n No resource provider with uuid afef6f29-d228-4261-a17c-1411d672f7d0 found for delete ", "request_id": "req-1cfdfdd2-7601-45c4-9550-53fbd2c39af7"}]}
2026-09-11 06:39:55.517 10 INFO neutron.wsgi [None req-6da2740f-7156-4411-a4ab-8c603c77a5eb 3630194428a949dcbbb2aa51b5fd642e 723a7251ef834d4ca7deb84bdab3ca26 - - default default] 10.0.0.148 "DELETE /v2.0/networks/9911125b-fe43-41c9-9096-f6321309bf2d HTTP/1.1" status: 204 len: 168 time: 0.3412719
2026-09-11 06:39:56.510 9 INFO neutron.db.ovn_revision_numbers_db [None req-37cfed02-16f2-4598-b93e-2133eb45e103 e915aac3d8cf44b5bd14642408eaa706 d5a18636bbbc4419932587742c22c0e5 - - default default] Successfully bumped revision number for resource e1bac2f3-d703-4c58-abbe-f5c29c036456 (type: security_groups) to 1
2026-09-11 06:39:56.526 9 INFO neutron.db.ovn_revision_numbers_db [None req-37cfed02-16f2-4598-b93e-2133eb45e103 e915aac3d8cf44b5bd14642408eaa706 d5a18636bbbc4419932587742c22c0e5 - - default default] Successfully bumped revision number for resource 14cc6262-972b-4fd2-9c7b-6f3f5abc2411 (type: security_group_rules) to 0
2026-09-11 06:39:56.550 9 INFO neutron.db.ovn_revision_numbers_db [None req-37cfed02-16f2-4598-b93e-2133eb45e103 e915aac3d8cf44b5bd14642408eaa706 d5a18636bbbc4419932587742c22c0e5 - - default default] Successfully bumped revision number for resource 93977d43-4ffa-494b-986a-ad68e2f56dad (type: security_group_rules) to 0
2026-09-11 06:39:56.566 9 INFO neutron.db.ovn_revision_numbers_db [None req-37cfed02-16f2-4598-b93e-2133eb45e103 e915aac3d8cf44b5bd14642408eaa706 d5a18636bbbc4419932587742c22c0e5 - - default default] Successfully bumped revision number for resource 9d535a53-0495-422e-b2a6-08faa51a3702 (type: security_group_rules) to 0
2026-09-11 06:39:56.591 9 INFO neutron.db.ovn_revision_numbers_db [None req-37cfed02-16f2-4598-b93e-2133eb45e103 e915aac3d8cf44b5bd14642408eaa706 d5a18636bbbc4419932587742c22c0e5 - - default default] Successfully bumped revision number for resource c32b49f3-4d57-4ee5-a381-0874389dc311 (type: security_group_rules) to 0
2026-09-11 06:39:56.616 9 INFO neutron.wsgi [None req-37cfed02-16f2-4598-b93e-2133eb45e103 e915aac3d8cf44b5bd14642408eaa706 d5a18636bbbc4419932587742c22c0e5 - - default default] 10.0.0.148 "GET /v2.0/security-groups?tenant_id=683d07febbf04d02945fffb1e4d3fea0&name=default HTTP/1.1" status: 200 len: 2996 time: 0.4531956
2026-09-11 06:39:56.793 9 INFO neutron.wsgi [None req-529fafcb-b6cb-4ca6-8284-5c670f1e1fce e915aac3d8cf44b5bd14642408eaa706 d5a18636bbbc4419932587742c22c0e5 - - default default] 10.0.0.148 "DELETE /v2.0/security-groups/e1bac2f3-d703-4c58-abbe-f5c29c036456 HTTP/1.1" status: 204 len: 168 time: 0.1729419
2026-09-11 06:39:56.884 10 INFO neutron.db.ovn_revision_numbers_db [None req-e5d3d859-a140-4ffe-8476-e7f1889771cd ac0e0492f84a47308be8731c1cf5e25b 4a1593b28f5d4b1c88ce432f2a90a3d1 - - default default] Successfully bumped revision number for resource 6c9a9c99-a944-4ab9-8cb0-5e2b0a1dd7bb (type: security_groups) to 1
2026-09-11 06:39:56.902 10 INFO neutron.db.ovn_revision_numbers_db [None req-e5d3d859-a140-4ffe-8476-e7f1889771cd ac0e0492f84a47308be8731c1cf5e25b 4a1593b28f5d4b1c88ce432f2a90a3d1 - - default default] Successfully bumped revision number for resource 142ef7cc-c9b3-489b-bdb5-5147fb56c80f (type: security_group_rules) to 0
2026-09-11 06:39:56.926 10 INFO neutron.db.ovn_revision_numbers_db [None req-e5d3d859-a140-4ffe-8476-e7f1889771cd ac0e0492f84a47308be8731c1cf5e25b 4a1593b28f5d4b1c88ce432f2a90a3d1 - - default default] Successfully bumped revision number for resource 7b312280-2929-4cc5-b104-55b89f041910 (type: security_group_rules) to 0
2026-09-11 06:39:56.962 10 INFO neutron.db.ovn_revision_numbers_db [None req-e5d3d859-a140-4ffe-8476-e7f1889771cd ac0e0492f84a47308be8731c1cf5e25b 4a1593b28f5d4b1c88ce432f2a90a3d1 - - default default] Successfully bumped revision number for resource b911568c-f4b4-4374-bc18-ee67a2d6226c (type: security_group_rules) to 0
2026-09-11 06:39:56.979 10 INFO neutron.db.ovn_revision_numbers_db [None req-e5d3d859-a140-4ffe-8476-e7f1889771cd ac0e0492f84a47308be8731c1cf5e25b 4a1593b28f5d4b1c88ce432f2a90a3d1 - - default default] Successfully bumped revision number for resource d2649be8-8a65-423e-9d2b-3d6a6ed6695d (type: security_group_rules) to 0
2026-09-11 06:39:57.021 10 INFO neutron.db.segments_db [None req-e5d3d859-a140-4ffe-8476-e7f1889771cd ac0e0492f84a47308be8731c1cf5e25b 4a1593b28f5d4b1c88ce432f2a90a3d1 - - default default] Added segment cd1f7508-d6a8-407b-95bd-acd0e58eba24 of type geneve for network 4cfef358-1287-4d2d-9998-727e6fb64070
2026-09-11 06:39:57.126 9 INFO neutron.wsgi [None req-f4cfd319-a517-4a53-a890-fe1b093f161f e915aac3d8cf44b5bd14642408eaa706 d5a18636bbbc4419932587742c22c0e5 - - default default] 10.0.0.148 "GET /v2.0/security-groups?tenant_id=723a7251ef834d4ca7deb84bdab3ca26&name=default HTTP/1.1" status: 200 len: 2996 time: 0.0601177
2026-09-11 06:39:57.153 10 INFO neutron.db.ovn_revision_numbers_db [None req-e5d3d859-a140-4ffe-8476-e7f1889771cd ac0e0492f84a47308be8731c1cf5e25b 4a1593b28f5d4b1c88ce432f2a90a3d1 - - default default] Successfully bumped revision number for resource 4cfef358-1287-4d2d-9998-727e6fb64070 (type: networks) to 1
2026-09-11 06:39:57.316 9 INFO neutron.wsgi [None req-eb72ee42-bc7f-4958-b3b6-62fb875b5b3c e915aac3d8cf44b5bd14642408eaa706 d5a18636bbbc4419932587742c22c0e5 - - default default] 10.0.0.148 "DELETE /v2.0/security-groups/519a4750-97c9-4e74-87f6-74a013396080 HTTP/1.1" status: 204 len: 168 time: 0.1857448
2026-09-11 06:39:57.349 10 WARNING neutron.scheduler.dhcp_agent_scheduler [None req-e5d3d859-a140-4ffe-8476-e7f1889771cd ac0e0492f84a47308be8731c1cf5e25b 4a1593b28f5d4b1c88ce432f2a90a3d1 - - default default] No more DHCP agents
2026-09-11 06:39:57.355 10 WARNING neutron.api.rpc.agentnotifiers.dhcp_rpc_agent_api [None req-e5d3d859-a140-4ffe-8476-e7f1889771cd ac0e0492f84a47308be8731c1cf5e25b 4a1593b28f5d4b1c88ce432f2a90a3d1 - - default default] Unable to schedule network 4cfef358-1287-4d2d-9998-727e6fb64070: no agents available; will retry on subsequent port and subnet creation events.
2026-09-11 06:39:57.464 10 INFO neutron.db.ovn_revision_numbers_db [None req-e5d3d859-a140-4ffe-8476-e7f1889771cd ac0e0492f84a47308be8731c1cf5e25b 4a1593b28f5d4b1c88ce432f2a90a3d1 - - default default] Successfully bumped revision number for resource 18a9c381-e9a3-4470-a598-ff1698210049 (type: ports) to 1
2026-09-11 06:39:57.500 10 INFO neutron.wsgi [None req-e5d3d859-a140-4ffe-8476-e7f1889771cd ac0e0492f84a47308be8731c1cf5e25b 4a1593b28f5d4b1c88ce432f2a90a3d1 - - default default] 10.0.0.148 "POST /v2.0/networks HTTP/1.1" status: 201 len: 829 time: 0.8839724
2026-09-11 06:39:57.625 10 INFO neutron.db.segments_db [None req-0e54d45a-17ad-441e-8d05-011d7dd62de5 ac0e0492f84a47308be8731c1cf5e25b 4a1593b28f5d4b1c88ce432f2a90a3d1 - - default default] Added segment c351c11a-7dfc-462f-ad41-74bfd91b6de5 of type geneve for network 9bdc89bc-139c-46ef-a6e3-8a6a018d38de
2026-09-11 06:39:57.797 10 INFO neutron.db.ovn_revision_numbers_db [None req-0e54d45a-17ad-441e-8d05-011d7dd62de5 ac0e0492f84a47308be8731c1cf5e25b 4a1593b28f5d4b1c88ce432f2a90a3d1 - - default default] Successfully bumped revision number for resource 9bdc89bc-139c-46ef-a6e3-8a6a018d38de (type: networks) to 1
2026-09-11 06:39:58.020 10 WARNING neutron.scheduler.dhcp_agent_scheduler [None req-0e54d45a-17ad-441e-8d05-011d7dd62de5 ac0e0492f84a47308be8731c1cf5e25b 4a1593b28f5d4b1c88ce432f2a90a3d1 - - default default] No more DHCP agents
2026-09-11 06:39:58.023 10 WARNING neutron.api.rpc.agentnotifiers.dhcp_rpc_agent_api [None req-0e54d45a-17ad-441e-8d05-011d7dd62de5 ac0e0492f84a47308be8731c1cf5e25b 4a1593b28f5d4b1c88ce432f2a90a3d1 - - default default] Unable to schedule network 9bdc89bc-139c-46ef-a6e3-8a6a018d38de: no agents available; will retry on subsequent port and subnet creation events.
2026-09-11 06:39:58.110 10 INFO neutron.db.ovn_revision_numbers_db [None req-0e54d45a-17ad-441e-8d05-011d7dd62de5 ac0e0492f84a47308be8731c1cf5e25b 4a1593b28f5d4b1c88ce432f2a90a3d1 - - default default] Successfully bumped revision number for resource a8de4ccc-9fd7-41ee-beb2-47fe758d8a21 (type: ports) to 1
2026-09-11 06:39:58.131 10 INFO neutron.wsgi [None req-0e54d45a-17ad-441e-8d05-011d7dd62de5 ac0e0492f84a47308be8731c1cf5e25b 4a1593b28f5d4b1c88ce432f2a90a3d1 - - default default] 10.0.0.148 "POST /v2.0/networks HTTP/1.1" status: 201 len: 829 time: 0.6238990
2026-09-11 06:39:58.431 10 WARNING neutron.scheduler.dhcp_agent_scheduler [None req-92b14b62-05dc-4e2e-a609-5fe4a0abe3fa ac0e0492f84a47308be8731c1cf5e25b 4a1593b28f5d4b1c88ce432f2a90a3d1 - - default default] No more DHCP agents
2026-09-11 06:39:58.442 10 WARNING neutron.api.rpc.agentnotifiers.dhcp_rpc_agent_api [None req-92b14b62-05dc-4e2e-a609-5fe4a0abe3fa ac0e0492f84a47308be8731c1cf5e25b 4a1593b28f5d4b1c88ce432f2a90a3d1 - - default default] Unable to schedule network 4cfef358-1287-4d2d-9998-727e6fb64070: no agents available; will retry on subsequent port and subnet creation events.
2026-09-11 06:39:59.220 10 INFO neutron.db.ovn_revision_numbers_db [None req-92b14b62-05dc-4e2e-a609-5fe4a0abe3fa ac0e0492f84a47308be8731c1cf5e25b 4a1593b28f5d4b1c88ce432f2a90a3d1 - - default default] Successfully bumped revision number for resource 18a9c381-e9a3-4470-a598-ff1698210049 (type: ports) to 2
2026-09-11 06:39:59.267 10 INFO neutron.db.ovn_revision_numbers_db [None req-92b14b62-05dc-4e2e-a609-5fe4a0abe3fa ac0e0492f84a47308be8731c1cf5e25b 4a1593b28f5d4b1c88ce432f2a90a3d1 - - default default] Successfully bumped revision number for resource 9eaf6a5d-e5c6-4a0f-8041-5a1aa930f279 (type: subnets) to 0
2026-09-11 06:39:59.281 10 INFO neutron.wsgi [None req-92b14b62-05dc-4e2e-a609-5fe4a0abe3fa ac0e0492f84a47308be8731c1cf5e25b 4a1593b28f5d4b1c88ce432f2a90a3d1 - - default default] 10.0.0.148 "POST /v2.0/subnets HTTP/1.1" status: 201 len: 801 time: 1.1454701
2026-09-11 06:39:59.575 9 WARNING neutron.scheduler.dhcp_agent_scheduler [None req-fe5bf2e9-dfed-45fa-bb96-50fe97d19d87 ac0e0492f84a47308be8731c1cf5e25b 4a1593b28f5d4b1c88ce432f2a90a3d1 - - default default] No more DHCP agents
2026-09-11 06:39:59.578 9 WARNING neutron.api.rpc.agentnotifiers.dhcp_rpc_agent_api [None req-fe5bf2e9-dfed-45fa-bb96-50fe97d19d87 ac0e0492f84a47308be8731c1cf5e25b 4a1593b28f5d4b1c88ce432f2a90a3d1 - - default default] Unable to schedule network 9bdc89bc-139c-46ef-a6e3-8a6a018d38de: no agents available; will retry on subsequent port and subnet creation events.
2026-09-11 06:40:00.108 10 INFO neutron.db.ovn_revision_numbers_db [None req-5f0427e5-38e9-42e5-9508-41965ede9b17 e915aac3d8cf44b5bd14642408eaa706 d5a18636bbbc4419932587742c22c0e5 - - default default] Successfully bumped revision number for resource bf1c5d03-3312-42fc-9e5b-89352be6b502 (type: security_groups) to 1
2026-09-11 06:40:00.140 10 INFO neutron.db.ovn_revision_numbers_db [None req-5f0427e5-38e9-42e5-9508-41965ede9b17 e915aac3d8cf44b5bd14642408eaa706 d5a18636bbbc4419932587742c22c0e5 - - default default] Successfully bumped revision number for resource 6fc3f2c0-79f2-4503-b855-7c89ae201149 (type: security_group_rules) to 0
2026-09-11 06:40:00.163 10 INFO neutron.db.ovn_revision_numbers_db [None req-5f0427e5-38e9-42e5-9508-41965ede9b17 e915aac3d8cf44b5bd14642408eaa706 d5a18636bbbc4419932587742c22c0e5 - - default default] Successfully bumped revision number for resource d9a08d1e-546a-4715-a7bb-7489bb6f080a (type: security_group_rules) to 0
2026-09-11 06:40:00.186 10 INFO neutron.db.ovn_revision_numbers_db [None req-5f0427e5-38e9-42e5-9508-41965ede9b17 e915aac3d8cf44b5bd14642408eaa706 d5a18636bbbc4419932587742c22c0e5 - - default default] Successfully bumped revision number for resource ef137235-9921-4469-a7f4-2e39e0dd92d4 (type: security_group_rules) to 0
2026-09-11 06:40:00.207 10 INFO neutron.db.ovn_revision_numbers_db [None req-5f0427e5-38e9-42e5-9508-41965ede9b17 e915aac3d8cf44b5bd14642408eaa706 d5a18636bbbc4419932587742c22c0e5 - - default default] Successfully bumped revision number for resource ef8b86ae-62fd-4403-9499-7e00faad86fa (type: security_group_rules) to 0
2026-09-11 06:40:00.232 10 INFO neutron.wsgi [None req-5f0427e5-38e9-42e5-9508-41965ede9b17 e915aac3d8cf44b5bd14642408eaa706 d5a18636bbbc4419932587742c22c0e5 - - default default] 10.0.0.148 "GET /v2.0/security-groups?tenant_id=b512e4c127da40088a8873ed1ff66f1d&name=default HTTP/1.1" status: 200 len: 2996 time: 0.5283642
2026-09-11 06:40:00.273 9 INFO neutron.db.ovn_revision_numbers_db [None req-fe5bf2e9-dfed-45fa-bb96-50fe97d19d87 ac0e0492f84a47308be8731c1cf5e25b 4a1593b28f5d4b1c88ce432f2a90a3d1 - - default default] Successfully bumped revision number for resource a8de4ccc-9fd7-41ee-beb2-47fe758d8a21 (type: ports) to 2
2026-09-11 06:40:00.320 9 INFO neutron.db.ovn_revision_numbers_db [None req-fe5bf2e9-dfed-45fa-bb96-50fe97d19d87 ac0e0492f84a47308be8731c1cf5e25b 4a1593b28f5d4b1c88ce432f2a90a3d1 - - default default] Successfully bumped revision number for resource 9229aca5-8430-48ed-8637-0e1ac9c3e7a5 (type: subnets) to 0
2026-09-11 06:40:00.335 9 INFO neutron.wsgi [None req-fe5bf2e9-dfed-45fa-bb96-50fe97d19d87 ac0e0492f84a47308be8731c1cf5e25b 4a1593b28f5d4b1c88ce432f2a90a3d1 - - default default] 10.0.0.148 "POST /v2.0/subnets HTTP/1.1" status: 201 len: 801 time: 1.0492661
2026-09-11 06:40:00.481 10 INFO neutron.wsgi [None req-2f77d459-c3f7-4757-80d8-20aa844b4866 e915aac3d8cf44b5bd14642408eaa706 d5a18636bbbc4419932587742c22c0e5 - - default default] 10.0.0.148 "DELETE /v2.0/security-groups/bf1c5d03-3312-42fc-9e5b-89352be6b502 HTTP/1.1" status: 204 len: 168 time: 0.2412994
2026-09-11 06:40:00.515 9 INFO neutron.db.ovn_revision_numbers_db [None req-8c3e24ce-b368-4877-980f-2dd0adf2ed42 ac0e0492f84a47308be8731c1cf5e25b 4a1593b28f5d4b1c88ce432f2a90a3d1 - - default default] Successfully bumped revision number for resource 0a7d5c14-77c9-4629-adb9-b8a1c29ea163 (type: routers) to 1
2026-09-11 06:40:00.535 9 INFO neutron.wsgi [None req-8c3e24ce-b368-4877-980f-2dd0adf2ed42 ac0e0492f84a47308be8731c1cf5e25b 4a1593b28f5d4b1c88ce432f2a90a3d1 - - default default] 10.0.0.148 "POST /v2.0/routers HTTP/1.1" status: 201 len: 686 time: 0.1948996
2026-09-11 06:40:00.803 10 INFO neutron.db.ovn_revision_numbers_db [None req-1175e20a-affd-4768-9eb7-926268cc3d88 e915aac3d8cf44b5bd14642408eaa706 d5a18636bbbc4419932587742c22c0e5 - - default default] Successfully bumped revision number for resource 4587236c-2b46-4c04-ab3f-097fc6b66484 (type: security_groups) to 1
2026-09-11 06:40:00.821 10 INFO neutron.db.ovn_revision_numbers_db [None req-1175e20a-affd-4768-9eb7-926268cc3d88 e915aac3d8cf44b5bd14642408eaa706 d5a18636bbbc4419932587742c22c0e5 - - default default] Successfully bumped revision number for resource 0a31d383-8cbc-496c-997e-7e9fc1495472 (type: security_group_rules) to 0
2026-09-11 06:40:00.824 10 INFO neutron.db.ovn_revision_numbers_db [None req-69391239-ad97-43ca-874e-ea5584a5c073 e915aac3d8cf44b5bd14642408eaa706 d5a18636bbbc4419932587742c22c0e5 - - default default] Successfully bumped revision number for resource 33170386-2356-4c48-b273-146673cea0ac (type: security_groups) to 1
2026-09-11 06:40:00.837 10 INFO neutron.db.ovn_revision_numbers_db [None req-1175e20a-affd-4768-9eb7-926268cc3d88 e915aac3d8cf44b5bd14642408eaa706 d5a18636bbbc4419932587742c22c0e5 - - default default] Successfully bumped revision number for resource 5b63478c-11ce-4ba5-939d-dbea65636866 (type: security_group_rules) to 0
2026-09-11 06:40:00.840 10 INFO neutron.db.ovn_revision_numbers_db [None req-69391239-ad97-43ca-874e-ea5584a5c073 e915aac3d8cf44b5bd14642408eaa706 d5a18636bbbc4419932587742c22c0e5 - - default default] Successfully bumped revision number for resource 2731ea22-6269-472e-93aa-e5d02b8cb982 (type: security_group_rules) to 0
2026-09-11 06:40:00.858 10 INFO neutron.db.ovn_revision_numbers_db [None req-69391239-ad97-43ca-874e-ea5584a5c073 e915aac3d8cf44b5bd14642408eaa706 d5a18636bbbc4419932587742c22c0e5 - - default default] Successfully bumped revision number for resource 30c140d7-6afd-4170-a73f-f984112a8486 (type: security_group_rules) to 0
2026-09-11 06:40:00.860 10 INFO neutron.db.ovn_revision_numbers_db [None req-1175e20a-affd-4768-9eb7-926268cc3d88 e915aac3d8cf44b5bd14642408eaa706 d5a18636bbbc4419932587742c22c0e5 - - default default] Successfully bumped revision number for resource 7ac4973d-7276-4536-a8bd-8038fd7c4816 (type: security_group_rules) to 0
2026-09-11 06:40:00.883 10 INFO neutron.db.ovn_revision_numbers_db [None req-69391239-ad97-43ca-874e-ea5584a5c073 e915aac3d8cf44b5bd14642408eaa706 d5a18636bbbc4419932587742c22c0e5 - - default default] Successfully bumped revision number for resource 46f1767a-c6e3-4472-acf2-83964bf4f8a3 (type: security_group_rules) to 0
2026-09-11 06:40:00.902 10 INFO neutron.db.ovn_revision_numbers_db [None req-1175e20a-affd-4768-9eb7-926268cc3d88 e915aac3d8cf44b5bd14642408eaa706 d5a18636bbbc4419932587742c22c0e5 - - default default] Successfully bumped revision number for resource f187f736-0bb1-4ba6-b9fa-cbe5b6c5210b (type: security_group_rules) to 0
2026-09-11 06:40:00.923 10 INFO neutron.db.ovn_revision_numbers_db [None req-69391239-ad97-43ca-874e-ea5584a5c073 e915aac3d8cf44b5bd14642408eaa706 d5a18636bbbc4419932587742c22c0e5 - - default default] Successfully bumped revision number for resource 8ef97987-aec4-4a21-ac8d-b40065dc6643 (type: security_group_rules) to 0
2026-09-11 06:40:00.933 10 INFO neutron.wsgi [None req-1175e20a-affd-4768-9eb7-926268cc3d88 e915aac3d8cf44b5bd14642408eaa706 d5a18636bbbc4419932587742c22c0e5 - - default default] 10.0.0.148 "GET /v2.0/security-groups?tenant_id=f0a3104c5c88462d8fea6d9fcc79305d&name=default HTTP/1.1" status: 200 len: 2996 time: 0.5446148
2026-09-11 06:40:00.935 9 WARNING neutron.scheduler.dhcp_agent_scheduler [None req-9436352d-09cf-4631-bc40-94e7880a8f1d ac0e0492f84a47308be8731c1cf5e25b 4a1593b28f5d4b1c88ce432f2a90a3d1 - - default default] No more DHCP agents
2026-09-11 06:40:00.941 9 WARNING neutron.api.rpc.agentnotifiers.dhcp_rpc_agent_api [None req-9436352d-09cf-4631-bc40-94e7880a8f1d ac0e0492f84a47308be8731c1cf5e25b 4a1593b28f5d4b1c88ce432f2a90a3d1 - - default default] Unable to schedule network 4cfef358-1287-4d2d-9998-727e6fb64070: no agents available; will retry on subsequent port and subnet creation events.
2026-09-11 06:40:00.959 10 INFO neutron.wsgi [None req-69391239-ad97-43ca-874e-ea5584a5c073 e915aac3d8cf44b5bd14642408eaa706 d5a18636bbbc4419932587742c22c0e5 - - default default] 10.0.0.148 "GET /v2.0/security-groups?tenant_id=10c4f5df4e5b4ffeaf9015071865b4ec&name=default HTTP/1.1" status: 200 len: 2996 time: 0.2679894
2026-09-11 06:40:01.164 9 INFO neutron.db.ovn_revision_numbers_db [None req-9436352d-09cf-4631-bc40-94e7880a8f1d ac0e0492f84a47308be8731c1cf5e25b 4a1593b28f5d4b1c88ce432f2a90a3d1 - - default default] Successfully bumped revision number for resource d447d6db-5871-4fbf-99c0-0453510044fc (type: ports) to 1
2026-09-11 06:40:01.197 10 INFO neutron.wsgi [None req-a2e24427-9bff-4019-a47c-f372107ce1ad e915aac3d8cf44b5bd14642408eaa706 d5a18636bbbc4419932587742c22c0e5 - - default default] 10.0.0.148 "DELETE /v2.0/security-groups/33170386-2356-4c48-b273-146673cea0ac HTTP/1.1" status: 204 len: 168 time: 0.2316091
2026-09-11 06:40:01.249 9 INFO neutron.wsgi [None req-2b7af48c-5ecb-494e-9f57-7e14e64d7a48 e915aac3d8cf44b5bd14642408eaa706 d5a18636bbbc4419932587742c22c0e5 - - default default] 10.0.0.148 "DELETE /v2.0/security-groups/4587236c-2b46-4c04-ab3f-097fc6b66484 HTTP/1.1" status: 204 len: 168 time: 0.3038902
2026-09-11 06:40:01.552 10 INFO neutron.db.ovn_revision_numbers_db [None req-5658f7f7-78ab-4a35-b265-b8c573046c8c e915aac3d8cf44b5bd14642408eaa706 d5a18636bbbc4419932587742c22c0e5 - - default default] Successfully bumped revision number for resource b2fabce9-0ad7-44f8-b47d-5f13ed358c8a (type: security_groups) to 1
2026-09-11 06:40:01.568 10 INFO neutron.db.ovn_revision_numbers_db [None req-5658f7f7-78ab-4a35-b265-b8c573046c8c e915aac3d8cf44b5bd14642408eaa706 d5a18636bbbc4419932587742c22c0e5 - - default default] Successfully bumped revision number for resource 5ec824d8-6797-4666-ae60-ae40de89f0d3 (type: security_group_rules) to 0
2026-09-11 06:40:01.580 10 INFO neutron.db.ovn_revision_numbers_db [None req-5658f7f7-78ab-4a35-b265-b8c573046c8c e915aac3d8cf44b5bd14642408eaa706 d5a18636bbbc4419932587742c22c0e5 - - default default] Successfully bumped revision number for resource 6e0b13a7-d767-4472-b1fb-1572b12a7c5c (type: security_group_rules) to 0
2026-09-11 06:40:01.588 9 INFO neutron.plugins.ml2.drivers.ovn.mech_driver.mech_driver [None req-152a3724-0546-47c9-9d80-04f0c556738d - - - - - -] OVN reports status up for port: d447d6db-5871-4fbf-99c0-0453510044fc
2026-09-11 06:40:01.597 10 INFO neutron.db.ovn_revision_numbers_db [None req-5658f7f7-78ab-4a35-b265-b8c573046c8c e915aac3d8cf44b5bd14642408eaa706 d5a18636bbbc4419932587742c22c0e5 - - default default] Successfully bumped revision number for resource 7913a08f-6272-464d-9c3c-b20c64edcaba (type: security_group_rules) to 0
2026-09-11 06:40:01.598 9 INFO neutron.plugins.ml2.plugin [None req-152a3724-0546-47c9-9d80-04f0c556738d - - - - - -] Attempt 1 to provision port d447d6db-5871-4fbf-99c0-0453510044fc
2026-09-11 06:40:01.626 10 INFO neutron.db.ovn_revision_numbers_db [None req-5658f7f7-78ab-4a35-b265-b8c573046c8c e915aac3d8cf44b5bd14642408eaa706 d5a18636bbbc4419932587742c22c0e5 - - default default] Successfully bumped revision number for resource bf534218-337e-4e15-b0ae-3622195aa5a1 (type: security_group_rules) to 0
2026-09-11 06:40:01.628 9 INFO neutron.db.ovn_revision_numbers_db [None req-9436352d-09cf-4631-bc40-94e7880a8f1d ac0e0492f84a47308be8731c1cf5e25b 4a1593b28f5d4b1c88ce432f2a90a3d1 - - default default] Successfully bumped revision number for resource d447d6db-5871-4fbf-99c0-0453510044fc (type: router_ports) to 1
2026-09-11 06:40:01.651 10 INFO neutron.wsgi [None req-5658f7f7-78ab-4a35-b265-b8c573046c8c e915aac3d8cf44b5bd14642408eaa706 d5a18636bbbc4419932587742c22c0e5 - - default default] 10.0.0.148 "GET /v2.0/security-groups?tenant_id=3eb9f6d7b16a48e6a9f8ea3559699cc7&name=default HTTP/1.1" status: 200 len: 2996 time: 0.2237666
2026-09-11 06:40:01.829 9 INFO neutron.db.ovn_revision_numbers_db [None req-9436352d-09cf-4631-bc40-94e7880a8f1d ac0e0492f84a47308be8731c1cf5e25b 4a1593b28f5d4b1c88ce432f2a90a3d1 - - default default] Successfully bumped revision number for resource d447d6db-5871-4fbf-99c0-0453510044fc (type: ports) to 1
2026-09-11 06:40:01.875 10 INFO neutron.wsgi [None req-6049f47a-ad97-4388-9b1c-5df960861f8f e915aac3d8cf44b5bd14642408eaa706 d5a18636bbbc4419932587742c22c0e5 - - default default] 10.0.0.148 "DELETE /v2.0/security-groups/b2fabce9-0ad7-44f8-b47d-5f13ed358c8a HTTP/1.1" status: 204 len: 168 time: 0.2158866
2026-09-11 06:40:01.910 9 WARNING neutron.scheduler.dhcp_agent_scheduler [None req-9436352d-09cf-4631-bc40-94e7880a8f1d ac0e0492f84a47308be8731c1cf5e25b 4a1593b28f5d4b1c88ce432f2a90a3d1 - - default default] No more DHCP agents
2026-09-11 06:40:01.911 9 WARNING neutron.api.rpc.agentnotifiers.dhcp_rpc_agent_api [None req-9436352d-09cf-4631-bc40-94e7880a8f1d ac0e0492f84a47308be8731c1cf5e25b 4a1593b28f5d4b1c88ce432f2a90a3d1 - - default default] Unable to schedule network 4cfef358-1287-4d2d-9998-727e6fb64070: no agents available; will retry on subsequent port and subnet creation events.
2026-09-11 06:40:01.946 9 INFO neutron.db.ovn_revision_numbers_db [None req-152a3724-0546-47c9-9d80-04f0c556738d - - - - - -] Successfully bumped revision number for resource d447d6db-5871-4fbf-99c0-0453510044fc (type: ports) to 2
2026-09-11 06:40:02.130 9 INFO neutron.db.ovn_revision_numbers_db [None req-152a3724-0546-47c9-9d80-04f0c556738d - - - - - -] Successfully bumped revision number for resource d447d6db-5871-4fbf-99c0-0453510044fc (type: router_ports) to 2
2026-09-11 06:40:02.133 9 INFO neutron.db.ovn_revision_numbers_db [None req-9436352d-09cf-4631-bc40-94e7880a8f1d ac0e0492f84a47308be8731c1cf5e25b 4a1593b28f5d4b1c88ce432f2a90a3d1 - - default default] Successfully bumped revision number for resource d447d6db-5871-4fbf-99c0-0453510044fc (type: router_ports) to 2
2026-09-11 06:40:02.135 9 INFO neutron.wsgi [None req-9436352d-09cf-4631-bc40-94e7880a8f1d ac0e0492f84a47308be8731c1cf5e25b 4a1593b28f5d4b1c88ce432f2a90a3d1 - - default default] 10.0.0.148 "PUT /v2.0/routers/0a7d5c14-77c9-4629-adb9-b8a1c29ea163/add_router_interface HTTP/1.1" status: 200 len: 503 time: 1.5957925
2026-09-11 06:40:02.247 9 INFO neutron.wsgi [None req-ebbdfb96-2946-44d1-bf8a-828fd4239ff8 ac0e0492f84a47308be8731c1cf5e25b 4a1593b28f5d4b1c88ce432f2a90a3d1 - - default default] 10.0.0.148 "GET /v2.0/ports/d447d6db-5871-4fbf-99c0-0453510044fc HTTP/1.1" status: 200 len: 1137 time: 0.1056368
2026-09-11 06:40:02.268 10 INFO neutron.db.ovn_revision_numbers_db [None req-330fa260-89d8-4383-97b0-ad52780cecab 0d528e971d6b4fda87c57745855cf4d5 e96ad42dcfe0402995eb368211429492 - - default default] Successfully bumped revision number for resource d59dafb4-e183-4806-8290-d9d22c23b37d (type: routers) to 1
2026-09-11 06:40:02.285 10 INFO neutron.wsgi [None req-330fa260-89d8-4383-97b0-ad52780cecab 0d528e971d6b4fda87c57745855cf4d5 e96ad42dcfe0402995eb368211429492 - - default default] 10.0.0.148 "POST /v2.0/routers HTTP/1.1" status: 201 len: 654 time: 0.2631426
2026-09-11 06:40:02.424 10 INFO neutron.db.ovn_revision_numbers_db [None req-6c76aa1a-0df3-4952-8a58-29df97820add 0d528e971d6b4fda87c57745855cf4d5 e96ad42dcfe0402995eb368211429492 - - default default] Successfully bumped revision number for resource b6846c97-3f15-4243-8131-44657ef4747c (type: routers) to 1
2026-09-11 06:40:02.443 10 INFO neutron.wsgi [None req-6c76aa1a-0df3-4952-8a58-29df97820add 0d528e971d6b4fda87c57745855cf4d5 e96ad42dcfe0402995eb368211429492 - - default default] 10.0.0.148 "POST /v2.0/routers HTTP/1.1" status: 201 len: 654 time: 0.1529622
2026-09-11 06:40:02.579 10 INFO neutron.db.ovn_revision_numbers_db [None req-9e087d9c-64cb-4bb0-928a-472e19995cee 0d528e971d6b4fda87c57745855cf4d5 e96ad42dcfe0402995eb368211429492 - - default default] Successfully bumped revision number for resource cf8d3fe9-88f2-4aab-a4f4-57c8c8284481 (type: routers) to 1
2026-09-11 06:40:02.594 10 INFO neutron.wsgi [None req-9e087d9c-64cb-4bb0-928a-472e19995cee 0d528e971d6b4fda87c57745855cf4d5 e96ad42dcfe0402995eb368211429492 - - default default] 10.0.0.148 "POST /v2.0/routers HTTP/1.1" status: 201 len: 654 time: 0.1430140
2026-09-11 06:40:02.737 10 INFO neutron.db.ovn_revision_numbers_db [None req-13c6f8d8-e784-48cf-93d3-b2e4b8fb0dd7 0d528e971d6b4fda87c57745855cf4d5 e96ad42dcfe0402995eb368211429492 - - default default] Successfully bumped revision number for resource 602e54e4-12f2-449e-bc24-86908cffaf0c (type: routers) to 1
2026-09-11 06:40:02.761 10 INFO neutron.wsgi [None req-13c6f8d8-e784-48cf-93d3-b2e4b8fb0dd7 0d528e971d6b4fda87c57745855cf4d5 e96ad42dcfe0402995eb368211429492 - - default default] 10.0.0.148 "POST /v2.0/routers HTTP/1.1" status: 201 len: 654 time: 0.1612880
2026-09-11 06:40:02.941 10 INFO neutron.db.ovn_revision_numbers_db [None req-9912a40e-9950-415c-b748-f03c9fd4cfb1 0d528e971d6b4fda87c57745855cf4d5 e96ad42dcfe0402995eb368211429492 - - default default] Successfully bumped revision number for resource 337a7bf6-5b8b-46f3-9910-ea735b79255d (type: routers) to 1
2026-09-11 06:40:02.958 10 INFO neutron.wsgi [None req-9912a40e-9950-415c-b748-f03c9fd4cfb1 0d528e971d6b4fda87c57745855cf4d5 e96ad42dcfe0402995eb368211429492 - - default default] 10.0.0.148 "POST /v2.0/routers HTTP/1.1" status: 201 len: 654 time: 0.1858580
2026-09-11 06:40:03.029 9 INFO neutron.wsgi [None req-bec2e62d-c2f7-4a7f-ae22-f3de0ffc417a 0d528e971d6b4fda87c57745855cf4d5 e96ad42dcfe0402995eb368211429492 - - default default] 10.0.0.148 "PUT /v2.0/routers/d59dafb4-e183-4806-8290-d9d22c23b37d/tags HTTP/1.1" status: 200 len: 210 time: 0.0642030
2026-09-11 06:40:03.100 9 INFO neutron.wsgi [None req-f4519f49-2cb4-421f-9710-fde946efa135 0d528e971d6b4fda87c57745855cf4d5 e96ad42dcfe0402995eb368211429492 - - default default] 10.0.0.148 "PUT /v2.0/routers/b6846c97-3f15-4243-8131-44657ef4747c/tags HTTP/1.1" status: 200 len: 218 time: 0.0571744
2026-09-11 06:40:03.171 9 INFO neutron.wsgi [None req-0342a392-a5f8-48f2-a803-fa6ab96c8f5e 0d528e971d6b4fda87c57745855cf4d5 e96ad42dcfe0402995eb368211429492 - - default default] 10.0.0.148 "PUT /v2.0/routers/cf8d3fe9-88f2-4aab-a4f4-57c8c8284481/tags HTTP/1.1" status: 200 len: 227 time: 0.0658512
2026-09-11 06:40:03.239 9 INFO neutron.wsgi [None req-3e48a923-450f-4b55-bdd4-889f62790abf 0d528e971d6b4fda87c57745855cf4d5 e96ad42dcfe0402995eb368211429492 - - default default] 10.0.0.148 "PUT /v2.0/routers/602e54e4-12f2-449e-bc24-86908cffaf0c/tags HTTP/1.1" status: 200 len: 212 time: 0.0619533
2026-09-11 06:40:03.309 9 WARNING neutron.scheduler.dhcp_agent_scheduler [None req-8101722d-4891-4285-8011-552fa4677729 ac0e0492f84a47308be8731c1cf5e25b 4a1593b28f5d4b1c88ce432f2a90a3d1 - - default default] No more DHCP agents
2026-09-11 06:40:03.318 9 WARNING neutron.api.rpc.agentnotifiers.dhcp_rpc_agent_api [None req-8101722d-4891-4285-8011-552fa4677729 ac0e0492f84a47308be8731c1cf5e25b 4a1593b28f5d4b1c88ce432f2a90a3d1 - - default default] Unable to schedule network 9bdc89bc-139c-46ef-a6e3-8a6a018d38de: no agents available; will retry on subsequent port and subnet creation events.
2026-09-11 06:40:03.338 10 INFO neutron.wsgi [None req-d554ceed-6f39-42d3-83d4-05bde12eb288 0d528e971d6b4fda87c57745855cf4d5 e96ad42dcfe0402995eb368211429492 - - default default] 10.0.0.148 "GET /v2.0/routers?tags=red HTTP/1.1" status: 200 len: 1601 time: 0.0930595
2026-09-11 06:40:03.441 10 INFO neutron.wsgi [None req-aac135ea-93df-4cc0-9d30-a89c360147ab 0d528e971d6b4fda87c57745855cf4d5 e96ad42dcfe0402995eb368211429492 - - default default] 10.0.0.148 "GET /v2.0/routers?tags=red%2Cblue HTTP/1.1" status: 200 len: 1144 time: 0.0951746
2026-09-11 06:40:03.496 9 INFO neutron.db.ovn_revision_numbers_db [None req-8101722d-4891-4285-8011-552fa4677729 ac0e0492f84a47308be8731c1cf5e25b 4a1593b28f5d4b1c88ce432f2a90a3d1 - - default default] Successfully bumped revision number for resource e4307342-7d43-44fd-84bf-06cf3f049edb (type: ports) to 1
2026-09-11 06:40:03.520 10 INFO neutron.wsgi [None req-17b8d56e-cfc1-4c12-b6cf-d20cee6f30fb 0d528e971d6b4fda87c57745855cf4d5 e96ad42dcfe0402995eb368211429492 - - default default] 10.0.0.148 "GET /v2.0/routers?tags-any=blue HTTP/1.1" status: 200 len: 1144 time: 0.0734353
2026-09-11 06:40:03.600 9 INFO neutron.wsgi [None req-6851bc49-7df7-4ed7-ad15-028e42edcb2e 0d528e971d6b4fda87c57745855cf4d5 e96ad42dcfe0402995eb368211429492 - - default default] 10.0.0.148 "GET /v2.0/routers?tags-any=red%2Cblue HTTP/1.1" status: 200 len: 1601 time: 0.0743859
2026-09-11 06:40:03.694 10 INFO neutron.wsgi [None req-6c395efc-180c-4635-82cc-691e957d66b8 0d528e971d6b4fda87c57745855cf4d5 e96ad42dcfe0402995eb368211429492 - - default default] 10.0.0.148 "GET /v2.0/routers?not-tags=red HTTP/1.1" status: 200 len: 1116 time: 0.0879345
2026-09-11 06:40:03.778 10 INFO neutron.wsgi [None req-339d6dc3-99c0-49b8-93c4-28283041a9d9 0d528e971d6b4fda87c57745855cf4d5 e96ad42dcfe0402995eb368211429492 - - default default] 10.0.0.148 "GET /v2.0/routers?not-tags=red%2Cblue HTTP/1.1" status: 200 len: 1573 time: 0.0793750
2026-09-11 06:40:04.011 9 INFO neutron.db.ovn_revision_numbers_db [None req-8101722d-4891-4285-8011-552fa4677729 ac0e0492f84a47308be8731c1cf5e25b 4a1593b28f5d4b1c88ce432f2a90a3d1 - - default default] Successfully bumped revision number for resource e4307342-7d43-44fd-84bf-06cf3f049edb (type: router_ports) to 1
2026-09-11 06:40:04.064 10 INFO neutron.wsgi [None req-37dd1c3e-6d92-454b-8d6d-71d208696219 0d528e971d6b4fda87c57745855cf4d5 e96ad42dcfe0402995eb368211429492 - - default default] 10.0.0.148 "GET /v2.0/routers?not-tags-any=blue HTTP/1.1" status: 200 len: 1573 time: 0.2804449
2026-09-11 06:40:04.155 10 INFO neutron.wsgi [None req-2633e799-0905-4f9d-903e-0cc0d0f839dd 0d528e971d6b4fda87c57745855cf4d5 e96ad42dcfe0402995eb368211429492 - - default default] 10.0.0.148 "GET /v2.0/routers?not-tags-any=red%2Cblue HTTP/1.1" status: 200 len: 1116 time: 0.0840676
2026-09-11 06:40:04.166 9 INFO neutron.db.ovn_revision_numbers_db [None req-8101722d-4891-4285-8011-552fa4677729 ac0e0492f84a47308be8731c1cf5e25b 4a1593b28f5d4b1c88ce432f2a90a3d1 - - default default] Successfully bumped revision number for resource e4307342-7d43-44fd-84bf-06cf3f049edb (type: ports) to 1
2026-09-11 06:40:04.221 10 INFO neutron.wsgi [None req-b70bcba8-29ae-4433-83a2-e832f7bf9191 0d528e971d6b4fda87c57745855cf4d5 e96ad42dcfe0402995eb368211429492 - - default default] 10.0.0.148 "GET /v2.0/routers/d59dafb4-e183-4806-8290-d9d22c23b37d HTTP/1.1" status: 200 len: 660 time: 0.0570338
2026-09-11 06:40:04.238 9 WARNING neutron.scheduler.dhcp_agent_scheduler [None req-8101722d-4891-4285-8011-552fa4677729 ac0e0492f84a47308be8731c1cf5e25b 4a1593b28f5d4b1c88ce432f2a90a3d1 - - default default] No more DHCP agents
2026-09-11 06:40:04.239 9 WARNING neutron.api.rpc.agentnotifiers.dhcp_rpc_agent_api [None req-8101722d-4891-4285-8011-552fa4677729 ac0e0492f84a47308be8731c1cf5e25b 4a1593b28f5d4b1c88ce432f2a90a3d1 - - default default] Unable to schedule network 9bdc89bc-139c-46ef-a6e3-8a6a018d38de: no agents available; will retry on subsequent port and subnet creation events.
2026-09-11 06:40:04.393 9 INFO neutron.db.ovn_revision_numbers_db [None req-8101722d-4891-4285-8011-552fa4677729 ac0e0492f84a47308be8731c1cf5e25b 4a1593b28f5d4b1c88ce432f2a90a3d1 - - default default] Successfully bumped revision number for resource e4307342-7d43-44fd-84bf-06cf3f049edb (type: router_ports) to 1
2026-09-11 06:40:04.395 9 INFO neutron.wsgi [None req-8101722d-4891-4285-8011-552fa4677729 ac0e0492f84a47308be8731c1cf5e25b 4a1593b28f5d4b1c88ce432f2a90a3d1 - - default default] 10.0.0.148 "PUT /v2.0/routers/0a7d5c14-77c9-4629-adb9-b8a1c29ea163/add_router_interface HTTP/1.1" status: 200 len: 503 time: 2.1429772
2026-09-11 06:40:04.479 9 INFO neutron.wsgi [None req-71f8fe3e-8e5a-49c8-a4f0-75c74c41c0ea ac0e0492f84a47308be8731c1cf5e25b 4a1593b28f5d4b1c88ce432f2a90a3d1 - - default default] 10.0.0.148 "GET /v2.0/ports/e4307342-7d43-44fd-84bf-06cf3f049edb HTTP/1.1" status: 200 len: 1135 time: 0.0769825
2026-09-11 06:40:04.521 9 INFO neutron.wsgi [None req-9e4854be-eb90-42d1-ae73-9734608bc8c5 ac0e0492f84a47308be8731c1cf5e25b 4a1593b28f5d4b1c88ce432f2a90a3d1 - - default default] 10.0.0.148 "GET /v2.0/ports/e4307342-7d43-44fd-84bf-06cf3f049edb HTTP/1.1" status: 200 len: 1135 time: 0.0340152
2026-09-11 06:40:04.651 10 INFO neutron.db.ovn_revision_numbers_db [None req-cc290542-5c9b-4527-8105-6dfee9e78a2b 0d528e971d6b4fda87c57745855cf4d5 e96ad42dcfe0402995eb368211429492 - - default default] Successfully bumped revision number for resource d59dafb4-e183-4806-8290-d9d22c23b37d (type: routers) to 2
2026-09-11 06:40:04.653 10 INFO neutron.wsgi [None req-cc290542-5c9b-4527-8105-6dfee9e78a2b 0d528e971d6b4fda87c57745855cf4d5 e96ad42dcfe0402995eb368211429492 - - default default] 10.0.0.148 "PUT /v2.0/routers/d59dafb4-e183-4806-8290-d9d22c23b37d HTTP/1.1" status: 200 len: 660 time: 0.4253354
2026-09-11 06:40:04.675 9 INFO neutron.db.ovn_revision_numbers_db [None req-a8ef06fa-ce49-4ff4-a1fb-eaeb436a54ee e915aac3d8cf44b5bd14642408eaa706 d5a18636bbbc4419932587742c22c0e5 - - default default] Successfully bumped revision number for resource 9522d43a-acdc-4fb7-8e37-6b949920d219 (type: security_groups) to 1
2026-09-11 06:40:04.677 10 INFO neutron.wsgi [None req-72097ef3-233f-49c0-8d0a-2696a885b825 0d528e971d6b4fda87c57745855cf4d5 e96ad42dcfe0402995eb368211429492 - - default default] 10.0.0.148 "GET /v2.0/ports?device_id=d59dafb4-e183-4806-8290-d9d22c23b37d HTTP/1.1" status: 200 len: 205 time: 0.0152929
2026-09-11 06:40:04.696 9 INFO neutron.db.ovn_revision_numbers_db [None req-a8ef06fa-ce49-4ff4-a1fb-eaeb436a54ee e915aac3d8cf44b5bd14642408eaa706 d5a18636bbbc4419932587742c22c0e5 - - default default] Successfully bumped revision number for resource 14694e37-41c9-4554-89ea-1d8a9ead6b69 (type: security_group_rules) to 0
2026-09-11 06:40:04.715 9 INFO neutron.db.ovn_revision_numbers_db [None req-a8ef06fa-ce49-4ff4-a1fb-eaeb436a54ee e915aac3d8cf44b5bd14642408eaa706 d5a18636bbbc4419932587742c22c0e5 - - default default] Successfully bumped revision number for resource 22950b82-8268-408c-ba9a-fdd112fdf6d8 (type: security_group_rules) to 0
2026-09-11 06:40:04.728 9 INFO neutron.db.ovn_revision_numbers_db [None req-a8ef06fa-ce49-4ff4-a1fb-eaeb436a54ee e915aac3d8cf44b5bd14642408eaa706 d5a18636bbbc4419932587742c22c0e5 - - default default] Successfully bumped revision number for resource 5db311f5-7e6c-4be9-aa9a-2c14217df5ef (type: security_group_rules) to 0
2026-09-11 06:40:04.741 9 INFO neutron.db.ovn_revision_numbers_db [None req-a8ef06fa-ce49-4ff4-a1fb-eaeb436a54ee e915aac3d8cf44b5bd14642408eaa706 d5a18636bbbc4419932587742c22c0e5 - - default default] Successfully bumped revision number for resource fac631dc-74e7-4635-8b2f-dafac7861c75 (type: security_group_rules) to 0
2026-09-11 06:40:04.759 9 INFO neutron.wsgi [None req-a8ef06fa-ce49-4ff4-a1fb-eaeb436a54ee e915aac3d8cf44b5bd14642408eaa706 d5a18636bbbc4419932587742c22c0e5 - - default default] 10.0.0.148 "GET /v2.0/security-groups?tenant_id=7874656c84f24622a4de9478bffcf167&name=default HTTP/1.1" status: 200 len: 2996 time: 0.3327572
2026-09-11 06:40:04.893 10 INFO neutron.wsgi [None req-2bac19b7-4889-4107-9c02-667726d05919 0d528e971d6b4fda87c57745855cf4d5 e96ad42dcfe0402995eb368211429492 - - default default] 10.0.0.148 "DELETE /v2.0/routers/d59dafb4-e183-4806-8290-d9d22c23b37d HTTP/1.1" status: 204 len: 168 time: 0.2113111
2026-09-11 06:40:04.949 10 INFO neutron.wsgi [None req-573f3f8d-f0f1-4578-a247-30026ac26fef 0d528e971d6b4fda87c57745855cf4d5 e96ad42dcfe0402995eb368211429492 - - default default] 10.0.0.148 "GET /v2.0/routers/b6846c97-3f15-4243-8131-44657ef4747c HTTP/1.1" status: 200 len: 668 time: 0.0514457
2026-09-11 06:40:05.003 10 INFO neutron.wsgi [-] 10.0.0.199 "GET / HTTP/1.1" status: 200 len: 246 time: 0.0012822
2026-09-11 06:40:05.005 10 INFO neutron.wsgi [-] 10.0.0.199 "GET / HTTP/1.1" status: 200 len: 246 time: 0.0008998
2026-09-11 06:40:05.063 10 INFO neutron.wsgi [None req-8076e822-cdf5-4f21-bcb1-27db50975c0f e915aac3d8cf44b5bd14642408eaa706 d5a18636bbbc4419932587742c22c0e5 - - default default] 10.0.0.148 "DELETE /v2.0/security-groups/9522d43a-acdc-4fb7-8e37-6b949920d219 HTTP/1.1" status: 204 len: 168 time: 0.2985249
2026-09-11 06:40:05.376 9 INFO neutron.db.ovn_revision_numbers_db [None req-2e632edd-b30c-4c63-acb2-237ace9428dd 0d528e971d6b4fda87c57745855cf4d5 e96ad42dcfe0402995eb368211429492 - - default default] Successfully bumped revision number for resource b6846c97-3f15-4243-8131-44657ef4747c (type: routers) to 2
