2026-09-11 06:39:25.036 10 INFO neutron.wsgi [None req-a9f2c3b4-f36f-4a48-9572-ab2f0b0bcba6 e915aac3d8cf44b5bd14642408eaa706 d5a18636bbbc4419932587742c22c0e5 - - default default] 10.0.0.148 "DELETE /v2.0/security-groups/0775665b-50cb-4e9e-9f3c-e19819958abe HTTP/1.1" status: 204 len: 168 time: 0.1916332
2026-09-11 06:39:25.051 9 INFO neutron.wsgi [req-e07d20f3-7af8-4b91-9fd2-58ded220209e req-fab49a2f-8503-4d73-aa9f-8ef109d7fabf efe35623479b45798794747db62a1a5c cabec951436a4d0eaec193ce1f9fc389 - - c31d3e9b3c3142cba44307f86026f19a c31d3e9b3c3142cba44307f86026f19a] 162.253.55.75 "GET /v2.0/networks/9911125b-fe43-41c9-9096-f6321309bf2d?fields=provider%3Aphysical_network&fields=provider%3Anetwork_type HTTP/1.1" status: 200 len: 277 time: 0.0554786
2026-09-11 06:39:25.195 10 INFO neutron.wsgi [None req-38126d61-64df-4be4-bb7b-c335708d1d40 66c92f406a0c4b2c9455e574f962b4b2 76e564dc5db747b682ddd3cd7843f977 - - default default] 10.0.0.148 "GET /v2.0/ports/ee71f50a-6cdd-4704-accb-d2e19a2e7186 HTTP/1.1" status: 200 len: 1147 time: 0.0522046
2026-09-11 06:39:25.457 9 INFO neutron.wsgi [req-8cd07243-c5e4-482f-965a-a5ea2f7a2b44 req-c2d4b20f-94a9-48c0-8ffd-ad212f1a401d 065734309da24240bf16549401b6e260 bb07654028d44426a6c8d69bbfb80d69 - - default default] 10.0.0.159 "GET /v2.0/ports?device_id=8d7fe62e-e93a-4c08-9baf-fbc39abdc76c HTTP/1.1" status: 200 len: 1170 time: 0.0346684
2026-09-11 06:39:25.460 9 INFO neutron.plugins.ml2.drivers.ovn.mech_driver.mech_driver [None req-152a3724-0546-47c9-9d80-04f0c556738d - - - - - -] OVN reports status down for port: e7a5df59-431b-404f-b128-904a299f1086
2026-09-11 06:39:25.515 9 INFO neutron.wsgi [req-8cd07243-c5e4-482f-965a-a5ea2f7a2b44 req-f4142473-f4be-468d-a1f7-207b5049b4c1 065734309da24240bf16549401b6e260 bb07654028d44426a6c8d69bbfb80d69 - - default default] 10.0.0.159 "GET /v2.0/security-groups?id=c3f769c5-3b28-4340-b59d-66406a240a20&fields=id&fields=name HTTP/1.1" status: 200 len: 286 time: 0.0511367
2026-09-11 06:39:25.652 9 INFO neutron.notifiers.nova [-] Nova event matching ['req-77520839-6f8d-4a64-ba9f-2676cfac139a'] response: {'name': 'network-changed', 'server_uuid': '82f748a0-14e0-4091-bdd6-df8ed52ef097', 'tag': '976923d9-10a5-44dd-97a6-8baac2f70132', 'status': 'completed', 'code': 200}
2026-09-11 06:39:25.652 9 INFO neutron.notifiers.nova [-] Nova event matching ['req-77520839-6f8d-4a64-ba9f-2676cfac139a'] response: {'server_uuid': '8d7fe62e-e93a-4c08-9baf-fbc39abdc76c', 'name': 'network-vif-unplugged', 'status': 'completed', 'tag': 'e7a5df59-431b-404f-b128-904a299f1086', 'code': 200}
2026-09-11 06:39:25.735 9 INFO neutron.wsgi [req-f49a6f00-aef2-4f5b-afb7-0dc7f232aaf8 req-56dca184-8a2a-41dd-bfda-3e0e049a8763 efe35623479b45798794747db62a1a5c cabec951436a4d0eaec193ce1f9fc389 - - c31d3e9b3c3142cba44307f86026f19a c31d3e9b3c3142cba44307f86026f19a] 162.253.55.75 "GET /v2.0/ports?tenant_id=723a7251ef834d4ca7deb84bdab3ca26&device_id=82f748a0-14e0-4091-bdd6-df8ed52ef097 HTTP/1.1" status: 200 len: 1407 time: 0.0612972
2026-09-11 06:39:25.878 9 INFO neutron.wsgi [req-f08de6c9-06d2-4d27-886f-18e83a7f8413 req-bb084ca8-5ecc-4eaa-ad77-814fc4b2691a 065734309da24240bf16549401b6e260 bb07654028d44426a6c8d69bbfb80d69 - - default default] 162.253.55.75 "GET /v2.0/ports?device_id=8d7fe62e-e93a-4c08-9baf-fbc39abdc76c HTTP/1.1" status: 200 len: 1168 time: 0.0942063
2026-09-11 06:39:25.881 9 INFO neutron.wsgi [req-e48dda89-13fa-4636-8f17-93734c39eaed req-f3cdb34f-efde-4f2f-9563-017cc9c1a93b 3630194428a949dcbbb2aa51b5fd642e 723a7251ef834d4ca7deb84bdab3ca26 - - default default] 10.0.0.159 "GET /v2.0/ports?device_id=82f748a0-14e0-4091-bdd6-df8ed52ef097 HTTP/1.1" status: 200 len: 1168 time: 0.0784400
2026-09-11 06:39:25.894 9 INFO neutron.wsgi [req-f49a6f00-aef2-4f5b-afb7-0dc7f232aaf8 req-12f8aed4-285e-4e63-b233-2df5fdcabf51 efe35623479b45798794747db62a1a5c cabec951436a4d0eaec193ce1f9fc389 - - c31d3e9b3c3142cba44307f86026f19a c31d3e9b3c3142cba44307f86026f19a] 162.253.55.75 "GET /v2.0/networks?id=9911125b-fe43-41c9-9096-f6321309bf2d HTTP/1.1" status: 200 len: 958 time: 0.1525755
2026-09-11 06:39:25.944 9 INFO neutron.wsgi [req-f49a6f00-aef2-4f5b-afb7-0dc7f232aaf8 req-8c1e5edf-573d-4962-a7de-1ee34cab520d efe35623479b45798794747db62a1a5c cabec951436a4d0eaec193ce1f9fc389 - - c31d3e9b3c3142cba44307f86026f19a c31d3e9b3c3142cba44307f86026f19a] 162.253.55.75 "GET /v2.0/floatingips?fixed_ip_address=10.100.0.4&port_id=976923d9-10a5-44dd-97a6-8baac2f70132 HTTP/1.1" status: 200 len: 217 time: 0.0313630
2026-09-11 06:39:25.952 9 INFO neutron.db.ovn_revision_numbers_db [None req-152a3724-0546-47c9-9d80-04f0c556738d - - - - - -] Successfully bumped revision number for resource e7a5df59-431b-404f-b128-904a299f1086 (type: ports) to 5
2026-09-11 06:39:25.987 9 INFO neutron.wsgi [req-e48dda89-13fa-4636-8f17-93734c39eaed req-bce24f7c-b32c-4310-bd10-a5457a564d16 3630194428a949dcbbb2aa51b5fd642e 723a7251ef834d4ca7deb84bdab3ca26 - - default default] 10.0.0.159 "GET /v2.0/security-groups?id=12cff641-fe77-467f-9014-f046f2bb0f56&fields=id&fields=name HTTP/1.1" status: 200 len: 312 time: 0.0915508
2026-09-11 06:39:26.013 9 INFO neutron.wsgi [req-f49a6f00-aef2-4f5b-afb7-0dc7f232aaf8 req-617cdf36-4e31-4e19-8f9d-b3422e6a2ff5 efe35623479b45798794747db62a1a5c cabec951436a4d0eaec193ce1f9fc389 - - c31d3e9b3c3142cba44307f86026f19a c31d3e9b3c3142cba44307f86026f19a] 162.253.55.75 "GET /v2.0/subnets?id=58217a87-e627-4501-94b0-7ff4a9ef88b6 HTTP/1.1" status: 200 len: 853 time: 0.0560372
2026-09-11 06:39:26.046 9 INFO neutron.wsgi [req-f49a6f00-aef2-4f5b-afb7-0dc7f232aaf8 req-b8c6b42e-8db5-483d-af16-8b67992ed87e efe35623479b45798794747db62a1a5c cabec951436a4d0eaec193ce1f9fc389 - - c31d3e9b3c3142cba44307f86026f19a c31d3e9b3c3142cba44307f86026f19a] 162.253.55.75 "GET /v2.0/ports?network_id=9911125b-fe43-41c9-9096-f6321309bf2d&device_owner=network%3Adhcp HTTP/1.1" status: 200 len: 210 time: 0.0260389 /var/lib/openstack/lib/python3.10/site-packages/pycadf/identifier.py:71: UserWarning: Invalid uuid: neutron. To ensure interoperability, identifiers should be a valid uuid. warnings.warn(('Invalid uuid: %s. To ensure interoperability, '
2026-09-11 06:39:26.144 9 INFO neutron.wsgi [req-f49a6f00-aef2-4f5b-afb7-0dc7f232aaf8 req-fa869c9b-bc4e-4a06-a5b4-7b52d592fb79 efe35623479b45798794747db62a1a5c cabec951436a4d0eaec193ce1f9fc389 - - c31d3e9b3c3142cba44307f86026f19a c31d3e9b3c3142cba44307f86026f19a] 162.253.55.75 "GET /v2.0/networks/9911125b-fe43-41c9-9096-f6321309bf2d?fields=segments HTTP/1.1" status: 200 len: 212 time: 0.0905366
2026-09-11 06:39:26.247 9 INFO neutron.wsgi [req-f49a6f00-aef2-4f5b-afb7-0dc7f232aaf8 req-1d748759-eab8-4b76-a923-6b7ba2c89a21 efe35623479b45798794747db62a1a5c cabec951436a4d0eaec193ce1f9fc389 - - c31d3e9b3c3142cba44307f86026f19a c31d3e9b3c3142cba44307f86026f19a] 162.253.55.75 "GET /v2.0/networks/9911125b-fe43-41c9-9096-f6321309bf2d?fields=provider%3Aphysical_network&fields=provider%3Anetwork_type HTTP/1.1" status: 200 len: 277 time: 0.0962501
2026-09-11 06:39:26.259 10 INFO neutron.wsgi [None req-3b66faf4-1249-496d-b682-bfc5ed0e4855 66c92f406a0c4b2c9455e574f962b4b2 76e564dc5db747b682ddd3cd7843f977 - - default default] 10.0.0.148 "GET /v2.0/ports/ee71f50a-6cdd-4704-accb-d2e19a2e7186 HTTP/1.1" status: 200 len: 1147 time: 0.0528116
2026-09-11 06:39:26.344 9 INFO neutron.wsgi [req-f08de6c9-06d2-4d27-886f-18e83a7f8413 req-8ff0684c-6086-4672-b08c-2be27c86e22d 065734309da24240bf16549401b6e260 bb07654028d44426a6c8d69bbfb80d69 - - default default] 162.253.55.75 "DELETE /v2.0/ports/e7a5df59-431b-404f-b128-904a299f1086 HTTP/1.1" status: 204 len: 173 time: 0.4581060
2026-09-11 06:39:26.612 9 INFO neutron.wsgi [req-5bfbbee2-9103-4943-9af2-784815cbd522 req-69206cdf-446c-425a-a477-420381e56069 065734309da24240bf16549401b6e260 bb07654028d44426a6c8d69bbfb80d69 - - default default] 10.0.0.159 "GET /v2.0/ports?device_id=8d7fe62e-e93a-4c08-9baf-fbc39abdc76c HTTP/1.1" status: 200 len: 210 time: 0.0280621
2026-09-11 06:39:27.180 9 INFO neutron.wsgi [req-28ad8692-3e9b-467f-9ea2-cb5d7427eaa6 req-1205a5ff-f795-4d9f-b7e5-00a3e6075e6b 3630194428a949dcbbb2aa51b5fd642e 723a7251ef834d4ca7deb84bdab3ca26 - - default default] 10.0.0.159 "GET /v2.0/ports?device_id=82f748a0-14e0-4091-bdd6-df8ed52ef097 HTTP/1.1" status: 200 len: 1168 time: 0.1203547
2026-09-11 06:39:27.259 9 INFO neutron.wsgi [req-28ad8692-3e9b-467f-9ea2-cb5d7427eaa6 req-bbd12c24-30eb-4b17-b0cf-6af5248885ad 3630194428a949dcbbb2aa51b5fd642e 723a7251ef834d4ca7deb84bdab3ca26 - - default default] 10.0.0.159 "GET /v2.0/security-groups?id=12cff641-fe77-467f-9014-f046f2bb0f56&fields=id&fields=name HTTP/1.1" status: 200 len: 312 time: 0.0661328
2026-09-11 06:39:27.335 9 INFO neutron.wsgi [None req-b6822d76-a49d-4420-bec5-556770703893 66c92f406a0c4b2c9455e574f962b4b2 76e564dc5db747b682ddd3cd7843f977 - - default default] 10.0.0.148 "GET /v2.0/ports/ee71f50a-6cdd-4704-accb-d2e19a2e7186 HTTP/1.1" status: 200 len: 1147 time: 0.0708463
2026-09-11 06:39:27.453 9 INFO neutron.db.ovn_revision_numbers_db [None req-390721a1-0300-4f8f-a2f9-d0e78e64a057 1999e56f631f4370abd53772121b0602 eaf83ac633974a90aac59711435172f7 - - default default] Successfully bumped revision number for resource 732721b2-05cc-4aa7-a1b3-a5cef7ece538 (type: security_groups) to 1
2026-09-11 06:39:27.465 9 INFO neutron.db.ovn_revision_numbers_db [None req-390721a1-0300-4f8f-a2f9-d0e78e64a057 1999e56f631f4370abd53772121b0602 eaf83ac633974a90aac59711435172f7 - - default default] Successfully bumped revision number for resource 29f1843a-68a1-4366-b7d7-7b5321462009 (type: security_group_rules) to 0
2026-09-11 06:39:27.477 9 INFO neutron.db.ovn_revision_numbers_db [None req-390721a1-0300-4f8f-a2f9-d0e78e64a057 1999e56f631f4370abd53772121b0602 eaf83ac633974a90aac59711435172f7 - - default default] Successfully bumped revision number for resource 39f0ec8c-82ab-43a8-bbaf-db40b41cda85 (type: security_group_rules) to 0
2026-09-11 06:39:27.488 9 INFO neutron.db.ovn_revision_numbers_db [None req-390721a1-0300-4f8f-a2f9-d0e78e64a057 1999e56f631f4370abd53772121b0602 eaf83ac633974a90aac59711435172f7 - - default default] Successfully bumped revision number for resource 8e9c9243-6dcd-4cdd-94da-b9bc67996d25 (type: security_group_rules) to 0
2026-09-11 06:39:27.498 9 INFO neutron.db.ovn_revision_numbers_db [None req-390721a1-0300-4f8f-a2f9-d0e78e64a057 1999e56f631f4370abd53772121b0602 eaf83ac633974a90aac59711435172f7 - - default default] Successfully bumped revision number for resource c42c0cb4-f577-40ab-80f1-51d38216271c (type: security_group_rules) to 0
2026-09-11 06:39:27.569 9 INFO neutron.db.segments_db [None req-390721a1-0300-4f8f-a2f9-d0e78e64a057 1999e56f631f4370abd53772121b0602 eaf83ac633974a90aac59711435172f7 - - default default] Added segment 749b26ee-22df-480e-8e54-4e2083204157 of type geneve for network 4771ca5b-86ab-4189-87b2-d4163eb5bbc0
2026-09-11 06:39:27.738 9 INFO neutron.notifiers.nova [-] Nova event matching ['req-497dceef-d893-4475-af7b-6c6a102e2790'] response: {'server_uuid': '8d7fe62e-e93a-4c08-9baf-fbc39abdc76c', 'name': 'network-vif-plugged', 'status': 'completed', 'tag': 'e7a5df59-431b-404f-b128-904a299f1086', 'code': 200}
2026-09-11 06:39:27.739 9 INFO neutron.notifiers.nova [-] Nova event matching ['req-497dceef-d893-4475-af7b-6c6a102e2790'] response: {'server_uuid': '8d7fe62e-e93a-4c08-9baf-fbc39abdc76c', 'name': 'network-vif-deleted', 'tag': 'e7a5df59-431b-404f-b128-904a299f1086', 'status': 'completed', 'code': 200}
2026-09-11 06:39:28.135 9 INFO neutron.db.ovn_revision_numbers_db [None req-390721a1-0300-4f8f-a2f9-d0e78e64a057 1999e56f631f4370abd53772121b0602 eaf83ac633974a90aac59711435172f7 - - default default] Successfully bumped revision number for resource 4771ca5b-86ab-4189-87b2-d4163eb5bbc0 (type: networks) to 1
2026-09-11 06:39:28.278 9 WARNING neutron.scheduler.dhcp_agent_scheduler [None req-390721a1-0300-4f8f-a2f9-d0e78e64a057 1999e56f631f4370abd53772121b0602 eaf83ac633974a90aac59711435172f7 - - default default] No more DHCP agents
2026-09-11 06:39:28.279 9 WARNING neutron.api.rpc.agentnotifiers.dhcp_rpc_agent_api [None req-390721a1-0300-4f8f-a2f9-d0e78e64a057 1999e56f631f4370abd53772121b0602 eaf83ac633974a90aac59711435172f7 - - default default] Unable to schedule network 4771ca5b-86ab-4189-87b2-d4163eb5bbc0: no agents available; will retry on subsequent port and subnet creation events.
2026-09-11 06:39:28.362 9 INFO neutron.db.ovn_revision_numbers_db [None req-390721a1-0300-4f8f-a2f9-d0e78e64a057 1999e56f631f4370abd53772121b0602 eaf83ac633974a90aac59711435172f7 - - default default] Successfully bumped revision number for resource 28b0980e-4e6a-4028-81e3-7f1647729205 (type: ports) to 1
2026-09-11 06:39:28.367 9 INFO neutron.wsgi [req-27a1a778-122a-4589-8d46-723acec1cf16 req-b91a002a-9ab1-49a1-af34-2a2ee2fa467c 3630194428a949dcbbb2aa51b5fd642e 723a7251ef834d4ca7deb84bdab3ca26 - - default default] 10.0.0.159 "GET /v2.0/ports?device_id=82f748a0-14e0-4091-bdd6-df8ed52ef097 HTTP/1.1" status: 200 len: 1168 time: 0.0301001
2026-09-11 06:39:28.389 9 INFO neutron.wsgi [None req-390721a1-0300-4f8f-a2f9-d0e78e64a057 1999e56f631f4370abd53772121b0602 eaf83ac633974a90aac59711435172f7 - - default default] 10.0.0.148 "POST /v2.0/networks HTTP/1.1" status: 201 len: 848 time: 1.2485840
2026-09-11 06:39:28.418 10 WARNING neutron.plugins.ml2.drivers.ovn.mech_driver.ovsdb.ovn_client [None req-22667b2b-b3d4-4950-9b97-cf9617e86ba2 - - - - - -] No hosting information found for port 05913192-eeea-4c8d-9acd-d4a46db9f520: RuntimeError: No hosting information found for port 05913192-eeea-4c8d-9acd-d4a46db9f520
2026-09-11 06:39:28.419 10 INFO neutron.plugins.ml2.drivers.ovn.mech_driver.mech_driver [None req-22667b2b-b3d4-4950-9b97-cf9617e86ba2 - - - - - -] OVN reports status up for port: ee71f50a-6cdd-4704-accb-d2e19a2e7186
2026-09-11 06:39:28.427 9 INFO neutron.wsgi [req-27a1a778-122a-4589-8d46-723acec1cf16 req-757084b9-168e-4ef7-a403-76b685d7f247 3630194428a949dcbbb2aa51b5fd642e 723a7251ef834d4ca7deb84bdab3ca26 - - default default] 10.0.0.159 "GET /v2.0/security-groups?id=12cff641-fe77-467f-9014-f046f2bb0f56&fields=id&fields=name HTTP/1.1" status: 200 len: 312 time: 0.0537930
2026-09-11 06:39:28.439 10 INFO neutron.plugins.ml2.plugin [None req-22667b2b-b3d4-4950-9b97-cf9617e86ba2 - - - - - -] Attempt 1 to provision port ee71f50a-6cdd-4704-accb-d2e19a2e7186
2026-09-11 06:39:28.466 10 INFO neutron.wsgi [None req-fcd5eb43-5ae5-4616-b0d7-1c7d6c35316e 66c92f406a0c4b2c9455e574f962b4b2 76e564dc5db747b682ddd3cd7843f977 - - default default] 10.0.0.148 "GET /v2.0/ports/ee71f50a-6cdd-4704-accb-d2e19a2e7186 HTTP/1.1" status: 200 len: 1147 time: 0.1264768
2026-09-11 06:39:28.603 9 WARNING neutron.scheduler.dhcp_agent_scheduler [None req-c8aaaf04-708a-4478-976a-f70c7e1e0453 1999e56f631f4370abd53772121b0602 eaf83ac633974a90aac59711435172f7 - - default default] No more DHCP agents
2026-09-11 06:39:28.606 9 WARNING neutron.api.rpc.agentnotifiers.dhcp_rpc_agent_api [None req-c8aaaf04-708a-4478-976a-f70c7e1e0453 1999e56f631f4370abd53772121b0602 eaf83ac633974a90aac59711435172f7 - - default default] Unable to schedule network 4771ca5b-86ab-4189-87b2-d4163eb5bbc0: no agents available; will retry on subsequent port and subnet creation events.
2026-09-11 06:39:28.635 9 INFO neutron.db.ovn_revision_numbers_db [None req-c8aaaf04-708a-4478-976a-f70c7e1e0453 1999e56f631f4370abd53772121b0602 eaf83ac633974a90aac59711435172f7 - - default default] Successfully bumped revision number for resource f7e88d2d-553e-4a38-bb1e-1924e0efd53b (type: subnets) to 0
2026-09-11 06:39:28.649 9 INFO neutron.wsgi [None req-c8aaaf04-708a-4478-976a-f70c7e1e0453 1999e56f631f4370abd53772121b0602 eaf83ac633974a90aac59711435172f7 - - default default] 10.0.0.148 "POST /v2.0/subnets HTTP/1.1" status: 201 len: 802 time: 0.2555201
2026-09-11 06:39:28.793 10 INFO neutron.wsgi [None req-7c6d424c-9440-4b9a-bdcb-3a87bcd82881 e915aac3d8cf44b5bd14642408eaa706 d5a18636bbbc4419932587742c22c0e5 - - default default] 10.0.0.148 "PUT /v2.0/routers/05ffa49c-6b06-42bd-8f6e-2b0660a57417/remove_router_interface HTTP/1.1" status: 200 len: 503 time: 1.1190798
2026-09-11 06:39:28.816 10 INFO neutron.db.ovn_revision_numbers_db [None req-22667b2b-b3d4-4950-9b97-cf9617e86ba2 - - - - - -] Successfully bumped revision number for resource ee71f50a-6cdd-4704-accb-d2e19a2e7186 (type: ports) to 2
2026-09-11 06:39:28.975 10 INFO neutron.db.ovn_revision_numbers_db [None req-22667b2b-b3d4-4950-9b97-cf9617e86ba2 - - - - - -] Successfully bumped revision number for resource ee71f50a-6cdd-4704-accb-d2e19a2e7186 (type: router_ports) to 2
2026-09-11 06:39:29.180 9 WARNING neutron.scheduler.dhcp_agent_scheduler [None req-95d3bead-90c3-46f4-986e-c81f6eea18ee 1999e56f631f4370abd53772121b0602 eaf83ac633974a90aac59711435172f7 - - default default] No more DHCP agents
2026-09-11 06:39:29.191 9 WARNING neutron.api.rpc.agentnotifiers.dhcp_rpc_agent_api [None req-95d3bead-90c3-46f4-986e-c81f6eea18ee 1999e56f631f4370abd53772121b0602 eaf83ac633974a90aac59711435172f7 - - default default] Unable to schedule network e871f3f8-9325-4ec8-89b9-e381e1782448: no agents available; will retry on subsequent port and subnet creation events.
2026-09-11 06:39:29.357 9 INFO neutron.db.ovn_revision_numbers_db [None req-95d3bead-90c3-46f4-986e-c81f6eea18ee 1999e56f631f4370abd53772121b0602 eaf83ac633974a90aac59711435172f7 - - default default] Successfully bumped revision number for resource 24706d09-8ef5-4767-8710-781ae1e926a7 (type: ports) to 1 /var/lib/openstack/lib/python3.10/site-packages/pycadf/identifier.py:71: UserWarning: Invalid uuid: neutron. To ensure interoperability, identifiers should be a valid uuid. warnings.warn(('Invalid uuid: %s. To ensure interoperability, '
2026-09-11 06:39:29.502 9 INFO neutron.wsgi [None req-d188b4d8-7355-40a2-800a-99792878ddd1 e915aac3d8cf44b5bd14642408eaa706 d5a18636bbbc4419932587742c22c0e5 - - default default] 10.0.0.148 "DELETE /v2.0/routers/05ffa49c-6b06-42bd-8f6e-2b0660a57417 HTTP/1.1" status: 204 len: 168 time: 0.7024565
2026-09-11 06:39:29.568 10 INFO neutron.wsgi [None req-64f71ad8-0714-4d93-bff0-22e4f8ddb82a 66c92f406a0c4b2c9455e574f962b4b2 76e564dc5db747b682ddd3cd7843f977 - - default default] 10.0.0.148 "GET /v2.0/ports/ee71f50a-6cdd-4704-accb-d2e19a2e7186 HTTP/1.1" status: 200 len: 1149 time: 0.0942738
2026-09-11 06:39:29.580 9 INFO neutron.wsgi [req-d1139c4a-7660-4344-8016-66d00605993f req-570f8d1e-21bf-4823-bd7a-74f6b06c0aca 3630194428a949dcbbb2aa51b5fd642e 723a7251ef834d4ca7deb84bdab3ca26 - - default default] 10.0.0.159 "GET /v2.0/ports?device_id=82f748a0-14e0-4091-bdd6-df8ed52ef097 HTTP/1.1" status: 200 len: 1168 time: 0.0565219
2026-09-11 06:39:29.657 9 INFO neutron.wsgi [req-d1139c4a-7660-4344-8016-66d00605993f req-6614a06a-22ff-4958-9514-effe41641bfc 3630194428a949dcbbb2aa51b5fd642e 723a7251ef834d4ca7deb84bdab3ca26 - - default default] 10.0.0.159 "GET /v2.0/security-groups?id=12cff641-fe77-467f-9014-f046f2bb0f56&fields=id&fields=name HTTP/1.1" status: 200 len: 312 time: 0.0712037
2026-09-11 06:39:29.834 10 INFO neutron.wsgi [None req-d7e4ba26-c209-4332-bca2-3ea6d9c9d49a e915aac3d8cf44b5bd14642408eaa706 d5a18636bbbc4419932587742c22c0e5 - - default default] 10.0.0.148 "DELETE /v2.0/subnets/340c62d6-9891-41c9-a456-3e06e8c379b9 HTTP/1.1" status: 204 len: 168 time: 0.3220432
2026-09-11 06:39:29.928 9 INFO neutron.plugins.ml2.drivers.ovn.mech_driver.mech_driver [None req-152a3724-0546-47c9-9d80-04f0c556738d - - - - - -] OVN reports status up for port: 24706d09-8ef5-4767-8710-781ae1e926a7
2026-09-11 06:39:29.947 9 INFO neutron.plugins.ml2.plugin [None req-152a3724-0546-47c9-9d80-04f0c556738d - - - - - -] Attempt 1 to provision port 24706d09-8ef5-4767-8710-781ae1e926a7
2026-09-11 06:39:29.960 9 INFO neutron.db.ovn_revision_numbers_db [None req-95d3bead-90c3-46f4-986e-c81f6eea18ee 1999e56f631f4370abd53772121b0602 eaf83ac633974a90aac59711435172f7 - - default default] Successfully bumped revision number for resource 24706d09-8ef5-4767-8710-781ae1e926a7 (type: router_ports) to 1
2026-09-11 06:39:30.038 9 INFO neutron.db.ovn_revision_numbers_db [None req-95d3bead-90c3-46f4-986e-c81f6eea18ee 1999e56f631f4370abd53772121b0602 eaf83ac633974a90aac59711435172f7 - - default default] Successfully bumped revision number for resource afa0eafa-b3b6-4bdc-af25-87c0f46726b3 (type: routers) to 2
2026-09-11 06:39:30.053 9 INFO neutron.wsgi [None req-95d3bead-90c3-46f4-986e-c81f6eea18ee 1999e56f631f4370abd53772121b0602 eaf83ac633974a90aac59711435172f7 - - default default] 10.0.0.148 "POST /v2.0/routers HTTP/1.1" status: 201 len: 874 time: 1.3975267
2026-09-11 06:39:30.389 10 INFO neutron.services.segments.plugin [-] Segment e13ab465-5652-4666-93cf-ccba0f183f86 resource provider aggregate not found
2026-09-11 06:39:30.405 10 INFO neutron.services.segments.plugin [-] Segment e13ab465-5652-4666-93cf-ccba0f183f86 resource provider aggregate not found
2026-09-11 06:39:30.411 10 INFO neutron.services.segments.plugin [-] Segment e13ab465-5652-4666-93cf-ccba0f183f86 resource provider not found; error: Placement Client Error (4xx): {"errors": [{"status": 404, "title": "Not Found", "detail": "The resource could not be found.\n\n No resource provider with uuid e13ab465-5652-4666-93cf-ccba0f183f86 found for delete ", "request_id": "req-11ed89b7-6f0d-4eec-9379-09d292f507d6"}]}
2026-09-11 06:39:30.438 10 INFO neutron.services.segments.plugin [-] Segment e13ab465-5652-4666-93cf-ccba0f183f86 resource provider not found; error: Placement Client Error (4xx): {"errors": [{"status": 404, "title": "Not Found", "detail": "The resource could not be found.\n\n No resource provider with uuid e13ab465-5652-4666-93cf-ccba0f183f86 found for delete ", "request_id": "req-0ea6a97c-94d9-44db-961f-89bb57340ff0"}]}
2026-09-11 06:39:30.446 10 INFO neutron.wsgi [None req-fba773b4-bc27-4825-8473-f2e4c03ab7db 66c92f406a0c4b2c9455e574f962b4b2 76e564dc5db747b682ddd3cd7843f977 - - default default] 10.0.0.148 "PUT /v2.0/routers/8da45f6b-fb58-4c5c-a5c5-7862073655a5/remove_router_interface HTTP/1.1" status: 200 len: 503 time: 0.8732069
2026-09-11 06:39:30.460 10 INFO neutron.wsgi [None req-a907c3be-c2d8-4e37-baa5-69a781e2a132 e915aac3d8cf44b5bd14642408eaa706 d5a18636bbbc4419932587742c22c0e5 - - default default] 10.0.0.148 "DELETE /v2.0/networks/5c674f1b-02bd-448b-a5a7-8c3e3a39da7a HTTP/1.1" status: 204 len: 168 time: 0.6211872
2026-09-11 06:39:30.568 9 INFO neutron.wsgi [None req-fc2c20ad-6725-4ec4-99bd-134650830f38 66c92f406a0c4b2c9455e574f962b4b2 76e564dc5db747b682ddd3cd7843f977 - - default default] 10.0.0.148 "GET /v2.0/ports/05913192-eeea-4c8d-9acd-d4a46db9f520 HTTP/1.1" status: 200 len: 1141 time: 0.1157410 /var/lib/openstack/lib/python3.10/site-packages/pycadf/identifier.py:71: UserWarning: Invalid uuid: neutron. To ensure interoperability, identifiers should be a valid uuid. warnings.warn(('Invalid uuid: %s. To ensure interoperability, '
2026-09-11 06:39:30.720 10 INFO neutron.wsgi [None req-5e70e94e-c825-49a9-90ff-4ec37c3bdcd8 e915aac3d8cf44b5bd14642408eaa706 d5a18636bbbc4419932587742c22c0e5 - - default default] 10.0.0.148 "GET /v2.0/security-groups?tenant_id=bb07654028d44426a6c8d69bbfb80d69&name=default HTTP/1.1" status: 200 len: 2996 time: 0.0432930
2026-09-11 06:39:30.797 9 INFO neutron.wsgi [req-d88561e6-5d73-4128-a9dc-667e57f15b6a req-91f8c176-194e-483a-96e0-3ff4887d9840 3630194428a949dcbbb2aa51b5fd642e 723a7251ef834d4ca7deb84bdab3ca26 - - default default] 10.0.0.159 "GET /v2.0/ports?device_id=82f748a0-14e0-4091-bdd6-df8ed52ef097 HTTP/1.1" status: 200 len: 1168 time: 0.0514014
2026-09-11 06:39:30.871 9 INFO neutron.wsgi [req-d88561e6-5d73-4128-a9dc-667e57f15b6a req-b505966d-d4ee-4ba9-bd67-44e3cd2dde84 3630194428a949dcbbb2aa51b5fd642e 723a7251ef834d4ca7deb84bdab3ca26 - - default default] 10.0.0.159 "GET /v2.0/security-groups?id=12cff641-fe77-467f-9014-f046f2bb0f56&fields=id&fields=name HTTP/1.1" status: 200 len: 312 time: 0.0648415
2026-09-11 06:39:31.013 9 WARNING neutron.scheduler.dhcp_agent_scheduler [None req-c0e71597-689e-4b18-a270-f2709905173f 1999e56f631f4370abd53772121b0602 eaf83ac633974a90aac59711435172f7 - - default default] No more DHCP agents
2026-09-11 06:39:31.016 9 WARNING neutron.api.rpc.agentnotifiers.dhcp_rpc_agent_api [None req-c0e71597-689e-4b18-a270-f2709905173f 1999e56f631f4370abd53772121b0602 eaf83ac633974a90aac59711435172f7 - - default default] Unable to schedule network 4771ca5b-86ab-4189-87b2-d4163eb5bbc0: no agents available; will retry on subsequent port and subnet creation events.
2026-09-11 06:39:31.078 9 INFO neutron.wsgi [None req-504a65fd-dae9-4c3d-baea-ed9a2126d632 e915aac3d8cf44b5bd14642408eaa706 d5a18636bbbc4419932587742c22c0e5 - - default default] 10.0.0.148 "DELETE /v2.0/security-groups/c3f769c5-3b28-4340-b59d-66406a240a20 HTTP/1.1" status: 204 len: 168 time: 0.3517380
2026-09-11 06:39:31.110 10 INFO neutron.wsgi [None req-d80d47d7-32a0-4c11-bda3-3a38334dc8d3 66c92f406a0c4b2c9455e574f962b4b2 76e564dc5db747b682ddd3cd7843f977 - - default default] 10.0.0.148 "PUT /v2.0/routers/8da45f6b-fb58-4c5c-a5c5-7862073655a5/remove_router_interface HTTP/1.1" status: 200 len: 503 time: 0.5328417 /var/lib/openstack/lib/python3.10/site-packages/pycadf/identifier.py:71: UserWarning: Invalid uuid: neutron. To ensure interoperability, identifiers should be a valid uuid. warnings.warn(('Invalid uuid: %s. To ensure interoperability, '
2026-09-11 06:39:31.140 10 INFO neutron.wsgi [None req-0d5d8e9e-fa44-4da0-9f7c-a2f46c73ce89 66c92f406a0c4b2c9455e574f962b4b2 76e564dc5db747b682ddd3cd7843f977 - - default default] 10.0.0.148 "GET /v2.0/ports?device_id=8da45f6b-fb58-4c5c-a5c5-7862073655a5 HTTP/1.1" status: 200 len: 205 time: 0.0255220
2026-09-11 06:39:31.178 9 INFO neutron.db.ovn_revision_numbers_db [None req-c0e71597-689e-4b18-a270-f2709905173f 1999e56f631f4370abd53772121b0602 eaf83ac633974a90aac59711435172f7 - - default default] Successfully bumped revision number for resource f7735822-cc55-49d5-a22f-02a34d60d989 (type: ports) to 1
2026-09-11 06:39:31.317 10 INFO neutron.wsgi [None req-9b3a2161-3d7c-477a-a552-90af13bfe15c 66c92f406a0c4b2c9455e574f962b4b2 76e564dc5db747b682ddd3cd7843f977 - - default default] 10.0.0.148 "DELETE /v2.0/routers/8da45f6b-fb58-4c5c-a5c5-7862073655a5 HTTP/1.1" status: 204 len: 168 time: 0.1707525
2026-09-11 06:39:31.507 10 INFO neutron.wsgi [None req-8fdd8f0d-749d-4070-a67a-233c8e072701 66c92f406a0c4b2c9455e574f962b4b2 76e564dc5db747b682ddd3cd7843f977 - - default default] 10.0.0.148 "DELETE /v2.0/subnets/4755b610-471d-42f6-b456-532629d37962 HTTP/1.1" status: 204 len: 168 time: 0.1831489
2026-09-11 06:39:31.575 9 INFO neutron.db.ovn_revision_numbers_db [None req-c0e71597-689e-4b18-a270-f2709905173f 1999e56f631f4370abd53772121b0602 eaf83ac633974a90aac59711435172f7 - - default default] Successfully bumped revision number for resource f7735822-cc55-49d5-a22f-02a34d60d989 (type: router_ports) to 1
2026-09-11 06:39:31.662 10 INFO neutron.wsgi [None req-a9bd251d-7d0a-4669-8594-cfae374c372b 66c92f406a0c4b2c9455e574f962b4b2 76e564dc5db747b682ddd3cd7843f977 - - default default] 10.0.0.148 "DELETE /v2.0/subnets/a573fa85-5d13-4730-ad38-988991dc3ad7 HTTP/1.1" status: 204 len: 168 time: 0.1493123
2026-09-11 06:39:31.738 9 INFO neutron.db.ovn_revision_numbers_db [None req-c0e71597-689e-4b18-a270-f2709905173f 1999e56f631f4370abd53772121b0602 eaf83ac633974a90aac59711435172f7 - - default default] Successfully bumped revision number for resource f7735822-cc55-49d5-a22f-02a34d60d989 (type: ports) to 1
2026-09-11 06:39:31.786 9 WARNING neutron.scheduler.dhcp_agent_scheduler [None req-c0e71597-689e-4b18-a270-f2709905173f 1999e56f631f4370abd53772121b0602 eaf83ac633974a90aac59711435172f7 - - default default] No more DHCP agents
2026-09-11 06:39:31.787 9 WARNING neutron.api.rpc.agentnotifiers.dhcp_rpc_agent_api [None req-c0e71597-689e-4b18-a270-f2709905173f 1999e56f631f4370abd53772121b0602 eaf83ac633974a90aac59711435172f7 - - default default] Unable to schedule network 4771ca5b-86ab-4189-87b2-d4163eb5bbc0: no agents available; will retry on subsequent port and subnet creation events.
2026-09-11 06:39:32.047 10 INFO neutron.wsgi [None req-f01b7ef1-a5e5-46b3-9920-2d258d0facf8 66c92f406a0c4b2c9455e574f962b4b2 76e564dc5db747b682ddd3cd7843f977 - - default default] 10.0.0.148 "DELETE /v2.0/networks/3c3bf529-819b-471e-8b7f-18ba735bc646 HTTP/1.1" status: 204 len: 168 time: 0.3795629
2026-09-11 06:39:32.055 9 INFO neutron.wsgi [req-5ccad7ae-b325-4236-b841-de6a1eb5e9d0 req-b14c4fea-2f6a-4689-9f87-bb7b11bc0081 3630194428a949dcbbb2aa51b5fd642e 723a7251ef834d4ca7deb84bdab3ca26 - - default default] 10.0.0.159 "GET /v2.0/ports?device_id=82f748a0-14e0-4091-bdd6-df8ed52ef097 HTTP/1.1" status: 200 len: 1168 time: 0.0860801
2026-09-11 06:39:32.179 9 INFO neutron.wsgi [req-5ccad7ae-b325-4236-b841-de6a1eb5e9d0 req-9abdbc87-8d1b-4002-ac5e-447640fa6fcc 3630194428a949dcbbb2aa51b5fd642e 723a7251ef834d4ca7deb84bdab3ca26 - - default default] 10.0.0.159 "GET /v2.0/security-groups?id=12cff641-fe77-467f-9014-f046f2bb0f56&fields=id&fields=name HTTP/1.1" status: 200 len: 312 time: 0.1121600
2026-09-11 06:39:32.237 9 INFO neutron.db.ovn_revision_numbers_db [None req-c0e71597-689e-4b18-a270-f2709905173f 1999e56f631f4370abd53772121b0602 eaf83ac633974a90aac59711435172f7 - - default default] Successfully bumped revision number for resource f7735822-cc55-49d5-a22f-02a34d60d989 (type: router_ports) to 1
2026-09-11 06:39:32.238 9 INFO neutron.wsgi [None req-c0e71597-689e-4b18-a270-f2709905173f 1999e56f631f4370abd53772121b0602 eaf83ac633974a90aac59711435172f7 - - default default] 10.0.0.148 "PUT /v2.0/routers/afa0eafa-b3b6-4bdc-af25-87c0f46726b3/add_router_interface HTTP/1.1" status: 200 len: 503 time: 2.1812198
2026-09-11 06:39:32.378 10 INFO neutron.wsgi [None req-94473300-0d08-4419-8432-ac32b76d97ef 66c92f406a0c4b2c9455e574f962b4b2 76e564dc5db747b682ddd3cd7843f977 - - default default] 10.0.0.148 "DELETE /v2.0/networks/79a30e8f-2b89-4265-88af-e68b52e6da4b HTTP/1.1" status: 204 len: 168 time: 0.3238473
2026-09-11 06:39:32.429 10 INFO neutron.services.segments.plugin [-] Segment 666f152d-90c7-484b-af70-f452b409012b resource provider aggregate not found
2026-09-11 06:39:32.453 10 INFO neutron.services.segments.plugin [-] Segment 666f152d-90c7-484b-af70-f452b409012b resource provider not found; error: Placement Client Error (4xx): {"errors": [{"status": 404, "title": "Not Found", "detail": "The resource could not be found.\n\n No resource provider with uuid 666f152d-90c7-484b-af70-f452b409012b found for delete ", "request_id": "req-eea235bf-a9cd-4df9-b7a7-9cb9878ef7a9"}]}
2026-09-11 06:39:32.461 10 INFO neutron.services.segments.plugin [-] Segment 666f152d-90c7-484b-af70-f452b409012b resource provider aggregate not found
2026-09-11 06:39:32.473 10 INFO neutron.services.segments.plugin [-] Segment 8e454239-2a42-494a-9775-ae9007b33b31 resource provider aggregate not found
2026-09-11 06:39:32.480 10 INFO neutron.services.segments.plugin [-] Segment 666f152d-90c7-484b-af70-f452b409012b resource provider not found; error: Placement Client Error (4xx): {"errors": [{"status": 404, "title": "Not Found", "detail": "The resource could not be found.\n\n No resource provider with uuid 666f152d-90c7-484b-af70-f452b409012b found for delete ", "request_id": "req-0ea077ab-b6a3-418a-9969-812828954481"}]}
2026-09-11 06:39:32.489 10 INFO neutron.db.segments_db [None req-ca07c0f7-27ab-4aba-a0af-a28d6468d3dd 66c92f406a0c4b2c9455e574f962b4b2 76e564dc5db747b682ddd3cd7843f977 - - default default] Added segment 3fee1833-f87a-4f1c-86f4-f5b7f0ca3a9e of type geneve for network 0e092564-01be-4dc3-8a8f-1229b2365efc
2026-09-11 06:39:32.512 9 WARNING neutron.scheduler.dhcp_agent_scheduler [None req-068902a3-0b72-4f3d-912d-531be2c3e4a6 1999e56f631f4370abd53772121b0602 eaf83ac633974a90aac59711435172f7 - - default default] No more DHCP agents
2026-09-11 06:39:32.513 9 WARNING neutron.api.rpc.agentnotifiers.dhcp_rpc_agent_api [None req-068902a3-0b72-4f3d-912d-531be2c3e4a6 1999e56f631f4370abd53772121b0602 eaf83ac633974a90aac59711435172f7 - - default default] Unable to schedule network 4771ca5b-86ab-4189-87b2-d4163eb5bbc0: no agents available; will retry on subsequent port and subnet creation events.
2026-09-11 06:39:32.513 10 INFO neutron.services.segments.plugin [-] Segment 8e454239-2a42-494a-9775-ae9007b33b31 resource provider aggregate not found
2026-09-11 06:39:32.523 10 INFO neutron.services.segments.plugin [-] Segment 8e454239-2a42-494a-9775-ae9007b33b31 resource provider not found; error: Placement Client Error (4xx): {"errors": [{"status": 404, "title": "Not Found", "detail": "The resource could not be found.\n\n No resource provider with uuid 8e454239-2a42-494a-9775-ae9007b33b31 found for delete ", "request_id": "req-1f5bc108-c58b-4ade-91e5-b8116324de84"}]}
2026-09-11 06:39:32.538 10 INFO neutron.services.segments.plugin [-] Segment 8e454239-2a42-494a-9775-ae9007b33b31 resource provider not found; error: Placement Client Error (4xx): {"errors": [{"status": 404, "title": "Not Found", "detail": "The resource could not be found.\n\n No resource provider with uuid 8e454239-2a42-494a-9775-ae9007b33b31 found for delete ", "request_id": "req-ae5762d9-b395-4e85-9fcd-ae3468452506"}]}
2026-09-11 06:39:32.642 9 INFO neutron.db.ovn_revision_numbers_db [None req-068902a3-0b72-4f3d-912d-531be2c3e4a6 1999e56f631f4370abd53772121b0602 eaf83ac633974a90aac59711435172f7 - - default default] Successfully bumped revision number for resource 16bd05a2-99b4-4b26-abea-3e2f64241c19 (type: ports) to 1
2026-09-11 06:39:32.656 10 INFO neutron.db.ovn_revision_numbers_db [None req-ca07c0f7-27ab-4aba-a0af-a28d6468d3dd 66c92f406a0c4b2c9455e574f962b4b2 76e564dc5db747b682ddd3cd7843f977 - - default default] Successfully bumped revision number for resource 0e092564-01be-4dc3-8a8f-1229b2365efc (type: networks) to 1
2026-09-11 06:39:32.660 9 INFO neutron.wsgi [None req-068902a3-0b72-4f3d-912d-531be2c3e4a6 1999e56f631f4370abd53772121b0602 eaf83ac633974a90aac59711435172f7 - - default default] 10.0.0.148 "POST /v2.0/ports HTTP/1.1" status: 201 len: 1154 time: 0.4170778
2026-09-11 06:39:32.861 10 WARNING neutron.scheduler.dhcp_agent_scheduler [None req-ca07c0f7-27ab-4aba-a0af-a28d6468d3dd 66c92f406a0c4b2c9455e574f962b4b2 76e564dc5db747b682ddd3cd7843f977 - - default default] No more DHCP agents
2026-09-11 06:39:32.866 10 WARNING neutron.api.rpc.agentnotifiers.dhcp_rpc_agent_api [None req-ca07c0f7-27ab-4aba-a0af-a28d6468d3dd 66c92f406a0c4b2c9455e574f962b4b2 76e564dc5db747b682ddd3cd7843f977 - - default default] Unable to schedule network 0e092564-01be-4dc3-8a8f-1229b2365efc: no agents available; will retry on subsequent port and subnet creation events.
2026-09-11 06:39:33.032 10 INFO neutron.db.ovn_revision_numbers_db [None req-ca07c0f7-27ab-4aba-a0af-a28d6468d3dd 66c92f406a0c4b2c9455e574f962b4b2 76e564dc5db747b682ddd3cd7843f977 - - default default] Successfully bumped revision number for resource 1db85e09-9a7d-4b58-9b19-961a1937a1c7 (type: ports) to 1
2026-09-11 06:39:33.062 10 INFO neutron.wsgi [None req-ca07c0f7-27ab-4aba-a0af-a28d6468d3dd 66c92f406a0c4b2c9455e574f962b4b2 76e564dc5db747b682ddd3cd7843f977 - - default default] 10.0.0.148 "POST /v2.0/networks HTTP/1.1" status: 201 len: 832 time: 0.6767826 /var/lib/openstack/lib/python3.10/site-packages/pycadf/identifier.py:71: UserWarning: Invalid uuid: neutron. To ensure interoperability, identifiers should be a valid uuid. warnings.warn(('Invalid uuid: %s. To ensure interoperability, '
2026-09-11 06:39:33.107 10 WARNING neutron.scheduler.dhcp_agent_scheduler [None req-e7e5d950-4f90-4e40-b7b2-49f071e8a5b3 1999e56f631f4370abd53772121b0602 eaf83ac633974a90aac59711435172f7 - - default default] No more DHCP agents
2026-09-11 06:39:33.108 10 WARNING neutron.api.rpc.agentnotifiers.dhcp_rpc_agent_api [None req-e7e5d950-4f90-4e40-b7b2-49f071e8a5b3 1999e56f631f4370abd53772121b0602 eaf83ac633974a90aac59711435172f7 - - default default] Unable to schedule network 4771ca5b-86ab-4189-87b2-d4163eb5bbc0: no agents available; will retry on subsequent port and subnet creation events.
2026-09-11 06:39:33.251 10 INFO neutron.db.ovn_revision_numbers_db [None req-e7e5d950-4f90-4e40-b7b2-49f071e8a5b3 1999e56f631f4370abd53772121b0602 eaf83ac633974a90aac59711435172f7 - - default default] Successfully bumped revision number for resource cfded533-549a-47c8-8fa8-47a550521b0b (type: ports) to 1
2026-09-11 06:39:33.273 10 INFO neutron.wsgi [None req-e7e5d950-4f90-4e40-b7b2-49f071e8a5b3 1999e56f631f4370abd53772121b0602 eaf83ac633974a90aac59711435172f7 - - default default] 10.0.0.148 "POST /v2.0/ports HTTP/1.1" status: 201 len: 1153 time: 0.6093216 /var/lib/openstack/lib/python3.10/site-packages/pycadf/identifier.py:71: UserWarning: Invalid uuid: neutron. To ensure interoperability, identifiers should be a valid uuid. warnings.warn(('Invalid uuid: %s. To ensure interoperability, '
2026-09-11 06:39:33.338 9 INFO neutron.wsgi [req-b721b707-7b49-4f3b-a064-029deba5b731 req-ecdcd959-d564-46b1-b06b-8c3fa8ec78eb 3630194428a949dcbbb2aa51b5fd642e 723a7251ef834d4ca7deb84bdab3ca26 - - default default] 10.0.0.159 "GET /v2.0/ports?device_id=82f748a0-14e0-4091-bdd6-df8ed52ef097 HTTP/1.1" status: 200 len: 1168 time: 0.0859683
2026-09-11 06:39:33.387 9 INFO neutron.wsgi [req-b721b707-7b49-4f3b-a064-029deba5b731 req-5399be3d-e0ce-4f15-8d45-09facedf92ed 3630194428a949dcbbb2aa51b5fd642e 723a7251ef834d4ca7deb84bdab3ca26 - - default default] 10.0.0.159 "GET /v2.0/security-groups?id=12cff641-fe77-467f-9014-f046f2bb0f56&fields=id&fields=name HTTP/1.1" status: 200 len: 312 time: 0.0425045
2026-09-11 06:39:33.392 9 WARNING neutron.scheduler.dhcp_agent_scheduler [None req-e8a7bd81-e82b-4842-bb77-96662c71d4ce 66c92f406a0c4b2c9455e574f962b4b2 76e564dc5db747b682ddd3cd7843f977 - - default default] No more DHCP agents
2026-09-11 06:39:33.394 9 WARNING neutron.api.rpc.agentnotifiers.dhcp_rpc_agent_api [None req-e8a7bd81-e82b-4842-bb77-96662c71d4ce 66c92f406a0c4b2c9455e574f962b4b2 76e564dc5db747b682ddd3cd7843f977 - - default default] Unable to schedule network 0e092564-01be-4dc3-8a8f-1229b2365efc: no agents available; will retry on subsequent port and subnet creation events.
2026-09-11 06:39:33.423 9 INFO neutron.db.ovn_revision_numbers_db [None req-e8a7bd81-e82b-4842-bb77-96662c71d4ce 66c92f406a0c4b2c9455e574f962b4b2 76e564dc5db747b682ddd3cd7843f977 - - default default] Successfully bumped revision number for resource 59c3b2ab-fb8d-4eb9-8858-ce1ee690319a (type: subnets) to 0
2026-09-11 06:39:33.440 9 INFO neutron.wsgi [None req-e8a7bd81-e82b-4842-bb77-96662c71d4ce 66c92f406a0c4b2c9455e574f962b4b2 76e564dc5db747b682ddd3cd7843f977 - - default default] 10.0.0.148 "POST /v2.0/subnets HTTP/1.1" status: 201 len: 821 time: 0.3692563
2026-09-11 06:39:33.575 9 INFO neutron.db.ovn_revision_numbers_db [None req-fe2ed4f1-e035-40ca-9f72-2cad59b04cb4 66c92f406a0c4b2c9455e574f962b4b2 76e564dc5db747b682ddd3cd7843f977 - - default default] Successfully bumped revision number for resource 1962a29e-5b13-472c-8358-7462dacb0a6d (type: routers) to 1
2026-09-11 06:39:33.589 9 INFO neutron.wsgi [None req-fe2ed4f1-e035-40ca-9f72-2cad59b04cb4 66c92f406a0c4b2c9455e574f962b4b2 76e564dc5db747b682ddd3cd7843f977 - - default default] 10.0.0.148 "POST /v2.0/routers HTTP/1.1" status: 201 len: 690 time: 0.1456339
2026-09-11 06:39:33.591 10 WARNING neutron.plugins.ml2.drivers.ovn.mech_driver.ovsdb.ovn_client [None req-22667b2b-b3d4-4950-9b97-cf9617e86ba2 - - - - - -] No port found with ID ee71f50a-6cdd-4704-accb-d2e19a2e7186: RuntimeError: No port found with ID ee71f50a-6cdd-4704-accb-d2e19a2e7186
2026-09-11 06:39:33.591 10 INFO neutron.plugins.ml2.drivers.ovn.mech_driver.mech_driver [None req-22667b2b-b3d4-4950-9b97-cf9617e86ba2 - - - - - -] OVN reports status up for port: 976923d9-10a5-44dd-97a6-8baac2f70132
2026-09-11 06:39:33.608 10 INFO neutron.plugins.ml2.plugin [None req-22667b2b-b3d4-4950-9b97-cf9617e86ba2 - - - - - -] Attempt 1 to provision port 976923d9-10a5-44dd-97a6-8baac2f70132
2026-09-11 06:39:33.758 10 INFO neutron.notifiers.nova [-] Nova event matching ['req-620cf60b-2aa6-4b6f-8a34-02dff3c4ba5f'] response: {'server_uuid': '82f748a0-14e0-4091-bdd6-df8ed52ef097', 'name': 'network-vif-plugged', 'status': 'completed', 'tag': '976923d9-10a5-44dd-97a6-8baac2f70132', 'code': 200}
2026-09-11 06:39:33.769 10 WARNING neutron.scheduler.dhcp_agent_scheduler [None req-54f1f95c-5de2-4b0c-8110-b489d8817f30 1999e56f631f4370abd53772121b0602 eaf83ac633974a90aac59711435172f7 - - default default] No more DHCP agents
2026-09-11 06:39:33.773 10 WARNING neutron.api.rpc.agentnotifiers.dhcp_rpc_agent_api [None req-54f1f95c-5de2-4b0c-8110-b489d8817f30 1999e56f631f4370abd53772121b0602 eaf83ac633974a90aac59711435172f7 - - default default] Unable to schedule network e871f3f8-9325-4ec8-89b9-e381e1782448: no agents available; will retry on subsequent port and subnet creation events.
2026-09-11 06:39:33.841 9 INFO neutron.wsgi [req-0e1acf07-f499-4aa7-bd21-5a20b4523667 req-5296f55c-4577-46fe-b998-a867eb324bd7 efe35623479b45798794747db62a1a5c cabec951436a4d0eaec193ce1f9fc389 - - c31d3e9b3c3142cba44307f86026f19a c31d3e9b3c3142cba44307f86026f19a] 162.253.55.75 "GET /v2.0/ports?device_id=87d83710-b428-4b1e-ac26-e06d18e2f164&fields=binding%3Ahost_id&fields=binding%3Avif_type HTTP/1.1" status: 200 len: 265 time: 0.0372777 /var/lib/openstack/lib/python3.10/site-packages/pycadf/identifier.py:71: UserWarning: Invalid uuid: neutron. To ensure interoperability, identifiers should be a valid uuid. warnings.warn(('Invalid uuid: %s. To ensure interoperability, '
2026-09-11 06:39:33.940 9 INFO neutron.wsgi [req-0e1acf07-f499-4aa7-bd21-5a20b4523667 req-8d7bb2e9-23f1-4172-9ece-302a0ce5a8d5 efe35623479b45798794747db62a1a5c cabec951436a4d0eaec193ce1f9fc389 - - c31d3e9b3c3142cba44307f86026f19a c31d3e9b3c3142cba44307f86026f19a] 162.253.55.75 "GET /v2.0/ports?tenant_id=723a7251ef834d4ca7deb84bdab3ca26&device_id=87d83710-b428-4b1e-ac26-e06d18e2f164 HTTP/1.1" status: 200 len: 1409 time: 0.0534983
2026-09-11 06:39:33.944 9 WARNING neutron.scheduler.dhcp_agent_scheduler [None req-4320339b-7f43-4960-9701-c6d1a7fba841 66c92f406a0c4b2c9455e574f962b4b2 76e564dc5db747b682ddd3cd7843f977 - - default default] No more DHCP agents
2026-09-11 06:39:33.947 9 WARNING neutron.api.rpc.agentnotifiers.dhcp_rpc_agent_api [None req-4320339b-7f43-4960-9701-c6d1a7fba841 66c92f406a0c4b2c9455e574f962b4b2 76e564dc5db747b682ddd3cd7843f977 - - default default] Unable to schedule network 0e092564-01be-4dc3-8a8f-1229b2365efc: no agents available; will retry on subsequent port and subnet creation events. /var/lib/openstack/lib/python3.10/site-packages/pycadf/identifier.py:71: UserWarning: Invalid uuid: neutron. To ensure interoperability, identifiers should be a valid uuid. warnings.warn(('Invalid uuid: %s. To ensure interoperability, '
2026-09-11 06:39:34.016 10 INFO neutron.db.ovn_revision_numbers_db [None req-22667b2b-b3d4-4950-9b97-cf9617e86ba2 - - - - - -] Successfully bumped revision number for resource 976923d9-10a5-44dd-97a6-8baac2f70132 (type: ports) to 4
2026-09-11 06:39:34.046 9 INFO neutron.wsgi [req-0e1acf07-f499-4aa7-bd21-5a20b4523667 req-89243300-b67a-45a9-b9de-b96ee9bb3f50 efe35623479b45798794747db62a1a5c cabec951436a4d0eaec193ce1f9fc389 - - c31d3e9b3c3142cba44307f86026f19a c31d3e9b3c3142cba44307f86026f19a] 162.253.55.75 "GET /v2.0/networks?id=9911125b-fe43-41c9-9096-f6321309bf2d HTTP/1.1" status: 200 len: 958 time: 0.0797954
2026-09-11 06:39:34.078 9 INFO neutron.wsgi [req-0e1acf07-f499-4aa7-bd21-5a20b4523667 req-ba4e9543-7c0e-488a-b6a6-5b3b1bec82f5 efe35623479b45798794747db62a1a5c cabec951436a4d0eaec193ce1f9fc389 - - c31d3e9b3c3142cba44307f86026f19a c31d3e9b3c3142cba44307f86026f19a] 162.253.55.75 "GET /v2.0/floatingips?fixed_ip_address=10.100.0.7&port_id=3b6608fa-bac5-415e-a43d-000ec2644f4c HTTP/1.1" status: 200 len: 217 time: 0.0242829
2026-09-11 06:39:34.107 9 INFO neutron.db.ovn_revision_numbers_db [None req-4320339b-7f43-4960-9701-c6d1a7fba841 66c92f406a0c4b2c9455e574f962b4b2 76e564dc5db747b682ddd3cd7843f977 - - default default] Successfully bumped revision number for resource 0fd101d5-0de0-46fb-84d4-c1d1bcefb7a3 (type: ports) to 1
2026-09-11 06:39:34.110 9 INFO neutron.wsgi [req-0e1acf07-f499-4aa7-bd21-5a20b4523667 req-15eac397-5b1e-4889-87aa-c7488390e3f7 efe35623479b45798794747db62a1a5c cabec951436a4d0eaec193ce1f9fc389 - - c31d3e9b3c3142cba44307f86026f19a c31d3e9b3c3142cba44307f86026f19a] 162.253.55.75 "GET /v2.0/subnets?id=58217a87-e627-4501-94b0-7ff4a9ef88b6 HTTP/1.1" status: 200 len: 853 time: 0.0253687
2026-09-11 06:39:34.140 9 INFO neutron.wsgi [None req-4320339b-7f43-4960-9701-c6d1a7fba841 66c92f406a0c4b2c9455e574f962b4b2 76e564dc5db747b682ddd3cd7843f977 - - default default] 10.0.0.148 "POST /v2.0/ports HTTP/1.1" status: 201 len: 1163 time: 0.5468559
2026-09-11 06:39:34.141 9 INFO neutron.wsgi [req-0e1acf07-f499-4aa7-bd21-5a20b4523667 req-5400d13c-4e22-4456-85cb-028d0e5b9a49 efe35623479b45798794747db62a1a5c cabec951436a4d0eaec193ce1f9fc389 - - c31d3e9b3c3142cba44307f86026f19a c31d3e9b3c3142cba44307f86026f19a] 162.253.55.75 "GET /v2.0/ports?network_id=9911125b-fe43-41c9-9096-f6321309bf2d&device_owner=network%3Adhcp HTTP/1.1" status: 200 len: 210 time: 0.0210772
2026-09-11 06:39:34.240 9 INFO neutron.wsgi [req-0e1acf07-f499-4aa7-bd21-5a20b4523667 req-1c864b4a-3415-4977-baf5-770ba4ed5ed9 efe35623479b45798794747db62a1a5c cabec951436a4d0eaec193ce1f9fc389 - - c31d3e9b3c3142cba44307f86026f19a c31d3e9b3c3142cba44307f86026f19a] 162.253.55.75 "GET /v2.0/networks/9911125b-fe43-41c9-9096-f6321309bf2d?fields=segments HTTP/1.1" status: 200 len: 212 time: 0.0891180
2026-09-11 06:39:34.262 10 INFO neutron.db.l3_db [None req-54f1f95c-5de2-4b0c-8110-b489d8817f30 1999e56f631f4370abd53772121b0602 eaf83ac633974a90aac59711435172f7 - - default default] Floating IP 77899e74-819b-4ded-afc6-a63640013b58 associated. External IP: 10.96.250.209, port: cfded533-549a-47c8-8fa8-47a550521b0b.
2026-09-11 06:39:34.314 9 INFO neutron.wsgi [req-0e1acf07-f499-4aa7-bd21-5a20b4523667 req-cfb07905-c0b3-49c3-b2ed-adab2d109c3c efe35623479b45798794747db62a1a5c cabec951436a4d0eaec193ce1f9fc389 - - c31d3e9b3c3142cba44307f86026f19a c31d3e9b3c3142cba44307f86026f19a] 162.253.55.75 "GET /v2.0/networks/9911125b-fe43-41c9-9096-f6321309bf2d?fields=provider%3Aphysical_network&fields=provider%3Anetwork_type HTTP/1.1" status: 200 len: 277 time: 0.0677338
2026-09-11 06:39:34.464 10 INFO neutron.db.ovn_revision_numbers_db [None req-54f1f95c-5de2-4b0c-8110-b489d8817f30 1999e56f631f4370abd53772121b0602 eaf83ac633974a90aac59711435172f7 - - default default] Successfully bumped revision number for resource 77899e74-819b-4ded-afc6-a63640013b58 (type: floatingips) to 0
2026-09-11 06:39:34.526 9 INFO neutron.wsgi [req-08567a10-c8e8-48b4-a69a-d0d3c39cf534 req-1b082970-28a6-4c4f-b0ec-da636aea5a02 3630194428a949dcbbb2aa51b5fd642e 723a7251ef834d4ca7deb84bdab3ca26 - - default default] 10.0.0.159 "GET /v2.0/ports?device_id=82f748a0-14e0-4091-bdd6-df8ed52ef097 HTTP/1.1" status: 200 len: 1170 time: 0.0555384
2026-09-11 06:39:34.600 10 INFO neutron.db.ovn_revision_numbers_db [None req-54f1f95c-5de2-4b0c-8110-b489d8817f30 1999e56f631f4370abd53772121b0602 eaf83ac633974a90aac59711435172f7 - - default default] Successfully bumped revision number for resource 77899e74-819b-4ded-afc6-a63640013b58 (type: floatingips) to 1
2026-09-11 06:39:34.636 10 INFO neutron.wsgi [None req-54f1f95c-5de2-4b0c-8110-b489d8817f30 1999e56f631f4370abd53772121b0602 eaf83ac633974a90aac59711435172f7 - - default default] 10.0.0.148 "POST /v2.0/floatingips HTTP/1.1" status: 201 len: 1040 time: 1.3570719 /var/lib/openstack/lib/python3.10/site-packages/pycadf/identifier.py:71: UserWarning: Invalid uuid: neutron. To ensure interoperability, identifiers should be a valid uuid. warnings.warn(('Invalid uuid: %s. To ensure interoperability, '
2026-09-11 06:39:34.752 10 INFO neutron.db.l3_db [None req-566fa764-b949-4731-b65f-8950200fdf20 1999e56f631f4370abd53772121b0602 eaf83ac633974a90aac59711435172f7 - - default default] Floating IP 77899e74-819b-4ded-afc6-a63640013b58 disassociated. External IP: 10.96.250.209, port: cfded533-549a-47c8-8fa8-47a550521b0b. /var/lib/openstack/lib/python3.10/site-packages/pycadf/identifier.py:71: UserWarning: Invalid uuid: neutron. To ensure interoperability, identifiers should be a valid uuid. warnings.warn(('Invalid uuid: %s. To ensure interoperability, '
2026-09-11 06:39:34.800 9 WARNING neutron.plugins.ml2.drivers.ovn.mech_driver.ovsdb.ovn_client [None req-152a3724-0546-47c9-9d80-04f0c556738d - - - - - -] No hosting information found for port 24706d09-8ef5-4767-8710-781ae1e926a7: RuntimeError: No hosting information found for port 24706d09-8ef5-4767-8710-781ae1e926a7
2026-09-11 06:39:34.801 9 INFO neutron.plugins.ml2.drivers.ovn.mech_driver.mech_driver [None req-152a3724-0546-47c9-9d80-04f0c556738d - - - - - -] OVN reports status up for port: f7735822-cc55-49d5-a22f-02a34d60d989
2026-09-11 06:39:34.810 10 INFO neutron.db.ovn_revision_numbers_db [None req-566fa764-b949-4731-b65f-8950200fdf20 1999e56f631f4370abd53772121b0602 eaf83ac633974a90aac59711435172f7 - - default default] Successfully bumped revision number for resource 77899e74-819b-4ded-afc6-a63640013b58 (type: floatingips) to 2
2026-09-11 06:39:34.814 9 INFO neutron.plugins.ml2.plugin [None req-152a3724-0546-47c9-9d80-04f0c556738d - - - - - -] Attempt 1 to provision port f7735822-cc55-49d5-a22f-02a34d60d989
2026-09-11 06:39:34.841 9 INFO neutron.wsgi [req-08567a10-c8e8-48b4-a69a-d0d3c39cf534 req-2467762a-ccdd-42fc-91e2-36d42c17ced6 3630194428a949dcbbb2aa51b5fd642e 723a7251ef834d4ca7deb84bdab3ca26 - - default default] 10.0.0.159 "GET /v2.0/security-groups?id=12cff641-fe77-467f-9014-f046f2bb0f56&fields=id&fields=name HTTP/1.1" status: 200 len: 312 time: 0.0726573
2026-09-11 06:39:34.864 9 INFO neutron.db.ovn_revision_numbers_db [None req-14e70659-155b-4f10-8964-90d37e107290 66c92f406a0c4b2c9455e574f962b4b2 76e564dc5db747b682ddd3cd7843f977 - - default default] Successfully bumped revision number for resource 0fd101d5-0de0-46fb-84d4-c1d1bcefb7a3 (type: router_ports) to 2
