2026-09-11 06:38:10.416 10 INFO neutron.db.ovn_revision_numbers_db [None req-c38dfbdd-cbdc-4f51-8d7f-a90353c76649 e915aac3d8cf44b5bd14642408eaa706 d5a18636bbbc4419932587742c22c0e5 - - default default] Successfully bumped revision number for resource fcf24455-93d2-4ef4-b3da-0ceb89c54f83 (type: ports) to 1
2026-09-11 06:38:10.551 9 INFO neutron.wsgi [req-17a8c597-d90f-4ef6-9eb9-d802ac4ef7fd req-34ca03fb-98f8-49b1-9666-ce068cbc4826 efe35623479b45798794747db62a1a5c cabec951436a4d0eaec193ce1f9fc389 - - c31d3e9b3c3142cba44307f86026f19a c31d3e9b3c3142cba44307f86026f19a] 162.253.55.75 "GET /v2.0/networks/57a3fd8c-6973-4a07-b6ad-c1b4e308ac39?fields=provider%3Aphysical_network&fields=provider%3Anetwork_type HTTP/1.1" status: 200 len: 277 time: 0.2170644
2026-09-11 06:38:10.558 10 INFO neutron.db.ovn_revision_numbers_db [None req-63a886e7-5bc5-4af1-b43b-3e098bcf44ca - - - - - -] Successfully bumped revision number for resource 6eadad36-6b8b-4aff-af1e-a7dc846c4e71 (type: router_ports) to 3 /var/lib/openstack/lib/python3.10/site-packages/pycadf/identifier.py:71: UserWarning: Invalid uuid: neutron. To ensure interoperability, identifiers should be a valid uuid. warnings.warn(('Invalid uuid: %s. To ensure interoperability, '
2026-09-11 06:38:10.685 10 INFO neutron.wsgi [None req-9d9b4e48-e619-4f91-b825-7d528acdf0c5 898d615bebf24af3af2829d1a92ef96d 198cd00a52e74185abd55baaebc9135d - - default default] 10.0.0.148 "GET /v2.0/extensions HTTP/1.1" status: 200 len: 16520 time: 0.1697392
2026-09-11 06:38:10.696 9 INFO neutron.wsgi [None req-0d6d0885-522d-429c-9362-6e3f85eee56a 898d615bebf24af3af2829d1a92ef96d 198cd00a52e74185abd55baaebc9135d - - default default] 10.0.0.148 "GET /v2.0/extensions/address-group HTTP/1.1" status: 200 len: 353 time: 0.0041792
2026-09-11 06:38:10.718 10 INFO neutron.wsgi [None req-3ef33cc0-2a79-416a-bd5d-16d49664456e 898d615bebf24af3af2829d1a92ef96d 198cd00a52e74185abd55baaebc9135d - - default default] 10.0.0.148 "GET /v2.0/extensions/address-scope HTTP/1.1" status: 200 len: 357 time: 0.0117643
2026-09-11 06:38:10.739 9 INFO neutron.wsgi [None req-a5c3c498-f3fa-45dc-9f6f-eee3047f11f0 898d615bebf24af3af2829d1a92ef96d 198cd00a52e74185abd55baaebc9135d - - default default] 10.0.0.148 "GET /v2.0/extensions/agent HTTP/1.1" status: 200 len: 347 time: 0.0041826
2026-09-11 06:38:10.749 9 INFO neutron.wsgi [None req-0cd54d35-b866-4c98-b22c-65eed5627dba 898d615bebf24af3af2829d1a92ef96d 198cd00a52e74185abd55baaebc9135d - - default default] 10.0.0.148 "GET /v2.0/extensions/allowed-address-pairs HTTP/1.1" status: 200 len: 378 time: 0.0030565
2026-09-11 06:38:10.752 10 INFO neutron.db.ovn_revision_numbers_db [None req-63a886e7-5bc5-4af1-b43b-3e098bcf44ca - - - - - -] Successfully bumped revision number for resource 6eadad36-6b8b-4aff-af1e-a7dc846c4e71 (type: ports) to 2
2026-09-11 06:38:10.757 9 INFO neutron.wsgi [None req-1ad7650e-4894-4020-bdc8-8df954a872fc 898d615bebf24af3af2829d1a92ef96d 198cd00a52e74185abd55baaebc9135d - - default default] 10.0.0.148 "GET /v2.0/extensions/auto-allocated-topology HTTP/1.1" status: 200 len: 394 time: 0.0035501
2026-09-11 06:38:10.772 9 INFO neutron.wsgi [None req-8618f4cc-1316-4d98-9926-e6172fa7f126 898d615bebf24af3af2829d1a92ef96d 198cd00a52e74185abd55baaebc9135d - - default default] 10.0.0.148 "GET /v2.0/extensions/availability_zone HTTP/1.1" status: 200 len: 372 time: 0.0072098
2026-09-11 06:38:10.791 9 INFO neutron.wsgi [None req-5c239cb8-0a5e-44e6-86c5-458cbac94b73 898d615bebf24af3af2829d1a92ef96d 198cd00a52e74185abd55baaebc9135d - - default default] 10.0.0.148 "GET /v2.0/extensions/default-subnetpools HTTP/1.1" status: 200 len: 405 time: 0.0141244
2026-09-11 06:38:10.800 9 INFO neutron.wsgi [None req-b0def5ca-d569-4471-b61c-e3ed716fffd2 898d615bebf24af3af2829d1a92ef96d 198cd00a52e74185abd55baaebc9135d - - default default] 10.0.0.148 "GET /v2.0/extensions/dhcp_agent_scheduler HTTP/1.1" status: 200 len: 381 time: 0.0030441
2026-09-11 06:38:10.809 9 INFO neutron.wsgi [None req-e1468a3c-2585-4f7a-9a0f-319cbcb47c7c 898d615bebf24af3af2829d1a92ef96d 198cd00a52e74185abd55baaebc9135d - - default default] 10.0.0.148 "GET /v2.0/extensions/dns-integration HTTP/1.1" status: 200 len: 366 time: 0.0046079
2026-09-11 06:38:10.821 10 INFO neutron.wsgi [None req-85223fea-af10-4e1f-b56f-38fb8e1cee67 898d615bebf24af3af2829d1a92ef96d 198cd00a52e74185abd55baaebc9135d - - default default] 10.0.0.148 "GET /v2.0/extensions/dns-domain-ports HTTP/1.1" status: 200 len: 399 time: 0.0068922
2026-09-11 06:38:10.822 9 WARNING neutron.scheduler.dhcp_agent_scheduler [None req-ed345c45-192c-46eb-a77d-c37da1b7190b e915aac3d8cf44b5bd14642408eaa706 d5a18636bbbc4419932587742c22c0e5 - - default default] No more DHCP agents
2026-09-11 06:38:10.824 9 WARNING neutron.api.rpc.agentnotifiers.dhcp_rpc_agent_api [None req-ed345c45-192c-46eb-a77d-c37da1b7190b e915aac3d8cf44b5bd14642408eaa706 d5a18636bbbc4419932587742c22c0e5 - - default default] Unable to schedule network e871f3f8-9325-4ec8-89b9-e381e1782448: no agents available; will retry on subsequent port and subnet creation events.
2026-09-11 06:38:10.832 10 INFO neutron.wsgi [None req-d6fd4b25-958f-4836-a7aa-aa7265f0c7c8 898d615bebf24af3af2829d1a92ef96d 198cd00a52e74185abd55baaebc9135d - - default default] 10.0.0.148 "GET /v2.0/extensions/dns-integration-domain-keywords HTTP/1.1" status: 200 len: 477 time: 0.0039394
2026-09-11 06:38:10.843 9 INFO neutron.wsgi [None req-d6a86203-bff5-44cc-9fad-6b8b565e3157 898d615bebf24af3af2829d1a92ef96d 198cd00a52e74185abd55baaebc9135d - - default default] 10.0.0.148 "GET /v2.0/extensions/external-net HTTP/1.1" status: 200 len: 394 time: 0.0064843
2026-09-11 06:38:10.860 10 INFO neutron.wsgi [None req-321cbbcc-0127-41c0-a304-3bee2288258a 898d615bebf24af3af2829d1a92ef96d 198cd00a52e74185abd55baaebc9135d - - default default] 10.0.0.148 "GET /v2.0/extensions/extra_dhcp_opt HTTP/1.1" status: 200 len: 498 time: 0.0113716
2026-09-11 06:38:10.877 10 INFO neutron.wsgi [None req-88e48b8e-a4d4-4e11-8648-d2f84d127d54 898d615bebf24af3af2829d1a92ef96d 198cd00a52e74185abd55baaebc9135d - - default default] 10.0.0.148 "GET /v2.0/extensions/extraroute HTTP/1.1" status: 200 len: 375 time: 0.0092931
2026-09-11 06:38:10.888 9 INFO neutron.wsgi [None req-acd1cd8b-eb0e-4bce-a5f7-31e139caea76 898d615bebf24af3af2829d1a92ef96d 198cd00a52e74185abd55baaebc9135d - - default default] 10.0.0.148 "GET /v2.0/extensions/filter-validation HTTP/1.1" status: 200 len: 392 time: 0.0052240
2026-09-11 06:38:10.902 9 INFO neutron.wsgi [None req-adee205f-c466-4b6a-a56c-4435443a55a4 898d615bebf24af3af2829d1a92ef96d 198cd00a52e74185abd55baaebc9135d - - default default] 10.0.0.148 "GET /v2.0/extensions/floating-ip-port-forwarding-detail HTTP/1.1" status: 200 len: 465 time: 0.0041261
2026-09-11 06:38:10.924 9 INFO neutron.wsgi [None req-fc28e968-a2f1-44e8-b428-a329a207cea8 898d615bebf24af3af2829d1a92ef96d 198cd00a52e74185abd55baaebc9135d - - default default] 10.0.0.148 "GET /v2.0/extensions/fip-port-details HTTP/1.1" status: 200 len: 406 time: 0.0069275
2026-09-11 06:38:10.937 10 INFO neutron.wsgi [None req-e45796db-3832-4d4e-ad6e-5fe450405102 898d615bebf24af3af2829d1a92ef96d 198cd00a52e74185abd55baaebc9135d - - default default] 10.0.0.148 "GET /v2.0/extensions/flavors HTTP/1.1" status: 200 len: 387 time: 0.0072482
2026-09-11 06:38:10.950 9 INFO neutron.wsgi [None req-504c036a-ee2a-4f8f-a27b-78e342538c1b 898d615bebf24af3af2829d1a92ef96d 198cd00a52e74185abd55baaebc9135d - - default default] 10.0.0.148 "GET /v2.0/extensions/floatingip-pools HTTP/1.1" status: 200 len: 382 time: 0.0046434
2026-09-11 06:38:10.965 10 INFO neutron.wsgi [None req-62d8bf59-5190-450a-b1d9-287bde1a8c83 898d615bebf24af3af2829d1a92ef96d 198cd00a52e74185abd55baaebc9135d - - default default] 10.0.0.148 "GET /v2.0/extensions/ip_allocation HTTP/1.1" status: 200 len: 356 time: 0.0082834
2026-09-11 06:38:10.981 10 INFO neutron.wsgi [None req-78c86421-530b-4f1f-b6d2-ac3963d783f6 898d615bebf24af3af2829d1a92ef96d 198cd00a52e74185abd55baaebc9135d - - default default] 10.0.0.148 "GET /v2.0/extensions/l2_adjacency HTTP/1.1" status: 200 len: 372 time: 0.0105994
2026-09-11 06:38:10.994 9 INFO neutron.wsgi [None req-1f4094f7-aac6-4f0c-9a52-d28e161ea56d 898d615bebf24af3af2829d1a92ef96d 198cd00a52e74185abd55baaebc9135d - - default default] 10.0.0.148 "GET /v2.0/extensions/router HTTP/1.1" status: 200 len: 450 time: 0.0046558
2026-09-11 06:38:11.003 9 INFO neutron.wsgi [None req-ec693304-6397-4675-abe0-39bb8c1b263a 898d615bebf24af3af2829d1a92ef96d 198cd00a52e74185abd55baaebc9135d - - default default] 10.0.0.148 "GET /v2.0/extensions/ext-gw-mode HTTP/1.1" status: 200 len: 462 time: 0.0050340
2026-09-11 06:38:11.010 10 INFO neutron.wsgi [None req-3e0d349d-8ba0-48d4-a18d-c04382248b2e 898d615bebf24af3af2829d1a92ef96d 198cd00a52e74185abd55baaebc9135d - - default default] 10.0.0.148 "GET /v2.0/extensions/logging HTTP/1.1" status: 200 len: 407 time: 0.0039308
2026-09-11 06:38:11.018 10 INFO neutron.wsgi [None req-b950612e-3671-4853-a47d-1680c0683487 898d615bebf24af3af2829d1a92ef96d 198cd00a52e74185abd55baaebc9135d - - default default] 10.0.0.148 "GET /v2.0/extensions/multi-provider HTTP/1.1" status: 200 len: 406 time: 0.0043290
2026-09-11 06:38:11.025 10 INFO neutron.wsgi [None req-fedbcff5-f6eb-43ae-a1e9-d18726f569ac 898d615bebf24af3af2829d1a92ef96d 198cd00a52e74185abd55baaebc9135d - - default default] 10.0.0.148 "GET /v2.0/extensions/net-mtu HTTP/1.1" status: 200 len: 370 time: 0.0033286
2026-09-11 06:38:11.026 10 INFO neutron.db.ovn_revision_numbers_db [None req-c38dfbdd-cbdc-4f51-8d7f-a90353c76649 e915aac3d8cf44b5bd14642408eaa706 d5a18636bbbc4419932587742c22c0e5 - - default default] Successfully bumped revision number for resource fcf24455-93d2-4ef4-b3da-0ceb89c54f83 (type: router_ports) to 1
2026-09-11 06:38:11.031 9 INFO neutron.wsgi [None req-ff6b923c-ab73-4032-8a1a-0a9aadc0edd5 898d615bebf24af3af2829d1a92ef96d 198cd00a52e74185abd55baaebc9135d - - default default] 10.0.0.148 "GET /v2.0/extensions/net-mtu-writable HTTP/1.1" status: 200 len: 401 time: 0.0034597
2026-09-11 06:38:11.032 9 INFO neutron.db.ovn_revision_numbers_db [None req-ed345c45-192c-46eb-a77d-c37da1b7190b e915aac3d8cf44b5bd14642408eaa706 d5a18636bbbc4419932587742c22c0e5 - - default default] Successfully bumped revision number for resource 37416eb1-f11c-40ef-955a-77ad6e7439bd (type: ports) to 1
2026-09-11 06:38:11.038 9 INFO neutron.wsgi [None req-29461727-72c3-4a09-ba89-bcb24269390e 898d615bebf24af3af2829d1a92ef96d 198cd00a52e74185abd55baaebc9135d - - default default] 10.0.0.148 "GET /v2.0/extensions/network_availability_zone HTTP/1.1" status: 200 len: 394 time: 0.0037215
2026-09-11 06:38:11.044 9 INFO neutron.wsgi [None req-bf3b5ec3-c88c-40fd-9413-6cae02ba18de 898d615bebf24af3af2829d1a92ef96d 198cd00a52e74185abd55baaebc9135d - - default default] 10.0.0.148 "GET /v2.0/extensions/network-ip-availability HTTP/1.1" status: 200 len: 410 time: 0.0028398
2026-09-11 06:38:11.051 10 INFO neutron.wsgi [None req-5817c925-bcfb-472a-8838-199feb7ecb0e 898d615bebf24af3af2829d1a92ef96d 198cd00a52e74185abd55baaebc9135d - - default default] 10.0.0.148 "GET /v2.0/extensions/pagination HTTP/1.1" status: 200 len: 386 time: 0.0039084
2026-09-11 06:38:11.060 9 INFO neutron.wsgi [None req-dbe0ac35-24fc-417e-88cd-4dde99c42c25 898d615bebf24af3af2829d1a92ef96d 198cd00a52e74185abd55baaebc9135d - - default default] 10.0.0.148 "GET /v2.0/extensions/port-device-profile HTTP/1.1" status: 200 len: 383 time: 0.0040853
2026-09-11 06:38:11.066 9 INFO neutron.wsgi [None req-d1c44966-75a2-4b03-8457-cad014793c3f 898d615bebf24af3af2829d1a92ef96d 198cd00a52e74185abd55baaebc9135d - - default default] 10.0.0.148 "GET /v2.0/extensions/port-mac-address-regenerate HTTP/1.1" status: 200 len: 403 time: 0.0032749
2026-09-11 06:38:11.080 10 INFO neutron.wsgi [None req-d58f9f0d-c5d2-4c25-9764-846ce2416d5f 898d615bebf24af3af2829d1a92ef96d 198cd00a52e74185abd55baaebc9135d - - default default] 10.0.0.148 "GET /v2.0/extensions/port-numa-affinity-policy HTTP/1.1" status: 200 len: 392 time: 0.0053585
2026-09-11 06:38:11.090 10 INFO neutron.wsgi [None req-cd64689d-d0f6-474b-9c05-7e08938cd427 898d615bebf24af3af2829d1a92ef96d 198cd00a52e74185abd55baaebc9135d - - default default] 10.0.0.148 "GET /v2.0/extensions/port-resource-request HTTP/1.1" status: 200 len: 379 time: 0.0058358
2026-09-11 06:38:11.100 10 INFO neutron.wsgi [None req-bc1fc1b1-27ec-49de-aa78-f1ae04a3ea5d 898d615bebf24af3af2829d1a92ef96d 198cd00a52e74185abd55baaebc9135d - - default default] 10.0.0.148 "GET /v2.0/extensions/port-resource-request-groups HTTP/1.1" status: 200 len: 465 time: 0.0057864
2026-09-11 06:38:11.110 9 INFO neutron.wsgi [None req-b534ea3a-927a-41a5-a54e-ff0a1f9c85e7 898d615bebf24af3af2829d1a92ef96d 198cd00a52e74185abd55baaebc9135d - - default default] 10.0.0.148 "GET /v2.0/extensions/binding HTTP/1.1" status: 200 len: 387 time: 0.0056002
2026-09-11 06:38:11.117 9 INFO neutron.wsgi [None req-00fc9216-dafd-4d3c-b6c0-c2b596ee5de1 898d615bebf24af3af2829d1a92ef96d 198cd00a52e74185abd55baaebc9135d - - default default] 10.0.0.148 "GET /v2.0/extensions/binding-extended HTTP/1.1" status: 200 len: 406 time: 0.0031242
2026-09-11 06:38:11.127 10 INFO neutron.wsgi [None req-7d19d069-f5ca-4e00-b7f4-19ca1b427253 898d615bebf24af3af2829d1a92ef96d 198cd00a52e74185abd55baaebc9135d - - default default] 10.0.0.148 "GET /v2.0/extensions/port-security HTTP/1.1" status: 200 len: 354 time: 0.0049028
2026-09-11 06:38:11.134 9 INFO neutron.wsgi [None req-187f9ae1-747d-4c81-9b38-71558f4e5243 898d615bebf24af3af2829d1a92ef96d 198cd00a52e74185abd55baaebc9135d - - default default] 10.0.0.148 "GET /v2.0/extensions/project-id HTTP/1.1" status: 200 len: 398 time: 0.0037687
2026-09-11 06:38:11.143 10 INFO neutron.wsgi [None req-eb089983-f755-495c-a038-adadc8c90a01 898d615bebf24af3af2829d1a92ef96d 198cd00a52e74185abd55baaebc9135d - - default default] 10.0.0.148 "GET /v2.0/extensions/provider HTTP/1.1" status: 200 len: 385 time: 0.0035973
2026-09-11 06:38:11.149 9 INFO neutron.wsgi [None req-cc481797-a678-4e93-9b6d-2473d58a2229 898d615bebf24af3af2829d1a92ef96d 198cd00a52e74185abd55baaebc9135d - - default default] 10.0.0.148 "GET /v2.0/extensions/qos HTTP/1.1" status: 200 len: 360 time: 0.0035353
2026-09-11 06:38:11.154 10 INFO neutron.db.ovn_revision_numbers_db [None req-63a886e7-5bc5-4af1-b43b-3e098bcf44ca - - - - - -] Successfully bumped revision number for resource 6eadad36-6b8b-4aff-af1e-a7dc846c4e71 (type: ports) to 4
2026-09-11 06:38:11.155 9 INFO neutron.wsgi [None req-30b8baca-13d6-4390-8206-de7dad551b97 898d615bebf24af3af2829d1a92ef96d 198cd00a52e74185abd55baaebc9135d - - default default] 10.0.0.148 "GET /v2.0/extensions/qos-bw-limit-direction HTTP/1.1" status: 200 len: 452 time: 0.0035372
2026-09-11 06:38:11.162 9 INFO neutron.wsgi [None req-df69849c-644f-492d-9927-730f9c283880 898d615bebf24af3af2829d1a92ef96d 198cd00a52e74185abd55baaebc9135d - - default default] 10.0.0.148 "GET /v2.0/extensions/qos-bw-minimum-ingress HTTP/1.1" status: 200 len: 445 time: 0.0032585
2026-09-11 06:38:11.169 9 INFO neutron.wsgi [None req-b5bc26e0-b3f5-4a74-a7b0-cd70188ab56d 898d615bebf24af3af2829d1a92ef96d 198cd00a52e74185abd55baaebc9135d - - default default] 10.0.0.148 "GET /v2.0/extensions/qos-default HTTP/1.1" status: 200 len: 377 time: 0.0033977
2026-09-11 06:38:11.175 9 INFO neutron.wsgi [None req-d2978527-5118-4399-83aa-f5ee515ef3a5 898d615bebf24af3af2829d1a92ef96d 198cd00a52e74185abd55baaebc9135d - - default default] 10.0.0.148 "GET /v2.0/extensions/qos-fip HTTP/1.1" status: 200 len: 372 time: 0.0034366
2026-09-11 06:38:11.181 9 INFO neutron.wsgi [None req-81b78ee4-7a62-47d2-90a2-8aaaafa39ac6 898d615bebf24af3af2829d1a92ef96d 198cd00a52e74185abd55baaebc9135d - - default default] 10.0.0.148 "GET /v2.0/extensions/qos-gateway-ip HTTP/1.1" status: 200 len: 391 time: 0.0028703
2026-09-11 06:38:11.187 9 INFO neutron.wsgi [None req-be51c1b8-1da1-418e-b546-33fd6edee093 898d615bebf24af3af2829d1a92ef96d 198cd00a52e74185abd55baaebc9135d - - default default] 10.0.0.148 "GET /v2.0/extensions/qos-port-network-policy HTTP/1.1" status: 200 len: 403 time: 0.0028291
2026-09-11 06:38:11.201 10 INFO neutron.wsgi [None req-11b0243b-7a0e-4e52-9d56-62319982bcff 898d615bebf24af3af2829d1a92ef96d 198cd00a52e74185abd55baaebc9135d - - default default] 10.0.0.148 "GET /v2.0/extensions/qos-pps-minimum HTTP/1.1" status: 200 len: 397 time: 0.0071325
2026-09-11 06:38:11.213 10 INFO neutron.wsgi [None req-6ec66806-0cf7-419b-948f-15432cf7dfd7 898d615bebf24af3af2829d1a92ef96d 198cd00a52e74185abd55baaebc9135d - - default default] 10.0.0.148 "GET /v2.0/extensions/qos-pps-minimum-rule-alias HTTP/1.1" status: 200 len: 471 time: 0.0041988
2026-09-11 06:38:11.222 9 INFO neutron.wsgi [None req-7818beac-3372-465a-88e3-505414ddbd73 898d615bebf24af3af2829d1a92ef96d 198cd00a52e74185abd55baaebc9135d - - default default] 10.0.0.148 "GET /v2.0/extensions/qos-pps HTTP/1.1" status: 200 len: 389 time: 0.0053253
2026-09-11 06:38:11.229 9 INFO neutron.wsgi [None req-28e480a0-8a51-4f84-9904-c476ae14e746 898d615bebf24af3af2829d1a92ef96d 198cd00a52e74185abd55baaebc9135d - - default default] 10.0.0.148 "GET /v2.0/extensions/qos-rule-type-details HTTP/1.1" status: 200 len: 423 time: 0.0038941
2026-09-11 06:38:11.236 9 INFO neutron.wsgi [None req-e955de45-96ba-4c98-8a91-ee6d217f427c 898d615bebf24af3af2829d1a92ef96d 198cd00a52e74185abd55baaebc9135d - - default default] 10.0.0.148 "GET /v2.0/extensions/qos-rule-type-filter HTTP/1.1" status: 200 len: 567 time: 0.0034013
2026-09-11 06:38:11.243 9 INFO neutron.wsgi [None req-8b0201b6-0b31-4dcd-8535-abfc50a68614 898d615bebf24af3af2829d1a92ef96d 198cd00a52e74185abd55baaebc9135d - - default default] 10.0.0.148 "GET /v2.0/extensions/qos-rules-alias HTTP/1.1" status: 200 len: 448 time: 0.0042009
2026-09-11 06:38:11.251 9 INFO neutron.wsgi [None req-5306946b-ffd5-4c09-8a3e-d478ab98dd72 898d615bebf24af3af2829d1a92ef96d 198cd00a52e74185abd55baaebc9135d - - default default] 10.0.0.148 "GET /v2.0/extensions/quota-check-limit HTTP/1.1" status: 200 len: 420 time: 0.0038490
2026-09-11 06:38:11.257 9 INFO neutron.wsgi [None req-99182345-7ee6-49b5-b7f5-31efb01e3e19 898d615bebf24af3af2829d1a92ef96d 198cd00a52e74185abd55baaebc9135d - - default default] 10.0.0.148 "GET /v2.0/extensions/quotas HTTP/1.1" status: 200 len: 386 time: 0.0028751
2026-09-11 06:38:11.264 10 INFO neutron.wsgi [None req-29dfe1f2-60de-4c25-a644-4f5fac5b10e0 898d615bebf24af3af2829d1a92ef96d 198cd00a52e74185abd55baaebc9135d - - default default] 10.0.0.148 "GET /v2.0/extensions/quota_details HTTP/1.1" status: 200 len: 407 time: 0.0040438
2026-09-11 06:38:11.266 10 INFO neutron.db.ovn_revision_numbers_db [None req-c38dfbdd-cbdc-4f51-8d7f-a90353c76649 e915aac3d8cf44b5bd14642408eaa706 d5a18636bbbc4419932587742c22c0e5 - - default default] Successfully bumped revision number for resource fcf24455-93d2-4ef4-b3da-0ceb89c54f83 (type: ports) to 1
2026-09-11 06:38:11.270 9 INFO neutron.wsgi [None req-5185aa5c-aad2-43bf-8471-0f8c92b17433 898d615bebf24af3af2829d1a92ef96d 198cd00a52e74185abd55baaebc9135d - - default default] 10.0.0.148 "GET /v2.0/extensions/rbac-policies HTTP/1.1" status: 200 len: 417 time: 0.0028799
2026-09-11 06:38:11.276 9 INFO neutron.wsgi [None req-d5dbe929-2d14-401a-82db-61bad951bec2 898d615bebf24af3af2829d1a92ef96d 198cd00a52e74185abd55baaebc9135d - - default default] 10.0.0.148 "GET /v2.0/extensions/rbac-address-scope HTTP/1.1" status: 200 len: 384 time: 0.0033045
2026-09-11 06:38:11.286 10 INFO neutron.wsgi [None req-dc8ee4de-5f95-4d1c-a244-e6639b4e971c 898d615bebf24af3af2829d1a92ef96d 198cd00a52e74185abd55baaebc9135d - - default default] 10.0.0.148 "GET /v2.0/extensions/rbac-security-groups HTTP/1.1" status: 200 len: 404 time: 0.0038085
2026-09-11 06:38:11.293 9 INFO neutron.wsgi [None req-10ecd018-db5b-4aaa-a388-28c618a4dd0b 898d615bebf24af3af2829d1a92ef96d 198cd00a52e74185abd55baaebc9135d - - default default] 10.0.0.148 "GET /v2.0/extensions/revision-if-match HTTP/1.1" status: 200 len: 441 time: 0.0040901
2026-09-11 06:38:11.299 9 INFO neutron.wsgi [None req-7e84b75f-98fe-472a-8860-f30b09ef1a51 898d615bebf24af3af2829d1a92ef96d 198cd00a52e74185abd55baaebc9135d - - default default] 10.0.0.148 "GET /v2.0/extensions/standard-attr-revisions HTTP/1.1" status: 200 len: 423 time: 0.0031867
2026-09-11 06:38:11.306 9 INFO neutron.wsgi [None req-e9d46cb3-1e42-44ee-9439-b9cb5dd45c58 898d615bebf24af3af2829d1a92ef96d 198cd00a52e74185abd55baaebc9135d - - default default] 10.0.0.148 "GET /v2.0/extensions/router_availability_zone HTTP/1.1" status: 200 len: 391 time: 0.0041695
2026-09-11 06:38:11.330 10 INFO neutron.wsgi [None req-7718933c-a8a2-4eac-9bb3-2488091f3aac 898d615bebf24af3af2829d1a92ef96d 198cd00a52e74185abd55baaebc9135d - - default default] 10.0.0.148 "GET /v2.0/extensions/security-groups-normalized-cidr HTTP/1.1" status: 200 len: 445 time: 0.0207610
2026-09-11 06:38:11.338 10 INFO neutron.wsgi [None req-ad36a47c-2d52-4975-a8f7-2f45695f53c1 898d615bebf24af3af2829d1a92ef96d 198cd00a52e74185abd55baaebc9135d - - default default] 10.0.0.148 "GET /v2.0/extensions/security-groups-remote-address-group HTTP/1.1" status: 200 len: 448 time: 0.0042953
2026-09-11 06:38:11.346 10 INFO neutron.wsgi [None req-a5e98685-596e-452b-9395-89045e8b28ed 898d615bebf24af3af2829d1a92ef96d 198cd00a52e74185abd55baaebc9135d - - default default] 10.0.0.148 "GET /v2.0/extensions/security-groups-shared-filtering HTTP/1.1" status: 200 len: 435 time: 0.0042291
2026-09-11 06:38:11.352 10 INFO neutron.wsgi [None req-67242d09-57bf-49e4-81de-e8fc6cbd4ddf 898d615bebf24af3af2829d1a92ef96d 198cd00a52e74185abd55baaebc9135d - - default default] 10.0.0.148 "GET /v2.0/extensions/security-group HTTP/1.1" status: 200 len: 364 time: 0.0039515
2026-09-11 06:38:11.360 9 INFO neutron.wsgi [None req-9fb99011-9cdd-42e5-ada9-25b3a940dd64 898d615bebf24af3af2829d1a92ef96d 198cd00a52e74185abd55baaebc9135d - - default default] 10.0.0.148 "GET /v2.0/extensions/segment HTTP/1.1" status: 200 len: 339 time: 0.0049505
2026-09-11 06:38:11.370 10 INFO neutron.wsgi [None req-efe311cc-0a85-4cd7-a744-a8829099b902 898d615bebf24af3af2829d1a92ef96d 198cd00a52e74185abd55baaebc9135d - - default default] 10.0.0.148 "GET /v2.0/extensions/segments-peer-subnet-host-routes HTTP/1.1" status: 200 len: 427 time: 0.0057752
2026-09-11 06:38:11.376 10 INFO neutron.wsgi [None req-ab97ba4a-5cec-41fc-8e7c-77a0323e93fd 898d615bebf24af3af2829d1a92ef96d 198cd00a52e74185abd55baaebc9135d - - default default] 10.0.0.148 "GET /v2.0/extensions/service-type HTTP/1.1" status: 200 len: 415 time: 0.0028632
2026-09-11 06:38:11.385 10 INFO neutron.wsgi [None req-e7f6f2ef-bcb1-4edc-86f9-af02644dde0e 898d615bebf24af3af2829d1a92ef96d 198cd00a52e74185abd55baaebc9135d - - default default] 10.0.0.148 "GET /v2.0/extensions/sorting HTTP/1.1" status: 200 len: 377 time: 0.0065792
2026-09-11 06:38:11.391 10 WARNING neutron.scheduler.dhcp_agent_scheduler [None req-c38dfbdd-cbdc-4f51-8d7f-a90353c76649 e915aac3d8cf44b5bd14642408eaa706 d5a18636bbbc4419932587742c22c0e5 - - default default] No more DHCP agents
2026-09-11 06:38:11.392 9 INFO neutron.wsgi [None req-0ba50a90-8054-47b3-99f6-2d5f0f5cbfd6 898d615bebf24af3af2829d1a92ef96d 198cd00a52e74185abd55baaebc9135d - - default default] 10.0.0.148 "GET /v2.0/extensions/standard-attr-segment HTTP/1.1" status: 200 len: 406 time: 0.0045083
2026-09-11 06:38:11.392 10 WARNING neutron.api.rpc.agentnotifiers.dhcp_rpc_agent_api [None req-c38dfbdd-cbdc-4f51-8d7f-a90353c76649 e915aac3d8cf44b5bd14642408eaa706 d5a18636bbbc4419932587742c22c0e5 - - default default] Unable to schedule network 9169772f-753b-452b-a525-b5e7dcdc1a1c: no agents available; will retry on subsequent port and subnet creation events.
2026-09-11 06:38:11.400 9 INFO neutron.wsgi [None req-caf0a352-b93f-4cb4-9147-3e42d1102e10 898d615bebf24af3af2829d1a92ef96d 198cd00a52e74185abd55baaebc9135d - - default default] 10.0.0.148 "GET /v2.0/extensions/standard-attr-description HTTP/1.1" status: 200 len: 408 time: 0.0042803
2026-09-11 06:38:11.407 9 INFO neutron.wsgi [None req-d393d73e-7b42-45a9-9b8f-5abae1c2e865 898d615bebf24af3af2829d1a92ef96d 198cd00a52e74185abd55baaebc9135d - - default default] 10.0.0.148 "GET /v2.0/extensions/stateful-security-group HTTP/1.1" status: 200 len: 402 time: 0.0029886
2026-09-11 06:38:11.415 10 INFO neutron.wsgi [None req-b88543cf-3632-4299-a0b0-cb44a24dcc82 898d615bebf24af3af2829d1a92ef96d 198cd00a52e74185abd55baaebc9135d - - default default] 10.0.0.148 "GET /v2.0/extensions/subnet-dns-publish-fixed-ip HTTP/1.1" status: 200 len: 421 time: 0.0032103
2026-09-11 06:38:11.423 9 INFO neutron.wsgi [None req-4031d76a-ed6d-4b2d-9c8e-ad60b93b600f 898d615bebf24af3af2829d1a92ef96d 198cd00a52e74185abd55baaebc9135d - - default default] 10.0.0.148 "GET /v2.0/extensions/subnet-segmentid-writable HTTP/1.1" status: 200 len: 421 time: 0.0041459
2026-09-11 06:38:11.428 9 INFO neutron.wsgi [None req-5e111665-c8ac-4909-b0df-ac75b1a12a5b 898d615bebf24af3af2829d1a92ef96d 198cd00a52e74185abd55baaebc9135d - - default default] 10.0.0.148 "GET /v2.0/extensions/subnet-service-types HTTP/1.1" status: 200 len: 400 time: 0.0026562
2026-09-11 06:38:11.439 9 INFO neutron.wsgi [None req-3cb8cacc-ccde-437b-8776-ef8f0b3b9d7f 898d615bebf24af3af2829d1a92ef96d 198cd00a52e74185abd55baaebc9135d - - default default] 10.0.0.148 "GET /v2.0/extensions/subnet_allocation HTTP/1.1" status: 200 len: 388 time: 0.0040834
2026-09-11 06:38:11.445 9 INFO neutron.wsgi [None req-21722f25-bb2a-44c1-9b29-4bbd813d765c 898d615bebf24af3af2829d1a92ef96d 198cd00a52e74185abd55baaebc9135d - - default default] 10.0.0.148 "GET /v2.0/extensions/subnetpool-prefix-ops HTTP/1.1" status: 200 len: 418 time: 0.0031507
2026-09-11 06:38:11.456 9 INFO neutron.wsgi [None req-b83eb6db-d3c1-4405-b860-1019343034c9 898d615bebf24af3af2829d1a92ef96d 198cd00a52e74185abd55baaebc9135d - - default default] 10.0.0.148 "GET /v2.0/extensions/standard-attr-tag HTTP/1.1" status: 200 len: 537 time: 0.0032487
2026-09-11 06:38:11.579 10 INFO neutron.wsgi [None req-c7e72cf9-8800-4257-997c-a09c1491e311 898d615bebf24af3af2829d1a92ef96d 198cd00a52e74185abd55baaebc9135d - - default default] 10.0.0.148 "GET /v2.0/extensions/standard-attr-timestamp HTTP/1.1" status: 200 len: 449 time: 0.1186726
2026-09-11 06:38:11.589 10 INFO neutron.wsgi [None req-aa4de635-fd87-47f0-b846-1d741b7d112e 898d615bebf24af3af2829d1a92ef96d 198cd00a52e74185abd55baaebc9135d - - default default] 10.0.0.148 "GET /v2.0/extensions/trunk HTTP/1.1" status: 200 len: 358 time: 0.0041020
2026-09-11 06:38:11.600 9 INFO neutron.wsgi [None req-f9133865-e92d-414c-ae42-e2277fc2fb6e 898d615bebf24af3af2829d1a92ef96d 198cd00a52e74185abd55baaebc9135d - - default default] 10.0.0.148 "GET /v2.0/extensions/trunk-details HTTP/1.1" status: 200 len: 362 time: 0.0040429
2026-09-11 06:38:11.601 10 INFO neutron.db.ovn_revision_numbers_db [None req-63a886e7-5bc5-4af1-b43b-3e098bcf44ca - - - - - -] Successfully bumped revision number for resource 6eadad36-6b8b-4aff-af1e-a7dc846c4e71 (type: router_ports) to 4
2026-09-11 06:38:11.619 10 INFO neutron.plugins.ml2.drivers.ovn.mech_driver.mech_driver [None req-22667b2b-b3d4-4950-9b97-cf9617e86ba2 - - - - - -] OVN reports status up for port: 37416eb1-f11c-40ef-955a-77ad6e7439bd
2026-09-11 06:38:11.643 10 INFO neutron.plugins.ml2.plugin [None req-22667b2b-b3d4-4950-9b97-cf9617e86ba2 - - - - - -] Attempt 1 to provision port 37416eb1-f11c-40ef-955a-77ad6e7439bd
2026-09-11 06:38:11.657 9 INFO neutron.db.ovn_revision_numbers_db [None req-ed345c45-192c-46eb-a77d-c37da1b7190b e915aac3d8cf44b5bd14642408eaa706 d5a18636bbbc4419932587742c22c0e5 - - default default] Successfully bumped revision number for resource 37416eb1-f11c-40ef-955a-77ad6e7439bd (type: router_ports) to 1
2026-09-11 06:38:11.675 10 INFO neutron.plugins.ml2.drivers.ovn.mech_driver.ovsdb.ovsdb_monitor [None req-63a886e7-5bc5-4af1-b43b-3e098bcf44ca - - - - - -] Router 9c44233a-122c-4b75-ac17-3a0965ce8e74 is bound to host instance
2026-09-11 06:38:11.774 9 INFO neutron.db.ovn_revision_numbers_db [None req-ed345c45-192c-46eb-a77d-c37da1b7190b e915aac3d8cf44b5bd14642408eaa706 d5a18636bbbc4419932587742c22c0e5 - - default default] Successfully bumped revision number for resource 9c44233a-122c-4b75-ac17-3a0965ce8e74 (type: routers) to 2
2026-09-11 06:38:11.796 9 INFO neutron.wsgi [None req-ed345c45-192c-46eb-a77d-c37da1b7190b e915aac3d8cf44b5bd14642408eaa706 d5a18636bbbc4419932587742c22c0e5 - - default default] 10.0.0.148 "POST /v2.0/routers HTTP/1.1" status: 201 len: 877 time: 1.5704882
2026-09-11 06:38:12.105 9 INFO neutron.plugins.ml2.drivers.ovn.mech_driver.mech_driver [None req-152a3724-0546-47c9-9d80-04f0c556738d - - - - - -] OVN reports status up for port: fcf24455-93d2-4ef4-b3da-0ceb89c54f83
2026-09-11 06:38:12.113 9 INFO neutron.plugins.ml2.plugin [None req-152a3724-0546-47c9-9d80-04f0c556738d - - - - - -] Attempt 1 to provision port fcf24455-93d2-4ef4-b3da-0ceb89c54f83
2026-09-11 06:38:12.320 9 WARNING neutron.scheduler.dhcp_agent_scheduler [None req-a4668df8-543d-4fcc-8014-26478a089280 e915aac3d8cf44b5bd14642408eaa706 d5a18636bbbc4419932587742c22c0e5 - - default default] No more DHCP agents
2026-09-11 06:38:12.323 9 WARNING neutron.api.rpc.agentnotifiers.dhcp_rpc_agent_api [None req-a4668df8-543d-4fcc-8014-26478a089280 e915aac3d8cf44b5bd14642408eaa706 d5a18636bbbc4419932587742c22c0e5 - - default default] Unable to schedule network 77e9e779-8669-4343-94d4-d3290a430cb3: no agents available; will retry on subsequent port and subnet creation events.
2026-09-11 06:38:12.369 10 INFO neutron.db.ovn_revision_numbers_db [None req-63a886e7-5bc5-4af1-b43b-3e098bcf44ca - - - - - -] Successfully bumped revision number for resource 37416eb1-f11c-40ef-955a-77ad6e7439bd (type: ports) to 1
2026-09-11 06:38:12.371 10 INFO neutron.db.ovn_revision_numbers_db [None req-c38dfbdd-cbdc-4f51-8d7f-a90353c76649 e915aac3d8cf44b5bd14642408eaa706 d5a18636bbbc4419932587742c22c0e5 - - default default] Successfully bumped revision number for resource fcf24455-93d2-4ef4-b3da-0ceb89c54f83 (type: router_ports) to 1
2026-09-11 06:38:12.373 10 INFO neutron.wsgi [None req-c38dfbdd-cbdc-4f51-8d7f-a90353c76649 e915aac3d8cf44b5bd14642408eaa706 d5a18636bbbc4419932587742c22c0e5 - - default default] 10.0.0.148 "PUT /v2.0/routers/ccecbb44-f5c7-4ae0-bbb5-4b850f4cdd8c/add_router_interface HTTP/1.1" status: 200 len: 503 time: 3.1404212
2026-09-11 06:38:12.445 9 INFO neutron.db.ovn_revision_numbers_db [None req-152a3724-0546-47c9-9d80-04f0c556738d - - - - - -] Successfully bumped revision number for resource fcf24455-93d2-4ef4-b3da-0ceb89c54f83 (type: ports) to 2
2026-09-11 06:38:12.578 9 INFO neutron.db.ovn_revision_numbers_db [None req-c2357584-c2e7-4f3f-8251-7c1ca17aefaf e915aac3d8cf44b5bd14642408eaa706 d5a18636bbbc4419932587742c22c0e5 - - default default] Successfully bumped revision number for resource bad4b0c8-d422-4cac-ad76-aceeda0dc0e3 (type: security_groups) to 1
2026-09-11 06:38:12.598 10 INFO neutron.db.ovn_revision_numbers_db [None req-63a886e7-5bc5-4af1-b43b-3e098bcf44ca - - - - - -] Successfully bumped revision number for resource 37416eb1-f11c-40ef-955a-77ad6e7439bd (type: router_ports) to 3
2026-09-11 06:38:12.605 9 INFO neutron.db.ovn_revision_numbers_db [None req-c2357584-c2e7-4f3f-8251-7c1ca17aefaf e915aac3d8cf44b5bd14642408eaa706 d5a18636bbbc4419932587742c22c0e5 - - default default] Successfully bumped revision number for resource 606c3c46-54c0-4d21-ac32-f681a6891416 (type: security_group_rules) to 0
2026-09-11 06:38:12.608 9 INFO neutron.db.ovn_revision_numbers_db [None req-a4668df8-543d-4fcc-8014-26478a089280 e915aac3d8cf44b5bd14642408eaa706 d5a18636bbbc4419932587742c22c0e5 - - default default] Successfully bumped revision number for resource f603df9a-4b52-4b7c-b527-d5e8b0ca9cb8 (type: ports) to 1
2026-09-11 06:38:12.633 9 INFO neutron.db.ovn_revision_numbers_db [None req-c2357584-c2e7-4f3f-8251-7c1ca17aefaf e915aac3d8cf44b5bd14642408eaa706 d5a18636bbbc4419932587742c22c0e5 - - default default] Successfully bumped revision number for resource 6a8cdb7b-437d-4840-86b0-6de9a6e30e39 (type: security_group_rules) to 0
2026-09-11 06:38:12.660 9 INFO neutron.db.ovn_revision_numbers_db [None req-c2357584-c2e7-4f3f-8251-7c1ca17aefaf e915aac3d8cf44b5bd14642408eaa706 d5a18636bbbc4419932587742c22c0e5 - - default default] Successfully bumped revision number for resource ea1b8087-94b0-406d-827e-fad09511b8c4 (type: security_group_rules) to 0
2026-09-11 06:38:12.673 9 INFO neutron.db.ovn_revision_numbers_db [None req-152a3724-0546-47c9-9d80-04f0c556738d - - - - - -] Successfully bumped revision number for resource fcf24455-93d2-4ef4-b3da-0ceb89c54f83 (type: router_ports) to 2
2026-09-11 06:38:12.684 9 INFO neutron.db.ovn_revision_numbers_db [None req-c2357584-c2e7-4f3f-8251-7c1ca17aefaf e915aac3d8cf44b5bd14642408eaa706 d5a18636bbbc4419932587742c22c0e5 - - default default] Successfully bumped revision number for resource f4956f00-df5b-4d5b-bdd0-a3e377de012e (type: security_group_rules) to 0
2026-09-11 06:38:12.718 9 INFO neutron.wsgi [None req-c2357584-c2e7-4f3f-8251-7c1ca17aefaf e915aac3d8cf44b5bd14642408eaa706 d5a18636bbbc4419932587742c22c0e5 - - default default] 10.0.0.148 "GET /v2.0/security-groups?tenant_id=198cd00a52e74185abd55baaebc9135d&name=default HTTP/1.1" status: 200 len: 2996 time: 0.4788733
2026-09-11 06:38:12.755 10 INFO neutron.db.ovn_revision_numbers_db [None req-63a886e7-5bc5-4af1-b43b-3e098bcf44ca - - - - - -] Successfully bumped revision number for resource 37416eb1-f11c-40ef-955a-77ad6e7439bd (type: ports) to 2
2026-09-11 06:38:13.150 10 INFO neutron.wsgi [None req-768017ad-d58d-4e48-9587-15d8a42de3ad e915aac3d8cf44b5bd14642408eaa706 d5a18636bbbc4419932587742c22c0e5 - - default default] 10.0.0.148 "DELETE /v2.0/security-groups/bad4b0c8-d422-4cac-ad76-aceeda0dc0e3 HTTP/1.1" status: 204 len: 168 time: 0.4231911
2026-09-11 06:38:13.193 10 INFO neutron.db.ovn_revision_numbers_db [None req-63a886e7-5bc5-4af1-b43b-3e098bcf44ca - - - - - -] Successfully bumped revision number for resource 37416eb1-f11c-40ef-955a-77ad6e7439bd (type: ports) to 4
2026-09-11 06:38:13.275 9 INFO neutron.db.ovn_revision_numbers_db [None req-a4668df8-543d-4fcc-8014-26478a089280 e915aac3d8cf44b5bd14642408eaa706 d5a18636bbbc4419932587742c22c0e5 - - default default] Successfully bumped revision number for resource f603df9a-4b52-4b7c-b527-d5e8b0ca9cb8 (type: router_ports) to 1
2026-09-11 06:38:13.303 9 INFO neutron.db.ovn_revision_numbers_db [None req-c3ad5375-26aa-468e-8b74-2bfc494a11f3 f0b68efc315545bab5f1ae0087ba036f f7a9426d4b5d4120a649aa9c38f0d65d - - default default] Successfully bumped revision number for resource d5cb2117-1743-4f3b-aedc-6288b53622f8 (type: security_groups) to 1
2026-09-11 06:38:13.318 9 INFO neutron.db.ovn_revision_numbers_db [None req-c3ad5375-26aa-468e-8b74-2bfc494a11f3 f0b68efc315545bab5f1ae0087ba036f f7a9426d4b5d4120a649aa9c38f0d65d - - default default] Successfully bumped revision number for resource c1881339-fa61-4a49-8e40-2bad2416ca67 (type: security_group_rules) to 0
2026-09-11 06:38:13.337 9 INFO neutron.db.ovn_revision_numbers_db [None req-c3ad5375-26aa-468e-8b74-2bfc494a11f3 f0b68efc315545bab5f1ae0087ba036f f7a9426d4b5d4120a649aa9c38f0d65d - - default default] Successfully bumped revision number for resource d8e58ccd-9252-4464-94f0-df49af4ebf6b (type: security_group_rules) to 0
2026-09-11 06:38:13.365 9 INFO neutron.wsgi [None req-c3ad5375-26aa-468e-8b74-2bfc494a11f3 f0b68efc315545bab5f1ae0087ba036f f7a9426d4b5d4120a649aa9c38f0d65d - - default default] 10.0.0.148 "POST /v2.0/security-groups HTTP/1.1" status: 201 len: 1796 time: 0.3862088
2026-09-11 06:38:13.408 10 INFO neutron.db.ovn_revision_numbers_db [None req-63a886e7-5bc5-4af1-b43b-3e098bcf44ca - - - - - -] Successfully bumped revision number for resource 37416eb1-f11c-40ef-955a-77ad6e7439bd (type: router_ports) to 4
2026-09-11 06:38:13.424 9 INFO neutron.db.ovn_revision_numbers_db [None req-a4668df8-543d-4fcc-8014-26478a089280 e915aac3d8cf44b5bd14642408eaa706 d5a18636bbbc4419932587742c22c0e5 - - default default] Successfully bumped revision number for resource f603df9a-4b52-4b7c-b527-d5e8b0ca9cb8 (type: ports) to 1
2026-09-11 06:38:13.507 9 WARNING neutron.scheduler.dhcp_agent_scheduler [None req-a4668df8-543d-4fcc-8014-26478a089280 e915aac3d8cf44b5bd14642408eaa706 d5a18636bbbc4419932587742c22c0e5 - - default default] No more DHCP agents
2026-09-11 06:38:13.509 9 WARNING neutron.api.rpc.agentnotifiers.dhcp_rpc_agent_api [None req-a4668df8-543d-4fcc-8014-26478a089280 e915aac3d8cf44b5bd14642408eaa706 d5a18636bbbc4419932587742c22c0e5 - - default default] Unable to schedule network 77e9e779-8669-4343-94d4-d3290a430cb3: no agents available; will retry on subsequent port and subnet creation events.
2026-09-11 06:38:13.518 9 INFO neutron.db.ovn_revision_numbers_db [None req-6dfd4438-5667-46da-9729-8d210174ba5e f0b68efc315545bab5f1ae0087ba036f f7a9426d4b5d4120a649aa9c38f0d65d - - default default] Successfully bumped revision number for resource ca17f524-a729-4511-9b43-e2c079862e93 (type: security_group_rules) to 0
2026-09-11 06:38:13.550 9 INFO neutron.wsgi [None req-6dfd4438-5667-46da-9729-8d210174ba5e f0b68efc315545bab5f1ae0087ba036f f7a9426d4b5d4120a649aa9c38f0d65d - - default default] 10.0.0.148 "POST /v2.0/security-group-rules HTTP/1.1" status: 201 len: 764 time: 0.1785231
2026-09-11 06:38:13.685 10 INFO neutron.db.ovn_revision_numbers_db [None req-a0c6ec5a-c960-4c9d-b371-5d5c17b4f252 f0b68efc315545bab5f1ae0087ba036f f7a9426d4b5d4120a649aa9c38f0d65d - - default default] Successfully bumped revision number for resource 6b9d3626-7b45-4777-b4de-63b451f02062 (type: security_group_rules) to 0
2026-09-11 06:38:13.708 10 INFO neutron.wsgi [None req-a0c6ec5a-c960-4c9d-b371-5d5c17b4f252 f0b68efc315545bab5f1ae0087ba036f f7a9426d4b5d4120a649aa9c38f0d65d - - default default] 10.0.0.148 "POST /v2.0/security-group-rules HTTP/1.1" status: 201 len: 769 time: 0.1510816
2026-09-11 06:38:14.083 10 INFO neutron.plugins.ml2.drivers.ovn.mech_driver.mech_driver [None req-22667b2b-b3d4-4950-9b97-cf9617e86ba2 - - - - - -] OVN reports status up for port: f603df9a-4b52-4b7c-b527-d5e8b0ca9cb8
2026-09-11 06:38:14.093 10 INFO neutron.plugins.ml2.plugin [None req-22667b2b-b3d4-4950-9b97-cf9617e86ba2 - - - - - -] Attempt 1 to provision port f603df9a-4b52-4b7c-b527-d5e8b0ca9cb8
2026-09-11 06:38:14.155 9 WARNING neutron.scheduler.dhcp_agent_scheduler [None req-e9c39ed9-1ce6-4b29-886b-0b0d70706ea4 f0b68efc315545bab5f1ae0087ba036f f7a9426d4b5d4120a649aa9c38f0d65d - - default default] No more DHCP agents
2026-09-11 06:38:14.159 9 WARNING neutron.api.rpc.agentnotifiers.dhcp_rpc_agent_api [None req-e9c39ed9-1ce6-4b29-886b-0b0d70706ea4 f0b68efc315545bab5f1ae0087ba036f f7a9426d4b5d4120a649aa9c38f0d65d - - default default] Unable to schedule network e871f3f8-9325-4ec8-89b9-e381e1782448: no agents available; will retry on subsequent port and subnet creation events.
2026-09-11 06:38:14.328 9 INFO neutron.db.ovn_revision_numbers_db [None req-a4668df8-543d-4fcc-8014-26478a089280 e915aac3d8cf44b5bd14642408eaa706 d5a18636bbbc4419932587742c22c0e5 - - default default] Successfully bumped revision number for resource f603df9a-4b52-4b7c-b527-d5e8b0ca9cb8 (type: router_ports) to 1
2026-09-11 06:38:14.330 9 INFO neutron.wsgi [None req-a4668df8-543d-4fcc-8014-26478a089280 e915aac3d8cf44b5bd14642408eaa706 d5a18636bbbc4419932587742c22c0e5 - - default default] 10.0.0.148 "PUT /v2.0/routers/9c44233a-122c-4b75-ac17-3a0965ce8e74/add_router_interface HTTP/1.1" status: 200 len: 503 time: 2.5282481
2026-09-11 06:38:14.380 10 INFO neutron.db.ovn_revision_numbers_db [None req-22667b2b-b3d4-4950-9b97-cf9617e86ba2 - - - - - -] Successfully bumped revision number for resource f603df9a-4b52-4b7c-b527-d5e8b0ca9cb8 (type: ports) to 2
2026-09-11 06:38:14.482 10 INFO neutron.db.ovn_revision_numbers_db [None req-22667b2b-b3d4-4950-9b97-cf9617e86ba2 - - - - - -] Successfully bumped revision number for resource f603df9a-4b52-4b7c-b527-d5e8b0ca9cb8 (type: router_ports) to 2
2026-09-11 06:38:14.510 9 INFO neutron.db.ovn_revision_numbers_db [None req-e9c39ed9-1ce6-4b29-886b-0b0d70706ea4 f0b68efc315545bab5f1ae0087ba036f f7a9426d4b5d4120a649aa9c38f0d65d - - default default] Successfully bumped revision number for resource 8e75fbc9-0b54-4b5b-9040-9d89d9e0b3ac (type: floatingips) to 0
2026-09-11 06:38:14.529 9 INFO neutron.wsgi [None req-e9c39ed9-1ce6-4b29-886b-0b0d70706ea4 f0b68efc315545bab5f1ae0087ba036f f7a9426d4b5d4120a649aa9c38f0d65d - - default default] 10.0.0.148 "POST /v2.0/floatingips HTTP/1.1" status: 201 len: 751 time: 0.8152375
2026-09-11 06:38:15.094 10 INFO neutron.db.ovn_revision_numbers_db [None req-49478d4c-3cba-400d-aba7-82d32f4c3539 43d6f9c25f85493594a683c6c14c1a3d e564363cb13743cba6dd9e99bbc94f4f - - default default] Successfully bumped revision number for resource 8883c042-cbe4-4adb-b36e-c36525e45ecc (type: security_groups) to 1
2026-09-11 06:38:15.108 10 INFO neutron.db.ovn_revision_numbers_db [None req-49478d4c-3cba-400d-aba7-82d32f4c3539 43d6f9c25f85493594a683c6c14c1a3d e564363cb13743cba6dd9e99bbc94f4f - - default default] Successfully bumped revision number for resource 54f53d23-f2c6-4eef-8431-1f61db85b391 (type: security_group_rules) to 0
2026-09-11 06:38:15.121 10 INFO neutron.db.ovn_revision_numbers_db [None req-49478d4c-3cba-400d-aba7-82d32f4c3539 43d6f9c25f85493594a683c6c14c1a3d e564363cb13743cba6dd9e99bbc94f4f - - default default] Successfully bumped revision number for resource d564f825-8470-4080-9f9a-589b7d4ca47f (type: security_group_rules) to 0
2026-09-11 06:38:15.130 9 INFO neutron.wsgi [req-b498130a-4346-44c1-bdcc-eb6e3e8733bd req-5cb93473-7be4-4997-a8c3-96a566c8b5de f0b68efc315545bab5f1ae0087ba036f f7a9426d4b5d4120a649aa9c38f0d65d - - default default] 10.0.0.159 "GET /v2.0/security-groups?name=tempest-securitygroup--605454802&fields=id&tenant_id=f7a9426d4b5d4120a649aa9c38f0d65d HTTP/1.1" status: 200 len: 267 time: 0.0568361
2026-09-11 06:38:15.140 10 INFO neutron.wsgi [None req-49478d4c-3cba-400d-aba7-82d32f4c3539 43d6f9c25f85493594a683c6c14c1a3d e564363cb13743cba6dd9e99bbc94f4f - - default default] 10.0.0.148 "POST /v2.0/security-groups HTTP/1.1" status: 201 len: 1795 time: 0.1430843
2026-09-11 06:38:15.216 9 INFO neutron.wsgi [req-b498130a-4346-44c1-bdcc-eb6e3e8733bd req-4a392173-ef9a-4d79-8bb7-54e9ee8b3f27 f0b68efc315545bab5f1ae0087ba036f f7a9426d4b5d4120a649aa9c38f0d65d - - default default] 10.0.0.159 "GET /v2.0/networks?id=9169772f-753b-452b-a525-b5e7dcdc1a1c HTTP/1.1" status: 200 len: 868 time: 0.0748734
2026-09-11 06:38:15.235 9 INFO neutron.wsgi [req-b498130a-4346-44c1-bdcc-eb6e3e8733bd req-80999167-17d6-44d5-886a-e02d7737b23e f0b68efc315545bab5f1ae0087ba036f f7a9426d4b5d4120a649aa9c38f0d65d - - default default] 10.0.0.159 "GET /v2.0/quotas/f7a9426d4b5d4120a649aa9c38f0d65d HTTP/1.1" status: 200 len: 386 time: 0.0102780
2026-09-11 06:38:15.277 10 INFO neutron.db.ovn_revision_numbers_db [None req-7fa9b64f-247c-4294-9e45-c717df251ef1 43d6f9c25f85493594a683c6c14c1a3d e564363cb13743cba6dd9e99bbc94f4f - - default default] Successfully bumped revision number for resource 81dec8c6-2624-474e-8256-b89af904ef5d (type: security_group_rules) to 0
2026-09-11 06:38:15.304 10 INFO neutron.wsgi [None req-7fa9b64f-247c-4294-9e45-c717df251ef1 43d6f9c25f85493594a683c6c14c1a3d e564363cb13743cba6dd9e99bbc94f4f - - default default] 10.0.0.148 "POST /v2.0/security-group-rules HTTP/1.1" status: 201 len: 764 time: 0.1590245
2026-09-11 06:38:15.305 10 INFO neutron.db.ovn_revision_numbers_db [None req-47f07bb9-5619-4d38-9906-19692cdd3799 960d07f41ef5429ca2165ba6085f2af2 847db5111863492bac5a461aeaf0766d - - default default] Successfully bumped revision number for resource 6feb008b-c7d5-4f7f-9086-1c50b9ab835a (type: security_groups) to 1
2026-09-11 06:38:15.322 10 INFO neutron.db.ovn_revision_numbers_db [None req-47f07bb9-5619-4d38-9906-19692cdd3799 960d07f41ef5429ca2165ba6085f2af2 847db5111863492bac5a461aeaf0766d - - default default] Successfully bumped revision number for resource 0332125e-5e19-4a6d-a777-dd2e40d582a0 (type: security_group_rules) to 0
2026-09-11 06:38:15.335 10 INFO neutron.db.ovn_revision_numbers_db [None req-47f07bb9-5619-4d38-9906-19692cdd3799 960d07f41ef5429ca2165ba6085f2af2 847db5111863492bac5a461aeaf0766d - - default default] Successfully bumped revision number for resource aef8e2f7-cbcb-4860-b8ec-65d19dd2cb6d (type: security_group_rules) to 0
2026-09-11 06:38:15.352 10 INFO neutron.db.ovn_revision_numbers_db [None req-47f07bb9-5619-4d38-9906-19692cdd3799 960d07f41ef5429ca2165ba6085f2af2 847db5111863492bac5a461aeaf0766d - - default default] Successfully bumped revision number for resource efbee526-4ae4-4bb3-9092-04bbf156adac (type: security_group_rules) to 0
2026-09-11 06:38:15.362 9 INFO neutron.wsgi [req-b498130a-4346-44c1-bdcc-eb6e3e8733bd req-763947f2-3f29-4815-b8f5-3d4d9bedfaa7 f0b68efc315545bab5f1ae0087ba036f f7a9426d4b5d4120a649aa9c38f0d65d - - default default] 10.0.0.159 "GET /v2.0/ports?tenant_id=f7a9426d4b5d4120a649aa9c38f0d65d&fields=id HTTP/1.1" status: 200 len: 302 time: 0.1209507
2026-09-11 06:38:15.366 10 INFO neutron.db.ovn_revision_numbers_db [None req-47f07bb9-5619-4d38-9906-19692cdd3799 960d07f41ef5429ca2165ba6085f2af2 847db5111863492bac5a461aeaf0766d - - default default] Successfully bumped revision number for resource f73ff769-40ac-4464-8fb4-36c93bb7ac14 (type: security_group_rules) to 0
2026-09-11 06:38:15.410 10 INFO neutron.db.ovn_revision_numbers_db [None req-b34279d5-8f52-4ec8-9ed2-2d503bf75df1 43d6f9c25f85493594a683c6c14c1a3d e564363cb13743cba6dd9e99bbc94f4f - - default default] Successfully bumped revision number for resource d8714aa9-047a-4283-9109-e4490a1f5542 (type: security_group_rules) to 0
2026-09-11 06:38:15.428 10 INFO neutron.wsgi [None req-b34279d5-8f52-4ec8-9ed2-2d503bf75df1 43d6f9c25f85493594a683c6c14c1a3d e564363cb13743cba6dd9e99bbc94f4f - - default default] 10.0.0.148 "POST /v2.0/security-group-rules HTTP/1.1" status: 201 len: 769 time: 0.1197479
2026-09-11 06:38:15.449 10 INFO neutron.db.segments_db [None req-47f07bb9-5619-4d38-9906-19692cdd3799 960d07f41ef5429ca2165ba6085f2af2 847db5111863492bac5a461aeaf0766d - - default default] Added segment d9083ea6-1c0d-4c1e-84f3-a1224dee82c2 of type geneve for network 61c34a20-687c-4d1b-90d9-9373e0cae23e
2026-09-11 06:38:15.613 10 INFO neutron.db.segments_db [None req-47f07bb9-5619-4d38-9906-19692cdd3799 960d07f41ef5429ca2165ba6085f2af2 847db5111863492bac5a461aeaf0766d - - default default] Added segment e0e6896a-7d9d-45a0-8f3e-89bd9b553ec8 of type geneve for network 8acdcbaf-c1a7-420d-a716-d7c8704edf80
2026-09-11 06:38:15.707 10 WARNING neutron.scheduler.dhcp_agent_scheduler [None req-3a1f676e-8b4b-469f-bbb2-eb0012168644 43d6f9c25f85493594a683c6c14c1a3d e564363cb13743cba6dd9e99bbc94f4f - - default default] No more DHCP agents
2026-09-11 06:38:15.711 10 WARNING neutron.api.rpc.agentnotifiers.dhcp_rpc_agent_api [None req-3a1f676e-8b4b-469f-bbb2-eb0012168644 43d6f9c25f85493594a683c6c14c1a3d e564363cb13743cba6dd9e99bbc94f4f - - default default] Unable to schedule network e871f3f8-9325-4ec8-89b9-e381e1782448: no agents available; will retry on subsequent port and subnet creation events.
2026-09-11 06:38:15.772 10 INFO neutron.db.ovn_revision_numbers_db [None req-47f07bb9-5619-4d38-9906-19692cdd3799 960d07f41ef5429ca2165ba6085f2af2 847db5111863492bac5a461aeaf0766d - - default default] Successfully bumped revision number for resource 61c34a20-687c-4d1b-90d9-9373e0cae23e (type: networks) to 1
2026-09-11 06:38:15.775 9 INFO neutron.wsgi [req-b498130a-4346-44c1-bdcc-eb6e3e8733bd req-53174c6d-3ae4-4d23-8d24-4e4b83dd0c13 efe35623479b45798794747db62a1a5c cabec951436a4d0eaec193ce1f9fc389 - - c31d3e9b3c3142cba44307f86026f19a c31d3e9b3c3142cba44307f86026f19a] 10.0.0.159 "GET /v2.0/extensions HTTP/1.1" status: 200 len: 16525 time: 0.0798361
2026-09-11 06:38:15.885 9 INFO neutron.wsgi [req-b498130a-4346-44c1-bdcc-eb6e3e8733bd req-947f7034-af5c-4227-a958-67f4fb0ae52e efe35623479b45798794747db62a1a5c cabec951436a4d0eaec193ce1f9fc389 - - c31d3e9b3c3142cba44307f86026f19a c31d3e9b3c3142cba44307f86026f19a] 10.0.0.159 "GET /v2.0/networks/9169772f-753b-452b-a525-b5e7dcdc1a1c?fields=segments HTTP/1.1" status: 200 len: 212 time: 0.0995770
2026-09-11 06:38:15.964 9 INFO neutron.wsgi [req-b498130a-4346-44c1-bdcc-eb6e3e8733bd req-ec9cfdc4-5738-4c64-b09d-d87cf0b5e95a efe35623479b45798794747db62a1a5c cabec951436a4d0eaec193ce1f9fc389 - - c31d3e9b3c3142cba44307f86026f19a c31d3e9b3c3142cba44307f86026f19a] 10.0.0.159 "GET /v2.0/networks/9169772f-753b-452b-a525-b5e7dcdc1a1c?fields=provider%3Aphysical_network&fields=provider%3Anetwork_type HTTP/1.1" status: 200 len: 277 time: 0.0635464
2026-09-11 06:38:16.132 10 WARNING neutron.scheduler.dhcp_agent_scheduler [None req-47f07bb9-5619-4d38-9906-19692cdd3799 960d07f41ef5429ca2165ba6085f2af2 847db5111863492bac5a461aeaf0766d - - default default] No more DHCP agents
2026-09-11 06:38:16.136 10 WARNING neutron.api.rpc.agentnotifiers.dhcp_rpc_agent_api [None req-47f07bb9-5619-4d38-9906-19692cdd3799 960d07f41ef5429ca2165ba6085f2af2 847db5111863492bac5a461aeaf0766d - - default default] Unable to schedule network 61c34a20-687c-4d1b-90d9-9373e0cae23e: no agents available; will retry on subsequent port and subnet creation events.
2026-09-11 06:38:16.182 9 INFO neutron.wsgi [req-85784a76-4110-4a49-87a7-a87a65d37daf req-37491c5b-87c9-43d3-8efd-cb2eb1c36c17 f0b68efc315545bab5f1ae0087ba036f f7a9426d4b5d4120a649aa9c38f0d65d - - default default] 10.0.0.159 "GET /v2.0/ports?device_id=fb1b1a09-36a4-4705-bc3c-93780cc1f5cf HTTP/1.1" status: 200 len: 210 time: 0.0336165
2026-09-11 06:38:16.259 10 INFO neutron.db.ovn_revision_numbers_db [None req-47f07bb9-5619-4d38-9906-19692cdd3799 960d07f41ef5429ca2165ba6085f2af2 847db5111863492bac5a461aeaf0766d - - default default] Successfully bumped revision number for resource cd1f0187-8395-4978-bf3b-5a8aa36ad24e (type: ports) to 1
