2026-09-11 06:41:55.781 9 INFO neutron.wsgi [None req-fd24c286-c5a5-4162-8d89-337f709d6850 f6a2e72a26ac42efa2029038d7007fac 2b05cf6122eb42579f28e3de0e3cfe3d - - default default] 10.0.0.148 "DELETE /v2.0/networks/f9d2ba90-dfc5-4f56-a018-0ff82cf1f5d6 HTTP/1.1" status: 204 len: 168 time: 1.1033275
2026-09-11 06:41:55.802 9 INFO neutron.pecan_wsgi.hooks.translation [None req-4e25041f-7e30-47a8-9b3c-0d425b5f5b0f f6a2e72a26ac42efa2029038d7007fac 2b05cf6122eb42579f28e3de0e3cfe3d - - default default] DELETE failed (client error): The resource could not be found.
2026-09-11 06:41:55.804 9 INFO neutron.wsgi [None req-4e25041f-7e30-47a8-9b3c-0d425b5f5b0f f6a2e72a26ac42efa2029038d7007fac 2b05cf6122eb42579f28e3de0e3cfe3d - - default default] 10.0.0.148 "DELETE /v2.0/subnets/db5433ef-5abb-404f-85aa-13f9dcc41b78 HTTP/1.1" status: 404 len: 337 time: 0.0160053
2026-09-11 06:41:55.821 9 INFO neutron.pecan_wsgi.hooks.translation [None req-b6e5b2db-48f3-4827-bc19-73544ed8a2e6 f6a2e72a26ac42efa2029038d7007fac 2b05cf6122eb42579f28e3de0e3cfe3d - - default default] DELETE failed (client error): The resource could not be found.
2026-09-11 06:41:55.823 9 INFO neutron.wsgi [None req-b6e5b2db-48f3-4827-bc19-73544ed8a2e6 f6a2e72a26ac42efa2029038d7007fac 2b05cf6122eb42579f28e3de0e3cfe3d - - default default] 10.0.0.148 "DELETE /v2.0/subnets/ca13d924-4f57-4bf7-9465-343b21f4d728 HTTP/1.1" status: 404 len: 337 time: 0.0143743
2026-09-11 06:41:55.842 9 INFO neutron.pecan_wsgi.hooks.translation [None req-aa749d60-b532-444b-a55f-b5ee671a3699 f6a2e72a26ac42efa2029038d7007fac 2b05cf6122eb42579f28e3de0e3cfe3d - - default default] DELETE failed (client error): The resource could not be found.
2026-09-11 06:41:55.844 9 INFO neutron.wsgi [None req-aa749d60-b532-444b-a55f-b5ee671a3699 f6a2e72a26ac42efa2029038d7007fac 2b05cf6122eb42579f28e3de0e3cfe3d - - default default] 10.0.0.148 "DELETE /v2.0/subnets/e33b16cc-8f61-4eb2-9fc8-30aa8bf3cf86 HTTP/1.1" status: 404 len: 337 time: 0.0177171
2026-09-11 06:41:56.322 10 INFO neutron.wsgi [None req-81b5154e-3fdf-413a-9aa7-d23d7a418670 2225596abbcc4777a793c403bd3e9e29 77d991c5493c485fb39c092032456974 - - default default] 10.0.0.148 "DELETE /v2.0/networks/26faf1ac-4e92-488d-a11e-fef9d0ebbe49 HTTP/1.1" status: 204 len: 168 time: 0.5711157
2026-09-11 06:41:56.692 9 INFO neutron.wsgi [None req-300d9975-352c-4f39-8944-7475e5010b1c 2225596abbcc4777a793c403bd3e9e29 77d991c5493c485fb39c092032456974 - - default default] 10.0.0.148 "DELETE /v2.0/networks/285de780-0daf-4362-974f-11ad348042a2 HTTP/1.1" status: 204 len: 168 time: 0.3642616
2026-09-11 06:41:56.782 10 INFO neutron.services.segments.plugin [-] Segment b8b3b88a-e0ca-45ee-8ff9-167a66bf5b45 resource provider aggregate not found
2026-09-11 06:41:56.787 10 INFO neutron.services.segments.plugin [-] Segment b8b3b88a-e0ca-45ee-8ff9-167a66bf5b45 resource provider aggregate not found
2026-09-11 06:41:56.803 10 INFO neutron.services.segments.plugin [-] Segment b8b3b88a-e0ca-45ee-8ff9-167a66bf5b45 resource provider not found; error: Placement Client Error (4xx): {"errors": [{"status": 404, "title": "Not Found", "detail": "The resource could not be found.\n\n No resource provider with uuid b8b3b88a-e0ca-45ee-8ff9-167a66bf5b45 found for delete ", "request_id": "req-63e9adef-0d36-49a1-abb1-35c3a5acef27"}]}
2026-09-11 06:41:56.807 10 INFO neutron.services.segments.plugin [-] Segment b8b3b88a-e0ca-45ee-8ff9-167a66bf5b45 resource provider not found; error: Placement Client Error (4xx): {"errors": [{"status": 404, "title": "Not Found", "detail": "The resource could not be found.\n\n No resource provider with uuid b8b3b88a-e0ca-45ee-8ff9-167a66bf5b45 found for delete ", "request_id": "req-b67a832b-e821-4321-ae86-2b95df1e4447"}]}
2026-09-11 06:41:56.821 10 INFO neutron.services.segments.plugin [-] Segment e658f7b4-fea1-473b-b26a-379699668645 resource provider aggregate not found
2026-09-11 06:41:56.826 10 INFO neutron.services.segments.plugin [-] Segment e658f7b4-fea1-473b-b26a-379699668645 resource provider aggregate not found
2026-09-11 06:41:56.839 10 INFO neutron.services.segments.plugin [-] Segment e658f7b4-fea1-473b-b26a-379699668645 resource provider not found; error: Placement Client Error (4xx): {"errors": [{"status": 404, "title": "Not Found", "detail": "The resource could not be found.\n\n No resource provider with uuid e658f7b4-fea1-473b-b26a-379699668645 found for delete ", "request_id": "req-86a8df41-d841-4db5-a38e-9c102a446c74"}]}
2026-09-11 06:41:56.843 10 INFO neutron.services.segments.plugin [-] Segment e658f7b4-fea1-473b-b26a-379699668645 resource provider not found; error: Placement Client Error (4xx): {"errors": [{"status": 404, "title": "Not Found", "detail": "The resource could not be found.\n\n No resource provider with uuid e658f7b4-fea1-473b-b26a-379699668645 found for delete ", "request_id": "req-2bc88e30-25ec-45e2-b0fd-7814c6553fec"}]}
2026-09-11 06:41:57.200 10 INFO neutron.db.ovn_revision_numbers_db [None req-6553d1aa-7946-4dcf-89b2-d9fa633e63a4 e915aac3d8cf44b5bd14642408eaa706 d5a18636bbbc4419932587742c22c0e5 - - default default] Successfully bumped revision number for resource b25df30c-df19-487d-939e-81bb864dd13b (type: security_groups) to 1
2026-09-11 06:41:57.215 10 INFO neutron.db.ovn_revision_numbers_db [None req-6553d1aa-7946-4dcf-89b2-d9fa633e63a4 e915aac3d8cf44b5bd14642408eaa706 d5a18636bbbc4419932587742c22c0e5 - - default default] Successfully bumped revision number for resource 013a5a64-baed-4f51-b1a3-3b944c60f841 (type: security_group_rules) to 0
2026-09-11 06:41:57.229 10 INFO neutron.db.ovn_revision_numbers_db [None req-6553d1aa-7946-4dcf-89b2-d9fa633e63a4 e915aac3d8cf44b5bd14642408eaa706 d5a18636bbbc4419932587742c22c0e5 - - default default] Successfully bumped revision number for resource 1f644284-7776-46cc-8d4b-efbb34ff0866 (type: security_group_rules) to 0
2026-09-11 06:41:57.244 10 INFO neutron.db.ovn_revision_numbers_db [None req-6553d1aa-7946-4dcf-89b2-d9fa633e63a4 e915aac3d8cf44b5bd14642408eaa706 d5a18636bbbc4419932587742c22c0e5 - - default default] Successfully bumped revision number for resource 98030f19-4a97-4b96-a61c-a4a048e729b0 (type: security_group_rules) to 0
2026-09-11 06:41:57.257 10 INFO neutron.db.ovn_revision_numbers_db [None req-6553d1aa-7946-4dcf-89b2-d9fa633e63a4 e915aac3d8cf44b5bd14642408eaa706 d5a18636bbbc4419932587742c22c0e5 - - default default] Successfully bumped revision number for resource 9e2fb34e-f854-4362-987b-2eb4eb8e894f (type: security_group_rules) to 0
2026-09-11 06:41:57.277 10 INFO neutron.wsgi [None req-6553d1aa-7946-4dcf-89b2-d9fa633e63a4 e915aac3d8cf44b5bd14642408eaa706 d5a18636bbbc4419932587742c22c0e5 - - default default] 10.0.0.148 "GET /v2.0/security-groups?tenant_id=137cc408efcf44df971b87763c712bbb&name=default HTTP/1.1" status: 200 len: 3000 time: 0.4001594
2026-09-11 06:41:57.443 10 INFO neutron.wsgi [None req-2094349f-44a3-4e39-a6e8-7a71d133817f e915aac3d8cf44b5bd14642408eaa706 d5a18636bbbc4419932587742c22c0e5 - - default default] 10.0.0.148 "DELETE /v2.0/security-groups/b25df30c-df19-487d-939e-81bb864dd13b HTTP/1.1" status: 204 len: 168 time: 0.1601541
2026-09-11 06:41:57.689 9 INFO neutron.services.segments.plugin [-] Segment c6a0fe52-3cc3-4b17-a7e4-5f046e4dbfd0 resource provider aggregate not found
2026-09-11 06:41:57.696 9 INFO neutron.services.segments.plugin [-] Segment c6a0fe52-3cc3-4b17-a7e4-5f046e4dbfd0 resource provider aggregate not found
2026-09-11 06:41:57.708 9 INFO neutron.services.segments.plugin [-] Segment c6a0fe52-3cc3-4b17-a7e4-5f046e4dbfd0 resource provider not found; error: Placement Client Error (4xx): {"errors": [{"status": 404, "title": "Not Found", "detail": "The resource could not be found.\n\n No resource provider with uuid c6a0fe52-3cc3-4b17-a7e4-5f046e4dbfd0 found for delete ", "request_id": "req-6a102236-4ce8-4e26-bf43-d0f2fefd82db"}]}
2026-09-11 06:41:57.711 9 INFO neutron.services.segments.plugin [-] Segment c6a0fe52-3cc3-4b17-a7e4-5f046e4dbfd0 resource provider not found; error: Placement Client Error (4xx): {"errors": [{"status": 404, "title": "Not Found", "detail": "The resource could not be found.\n\n No resource provider with uuid c6a0fe52-3cc3-4b17-a7e4-5f046e4dbfd0 found for delete ", "request_id": "req-8009874b-1a41-42c9-97f7-b52cd6190ae7"}]}
2026-09-11 06:41:57.727 9 INFO neutron.services.segments.plugin [-] Segment 8963d9ce-fd6a-45d6-9155-98ed4bf60431 resource provider aggregate not found
2026-09-11 06:41:57.733 9 INFO neutron.services.segments.plugin [-] Segment 8963d9ce-fd6a-45d6-9155-98ed4bf60431 resource provider aggregate not found
2026-09-11 06:41:57.744 9 INFO neutron.services.segments.plugin [-] Segment 8963d9ce-fd6a-45d6-9155-98ed4bf60431 resource provider not found; error: Placement Client Error (4xx): {"errors": [{"status": 404, "title": "Not Found", "detail": "The resource could not be found.\n\n No resource provider with uuid 8963d9ce-fd6a-45d6-9155-98ed4bf60431 found for delete ", "request_id": "req-e03df6be-3a2d-4c67-9b58-9f608ad8240f"}]}
2026-09-11 06:41:57.749 9 INFO neutron.services.segments.plugin [-] Segment 8963d9ce-fd6a-45d6-9155-98ed4bf60431 resource provider not found; error: Placement Client Error (4xx): {"errors": [{"status": 404, "title": "Not Found", "detail": "The resource could not be found.\n\n No resource provider with uuid 8963d9ce-fd6a-45d6-9155-98ed4bf60431 found for delete ", "request_id": "req-d03c251c-f971-4975-8a8a-702a4411f76f"}]}
2026-09-11 06:41:57.755 9 INFO neutron.db.ovn_revision_numbers_db [None req-80fea70d-6e87-4677-8e2b-11b77be5fb8f e915aac3d8cf44b5bd14642408eaa706 d5a18636bbbc4419932587742c22c0e5 - - default default] Successfully bumped revision number for resource 0dcab161-8e47-42d8-91cb-0d012ba5c8c7 (type: security_groups) to 1
2026-09-11 06:41:57.766 9 INFO neutron.db.ovn_revision_numbers_db [None req-80fea70d-6e87-4677-8e2b-11b77be5fb8f e915aac3d8cf44b5bd14642408eaa706 d5a18636bbbc4419932587742c22c0e5 - - default default] Successfully bumped revision number for resource 14018be4-7b3c-4363-8f2c-881bd00b011b (type: security_group_rules) to 0
2026-09-11 06:41:57.776 9 INFO neutron.db.ovn_revision_numbers_db [None req-80fea70d-6e87-4677-8e2b-11b77be5fb8f e915aac3d8cf44b5bd14642408eaa706 d5a18636bbbc4419932587742c22c0e5 - - default default] Successfully bumped revision number for resource a5673a81-1c65-4cbd-ac41-e00bb06b3778 (type: security_group_rules) to 0
2026-09-11 06:41:57.787 9 INFO neutron.db.ovn_revision_numbers_db [None req-80fea70d-6e87-4677-8e2b-11b77be5fb8f e915aac3d8cf44b5bd14642408eaa706 d5a18636bbbc4419932587742c22c0e5 - - default default] Successfully bumped revision number for resource ba6a57cd-34f0-42d6-9b6c-005df32ddb60 (type: security_group_rules) to 0
2026-09-11 06:41:57.798 9 INFO neutron.db.ovn_revision_numbers_db [None req-80fea70d-6e87-4677-8e2b-11b77be5fb8f e915aac3d8cf44b5bd14642408eaa706 d5a18636bbbc4419932587742c22c0e5 - - default default] Successfully bumped revision number for resource cf1e95c1-965c-49a6-b854-4ad1fddaa818 (type: security_group_rules) to 0
2026-09-11 06:41:57.815 9 INFO neutron.wsgi [None req-80fea70d-6e87-4677-8e2b-11b77be5fb8f e915aac3d8cf44b5bd14642408eaa706 d5a18636bbbc4419932587742c22c0e5 - - default default] 10.0.0.148 "GET /v2.0/security-groups?tenant_id=fd7d932cd9874d89a35f1019e1db1195&name=default HTTP/1.1" status: 200 len: 3000 time: 0.2143888
2026-09-11 06:41:57.914 9 INFO neutron.wsgi [None req-e7e38575-2c1f-42d3-b40a-5f57820f9aa4 e915aac3d8cf44b5bd14642408eaa706 d5a18636bbbc4419932587742c22c0e5 - - default default] 10.0.0.148 "GET /v2.0/security-groups?tenant_id=77d991c5493c485fb39c092032456974&name=default HTTP/1.1" status: 200 len: 3000 time: 0.1913273
2026-09-11 06:41:58.113 9 INFO neutron.wsgi [None req-724404de-13ab-4418-908d-c8dd6d135fef e915aac3d8cf44b5bd14642408eaa706 d5a18636bbbc4419932587742c22c0e5 - - default default] 10.0.0.148 "DELETE /v2.0/security-groups/0dcab161-8e47-42d8-91cb-0d012ba5c8c7 HTTP/1.1" status: 204 len: 168 time: 0.2939191
2026-09-11 06:41:58.166 9 INFO neutron.wsgi [None req-ba37fcc8-7219-4ac0-8c76-31baddde5a3f e915aac3d8cf44b5bd14642408eaa706 d5a18636bbbc4419932587742c22c0e5 - - default default] 10.0.0.148 "DELETE /v2.0/security-groups/f23afa9b-4376-4ba6-8dd8-483fa4791e9d HTTP/1.1" status: 204 len: 168 time: 0.2463925
2026-09-11 06:41:58.306 9 INFO neutron.wsgi [None req-2972a92e-e124-438d-a655-6c1871361f6b e915aac3d8cf44b5bd14642408eaa706 d5a18636bbbc4419932587742c22c0e5 - - default default] 10.0.0.148 "GET /v2.0/security-groups?tenant_id=2b05cf6122eb42579f28e3de0e3cfe3d&name=default HTTP/1.1" status: 200 len: 3000 time: 0.0494127
2026-09-11 06:41:58.433 9 INFO neutron.db.ovn_revision_numbers_db [None req-a8ea2aee-92db-4d56-a37d-906f42bbc087 e915aac3d8cf44b5bd14642408eaa706 d5a18636bbbc4419932587742c22c0e5 - - default default] Successfully bumped revision number for resource f818d762-bb26-4fe7-a903-6e2afc571e19 (type: security_groups) to 1
2026-09-11 06:41:58.453 9 INFO neutron.db.ovn_revision_numbers_db [None req-a8ea2aee-92db-4d56-a37d-906f42bbc087 e915aac3d8cf44b5bd14642408eaa706 d5a18636bbbc4419932587742c22c0e5 - - default default] Successfully bumped revision number for resource 0cdd0251-330f-4e89-9f27-162b2ba9853d (type: security_group_rules) to 0
2026-09-11 06:41:58.467 9 INFO neutron.db.ovn_revision_numbers_db [None req-a8ea2aee-92db-4d56-a37d-906f42bbc087 e915aac3d8cf44b5bd14642408eaa706 d5a18636bbbc4419932587742c22c0e5 - - default default] Successfully bumped revision number for resource 3c74f169-20ff-4d91-8ad8-c354626ff8e9 (type: security_group_rules) to 0
2026-09-11 06:41:58.482 9 INFO neutron.db.ovn_revision_numbers_db [None req-a8ea2aee-92db-4d56-a37d-906f42bbc087 e915aac3d8cf44b5bd14642408eaa706 d5a18636bbbc4419932587742c22c0e5 - - default default] Successfully bumped revision number for resource 5d712dad-d6a3-4fc7-8cea-f9951f56d8d6 (type: security_group_rules) to 0
2026-09-11 06:41:58.495 9 INFO neutron.db.ovn_revision_numbers_db [None req-a8ea2aee-92db-4d56-a37d-906f42bbc087 e915aac3d8cf44b5bd14642408eaa706 d5a18636bbbc4419932587742c22c0e5 - - default default] Successfully bumped revision number for resource ed4be5cb-ef3e-4084-9e28-6ce7917c13c5 (type: security_group_rules) to 0
2026-09-11 06:41:58.519 9 INFO neutron.wsgi [None req-a8ea2aee-92db-4d56-a37d-906f42bbc087 e915aac3d8cf44b5bd14642408eaa706 d5a18636bbbc4419932587742c22c0e5 - - default default] 10.0.0.148 "GET /v2.0/security-groups?tenant_id=d6ced387304a423e94dfe7c57916cfea&name=default HTTP/1.1" status: 200 len: 3000 time: 0.2074187
2026-09-11 06:41:58.527 9 INFO neutron.wsgi [None req-a58135c4-f373-4250-9d9d-5b333561c2e0 e915aac3d8cf44b5bd14642408eaa706 d5a18636bbbc4419932587742c22c0e5 - - default default] 10.0.0.148 "DELETE /v2.0/security-groups/a45d8b1a-d11e-4fdd-b3e9-69ba5800af19 HTTP/1.1" status: 204 len: 168 time: 0.2142587
2026-09-11 06:41:58.764 10 INFO neutron.wsgi [None req-9761eeab-8647-4122-880b-ab1b04039b2b e915aac3d8cf44b5bd14642408eaa706 d5a18636bbbc4419932587742c22c0e5 - - default default] 10.0.0.148 "DELETE /v2.0/security-groups/f818d762-bb26-4fe7-a903-6e2afc571e19 HTTP/1.1" status: 204 len: 168 time: 0.2386298
2026-09-11 06:41:59.053 9 INFO neutron.db.ovn_revision_numbers_db [None req-5f902c68-7cb2-4c92-aa0e-7f02da934a18 e915aac3d8cf44b5bd14642408eaa706 d5a18636bbbc4419932587742c22c0e5 - - default default] Successfully bumped revision number for resource 5a6ddb9f-5baf-48e2-8065-04d94312044b (type: security_groups) to 1
2026-09-11 06:41:59.064 9 INFO neutron.db.ovn_revision_numbers_db [None req-5f902c68-7cb2-4c92-aa0e-7f02da934a18 e915aac3d8cf44b5bd14642408eaa706 d5a18636bbbc4419932587742c22c0e5 - - default default] Successfully bumped revision number for resource 489bb3c5-28cb-4ab9-b2f2-5170ce5c87ae (type: security_group_rules) to 0
2026-09-11 06:41:59.075 9 INFO neutron.db.ovn_revision_numbers_db [None req-5f902c68-7cb2-4c92-aa0e-7f02da934a18 e915aac3d8cf44b5bd14642408eaa706 d5a18636bbbc4419932587742c22c0e5 - - default default] Successfully bumped revision number for resource 73abdbe4-6026-4fd0-89d2-66e4bb8acbdd (type: security_group_rules) to 0
2026-09-11 06:41:59.087 9 INFO neutron.db.ovn_revision_numbers_db [None req-5f902c68-7cb2-4c92-aa0e-7f02da934a18 e915aac3d8cf44b5bd14642408eaa706 d5a18636bbbc4419932587742c22c0e5 - - default default] Successfully bumped revision number for resource c4e1ea6e-008d-4ba7-ab21-129160a4ea62 (type: security_group_rules) to 0
2026-09-11 06:41:59.098 9 INFO neutron.db.ovn_revision_numbers_db [None req-5f902c68-7cb2-4c92-aa0e-7f02da934a18 e915aac3d8cf44b5bd14642408eaa706 d5a18636bbbc4419932587742c22c0e5 - - default default] Successfully bumped revision number for resource facc269a-e5db-46c8-a650-1c74f1b09d2b (type: security_group_rules) to 0
2026-09-11 06:41:59.117 9 INFO neutron.wsgi [None req-5f902c68-7cb2-4c92-aa0e-7f02da934a18 e915aac3d8cf44b5bd14642408eaa706 d5a18636bbbc4419932587742c22c0e5 - - default default] 10.0.0.148 "GET /v2.0/security-groups?tenant_id=ec6c7884d76d4f78a732109a223d871d&name=default HTTP/1.1" status: 200 len: 3000 time: 0.1544416
2026-09-11 06:41:59.271 9 INFO neutron.wsgi [None req-562a081a-e189-44b5-a972-88933c7ebd71 e915aac3d8cf44b5bd14642408eaa706 d5a18636bbbc4419932587742c22c0e5 - - default default] 10.0.0.148 "DELETE /v2.0/security-groups/5a6ddb9f-5baf-48e2-8065-04d94312044b HTTP/1.1" status: 204 len: 168 time: 0.1489851
2026-09-11 06:42:03.148 10 INFO neutron.wsgi [None req-0d9709c1-9163-49ef-8bad-9d63f5edcd5c a7ad956e01ca4278be7d4fd962fb2206 65c8d277dce744a499e31c7ce1384011 - - default default] 10.0.0.148 "POST /v2.0/qos/policies HTTP/1.1" status: 201 len: 558 time: 0.1287980
2026-09-11 06:42:03.172 10 INFO neutron.wsgi [None req-2d7d6332-bb67-4dd9-8a13-e1b528e0ec88 a7ad956e01ca4278be7d4fd962fb2206 65c8d277dce744a499e31c7ce1384011 - - default default] 10.0.0.148 "PUT /v2.0/policies/3049cf04-6637-4735-8f7d-b2a1e7e6e80b/tags HTTP/1.1" status: 200 len: 218 time: 0.0183115
2026-09-11 06:42:03.187 10 INFO neutron.wsgi [None req-1dbf7e3f-4dc9-46c7-ad4f-bea9cf68237a a7ad956e01ca4278be7d4fd962fb2206 65c8d277dce744a499e31c7ce1384011 - - default default] 10.0.0.148 "GET /v2.0/policies/3049cf04-6637-4735-8f7d-b2a1e7e6e80b/tags HTTP/1.1" status: 200 len: 218 time: 0.0101516
2026-09-11 06:42:03.211 10 INFO neutron.wsgi [None req-76061471-f0b0-41c1-b176-f24327d03e78 a7ad956e01ca4278be7d4fd962fb2206 65c8d277dce744a499e31c7ce1384011 - - default default] 10.0.0.148 "PUT /v2.0/policies/3049cf04-6637-4735-8f7d-b2a1e7e6e80b/tags/green HTTP/1.1" status: 201 len: 201 time: 0.0197244
2026-09-11 06:42:03.225 10 INFO neutron.wsgi [None req-cf144525-0e69-46ff-a65d-3f3781513163 a7ad956e01ca4278be7d4fd962fb2206 65c8d277dce744a499e31c7ce1384011 - - default default] 10.0.0.148 "GET /v2.0/policies/3049cf04-6637-4735-8f7d-b2a1e7e6e80b/tags HTTP/1.1" status: 200 len: 227 time: 0.0096035
2026-09-11 06:42:03.239 10 INFO neutron.wsgi [None req-2b6d5704-6623-44f6-bdad-6e4364448acf a7ad956e01ca4278be7d4fd962fb2206 65c8d277dce744a499e31c7ce1384011 - - default default] 10.0.0.148 "PUT /v2.0/policies/3049cf04-6637-4735-8f7d-b2a1e7e6e80b/tags/red HTTP/1.1" status: 201 len: 201 time: 0.0102489
2026-09-11 06:42:03.253 10 INFO neutron.wsgi [None req-9210da4f-d0b8-459f-aa07-2ccf2e71b5c0 a7ad956e01ca4278be7d4fd962fb2206 65c8d277dce744a499e31c7ce1384011 - - default default] 10.0.0.148 "GET /v2.0/policies/3049cf04-6637-4735-8f7d-b2a1e7e6e80b/tags HTTP/1.1" status: 200 len: 227 time: 0.0095749
2026-09-11 06:42:03.278 10 INFO neutron.wsgi [None req-f22b795f-085c-4f58-a829-5c1c129a320e a7ad956e01ca4278be7d4fd962fb2206 65c8d277dce744a499e31c7ce1384011 - - default default] 10.0.0.148 "PUT /v2.0/policies/3049cf04-6637-4735-8f7d-b2a1e7e6e80b/tags/black.or.white HTTP/1.1" status: 201 len: 201 time: 0.0200529
2026-09-11 06:42:03.293 10 INFO neutron.wsgi [None req-ca355dd8-39bd-401a-a48c-3ed2f0b4b840 a7ad956e01ca4278be7d4fd962fb2206 65c8d277dce744a499e31c7ce1384011 - - default default] 10.0.0.148 "GET /v2.0/policies/3049cf04-6637-4735-8f7d-b2a1e7e6e80b/tags HTTP/1.1" status: 200 len: 245 time: 0.0103555
2026-09-11 06:42:03.326 10 INFO neutron.wsgi [None req-245d08a2-ba2e-4883-8b27-175b9f1be17c a7ad956e01ca4278be7d4fd962fb2206 65c8d277dce744a499e31c7ce1384011 - - default default] 10.0.0.148 "PUT /v2.0/policies/3049cf04-6637-4735-8f7d-b2a1e7e6e80b/tags HTTP/1.1" status: 200 len: 230 time: 0.0294337
2026-09-11 06:42:03.353 9 INFO neutron.wsgi [None req-8b39d005-e3f7-497c-a76f-22a38133f1ae a7ad956e01ca4278be7d4fd962fb2206 65c8d277dce744a499e31c7ce1384011 - - default default] 10.0.0.148 "GET /v2.0/policies/3049cf04-6637-4735-8f7d-b2a1e7e6e80b/tags HTTP/1.1" status: 200 len: 230 time: 0.0210488
2026-09-11 06:42:03.384 9 INFO neutron.wsgi [None req-77878380-07be-431b-be61-e14be68cc86b a7ad956e01ca4278be7d4fd962fb2206 65c8d277dce744a499e31c7ce1384011 - - default default] 10.0.0.148 "GET /v2.0/policies/3049cf04-6637-4735-8f7d-b2a1e7e6e80b/tags/red HTTP/1.1" status: 204 len: 168 time: 0.0265651
2026-09-11 06:42:03.404 9 INFO neutron.api.v2.resource [None req-c402a46f-519b-41ef-be6e-37a17654ddb5 a7ad956e01ca4278be7d4fd962fb2206 65c8d277dce744a499e31c7ce1384011 - - default default] show failed (client error): The resource could not be found.
2026-09-11 06:42:03.406 9 INFO neutron.wsgi [None req-c402a46f-519b-41ef-be6e-37a17654ddb5 a7ad956e01ca4278be7d4fd962fb2206 65c8d277dce744a499e31c7ce1384011 - - default default] 10.0.0.148 "GET /v2.0/policies/3049cf04-6637-4735-8f7d-b2a1e7e6e80b/tags/green HTTP/1.1" status: 404 len: 299 time: 0.0172112
2026-09-11 06:42:03.443 10 INFO neutron.wsgi [None req-22f5c1c1-d28e-4f56-b486-52fb5405778f a7ad956e01ca4278be7d4fd962fb2206 65c8d277dce744a499e31c7ce1384011 - - default default] 10.0.0.148 "DELETE /v2.0/policies/3049cf04-6637-4735-8f7d-b2a1e7e6e80b/tags/red HTTP/1.1" status: 204 len: 168 time: 0.0314436
2026-09-11 06:42:03.462 9 INFO neutron.wsgi [None req-bf1be986-8894-42f4-859f-fd171a26e9b6 a7ad956e01ca4278be7d4fd962fb2206 65c8d277dce744a499e31c7ce1384011 - - default default] 10.0.0.148 "GET /v2.0/policies/3049cf04-6637-4735-8f7d-b2a1e7e6e80b/tags HTTP/1.1" status: 200 len: 223 time: 0.0138996
2026-09-11 06:42:03.485 10 INFO neutron.api.v2.resource [None req-fbb56d27-8bbb-4a1c-8df1-8bc9b4ba3dcd a7ad956e01ca4278be7d4fd962fb2206 65c8d277dce744a499e31c7ce1384011 - - default default] delete failed (client error): The resource could not be found.
2026-09-11 06:42:03.486 10 INFO neutron.wsgi [None req-fbb56d27-8bbb-4a1c-8df1-8bc9b4ba3dcd a7ad956e01ca4278be7d4fd962fb2206 65c8d277dce744a499e31c7ce1384011 - - default default] 10.0.0.148 "DELETE /v2.0/policies/3049cf04-6637-4735-8f7d-b2a1e7e6e80b/tags/green HTTP/1.1" status: 404 len: 299 time: 0.0190940
2026-09-11 06:42:03.514 9 INFO neutron.db.ovn_revision_numbers_db [None req-78c588e7-6d97-492b-a31a-a2f0370ad5c5 ae8faa2a385b400089f9c33a3f43d348 a085a30d262e4cdb90a7b72a04167887 - - default default] Successfully bumped revision number for resource 161b0877-48f8-49ea-a378-953d56360cfa (type: security_groups) to 1
2026-09-11 06:42:03.528 9 INFO neutron.db.ovn_revision_numbers_db [None req-78c588e7-6d97-492b-a31a-a2f0370ad5c5 ae8faa2a385b400089f9c33a3f43d348 a085a30d262e4cdb90a7b72a04167887 - - default default] Successfully bumped revision number for resource 33a8326f-4c88-4b8f-ab15-dd34bace939b (type: security_group_rules) to 0
2026-09-11 06:42:03.528 10 INFO neutron.wsgi [None req-7fcc3b14-f6c7-4d57-88fb-d5c409d755a8 a7ad956e01ca4278be7d4fd962fb2206 65c8d277dce744a499e31c7ce1384011 - - default default] 10.0.0.148 "DELETE /v2.0/policies/3049cf04-6637-4735-8f7d-b2a1e7e6e80b/tags HTTP/1.1" status: 204 len: 168 time: 0.0366206
2026-09-11 06:42:03.549 10 INFO neutron.wsgi [None req-8586d895-f40d-439a-a5a6-8a1d24b2fa6f a7ad956e01ca4278be7d4fd962fb2206 65c8d277dce744a499e31c7ce1384011 - - default default] 10.0.0.148 "GET /v2.0/policies/3049cf04-6637-4735-8f7d-b2a1e7e6e80b/tags HTTP/1.1" status: 200 len: 205 time: 0.0152829
2026-09-11 06:42:03.550 9 INFO neutron.db.ovn_revision_numbers_db [None req-78c588e7-6d97-492b-a31a-a2f0370ad5c5 ae8faa2a385b400089f9c33a3f43d348 a085a30d262e4cdb90a7b72a04167887 - - default default] Successfully bumped revision number for resource 846375fb-26a0-450c-9049-b7e26fa5b8df (type: security_group_rules) to 0
2026-09-11 06:42:03.575 9 INFO neutron.db.ovn_revision_numbers_db [None req-78c588e7-6d97-492b-a31a-a2f0370ad5c5 ae8faa2a385b400089f9c33a3f43d348 a085a30d262e4cdb90a7b72a04167887 - - default default] Successfully bumped revision number for resource abd967bb-fb0c-454e-ba28-685e2f313ae7 (type: security_group_rules) to 0
2026-09-11 06:42:03.594 9 INFO neutron.db.ovn_revision_numbers_db [None req-78c588e7-6d97-492b-a31a-a2f0370ad5c5 ae8faa2a385b400089f9c33a3f43d348 a085a30d262e4cdb90a7b72a04167887 - - default default] Successfully bumped revision number for resource cce4d599-0aca-4a81-971c-55bb0bd66578 (type: security_group_rules) to 0
2026-09-11 06:42:03.616 10 INFO neutron.wsgi [None req-22b7c02d-ac4b-4ba6-bbb4-8e8cf5178199 a7ad956e01ca4278be7d4fd962fb2206 65c8d277dce744a499e31c7ce1384011 - - default default] 10.0.0.148 "DELETE /v2.0/qos/policies/3049cf04-6637-4735-8f7d-b2a1e7e6e80b HTTP/1.1" status: 204 len: 168 time: 0.0463181
2026-09-11 06:42:03.681 9 INFO neutron.db.ovn_revision_numbers_db [None req-78c588e7-6d97-492b-a31a-a2f0370ad5c5 ae8faa2a385b400089f9c33a3f43d348 a085a30d262e4cdb90a7b72a04167887 - - default default] Successfully bumped revision number for resource 2e33fea1-c0df-4d6d-a9c3-41b7bc400fc9 (type: security_groups) to 1
2026-09-11 06:42:03.695 9 INFO neutron.db.ovn_revision_numbers_db [None req-78c588e7-6d97-492b-a31a-a2f0370ad5c5 ae8faa2a385b400089f9c33a3f43d348 a085a30d262e4cdb90a7b72a04167887 - - default default] Successfully bumped revision number for resource 3fa2f6a1-6a2f-46bb-b21b-2ed38477b4cb (type: security_group_rules) to 0
2026-09-11 06:42:03.714 9 INFO neutron.db.ovn_revision_numbers_db [None req-78c588e7-6d97-492b-a31a-a2f0370ad5c5 ae8faa2a385b400089f9c33a3f43d348 a085a30d262e4cdb90a7b72a04167887 - - default default] Successfully bumped revision number for resource ed89b535-9dc0-4b7c-bf84-888e957393da (type: security_group_rules) to 0
2026-09-11 06:42:03.741 9 INFO neutron.wsgi [None req-78c588e7-6d97-492b-a31a-a2f0370ad5c5 ae8faa2a385b400089f9c33a3f43d348 a085a30d262e4cdb90a7b72a04167887 - - default default] 10.0.0.148 "POST /v2.0/security-groups HTTP/1.1" status: 201 len: 1739 time: 0.4291134
2026-09-11 06:42:03.898 9 INFO neutron.db.ovn_revision_numbers_db [None req-8ea00217-cb2f-4c81-b189-8d124bf11941 ae8faa2a385b400089f9c33a3f43d348 a085a30d262e4cdb90a7b72a04167887 - - default default] Successfully bumped revision number for resource af18d2e8-8eea-4eb2-a3e1-101cdadfca4c (type: security_groups) to 1
2026-09-11 06:42:03.922 9 INFO neutron.db.ovn_revision_numbers_db [None req-8ea00217-cb2f-4c81-b189-8d124bf11941 ae8faa2a385b400089f9c33a3f43d348 a085a30d262e4cdb90a7b72a04167887 - - default default] Successfully bumped revision number for resource 4fe8a754-ac12-4fb4-80cc-1a3ffbdbdeae (type: security_group_rules) to 0
2026-09-11 06:42:03.941 9 INFO neutron.db.ovn_revision_numbers_db [None req-8ea00217-cb2f-4c81-b189-8d124bf11941 ae8faa2a385b400089f9c33a3f43d348 a085a30d262e4cdb90a7b72a04167887 - - default default] Successfully bumped revision number for resource 75ddee8f-226b-4476-bed1-c5b6b74c8f10 (type: security_group_rules) to 0
2026-09-11 06:42:03.971 9 INFO neutron.wsgi [None req-8ea00217-cb2f-4c81-b189-8d124bf11941 ae8faa2a385b400089f9c33a3f43d348 a085a30d262e4cdb90a7b72a04167887 - - default default] 10.0.0.148 "POST /v2.0/security-groups HTTP/1.1" status: 201 len: 1739 time: 0.2233818
2026-09-11 06:42:04.130 9 INFO neutron.db.ovn_revision_numbers_db [None req-afe6a8f2-1475-4b4c-bfdd-b7ba96d61048 ae8faa2a385b400089f9c33a3f43d348 a085a30d262e4cdb90a7b72a04167887 - - default default] Successfully bumped revision number for resource ba5f5036-3f01-40ab-a846-ac572aa35378 (type: security_groups) to 1
2026-09-11 06:42:04.150 9 INFO neutron.db.ovn_revision_numbers_db [None req-afe6a8f2-1475-4b4c-bfdd-b7ba96d61048 ae8faa2a385b400089f9c33a3f43d348 a085a30d262e4cdb90a7b72a04167887 - - default default] Successfully bumped revision number for resource 067a2026-11a5-4d35-9b6b-093420a9a491 (type: security_group_rules) to 0
2026-09-11 06:42:04.168 9 INFO neutron.db.ovn_revision_numbers_db [None req-afe6a8f2-1475-4b4c-bfdd-b7ba96d61048 ae8faa2a385b400089f9c33a3f43d348 a085a30d262e4cdb90a7b72a04167887 - - default default] Successfully bumped revision number for resource 998487d2-78bc-407e-93ad-23ce15c1194e (type: security_group_rules) to 0
2026-09-11 06:42:04.198 9 INFO neutron.wsgi [None req-afe6a8f2-1475-4b4c-bfdd-b7ba96d61048 ae8faa2a385b400089f9c33a3f43d348 a085a30d262e4cdb90a7b72a04167887 - - default default] 10.0.0.148 "POST /v2.0/security-groups HTTP/1.1" status: 201 len: 1739 time: 0.2206063
2026-09-11 06:42:04.308 9 INFO neutron.db.ovn_revision_numbers_db [None req-d9f0c2a6-b3c4-4d1e-8eef-77465498944e ae8faa2a385b400089f9c33a3f43d348 a085a30d262e4cdb90a7b72a04167887 - - default default] Successfully bumped revision number for resource 75f03764-5eb4-4f7c-b527-5372b5703254 (type: security_groups) to 1
2026-09-11 06:42:04.323 9 INFO neutron.db.ovn_revision_numbers_db [None req-d9f0c2a6-b3c4-4d1e-8eef-77465498944e ae8faa2a385b400089f9c33a3f43d348 a085a30d262e4cdb90a7b72a04167887 - - default default] Successfully bumped revision number for resource 50eacd77-b097-44ef-95c8-b7428df2d93f (type: security_group_rules) to 0
2026-09-11 06:42:04.352 9 INFO neutron.db.ovn_revision_numbers_db [None req-d9f0c2a6-b3c4-4d1e-8eef-77465498944e ae8faa2a385b400089f9c33a3f43d348 a085a30d262e4cdb90a7b72a04167887 - - default default] Successfully bumped revision number for resource 877c6f2f-95d4-42ee-a7f4-21015c30b2f4 (type: security_group_rules) to 0
2026-09-11 06:42:04.373 9 INFO neutron.wsgi [None req-d9f0c2a6-b3c4-4d1e-8eef-77465498944e ae8faa2a385b400089f9c33a3f43d348 a085a30d262e4cdb90a7b72a04167887 - - default default] 10.0.0.148 "POST /v2.0/security-groups HTTP/1.1" status: 201 len: 1739 time: 0.1696227
2026-09-11 06:42:04.472 9 INFO neutron.db.ovn_revision_numbers_db [None req-7c22d670-08bd-4140-a8b3-b7dacb3eabf7 ae8faa2a385b400089f9c33a3f43d348 a085a30d262e4cdb90a7b72a04167887 - - default default] Successfully bumped revision number for resource c3a0bc84-cbf4-4854-a9b8-8b3986593867 (type: security_groups) to 1
2026-09-11 06:42:04.485 9 INFO neutron.db.ovn_revision_numbers_db [None req-7c22d670-08bd-4140-a8b3-b7dacb3eabf7 ae8faa2a385b400089f9c33a3f43d348 a085a30d262e4cdb90a7b72a04167887 - - default default] Successfully bumped revision number for resource 1419c5eb-a033-480f-a407-2e6c3877c18f (type: security_group_rules) to 0
2026-09-11 06:42:04.498 9 INFO neutron.db.ovn_revision_numbers_db [None req-7c22d670-08bd-4140-a8b3-b7dacb3eabf7 ae8faa2a385b400089f9c33a3f43d348 a085a30d262e4cdb90a7b72a04167887 - - default default] Successfully bumped revision number for resource d3f1b6a7-c491-4010-8fcd-a81c64b88430 (type: security_group_rules) to 0
2026-09-11 06:42:04.514 9 INFO neutron.wsgi [None req-7c22d670-08bd-4140-a8b3-b7dacb3eabf7 ae8faa2a385b400089f9c33a3f43d348 a085a30d262e4cdb90a7b72a04167887 - - default default] 10.0.0.148 "POST /v2.0/security-groups HTTP/1.1" status: 201 len: 1739 time: 0.1356606
2026-09-11 06:42:04.546 9 INFO neutron.wsgi [None req-11e83c73-8e57-4899-adfd-95fab3bfa911 ae8faa2a385b400089f9c33a3f43d348 a085a30d262e4cdb90a7b72a04167887 - - default default] 10.0.0.148 "PUT /v2.0/security-groups/2e33fea1-c0df-4d6d-a9c3-41b7bc400fc9/tags HTTP/1.1" status: 200 len: 210 time: 0.0257986
2026-09-11 06:42:04.591 9 INFO neutron.wsgi [None req-4e825dd0-920e-4033-869e-6a92f0e88a3c ae8faa2a385b400089f9c33a3f43d348 a085a30d262e4cdb90a7b72a04167887 - - default default] 10.0.0.148 "PUT /v2.0/security-groups/af18d2e8-8eea-4eb2-a3e1-101cdadfca4c/tags HTTP/1.1" status: 200 len: 218 time: 0.0401306
2026-09-11 06:42:04.644 9 INFO neutron.wsgi [None req-6f9a07be-71bb-4885-8b71-65c9e2b9c7c8 ae8faa2a385b400089f9c33a3f43d348 a085a30d262e4cdb90a7b72a04167887 - - default default] 10.0.0.148 "PUT /v2.0/security-groups/ba5f5036-3f01-40ab-a846-ac572aa35378/tags HTTP/1.1" status: 200 len: 227 time: 0.0481925
2026-09-11 06:42:04.671 10 INFO neutron.db.ovn_revision_numbers_db [None req-a43a8cca-5b20-4e83-844b-437b3a703d78 e915aac3d8cf44b5bd14642408eaa706 d5a18636bbbc4419932587742c22c0e5 - - default default] Successfully bumped revision number for resource acecac74-0604-4bac-8c07-2a0d6e92a34b (type: security_groups) to 1
2026-09-11 06:42:04.677 9 INFO neutron.wsgi [None req-3d069068-02b3-44a5-92e6-0693678b804c ae8faa2a385b400089f9c33a3f43d348 a085a30d262e4cdb90a7b72a04167887 - - default default] 10.0.0.148 "PUT /v2.0/security-groups/75f03764-5eb4-4f7c-b527-5372b5703254/tags HTTP/1.1" status: 200 len: 212 time: 0.0277097
2026-09-11 06:42:04.690 10 INFO neutron.db.ovn_revision_numbers_db [None req-a43a8cca-5b20-4e83-844b-437b3a703d78 e915aac3d8cf44b5bd14642408eaa706 d5a18636bbbc4419932587742c22c0e5 - - default default] Successfully bumped revision number for resource 494b0b29-0595-475a-8760-27eb876faf4a (type: security_group_rules) to 0
2026-09-11 06:42:04.709 10 INFO neutron.db.ovn_revision_numbers_db [None req-a43a8cca-5b20-4e83-844b-437b3a703d78 e915aac3d8cf44b5bd14642408eaa706 d5a18636bbbc4419932587742c22c0e5 - - default default] Successfully bumped revision number for resource 66ad0f9b-4e47-4acf-9f0b-7637b130e80f (type: security_group_rules) to 0
2026-09-11 06:42:04.730 10 INFO neutron.db.ovn_revision_numbers_db [None req-a43a8cca-5b20-4e83-844b-437b3a703d78 e915aac3d8cf44b5bd14642408eaa706 d5a18636bbbc4419932587742c22c0e5 - - default default] Successfully bumped revision number for resource c15a402a-67b0-4fbf-885d-7efa792b84e4 (type: security_group_rules) to 0
2026-09-11 06:42:04.738 9 INFO neutron.wsgi [None req-b9408fb6-11a1-4261-bd42-5f786da34d59 ae8faa2a385b400089f9c33a3f43d348 a085a30d262e4cdb90a7b72a04167887 - - default default] 10.0.0.148 "GET /v2.0/security-groups?tags=red HTTP/1.1" status: 200 len: 4819 time: 0.0559204
2026-09-11 06:42:04.749 10 INFO neutron.db.ovn_revision_numbers_db [None req-a43a8cca-5b20-4e83-844b-437b3a703d78 e915aac3d8cf44b5bd14642408eaa706 d5a18636bbbc4419932587742c22c0e5 - - default default] Successfully bumped revision number for resource ed06cb77-7413-42e6-8a5c-f73b87578a39 (type: security_group_rules) to 0
2026-09-11 06:42:04.786 10 INFO neutron.wsgi [None req-a43a8cca-5b20-4e83-844b-437b3a703d78 e915aac3d8cf44b5bd14642408eaa706 d5a18636bbbc4419932587742c22c0e5 - - default default] 10.0.0.148 "GET /v2.0/security-groups?tenant_id=2cc404c89eb546b9a526f7f9e764a968&name=default HTTP/1.1" status: 200 len: 3000 time: 0.3720863
2026-09-11 06:42:04.803 9 INFO neutron.wsgi [None req-ba011b81-35ee-47b5-ab5b-b547ee54a058 ae8faa2a385b400089f9c33a3f43d348 a085a30d262e4cdb90a7b72a04167887 - - default default] 10.0.0.148 "GET /v2.0/security-groups?tags=red%2Cblue HTTP/1.1" status: 200 len: 3293 time: 0.0591092
2026-09-11 06:42:04.878 10 INFO neutron.wsgi [None req-3961f1f0-84b0-456a-83db-c31f41418117 ae8faa2a385b400089f9c33a3f43d348 a085a30d262e4cdb90a7b72a04167887 - - default default] 10.0.0.148 "GET /v2.0/security-groups?tags-any=blue HTTP/1.1" status: 200 len: 3293 time: 0.0702643
2026-09-11 06:42:04.995 9 INFO neutron.wsgi [None req-a658766b-b0c4-47f2-84a0-3f0610963d0c ae8faa2a385b400089f9c33a3f43d348 a085a30d262e4cdb90a7b72a04167887 - - default default] 10.0.0.148 "GET /v2.0/security-groups?tags-any=red%2Cblue HTTP/1.1" status: 200 len: 4819 time: 0.1092572
2026-09-11 06:42:05.004 9 INFO neutron.wsgi [-] 10.0.0.199 "GET / HTTP/1.1" status: 200 len: 246 time: 0.0017557
2026-09-11 06:42:05.006 9 INFO neutron.wsgi [-] 10.0.0.199 "GET / HTTP/1.1" status: 200 len: 246 time: 0.0013301
2026-09-11 06:42:05.069 10 INFO neutron.wsgi [None req-e102b762-a4f2-4a13-9dd6-51756f67b5dc ae8faa2a385b400089f9c33a3f43d348 a085a30d262e4cdb90a7b72a04167887 - - default default] 10.0.0.148 "GET /v2.0/security-groups?not-tags=red HTTP/1.1" status: 200 len: 6049 time: 0.0654655
2026-09-11 06:42:05.091 9 INFO neutron.wsgi [None req-dbbf345c-bdb7-4ccf-ae21-faba9b9ab8b0 e915aac3d8cf44b5bd14642408eaa706 d5a18636bbbc4419932587742c22c0e5 - - default default] 10.0.0.148 "DELETE /v2.0/security-groups/acecac74-0604-4bac-8c07-2a0d6e92a34b HTTP/1.1" status: 204 len: 168 time: 0.2993603
2026-09-11 06:42:05.121 10 INFO neutron.wsgi [None req-2943a22b-1736-484a-aee0-810e0399295b ae8faa2a385b400089f9c33a3f43d348 a085a30d262e4cdb90a7b72a04167887 - - default default] 10.0.0.148 "GET /v2.0/security-groups?not-tags=red%2Cblue HTTP/1.1" status: 200 len: 7575 time: 0.0433187
2026-09-11 06:42:05.164 10 INFO neutron.wsgi [None req-eb7a51c5-5248-452f-971c-070dd92532df ae8faa2a385b400089f9c33a3f43d348 a085a30d262e4cdb90a7b72a04167887 - - default default] 10.0.0.148 "GET /v2.0/security-groups?not-tags-any=blue HTTP/1.1" status: 200 len: 7575 time: 0.0372260
2026-09-11 06:42:05.236 10 INFO neutron.wsgi [None req-06cebd9d-e803-484b-b66c-bd23c050f077 ae8faa2a385b400089f9c33a3f43d348 a085a30d262e4cdb90a7b72a04167887 - - default default] 10.0.0.148 "GET /v2.0/security-groups?not-tags-any=red%2Cblue HTTP/1.1" status: 200 len: 6049 time: 0.0669744
2026-09-11 06:42:05.382 9 INFO neutron.wsgi [None req-57bfb2f1-ff1d-4826-aa21-f1663b4d71a3 ae8faa2a385b400089f9c33a3f43d348 a085a30d262e4cdb90a7b72a04167887 - - default default] 10.0.0.148 "DELETE /v2.0/security-groups/2e33fea1-c0df-4d6d-a9c3-41b7bc400fc9 HTTP/1.1" status: 204 len: 168 time: 0.1359019
2026-09-11 06:42:05.393 10 INFO neutron.db.ovn_revision_numbers_db [None req-d8d7d910-2ca5-4218-8c01-f7d976c5fe3d e915aac3d8cf44b5bd14642408eaa706 d5a18636bbbc4419932587742c22c0e5 - - default default] Successfully bumped revision number for resource fd02fd3a-3fe4-4718-a788-88ee0f46bcc6 (type: security_groups) to 1
2026-09-11 06:42:05.417 10 INFO neutron.db.ovn_revision_numbers_db [None req-d8d7d910-2ca5-4218-8c01-f7d976c5fe3d e915aac3d8cf44b5bd14642408eaa706 d5a18636bbbc4419932587742c22c0e5 - - default default] Successfully bumped revision number for resource 274f098d-8a31-49c5-b72d-30b3378636ca (type: security_group_rules) to 0
2026-09-11 06:42:05.438 10 INFO neutron.db.ovn_revision_numbers_db [None req-d8d7d910-2ca5-4218-8c01-f7d976c5fe3d e915aac3d8cf44b5bd14642408eaa706 d5a18636bbbc4419932587742c22c0e5 - - default default] Successfully bumped revision number for resource 7a22fba6-f7ff-4a9d-9d43-c18109b38eb9 (type: security_group_rules) to 0
2026-09-11 06:42:05.458 10 INFO neutron.db.ovn_revision_numbers_db [None req-d8d7d910-2ca5-4218-8c01-f7d976c5fe3d e915aac3d8cf44b5bd14642408eaa706 d5a18636bbbc4419932587742c22c0e5 - - default default] Successfully bumped revision number for resource da2350f4-9826-4408-a7dd-3c5d03e51d15 (type: security_group_rules) to 0
2026-09-11 06:42:05.477 10 INFO neutron.db.ovn_revision_numbers_db [None req-d8d7d910-2ca5-4218-8c01-f7d976c5fe3d e915aac3d8cf44b5bd14642408eaa706 d5a18636bbbc4419932587742c22c0e5 - - default default] Successfully bumped revision number for resource ee252692-e41c-48a3-9c60-fb1430972250 (type: security_group_rules) to 0
2026-09-11 06:42:05.503 10 INFO neutron.wsgi [None req-d8d7d910-2ca5-4218-8c01-f7d976c5fe3d e915aac3d8cf44b5bd14642408eaa706 d5a18636bbbc4419932587742c22c0e5 - - default default] 10.0.0.148 "GET /v2.0/security-groups?tenant_id=65c8d277dce744a499e31c7ce1384011&name=default HTTP/1.1" status: 200 len: 3000 time: 0.2633700
2026-09-11 06:42:05.529 10 INFO neutron.wsgi [None req-2ecacf10-f0e5-48bc-8b84-e6ce86b9474b ae8faa2a385b400089f9c33a3f43d348 a085a30d262e4cdb90a7b72a04167887 - - default default] 10.0.0.148 "DELETE /v2.0/security-groups/af18d2e8-8eea-4eb2-a3e1-101cdadfca4c HTTP/1.1" status: 204 len: 168 time: 0.1414571
2026-09-11 06:42:05.671 9 INFO neutron.wsgi [None req-b2f61e07-8a07-4e82-9b8f-24ba85876e94 ae8faa2a385b400089f9c33a3f43d348 a085a30d262e4cdb90a7b72a04167887 - - default default] 10.0.0.148 "DELETE /v2.0/security-groups/ba5f5036-3f01-40ab-a846-ac572aa35378 HTTP/1.1" status: 204 len: 168 time: 0.1360185
2026-09-11 06:42:05.796 9 INFO neutron.wsgi [None req-03acc018-e312-49f5-aa9e-59ad02d5fb92 ae8faa2a385b400089f9c33a3f43d348 a085a30d262e4cdb90a7b72a04167887 - - default default] 10.0.0.148 "DELETE /v2.0/security-groups/75f03764-5eb4-4f7c-b527-5372b5703254 HTTP/1.1" status: 204 len: 168 time: 0.1188495
2026-09-11 06:42:05.798 10 INFO neutron.wsgi [None req-55939501-0986-4d8d-a129-5aa950e897e3 e915aac3d8cf44b5bd14642408eaa706 d5a18636bbbc4419932587742c22c0e5 - - default default] 10.0.0.148 "DELETE /v2.0/security-groups/fd02fd3a-3fe4-4718-a788-88ee0f46bcc6 HTTP/1.1" status: 204 len: 168 time: 0.2904501
2026-09-11 06:42:05.907 9 INFO neutron.wsgi [None req-766c9c1f-7420-410d-a0ee-0f18e7f79c2e ae8faa2a385b400089f9c33a3f43d348 a085a30d262e4cdb90a7b72a04167887 - - default default] 10.0.0.148 "DELETE /v2.0/security-groups/c3a0bc84-cbf4-4854-a9b8-8b3986593867 HTTP/1.1" status: 204 len: 168 time: 0.1015561
2026-09-11 06:42:07.141 9 INFO neutron.wsgi [None req-7f0fb1d2-701e-463a-943e-65d1e0e7f55b e915aac3d8cf44b5bd14642408eaa706 d5a18636bbbc4419932587742c22c0e5 - - default default] 10.0.0.148 "GET /v2.0/security-groups?tenant_id=a085a30d262e4cdb90a7b72a04167887&name=default HTTP/1.1" status: 200 len: 3000 time: 0.2937353
2026-09-11 06:42:07.385 9 INFO neutron.wsgi [None req-38264138-4186-4cbc-98aa-9f169c7981c8 e915aac3d8cf44b5bd14642408eaa706 d5a18636bbbc4419932587742c22c0e5 - - default default] 10.0.0.148 "DELETE /v2.0/security-groups/161b0877-48f8-49ea-a378-953d56360cfa HTTP/1.1" status: 204 len: 168 time: 0.2388968
2026-09-11 06:42:07.631 10 INFO neutron.db.ovn_revision_numbers_db [None req-0f378f4e-7821-4620-90d2-72111a9cd7c5 e915aac3d8cf44b5bd14642408eaa706 d5a18636bbbc4419932587742c22c0e5 - - default default] Successfully bumped revision number for resource 15e4bbfb-27f7-4cb8-8ff6-0236d082e65a (type: security_groups) to 1
2026-09-11 06:42:07.646 10 INFO neutron.db.ovn_revision_numbers_db [None req-0f378f4e-7821-4620-90d2-72111a9cd7c5 e915aac3d8cf44b5bd14642408eaa706 d5a18636bbbc4419932587742c22c0e5 - - default default] Successfully bumped revision number for resource 28e30b33-13f7-4051-87c7-8093c81c6988 (type: security_group_rules) to 0
2026-09-11 06:42:07.659 10 INFO neutron.db.ovn_revision_numbers_db [None req-0f378f4e-7821-4620-90d2-72111a9cd7c5 e915aac3d8cf44b5bd14642408eaa706 d5a18636bbbc4419932587742c22c0e5 - - default default] Successfully bumped revision number for resource 2c9527a8-d487-4f23-99d9-2ca3e208c34c (type: security_group_rules) to 0
2026-09-11 06:42:07.672 10 INFO neutron.db.ovn_revision_numbers_db [None req-0f378f4e-7821-4620-90d2-72111a9cd7c5 e915aac3d8cf44b5bd14642408eaa706 d5a18636bbbc4419932587742c22c0e5 - - default default] Successfully bumped revision number for resource 979ad58d-3a31-4f46-bdd9-932a6e5df8b4 (type: security_group_rules) to 0
2026-09-11 06:42:07.688 10 INFO neutron.db.ovn_revision_numbers_db [None req-0f378f4e-7821-4620-90d2-72111a9cd7c5 e915aac3d8cf44b5bd14642408eaa706 d5a18636bbbc4419932587742c22c0e5 - - default default] Successfully bumped revision number for resource b7b8e8e6-1a70-46e7-a366-538b6c40b783 (type: security_group_rules) to 0
2026-09-11 06:42:07.710 10 INFO neutron.wsgi [None req-0f378f4e-7821-4620-90d2-72111a9cd7c5 e915aac3d8cf44b5bd14642408eaa706 d5a18636bbbc4419932587742c22c0e5 - - default default] 10.0.0.148 "GET /v2.0/security-groups?tenant_id=437e026dd863445ba61338463718bf82&name=default HTTP/1.1" status: 200 len: 3000 time: 0.2064908
2026-09-11 06:42:07.986 9 INFO neutron.wsgi [None req-aee97db2-d7fe-4cde-b566-e214b57ae79e e915aac3d8cf44b5bd14642408eaa706 d5a18636bbbc4419932587742c22c0e5 - - default default] 10.0.0.148 "DELETE /v2.0/security-groups/15e4bbfb-27f7-4cb8-8ff6-0236d082e65a HTTP/1.1" status: 204 len: 168 time: 0.2692525
2026-09-11 06:42:08.239 10 INFO neutron.db.ovn_revision_numbers_db [None req-7d3d391d-88c0-4e1f-b414-b2a04c4901a3 e915aac3d8cf44b5bd14642408eaa706 d5a18636bbbc4419932587742c22c0e5 - - default default] Successfully bumped revision number for resource 768a0370-745a-476d-830b-3cf211e7f927 (type: security_groups) to 1
2026-09-11 06:42:08.253 10 INFO neutron.db.ovn_revision_numbers_db [None req-7d3d391d-88c0-4e1f-b414-b2a04c4901a3 e915aac3d8cf44b5bd14642408eaa706 d5a18636bbbc4419932587742c22c0e5 - - default default] Successfully bumped revision number for resource 15ee00ee-fffe-4931-94a8-f52000c4c409 (type: security_group_rules) to 0
2026-09-11 06:42:08.267 10 INFO neutron.db.ovn_revision_numbers_db [None req-7d3d391d-88c0-4e1f-b414-b2a04c4901a3 e915aac3d8cf44b5bd14642408eaa706 d5a18636bbbc4419932587742c22c0e5 - - default default] Successfully bumped revision number for resource 2d93ceb9-0340-4476-a67e-db835b353c78 (type: security_group_rules) to 0
2026-09-11 06:42:08.283 10 INFO neutron.db.ovn_revision_numbers_db [None req-7d3d391d-88c0-4e1f-b414-b2a04c4901a3 e915aac3d8cf44b5bd14642408eaa706 d5a18636bbbc4419932587742c22c0e5 - - default default] Successfully bumped revision number for resource b8ade784-1741-4d49-8f87-cc268ecf4b96 (type: security_group_rules) to 0
2026-09-11 06:42:08.297 10 INFO neutron.db.ovn_revision_numbers_db [None req-7d3d391d-88c0-4e1f-b414-b2a04c4901a3 e915aac3d8cf44b5bd14642408eaa706 d5a18636bbbc4419932587742c22c0e5 - - default default] Successfully bumped revision number for resource c17a8da2-7ea7-47ca-916a-5e3798c1dc04 (type: security_group_rules) to 0
2026-09-11 06:42:08.315 10 INFO neutron.wsgi [None req-7d3d391d-88c0-4e1f-b414-b2a04c4901a3 e915aac3d8cf44b5bd14642408eaa706 d5a18636bbbc4419932587742c22c0e5 - - default default] 10.0.0.148 "GET /v2.0/security-groups?tenant_id=546784bcae514235a87884b9abdcfb64&name=default HTTP/1.1" status: 200 len: 3000 time: 0.1865051
2026-09-11 06:42:08.520 10 INFO neutron.wsgi [None req-22060eb2-a6b0-42e6-8f66-b2fa99043064 e915aac3d8cf44b5bd14642408eaa706 d5a18636bbbc4419932587742c22c0e5 - - default default] 10.0.0.148 "DELETE /v2.0/security-groups/768a0370-745a-476d-830b-3cf211e7f927 HTTP/1.1" status: 204 len: 168 time: 0.2016845
2026-09-11 06:42:13.352 9 INFO neutron.wsgi [None req-ebf76ca4-f890-46e6-880e-9ee68175106a 977ec77370764748924e09f10199a792 23bcf0cb720a4f178a673107738bcfc0 - - default default] 10.0.0.148 "POST /v2.0/subnetpools HTTP/1.1" status: 201 len: 715 time: 0.2901936
2026-09-11 06:42:13.424 10 INFO neutron.wsgi [None req-dfdcee42-85f3-4dfc-93eb-3864e222deb3 977ec77370764748924e09f10199a792 23bcf0cb720a4f178a673107738bcfc0 - - default default] 10.0.0.148 "POST /v2.0/subnetpools HTTP/1.1" status: 201 len: 715 time: 0.0634580
2026-09-11 06:42:13.479 10 INFO neutron.wsgi [None req-6acbff6a-d3eb-44c7-8799-5e7c22ff29c7 977ec77370764748924e09f10199a792 23bcf0cb720a4f178a673107738bcfc0 - - default default] 10.0.0.148 "POST /v2.0/subnetpools HTTP/1.1" status: 201 len: 715 time: 0.0487654
2026-09-11 06:42:13.534 10 INFO neutron.wsgi [None req-632f5477-6e20-4bc7-bcd2-eaf6b820d108 977ec77370764748924e09f10199a792 23bcf0cb720a4f178a673107738bcfc0 - - default default] 10.0.0.148 "POST /v2.0/subnetpools HTTP/1.1" status: 201 len: 715 time: 0.0498486
2026-09-11 06:42:13.588 10 INFO neutron.wsgi [None req-7ca9fdcf-ae32-4255-8b02-192f45572195 977ec77370764748924e09f10199a792 23bcf0cb720a4f178a673107738bcfc0 - - default default] 10.0.0.148 "POST /v2.0/subnetpools HTTP/1.1" status: 201 len: 715 time: 0.0471044
2026-09-11 06:42:13.621 10 INFO neutron.wsgi [None req-7d5d4817-b767-4aaf-9eb9-c98901714b6b 977ec77370764748924e09f10199a792 23bcf0cb720a4f178a673107738bcfc0 - - default default] 10.0.0.148 "PUT /v2.0/subnetpools/9324a376-4bbf-4ba2-99df-94933eca6b3b/tags HTTP/1.1" status: 200 len: 210 time: 0.0277836
2026-09-11 06:42:13.650 10 INFO neutron.wsgi [None req-e282dfcc-21c2-4975-b547-279bc0776b20 977ec77370764748924e09f10199a792 23bcf0cb720a4f178a673107738bcfc0 - - default default] 10.0.0.148 "PUT /v2.0/subnetpools/d3e3ef24-4e91-42fa-a6f3-02933e0378fa/tags HTTP/1.1" status: 200 len: 218 time: 0.0230589
2026-09-11 06:42:13.676 10 INFO neutron.wsgi [None req-c907fd3d-3ff4-4265-96ce-c25dbc965609 977ec77370764748924e09f10199a792 23bcf0cb720a4f178a673107738bcfc0 - - default default] 10.0.0.148 "PUT /v2.0/subnetpools/4cacf688-9743-45d0-8fa1-1f40f09b96e2/tags HTTP/1.1" status: 200 len: 227 time: 0.0218086
2026-09-11 06:42:13.700 10 INFO neutron.wsgi [None req-49cdf187-b95e-4dbd-b70c-0647af7308c0 977ec77370764748924e09f10199a792 23bcf0cb720a4f178a673107738bcfc0 - - default default] 10.0.0.148 "PUT /v2.0/subnetpools/00d583f7-b7a9-4aa6-b5be-5ed956c67af1/tags HTTP/1.1" status: 200 len: 212 time: 0.0200551
2026-09-11 06:42:13.725 10 INFO neutron.wsgi [None req-6bbaac36-4fb9-4dc7-a21e-50a275150e82 977ec77370764748924e09f10199a792 23bcf0cb720a4f178a673107738bcfc0 - - default default] 10.0.0.148 "GET /v2.0/subnetpools?tags=red HTTP/1.1" status: 200 len: 1758 time: 0.0192695
2026-09-11 06:42:13.749 10 INFO neutron.wsgi [None req-5007e48c-5dc6-4526-989f-02cb176cb00e 977ec77370764748924e09f10199a792 23bcf0cb720a4f178a673107738bcfc0 - - default default] 10.0.0.148 "GET /v2.0/subnetpools?tags=red%2Cblue HTTP/1.1" status: 200 len: 1251 time: 0.0194438
2026-09-11 06:42:13.772 10 INFO neutron.wsgi [None req-ba69c396-30da-4d20-abfa-36ea8c4cb9c0 977ec77370764748924e09f10199a792 23bcf0cb720a4f178a673107738bcfc0 - - default default] 10.0.0.148 "GET /v2.0/subnetpools?tags-any=blue HTTP/1.1" status: 200 len: 1251 time: 0.0183258
2026-09-11 06:42:13.792 10 INFO neutron.wsgi [None req-e43e7589-68c1-40e1-ba21-8c65b6716f30 977ec77370764748924e09f10199a792 23bcf0cb720a4f178a673107738bcfc0 - - default default] 10.0.0.148 "GET /v2.0/subnetpools?tags-any=red%2Cblue HTTP/1.1" status: 200 len: 1758 time: 0.0162451
2026-09-11 06:42:13.834 10 INFO neutron.wsgi [None req-664d5251-6238-4b19-873a-60f5381e4941 977ec77370764748924e09f10199a792 23bcf0cb720a4f178a673107738bcfc0 - - default default] 10.0.0.148 "GET /v2.0/subnetpools?not-tags=red HTTP/1.1" status: 200 len: 1223 time: 0.0378292
