2026-09-11 06:41:00.403 10 INFO neutron.db.ovn_revision_numbers_db [None req-c83ae13a-4a87-4123-840d-4dad02e6c2ed e915aac3d8cf44b5bd14642408eaa706 d5a18636bbbc4419932587742c22c0e5 - - default default] Successfully bumped revision number for resource 44c975b7-4828-4203-89b7-f1bc60cf7ef3 (type: ports) to 1
2026-09-11 06:41:00.419 10 INFO neutron.wsgi [None req-c83ae13a-4a87-4123-840d-4dad02e6c2ed e915aac3d8cf44b5bd14642408eaa706 d5a18636bbbc4419932587742c22c0e5 - - default default] 10.0.0.148 "POST /v2.0/networks HTTP/1.1" status: 201 len: 943 time: 0.8667285
2026-09-11 06:41:00.496 9 INFO neutron.db.ovn_revision_numbers_db [None req-30bcc92c-6afa-4d0e-8e72-8dd4ef3c7c0a e915aac3d8cf44b5bd14642408eaa706 d5a18636bbbc4419932587742c22c0e5 - - default default] Successfully bumped revision number for resource 54759f3b-69c6-4090-af82-b0e4d124d4ad (type: security_groups) to 1
2026-09-11 06:41:00.528 9 INFO neutron.db.ovn_revision_numbers_db [None req-30bcc92c-6afa-4d0e-8e72-8dd4ef3c7c0a e915aac3d8cf44b5bd14642408eaa706 d5a18636bbbc4419932587742c22c0e5 - - default default] Successfully bumped revision number for resource 13043d59-6ae1-4c76-bbbd-9a08c28cbd4a (type: security_group_rules) to 0
2026-09-11 06:41:00.558 9 INFO neutron.db.ovn_revision_numbers_db [None req-30bcc92c-6afa-4d0e-8e72-8dd4ef3c7c0a e915aac3d8cf44b5bd14642408eaa706 d5a18636bbbc4419932587742c22c0e5 - - default default] Successfully bumped revision number for resource 2b988f8f-4eb4-487b-9c45-6a7836ff3014 (type: security_group_rules) to 0
2026-09-11 06:41:00.597 9 INFO neutron.db.ovn_revision_numbers_db [None req-30bcc92c-6afa-4d0e-8e72-8dd4ef3c7c0a e915aac3d8cf44b5bd14642408eaa706 d5a18636bbbc4419932587742c22c0e5 - - default default] Successfully bumped revision number for resource 754c3d3c-c6b6-48d1-8b8c-5bd36f9d7ecf (type: security_group_rules) to 0
2026-09-11 06:41:00.632 9 INFO neutron.db.ovn_revision_numbers_db [None req-30bcc92c-6afa-4d0e-8e72-8dd4ef3c7c0a e915aac3d8cf44b5bd14642408eaa706 d5a18636bbbc4419932587742c22c0e5 - - default default] Successfully bumped revision number for resource eaef5b16-50c7-45a9-8ace-58dab4cd3218 (type: security_group_rules) to 0
2026-09-11 06:41:00.678 9 INFO neutron.wsgi [None req-30bcc92c-6afa-4d0e-8e72-8dd4ef3c7c0a e915aac3d8cf44b5bd14642408eaa706 d5a18636bbbc4419932587742c22c0e5 - - default default] 10.0.0.148 "GET /v2.0/security-groups?tenant_id=177944be0cd340be942091670eec971f&name=default HTTP/1.1" status: 200 len: 2996 time: 0.5433211
2026-09-11 06:41:00.684 9 WARNING neutron.scheduler.dhcp_agent_scheduler [None req-2ebeca29-4fca-449a-84b3-2fdd6079dd1d e915aac3d8cf44b5bd14642408eaa706 d5a18636bbbc4419932587742c22c0e5 - - default default] No more DHCP agents
2026-09-11 06:41:00.689 9 WARNING neutron.api.rpc.agentnotifiers.dhcp_rpc_agent_api [None req-2ebeca29-4fca-449a-84b3-2fdd6079dd1d e915aac3d8cf44b5bd14642408eaa706 d5a18636bbbc4419932587742c22c0e5 - - default default] Unable to schedule network e4dfc5fa-bf52-46ea-9d41-fda60c5ec4e1: no agents available; will retry on subsequent port and subnet creation events.
2026-09-11 06:41:00.704 9 WARNING neutron.scheduler.dhcp_agent_scheduler [None req-3e3aa07e-305a-40e9-8daf-d67a196ab1d4 0b3b67e4a08d4b65884316ad36d6bab6 09675c5fb53e477eb16e1da130c48550 - - default default] No more DHCP agents
2026-09-11 06:41:00.706 9 WARNING neutron.api.rpc.agentnotifiers.dhcp_rpc_agent_api [None req-3e3aa07e-305a-40e9-8daf-d67a196ab1d4 0b3b67e4a08d4b65884316ad36d6bab6 09675c5fb53e477eb16e1da130c48550 - - default default] Unable to schedule network bc81fadb-bd1a-4d98-920a-fe7c5c699cdb: no agents available; will retry on subsequent port and subnet creation events.
2026-09-11 06:41:00.823 9 INFO neutron.db.ovn_revision_numbers_db [None req-3e3aa07e-305a-40e9-8daf-d67a196ab1d4 0b3b67e4a08d4b65884316ad36d6bab6 09675c5fb53e477eb16e1da130c48550 - - default default] Successfully bumped revision number for resource 16a04bb6-4ccb-432e-8e84-0406bcd3c305 (type: ports) to 1
2026-09-11 06:41:00.856 9 INFO neutron.wsgi [None req-3e3aa07e-305a-40e9-8daf-d67a196ab1d4 0b3b67e4a08d4b65884316ad36d6bab6 09675c5fb53e477eb16e1da130c48550 - - default default] 10.0.0.148 "POST /v2.0/ports HTTP/1.1" status: 201 len: 942 time: 0.4914548
2026-09-11 06:41:00.911 10 INFO neutron.wsgi [None req-f515318e-7332-4d5d-8a32-0e6adb50ba2c e915aac3d8cf44b5bd14642408eaa706 d5a18636bbbc4419932587742c22c0e5 - - default default] 10.0.0.148 "DELETE /v2.0/security-groups/54759f3b-69c6-4090-af82-b0e4d124d4ad HTTP/1.1" status: 204 len: 168 time: 0.2275541
2026-09-11 06:41:00.955 10 INFO neutron.db.segments_db [None req-f8a2078b-86c6-4baf-8552-91373c94c262 0b3b67e4a08d4b65884316ad36d6bab6 09675c5fb53e477eb16e1da130c48550 - - default default] Added segment e6b51e6e-a65a-4bbd-8ae4-7d062b8de622 of type geneve for network 7ecf5976-e160-40c0-97c1-2755f87c6f69
2026-09-11 06:41:01.090 10 INFO neutron.db.ovn_revision_numbers_db [None req-f8a2078b-86c6-4baf-8552-91373c94c262 0b3b67e4a08d4b65884316ad36d6bab6 09675c5fb53e477eb16e1da130c48550 - - default default] Successfully bumped revision number for resource 7ecf5976-e160-40c0-97c1-2755f87c6f69 (type: networks) to 1
2026-09-11 06:41:01.246 9 INFO neutron.db.ovn_revision_numbers_db [None req-2ebeca29-4fca-449a-84b3-2fdd6079dd1d e915aac3d8cf44b5bd14642408eaa706 d5a18636bbbc4419932587742c22c0e5 - - default default] Successfully bumped revision number for resource 44c975b7-4828-4203-89b7-f1bc60cf7ef3 (type: ports) to 2
2026-09-11 06:41:01.253 10 WARNING neutron.scheduler.dhcp_agent_scheduler [None req-f8a2078b-86c6-4baf-8552-91373c94c262 0b3b67e4a08d4b65884316ad36d6bab6 09675c5fb53e477eb16e1da130c48550 - - default default] No more DHCP agents
2026-09-11 06:41:01.255 10 WARNING neutron.api.rpc.agentnotifiers.dhcp_rpc_agent_api [None req-f8a2078b-86c6-4baf-8552-91373c94c262 0b3b67e4a08d4b65884316ad36d6bab6 09675c5fb53e477eb16e1da130c48550 - - default default] Unable to schedule network 7ecf5976-e160-40c0-97c1-2755f87c6f69: no agents available; will retry on subsequent port and subnet creation events.
2026-09-11 06:41:01.281 9 INFO neutron.db.ovn_revision_numbers_db [None req-2ebeca29-4fca-449a-84b3-2fdd6079dd1d e915aac3d8cf44b5bd14642408eaa706 d5a18636bbbc4419932587742c22c0e5 - - default default] Successfully bumped revision number for resource 9e401f14-1646-4a59-a872-eb025cc51ee4 (type: subnets) to 0
2026-09-11 06:41:01.294 9 INFO neutron.wsgi [None req-2ebeca29-4fca-449a-84b3-2fdd6079dd1d e915aac3d8cf44b5bd14642408eaa706 d5a18636bbbc4419932587742c22c0e5 - - default default] 10.0.0.148 "POST /v2.0/subnets HTTP/1.1" status: 201 len: 863 time: 0.8684146
2026-09-11 06:41:01.351 10 INFO neutron.db.ovn_revision_numbers_db [None req-f8a2078b-86c6-4baf-8552-91373c94c262 0b3b67e4a08d4b65884316ad36d6bab6 09675c5fb53e477eb16e1da130c48550 - - default default] Successfully bumped revision number for resource 09a7bd66-5d08-4975-9baf-403d2328ff09 (type: ports) to 1
2026-09-11 06:41:01.386 10 INFO neutron.wsgi [None req-f8a2078b-86c6-4baf-8552-91373c94c262 0b3b67e4a08d4b65884316ad36d6bab6 09675c5fb53e477eb16e1da130c48550 - - default default] 10.0.0.148 "POST /v2.0/networks HTTP/1.1" status: 201 len: 830 time: 0.5245464 /var/lib/openstack/lib/python3.10/site-packages/pycadf/identifier.py:71: UserWarning: Invalid uuid: neutron. To ensure interoperability, identifiers should be a valid uuid. warnings.warn(('Invalid uuid: %s. To ensure interoperability, '
2026-09-11 06:41:01.645 9 WARNING neutron.scheduler.dhcp_agent_scheduler [None req-297f5b3d-9bfb-4c0e-829e-909c22f58a8e 0b3b67e4a08d4b65884316ad36d6bab6 09675c5fb53e477eb16e1da130c48550 - - default default] No more DHCP agents
2026-09-11 06:41:01.647 9 WARNING neutron.api.rpc.agentnotifiers.dhcp_rpc_agent_api [None req-297f5b3d-9bfb-4c0e-829e-909c22f58a8e 0b3b67e4a08d4b65884316ad36d6bab6 09675c5fb53e477eb16e1da130c48550 - - default default] Unable to schedule network 7ecf5976-e160-40c0-97c1-2755f87c6f69: no agents available; will retry on subsequent port and subnet creation events.
2026-09-11 06:41:01.726 9 INFO neutron.db.ovn_revision_numbers_db [None req-297f5b3d-9bfb-4c0e-829e-909c22f58a8e 0b3b67e4a08d4b65884316ad36d6bab6 09675c5fb53e477eb16e1da130c48550 - - default default] Successfully bumped revision number for resource bce8236e-2074-4ff2-a091-aedfd2bbffa0 (type: ports) to 1
2026-09-11 06:41:01.736 10 WARNING neutron.scheduler.dhcp_agent_scheduler [None req-faa1ab5c-aab8-412b-b423-88fcd19df8e9 e915aac3d8cf44b5bd14642408eaa706 d5a18636bbbc4419932587742c22c0e5 - - default default] No more DHCP agents
2026-09-11 06:41:01.739 10 WARNING neutron.api.rpc.agentnotifiers.dhcp_rpc_agent_api [None req-faa1ab5c-aab8-412b-b423-88fcd19df8e9 e915aac3d8cf44b5bd14642408eaa706 d5a18636bbbc4419932587742c22c0e5 - - default default] Unable to schedule network e871f3f8-9325-4ec8-89b9-e381e1782448: no agents available; will retry on subsequent port and subnet creation events.
2026-09-11 06:41:01.745 9 INFO neutron.wsgi [None req-297f5b3d-9bfb-4c0e-829e-909c22f58a8e 0b3b67e4a08d4b65884316ad36d6bab6 09675c5fb53e477eb16e1da130c48550 - - default default] 10.0.0.148 "POST /v2.0/ports HTTP/1.1" status: 201 len: 942 time: 0.3515129 /var/lib/openstack/lib/python3.10/site-packages/pycadf/identifier.py:71: UserWarning: Invalid uuid: neutron. To ensure interoperability, identifiers should be a valid uuid. warnings.warn(('Invalid uuid: %s. To ensure interoperability, '
2026-09-11 06:41:01.847 9 INFO neutron.db.segments_db [None req-332c599b-52cb-4264-89b2-21108164b864 0b3b67e4a08d4b65884316ad36d6bab6 09675c5fb53e477eb16e1da130c48550 - - default default] Added segment 03d0aa00-b23e-4549-8d88-d36b3b0f8e1f of type geneve for network 9a6535c1-5ecb-421c-8837-291b4301fb16
2026-09-11 06:41:01.890 10 INFO neutron.db.ovn_revision_numbers_db [None req-faa1ab5c-aab8-412b-b423-88fcd19df8e9 e915aac3d8cf44b5bd14642408eaa706 d5a18636bbbc4419932587742c22c0e5 - - default default] Successfully bumped revision number for resource d98581f2-c314-4932-aa8a-caf4430084ab (type: ports) to 1
2026-09-11 06:41:02.040 9 INFO neutron.db.ovn_revision_numbers_db [None req-332c599b-52cb-4264-89b2-21108164b864 0b3b67e4a08d4b65884316ad36d6bab6 09675c5fb53e477eb16e1da130c48550 - - default default] Successfully bumped revision number for resource 9a6535c1-5ecb-421c-8837-291b4301fb16 (type: networks) to 1
2026-09-11 06:41:02.185 9 WARNING neutron.scheduler.dhcp_agent_scheduler [None req-332c599b-52cb-4264-89b2-21108164b864 0b3b67e4a08d4b65884316ad36d6bab6 09675c5fb53e477eb16e1da130c48550 - - default default] No more DHCP agents
2026-09-11 06:41:02.187 9 WARNING neutron.api.rpc.agentnotifiers.dhcp_rpc_agent_api [None req-332c599b-52cb-4264-89b2-21108164b864 0b3b67e4a08d4b65884316ad36d6bab6 09675c5fb53e477eb16e1da130c48550 - - default default] Unable to schedule network 9a6535c1-5ecb-421c-8837-291b4301fb16: no agents available; will retry on subsequent port and subnet creation events.
2026-09-11 06:41:02.277 9 INFO neutron.db.ovn_revision_numbers_db [None req-332c599b-52cb-4264-89b2-21108164b864 0b3b67e4a08d4b65884316ad36d6bab6 09675c5fb53e477eb16e1da130c48550 - - default default] Successfully bumped revision number for resource 751fac0f-6339-4a6f-9fbe-a63caaf69d6e (type: ports) to 1
2026-09-11 06:41:02.300 9 INFO neutron.wsgi [None req-332c599b-52cb-4264-89b2-21108164b864 0b3b67e4a08d4b65884316ad36d6bab6 09675c5fb53e477eb16e1da130c48550 - - default default] 10.0.0.148 "POST /v2.0/networks HTTP/1.1" status: 201 len: 831 time: 0.5491118
2026-09-11 06:41:02.413 10 INFO neutron.plugins.ml2.drivers.ovn.mech_driver.mech_driver [None req-22667b2b-b3d4-4950-9b97-cf9617e86ba2 - - - - - -] OVN reports status up for port: d98581f2-c314-4932-aa8a-caf4430084ab
2026-09-11 06:41:02.426 10 INFO neutron.plugins.ml2.plugin [None req-22667b2b-b3d4-4950-9b97-cf9617e86ba2 - - - - - -] Attempt 1 to provision port d98581f2-c314-4932-aa8a-caf4430084ab
2026-09-11 06:41:02.429 9 INFO neutron.plugins.ml2.drivers.ovn.mech_driver.ovsdb.ovsdb_monitor [None req-8fef02c4-cbb0-4e9d-8cfc-031b3677f726 - - - - - -] Router 66e812dc-b38b-4542-ac91-f64e807048b1 is bound to host instance
2026-09-11 06:41:02.442 10 INFO neutron.db.ovn_revision_numbers_db [None req-faa1ab5c-aab8-412b-b423-88fcd19df8e9 e915aac3d8cf44b5bd14642408eaa706 d5a18636bbbc4419932587742c22c0e5 - - default default] Successfully bumped revision number for resource d98581f2-c314-4932-aa8a-caf4430084ab (type: router_ports) to 1
2026-09-11 06:41:02.510 10 INFO neutron.db.ovn_revision_numbers_db [None req-faa1ab5c-aab8-412b-b423-88fcd19df8e9 e915aac3d8cf44b5bd14642408eaa706 d5a18636bbbc4419932587742c22c0e5 - - default default] Successfully bumped revision number for resource 66e812dc-b38b-4542-ac91-f64e807048b1 (type: routers) to 2
2026-09-11 06:41:02.521 10 INFO neutron.wsgi [None req-faa1ab5c-aab8-412b-b423-88fcd19df8e9 e915aac3d8cf44b5bd14642408eaa706 d5a18636bbbc4419932587742c22c0e5 - - default default] 10.0.0.148 "POST /v2.0/routers HTTP/1.1" status: 201 len: 874 time: 1.2218251
2026-09-11 06:41:02.573 9 WARNING neutron.scheduler.dhcp_agent_scheduler [None req-475593d4-6c56-482e-8cb7-3bbd3b839420 0b3b67e4a08d4b65884316ad36d6bab6 09675c5fb53e477eb16e1da130c48550 - - default default] No more DHCP agents
2026-09-11 06:41:02.576 9 WARNING neutron.api.rpc.agentnotifiers.dhcp_rpc_agent_api [None req-475593d4-6c56-482e-8cb7-3bbd3b839420 0b3b67e4a08d4b65884316ad36d6bab6 09675c5fb53e477eb16e1da130c48550 - - default default] Unable to schedule network 9a6535c1-5ecb-421c-8837-291b4301fb16: no agents available; will retry on subsequent port and subnet creation events.
2026-09-11 06:41:02.835 9 INFO neutron.db.ovn_revision_numbers_db [None req-475593d4-6c56-482e-8cb7-3bbd3b839420 0b3b67e4a08d4b65884316ad36d6bab6 09675c5fb53e477eb16e1da130c48550 - - default default] Successfully bumped revision number for resource 95fb51ac-bc70-4401-9618-89bb9b132f2a (type: ports) to 1
2026-09-11 06:41:02.858 10 WARNING neutron.scheduler.dhcp_agent_scheduler [None req-76ed7215-71c4-4335-bc8a-1739664acfed e915aac3d8cf44b5bd14642408eaa706 d5a18636bbbc4419932587742c22c0e5 - - default default] No more DHCP agents
2026-09-11 06:41:02.860 10 WARNING neutron.api.rpc.agentnotifiers.dhcp_rpc_agent_api [None req-76ed7215-71c4-4335-bc8a-1739664acfed e915aac3d8cf44b5bd14642408eaa706 d5a18636bbbc4419932587742c22c0e5 - - default default] Unable to schedule network e4dfc5fa-bf52-46ea-9d41-fda60c5ec4e1: no agents available; will retry on subsequent port and subnet creation events.
2026-09-11 06:41:02.886 9 INFO neutron.wsgi [None req-475593d4-6c56-482e-8cb7-3bbd3b839420 0b3b67e4a08d4b65884316ad36d6bab6 09675c5fb53e477eb16e1da130c48550 - - default default] 10.0.0.148 "POST /v2.0/ports HTTP/1.1" status: 201 len: 942 time: 0.5824387
2026-09-11 06:41:03.027 10 INFO neutron.db.segments_db [None req-649c7ee0-f85e-443f-a541-2102f48f77d5 0b3b67e4a08d4b65884316ad36d6bab6 09675c5fb53e477eb16e1da130c48550 - - default default] Added segment 7734962a-a2e6-432c-80d6-81e0d4debb91 of type geneve for network 051725b7-c9dc-4bc7-9a14-79add14bcf49
2026-09-11 06:41:03.106 10 INFO neutron.db.ovn_revision_numbers_db [None req-76ed7215-71c4-4335-bc8a-1739664acfed e915aac3d8cf44b5bd14642408eaa706 d5a18636bbbc4419932587742c22c0e5 - - default default] Successfully bumped revision number for resource a98353d1-eafc-4512-b3ef-27870679bb82 (type: ports) to 1
2026-09-11 06:41:03.211 9 WARNING neutron.plugins.ml2.drivers.ovn.mech_driver.ovsdb.ovn_client [None req-152a3724-0546-47c9-9d80-04f0c556738d - - - - - -] No hosting information found for port 18ac5d33-2b36-45d2-82b8-a746a45aaa4b: RuntimeError: No hosting information found for port 18ac5d33-2b36-45d2-82b8-a746a45aaa4b
2026-09-11 06:41:03.273 9 INFO neutron.db.ovn_revision_numbers_db [None req-8fef02c4-cbb0-4e9d-8cfc-031b3677f726 - - - - - -] Successfully bumped revision number for resource d98581f2-c314-4932-aa8a-caf4430084ab (type: ports) to 1
2026-09-11 06:41:03.434 10 INFO neutron.db.ovn_revision_numbers_db [None req-0721fa35-04a8-4bd1-8762-ca33e7a0e488 e915aac3d8cf44b5bd14642408eaa706 d5a18636bbbc4419932587742c22c0e5 - - default default] Successfully bumped revision number for resource a080dcca-0800-4e0a-9e31-e84b82aa068e (type: security_groups) to 1
2026-09-11 06:41:03.467 10 INFO neutron.db.ovn_revision_numbers_db [None req-0721fa35-04a8-4bd1-8762-ca33e7a0e488 e915aac3d8cf44b5bd14642408eaa706 d5a18636bbbc4419932587742c22c0e5 - - default default] Successfully bumped revision number for resource 66298e58-38a5-45dd-acc9-c0a36a976836 (type: security_group_rules) to 0
2026-09-11 06:41:03.468 10 INFO neutron.db.ovn_revision_numbers_db [None req-649c7ee0-f85e-443f-a541-2102f48f77d5 0b3b67e4a08d4b65884316ad36d6bab6 09675c5fb53e477eb16e1da130c48550 - - default default] Successfully bumped revision number for resource 051725b7-c9dc-4bc7-9a14-79add14bcf49 (type: networks) to 1
2026-09-11 06:41:03.479 9 INFO neutron.db.ovn_revision_numbers_db [None req-8fef02c4-cbb0-4e9d-8cfc-031b3677f726 - - - - - -] Successfully bumped revision number for resource d98581f2-c314-4932-aa8a-caf4430084ab (type: router_ports) to 3
2026-09-11 06:41:03.500 10 INFO neutron.db.ovn_revision_numbers_db [None req-0721fa35-04a8-4bd1-8762-ca33e7a0e488 e915aac3d8cf44b5bd14642408eaa706 d5a18636bbbc4419932587742c22c0e5 - - default default] Successfully bumped revision number for resource bb3163d1-9599-45a3-bc3a-091c5aa045ad (type: security_group_rules) to 0
2026-09-11 06:41:03.531 10 INFO neutron.db.ovn_revision_numbers_db [None req-0721fa35-04a8-4bd1-8762-ca33e7a0e488 e915aac3d8cf44b5bd14642408eaa706 d5a18636bbbc4419932587742c22c0e5 - - default default] Successfully bumped revision number for resource e51c6cfd-988c-4aa3-9945-b6a87f3dcb29 (type: security_group_rules) to 0
2026-09-11 06:41:03.556 10 INFO neutron.db.ovn_revision_numbers_db [None req-0721fa35-04a8-4bd1-8762-ca33e7a0e488 e915aac3d8cf44b5bd14642408eaa706 d5a18636bbbc4419932587742c22c0e5 - - default default] Successfully bumped revision number for resource f4619ebb-ca42-40ad-9c9d-f7d70b1ee284 (type: security_group_rules) to 0
2026-09-11 06:41:03.595 10 INFO neutron.wsgi [None req-0721fa35-04a8-4bd1-8762-ca33e7a0e488 e915aac3d8cf44b5bd14642408eaa706 d5a18636bbbc4419932587742c22c0e5 - - default default] 10.0.0.148 "GET /v2.0/security-groups?tenant_id=a146c72601ac4be2b95e4e9c2dc16811&name=default HTTP/1.1" status: 200 len: 2996 time: 0.8574457
2026-09-11 06:41:03.600 9 INFO neutron.db.ovn_revision_numbers_db [None req-8fef02c4-cbb0-4e9d-8cfc-031b3677f726 - - - - - -] Successfully bumped revision number for resource d98581f2-c314-4932-aa8a-caf4430084ab (type: ports) to 2 /var/lib/openstack/lib/python3.10/site-packages/pycadf/identifier.py:71: UserWarning: Invalid uuid: neutron. To ensure interoperability, identifiers should be a valid uuid. warnings.warn(('Invalid uuid: %s. To ensure interoperability, '
2026-09-11 06:41:03.686 10 WARNING neutron.scheduler.dhcp_agent_scheduler [None req-649c7ee0-f85e-443f-a541-2102f48f77d5 0b3b67e4a08d4b65884316ad36d6bab6 09675c5fb53e477eb16e1da130c48550 - - default default] No more DHCP agents
2026-09-11 06:41:03.688 10 WARNING neutron.api.rpc.agentnotifiers.dhcp_rpc_agent_api [None req-649c7ee0-f85e-443f-a541-2102f48f77d5 0b3b67e4a08d4b65884316ad36d6bab6 09675c5fb53e477eb16e1da130c48550 - - default default] Unable to schedule network 051725b7-c9dc-4bc7-9a14-79add14bcf49: no agents available; will retry on subsequent port and subnet creation events.
2026-09-11 06:41:03.779 10 INFO neutron.db.ovn_revision_numbers_db [None req-649c7ee0-f85e-443f-a541-2102f48f77d5 0b3b67e4a08d4b65884316ad36d6bab6 09675c5fb53e477eb16e1da130c48550 - - default default] Successfully bumped revision number for resource 6a304df3-f7c6-4439-aa21-5d85fa642440 (type: ports) to 1
2026-09-11 06:41:03.819 10 INFO neutron.wsgi [None req-649c7ee0-f85e-443f-a541-2102f48f77d5 0b3b67e4a08d4b65884316ad36d6bab6 09675c5fb53e477eb16e1da130c48550 - - default default] 10.0.0.148 "POST /v2.0/networks HTTP/1.1" status: 201 len: 831 time: 0.9160213
2026-09-11 06:41:03.825 9 INFO neutron.wsgi [None req-7f8574c7-4662-42e7-b74f-a6611422e5bf e915aac3d8cf44b5bd14642408eaa706 d5a18636bbbc4419932587742c22c0e5 - - default default] 10.0.0.148 "DELETE /v2.0/security-groups/a080dcca-0800-4e0a-9e31-e84b82aa068e HTTP/1.1" status: 204 len: 168 time: 0.2252293
2026-09-11 06:41:03.851 9 INFO neutron.db.ovn_revision_numbers_db [None req-8fef02c4-cbb0-4e9d-8cfc-031b3677f726 - - - - - -] Successfully bumped revision number for resource d98581f2-c314-4932-aa8a-caf4430084ab (type: ports) to 4
2026-09-11 06:41:03.909 9 INFO neutron.plugins.ml2.drivers.ovn.mech_driver.mech_driver [None req-152a3724-0546-47c9-9d80-04f0c556738d - - - - - -] OVN reports status up for port: a98353d1-eafc-4512-b3ef-27870679bb82
2026-09-11 06:41:03.930 9 INFO neutron.plugins.ml2.plugin [None req-152a3724-0546-47c9-9d80-04f0c556738d - - - - - -] Attempt 1 to provision port a98353d1-eafc-4512-b3ef-27870679bb82
2026-09-11 06:41:03.934 10 INFO neutron.db.ovn_revision_numbers_db [None req-76ed7215-71c4-4335-bc8a-1739664acfed e915aac3d8cf44b5bd14642408eaa706 d5a18636bbbc4419932587742c22c0e5 - - default default] Successfully bumped revision number for resource a98353d1-eafc-4512-b3ef-27870679bb82 (type: router_ports) to 1
2026-09-11 06:41:04.106 10 WARNING neutron.scheduler.dhcp_agent_scheduler [None req-e8754cd1-3325-4b2f-9208-7b16e2fcea26 0b3b67e4a08d4b65884316ad36d6bab6 09675c5fb53e477eb16e1da130c48550 - - default default] No more DHCP agents
2026-09-11 06:41:04.108 10 WARNING neutron.api.rpc.agentnotifiers.dhcp_rpc_agent_api [None req-e8754cd1-3325-4b2f-9208-7b16e2fcea26 0b3b67e4a08d4b65884316ad36d6bab6 09675c5fb53e477eb16e1da130c48550 - - default default] Unable to schedule network 051725b7-c9dc-4bc7-9a14-79add14bcf49: no agents available; will retry on subsequent port and subnet creation events.
2026-09-11 06:41:04.136 10 INFO neutron.db.ovn_revision_numbers_db [None req-76ed7215-71c4-4335-bc8a-1739664acfed e915aac3d8cf44b5bd14642408eaa706 d5a18636bbbc4419932587742c22c0e5 - - default default] Successfully bumped revision number for resource a98353d1-eafc-4512-b3ef-27870679bb82 (type: ports) to 1
2026-09-11 06:41:04.199 9 INFO neutron.db.ovn_revision_numbers_db [None req-8fef02c4-cbb0-4e9d-8cfc-031b3677f726 - - - - - -] Successfully bumped revision number for resource d98581f2-c314-4932-aa8a-caf4430084ab (type: router_ports) to 4
2026-09-11 06:41:04.207 9 INFO neutron.db.ovn_revision_numbers_db [None req-a7906c60-52ff-415f-b057-154f9bf88c52 e915aac3d8cf44b5bd14642408eaa706 d5a18636bbbc4419932587742c22c0e5 - - default default] Successfully bumped revision number for resource a7f2f1d7-4668-468a-8f05-52e2504d69ab (type: security_groups) to 1
2026-09-11 06:41:04.214 10 INFO neutron.db.ovn_revision_numbers_db [None req-e8754cd1-3325-4b2f-9208-7b16e2fcea26 0b3b67e4a08d4b65884316ad36d6bab6 09675c5fb53e477eb16e1da130c48550 - - default default] Successfully bumped revision number for resource f816a5f1-49c8-4a32-9a9d-c5943b2e8106 (type: ports) to 1
2026-09-11 06:41:04.232 10 WARNING neutron.scheduler.dhcp_agent_scheduler [None req-76ed7215-71c4-4335-bc8a-1739664acfed e915aac3d8cf44b5bd14642408eaa706 d5a18636bbbc4419932587742c22c0e5 - - default default] No more DHCP agents
2026-09-11 06:41:04.236 10 WARNING neutron.api.rpc.agentnotifiers.dhcp_rpc_agent_api [None req-76ed7215-71c4-4335-bc8a-1739664acfed e915aac3d8cf44b5bd14642408eaa706 d5a18636bbbc4419932587742c22c0e5 - - default default] Unable to schedule network e4dfc5fa-bf52-46ea-9d41-fda60c5ec4e1: no agents available; will retry on subsequent port and subnet creation events.
2026-09-11 06:41:04.237 9 INFO neutron.db.ovn_revision_numbers_db [None req-a7906c60-52ff-415f-b057-154f9bf88c52 e915aac3d8cf44b5bd14642408eaa706 d5a18636bbbc4419932587742c22c0e5 - - default default] Successfully bumped revision number for resource 35171a90-6626-4bf1-acdd-7b0e5168a617 (type: security_group_rules) to 0
2026-09-11 06:41:04.242 10 INFO neutron.wsgi [None req-e8754cd1-3325-4b2f-9208-7b16e2fcea26 0b3b67e4a08d4b65884316ad36d6bab6 09675c5fb53e477eb16e1da130c48550 - - default default] 10.0.0.148 "POST /v2.0/ports HTTP/1.1" status: 201 len: 942 time: 0.4175506 /var/lib/openstack/lib/python3.10/site-packages/pycadf/identifier.py:71: UserWarning: Invalid uuid: neutron. To ensure interoperability, identifiers should be a valid uuid. warnings.warn(('Invalid uuid: %s. To ensure interoperability, '
2026-09-11 06:41:04.265 9 INFO neutron.db.ovn_revision_numbers_db [None req-a7906c60-52ff-415f-b057-154f9bf88c52 e915aac3d8cf44b5bd14642408eaa706 d5a18636bbbc4419932587742c22c0e5 - - default default] Successfully bumped revision number for resource 7ade9f4b-d142-4440-962c-0d665a83c378 (type: security_group_rules) to 0
2026-09-11 06:41:04.293 9 INFO neutron.db.ovn_revision_numbers_db [None req-a7906c60-52ff-415f-b057-154f9bf88c52 e915aac3d8cf44b5bd14642408eaa706 d5a18636bbbc4419932587742c22c0e5 - - default default] Successfully bumped revision number for resource d978a53b-8158-43fc-90d6-060dc4d88b5c (type: security_group_rules) to 0
2026-09-11 06:41:04.297 10 INFO neutron.wsgi [None req-6199b3b9-db05-4988-b1ea-bb7fd186e72c 0b3b67e4a08d4b65884316ad36d6bab6 09675c5fb53e477eb16e1da130c48550 - - default default] 10.0.0.148 "PUT /v2.0/ports/83158d64-7682-4d68-9b93-221bfc5e2826/tags HTTP/1.1" status: 200 len: 210 time: 0.0465181
2026-09-11 06:41:04.310 9 INFO neutron.db.ovn_revision_numbers_db [None req-a7906c60-52ff-415f-b057-154f9bf88c52 e915aac3d8cf44b5bd14642408eaa706 d5a18636bbbc4419932587742c22c0e5 - - default default] Successfully bumped revision number for resource f0ca990a-6d2c-43d0-94a5-8d67a00cbe48 (type: security_group_rules) to 0
2026-09-11 06:41:04.321 9 INFO neutron.db.ovn_revision_numbers_db [None req-152a3724-0546-47c9-9d80-04f0c556738d - - - - - -] Successfully bumped revision number for resource a98353d1-eafc-4512-b3ef-27870679bb82 (type: ports) to 2
2026-09-11 06:41:04.364 9 INFO neutron.wsgi [None req-a7906c60-52ff-415f-b057-154f9bf88c52 e915aac3d8cf44b5bd14642408eaa706 d5a18636bbbc4419932587742c22c0e5 - - default default] 10.0.0.148 "GET /v2.0/security-groups?tenant_id=0658306ad2df4b1899e4d0e0bc09fe0b&name=default HTTP/1.1" status: 200 len: 2996 time: 0.3478513
2026-09-11 06:41:04.370 9 INFO neutron.wsgi [None req-f3d3cad9-c158-4b02-b11c-01c1226d6cc8 0b3b67e4a08d4b65884316ad36d6bab6 09675c5fb53e477eb16e1da130c48550 - - default default] 10.0.0.148 "PUT /v2.0/ports/16a04bb6-4ccb-432e-8e84-0406bcd3c305/tags HTTP/1.1" status: 200 len: 218 time: 0.0661485
2026-09-11 06:41:04.418 9 INFO neutron.wsgi [None req-6e3ccc4e-ead7-4732-aa13-e9b536cdff87 0b3b67e4a08d4b65884316ad36d6bab6 09675c5fb53e477eb16e1da130c48550 - - default default] 10.0.0.148 "PUT /v2.0/ports/bce8236e-2074-4ff2-a091-aedfd2bbffa0/tags HTTP/1.1" status: 200 len: 227 time: 0.0438166
2026-09-11 06:41:04.498 9 INFO neutron.db.ovn_revision_numbers_db [None req-152a3724-0546-47c9-9d80-04f0c556738d - - - - - -] Successfully bumped revision number for resource a98353d1-eafc-4512-b3ef-27870679bb82 (type: router_ports) to 2
2026-09-11 06:41:04.528 10 INFO neutron.wsgi [None req-632c2807-d03f-40f7-b2b3-d19979e960c3 0b3b67e4a08d4b65884316ad36d6bab6 09675c5fb53e477eb16e1da130c48550 - - default default] 10.0.0.148 "PUT /v2.0/ports/95fb51ac-bc70-4401-9618-89bb9b132f2a/tags HTTP/1.1" status: 200 len: 212 time: 0.0915608
2026-09-11 06:41:04.680 9 INFO neutron.wsgi [None req-af4da65b-3a71-4414-98c1-25ab5ab887b1 0b3b67e4a08d4b65884316ad36d6bab6 09675c5fb53e477eb16e1da130c48550 - - default default] 10.0.0.148 "GET /v2.0/ports?tags=red HTTP/1.1" status: 200 len: 2448 time: 0.1417029
2026-09-11 06:41:04.728 9 INFO neutron.wsgi [None req-1a021c6c-ea59-4220-aedb-3fc31cae3cc4 0b3b67e4a08d4b65884316ad36d6bab6 09675c5fb53e477eb16e1da130c48550 - - default default] 10.0.0.148 "GET /v2.0/ports?tags=red%2Cblue HTTP/1.1" status: 200 len: 1708 time: 0.0429955
2026-09-11 06:41:04.736 10 INFO neutron.wsgi [None req-01f9077e-b76d-4075-b73f-8d92d441bd58 e915aac3d8cf44b5bd14642408eaa706 d5a18636bbbc4419932587742c22c0e5 - - default default] 10.0.0.148 "DELETE /v2.0/security-groups/a7f2f1d7-4668-468a-8f05-52e2504d69ab HTTP/1.1" status: 204 len: 168 time: 0.3667686
2026-09-11 06:41:04.777 9 INFO neutron.wsgi [None req-5ec3b538-04f3-4728-8539-c6515937aa11 0b3b67e4a08d4b65884316ad36d6bab6 09675c5fb53e477eb16e1da130c48550 - - default default] 10.0.0.148 "GET /v2.0/ports?tags-any=blue HTTP/1.1" status: 200 len: 1708 time: 0.0447626
2026-09-11 06:41:04.996 10 INFO neutron.db.ovn_revision_numbers_db [None req-76ed7215-71c4-4335-bc8a-1739664acfed e915aac3d8cf44b5bd14642408eaa706 d5a18636bbbc4419932587742c22c0e5 - - default default] Successfully bumped revision number for resource a98353d1-eafc-4512-b3ef-27870679bb82 (type: router_ports) to 2
2026-09-11 06:41:04.999 10 INFO neutron.wsgi [None req-76ed7215-71c4-4335-bc8a-1739664acfed e915aac3d8cf44b5bd14642408eaa706 d5a18636bbbc4419932587742c22c0e5 - - default default] 10.0.0.148 "PUT /v2.0/routers/66e812dc-b38b-4542-ac91-f64e807048b1/add_router_interface HTTP/1.1" status: 200 len: 503 time: 2.4716480
2026-09-11 06:41:05.004 10 INFO neutron.wsgi [-] 10.0.0.199 "GET / HTTP/1.1" status: 200 len: 246 time: 0.0019443
2026-09-11 06:41:05.006 10 INFO neutron.wsgi [-] 10.0.0.199 "GET / HTTP/1.1" status: 200 len: 246 time: 0.0011320
2026-09-11 06:41:05.014 9 INFO neutron.wsgi [None req-a3f0a5a9-a3e5-410c-a8f5-c70618c889d5 0b3b67e4a08d4b65884316ad36d6bab6 09675c5fb53e477eb16e1da130c48550 - - default default] 10.0.0.148 "GET /v2.0/ports?tags-any=red%2Cblue HTTP/1.1" status: 200 len: 2448 time: 0.2273126
2026-09-11 06:41:05.139 9 INFO neutron.wsgi [None req-00341390-1a9b-4cd6-87f1-2d09ca8b32f8 0b3b67e4a08d4b65884316ad36d6bab6 09675c5fb53e477eb16e1da130c48550 - - default default] 10.0.0.148 "GET /v2.0/ports?not-tags=red HTTP/1.1" status: 200 len: 5463 time: 0.1124938
2026-09-11 06:41:05.234 9 INFO neutron.wsgi [None req-1c091180-9dc8-4b03-ab04-b00724e2e43b 0b3b67e4a08d4b65884316ad36d6bab6 09675c5fb53e477eb16e1da130c48550 - - default default] 10.0.0.148 "GET /v2.0/ports?not-tags=red%2Cblue HTTP/1.1" status: 200 len: 6203 time: 0.0907650
2026-09-11 06:41:05.305 9 INFO neutron.wsgi [None req-d8bb9eed-32d3-4fa4-83c1-17baa3d48f4b 0b3b67e4a08d4b65884316ad36d6bab6 09675c5fb53e477eb16e1da130c48550 - - default default] 10.0.0.148 "GET /v2.0/ports?not-tags-any=blue HTTP/1.1" status: 200 len: 6203 time: 0.0570934
2026-09-11 06:41:05.353 9 INFO neutron.wsgi [None req-b511afa1-dce3-4b61-ab22-714cc09bfcc0 0b3b67e4a08d4b65884316ad36d6bab6 09675c5fb53e477eb16e1da130c48550 - - default default] 10.0.0.148 "GET /v2.0/ports?not-tags-any=red%2Cblue HTTP/1.1" status: 200 len: 5463 time: 0.0435355
2026-09-11 06:41:05.551 9 INFO neutron.wsgi [None req-dae4479f-c43c-45cd-8a5f-25005d53eab7 0b3b67e4a08d4b65884316ad36d6bab6 09675c5fb53e477eb16e1da130c48550 - - default default] 10.0.0.148 "DELETE /v2.0/ports/83158d64-7682-4d68-9b93-221bfc5e2826 HTTP/1.1" status: 204 len: 168 time: 0.1893003
2026-09-11 06:41:05.843 9 INFO neutron.wsgi [None req-b2736ac0-46c0-4538-82a0-b0f72c7651bb 0b3b67e4a08d4b65884316ad36d6bab6 09675c5fb53e477eb16e1da130c48550 - - default default] 10.0.0.148 "DELETE /v2.0/ports/16a04bb6-4ccb-432e-8e84-0406bcd3c305 HTTP/1.1" status: 204 len: 168 time: 0.2865899
2026-09-11 06:41:05.858 10 INFO neutron.db.ovn_revision_numbers_db [None req-727752b4-6a74-4e39-9893-41e4af954206 80c6bb2e1edc4e01b1c3ea12d3069372 c33c39a2bc9745e581b16e35759da8c3 - - default default] Successfully bumped revision number for resource f8c95cdb-6774-469a-b43a-68c402343b67 (type: security_groups) to 1
2026-09-11 06:41:05.883 10 INFO neutron.db.ovn_revision_numbers_db [None req-727752b4-6a74-4e39-9893-41e4af954206 80c6bb2e1edc4e01b1c3ea12d3069372 c33c39a2bc9745e581b16e35759da8c3 - - default default] Successfully bumped revision number for resource 81592a42-d0ae-487b-84cc-f6c13beb11e6 (type: security_group_rules) to 0
2026-09-11 06:41:05.911 10 INFO neutron.db.ovn_revision_numbers_db [None req-727752b4-6a74-4e39-9893-41e4af954206 80c6bb2e1edc4e01b1c3ea12d3069372 c33c39a2bc9745e581b16e35759da8c3 - - default default] Successfully bumped revision number for resource f55b26dc-9273-4163-9247-b6c4eb06f313 (type: security_group_rules) to 0
2026-09-11 06:41:05.950 10 INFO neutron.wsgi [None req-727752b4-6a74-4e39-9893-41e4af954206 80c6bb2e1edc4e01b1c3ea12d3069372 c33c39a2bc9745e581b16e35759da8c3 - - default default] 10.0.0.148 "POST /v2.0/security-groups HTTP/1.1" status: 201 len: 1809 time: 0.2388725
2026-09-11 06:41:06.038 9 WARNING neutron.scheduler.dhcp_agent_scheduler [None req-22b6f99d-733f-4b58-a4fb-3491dd4be131 b53d946b1d1d4809b820d3599dd214e4 3608ae69711f4514933e9b97f7d77598 - - default default] No more DHCP agents
2026-09-11 06:41:06.042 9 WARNING neutron.api.rpc.agentnotifiers.dhcp_rpc_agent_api [None req-22b6f99d-733f-4b58-a4fb-3491dd4be131 b53d946b1d1d4809b820d3599dd214e4 3608ae69711f4514933e9b97f7d77598 - - default default] Unable to schedule network e871f3f8-9325-4ec8-89b9-e381e1782448: no agents available; will retry on subsequent port and subnet creation events.
2026-09-11 06:41:06.070 10 INFO neutron.db.ovn_revision_numbers_db [None req-e0cf1711-7eba-440b-9701-463be5d3ec03 80c6bb2e1edc4e01b1c3ea12d3069372 c33c39a2bc9745e581b16e35759da8c3 - - default default] Successfully bumped revision number for resource 1e945de4-ea5c-47c4-8dfb-b73e9e4ee6e9 (type: security_group_rules) to 0
2026-09-11 06:41:06.095 10 INFO neutron.wsgi [None req-e0cf1711-7eba-440b-9701-463be5d3ec03 80c6bb2e1edc4e01b1c3ea12d3069372 c33c39a2bc9745e581b16e35759da8c3 - - default default] 10.0.0.148 "POST /v2.0/security-group-rules HTTP/1.1" status: 201 len: 764 time: 0.1396756
2026-09-11 06:41:06.164 9 INFO neutron.wsgi [None req-2573493f-290c-4921-834b-de79befdd585 0b3b67e4a08d4b65884316ad36d6bab6 09675c5fb53e477eb16e1da130c48550 - - default default] 10.0.0.148 "DELETE /v2.0/ports/bce8236e-2074-4ff2-a091-aedfd2bbffa0 HTTP/1.1" status: 204 len: 168 time: 0.3118052
2026-09-11 06:41:06.267 10 INFO neutron.db.ovn_revision_numbers_db [None req-3d5d6a19-9189-4b07-8cd8-ccacf294f411 80c6bb2e1edc4e01b1c3ea12d3069372 c33c39a2bc9745e581b16e35759da8c3 - - default default] Successfully bumped revision number for resource 6f965d77-6935-494b-8503-3399884167a7 (type: security_group_rules) to 0
2026-09-11 06:41:06.305 10 INFO neutron.wsgi [None req-3d5d6a19-9189-4b07-8cd8-ccacf294f411 80c6bb2e1edc4e01b1c3ea12d3069372 c33c39a2bc9745e581b16e35759da8c3 - - default default] 10.0.0.148 "POST /v2.0/security-group-rules HTTP/1.1" status: 201 len: 763 time: 0.2038567
2026-09-11 06:41:06.359 9 INFO neutron.db.ovn_revision_numbers_db [None req-22b6f99d-733f-4b58-a4fb-3491dd4be131 b53d946b1d1d4809b820d3599dd214e4 3608ae69711f4514933e9b97f7d77598 - - default default] Successfully bumped revision number for resource 86670ca0-aa26-478c-9869-6de2e729b3df (type: floatingips) to 0
2026-09-11 06:41:06.373 9 INFO neutron.wsgi [None req-22b6f99d-733f-4b58-a4fb-3491dd4be131 b53d946b1d1d4809b820d3599dd214e4 3608ae69711f4514933e9b97f7d77598 - - default default] 10.0.0.148 "POST /v2.0/floatingips HTTP/1.1" status: 201 len: 751 time: 0.8569126
2026-09-11 06:41:06.391 10 INFO neutron.wsgi [None req-d53957ab-e203-4047-baab-9c5325a84b33 0b3b67e4a08d4b65884316ad36d6bab6 09675c5fb53e477eb16e1da130c48550 - - default default] 10.0.0.148 "DELETE /v2.0/ports/95fb51ac-bc70-4401-9618-89bb9b132f2a HTTP/1.1" status: 204 len: 168 time: 0.2190332
2026-09-11 06:41:06.421 9 INFO neutron.db.ovn_revision_numbers_db [None req-afcf92aa-5fcb-43a7-9c8e-6bf0fc31471f 80c6bb2e1edc4e01b1c3ea12d3069372 c33c39a2bc9745e581b16e35759da8c3 - - default default] Successfully bumped revision number for resource 1650d096-d8fa-4b68-8078-89484566e23f (type: security_group_rules) to 0
2026-09-11 06:41:06.438 9 INFO neutron.wsgi [None req-afcf92aa-5fcb-43a7-9c8e-6bf0fc31471f 80c6bb2e1edc4e01b1c3ea12d3069372 c33c39a2bc9745e581b16e35759da8c3 - - default default] 10.0.0.148 "POST /v2.0/security-group-rules HTTP/1.1" status: 201 len: 769 time: 0.1277537
2026-09-11 06:41:06.530 9 INFO neutron.db.ovn_revision_numbers_db [None req-f1f17923-8efa-41d2-94e6-13880273de10 80c6bb2e1edc4e01b1c3ea12d3069372 c33c39a2bc9745e581b16e35759da8c3 - - default default] Successfully bumped revision number for resource 277f93a7-828a-4cba-bf86-56202811ce10 (type: security_group_rules) to 0
2026-09-11 06:41:06.548 9 INFO neutron.wsgi [None req-f1f17923-8efa-41d2-94e6-13880273de10 80c6bb2e1edc4e01b1c3ea12d3069372 c33c39a2bc9745e581b16e35759da8c3 - - default default] 10.0.0.148 "POST /v2.0/security-group-rules HTTP/1.1" status: 201 len: 768 time: 0.1053138
2026-09-11 06:41:06.573 9 INFO neutron.db.securitygroups_db [None req-9014ef42-8948-4c5a-9ace-a7ccddf9aab3 80c6bb2e1edc4e01b1c3ea12d3069372 c33c39a2bc9745e581b16e35759da8c3 - - default default] Project c33c39a2bc9745e581b16e35759da8c3 added a security group rule with legacy IPv6 ICMP protocol name icmp, ipv6-icmp should be used instead. It was automatically converted.
2026-09-11 06:41:06.648 10 INFO neutron.wsgi [None req-10cbcbc8-a332-492d-be19-98a99cae94de 0b3b67e4a08d4b65884316ad36d6bab6 09675c5fb53e477eb16e1da130c48550 - - default default] 10.0.0.148 "DELETE /v2.0/ports/f816a5f1-49c8-4a32-9a9d-c5943b2e8106 HTTP/1.1" status: 204 len: 168 time: 0.2526550
2026-09-11 06:41:06.654 9 INFO neutron.db.ovn_revision_numbers_db [None req-9014ef42-8948-4c5a-9ace-a7ccddf9aab3 80c6bb2e1edc4e01b1c3ea12d3069372 c33c39a2bc9745e581b16e35759da8c3 - - default default] Successfully bumped revision number for resource 46ae02fb-4cb8-4e38-9bc9-f2d58959001e (type: security_group_rules) to 0
2026-09-11 06:41:06.671 9 INFO neutron.wsgi [None req-9014ef42-8948-4c5a-9ace-a7ccddf9aab3 80c6bb2e1edc4e01b1c3ea12d3069372 c33c39a2bc9745e581b16e35759da8c3 - - default default] 10.0.0.148 "POST /v2.0/security-group-rules HTTP/1.1" status: 201 len: 774 time: 0.1180367
2026-09-11 06:41:06.680 10 WARNING neutron.scheduler.dhcp_agent_scheduler [None req-ac580fcc-8396-410e-b9f5-2b31a22d7661 b53d946b1d1d4809b820d3599dd214e4 3608ae69711f4514933e9b97f7d77598 - - default default] No more DHCP agents
2026-09-11 06:41:06.689 10 WARNING neutron.api.rpc.agentnotifiers.dhcp_rpc_agent_api [None req-ac580fcc-8396-410e-b9f5-2b31a22d7661 b53d946b1d1d4809b820d3599dd214e4 3608ae69711f4514933e9b97f7d77598 - - default default] Unable to schedule network e871f3f8-9325-4ec8-89b9-e381e1782448: no agents available; will retry on subsequent port and subnet creation events.
2026-09-11 06:41:06.693 9 INFO neutron.db.securitygroups_db [None req-7f7429cc-b324-4bf2-b84a-609d53f2ad21 80c6bb2e1edc4e01b1c3ea12d3069372 c33c39a2bc9745e581b16e35759da8c3 - - default default] Project c33c39a2bc9745e581b16e35759da8c3 added a security group rule with legacy IPv6 ICMP protocol name icmp, ipv6-icmp should be used instead. It was automatically converted.
2026-09-11 06:41:06.776 9 INFO neutron.db.ovn_revision_numbers_db [None req-7f7429cc-b324-4bf2-b84a-609d53f2ad21 80c6bb2e1edc4e01b1c3ea12d3069372 c33c39a2bc9745e581b16e35759da8c3 - - default default] Successfully bumped revision number for resource 0e2d4c8e-9ab2-4eb9-a202-72cd4d51815c (type: security_group_rules) to 0
2026-09-11 06:41:06.796 9 INFO neutron.wsgi [None req-7f7429cc-b324-4bf2-b84a-609d53f2ad21 80c6bb2e1edc4e01b1c3ea12d3069372 c33c39a2bc9745e581b16e35759da8c3 - - default default] 10.0.0.148 "POST /v2.0/security-group-rules HTTP/1.1" status: 201 len: 773 time: 0.1201773
2026-09-11 06:41:07.086 10 INFO neutron.services.segments.plugin [-] Segment 14b51488-8419-41bd-806b-85e3c16ce825 resource provider aggregate not found
2026-09-11 06:41:07.091 10 INFO neutron.services.segments.plugin [-] Segment 14b51488-8419-41bd-806b-85e3c16ce825 resource provider aggregate not found
2026-09-11 06:41:07.113 10 INFO neutron.services.segments.plugin [-] Segment 14b51488-8419-41bd-806b-85e3c16ce825 resource provider not found; error: Placement Client Error (4xx): {"errors": [{"status": 404, "title": "Not Found", "detail": "The resource could not be found.\n\n No resource provider with uuid 14b51488-8419-41bd-806b-85e3c16ce825 found for delete ", "request_id": "req-46119952-6df3-4bca-8f8b-d65231b981b2"}]}
2026-09-11 06:41:07.113 10 INFO neutron.services.segments.plugin [-] Segment 14b51488-8419-41bd-806b-85e3c16ce825 resource provider not found; error: Placement Client Error (4xx): {"errors": [{"status": 404, "title": "Not Found", "detail": "The resource could not be found.\n\n No resource provider with uuid 14b51488-8419-41bd-806b-85e3c16ce825 found for delete ", "request_id": "req-f6cc2126-5ea5-47e4-a4dd-033b8c305ab1"}]}
2026-09-11 06:41:07.131 10 INFO neutron.wsgi [None req-1ee69528-92d7-4d67-a462-3df854437ef9 0b3b67e4a08d4b65884316ad36d6bab6 09675c5fb53e477eb16e1da130c48550 - - default default] 10.0.0.148 "DELETE /v2.0/networks/f99dc8e4-05cf-4cf3-87e0-767d221e6650 HTTP/1.1" status: 204 len: 168 time: 0.4768095
2026-09-11 06:41:07.135 10 INFO neutron.db.ovn_revision_numbers_db [None req-ac580fcc-8396-410e-b9f5-2b31a22d7661 b53d946b1d1d4809b820d3599dd214e4 3608ae69711f4514933e9b97f7d77598 - - default default] Successfully bumped revision number for resource fda6ed2a-8f80-40a7-b649-c8d7a44fce9c (type: floatingips) to 0
2026-09-11 06:41:07.149 10 INFO neutron.wsgi [None req-ac580fcc-8396-410e-b9f5-2b31a22d7661 b53d946b1d1d4809b820d3599dd214e4 3608ae69711f4514933e9b97f7d77598 - - default default] 10.0.0.148 "POST /v2.0/floatingips HTTP/1.1" status: 201 len: 751 time: 0.7681360
2026-09-11 06:41:07.363 10 WARNING neutron.scheduler.dhcp_agent_scheduler [None req-664745cf-22e1-472d-83cc-8ad8a0a95a51 b53d946b1d1d4809b820d3599dd214e4 3608ae69711f4514933e9b97f7d77598 - - default default] No more DHCP agents
2026-09-11 06:41:07.365 10 WARNING neutron.api.rpc.agentnotifiers.dhcp_rpc_agent_api [None req-664745cf-22e1-472d-83cc-8ad8a0a95a51 b53d946b1d1d4809b820d3599dd214e4 3608ae69711f4514933e9b97f7d77598 - - default default] Unable to schedule network e871f3f8-9325-4ec8-89b9-e381e1782448: no agents available; will retry on subsequent port and subnet creation events.
2026-09-11 06:41:07.373 9 INFO neutron.db.ovn_revision_numbers_db [None req-6a703939-57ab-47bd-bbb3-5565a27250bf 80c6bb2e1edc4e01b1c3ea12d3069372 c33c39a2bc9745e581b16e35759da8c3 - - default default] Successfully bumped revision number for resource bb40fe9b-e707-4635-b638-e754d65762ce (type: security_groups) to 1
2026-09-11 06:41:07.389 9 INFO neutron.db.ovn_revision_numbers_db [None req-6a703939-57ab-47bd-bbb3-5565a27250bf 80c6bb2e1edc4e01b1c3ea12d3069372 c33c39a2bc9745e581b16e35759da8c3 - - default default] Successfully bumped revision number for resource 55521de4-8f05-487e-9fd2-2216e3d14a79 (type: security_group_rules) to 0
2026-09-11 06:41:07.409 9 INFO neutron.db.ovn_revision_numbers_db [None req-6a703939-57ab-47bd-bbb3-5565a27250bf 80c6bb2e1edc4e01b1c3ea12d3069372 c33c39a2bc9745e581b16e35759da8c3 - - default default] Successfully bumped revision number for resource 7903edc2-1d23-4fa8-a3bd-ae396e929801 (type: security_group_rules) to 0
2026-09-11 06:41:07.430 9 INFO neutron.wsgi [None req-6a703939-57ab-47bd-bbb3-5565a27250bf 80c6bb2e1edc4e01b1c3ea12d3069372 c33c39a2bc9745e581b16e35759da8c3 - - default default] 10.0.0.148 "POST /v2.0/security-groups HTTP/1.1" status: 201 len: 1796 time: 0.1898551
2026-09-11 06:41:07.481 9 INFO neutron.services.segments.plugin [-] Segment 325d7bb7-ea5a-4cb6-a092-4ebe46385c51 resource provider aggregate not found
2026-09-11 06:41:07.486 9 INFO neutron.services.segments.plugin [-] Segment 325d7bb7-ea5a-4cb6-a092-4ebe46385c51 resource provider aggregate not found
2026-09-11 06:41:07.502 9 INFO neutron.services.segments.plugin [-] Segment 325d7bb7-ea5a-4cb6-a092-4ebe46385c51 resource provider not found; error: Placement Client Error (4xx): {"errors": [{"status": 404, "title": "Not Found", "detail": "The resource could not be found.\n\n No resource provider with uuid 325d7bb7-ea5a-4cb6-a092-4ebe46385c51 found for delete ", "request_id": "req-8da31212-255d-484b-8981-f4e7ef0c2a0f"}]}
2026-09-11 06:41:07.504 9 INFO neutron.services.segments.plugin [-] Segment 325d7bb7-ea5a-4cb6-a092-4ebe46385c51 resource provider not found; error: Placement Client Error (4xx): {"errors": [{"status": 404, "title": "Not Found", "detail": "The resource could not be found.\n\n No resource provider with uuid 325d7bb7-ea5a-4cb6-a092-4ebe46385c51 found for delete ", "request_id": "req-367be58b-1f79-401b-9e6e-df6ab0248da1"}]}
2026-09-11 06:41:07.522 9 INFO neutron.wsgi [None req-1fe9fb85-26a0-40a4-9325-a8998519c8c4 0b3b67e4a08d4b65884316ad36d6bab6 09675c5fb53e477eb16e1da130c48550 - - default default] 10.0.0.148 "DELETE /v2.0/networks/bc81fadb-bd1a-4d98-920a-fe7c5c699cdb HTTP/1.1" status: 204 len: 168 time: 0.3840899
2026-09-11 06:41:07.830 10 INFO neutron.db.ovn_revision_numbers_db [None req-d87f4a8a-3189-4ed4-8c79-36b11b0ef588 80c6bb2e1edc4e01b1c3ea12d3069372 c33c39a2bc9745e581b16e35759da8c3 - - default default] Successfully bumped revision number for resource 6264b3d3-6a50-4d78-870f-2a98098928bc (type: security_group_rules) to 0
2026-09-11 06:41:07.856 9 INFO neutron.wsgi [None req-3b3d0eaf-76cb-4a9e-95cd-2db7d43644d7 0b3b67e4a08d4b65884316ad36d6bab6 09675c5fb53e477eb16e1da130c48550 - - default default] 10.0.0.148 "DELETE /v2.0/networks/7ecf5976-e160-40c0-97c1-2755f87c6f69 HTTP/1.1" status: 204 len: 168 time: 0.3213763
2026-09-11 06:41:07.873 10 INFO neutron.wsgi [None req-d87f4a8a-3189-4ed4-8c79-36b11b0ef588 80c6bb2e1edc4e01b1c3ea12d3069372 c33c39a2bc9745e581b16e35759da8c3 - - default default] 10.0.0.148 "POST /v2.0/security-group-rules HTTP/1.1" status: 201 len: 764 time: 0.4372480
2026-09-11 06:41:07.917 10 INFO neutron.db.ovn_revision_numbers_db [None req-664745cf-22e1-472d-83cc-8ad8a0a95a51 b53d946b1d1d4809b820d3599dd214e4 3608ae69711f4514933e9b97f7d77598 - - default default] Successfully bumped revision number for resource 3ed91a19-8b38-4c5c-bf47-326ac2b70190 (type: floatingips) to 0
2026-09-11 06:41:07.935 10 INFO neutron.wsgi [None req-664745cf-22e1-472d-83cc-8ad8a0a95a51 b53d946b1d1d4809b820d3599dd214e4 3608ae69711f4514933e9b97f7d77598 - - default default] 10.0.0.148 "POST /v2.0/floatingips HTTP/1.1" status: 201 len: 751 time: 0.7816715
2026-09-11 06:41:08.041 10 INFO neutron.db.ovn_revision_numbers_db [None req-93114e23-e364-4687-8600-997f31d42447 80c6bb2e1edc4e01b1c3ea12d3069372 c33c39a2bc9745e581b16e35759da8c3 - - default default] Successfully bumped revision number for resource a65dd2ef-5dd9-47a6-b607-dab5f7980e58 (type: security_group_rules) to 0
2026-09-11 06:41:08.068 10 INFO neutron.wsgi [None req-93114e23-e364-4687-8600-997f31d42447 80c6bb2e1edc4e01b1c3ea12d3069372 c33c39a2bc9745e581b16e35759da8c3 - - default default] 10.0.0.148 "POST /v2.0/security-group-rules HTTP/1.1" status: 201 len: 769 time: 0.1892149
2026-09-11 06:41:08.335 10 WARNING neutron.scheduler.dhcp_agent_scheduler [None req-701f1a57-c7e4-4ec0-8f49-1d7fd5346436 80c6bb2e1edc4e01b1c3ea12d3069372 c33c39a2bc9745e581b16e35759da8c3 - - default default] No more DHCP agents
2026-09-11 06:41:08.337 10 WARNING neutron.api.rpc.agentnotifiers.dhcp_rpc_agent_api [None req-701f1a57-c7e4-4ec0-8f49-1d7fd5346436 80c6bb2e1edc4e01b1c3ea12d3069372 c33c39a2bc9745e581b16e35759da8c3 - - default default] Unable to schedule network e871f3f8-9325-4ec8-89b9-e381e1782448: no agents available; will retry on subsequent port and subnet creation events.
2026-09-11 06:41:08.517 9 WARNING neutron.scheduler.dhcp_agent_scheduler [None req-995e11a3-e068-476c-841a-5a341a5a6045 b53d946b1d1d4809b820d3599dd214e4 3608ae69711f4514933e9b97f7d77598 - - default default] No more DHCP agents
2026-09-11 06:41:08.519 9 WARNING neutron.api.rpc.agentnotifiers.dhcp_rpc_agent_api [None req-995e11a3-e068-476c-841a-5a341a5a6045 b53d946b1d1d4809b820d3599dd214e4 3608ae69711f4514933e9b97f7d77598 - - default default] Unable to schedule network e871f3f8-9325-4ec8-89b9-e381e1782448: no agents available; will retry on subsequent port and subnet creation events.
2026-09-11 06:41:08.535 9 INFO neutron.wsgi [None req-e5273770-480b-4221-bd7c-a396b5085144 0b3b67e4a08d4b65884316ad36d6bab6 09675c5fb53e477eb16e1da130c48550 - - default default] 10.0.0.148 "DELETE /v2.0/networks/9a6535c1-5ecb-421c-8837-291b4301fb16 HTTP/1.1" status: 204 len: 168 time: 0.6721101
2026-09-11 06:41:08.668 10 INFO neutron.db.ovn_revision_numbers_db [None req-701f1a57-c7e4-4ec0-8f49-1d7fd5346436 80c6bb2e1edc4e01b1c3ea12d3069372 c33c39a2bc9745e581b16e35759da8c3 - - default default] Successfully bumped revision number for resource d05de7f8-7fc6-48c7-96d2-0223f4cdc38d (type: floatingips) to 0
2026-09-11 06:41:08.690 10 INFO neutron.wsgi [None req-701f1a57-c7e4-4ec0-8f49-1d7fd5346436 80c6bb2e1edc4e01b1c3ea12d3069372 c33c39a2bc9745e581b16e35759da8c3 - - default default] 10.0.0.148 "POST /v2.0/floatingips HTTP/1.1" status: 201 len: 751 time: 0.6043952
2026-09-11 06:41:08.820 9 INFO neutron.wsgi [req-9eb5f726-2bce-4805-b389-57a009b22b8a req-03ec6833-0f6f-4f0b-9140-4303bc66886f 80c6bb2e1edc4e01b1c3ea12d3069372 c33c39a2bc9745e581b16e35759da8c3 - - default default] 10.0.0.159 "GET /v2.0/security-groups?name=tempest-secgroup-smoke-943996668&fields=id&tenant_id=c33c39a2bc9745e581b16e35759da8c3 HTTP/1.1" status: 200 len: 267 time: 0.0653722
2026-09-11 06:41:08.858 9 INFO neutron.wsgi [req-9eb5f726-2bce-4805-b389-57a009b22b8a req-65c4747c-9ecf-483d-ac6e-dae05469e200 80c6bb2e1edc4e01b1c3ea12d3069372 c33c39a2bc9745e581b16e35759da8c3 - - default default] 10.0.0.159 "GET /v2.0/security-groups?name=tempest-securitygroup--836776310&fields=id&tenant_id=c33c39a2bc9745e581b16e35759da8c3 HTTP/1.1" status: 200 len: 267 time: 0.0307834
2026-09-11 06:41:08.901 9 INFO neutron.db.ovn_revision_numbers_db [None req-995e11a3-e068-476c-841a-5a341a5a6045 b53d946b1d1d4809b820d3599dd214e4 3608ae69711f4514933e9b97f7d77598 - - default default] Successfully bumped revision number for resource 82ec487e-2919-4f78-a9fa-df008cd571d3 (type: floatingips) to 0
