2026-09-11 06:38:30.644 10 INFO neutron.services.segments.plugin [-] Segment 6d7191a3-1f93-4e2a-8716-121991ed224b resource provider not found; error: Placement Client Error (4xx): {"errors": [{"status": 404, "title": "Not Found", "detail": "The resource could not be found.\n\n No resource provider with uuid 6d7191a3-1f93-4e2a-8716-121991ed224b found for delete ", "request_id": "req-96a9c0a6-ee07-480b-8604-6b1daf6a2eb9"}]}
2026-09-11 06:38:30.650 10 INFO neutron.services.segments.plugin [-] Segment 6d7191a3-1f93-4e2a-8716-121991ed224b resource provider aggregate not found
2026-09-11 06:38:30.680 10 INFO neutron.services.segments.plugin [-] Segment 6d7191a3-1f93-4e2a-8716-121991ed224b resource provider not found; error: Placement Client Error (4xx): {"errors": [{"status": 404, "title": "Not Found", "detail": "The resource could not be found.\n\n No resource provider with uuid 6d7191a3-1f93-4e2a-8716-121991ed224b found for delete ", "request_id": "req-5d87899f-7c1f-4ab0-b14a-ce4d0c7609de"}]}
2026-09-11 06:38:30.684 10 INFO neutron.wsgi [None req-3a85ee09-d57a-44f6-9b7e-e77a4bc6b259 e915aac3d8cf44b5bd14642408eaa706 d5a18636bbbc4419932587742c22c0e5 - - default default] 10.0.0.148 "DELETE /v2.0/networks/9169772f-753b-452b-a525-b5e7dcdc1a1c HTTP/1.1" status: 204 len: 168 time: 0.3272386
2026-09-11 06:38:30.715 9 INFO neutron.wsgi [req-d7c3a1aa-3b79-4ec9-b68d-7fa6e6b8d9ed req-f8149ee9-1d38-4a5f-9d19-1efc892cabfe efe35623479b45798794747db62a1a5c cabec951436a4d0eaec193ce1f9fc389 - - c31d3e9b3c3142cba44307f86026f19a c31d3e9b3c3142cba44307f86026f19a] 162.253.55.75 "GET /v2.0/networks/57a3fd8c-6973-4a07-b6ad-c1b4e308ac39?fields=provider%3Aphysical_network&fields=provider%3Anetwork_type HTTP/1.1" status: 200 len: 277 time: 0.0690084
2026-09-11 06:38:30.900 10 INFO neutron.wsgi [None req-24b02fdc-f423-4b20-8e59-637170620c4d e915aac3d8cf44b5bd14642408eaa706 d5a18636bbbc4419932587742c22c0e5 - - default default] 10.0.0.148 "GET /v2.0/security-groups?tenant_id=f7a9426d4b5d4120a649aa9c38f0d65d&name=default HTTP/1.1" status: 200 len: 2996 time: 0.0500586
2026-09-11 06:38:30.910 10 INFO neutron.plugins.ml2.drivers.ovn.mech_driver.mech_driver [None req-22667b2b-b3d4-4950-9b97-cf9617e86ba2 - - - - - -] OVN reports status down for port: a650b0f7-75f9-474f-a8fd-d0d81d02d780
2026-09-11 06:38:30.962 9 INFO neutron.wsgi [req-aa34448d-1915-46e5-82e6-e4d6b8ff300c req-15a4f987-ebd2-4719-aba1-deed0db9fa6f 18b7e4b4b2c447e39b6eaaa0ce454fec 204b13357d8c481ba4f72bffb13a908b - - default default] 10.0.0.159 "GET /v2.0/ports?device_id=3d3a60cb-0edb-4bc2-be5f-27bb91a3ca91 HTTP/1.1" status: 200 len: 1170 time: 0.0945976
2026-09-11 06:38:31.032 9 INFO neutron.wsgi [req-aa34448d-1915-46e5-82e6-e4d6b8ff300c req-22e04b78-4db9-4bee-8658-6d693be15cac 18b7e4b4b2c447e39b6eaaa0ce454fec 204b13357d8c481ba4f72bffb13a908b - - default default] 10.0.0.159 "GET /v2.0/security-groups?id=a8f4ba68-a8c5-4798-a94e-724e9e2dbfb4&fields=id&fields=name HTTP/1.1" status: 200 len: 313 time: 0.0631924
2026-09-11 06:38:31.039 9 WARNING neutron.scheduler.dhcp_agent_scheduler [None req-53f66051-dd16-44c7-bee5-62519163923d 101cec9be4774453b6e598ee620838ab 8f28f58f94a84e3d89d25eee5aacbcdf - - default default] No more DHCP agents
2026-09-11 06:38:31.040 9 WARNING neutron.api.rpc.agentnotifiers.dhcp_rpc_agent_api [None req-53f66051-dd16-44c7-bee5-62519163923d 101cec9be4774453b6e598ee620838ab 8f28f58f94a84e3d89d25eee5aacbcdf - - default default] Unable to schedule network 6a1dff43-74bb-429b-bdd6-6a602aaa6c97: no agents available; will retry on subsequent port and subnet creation events.
2026-09-11 06:38:31.072 10 INFO neutron.notifiers.nova [-] Nova event matching ['req-83603086-e404-48b4-b701-912db91a8be3'] response: {'server_uuid': '3d3a60cb-0edb-4bc2-be5f-27bb91a3ca91', 'name': 'network-vif-unplugged', 'status': 'completed', 'tag': 'a650b0f7-75f9-474f-a8fd-d0d81d02d780', 'code': 200}
2026-09-11 06:38:31.081 9 INFO neutron.db.ovn_revision_numbers_db [None req-53f66051-dd16-44c7-bee5-62519163923d 101cec9be4774453b6e598ee620838ab 8f28f58f94a84e3d89d25eee5aacbcdf - - default default] Successfully bumped revision number for resource 3a6c0c02-cd28-48ee-ab8a-e5b7e7cfcb97 (type: subnets) to 0
2026-09-11 06:38:31.097 9 INFO neutron.wsgi [None req-53f66051-dd16-44c7-bee5-62519163923d 101cec9be4774453b6e598ee620838ab 8f28f58f94a84e3d89d25eee5aacbcdf - - default default] 10.0.0.148 "POST /v2.0/subnets HTTP/1.1" status: 201 len: 848 time: 0.3328509
2026-09-11 06:38:31.208 10 INFO neutron.wsgi [None req-e86c5342-5478-4d2d-a4d8-530ab88babc9 e915aac3d8cf44b5bd14642408eaa706 d5a18636bbbc4419932587742c22c0e5 - - default default] 10.0.0.148 "DELETE /v2.0/security-groups/ef043551-0d72-4888-9f12-9f075eec5183 HTTP/1.1" status: 204 len: 168 time: 0.2956965
2026-09-11 06:38:31.229 10 INFO neutron.db.segments_db [None req-7d044580-e479-4c38-81db-d4e8b5db1f8d 101cec9be4774453b6e598ee620838ab 8f28f58f94a84e3d89d25eee5aacbcdf - - default default] Added segment 8b6cbe69-d6d6-4e10-8e7c-e3a6b586b393 of type geneve for network 6c0faca4-9468-421a-bc1c-60c363c852a8
2026-09-11 06:38:31.248 10 INFO neutron.db.ovn_revision_numbers_db [None req-22667b2b-b3d4-4950-9b97-cf9617e86ba2 - - - - - -] Successfully bumped revision number for resource a650b0f7-75f9-474f-a8fd-d0d81d02d780 (type: ports) to 7
2026-09-11 06:38:31.370 9 INFO neutron.wsgi [req-8eedf8ef-b316-41e9-9dec-3d88c568e927 req-7c584c51-614a-4a83-ad86-4be9d418b150 18b7e4b4b2c447e39b6eaaa0ce454fec 204b13357d8c481ba4f72bffb13a908b - - default default] 162.253.55.75 "GET /v2.0/ports?device_id=3d3a60cb-0edb-4bc2-be5f-27bb91a3ca91 HTTP/1.1" status: 200 len: 1168 time: 0.0530424
2026-09-11 06:38:31.376 10 INFO neutron.db.ovn_revision_numbers_db [None req-7d044580-e479-4c38-81db-d4e8b5db1f8d 101cec9be4774453b6e598ee620838ab 8f28f58f94a84e3d89d25eee5aacbcdf - - default default] Successfully bumped revision number for resource 6c0faca4-9468-421a-bc1c-60c363c852a8 (type: networks) to 1
2026-09-11 06:38:31.608 10 WARNING neutron.scheduler.dhcp_agent_scheduler [None req-7d044580-e479-4c38-81db-d4e8b5db1f8d 101cec9be4774453b6e598ee620838ab 8f28f58f94a84e3d89d25eee5aacbcdf - - default default] No more DHCP agents
2026-09-11 06:38:31.612 10 WARNING neutron.api.rpc.agentnotifiers.dhcp_rpc_agent_api [None req-7d044580-e479-4c38-81db-d4e8b5db1f8d 101cec9be4774453b6e598ee620838ab 8f28f58f94a84e3d89d25eee5aacbcdf - - default default] Unable to schedule network 6c0faca4-9468-421a-bc1c-60c363c852a8: no agents available; will retry on subsequent port and subnet creation events.
2026-09-11 06:38:31.702 9 INFO neutron.db.l3_db [req-8eedf8ef-b316-41e9-9dec-3d88c568e927 req-93a3327c-21b5-4b11-bbbd-a887273f1371 18b7e4b4b2c447e39b6eaaa0ce454fec 204b13357d8c481ba4f72bffb13a908b - - default default] Floating IP 21d09bcc-b539-48f2-ba65-9d0306a46d98 disassociated. External IP: 10.96.250.214, port: a650b0f7-75f9-474f-a8fd-d0d81d02d780.
2026-09-11 06:38:31.748 10 INFO neutron.db.ovn_revision_numbers_db [None req-7d044580-e479-4c38-81db-d4e8b5db1f8d 101cec9be4774453b6e598ee620838ab 8f28f58f94a84e3d89d25eee5aacbcdf - - default default] Successfully bumped revision number for resource d4e9f253-87ba-4097-b7f8-8c76ba5eebc7 (type: ports) to 1
2026-09-11 06:38:31.779 10 INFO neutron.wsgi [None req-7d044580-e479-4c38-81db-d4e8b5db1f8d 101cec9be4774453b6e598ee620838ab 8f28f58f94a84e3d89d25eee5aacbcdf - - default default] 10.0.0.148 "POST /v2.0/networks HTTP/1.1" status: 201 len: 847 time: 0.6754203 /var/lib/openstack/lib/python3.10/site-packages/pycadf/identifier.py:71: UserWarning: Invalid uuid: neutron. To ensure interoperability, identifiers should be a valid uuid. warnings.warn(('Invalid uuid: %s. To ensure interoperability, '
2026-09-11 06:38:31.829 9 INFO neutron.wsgi [req-8eedf8ef-b316-41e9-9dec-3d88c568e927 req-93a3327c-21b5-4b11-bbbd-a887273f1371 18b7e4b4b2c447e39b6eaaa0ce454fec 204b13357d8c481ba4f72bffb13a908b - - default default] 162.253.55.75 "DELETE /v2.0/ports/a650b0f7-75f9-474f-a8fd-d0d81d02d780 HTTP/1.1" status: 204 len: 173 time: 0.4551935
2026-09-11 06:38:32.029 10 INFO neutron.db.ovn_revision_numbers_db [None req-3d75467a-7561-4b2a-92a2-665d2f1e2fe1 101cec9be4774453b6e598ee620838ab 8f28f58f94a84e3d89d25eee5aacbcdf - - default default] Successfully bumped revision number for resource 6c0faca4-9468-421a-bc1c-60c363c852a8 (type: networks) to 2
2026-09-11 06:38:32.034 10 INFO neutron.wsgi [None req-3d75467a-7561-4b2a-92a2-665d2f1e2fe1 101cec9be4774453b6e598ee620838ab 8f28f58f94a84e3d89d25eee5aacbcdf - - default default] 10.0.0.148 "PUT /v2.0/networks/6c0faca4-9468-421a-bc1c-60c363c852a8 HTTP/1.1" status: 200 len: 792 time: 0.2485738
2026-09-11 06:38:32.165 9 INFO neutron.wsgi [req-db73ad26-8744-4e9f-b727-04597174da16 req-625c4160-60fe-420b-917d-4032edbd87a5 18b7e4b4b2c447e39b6eaaa0ce454fec 204b13357d8c481ba4f72bffb13a908b - - default default] 10.0.0.159 "GET /v2.0/ports?device_id=3d3a60cb-0edb-4bc2-be5f-27bb91a3ca91 HTTP/1.1" status: 200 len: 210 time: 0.0312073
2026-09-11 06:38:32.320 10 WARNING neutron.scheduler.dhcp_agent_scheduler [None req-bcc8fe34-e19c-4bc8-87c8-595472c1d9d8 101cec9be4774453b6e598ee620838ab 8f28f58f94a84e3d89d25eee5aacbcdf - - default default] No more DHCP agents
2026-09-11 06:38:32.323 10 WARNING neutron.api.rpc.agentnotifiers.dhcp_rpc_agent_api [None req-bcc8fe34-e19c-4bc8-87c8-595472c1d9d8 101cec9be4774453b6e598ee620838ab 8f28f58f94a84e3d89d25eee5aacbcdf - - default default] Unable to schedule network 6c0faca4-9468-421a-bc1c-60c363c852a8: no agents available; will retry on subsequent port and subnet creation events.
2026-09-11 06:38:32.350 10 INFO neutron.db.ovn_revision_numbers_db [None req-bcc8fe34-e19c-4bc8-87c8-595472c1d9d8 101cec9be4774453b6e598ee620838ab 8f28f58f94a84e3d89d25eee5aacbcdf - - default default] Successfully bumped revision number for resource cc005874-75e2-453b-8f6a-5a7c80fbd695 (type: subnets) to 0
2026-09-11 06:38:32.362 10 INFO neutron.wsgi [None req-bcc8fe34-e19c-4bc8-87c8-595472c1d9d8 101cec9be4774453b6e598ee620838ab 8f28f58f94a84e3d89d25eee5aacbcdf - - default default] 10.0.0.148 "POST /v2.0/subnets HTTP/1.1" status: 201 len: 821 time: 0.3209293
2026-09-11 06:38:32.365 9 INFO neutron.notifiers.nova [-] Nova event matching ['req-12b4c2ae-a87f-49d1-8e60-b17ddc45ba16'] response: {'server_uuid': '3d3a60cb-0edb-4bc2-be5f-27bb91a3ca91', 'name': 'network-vif-deleted', 'tag': 'a650b0f7-75f9-474f-a8fd-d0d81d02d780', 'status': 'completed', 'code': 200}
2026-09-11 06:38:33.127 10 INFO neutron.notifiers.nova [-] Nova event matching ['req-b91ffce0-0cfd-47f6-91df-242442a15d8b'] response: {'server_uuid': '3d3a60cb-0edb-4bc2-be5f-27bb91a3ca91', 'name': 'network-vif-plugged', 'status': 'completed', 'tag': 'a650b0f7-75f9-474f-a8fd-d0d81d02d780', 'code': 200}
2026-09-11 06:38:33.139 10 INFO neutron.db.ovn_revision_numbers_db [None req-289dbaa2-4f92-429d-bbb2-5afcf594af59 101cec9be4774453b6e598ee620838ab 8f28f58f94a84e3d89d25eee5aacbcdf - - default default] Successfully bumped revision number for resource d4e9f253-87ba-4097-b7f8-8c76ba5eebc7 (type: ports) to 2
2026-09-11 06:38:33.192 10 INFO neutron.db.ovn_revision_numbers_db [None req-289dbaa2-4f92-429d-bbb2-5afcf594af59 101cec9be4774453b6e598ee620838ab 8f28f58f94a84e3d89d25eee5aacbcdf - - default default] Successfully bumped revision number for resource cc005874-75e2-453b-8f6a-5a7c80fbd695 (type: subnets) to 1
2026-09-11 06:38:33.197 10 INFO neutron.wsgi [None req-289dbaa2-4f92-429d-bbb2-5afcf594af59 101cec9be4774453b6e598ee620838ab 8f28f58f94a84e3d89d25eee5aacbcdf - - default default] 10.0.0.148 "PUT /v2.0/subnets/cc005874-75e2-453b-8f6a-5a7c80fbd695 HTTP/1.1" status: 200 len: 826 time: 0.8283560
2026-09-11 06:38:33.408 10 INFO neutron.wsgi [None req-eaa20013-82da-4f33-a47a-a11e15c19c29 18b7e4b4b2c447e39b6eaaa0ce454fec 204b13357d8c481ba4f72bffb13a908b - - default default] 10.0.0.148 "DELETE /v2.0/security-groups/a8f4ba68-a8c5-4798-a94e-724e9e2dbfb4 HTTP/1.1" status: 204 len: 168 time: 0.1422644
2026-09-11 06:38:33.423 10 INFO neutron.api.v2.resource [None req-01dc19c4-3fd0-4bd7-82dd-08d81f12af47 18b7e4b4b2c447e39b6eaaa0ce454fec 204b13357d8c481ba4f72bffb13a908b - - default default] show failed (client error): The resource could not be found.
2026-09-11 06:38:33.424 10 INFO neutron.wsgi [None req-01dc19c4-3fd0-4bd7-82dd-08d81f12af47 18b7e4b4b2c447e39b6eaaa0ce454fec 204b13357d8c481ba4f72bffb13a908b - - default default] 10.0.0.148 "GET /v2.0/security-groups/a8f4ba68-a8c5-4798-a94e-724e9e2dbfb4 HTTP/1.1" status: 404 len: 347 time: 0.0092742
2026-09-11 06:38:33.481 9 INFO neutron.db.ovn_revision_numbers_db [None req-d25fe508-5d30-4087-bde8-6dc42131a172 e915aac3d8cf44b5bd14642408eaa706 d5a18636bbbc4419932587742c22c0e5 - - default default] Successfully bumped revision number for resource ca8c9977-31e6-45c2-ae88-b38e6166f52a (type: security_groups) to 1
2026-09-11 06:38:33.496 9 INFO neutron.db.ovn_revision_numbers_db [None req-d25fe508-5d30-4087-bde8-6dc42131a172 e915aac3d8cf44b5bd14642408eaa706 d5a18636bbbc4419932587742c22c0e5 - - default default] Successfully bumped revision number for resource 95cd12ef-5e40-47a1-885d-0f8e4b0c2558 (type: security_group_rules) to 0
2026-09-11 06:38:33.511 9 INFO neutron.db.ovn_revision_numbers_db [None req-d25fe508-5d30-4087-bde8-6dc42131a172 e915aac3d8cf44b5bd14642408eaa706 d5a18636bbbc4419932587742c22c0e5 - - default default] Successfully bumped revision number for resource 9c0cd29d-2966-481a-9367-11221901b9d6 (type: security_group_rules) to 0
2026-09-11 06:38:33.523 9 INFO neutron.db.ovn_revision_numbers_db [None req-d25fe508-5d30-4087-bde8-6dc42131a172 e915aac3d8cf44b5bd14642408eaa706 d5a18636bbbc4419932587742c22c0e5 - - default default] Successfully bumped revision number for resource c906ceab-5923-4843-8143-29980ba8ab2b (type: security_group_rules) to 0
2026-09-11 06:38:33.540 9 INFO neutron.db.ovn_revision_numbers_db [None req-d25fe508-5d30-4087-bde8-6dc42131a172 e915aac3d8cf44b5bd14642408eaa706 d5a18636bbbc4419932587742c22c0e5 - - default default] Successfully bumped revision number for resource d0449e43-6689-49fb-876c-d27b293bd9f0 (type: security_group_rules) to 0
2026-09-11 06:38:33.616 9 INFO neutron.db.segments_db [None req-d25fe508-5d30-4087-bde8-6dc42131a172 e915aac3d8cf44b5bd14642408eaa706 d5a18636bbbc4419932587742c22c0e5 - - default default] Added segment 03508ea2-a747-4967-a880-aab008c7177b of type geneve for network 099b59c6-32f2-4e7a-ac9c-a48ab94871ed
2026-09-11 06:38:33.724 10 INFO neutron.services.segments.plugin [-] Segment 8b6cbe69-d6d6-4e10-8e7c-e3a6b586b393 resource provider aggregate not found
2026-09-11 06:38:33.743 10 INFO neutron.services.segments.plugin [-] Segment 8b6cbe69-d6d6-4e10-8e7c-e3a6b586b393 resource provider not found; error: Placement Client Error (4xx): {"errors": [{"status": 404, "title": "Not Found", "detail": "The resource could not be found.\n\n No resource provider with uuid 8b6cbe69-d6d6-4e10-8e7c-e3a6b586b393 found for delete ", "request_id": "req-ce8017f0-2f6b-47eb-ade7-7bee94feb0e3"}]}
2026-09-11 06:38:33.744 10 INFO neutron.services.segments.plugin [-] Segment 8b6cbe69-d6d6-4e10-8e7c-e3a6b586b393 resource provider aggregate not found
2026-09-11 06:38:33.758 9 INFO neutron.db.ovn_revision_numbers_db [None req-d25fe508-5d30-4087-bde8-6dc42131a172 e915aac3d8cf44b5bd14642408eaa706 d5a18636bbbc4419932587742c22c0e5 - - default default] Successfully bumped revision number for resource 099b59c6-32f2-4e7a-ac9c-a48ab94871ed (type: networks) to 1
2026-09-11 06:38:33.763 10 INFO neutron.services.segments.plugin [-] Segment 8b6cbe69-d6d6-4e10-8e7c-e3a6b586b393 resource provider not found; error: Placement Client Error (4xx): {"errors": [{"status": 404, "title": "Not Found", "detail": "The resource could not be found.\n\n No resource provider with uuid 8b6cbe69-d6d6-4e10-8e7c-e3a6b586b393 found for delete ", "request_id": "req-2fe9df00-77fc-4d5b-95a2-50ac85836b84"}]}
2026-09-11 06:38:33.769 10 INFO neutron.wsgi [None req-74bf00f5-5561-4154-a3d6-f9b4324a530a 101cec9be4774453b6e598ee620838ab 8f28f58f94a84e3d89d25eee5aacbcdf - - default default] 10.0.0.148 "DELETE /v2.0/networks/6c0faca4-9468-421a-bc1c-60c363c852a8 HTTP/1.1" status: 204 len: 168 time: 0.5665743
2026-09-11 06:38:33.789 10 INFO neutron.pecan_wsgi.hooks.translation [None req-19a7bcae-d1c1-4dee-879e-8e1199dcff27 101cec9be4774453b6e598ee620838ab 8f28f58f94a84e3d89d25eee5aacbcdf - - default default] DELETE failed (client error): The resource could not be found.
2026-09-11 06:38:33.791 10 INFO neutron.wsgi [None req-19a7bcae-d1c1-4dee-879e-8e1199dcff27 101cec9be4774453b6e598ee620838ab 8f28f58f94a84e3d89d25eee5aacbcdf - - default default] 10.0.0.148 "DELETE /v2.0/networks/6c0faca4-9468-421a-bc1c-60c363c852a8 HTTP/1.1" status: 404 len: 339 time: 0.0106840
2026-09-11 06:38:33.793 10 INFO neutron.wsgi [None req-a2d84858-c8c5-4325-9acd-80eccdd2d9d3 18b7e4b4b2c447e39b6eaaa0ce454fec 204b13357d8c481ba4f72bffb13a908b - - default default] 10.0.0.148 "DELETE /v2.0/floatingips/21d09bcc-b539-48f2-ba65-9d0306a46d98 HTTP/1.1" status: 204 len: 168 time: 0.3653278
2026-09-11 06:38:33.871 9 INFO neutron.wsgi [req-a0697bb6-3da3-4f0e-9ceb-2239959d3637 req-c0935d27-029f-492c-a2c8-b41305af345c efe35623479b45798794747db62a1a5c cabec951436a4d0eaec193ce1f9fc389 - - c31d3e9b3c3142cba44307f86026f19a c31d3e9b3c3142cba44307f86026f19a] 162.253.55.75 "GET /v2.0/ports?device_id=fbf39608-8714-4413-8d96-318778a160fb&fields=binding%3Ahost_id&fields=binding%3Avif_type HTTP/1.1" status: 200 len: 265 time: 0.0788844
2026-09-11 06:38:33.883 10 INFO neutron.wsgi [None req-d3e82770-60c0-40ac-9acd-e7c0e0f856d9 101cec9be4774453b6e598ee620838ab 8f28f58f94a84e3d89d25eee5aacbcdf - - default default] 10.0.0.148 "GET /v2.0/networks?router%3Aexternal=True HTTP/1.1" status: 200 len: 845 time: 0.0838346
2026-09-11 06:38:33.947 10 INFO neutron.wsgi [None req-86dd6bd1-7901-4119-94cc-18797dc0c7f2 101cec9be4774453b6e598ee620838ab 8f28f58f94a84e3d89d25eee5aacbcdf - - default default] 10.0.0.148 "GET /v2.0/subnets?network_id=e871f3f8-9325-4ec8-89b9-e381e1782448 HTTP/1.1" status: 200 len: 820 time: 0.0521448
2026-09-11 06:38:33.958 10 INFO neutron.wsgi [None req-f4eb1c6b-0b95-408c-a6e5-87a154d97f61 101cec9be4774453b6e598ee620838ab 8f28f58f94a84e3d89d25eee5aacbcdf - - default default] 10.0.0.148 "GET /v2.0/extensions HTTP/1.1" status: 200 len: 16520 time: 0.0042717
2026-09-11 06:38:34.005 9 INFO neutron.wsgi [req-a0697bb6-3da3-4f0e-9ceb-2239959d3637 req-33deee92-c0eb-4cca-9237-65f484c982a0 efe35623479b45798794747db62a1a5c cabec951436a4d0eaec193ce1f9fc389 - - c31d3e9b3c3142cba44307f86026f19a c31d3e9b3c3142cba44307f86026f19a] 162.253.55.75 "GET /v2.0/ports?tenant_id=e564363cb13743cba6dd9e99bbc94f4f&device_id=fbf39608-8714-4413-8d96-318778a160fb HTTP/1.1" status: 200 len: 1413 time: 0.0715055
2026-09-11 06:38:34.040 10 INFO neutron.wsgi [None req-37935830-3712-415e-a29e-09737588ee9b 101cec9be4774453b6e598ee620838ab 8f28f58f94a84e3d89d25eee5aacbcdf - - default default] 10.0.0.148 "GET /v2.0/networks HTTP/1.1" status: 200 len: 1508 time: 0.0707724
2026-09-11 06:38:34.088 10 INFO neutron.wsgi [None req-d02b6dca-c4ff-4efe-858a-fa8b2e28903d 101cec9be4774453b6e598ee620838ab 8f28f58f94a84e3d89d25eee5aacbcdf - - default default] 10.0.0.148 "GET /v2.0/subnets HTTP/1.1" status: 200 len: 1460 time: 0.0397935
2026-09-11 06:38:34.160 10 INFO neutron.wsgi [None req-92bda0b9-37a3-44c4-be08-39a64d5dc280 101cec9be4774453b6e598ee620838ab 8f28f58f94a84e3d89d25eee5aacbcdf - - default default] 10.0.0.148 "GET /v2.0/networks/6a1dff43-74bb-429b-bdd6-6a602aaa6c97 HTTP/1.1" status: 200 len: 867 time: 0.0639188
2026-09-11 06:38:34.212 10 INFO neutron.wsgi [None req-caa12745-a03f-4321-88bc-b1ca9947d882 101cec9be4774453b6e598ee620838ab 8f28f58f94a84e3d89d25eee5aacbcdf - - default default] 10.0.0.148 "GET /v2.0/subnets/3a6c0c02-cd28-48ee-ab8a-e5b7e7cfcb97 HTTP/1.1" status: 200 len: 843 time: 0.0450397
2026-09-11 06:38:34.236 10 INFO neutron.pecan_wsgi.hooks.translation [None req-191b9b53-dd8b-4a41-a5f6-df8b2688ac22 101cec9be4774453b6e598ee620838ab 8f28f58f94a84e3d89d25eee5aacbcdf - - default default] DELETE failed (client error): The resource could not be found.
2026-09-11 06:38:34.238 10 INFO neutron.wsgi [None req-191b9b53-dd8b-4a41-a5f6-df8b2688ac22 101cec9be4774453b6e598ee620838ab 8f28f58f94a84e3d89d25eee5aacbcdf - - default default] 10.0.0.148 "DELETE /v2.0/subnets/cc005874-75e2-453b-8f6a-5a7c80fbd695 HTTP/1.1" status: 404 len: 337 time: 0.0134470
2026-09-11 06:38:34.258 10 INFO neutron.pecan_wsgi.hooks.translation [None req-3eb5fa59-911c-434b-b778-0748989f82fa 101cec9be4774453b6e598ee620838ab 8f28f58f94a84e3d89d25eee5aacbcdf - - default default] DELETE failed (client error): The resource could not be found.
2026-09-11 06:38:34.260 10 INFO neutron.wsgi [None req-3eb5fa59-911c-434b-b778-0748989f82fa 101cec9be4774453b6e598ee620838ab 8f28f58f94a84e3d89d25eee5aacbcdf - - default default] 10.0.0.148 "DELETE /v2.0/networks/6c0faca4-9468-421a-bc1c-60c363c852a8 HTTP/1.1" status: 404 len: 339 time: 0.0177660
2026-09-11 06:38:34.297 9 WARNING neutron.scheduler.dhcp_agent_scheduler [None req-d25fe508-5d30-4087-bde8-6dc42131a172 e915aac3d8cf44b5bd14642408eaa706 d5a18636bbbc4419932587742c22c0e5 - - default default] No more DHCP agents
2026-09-11 06:38:34.300 9 INFO neutron.wsgi [req-a0697bb6-3da3-4f0e-9ceb-2239959d3637 req-4fd0f188-529a-4ead-9fdb-a340c45402b8 efe35623479b45798794747db62a1a5c cabec951436a4d0eaec193ce1f9fc389 - - c31d3e9b3c3142cba44307f86026f19a c31d3e9b3c3142cba44307f86026f19a] 162.253.55.75 "GET /v2.0/networks?id=77e9e779-8669-4343-94d4-d3290a430cb3 HTTP/1.1" status: 200 len: 974 time: 0.2701738
2026-09-11 06:38:34.301 9 WARNING neutron.api.rpc.agentnotifiers.dhcp_rpc_agent_api [None req-d25fe508-5d30-4087-bde8-6dc42131a172 e915aac3d8cf44b5bd14642408eaa706 d5a18636bbbc4419932587742c22c0e5 - - default default] Unable to schedule network 099b59c6-32f2-4e7a-ac9c-a48ab94871ed: no agents available; will retry on subsequent port and subnet creation events.
2026-09-11 06:38:34.363 9 INFO neutron.wsgi [req-a0697bb6-3da3-4f0e-9ceb-2239959d3637 req-93e64f02-8ef7-487b-9f78-cda16d42e2c7 efe35623479b45798794747db62a1a5c cabec951436a4d0eaec193ce1f9fc389 - - c31d3e9b3c3142cba44307f86026f19a c31d3e9b3c3142cba44307f86026f19a] 162.253.55.75 "GET /v2.0/floatingips?fixed_ip_address=10.100.0.12&port_id=d9f307f4-874f-4c24-a0c0-8e4c5b8798ad HTTP/1.1" status: 200 len: 1060 time: 0.0530705
2026-09-11 06:38:34.408 9 INFO neutron.wsgi [req-a0697bb6-3da3-4f0e-9ceb-2239959d3637 req-da6ea3c9-6e13-4537-901f-2bd8c7a3b2ca efe35623479b45798794747db62a1a5c cabec951436a4d0eaec193ce1f9fc389 - - c31d3e9b3c3142cba44307f86026f19a c31d3e9b3c3142cba44307f86026f19a] 162.253.55.75 "GET /v2.0/subnets?id=8106027f-b5c6-49eb-8c7c-0f45f0af86dc HTTP/1.1" status: 200 len: 869 time: 0.0375822
2026-09-11 06:38:34.409 9 INFO neutron.db.ovn_revision_numbers_db [None req-d25fe508-5d30-4087-bde8-6dc42131a172 e915aac3d8cf44b5bd14642408eaa706 d5a18636bbbc4419932587742c22c0e5 - - default default] Successfully bumped revision number for resource ce4f5089-c632-49d3-90e7-ddad263c2061 (type: ports) to 1
2026-09-11 06:38:34.438 9 INFO neutron.wsgi [req-a0697bb6-3da3-4f0e-9ceb-2239959d3637 req-9e263b7f-25b1-4717-83e7-ebd56e09ed5c efe35623479b45798794747db62a1a5c cabec951436a4d0eaec193ce1f9fc389 - - c31d3e9b3c3142cba44307f86026f19a c31d3e9b3c3142cba44307f86026f19a] 162.253.55.75 "GET /v2.0/ports?network_id=77e9e779-8669-4343-94d4-d3290a430cb3&device_owner=network%3Adhcp HTTP/1.1" status: 200 len: 210 time: 0.0227039
2026-09-11 06:38:34.442 9 INFO neutron.wsgi [None req-d25fe508-5d30-4087-bde8-6dc42131a172 e915aac3d8cf44b5bd14642408eaa706 d5a18636bbbc4419932587742c22c0e5 - - default default] 10.0.0.148 "POST /v2.0/networks HTTP/1.1" status: 201 len: 945 time: 1.2678580
2026-09-11 06:38:34.448 10 INFO neutron.wsgi [None req-d2eb416d-6222-4733-b23b-bf52db88987e 101cec9be4774453b6e598ee620838ab 8f28f58f94a84e3d89d25eee5aacbcdf - - default default] 10.0.0.148 "DELETE /v2.0/subnets/3a6c0c02-cd28-48ee-ab8a-e5b7e7cfcb97 HTTP/1.1" status: 204 len: 168 time: 0.1834459
2026-09-11 06:38:34.531 9 INFO neutron.wsgi [req-a0697bb6-3da3-4f0e-9ceb-2239959d3637 req-0e9c550b-0013-4df2-b37f-0a3e4da4e98c efe35623479b45798794747db62a1a5c cabec951436a4d0eaec193ce1f9fc389 - - c31d3e9b3c3142cba44307f86026f19a c31d3e9b3c3142cba44307f86026f19a] 162.253.55.75 "GET /v2.0/networks/77e9e779-8669-4343-94d4-d3290a430cb3?fields=segments HTTP/1.1" status: 200 len: 212 time: 0.0848243
2026-09-11 06:38:34.615 9 INFO neutron.wsgi [req-a0697bb6-3da3-4f0e-9ceb-2239959d3637 req-4371eaf4-2ed2-4524-9822-21eb5d8b8d5f efe35623479b45798794747db62a1a5c cabec951436a4d0eaec193ce1f9fc389 - - c31d3e9b3c3142cba44307f86026f19a c31d3e9b3c3142cba44307f86026f19a] 162.253.55.75 "GET /v2.0/networks/77e9e779-8669-4343-94d4-d3290a430cb3?fields=provider%3Aphysical_network&fields=provider%3Anetwork_type HTTP/1.1" status: 200 len: 277 time: 0.0756550
2026-09-11 06:38:34.630 10 WARNING neutron.scheduler.dhcp_agent_scheduler [None req-56222d60-116e-4ed5-9747-74974aace7ad e915aac3d8cf44b5bd14642408eaa706 d5a18636bbbc4419932587742c22c0e5 - - default default] No more DHCP agents
2026-09-11 06:38:34.634 10 WARNING neutron.api.rpc.agentnotifiers.dhcp_rpc_agent_api [None req-56222d60-116e-4ed5-9747-74974aace7ad e915aac3d8cf44b5bd14642408eaa706 d5a18636bbbc4419932587742c22c0e5 - - default default] Unable to schedule network 099b59c6-32f2-4e7a-ac9c-a48ab94871ed: no agents available; will retry on subsequent port and subnet creation events.
2026-09-11 06:38:34.777 9 INFO neutron.services.segments.plugin [-] Segment 38281621-0e2b-4b7a-9655-faddfad42059 resource provider aggregate not found
2026-09-11 06:38:34.786 9 INFO neutron.services.segments.plugin [-] Segment 38281621-0e2b-4b7a-9655-faddfad42059 resource provider aggregate not found
2026-09-11 06:38:34.800 9 INFO neutron.services.segments.plugin [-] Segment 38281621-0e2b-4b7a-9655-faddfad42059 resource provider not found; error: Placement Client Error (4xx): {"errors": [{"status": 404, "title": "Not Found", "detail": "The resource could not be found.\n\n No resource provider with uuid 38281621-0e2b-4b7a-9655-faddfad42059 found for delete ", "request_id": "req-62cd42cd-2320-4dde-8522-48b25ce3cc74"}]}
2026-09-11 06:38:34.804 9 INFO neutron.services.segments.plugin [-] Segment 38281621-0e2b-4b7a-9655-faddfad42059 resource provider not found; error: Placement Client Error (4xx): {"errors": [{"status": 404, "title": "Not Found", "detail": "The resource could not be found.\n\n No resource provider with uuid 38281621-0e2b-4b7a-9655-faddfad42059 found for delete ", "request_id": "req-d1cf6c33-66ea-44ca-8204-e0dbac96a40e"}]}
2026-09-11 06:38:34.820 9 INFO neutron.wsgi [None req-53f78c49-1179-4ace-9ecc-68645efee01f 101cec9be4774453b6e598ee620838ab 8f28f58f94a84e3d89d25eee5aacbcdf - - default default] 10.0.0.148 "DELETE /v2.0/networks/6a1dff43-74bb-429b-bdd6-6a602aaa6c97 HTTP/1.1" status: 204 len: 168 time: 0.3631604
2026-09-11 06:38:34.836 10 INFO neutron.wsgi [req-4c0bd433-2c1a-4547-8c6c-f71e8c574c8a req-a7608365-b5c2-411a-b0f5-3986ec53684d efe35623479b45798794747db62a1a5c cabec951436a4d0eaec193ce1f9fc389 - - c31d3e9b3c3142cba44307f86026f19a c31d3e9b3c3142cba44307f86026f19a] 10.0.0.233 "GET /v2.0/ports?device_id=fbf39608-8714-4413-8d96-318778a160fb HTTP/1.1" status: 200 len: 1413 time: 0.0457394
2026-09-11 06:38:34.905 10 INFO neutron.wsgi [req-4c0bd433-2c1a-4547-8c6c-f71e8c574c8a req-1466381a-b1db-4b10-b0fa-cbf8b9471d05 efe35623479b45798794747db62a1a5c cabec951436a4d0eaec193ce1f9fc389 - - c31d3e9b3c3142cba44307f86026f19a c31d3e9b3c3142cba44307f86026f19a] 10.0.0.233 "GET /v2.0/security-groups?id=8883c042-cbe4-4adb-b36e-c36525e45ecc&fields=id&fields=name HTTP/1.1" status: 200 len: 312 time: 0.0558386
2026-09-11 06:38:35.007 9 INFO neutron.wsgi [-] 10.0.0.199 "GET / HTTP/1.1" status: 200 len: 246 time: 0.0036533
2026-09-11 06:38:35.009 9 INFO neutron.wsgi [-] 10.0.0.199 "GET / HTTP/1.1" status: 200 len: 246 time: 0.0013437
2026-09-11 06:38:35.153 10 INFO neutron.wsgi [None req-699973d3-a678-4e0f-a940-18aa5cb85967 e915aac3d8cf44b5bd14642408eaa706 d5a18636bbbc4419932587742c22c0e5 - - default default] 10.0.0.148 "PUT /v2.0/routers/e5dca80e-5090-4bb0-9aba-bc58c286ac60/remove_router_interface HTTP/1.1" status: 200 len: 503 time: 1.2488911
2026-09-11 06:38:35.351 10 INFO neutron.db.ovn_revision_numbers_db [None req-56222d60-116e-4ed5-9747-74974aace7ad e915aac3d8cf44b5bd14642408eaa706 d5a18636bbbc4419932587742c22c0e5 - - default default] Successfully bumped revision number for resource ce4f5089-c632-49d3-90e7-ddad263c2061 (type: ports) to 2
2026-09-11 06:38:35.379 10 INFO neutron.db.ovn_revision_numbers_db [None req-56222d60-116e-4ed5-9747-74974aace7ad e915aac3d8cf44b5bd14642408eaa706 d5a18636bbbc4419932587742c22c0e5 - - default default] Successfully bumped revision number for resource 1a9b82fd-a276-462c-a4c0-36a2a2ad0b53 (type: subnets) to 0
2026-09-11 06:38:35.392 10 INFO neutron.wsgi [None req-56222d60-116e-4ed5-9747-74974aace7ad e915aac3d8cf44b5bd14642408eaa706 d5a18636bbbc4419932587742c22c0e5 - - default default] 10.0.0.148 "POST /v2.0/subnets HTTP/1.1" status: 201 len: 865 time: 0.9426188 /var/lib/openstack/lib/python3.10/site-packages/pycadf/identifier.py:71: UserWarning: Invalid uuid: neutron. To ensure interoperability, identifiers should be a valid uuid. warnings.warn(('Invalid uuid: %s. To ensure interoperability, '
2026-09-11 06:38:35.621 9 INFO neutron.wsgi [None req-42396b63-4305-41dd-b137-ed8d574b7109 e915aac3d8cf44b5bd14642408eaa706 d5a18636bbbc4419932587742c22c0e5 - - default default] 10.0.0.148 "GET /v2.0/security-groups?tenant_id=8f28f58f94a84e3d89d25eee5aacbcdf&name=default HTTP/1.1" status: 200 len: 2996 time: 0.1945662
2026-09-11 06:38:35.833 9 INFO neutron.wsgi [None req-5d098449-b9e5-457a-bd4c-f1f4896e15b5 e915aac3d8cf44b5bd14642408eaa706 d5a18636bbbc4419932587742c22c0e5 - - default default] 10.0.0.148 "DELETE /v2.0/routers/e5dca80e-5090-4bb0-9aba-bc58c286ac60 HTTP/1.1" status: 204 len: 168 time: 0.6727958
2026-09-11 06:38:35.872 10 WARNING neutron.scheduler.dhcp_agent_scheduler [None req-8da3c019-7802-4417-b8f0-462e3dffd59d e915aac3d8cf44b5bd14642408eaa706 d5a18636bbbc4419932587742c22c0e5 - - default default] No more DHCP agents
2026-09-11 06:38:35.876 10 WARNING neutron.api.rpc.agentnotifiers.dhcp_rpc_agent_api [None req-8da3c019-7802-4417-b8f0-462e3dffd59d e915aac3d8cf44b5bd14642408eaa706 d5a18636bbbc4419932587742c22c0e5 - - default default] Unable to schedule network e871f3f8-9325-4ec8-89b9-e381e1782448: no agents available; will retry on subsequent port and subnet creation events.
2026-09-11 06:38:35.915 9 INFO neutron.wsgi [None req-3abcd013-48b3-40b3-8fb4-4d686acf1532 e915aac3d8cf44b5bd14642408eaa706 d5a18636bbbc4419932587742c22c0e5 - - default default] 10.0.0.148 "DELETE /v2.0/security-groups/46555fcd-3f36-45a8-9cef-f8f0d4c1d437 HTTP/1.1" status: 204 len: 168 time: 0.2889183
2026-09-11 06:38:36.091 10 INFO neutron.db.ovn_revision_numbers_db [None req-8da3c019-7802-4417-b8f0-462e3dffd59d e915aac3d8cf44b5bd14642408eaa706 d5a18636bbbc4419932587742c22c0e5 - - default default] Successfully bumped revision number for resource 08ddb5c7-c8df-4707-b388-1db24e30415d (type: ports) to 1
2026-09-11 06:38:36.136 9 INFO neutron.wsgi [None req-2b0a8331-2724-4ace-ad8d-7ea8c882239c e915aac3d8cf44b5bd14642408eaa706 d5a18636bbbc4419932587742c22c0e5 - - default default] 10.0.0.148 "DELETE /v2.0/subnets/6674ec16-af38-4e10-949f-054cad75255e HTTP/1.1" status: 204 len: 168 time: 0.2968302
2026-09-11 06:38:36.463 9 INFO neutron.wsgi [None req-ee480eeb-cc31-4a7d-9579-7e968ea220b2 e915aac3d8cf44b5bd14642408eaa706 d5a18636bbbc4419932587742c22c0e5 - - default default] 10.0.0.148 "DELETE /v2.0/networks/57a3fd8c-6973-4a07-b6ad-c1b4e308ac39 HTTP/1.1" status: 204 len: 168 time: 0.3213084
2026-09-11 06:38:36.565 10 INFO neutron.plugins.ml2.drivers.ovn.mech_driver.mech_driver [None req-22667b2b-b3d4-4950-9b97-cf9617e86ba2 - - - - - -] OVN reports status up for port: 08ddb5c7-c8df-4707-b388-1db24e30415d
2026-09-11 06:38:36.599 10 INFO neutron.plugins.ml2.drivers.ovn.mech_driver.ovsdb.ovsdb_monitor [None req-63a886e7-5bc5-4af1-b43b-3e098bcf44ca - - - - - -] Router 7b03059f-81ca-4085-9e60-1459d493663f is bound to host instance
2026-09-11 06:38:36.601 10 INFO neutron.plugins.ml2.plugin [None req-22667b2b-b3d4-4950-9b97-cf9617e86ba2 - - - - - -] Attempt 1 to provision port 08ddb5c7-c8df-4707-b388-1db24e30415d
2026-09-11 06:38:36.645 10 INFO neutron.db.ovn_revision_numbers_db [None req-8da3c019-7802-4417-b8f0-462e3dffd59d e915aac3d8cf44b5bd14642408eaa706 d5a18636bbbc4419932587742c22c0e5 - - default default] Successfully bumped revision number for resource 08ddb5c7-c8df-4707-b388-1db24e30415d (type: router_ports) to 1
2026-09-11 06:38:36.664 9 INFO neutron.wsgi [None req-d6168e33-e4bb-4eb2-adc7-4fde857d30dd e915aac3d8cf44b5bd14642408eaa706 d5a18636bbbc4419932587742c22c0e5 - - default default] 10.0.0.148 "GET /v2.0/security-groups?tenant_id=204b13357d8c481ba4f72bffb13a908b&name=default HTTP/1.1" status: 200 len: 2992 time: 0.0303822
2026-09-11 06:38:36.736 10 INFO neutron.db.ovn_revision_numbers_db [None req-8da3c019-7802-4417-b8f0-462e3dffd59d e915aac3d8cf44b5bd14642408eaa706 d5a18636bbbc4419932587742c22c0e5 - - default default] Successfully bumped revision number for resource 7b03059f-81ca-4085-9e60-1459d493663f (type: routers) to 2
2026-09-11 06:38:36.755 10 INFO neutron.wsgi [None req-8da3c019-7802-4417-b8f0-462e3dffd59d e915aac3d8cf44b5bd14642408eaa706 d5a18636bbbc4419932587742c22c0e5 - - default default] 10.0.0.148 "POST /v2.0/routers HTTP/1.1" status: 201 len: 876 time: 1.3561721
2026-09-11 06:38:36.822 9 INFO neutron.services.segments.plugin [-] Segment b13a6154-a65e-4199-9f1b-499fa99d52e0 resource provider aggregate not found
2026-09-11 06:38:36.826 9 INFO neutron.services.segments.plugin [-] Segment b13a6154-a65e-4199-9f1b-499fa99d52e0 resource provider aggregate not found
2026-09-11 06:38:36.841 9 INFO neutron.services.segments.plugin [-] Segment b13a6154-a65e-4199-9f1b-499fa99d52e0 resource provider not found; error: Placement Client Error (4xx): {"errors": [{"status": 404, "title": "Not Found", "detail": "The resource could not be found.\n\n No resource provider with uuid b13a6154-a65e-4199-9f1b-499fa99d52e0 found for delete ", "request_id": "req-a7d62634-b372-426e-ae80-b797e12beefb"}]}
2026-09-11 06:38:36.843 9 INFO neutron.services.segments.plugin [-] Segment b13a6154-a65e-4199-9f1b-499fa99d52e0 resource provider not found; error: Placement Client Error (4xx): {"errors": [{"status": 404, "title": "Not Found", "detail": "The resource could not be found.\n\n No resource provider with uuid b13a6154-a65e-4199-9f1b-499fa99d52e0 found for delete ", "request_id": "req-65f12dda-fda7-49c0-8c45-57b0963385fa"}]}
2026-09-11 06:38:36.863 9 INFO neutron.wsgi [None req-a9cd650e-71ba-4041-8de0-2d000e25151f e915aac3d8cf44b5bd14642408eaa706 d5a18636bbbc4419932587742c22c0e5 - - default default] 10.0.0.148 "DELETE /v2.0/security-groups/69345afd-ce51-44d9-beb4-bbc3af5cac54 HTTP/1.1" status: 204 len: 168 time: 0.1927836
2026-09-11 06:38:37.418 10 INFO neutron.db.ovn_revision_numbers_db [None req-63a886e7-5bc5-4af1-b43b-3e098bcf44ca - - - - - -] Successfully bumped revision number for resource 08ddb5c7-c8df-4707-b388-1db24e30415d (type: ports) to 1
2026-09-11 06:38:37.421 10 WARNING neutron.scheduler.dhcp_agent_scheduler [None req-2a9c2081-6261-47a3-b8d3-2f6b17ebf9a2 e915aac3d8cf44b5bd14642408eaa706 d5a18636bbbc4419932587742c22c0e5 - - default default] No more DHCP agents
2026-09-11 06:38:37.423 10 WARNING neutron.api.rpc.agentnotifiers.dhcp_rpc_agent_api [None req-2a9c2081-6261-47a3-b8d3-2f6b17ebf9a2 e915aac3d8cf44b5bd14642408eaa706 d5a18636bbbc4419932587742c22c0e5 - - default default] Unable to schedule network 099b59c6-32f2-4e7a-ac9c-a48ab94871ed: no agents available; will retry on subsequent port and subnet creation events.
2026-09-11 06:38:37.619 10 INFO neutron.db.ovn_revision_numbers_db [None req-2a9c2081-6261-47a3-b8d3-2f6b17ebf9a2 e915aac3d8cf44b5bd14642408eaa706 d5a18636bbbc4419932587742c22c0e5 - - default default] Successfully bumped revision number for resource 8c72a786-f07b-48da-8d5c-9cca5d846751 (type: ports) to 1
2026-09-11 06:38:37.692 10 INFO neutron.db.ovn_revision_numbers_db [None req-63a886e7-5bc5-4af1-b43b-3e098bcf44ca - - - - - -] Successfully bumped revision number for resource 08ddb5c7-c8df-4707-b388-1db24e30415d (type: router_ports) to 3
2026-09-11 06:38:37.864 10 INFO neutron.db.ovn_revision_numbers_db [None req-63a886e7-5bc5-4af1-b43b-3e098bcf44ca - - - - - -] Successfully bumped revision number for resource 08ddb5c7-c8df-4707-b388-1db24e30415d (type: ports) to 2
2026-09-11 06:38:38.071 9 INFO neutron.plugins.ml2.drivers.ovn.mech_driver.mech_driver [None req-152a3724-0546-47c9-9d80-04f0c556738d - - - - - -] OVN reports status up for port: 8c72a786-f07b-48da-8d5c-9cca5d846751
2026-09-11 06:38:38.083 9 INFO neutron.plugins.ml2.plugin [None req-152a3724-0546-47c9-9d80-04f0c556738d - - - - - -] Attempt 1 to provision port 8c72a786-f07b-48da-8d5c-9cca5d846751
2026-09-11 06:38:38.099 10 INFO neutron.db.ovn_revision_numbers_db [None req-2a9c2081-6261-47a3-b8d3-2f6b17ebf9a2 e915aac3d8cf44b5bd14642408eaa706 d5a18636bbbc4419932587742c22c0e5 - - default default] Successfully bumped revision number for resource 8c72a786-f07b-48da-8d5c-9cca5d846751 (type: router_ports) to 1
2026-09-11 06:38:38.211 10 INFO neutron.db.ovn_revision_numbers_db [None req-63a886e7-5bc5-4af1-b43b-3e098bcf44ca - - - - - -] Successfully bumped revision number for resource 08ddb5c7-c8df-4707-b388-1db24e30415d (type: ports) to 4
2026-09-11 06:38:38.331 10 INFO neutron.db.ovn_revision_numbers_db [None req-2a9c2081-6261-47a3-b8d3-2f6b17ebf9a2 e915aac3d8cf44b5bd14642408eaa706 d5a18636bbbc4419932587742c22c0e5 - - default default] Successfully bumped revision number for resource 8c72a786-f07b-48da-8d5c-9cca5d846751 (type: ports) to 1
2026-09-11 06:38:38.402 9 INFO neutron.db.ovn_revision_numbers_db [None req-152a3724-0546-47c9-9d80-04f0c556738d - - - - - -] Successfully bumped revision number for resource 8c72a786-f07b-48da-8d5c-9cca5d846751 (type: ports) to 2
2026-09-11 06:38:38.417 10 WARNING neutron.scheduler.dhcp_agent_scheduler [None req-2a9c2081-6261-47a3-b8d3-2f6b17ebf9a2 e915aac3d8cf44b5bd14642408eaa706 d5a18636bbbc4419932587742c22c0e5 - - default default] No more DHCP agents
2026-09-11 06:38:38.424 10 WARNING neutron.api.rpc.agentnotifiers.dhcp_rpc_agent_api [None req-2a9c2081-6261-47a3-b8d3-2f6b17ebf9a2 e915aac3d8cf44b5bd14642408eaa706 d5a18636bbbc4419932587742c22c0e5 - - default default] Unable to schedule network 099b59c6-32f2-4e7a-ac9c-a48ab94871ed: no agents available; will retry on subsequent port and subnet creation events.
2026-09-11 06:38:38.506 10 INFO neutron.db.ovn_revision_numbers_db [None req-63a886e7-5bc5-4af1-b43b-3e098bcf44ca - - - - - -] Successfully bumped revision number for resource 08ddb5c7-c8df-4707-b388-1db24e30415d (type: router_ports) to 4
2026-09-11 06:38:38.515 9 INFO neutron.db.ovn_revision_numbers_db [None req-152a3724-0546-47c9-9d80-04f0c556738d - - - - - -] Successfully bumped revision number for resource 8c72a786-f07b-48da-8d5c-9cca5d846751 (type: router_ports) to 2
2026-09-11 06:38:39.037 9 INFO neutron.db.ovn_revision_numbers_db [None req-4c3a2e2f-3f5f-4493-95f1-cdd5a9ffdc15 e915aac3d8cf44b5bd14642408eaa706 d5a18636bbbc4419932587742c22c0e5 - - default default] Successfully bumped revision number for resource 1e741dbe-1cf0-4a7a-9c9d-d57359fb9e06 (type: security_groups) to 1
2026-09-11 06:38:39.057 9 INFO neutron.db.ovn_revision_numbers_db [None req-4c3a2e2f-3f5f-4493-95f1-cdd5a9ffdc15 e915aac3d8cf44b5bd14642408eaa706 d5a18636bbbc4419932587742c22c0e5 - - default default] Successfully bumped revision number for resource 121975e4-f294-40ae-809b-49573910ffb4 (type: security_group_rules) to 0
2026-09-11 06:38:39.077 9 INFO neutron.db.ovn_revision_numbers_db [None req-4c3a2e2f-3f5f-4493-95f1-cdd5a9ffdc15 e915aac3d8cf44b5bd14642408eaa706 d5a18636bbbc4419932587742c22c0e5 - - default default] Successfully bumped revision number for resource 293942dc-0e0b-4252-a008-75b66809cd33 (type: security_group_rules) to 0
2026-09-11 06:38:39.098 9 INFO neutron.db.ovn_revision_numbers_db [None req-4c3a2e2f-3f5f-4493-95f1-cdd5a9ffdc15 e915aac3d8cf44b5bd14642408eaa706 d5a18636bbbc4419932587742c22c0e5 - - default default] Successfully bumped revision number for resource 4789814d-3bf2-4d29-952b-d8511cf5f0dd (type: security_group_rules) to 0
2026-09-11 06:38:39.125 9 INFO neutron.db.ovn_revision_numbers_db [None req-4c3a2e2f-3f5f-4493-95f1-cdd5a9ffdc15 e915aac3d8cf44b5bd14642408eaa706 d5a18636bbbc4419932587742c22c0e5 - - default default] Successfully bumped revision number for resource b435542d-27dc-45a2-a65d-902ec654436e (type: security_group_rules) to 0
2026-09-11 06:38:39.128 10 INFO neutron.db.ovn_revision_numbers_db [None req-2a9c2081-6261-47a3-b8d3-2f6b17ebf9a2 e915aac3d8cf44b5bd14642408eaa706 d5a18636bbbc4419932587742c22c0e5 - - default default] Successfully bumped revision number for resource 8c72a786-f07b-48da-8d5c-9cca5d846751 (type: router_ports) to 2
2026-09-11 06:38:39.130 10 INFO neutron.wsgi [None req-2a9c2081-6261-47a3-b8d3-2f6b17ebf9a2 e915aac3d8cf44b5bd14642408eaa706 d5a18636bbbc4419932587742c22c0e5 - - default default] 10.0.0.148 "PUT /v2.0/routers/7b03059f-81ca-4085-9e60-1459d493663f/add_router_interface HTTP/1.1" status: 200 len: 503 time: 2.3710208
2026-09-11 06:38:39.193 9 INFO neutron.db.segments_db [None req-4c3a2e2f-3f5f-4493-95f1-cdd5a9ffdc15 e915aac3d8cf44b5bd14642408eaa706 d5a18636bbbc4419932587742c22c0e5 - - default default] Added segment 8c18d444-ee81-47d3-8514-9ee36684e44c of type geneve for network 6765d756-0d98-46c5-af8e-cce6e615e0f1
2026-09-11 06:38:39.400 9 INFO neutron.db.ovn_revision_numbers_db [None req-4c3a2e2f-3f5f-4493-95f1-cdd5a9ffdc15 e915aac3d8cf44b5bd14642408eaa706 d5a18636bbbc4419932587742c22c0e5 - - default default] Successfully bumped revision number for resource 6765d756-0d98-46c5-af8e-cce6e615e0f1 (type: networks) to 1
2026-09-11 06:38:39.589 9 WARNING neutron.scheduler.dhcp_agent_scheduler [None req-4c3a2e2f-3f5f-4493-95f1-cdd5a9ffdc15 e915aac3d8cf44b5bd14642408eaa706 d5a18636bbbc4419932587742c22c0e5 - - default default] No more DHCP agents
2026-09-11 06:38:39.593 9 WARNING neutron.api.rpc.agentnotifiers.dhcp_rpc_agent_api [None req-4c3a2e2f-3f5f-4493-95f1-cdd5a9ffdc15 e915aac3d8cf44b5bd14642408eaa706 d5a18636bbbc4419932587742c22c0e5 - - default default] Unable to schedule network 6765d756-0d98-46c5-af8e-cce6e615e0f1: no agents available; will retry on subsequent port and subnet creation events.
2026-09-11 06:38:39.700 9 INFO neutron.db.ovn_revision_numbers_db [None req-4c3a2e2f-3f5f-4493-95f1-cdd5a9ffdc15 e915aac3d8cf44b5bd14642408eaa706 d5a18636bbbc4419932587742c22c0e5 - - default default] Successfully bumped revision number for resource 11dfd2de-db21-4995-824c-ab4ca1e47891 (type: ports) to 1
2026-09-11 06:38:39.733 9 INFO neutron.wsgi [None req-4c3a2e2f-3f5f-4493-95f1-cdd5a9ffdc15 e915aac3d8cf44b5bd14642408eaa706 d5a18636bbbc4419932587742c22c0e5 - - default default] 10.0.0.148 "POST /v2.0/networks HTTP/1.1" status: 201 len: 950 time: 1.0307653
2026-09-11 06:38:39.874 10 INFO neutron.db.ovn_revision_numbers_db [None req-bd77bab7-94da-4279-9c07-22fe34e5a31e f79240c4661c48838964680f40e88d7e cf7894758a0a463ea4a9223ecd0069c7 - - default default] Successfully bumped revision number for resource c0d58086-c92b-4d46-be11-a752f7bb2cc0 (type: security_groups) to 1
2026-09-11 06:38:39.890 10 INFO neutron.db.ovn_revision_numbers_db [None req-bd77bab7-94da-4279-9c07-22fe34e5a31e f79240c4661c48838964680f40e88d7e cf7894758a0a463ea4a9223ecd0069c7 - - default default] Successfully bumped revision number for resource 88aae55f-5356-4d51-a18c-c6fccce250e0 (type: security_group_rules) to 0
2026-09-11 06:38:39.908 10 INFO neutron.db.ovn_revision_numbers_db [None req-bd77bab7-94da-4279-9c07-22fe34e5a31e f79240c4661c48838964680f40e88d7e cf7894758a0a463ea4a9223ecd0069c7 - - default default] Successfully bumped revision number for resource d32a9595-4145-4e9d-ad47-5c310522ae30 (type: security_group_rules) to 0
2026-09-11 06:38:39.935 10 INFO neutron.wsgi [None req-bd77bab7-94da-4279-9c07-22fe34e5a31e f79240c4661c48838964680f40e88d7e cf7894758a0a463ea4a9223ecd0069c7 - - default default] 10.0.0.148 "POST /v2.0/security-groups HTTP/1.1" status: 201 len: 1796 time: 0.2418900
2026-09-11 06:38:40.051 10 INFO neutron.db.ovn_revision_numbers_db [None req-b0aeaa2d-be08-4a33-815a-aecc7cadb697 f79240c4661c48838964680f40e88d7e cf7894758a0a463ea4a9223ecd0069c7 - - default default] Successfully bumped revision number for resource b9442514-3e6a-4a93-9a88-1851fe279435 (type: security_group_rules) to 0
2026-09-11 06:38:40.057 9 WARNING neutron.scheduler.dhcp_agent_scheduler [None req-e26d2f95-1245-452c-8311-22d5a30ea42e e915aac3d8cf44b5bd14642408eaa706 d5a18636bbbc4419932587742c22c0e5 - - default default] No more DHCP agents
2026-09-11 06:38:40.061 9 WARNING neutron.api.rpc.agentnotifiers.dhcp_rpc_agent_api [None req-e26d2f95-1245-452c-8311-22d5a30ea42e e915aac3d8cf44b5bd14642408eaa706 d5a18636bbbc4419932587742c22c0e5 - - default default] Unable to schedule network 6765d756-0d98-46c5-af8e-cce6e615e0f1: no agents available; will retry on subsequent port and subnet creation events.
2026-09-11 06:38:40.075 10 INFO neutron.wsgi [None req-b0aeaa2d-be08-4a33-815a-aecc7cadb697 f79240c4661c48838964680f40e88d7e cf7894758a0a463ea4a9223ecd0069c7 - - default default] 10.0.0.148 "POST /v2.0/security-group-rules HTTP/1.1" status: 201 len: 764 time: 0.1347840
2026-09-11 06:38:40.136 9 INFO neutron.wsgi [req-f7206f5c-786d-474a-b159-02107ceec6e1 req-8cc6a047-6bdc-42b8-af34-46fb042bb49d 43d6f9c25f85493594a683c6c14c1a3d e564363cb13743cba6dd9e99bbc94f4f - - default default] 10.0.0.159 "GET /v2.0/ports?device_id=fbf39608-8714-4413-8d96-318778a160fb HTTP/1.1" status: 200 len: 1174 time: 0.1414595
2026-09-11 06:38:40.171 10 INFO neutron.db.ovn_revision_numbers_db [None req-c32a3db5-2ad9-4f1e-bee6-ee8d59944294 f79240c4661c48838964680f40e88d7e cf7894758a0a463ea4a9223ecd0069c7 - - default default] Successfully bumped revision number for resource 7e3c1a7e-b665-41ff-bd33-fb7a419f06eb (type: security_group_rules) to 0
2026-09-11 06:38:40.189 9 INFO neutron.wsgi [req-f7206f5c-786d-474a-b159-02107ceec6e1 req-2e62a161-f214-42df-a29d-162c1c762a0d 43d6f9c25f85493594a683c6c14c1a3d e564363cb13743cba6dd9e99bbc94f4f - - default default] 10.0.0.159 "GET /v2.0/security-groups?id=8883c042-cbe4-4adb-b36e-c36525e45ecc&fields=id&fields=name HTTP/1.1" status: 200 len: 312 time: 0.0475068
2026-09-11 06:38:40.190 10 INFO neutron.wsgi [None req-c32a3db5-2ad9-4f1e-bee6-ee8d59944294 f79240c4661c48838964680f40e88d7e cf7894758a0a463ea4a9223ecd0069c7 - - default default] 10.0.0.148 "POST /v2.0/security-group-rules HTTP/1.1" status: 201 len: 769 time: 0.1080801
2026-09-11 06:38:40.305 9 INFO neutron.wsgi [req-c915b25b-fbee-42c6-8a46-126c948dbfd8 req-27e812cd-76b2-4482-a9e7-b009f05be44a 43d6f9c25f85493594a683c6c14c1a3d e564363cb13743cba6dd9e99bbc94f4f - - default default] 10.0.0.159 "GET /v2.0/ports?device_id=fbf39608-8714-4413-8d96-318778a160fb HTTP/1.1" status: 200 len: 1174 time: 0.0379457
2026-09-11 06:38:40.349 9 INFO neutron.wsgi [req-c915b25b-fbee-42c6-8a46-126c948dbfd8 req-208a1f54-74a8-43a4-9392-979e465e8482 43d6f9c25f85493594a683c6c14c1a3d e564363cb13743cba6dd9e99bbc94f4f - - default default] 10.0.0.159 "GET /v2.0/security-groups?id=8883c042-cbe4-4adb-b36e-c36525e45ecc&fields=id&fields=name HTTP/1.1" status: 200 len: 312 time: 0.0370631
2026-09-11 06:38:40.509 10 WARNING neutron.scheduler.dhcp_agent_scheduler [None req-5ae8d90f-27fc-4b12-9d13-4b3c613da961 f79240c4661c48838964680f40e88d7e cf7894758a0a463ea4a9223ecd0069c7 - - default default] No more DHCP agents
2026-09-11 06:38:40.512 10 WARNING neutron.api.rpc.agentnotifiers.dhcp_rpc_agent_api [None req-5ae8d90f-27fc-4b12-9d13-4b3c613da961 f79240c4661c48838964680f40e88d7e cf7894758a0a463ea4a9223ecd0069c7 - - default default] Unable to schedule network e871f3f8-9325-4ec8-89b9-e381e1782448: no agents available; will retry on subsequent port and subnet creation events.
2026-09-11 06:38:40.538 9 INFO neutron.db.ovn_revision_numbers_db [None req-e26d2f95-1245-452c-8311-22d5a30ea42e e915aac3d8cf44b5bd14642408eaa706 d5a18636bbbc4419932587742c22c0e5 - - default default] Successfully bumped revision number for resource 11dfd2de-db21-4995-824c-ab4ca1e47891 (type: ports) to 2
2026-09-11 06:38:40.562 9 INFO neutron.db.ovn_revision_numbers_db [None req-e26d2f95-1245-452c-8311-22d5a30ea42e e915aac3d8cf44b5bd14642408eaa706 d5a18636bbbc4419932587742c22c0e5 - - default default] Successfully bumped revision number for resource 0d469e0d-f46a-4172-ad16-b60b2c08284d (type: subnets) to 0
2026-09-11 06:38:40.575 9 INFO neutron.wsgi [None req-e26d2f95-1245-452c-8311-22d5a30ea42e e915aac3d8cf44b5bd14642408eaa706 d5a18636bbbc4419932587742c22c0e5 - - default default] 10.0.0.148 "POST /v2.0/subnets HTTP/1.1" status: 201 len: 870 time: 0.8329067
2026-09-11 06:38:40.837 9 INFO neutron.wsgi [req-ae47326a-5aeb-465f-9625-6088b9e195dd req-94c710cd-343a-4924-9d91-87281c8eb82f 43d6f9c25f85493594a683c6c14c1a3d e564363cb13743cba6dd9e99bbc94f4f - - default default] 10.0.0.159 "GET /v2.0/ports?device_id=fbf39608-8714-4413-8d96-318778a160fb HTTP/1.1" status: 200 len: 1174 time: 0.0675645
2026-09-11 06:38:40.841 9 INFO neutron.wsgi [req-f29726dd-9966-4a9d-a4de-627783234165 req-b8a020d6-c453-4490-8a87-5447e9b6e050 efe35623479b45798794747db62a1a5c cabec951436a4d0eaec193ce1f9fc389 - - c31d3e9b3c3142cba44307f86026f19a c31d3e9b3c3142cba44307f86026f19a] 162.253.55.75 "GET /v2.0/ports?tenant_id=e564363cb13743cba6dd9e99bbc94f4f&device_id=fbf39608-8714-4413-8d96-318778a160fb HTTP/1.1" status: 200 len: 1413 time: 0.0711467
