2026-09-11 06:41:18.707 10 INFO neutron.db.ovn_revision_numbers_db [None req-d0c1d7d1-113f-4c0f-82d8-eb86b957cdb1 2f09136229114955a2f8812ad85ec33b cea44943d1c14a67b6420b3de7d76b93 - - default default] Successfully bumped revision number for resource 2d0e8297-8708-4cfb-a043-3bf6221282c0 (type: security_group_rules) to 0
2026-09-11 06:41:18.784 10 INFO neutron.db.ovn_revision_numbers_db [None req-d0c1d7d1-113f-4c0f-82d8-eb86b957cdb1 2f09136229114955a2f8812ad85ec33b cea44943d1c14a67b6420b3de7d76b93 - - default default] Successfully bumped revision number for resource 45259567-81b1-4936-823d-027a2c0d7000 (type: security_group_rules) to 0
2026-09-11 06:41:18.804 10 INFO neutron.wsgi [None req-f01d9e04-c8e1-46dc-bc19-29e8b2cb47c4 9a8ec762647846cd9abac491d23e7c00 2369964274bb49b4b29d0d0b8c691fdb - - default default] 10.0.0.148 "DELETE /v2.0/qos/policies/50684916-96da-40e6-bd43-b6a34027a7d0 HTTP/1.1" status: 204 len: 168 time: 0.1150334
2026-09-11 06:41:18.804 10 INFO neutron.db.ovn_revision_numbers_db [None req-d0c1d7d1-113f-4c0f-82d8-eb86b957cdb1 2f09136229114955a2f8812ad85ec33b cea44943d1c14a67b6420b3de7d76b93 - - default default] Successfully bumped revision number for resource 4c875ca2-3ed2-49de-83b2-12b5641962c4 (type: security_group_rules) to 0
2026-09-11 06:41:18.816 10 INFO neutron.db.ovn_revision_numbers_db [None req-d0c1d7d1-113f-4c0f-82d8-eb86b957cdb1 2f09136229114955a2f8812ad85ec33b cea44943d1c14a67b6420b3de7d76b93 - - default default] Successfully bumped revision number for resource 5c5bf4a9-3b01-4020-ba10-76b3bc249442 (type: security_group_rules) to 0
2026-09-11 06:41:18.852 9 INFO neutron.wsgi [None req-e84060c1-a4a1-4e3a-a675-793255426a96 9a8ec762647846cd9abac491d23e7c00 2369964274bb49b4b29d0d0b8c691fdb - - default default] 10.0.0.148 "DELETE /v2.0/qos/policies/d47630f6-ba15-4f69-92b5-6b172b5d9792 HTTP/1.1" status: 204 len: 168 time: 0.0403032
2026-09-11 06:41:18.874 10 INFO neutron.db.segments_db [None req-d0c1d7d1-113f-4c0f-82d8-eb86b957cdb1 2f09136229114955a2f8812ad85ec33b cea44943d1c14a67b6420b3de7d76b93 - - default default] Added segment dd78181b-6657-4349-950c-37d25ae2c50c of type geneve for network 5f025a96-a537-4f9e-b291-503bb686c506
2026-09-11 06:41:19.226 10 INFO neutron.db.ovn_revision_numbers_db [None req-d0c1d7d1-113f-4c0f-82d8-eb86b957cdb1 2f09136229114955a2f8812ad85ec33b cea44943d1c14a67b6420b3de7d76b93 - - default default] Successfully bumped revision number for resource 5f025a96-a537-4f9e-b291-503bb686c506 (type: networks) to 1
2026-09-11 06:41:19.408 10 WARNING neutron.scheduler.dhcp_agent_scheduler [None req-d0c1d7d1-113f-4c0f-82d8-eb86b957cdb1 2f09136229114955a2f8812ad85ec33b cea44943d1c14a67b6420b3de7d76b93 - - default default] No more DHCP agents
2026-09-11 06:41:19.412 10 WARNING neutron.api.rpc.agentnotifiers.dhcp_rpc_agent_api [None req-d0c1d7d1-113f-4c0f-82d8-eb86b957cdb1 2f09136229114955a2f8812ad85ec33b cea44943d1c14a67b6420b3de7d76b93 - - default default] Unable to schedule network 5f025a96-a537-4f9e-b291-503bb686c506: no agents available; will retry on subsequent port and subnet creation events.
2026-09-11 06:41:19.488 10 INFO neutron.db.ovn_revision_numbers_db [None req-d0c1d7d1-113f-4c0f-82d8-eb86b957cdb1 2f09136229114955a2f8812ad85ec33b cea44943d1c14a67b6420b3de7d76b93 - - default default] Successfully bumped revision number for resource 22c7b290-c841-4b9b-ad90-c2ff467746b2 (type: ports) to 1
2026-09-11 06:41:19.505 10 INFO neutron.wsgi [None req-d0c1d7d1-113f-4c0f-82d8-eb86b957cdb1 2f09136229114955a2f8812ad85ec33b cea44943d1c14a67b6420b3de7d76b93 - - default default] 10.0.0.148 "POST /v2.0/networks HTTP/1.1" status: 201 len: 831 time: 1.0525198
2026-09-11 06:41:19.550 10 INFO neutron.wsgi [None req-d2eda264-913c-4b85-8a40-38a5ecaf7404 2f09136229114955a2f8812ad85ec33b cea44943d1c14a67b6420b3de7d76b93 - - default default] 10.0.0.148 "PUT /v2.0/networks/5f025a96-a537-4f9e-b291-503bb686c506/tags HTTP/1.1" status: 200 len: 218 time: 0.0401480
2026-09-11 06:41:19.582 10 INFO neutron.wsgi [None req-c98420c6-f952-48f8-b9b2-51bc84c15b0c 2f09136229114955a2f8812ad85ec33b cea44943d1c14a67b6420b3de7d76b93 - - default default] 10.0.0.148 "GET /v2.0/networks/5f025a96-a537-4f9e-b291-503bb686c506/tags HTTP/1.1" status: 200 len: 218 time: 0.0282085
2026-09-11 06:41:19.677 9 INFO neutron.wsgi [None req-8fa18b8d-6aa8-4d0a-892d-9401ad0c11d3 2f09136229114955a2f8812ad85ec33b cea44943d1c14a67b6420b3de7d76b93 - - default default] 10.0.0.148 "PUT /v2.0/networks/5f025a96-a537-4f9e-b291-503bb686c506/tags/green HTTP/1.1" status: 201 len: 201 time: 0.0899491
2026-09-11 06:41:19.717 9 INFO neutron.wsgi [None req-dfe5181d-e20f-4ac3-9867-c00c6f0dcf33 2f09136229114955a2f8812ad85ec33b cea44943d1c14a67b6420b3de7d76b93 - - default default] 10.0.0.148 "GET /v2.0/networks/5f025a96-a537-4f9e-b291-503bb686c506/tags HTTP/1.1" status: 200 len: 227 time: 0.0352929
2026-09-11 06:41:19.752 9 INFO neutron.wsgi [None req-bc69f555-5d4a-4dcf-a874-1d96b47274c3 2f09136229114955a2f8812ad85ec33b cea44943d1c14a67b6420b3de7d76b93 - - default default] 10.0.0.148 "PUT /v2.0/networks/5f025a96-a537-4f9e-b291-503bb686c506/tags/red HTTP/1.1" status: 201 len: 201 time: 0.0294487
2026-09-11 06:41:19.791 9 INFO neutron.wsgi [None req-c5fc8733-0c2e-4301-8f3c-96ce8f3d77b7 2f09136229114955a2f8812ad85ec33b cea44943d1c14a67b6420b3de7d76b93 - - default default] 10.0.0.148 "GET /v2.0/networks/5f025a96-a537-4f9e-b291-503bb686c506/tags HTTP/1.1" status: 200 len: 227 time: 0.0350413
2026-09-11 06:41:19.858 9 INFO neutron.wsgi [None req-1a114090-f6cb-4d32-bb19-f95db1a3824b 2f09136229114955a2f8812ad85ec33b cea44943d1c14a67b6420b3de7d76b93 - - default default] 10.0.0.148 "PUT /v2.0/networks/5f025a96-a537-4f9e-b291-503bb686c506/tags/black.or.white HTTP/1.1" status: 201 len: 201 time: 0.0622311
2026-09-11 06:41:19.916 10 INFO neutron.wsgi [None req-c0dc3303-c1d6-40a1-8ba0-9f28fd4a72da 2f09136229114955a2f8812ad85ec33b cea44943d1c14a67b6420b3de7d76b93 - - default default] 10.0.0.148 "GET /v2.0/networks/5f025a96-a537-4f9e-b291-503bb686c506/tags HTTP/1.1" status: 200 len: 245 time: 0.0511670
2026-09-11 06:41:19.998 10 INFO neutron.wsgi [None req-91b2bfaa-c578-435c-9214-b0d44b262660 2f09136229114955a2f8812ad85ec33b cea44943d1c14a67b6420b3de7d76b93 - - default default] 10.0.0.148 "PUT /v2.0/networks/5f025a96-a537-4f9e-b291-503bb686c506/tags HTTP/1.1" status: 200 len: 230 time: 0.0769637
2026-09-11 06:41:20.003 10 INFO neutron.wsgi [-] 10.0.0.199 "GET / HTTP/1.1" status: 200 len: 246 time: 0.0014396
2026-09-11 06:41:20.004 10 INFO neutron.wsgi [-] 10.0.0.199 "GET / HTTP/1.1" status: 200 len: 246 time: 0.0011206
2026-09-11 06:41:20.009 9 INFO neutron.db.ovn_revision_numbers_db [None req-3a8a3a82-c54e-4359-98ac-7af236ac5308 e915aac3d8cf44b5bd14642408eaa706 d5a18636bbbc4419932587742c22c0e5 - - default default] Successfully bumped revision number for resource f161a311-315d-4cf5-85e4-bc74929cb2c7 (type: security_groups) to 1
2026-09-11 06:41:20.037 9 INFO neutron.db.ovn_revision_numbers_db [None req-3a8a3a82-c54e-4359-98ac-7af236ac5308 e915aac3d8cf44b5bd14642408eaa706 d5a18636bbbc4419932587742c22c0e5 - - default default] Successfully bumped revision number for resource 0dfa105a-6cf0-4f18-947e-2ce5323718c4 (type: security_group_rules) to 0
2026-09-11 06:41:20.050 9 INFO neutron.wsgi [None req-4a78ae9e-78a9-4e8c-8f66-bdc13d2bdae1 2f09136229114955a2f8812ad85ec33b cea44943d1c14a67b6420b3de7d76b93 - - default default] 10.0.0.148 "GET /v2.0/networks/5f025a96-a537-4f9e-b291-503bb686c506/tags HTTP/1.1" status: 200 len: 230 time: 0.0473018
2026-09-11 06:41:20.066 9 INFO neutron.db.ovn_revision_numbers_db [None req-3a8a3a82-c54e-4359-98ac-7af236ac5308 e915aac3d8cf44b5bd14642408eaa706 d5a18636bbbc4419932587742c22c0e5 - - default default] Successfully bumped revision number for resource 3bc37c9a-a608-4589-98f4-0ff30f5e6b2f (type: security_group_rules) to 0
2026-09-11 06:41:20.108 9 INFO neutron.wsgi [None req-bfb459c5-a99a-4122-83f5-13e1e5d9cab2 2f09136229114955a2f8812ad85ec33b cea44943d1c14a67b6420b3de7d76b93 - - default default] 10.0.0.148 "GET /v2.0/networks/5f025a96-a537-4f9e-b291-503bb686c506/tags/red HTTP/1.1" status: 204 len: 168 time: 0.0526347
2026-09-11 06:41:20.109 9 INFO neutron.db.ovn_revision_numbers_db [None req-3a8a3a82-c54e-4359-98ac-7af236ac5308 e915aac3d8cf44b5bd14642408eaa706 d5a18636bbbc4419932587742c22c0e5 - - default default] Successfully bumped revision number for resource 8692e2cf-cae4-439c-970d-fcf8f33081d7 (type: security_group_rules) to 0
2026-09-11 06:41:20.147 9 INFO neutron.db.ovn_revision_numbers_db [None req-3a8a3a82-c54e-4359-98ac-7af236ac5308 e915aac3d8cf44b5bd14642408eaa706 d5a18636bbbc4419932587742c22c0e5 - - default default] Successfully bumped revision number for resource dd08f1de-83f4-4999-b72a-7315aaa9d0c3 (type: security_group_rules) to 0
2026-09-11 06:41:20.155 9 INFO neutron.api.v2.resource [None req-1318c711-32fc-429a-be23-662553dfe2d6 2f09136229114955a2f8812ad85ec33b cea44943d1c14a67b6420b3de7d76b93 - - default default] show failed (client error): The resource could not be found.
2026-09-11 06:41:20.156 9 INFO neutron.wsgi [None req-1318c711-32fc-429a-be23-662553dfe2d6 2f09136229114955a2f8812ad85ec33b cea44943d1c14a67b6420b3de7d76b93 - - default default] 10.0.0.148 "GET /v2.0/networks/5f025a96-a537-4f9e-b291-503bb686c506/tags/green HTTP/1.1" status: 404 len: 299 time: 0.0386655
2026-09-11 06:41:20.167 9 INFO neutron.wsgi [None req-3a8a3a82-c54e-4359-98ac-7af236ac5308 e915aac3d8cf44b5bd14642408eaa706 d5a18636bbbc4419932587742c22c0e5 - - default default] 10.0.0.148 "GET /v2.0/security-groups?tenant_id=dc3d81eac2ea430a9807ebe2f69e2504&name=default HTTP/1.1" status: 200 len: 2996 time: 0.5043027
2026-09-11 06:41:20.237 10 INFO neutron.wsgi [None req-ea9d2288-5641-4b77-b11e-254b5e0d01db 2f09136229114955a2f8812ad85ec33b cea44943d1c14a67b6420b3de7d76b93 - - default default] 10.0.0.148 "DELETE /v2.0/networks/5f025a96-a537-4f9e-b291-503bb686c506/tags/red HTTP/1.1" status: 204 len: 168 time: 0.0632050
2026-09-11 06:41:20.278 10 INFO neutron.wsgi [None req-c4f3918a-34cd-4532-9e08-c5899b12b0ac 2f09136229114955a2f8812ad85ec33b cea44943d1c14a67b6420b3de7d76b93 - - default default] 10.0.0.148 "GET /v2.0/networks/5f025a96-a537-4f9e-b291-503bb686c506/tags HTTP/1.1" status: 200 len: 223 time: 0.0372844
2026-09-11 06:41:20.326 9 INFO neutron.api.v2.resource [None req-36bcc234-96d4-4f50-af10-e414fb82db6b 2f09136229114955a2f8812ad85ec33b cea44943d1c14a67b6420b3de7d76b93 - - default default] delete failed (client error): The resource could not be found.
2026-09-11 06:41:20.327 9 INFO neutron.wsgi [None req-36bcc234-96d4-4f50-af10-e414fb82db6b 2f09136229114955a2f8812ad85ec33b cea44943d1c14a67b6420b3de7d76b93 - - default default] 10.0.0.148 "DELETE /v2.0/networks/5f025a96-a537-4f9e-b291-503bb686c506/tags/green HTTP/1.1" status: 404 len: 299 time: 0.0440171
2026-09-11 06:41:20.449 10 INFO neutron.wsgi [None req-2f3ba9ed-a7d4-4030-8838-1cd7abc40ac2 2f09136229114955a2f8812ad85ec33b cea44943d1c14a67b6420b3de7d76b93 - - default default] 10.0.0.148 "DELETE /v2.0/networks/5f025a96-a537-4f9e-b291-503bb686c506/tags HTTP/1.1" status: 204 len: 168 time: 0.1161959
2026-09-11 06:41:20.467 9 INFO neutron.wsgi [None req-2e9cbe6e-5553-4d82-b1ce-4954c8975338 e915aac3d8cf44b5bd14642408eaa706 d5a18636bbbc4419932587742c22c0e5 - - default default] 10.0.0.148 "DELETE /v2.0/security-groups/f161a311-315d-4cf5-85e4-bc74929cb2c7 HTTP/1.1" status: 204 len: 168 time: 0.2944815
2026-09-11 06:41:20.479 10 INFO neutron.wsgi [None req-4610f734-8dd4-4032-8acf-1610070ab4b8 2f09136229114955a2f8812ad85ec33b cea44943d1c14a67b6420b3de7d76b93 - - default default] 10.0.0.148 "GET /v2.0/networks/5f025a96-a537-4f9e-b291-503bb686c506/tags HTTP/1.1" status: 200 len: 205 time: 0.0268548
2026-09-11 06:41:20.668 9 INFO neutron.db.ovn_revision_numbers_db [None req-16bc3c84-18d7-4708-b2c1-fbffdf5bdbaa e915aac3d8cf44b5bd14642408eaa706 d5a18636bbbc4419932587742c22c0e5 - - default default] Successfully bumped revision number for resource 5acef0cd-08af-4e28-b52b-8589e92aef8b (type: security_groups) to 1
2026-09-11 06:41:20.689 9 INFO neutron.db.ovn_revision_numbers_db [None req-16bc3c84-18d7-4708-b2c1-fbffdf5bdbaa e915aac3d8cf44b5bd14642408eaa706 d5a18636bbbc4419932587742c22c0e5 - - default default] Successfully bumped revision number for resource 6c1fe9f8-0086-4be0-ae5e-c0924e9a7a8d (type: security_group_rules) to 0
2026-09-11 06:41:20.713 9 INFO neutron.db.ovn_revision_numbers_db [None req-16bc3c84-18d7-4708-b2c1-fbffdf5bdbaa e915aac3d8cf44b5bd14642408eaa706 d5a18636bbbc4419932587742c22c0e5 - - default default] Successfully bumped revision number for resource 89c059b7-bdd3-4dd5-ba9f-865d54bf0a5c (type: security_group_rules) to 0
2026-09-11 06:41:20.729 9 INFO neutron.db.ovn_revision_numbers_db [None req-16bc3c84-18d7-4708-b2c1-fbffdf5bdbaa e915aac3d8cf44b5bd14642408eaa706 d5a18636bbbc4419932587742c22c0e5 - - default default] Successfully bumped revision number for resource e0ac4e1f-3181-48ef-9044-9188bf1c485a (type: security_group_rules) to 0
2026-09-11 06:41:20.743 9 INFO neutron.db.ovn_revision_numbers_db [None req-16bc3c84-18d7-4708-b2c1-fbffdf5bdbaa e915aac3d8cf44b5bd14642408eaa706 d5a18636bbbc4419932587742c22c0e5 - - default default] Successfully bumped revision number for resource ee964659-bd04-409f-bc3d-7a87f2f3cf68 (type: security_group_rules) to 0
2026-09-11 06:41:20.766 9 INFO neutron.wsgi [None req-16bc3c84-18d7-4708-b2c1-fbffdf5bdbaa e915aac3d8cf44b5bd14642408eaa706 d5a18636bbbc4419932587742c22c0e5 - - default default] 10.0.0.148 "GET /v2.0/security-groups?tenant_id=3aa271d96c9c49979bc40591b7c658aa&name=default HTTP/1.1" status: 200 len: 2996 time: 0.2225235
2026-09-11 06:41:20.786 10 INFO neutron.services.segments.plugin [-] Segment dd78181b-6657-4349-950c-37d25ae2c50c resource provider aggregate not found
2026-09-11 06:41:20.792 10 INFO neutron.services.segments.plugin [-] Segment dd78181b-6657-4349-950c-37d25ae2c50c resource provider aggregate not found
2026-09-11 06:41:20.811 10 INFO neutron.services.segments.plugin [-] Segment dd78181b-6657-4349-950c-37d25ae2c50c resource provider not found; error: Placement Client Error (4xx): {"errors": [{"status": 404, "title": "Not Found", "detail": "The resource could not be found.\n\n No resource provider with uuid dd78181b-6657-4349-950c-37d25ae2c50c found for delete ", "request_id": "req-ec7cc2ff-ffae-4e31-8e90-624f742f8419"}]}
2026-09-11 06:41:20.819 10 INFO neutron.services.segments.plugin [-] Segment dd78181b-6657-4349-950c-37d25ae2c50c resource provider not found; error: Placement Client Error (4xx): {"errors": [{"status": 404, "title": "Not Found", "detail": "The resource could not be found.\n\n No resource provider with uuid dd78181b-6657-4349-950c-37d25ae2c50c found for delete ", "request_id": "req-21223c38-c8f3-4d08-adaf-b2de0b1abff8"}]}
2026-09-11 06:41:20.847 10 INFO neutron.wsgi [None req-932533e1-6a2a-4be4-a0e5-461cb3e63579 2f09136229114955a2f8812ad85ec33b cea44943d1c14a67b6420b3de7d76b93 - - default default] 10.0.0.148 "DELETE /v2.0/networks/5f025a96-a537-4f9e-b291-503bb686c506 HTTP/1.1" status: 204 len: 168 time: 0.3611405
2026-09-11 06:41:21.035 10 INFO neutron.wsgi [None req-69c7e8fb-2c41-4d90-b047-c7cb6d5a0b04 e915aac3d8cf44b5bd14642408eaa706 d5a18636bbbc4419932587742c22c0e5 - - default default] 10.0.0.148 "DELETE /v2.0/security-groups/5acef0cd-08af-4e28-b52b-8589e92aef8b HTTP/1.1" status: 204 len: 168 time: 0.2613499
2026-09-11 06:41:21.357 9 INFO neutron.db.ovn_revision_numbers_db [None req-ce533b00-7d08-4be5-930c-c8ae7a13c85b e915aac3d8cf44b5bd14642408eaa706 d5a18636bbbc4419932587742c22c0e5 - - default default] Successfully bumped revision number for resource c4f52c65-60f7-4ef2-8558-aa8b02734fd6 (type: security_groups) to 1
2026-09-11 06:41:21.372 9 INFO neutron.db.ovn_revision_numbers_db [None req-ce533b00-7d08-4be5-930c-c8ae7a13c85b e915aac3d8cf44b5bd14642408eaa706 d5a18636bbbc4419932587742c22c0e5 - - default default] Successfully bumped revision number for resource 24ea0981-da4f-40b7-9c8d-e06367deb2f4 (type: security_group_rules) to 0
2026-09-11 06:41:21.387 9 INFO neutron.db.ovn_revision_numbers_db [None req-ce533b00-7d08-4be5-930c-c8ae7a13c85b e915aac3d8cf44b5bd14642408eaa706 d5a18636bbbc4419932587742c22c0e5 - - default default] Successfully bumped revision number for resource 3f1a0e73-f72a-439c-b5de-e86c8da44316 (type: security_group_rules) to 0
2026-09-11 06:41:21.402 9 INFO neutron.db.ovn_revision_numbers_db [None req-ce533b00-7d08-4be5-930c-c8ae7a13c85b e915aac3d8cf44b5bd14642408eaa706 d5a18636bbbc4419932587742c22c0e5 - - default default] Successfully bumped revision number for resource a119fe0a-91b5-470f-be1c-6ccdb2a6737f (type: security_group_rules) to 0
2026-09-11 06:41:21.417 9 INFO neutron.db.ovn_revision_numbers_db [None req-ce533b00-7d08-4be5-930c-c8ae7a13c85b e915aac3d8cf44b5bd14642408eaa706 d5a18636bbbc4419932587742c22c0e5 - - default default] Successfully bumped revision number for resource c9da63eb-6ebc-4bbc-8021-7d3e204785df (type: security_group_rules) to 0
2026-09-11 06:41:21.438 9 INFO neutron.wsgi [None req-ce533b00-7d08-4be5-930c-c8ae7a13c85b e915aac3d8cf44b5bd14642408eaa706 d5a18636bbbc4419932587742c22c0e5 - - default default] 10.0.0.148 "GET /v2.0/security-groups?tenant_id=2369964274bb49b4b29d0d0b8c691fdb&name=default HTTP/1.1" status: 200 len: 2996 time: 0.2130785
2026-09-11 06:41:21.638 9 INFO neutron.wsgi [None req-69fd9585-d3d9-4be4-875a-55f097a60864 e915aac3d8cf44b5bd14642408eaa706 d5a18636bbbc4419932587742c22c0e5 - - default default] 10.0.0.148 "DELETE /v2.0/security-groups/c4f52c65-60f7-4ef2-8558-aa8b02734fd6 HTTP/1.1" status: 204 len: 168 time: 0.1941538
2026-09-11 06:41:21.902 9 INFO neutron.db.ovn_revision_numbers_db [None req-7c236cfc-3423-46dd-a60e-da489ee4caea e915aac3d8cf44b5bd14642408eaa706 d5a18636bbbc4419932587742c22c0e5 - - default default] Successfully bumped revision number for resource d1c76bd7-37c0-4c68-8045-6e5428accebf (type: security_groups) to 1
2026-09-11 06:41:21.927 9 INFO neutron.db.ovn_revision_numbers_db [None req-7c236cfc-3423-46dd-a60e-da489ee4caea e915aac3d8cf44b5bd14642408eaa706 d5a18636bbbc4419932587742c22c0e5 - - default default] Successfully bumped revision number for resource 4ce98397-f3b1-4a53-89b3-f4ac966d590f (type: security_group_rules) to 0
2026-09-11 06:41:21.944 9 INFO neutron.db.ovn_revision_numbers_db [None req-7c236cfc-3423-46dd-a60e-da489ee4caea e915aac3d8cf44b5bd14642408eaa706 d5a18636bbbc4419932587742c22c0e5 - - default default] Successfully bumped revision number for resource 8fcbb882-1821-4ef0-b739-aea5bb5e10d9 (type: security_group_rules) to 0
2026-09-11 06:41:21.968 9 INFO neutron.db.ovn_revision_numbers_db [None req-7c236cfc-3423-46dd-a60e-da489ee4caea e915aac3d8cf44b5bd14642408eaa706 d5a18636bbbc4419932587742c22c0e5 - - default default] Successfully bumped revision number for resource 9280c39b-0c38-4ddf-8af2-11ed3435ea03 (type: security_group_rules) to 0
2026-09-11 06:41:21.985 9 INFO neutron.db.ovn_revision_numbers_db [None req-7c236cfc-3423-46dd-a60e-da489ee4caea e915aac3d8cf44b5bd14642408eaa706 d5a18636bbbc4419932587742c22c0e5 - - default default] Successfully bumped revision number for resource c869134c-c520-4bc0-9b37-a586c16bba2f (type: security_group_rules) to 0
2026-09-11 06:41:22.008 9 INFO neutron.wsgi [None req-7c236cfc-3423-46dd-a60e-da489ee4caea e915aac3d8cf44b5bd14642408eaa706 d5a18636bbbc4419932587742c22c0e5 - - default default] 10.0.0.148 "GET /v2.0/security-groups?tenant_id=fc437e925bc54723809a888e1720cb53&name=default HTTP/1.1" status: 200 len: 2996 time: 0.4724898
2026-09-11 06:41:22.179 9 INFO neutron.wsgi [None req-cd0fbdcb-2902-4b8b-b317-4f00c890b26a e915aac3d8cf44b5bd14642408eaa706 d5a18636bbbc4419932587742c22c0e5 - - default default] 10.0.0.148 "DELETE /v2.0/security-groups/d1c76bd7-37c0-4c68-8045-6e5428accebf HTTP/1.1" status: 204 len: 168 time: 0.1656237
2026-09-11 06:41:22.315 9 INFO neutron.wsgi [None req-27bc2355-9b50-49d3-81b5-dfde837a4d2e e915aac3d8cf44b5bd14642408eaa706 d5a18636bbbc4419932587742c22c0e5 - - default default] 10.0.0.148 "GET /v2.0/security-groups?tenant_id=cea44943d1c14a67b6420b3de7d76b93&name=default HTTP/1.1" status: 200 len: 2996 time: 0.0285640
2026-09-11 06:41:22.472 9 INFO neutron.wsgi [None req-2a51b0f5-4a4c-4f79-8b5b-0c9584cab704 e915aac3d8cf44b5bd14642408eaa706 d5a18636bbbc4419932587742c22c0e5 - - default default] 10.0.0.148 "DELETE /v2.0/security-groups/1ad4244c-20b7-4917-97f2-54ef7af3d4eb HTTP/1.1" status: 204 len: 168 time: 0.1531425
2026-09-11 06:41:24.368 9 INFO neutron.wsgi [None req-afb17f96-168b-49d4-bc72-dcf84cd5795f e915aac3d8cf44b5bd14642408eaa706 d5a18636bbbc4419932587742c22c0e5 - - default default] 10.0.0.247 "GET /v2.0/networks HTTP/1.1" status: 200 len: 3866 time: 0.2434869
2026-09-11 06:41:24.417 9 INFO neutron.wsgi [None req-6fe48056-ba54-409b-8e08-9d9290c7fa8a e915aac3d8cf44b5bd14642408eaa706 d5a18636bbbc4419932587742c22c0e5 - - default default] 10.0.0.247 "GET /v2.0/floatingips HTTP/1.1" status: 200 len: 1035 time: 0.0454392
2026-09-11 06:41:24.490 9 INFO neutron.wsgi [None req-4eb66b4e-4a48-4b20-894f-a984de57dc6d e915aac3d8cf44b5bd14642408eaa706 d5a18636bbbc4419932587742c22c0e5 - - default default] 10.0.0.247 "GET /v2.0/security-groups HTTP/1.1" status: 200 len: 30192 time: 0.0714030
2026-09-11 06:41:24.536 9 INFO neutron.wsgi [None req-27c76502-d312-404f-88a7-d112046d62bd e915aac3d8cf44b5bd14642408eaa706 d5a18636bbbc4419932587742c22c0e5 - - default default] 10.0.0.247 "GET /v2.0/ports HTTP/1.1" status: 200 len: 14027 time: 0.0387208
2026-09-11 06:41:24.554 9 INFO neutron.wsgi [None req-81a9dbf6-a732-4e74-9c70-e7917c8f9679 e915aac3d8cf44b5bd14642408eaa706 d5a18636bbbc4419932587742c22c0e5 - - default default] 10.0.0.247 "GET /v2.0/network-ip-availabilities HTTP/1.1" status: 200 len: 2224 time: 0.0102041
2026-09-11 06:41:24.599 9 INFO neutron.wsgi [None req-f3109a24-f5b3-44e1-a307-4701096ace52 e915aac3d8cf44b5bd14642408eaa706 d5a18636bbbc4419932587742c22c0e5 - - default default] 10.0.0.247 "GET /v2.0/subnets HTTP/1.1" status: 200 len: 2745 time: 0.0420747
2026-09-11 06:41:24.615 9 INFO neutron.wsgi [None req-678e65d6-1b70-46da-a191-ae78dd0613cb e915aac3d8cf44b5bd14642408eaa706 d5a18636bbbc4419932587742c22c0e5 - - default default] 10.0.0.247 "GET /v2.0/subnetpools HTTP/1.1" status: 200 len: 193 time: 0.0151629
2026-09-11 06:41:24.679 9 INFO neutron.wsgi [None req-04dfea9c-6ee9-4b52-908b-a52bcabd8e02 e915aac3d8cf44b5bd14642408eaa706 d5a18636bbbc4419932587742c22c0e5 - - default default] 10.0.0.247 "GET /v2.0/routers HTTP/1.1" status: 200 len: 1531 time: 0.0620153
2026-09-11 06:41:24.691 9 INFO neutron.wsgi [None req-9d549450-e7f8-42ae-ac83-34d15aaf3a43 e915aac3d8cf44b5bd14642408eaa706 d5a18636bbbc4419932587742c22c0e5 - - default default] 10.0.0.247 "GET /v2.0/agents?binary=ovn-controller HTTP/1.1" status: 200 len: 591 time: 0.0112977
2026-09-11 06:41:24.726 9 INFO neutron.wsgi [None req-0d047b35-660f-4079-81cb-937714365d5a e915aac3d8cf44b5bd14642408eaa706 d5a18636bbbc4419932587742c22c0e5 - - default default] 10.0.0.247 "GET /v2.0/subnets HTTP/1.1" status: 200 len: 2745 time: 0.0328572
2026-09-11 06:41:24.734 9 INFO neutron.wsgi [None req-fd3d783f-c3c3-4f48-a1c4-3ef29132710f e915aac3d8cf44b5bd14642408eaa706 d5a18636bbbc4419932587742c22c0e5 - - default default] 10.0.0.247 "GET /v2.0/agents HTTP/1.1" status: 200 len: 997 time: 0.0078485
2026-09-11 06:41:25.542 15 INFO neutron.plugins.ml2.drivers.ovn.mech_driver.ovsdb.maintenance [None req-12d8ec42-605e-4cd6-9561-f2978481c4c5 - - - - - -] Maintenance task: Synchronization finished (took 1.92 seconds)
2026-09-11 06:41:26.147 10 INFO neutron.db.ovn_revision_numbers_db [None req-bff7ea1d-3a47-4e6e-9b65-eb5f5dc23994 9d81165a60f84388a501eee35c161425 18fdb29a9ab64147b1c24e80f142b19d - - default default] Successfully bumped revision number for resource 23ef39cf-4cea-478e-a1a4-e283da56316f (type: security_groups) to 1
2026-09-11 06:41:26.164 10 INFO neutron.db.ovn_revision_numbers_db [None req-bff7ea1d-3a47-4e6e-9b65-eb5f5dc23994 9d81165a60f84388a501eee35c161425 18fdb29a9ab64147b1c24e80f142b19d - - default default] Successfully bumped revision number for resource 45fb0c0d-bdb5-4422-9be4-bc694aba7a12 (type: security_group_rules) to 0
2026-09-11 06:41:26.177 10 INFO neutron.db.ovn_revision_numbers_db [None req-bff7ea1d-3a47-4e6e-9b65-eb5f5dc23994 9d81165a60f84388a501eee35c161425 18fdb29a9ab64147b1c24e80f142b19d - - default default] Successfully bumped revision number for resource 5c0f0c2e-2514-482e-84e5-286131810dd3 (type: security_group_rules) to 0
2026-09-11 06:41:26.196 10 INFO neutron.db.ovn_revision_numbers_db [None req-bff7ea1d-3a47-4e6e-9b65-eb5f5dc23994 9d81165a60f84388a501eee35c161425 18fdb29a9ab64147b1c24e80f142b19d - - default default] Successfully bumped revision number for resource 94ad7d3a-be11-48a6-bd06-f31eefaffd29 (type: security_group_rules) to 0
2026-09-11 06:41:26.218 10 INFO neutron.db.ovn_revision_numbers_db [None req-bff7ea1d-3a47-4e6e-9b65-eb5f5dc23994 9d81165a60f84388a501eee35c161425 18fdb29a9ab64147b1c24e80f142b19d - - default default] Successfully bumped revision number for resource b4bc685f-6dd9-43a2-8680-d3ef4007a3ad (type: security_group_rules) to 0
2026-09-11 06:41:26.337 10 INFO neutron.db.ovn_revision_numbers_db [None req-bff7ea1d-3a47-4e6e-9b65-eb5f5dc23994 9d81165a60f84388a501eee35c161425 18fdb29a9ab64147b1c24e80f142b19d - - default default] Successfully bumped revision number for resource 1f131df9-e98a-4062-8c31-199c0024e877 (type: security_groups) to 1
2026-09-11 06:41:26.355 10 INFO neutron.db.ovn_revision_numbers_db [None req-bff7ea1d-3a47-4e6e-9b65-eb5f5dc23994 9d81165a60f84388a501eee35c161425 18fdb29a9ab64147b1c24e80f142b19d - - default default] Successfully bumped revision number for resource 9605e33b-b7cd-4e0c-aa5e-bacdfcf0ffbd (type: security_group_rules) to 0
2026-09-11 06:41:26.380 10 INFO neutron.db.ovn_revision_numbers_db [None req-bff7ea1d-3a47-4e6e-9b65-eb5f5dc23994 9d81165a60f84388a501eee35c161425 18fdb29a9ab64147b1c24e80f142b19d - - default default] Successfully bumped revision number for resource d0d2d41a-19f2-4618-8d63-d993614eecfc (type: security_group_rules) to 0
2026-09-11 06:41:26.408 10 INFO neutron.wsgi [None req-bff7ea1d-3a47-4e6e-9b65-eb5f5dc23994 9d81165a60f84388a501eee35c161425 18fdb29a9ab64147b1c24e80f142b19d - - default default] 10.0.0.148 "POST /v2.0/security-groups HTTP/1.1" status: 201 len: 1737 time: 0.5753884
2026-09-11 06:41:26.429 9 INFO neutron.db.ovn_revision_numbers_db [None req-a780f2a8-6dff-41cb-99ee-2eb3f6c4e0d8 64b7b9ba322f459d9e9597fddf4ddb8b 56bb20dba5ba4489976ed3a23edc7c79 - - default default] Successfully bumped revision number for resource 421e6bca-6fbe-43ac-bfdc-99044b666af2 (type: security_groups) to 1
2026-09-11 06:41:26.448 9 INFO neutron.db.ovn_revision_numbers_db [None req-a780f2a8-6dff-41cb-99ee-2eb3f6c4e0d8 64b7b9ba322f459d9e9597fddf4ddb8b 56bb20dba5ba4489976ed3a23edc7c79 - - default default] Successfully bumped revision number for resource 20729878-0526-4447-9898-f665671c22d9 (type: security_group_rules) to 0
2026-09-11 06:41:26.458 10 INFO neutron.wsgi [None req-a55dc7f7-ad10-476a-957a-6a28ddcdafdc 9d81165a60f84388a501eee35c161425 18fdb29a9ab64147b1c24e80f142b19d - - default default] 10.0.0.148 "PUT /v2.0/security-groups/1f131df9-e98a-4062-8c31-199c0024e877/tags HTTP/1.1" status: 200 len: 218 time: 0.0411699
2026-09-11 06:41:26.464 9 INFO neutron.db.ovn_revision_numbers_db [None req-a780f2a8-6dff-41cb-99ee-2eb3f6c4e0d8 64b7b9ba322f459d9e9597fddf4ddb8b 56bb20dba5ba4489976ed3a23edc7c79 - - default default] Successfully bumped revision number for resource 7aac702a-587d-41b7-8372-9d689e86af4c (type: security_group_rules) to 0
2026-09-11 06:41:26.483 9 INFO neutron.db.ovn_revision_numbers_db [None req-a780f2a8-6dff-41cb-99ee-2eb3f6c4e0d8 64b7b9ba322f459d9e9597fddf4ddb8b 56bb20dba5ba4489976ed3a23edc7c79 - - default default] Successfully bumped revision number for resource 86a55141-d7d3-4e4e-8c14-043645ebea34 (type: security_group_rules) to 0
2026-09-11 06:41:26.485 10 INFO neutron.wsgi [None req-2bec2f84-8b11-4485-b37d-310e07361b96 9d81165a60f84388a501eee35c161425 18fdb29a9ab64147b1c24e80f142b19d - - default default] 10.0.0.148 "GET /v2.0/security-groups/1f131df9-e98a-4062-8c31-199c0024e877/tags HTTP/1.1" status: 200 len: 218 time: 0.0192189
2026-09-11 06:41:26.497 9 INFO neutron.db.ovn_revision_numbers_db [None req-a780f2a8-6dff-41cb-99ee-2eb3f6c4e0d8 64b7b9ba322f459d9e9597fddf4ddb8b 56bb20dba5ba4489976ed3a23edc7c79 - - default default] Successfully bumped revision number for resource d3b5820a-d30f-4c2a-bde0-eb8df0fffbc4 (type: security_group_rules) to 0
2026-09-11 06:41:26.523 10 INFO neutron.wsgi [None req-73081441-de21-4217-9d5c-3b0d58267b58 9d81165a60f84388a501eee35c161425 18fdb29a9ab64147b1c24e80f142b19d - - default default] 10.0.0.148 "PUT /v2.0/security-groups/1f131df9-e98a-4062-8c31-199c0024e877/tags/green HTTP/1.1" status: 201 len: 201 time: 0.0324566
2026-09-11 06:41:26.566 9 INFO neutron.db.segments_db [None req-a780f2a8-6dff-41cb-99ee-2eb3f6c4e0d8 64b7b9ba322f459d9e9597fddf4ddb8b 56bb20dba5ba4489976ed3a23edc7c79 - - default default] Added segment 85ddb0fc-8fe9-448e-9824-8769e4934bb6 of type geneve for network 33af1309-261c-4596-b92a-73ce1a8c7bee
2026-09-11 06:41:26.571 9 INFO neutron.wsgi [None req-c69eec7c-2c26-4ee9-b567-647864f5e088 9d81165a60f84388a501eee35c161425 18fdb29a9ab64147b1c24e80f142b19d - - default default] 10.0.0.148 "GET /v2.0/security-groups/1f131df9-e98a-4062-8c31-199c0024e877/tags HTTP/1.1" status: 200 len: 227 time: 0.0333080
2026-09-11 06:41:26.839 9 INFO neutron.wsgi [None req-31fde790-c275-47f1-9f28-55442ee33234 9d81165a60f84388a501eee35c161425 18fdb29a9ab64147b1c24e80f142b19d - - default default] 10.0.0.148 "PUT /v2.0/security-groups/1f131df9-e98a-4062-8c31-199c0024e877/tags/red HTTP/1.1" status: 201 len: 201 time: 0.2622001
2026-09-11 06:41:26.878 10 INFO neutron.wsgi [None req-24a4f125-3b37-48cb-bbb7-791b612d9cfd 9d81165a60f84388a501eee35c161425 18fdb29a9ab64147b1c24e80f142b19d - - default default] 10.0.0.148 "GET /v2.0/security-groups/1f131df9-e98a-4062-8c31-199c0024e877/tags HTTP/1.1" status: 200 len: 227 time: 0.0327928
2026-09-11 06:41:26.925 10 INFO neutron.wsgi [None req-51a5b168-1638-4482-9d98-bb583630b6f0 9d81165a60f84388a501eee35c161425 18fdb29a9ab64147b1c24e80f142b19d - - default default] 10.0.0.148 "PUT /v2.0/security-groups/1f131df9-e98a-4062-8c31-199c0024e877/tags/black.or.white HTTP/1.1" status: 201 len: 201 time: 0.0410323
2026-09-11 06:41:26.960 10 INFO neutron.wsgi [None req-84c41701-5c51-4461-9ba7-ca079425ca79 9d81165a60f84388a501eee35c161425 18fdb29a9ab64147b1c24e80f142b19d - - default default] 10.0.0.148 "GET /v2.0/security-groups/1f131df9-e98a-4062-8c31-199c0024e877/tags HTTP/1.1" status: 200 len: 245 time: 0.0248799
2026-09-11 06:41:26.968 9 INFO neutron.db.ovn_revision_numbers_db [None req-a780f2a8-6dff-41cb-99ee-2eb3f6c4e0d8 64b7b9ba322f459d9e9597fddf4ddb8b 56bb20dba5ba4489976ed3a23edc7c79 - - default default] Successfully bumped revision number for resource 33af1309-261c-4596-b92a-73ce1a8c7bee (type: networks) to 1
2026-09-11 06:41:27.015 10 INFO neutron.wsgi [None req-dd16898e-67a0-4162-93ff-02e83c84a510 9d81165a60f84388a501eee35c161425 18fdb29a9ab64147b1c24e80f142b19d - - default default] 10.0.0.148 "PUT /v2.0/security-groups/1f131df9-e98a-4062-8c31-199c0024e877/tags HTTP/1.1" status: 200 len: 230 time: 0.0491948
2026-09-11 06:41:27.047 10 INFO neutron.wsgi [None req-1ae4f085-def8-40dd-bb8d-9fbe0b20ac66 9d81165a60f84388a501eee35c161425 18fdb29a9ab64147b1c24e80f142b19d - - default default] 10.0.0.148 "GET /v2.0/security-groups/1f131df9-e98a-4062-8c31-199c0024e877/tags HTTP/1.1" status: 200 len: 230 time: 0.0258660
2026-09-11 06:41:27.074 10 INFO neutron.wsgi [None req-b66ccd5e-c158-49a0-bed1-258e07d44c61 9d81165a60f84388a501eee35c161425 18fdb29a9ab64147b1c24e80f142b19d - - default default] 10.0.0.148 "GET /v2.0/security-groups/1f131df9-e98a-4062-8c31-199c0024e877/tags/red HTTP/1.1" status: 204 len: 168 time: 0.0218019
2026-09-11 06:41:27.097 10 INFO neutron.api.v2.resource [None req-02f4fe94-e48e-4698-8e50-4d4b8605ddbf 9d81165a60f84388a501eee35c161425 18fdb29a9ab64147b1c24e80f142b19d - - default default] show failed (client error): The resource could not be found.
2026-09-11 06:41:27.098 10 INFO neutron.wsgi [None req-02f4fe94-e48e-4698-8e50-4d4b8605ddbf 9d81165a60f84388a501eee35c161425 18fdb29a9ab64147b1c24e80f142b19d - - default default] 10.0.0.148 "GET /v2.0/security-groups/1f131df9-e98a-4062-8c31-199c0024e877/tags/green HTTP/1.1" status: 404 len: 299 time: 0.0191059
2026-09-11 06:41:27.134 10 INFO neutron.wsgi [None req-0233f28d-3bcc-4137-bbd0-8a44940e9afb 9d81165a60f84388a501eee35c161425 18fdb29a9ab64147b1c24e80f142b19d - - default default] 10.0.0.148 "DELETE /v2.0/security-groups/1f131df9-e98a-4062-8c31-199c0024e877/tags/red HTTP/1.1" status: 204 len: 168 time: 0.0305078
2026-09-11 06:41:27.157 10 INFO neutron.wsgi [None req-847a40fb-993d-47d8-a2ca-e8da4013d475 9d81165a60f84388a501eee35c161425 18fdb29a9ab64147b1c24e80f142b19d - - default default] 10.0.0.148 "GET /v2.0/security-groups/1f131df9-e98a-4062-8c31-199c0024e877/tags HTTP/1.1" status: 200 len: 223 time: 0.0180397
2026-09-11 06:41:27.181 9 WARNING neutron.scheduler.dhcp_agent_scheduler [None req-a780f2a8-6dff-41cb-99ee-2eb3f6c4e0d8 64b7b9ba322f459d9e9597fddf4ddb8b 56bb20dba5ba4489976ed3a23edc7c79 - - default default] No more DHCP agents
2026-09-11 06:41:27.184 9 WARNING neutron.api.rpc.agentnotifiers.dhcp_rpc_agent_api [None req-a780f2a8-6dff-41cb-99ee-2eb3f6c4e0d8 64b7b9ba322f459d9e9597fddf4ddb8b 56bb20dba5ba4489976ed3a23edc7c79 - - default default] Unable to schedule network 33af1309-261c-4596-b92a-73ce1a8c7bee: no agents available; will retry on subsequent port and subnet creation events.
2026-09-11 06:41:27.186 10 INFO neutron.api.v2.resource [None req-ff8582e5-98ab-4488-bd1f-2d668d77b873 9d81165a60f84388a501eee35c161425 18fdb29a9ab64147b1c24e80f142b19d - - default default] delete failed (client error): The resource could not be found.
2026-09-11 06:41:27.187 10 INFO neutron.wsgi [None req-ff8582e5-98ab-4488-bd1f-2d668d77b873 9d81165a60f84388a501eee35c161425 18fdb29a9ab64147b1c24e80f142b19d - - default default] 10.0.0.148 "DELETE /v2.0/security-groups/1f131df9-e98a-4062-8c31-199c0024e877/tags/green HTTP/1.1" status: 404 len: 299 time: 0.0232992
2026-09-11 06:41:27.233 10 INFO neutron.wsgi [None req-8f32f2c2-59b8-4f29-a873-b669b6dae542 9d81165a60f84388a501eee35c161425 18fdb29a9ab64147b1c24e80f142b19d - - default default] 10.0.0.148 "DELETE /v2.0/security-groups/1f131df9-e98a-4062-8c31-199c0024e877/tags HTTP/1.1" status: 204 len: 168 time: 0.0400727
2026-09-11 06:41:27.260 10 INFO neutron.wsgi [None req-b8dbe340-6a23-431b-82fd-5026095348e4 9d81165a60f84388a501eee35c161425 18fdb29a9ab64147b1c24e80f142b19d - - default default] 10.0.0.148 "GET /v2.0/security-groups/1f131df9-e98a-4062-8c31-199c0024e877/tags HTTP/1.1" status: 200 len: 205 time: 0.0208800
2026-09-11 06:41:27.266 9 INFO neutron.db.ovn_revision_numbers_db [None req-a780f2a8-6dff-41cb-99ee-2eb3f6c4e0d8 64b7b9ba322f459d9e9597fddf4ddb8b 56bb20dba5ba4489976ed3a23edc7c79 - - default default] Successfully bumped revision number for resource 1dac9719-b162-43d7-a783-ea2f8273321f (type: ports) to 1
2026-09-11 06:41:27.286 9 INFO neutron.wsgi [None req-a780f2a8-6dff-41cb-99ee-2eb3f6c4e0d8 64b7b9ba322f459d9e9597fddf4ddb8b 56bb20dba5ba4489976ed3a23edc7c79 - - default default] 10.0.0.148 "POST /v2.0/networks HTTP/1.1" status: 201 len: 829 time: 1.0750699
2026-09-11 06:41:27.349 10 INFO neutron.wsgi [None req-4cd3dd65-df71-4bfc-8421-93399b1ecac9 9d81165a60f84388a501eee35c161425 18fdb29a9ab64147b1c24e80f142b19d - - default default] 10.0.0.148 "DELETE /v2.0/security-groups/1f131df9-e98a-4062-8c31-199c0024e877 HTTP/1.1" status: 204 len: 168 time: 0.0838959
2026-09-11 06:41:27.484 9 WARNING neutron.scheduler.dhcp_agent_scheduler [None req-642843c4-af0b-4363-ba93-76033ad60478 64b7b9ba322f459d9e9597fddf4ddb8b 56bb20dba5ba4489976ed3a23edc7c79 - - default default] No more DHCP agents
2026-09-11 06:41:27.486 9 WARNING neutron.api.rpc.agentnotifiers.dhcp_rpc_agent_api [None req-642843c4-af0b-4363-ba93-76033ad60478 64b7b9ba322f459d9e9597fddf4ddb8b 56bb20dba5ba4489976ed3a23edc7c79 - - default default] Unable to schedule network 33af1309-261c-4596-b92a-73ce1a8c7bee: no agents available; will retry on subsequent port and subnet creation events.
2026-09-11 06:41:28.032 9 INFO neutron.db.ovn_revision_numbers_db [None req-642843c4-af0b-4363-ba93-76033ad60478 64b7b9ba322f459d9e9597fddf4ddb8b 56bb20dba5ba4489976ed3a23edc7c79 - - default default] Successfully bumped revision number for resource 1dac9719-b162-43d7-a783-ea2f8273321f (type: ports) to 2
2026-09-11 06:41:28.062 9 INFO neutron.db.ovn_revision_numbers_db [None req-642843c4-af0b-4363-ba93-76033ad60478 64b7b9ba322f459d9e9597fddf4ddb8b 56bb20dba5ba4489976ed3a23edc7c79 - - default default] Successfully bumped revision number for resource 2354199c-e692-45a1-bb1d-51b84c9cbd36 (type: subnets) to 0
2026-09-11 06:41:28.075 9 INFO neutron.wsgi [None req-642843c4-af0b-4363-ba93-76033ad60478 64b7b9ba322f459d9e9597fddf4ddb8b 56bb20dba5ba4489976ed3a23edc7c79 - - default default] 10.0.0.148 "POST /v2.0/subnets HTTP/1.1" status: 201 len: 801 time: 0.7842970
2026-09-11 06:41:28.176 9 INFO neutron.db.segments_db [None req-da9d3022-c222-496b-b675-b03344a04654 64b7b9ba322f459d9e9597fddf4ddb8b 56bb20dba5ba4489976ed3a23edc7c79 - - default default] Added segment f7aaceaf-cb3e-4592-98d8-d1116ab91789 of type geneve for network 9978b278-b358-47f3-9f64-32126deb8a26
2026-09-11 06:41:28.347 10 INFO neutron.wsgi [None req-128ba451-3e88-4378-9440-7a87b852d360 e915aac3d8cf44b5bd14642408eaa706 d5a18636bbbc4419932587742c22c0e5 - - default default] 10.0.0.148 "GET /v2.0/security-groups?tenant_id=18fdb29a9ab64147b1c24e80f142b19d&name=default HTTP/1.1" status: 200 len: 2996 time: 0.1689911
2026-09-11 06:41:28.369 9 INFO neutron.db.ovn_revision_numbers_db [None req-da9d3022-c222-496b-b675-b03344a04654 64b7b9ba322f459d9e9597fddf4ddb8b 56bb20dba5ba4489976ed3a23edc7c79 - - default default] Successfully bumped revision number for resource 9978b278-b358-47f3-9f64-32126deb8a26 (type: networks) to 1
2026-09-11 06:41:28.525 10 INFO neutron.wsgi [None req-73f08a5e-f31d-4cba-8dc1-19ae36b62190 e915aac3d8cf44b5bd14642408eaa706 d5a18636bbbc4419932587742c22c0e5 - - default default] 10.0.0.148 "DELETE /v2.0/security-groups/23ef39cf-4cea-478e-a1a4-e283da56316f HTTP/1.1" status: 204 len: 168 time: 0.1720376
2026-09-11 06:41:28.581 9 WARNING neutron.scheduler.dhcp_agent_scheduler [None req-da9d3022-c222-496b-b675-b03344a04654 64b7b9ba322f459d9e9597fddf4ddb8b 56bb20dba5ba4489976ed3a23edc7c79 - - default default] No more DHCP agents
2026-09-11 06:41:28.583 9 WARNING neutron.api.rpc.agentnotifiers.dhcp_rpc_agent_api [None req-da9d3022-c222-496b-b675-b03344a04654 64b7b9ba322f459d9e9597fddf4ddb8b 56bb20dba5ba4489976ed3a23edc7c79 - - default default] Unable to schedule network 9978b278-b358-47f3-9f64-32126deb8a26: no agents available; will retry on subsequent port and subnet creation events.
2026-09-11 06:41:28.655 9 INFO neutron.db.ovn_revision_numbers_db [None req-da9d3022-c222-496b-b675-b03344a04654 64b7b9ba322f459d9e9597fddf4ddb8b 56bb20dba5ba4489976ed3a23edc7c79 - - default default] Successfully bumped revision number for resource a265a925-933c-472e-ba98-2ab0afe5601f (type: ports) to 1
2026-09-11 06:41:28.676 9 INFO neutron.wsgi [None req-da9d3022-c222-496b-b675-b03344a04654 64b7b9ba322f459d9e9597fddf4ddb8b 56bb20dba5ba4489976ed3a23edc7c79 - - default default] 10.0.0.148 "POST /v2.0/networks HTTP/1.1" status: 201 len: 831 time: 0.5965235
2026-09-11 06:41:28.728 9 INFO neutron.db.ovn_revision_numbers_db [None req-8832b33c-60bb-4c87-a8c7-fc52bb223bf7 e915aac3d8cf44b5bd14642408eaa706 d5a18636bbbc4419932587742c22c0e5 - - default default] Successfully bumped revision number for resource 4923015b-5839-484b-8865-045efa4f9dca (type: security_groups) to 1
2026-09-11 06:41:28.741 9 INFO neutron.db.ovn_revision_numbers_db [None req-8832b33c-60bb-4c87-a8c7-fc52bb223bf7 e915aac3d8cf44b5bd14642408eaa706 d5a18636bbbc4419932587742c22c0e5 - - default default] Successfully bumped revision number for resource 73021467-ea4c-4f06-be30-bf63b19658bf (type: security_group_rules) to 0
2026-09-11 06:41:28.765 9 INFO neutron.db.ovn_revision_numbers_db [None req-8832b33c-60bb-4c87-a8c7-fc52bb223bf7 e915aac3d8cf44b5bd14642408eaa706 d5a18636bbbc4419932587742c22c0e5 - - default default] Successfully bumped revision number for resource 7b3e98e9-8dda-4c1a-b03a-0385d095b5d1 (type: security_group_rules) to 0
2026-09-11 06:41:28.779 9 INFO neutron.db.ovn_revision_numbers_db [None req-8832b33c-60bb-4c87-a8c7-fc52bb223bf7 e915aac3d8cf44b5bd14642408eaa706 d5a18636bbbc4419932587742c22c0e5 - - default default] Successfully bumped revision number for resource bf917d3d-5dd1-4df2-9124-6599b637f3c7 (type: security_group_rules) to 0
2026-09-11 06:41:28.802 9 INFO neutron.db.ovn_revision_numbers_db [None req-8832b33c-60bb-4c87-a8c7-fc52bb223bf7 e915aac3d8cf44b5bd14642408eaa706 d5a18636bbbc4419932587742c22c0e5 - - default default] Successfully bumped revision number for resource e0db9cc5-d47c-434d-9909-40f403f0fee4 (type: security_group_rules) to 0
2026-09-11 06:41:28.829 9 INFO neutron.wsgi [None req-8832b33c-60bb-4c87-a8c7-fc52bb223bf7 e915aac3d8cf44b5bd14642408eaa706 d5a18636bbbc4419932587742c22c0e5 - - default default] 10.0.0.148 "GET /v2.0/security-groups?tenant_id=da7cd1eb2c1a4b85abc1735240c4ff49&name=default HTTP/1.1" status: 200 len: 2996 time: 0.2282941
2026-09-11 06:41:28.927 9 WARNING neutron.scheduler.dhcp_agent_scheduler [None req-e6268a51-d73f-4fcd-b408-589fa4178020 64b7b9ba322f459d9e9597fddf4ddb8b 56bb20dba5ba4489976ed3a23edc7c79 - - default default] No more DHCP agents
2026-09-11 06:41:28.929 9 WARNING neutron.api.rpc.agentnotifiers.dhcp_rpc_agent_api [None req-e6268a51-d73f-4fcd-b408-589fa4178020 64b7b9ba322f459d9e9597fddf4ddb8b 56bb20dba5ba4489976ed3a23edc7c79 - - default default] Unable to schedule network 9978b278-b358-47f3-9f64-32126deb8a26: no agents available; will retry on subsequent port and subnet creation events.
2026-09-11 06:41:29.103 9 INFO neutron.wsgi [None req-6f75b50d-0fad-4b57-8c54-23f3b77cf575 e915aac3d8cf44b5bd14642408eaa706 d5a18636bbbc4419932587742c22c0e5 - - default default] 10.0.0.148 "DELETE /v2.0/security-groups/4923015b-5839-484b-8865-045efa4f9dca HTTP/1.1" status: 204 len: 168 time: 0.2688668
2026-09-11 06:41:29.355 9 INFO neutron.db.ovn_revision_numbers_db [None req-e6268a51-d73f-4fcd-b408-589fa4178020 64b7b9ba322f459d9e9597fddf4ddb8b 56bb20dba5ba4489976ed3a23edc7c79 - - default default] Successfully bumped revision number for resource a265a925-933c-472e-ba98-2ab0afe5601f (type: ports) to 2
2026-09-11 06:41:29.386 9 INFO neutron.db.ovn_revision_numbers_db [None req-e6268a51-d73f-4fcd-b408-589fa4178020 64b7b9ba322f459d9e9597fddf4ddb8b 56bb20dba5ba4489976ed3a23edc7c79 - - default default] Successfully bumped revision number for resource 3efd8c41-ae4f-4b1c-9716-214c625dcbf9 (type: subnets) to 0
2026-09-11 06:41:29.403 9 INFO neutron.wsgi [None req-e6268a51-d73f-4fcd-b408-589fa4178020 64b7b9ba322f459d9e9597fddf4ddb8b 56bb20dba5ba4489976ed3a23edc7c79 - - default default] 10.0.0.148 "POST /v2.0/subnets HTTP/1.1" status: 201 len: 804 time: 0.7217658
2026-09-11 06:41:29.497 9 INFO neutron.db.segments_db [None req-67c195db-a406-4773-a9f2-666260c1917b 64b7b9ba322f459d9e9597fddf4ddb8b 56bb20dba5ba4489976ed3a23edc7c79 - - default default] Added segment 97bd578f-2351-4dd0-a628-8b4aab9f7d13 of type geneve for network e84f0c46-3173-405b-af1b-7cca6c3f9d2a
2026-09-11 06:41:29.668 9 INFO neutron.db.ovn_revision_numbers_db [None req-67c195db-a406-4773-a9f2-666260c1917b 64b7b9ba322f459d9e9597fddf4ddb8b 56bb20dba5ba4489976ed3a23edc7c79 - - default default] Successfully bumped revision number for resource e84f0c46-3173-405b-af1b-7cca6c3f9d2a (type: networks) to 1
2026-09-11 06:41:29.855 9 WARNING neutron.scheduler.dhcp_agent_scheduler [None req-67c195db-a406-4773-a9f2-666260c1917b 64b7b9ba322f459d9e9597fddf4ddb8b 56bb20dba5ba4489976ed3a23edc7c79 - - default default] No more DHCP agents
2026-09-11 06:41:29.857 9 WARNING neutron.api.rpc.agentnotifiers.dhcp_rpc_agent_api [None req-67c195db-a406-4773-a9f2-666260c1917b 64b7b9ba322f459d9e9597fddf4ddb8b 56bb20dba5ba4489976ed3a23edc7c79 - - default default] Unable to schedule network e84f0c46-3173-405b-af1b-7cca6c3f9d2a: no agents available; will retry on subsequent port and subnet creation events.
2026-09-11 06:41:29.935 9 INFO neutron.db.ovn_revision_numbers_db [None req-67c195db-a406-4773-a9f2-666260c1917b 64b7b9ba322f459d9e9597fddf4ddb8b 56bb20dba5ba4489976ed3a23edc7c79 - - default default] Successfully bumped revision number for resource 49f574a9-5ec9-41d4-93ab-eb197082ffea (type: ports) to 1
2026-09-11 06:41:29.962 9 INFO neutron.wsgi [None req-67c195db-a406-4773-a9f2-666260c1917b 64b7b9ba322f459d9e9597fddf4ddb8b 56bb20dba5ba4489976ed3a23edc7c79 - - default default] 10.0.0.148 "POST /v2.0/networks HTTP/1.1" status: 201 len: 831 time: 0.5522714
2026-09-11 06:41:30.199 9 WARNING neutron.scheduler.dhcp_agent_scheduler [None req-5f6bc4f8-7387-4a0c-9f26-b44b22d021de 64b7b9ba322f459d9e9597fddf4ddb8b 56bb20dba5ba4489976ed3a23edc7c79 - - default default] No more DHCP agents
2026-09-11 06:41:30.201 9 WARNING neutron.api.rpc.agentnotifiers.dhcp_rpc_agent_api [None req-5f6bc4f8-7387-4a0c-9f26-b44b22d021de 64b7b9ba322f459d9e9597fddf4ddb8b 56bb20dba5ba4489976ed3a23edc7c79 - - default default] Unable to schedule network e84f0c46-3173-405b-af1b-7cca6c3f9d2a: no agents available; will retry on subsequent port and subnet creation events.
2026-09-11 06:41:30.537 9 INFO neutron.wsgi [req-ab9be5a4-78ab-4904-845e-4e7f773c3eec req-f5ddb7b0-89d7-4354-aec7-9573dd42b01f 80c6bb2e1edc4e01b1c3ea12d3069372 c33c39a2bc9745e581b16e35759da8c3 - - default default] 10.0.0.159 "GET /v2.0/ports?device_id=f2f374ac-022d-4896-81e7-82768640ca24 HTTP/1.1" status: 200 len: 1210 time: 0.1105537
2026-09-11 06:41:30.594 9 INFO neutron.wsgi [req-ab9be5a4-78ab-4904-845e-4e7f773c3eec req-f14427a3-3de8-4d9b-a895-b784cab9ac37 80c6bb2e1edc4e01b1c3ea12d3069372 c33c39a2bc9745e581b16e35759da8c3 - - default default] 10.0.0.159 "GET /v2.0/security-groups?id=f8c95cdb-6774-469a-b43a-68c402343b67&id=bb40fe9b-e707-4635-b638-e754d65762ce&fields=id&fields=name HTTP/1.1" status: 200 len: 404 time: 0.0476408
2026-09-11 06:41:30.651 9 INFO neutron.db.ovn_revision_numbers_db [None req-5f6bc4f8-7387-4a0c-9f26-b44b22d021de 64b7b9ba322f459d9e9597fddf4ddb8b 56bb20dba5ba4489976ed3a23edc7c79 - - default default] Successfully bumped revision number for resource 49f574a9-5ec9-41d4-93ab-eb197082ffea (type: ports) to 2
2026-09-11 06:41:30.685 9 INFO neutron.db.ovn_revision_numbers_db [None req-5f6bc4f8-7387-4a0c-9f26-b44b22d021de 64b7b9ba322f459d9e9597fddf4ddb8b 56bb20dba5ba4489976ed3a23edc7c79 - - default default] Successfully bumped revision number for resource 6cfedff0-266d-40ee-82fe-187728efb4e2 (type: subnets) to 0
2026-09-11 06:41:30.698 9 INFO neutron.wsgi [None req-5f6bc4f8-7387-4a0c-9f26-b44b22d021de 64b7b9ba322f459d9e9597fddf4ddb8b 56bb20dba5ba4489976ed3a23edc7c79 - - default default] 10.0.0.148 "POST /v2.0/subnets HTTP/1.1" status: 201 len: 804 time: 0.7315629
2026-09-11 06:41:30.830 10 INFO neutron.db.segments_db [None req-9f04f9c6-fe75-41f7-a09b-e28e12b710f7 64b7b9ba322f459d9e9597fddf4ddb8b 56bb20dba5ba4489976ed3a23edc7c79 - - default default] Added segment dd3303b2-d0b7-4f4c-b9e8-ef1ad2a8b4be of type geneve for network 980e41a1-e6a8-458c-87c7-29af4073ab12
2026-09-11 06:41:31.024 9 INFO neutron.wsgi [None req-a2a62c09-a7d8-44c6-81ed-e270cfd32ebf d0c0f285aa48455ca0fac7439d7cfdda d64c7876058e428d8973c819d7422105 - - default default] 10.0.0.148 "GET /v2.0/ports?device_id=f2f374ac-022d-4896-81e7-82768640ca24 HTTP/1.1" status: 200 len: 1443 time: 0.4005980
2026-09-11 06:41:31.092 10 INFO neutron.db.ovn_revision_numbers_db [None req-9f04f9c6-fe75-41f7-a09b-e28e12b710f7 64b7b9ba322f459d9e9597fddf4ddb8b 56bb20dba5ba4489976ed3a23edc7c79 - - default default] Successfully bumped revision number for resource 980e41a1-e6a8-458c-87c7-29af4073ab12 (type: networks) to 1
2026-09-11 06:41:31.097 10 INFO neutron.wsgi [None req-379a73c0-6734-44cc-a8c4-b61775ee2961 80c6bb2e1edc4e01b1c3ea12d3069372 c33c39a2bc9745e581b16e35759da8c3 - - default default] 10.0.0.148 "GET /v2.0/floatingips?floating_network_id=e871f3f8-9325-4ec8-89b9-e381e1782448&port_id=9d26527c-b4f8-4620-b6ed-62fb038053b6 HTTP/1.1" status: 200 len: 1054 time: 0.0664792
2026-09-11 06:41:31.262 10 WARNING neutron.scheduler.dhcp_agent_scheduler [None req-9f04f9c6-fe75-41f7-a09b-e28e12b710f7 64b7b9ba322f459d9e9597fddf4ddb8b 56bb20dba5ba4489976ed3a23edc7c79 - - default default] No more DHCP agents
2026-09-11 06:41:31.265 10 WARNING neutron.api.rpc.agentnotifiers.dhcp_rpc_agent_api [None req-9f04f9c6-fe75-41f7-a09b-e28e12b710f7 64b7b9ba322f459d9e9597fddf4ddb8b 56bb20dba5ba4489976ed3a23edc7c79 - - default default] Unable to schedule network 980e41a1-e6a8-458c-87c7-29af4073ab12: no agents available; will retry on subsequent port and subnet creation events.
2026-09-11 06:41:31.370 10 INFO neutron.db.ovn_revision_numbers_db [None req-9f04f9c6-fe75-41f7-a09b-e28e12b710f7 64b7b9ba322f459d9e9597fddf4ddb8b 56bb20dba5ba4489976ed3a23edc7c79 - - default default] Successfully bumped revision number for resource f8510a55-421c-483b-9f6d-56a64ac00210 (type: ports) to 1
2026-09-11 06:41:31.412 10 INFO neutron.wsgi [None req-9f04f9c6-fe75-41f7-a09b-e28e12b710f7 64b7b9ba322f459d9e9597fddf4ddb8b 56bb20dba5ba4489976ed3a23edc7c79 - - default default] 10.0.0.148 "POST /v2.0/networks HTTP/1.1" status: 201 len: 831 time: 0.7095182
