2026-09-11 06:41:08.910 9 WARNING neutron.plugins.ml2.drivers.ovn.mech_driver.ovsdb.ovn_client [None req-152a3724-0546-47c9-9d80-04f0c556738d - - - - - -] No hosting information found for port a98353d1-eafc-4512-b3ef-27870679bb82: RuntimeError: No hosting information found for port a98353d1-eafc-4512-b3ef-27870679bb82
2026-09-11 06:41:08.928 9 INFO neutron.wsgi [None req-995e11a3-e068-476c-841a-5a341a5a6045 b53d946b1d1d4809b820d3599dd214e4 3608ae69711f4514933e9b97f7d77598 - - default default] 10.0.0.148 "POST /v2.0/floatingips HTTP/1.1" status: 201 len: 751 time: 0.9871640
2026-09-11 06:41:08.955 10 INFO neutron.wsgi [None req-60599423-7a36-44af-9fb1-8088ccd17e95 0b3b67e4a08d4b65884316ad36d6bab6 09675c5fb53e477eb16e1da130c48550 - - default default] 10.0.0.148 "DELETE /v2.0/networks/051725b7-c9dc-4bc7-9a14-79add14bcf49 HTTP/1.1" status: 204 len: 168 time: 0.4129286
2026-09-11 06:41:08.967 9 INFO neutron.wsgi [req-9eb5f726-2bce-4805-b389-57a009b22b8a req-b9660fa4-7812-4555-9989-258b26d5e5e8 80c6bb2e1edc4e01b1c3ea12d3069372 c33c39a2bc9745e581b16e35759da8c3 - - default default] 10.0.0.159 "GET /v2.0/networks?id=4234107e-7058-47c4-92bb-06535f62d357 HTTP/1.1" status: 200 len: 872 time: 0.1008215
2026-09-11 06:41:08.981 9 INFO neutron.wsgi [req-9eb5f726-2bce-4805-b389-57a009b22b8a req-e2bae291-786d-47b4-8d94-51ba8a5738c8 80c6bb2e1edc4e01b1c3ea12d3069372 c33c39a2bc9745e581b16e35759da8c3 - - default default] 10.0.0.159 "GET /v2.0/quotas/c33c39a2bc9745e581b16e35759da8c3 HTTP/1.1" status: 200 len: 386 time: 0.0073349
2026-09-11 06:41:09.070 9 INFO neutron.wsgi [req-9eb5f726-2bce-4805-b389-57a009b22b8a req-57a00aca-9201-4f62-b9f6-5aed680c249f 80c6bb2e1edc4e01b1c3ea12d3069372 c33c39a2bc9745e581b16e35759da8c3 - - default default] 10.0.0.159 "GET /v2.0/ports?tenant_id=c33c39a2bc9745e581b16e35759da8c3&fields=id HTTP/1.1" status: 200 len: 302 time: 0.0841339
2026-09-11 06:41:09.127 9 INFO neutron.wsgi [req-9eb5f726-2bce-4805-b389-57a009b22b8a req-a301e50b-7228-4b28-8f4b-eb96770169b0 efe35623479b45798794747db62a1a5c cabec951436a4d0eaec193ce1f9fc389 - - c31d3e9b3c3142cba44307f86026f19a c31d3e9b3c3142cba44307f86026f19a] 10.0.0.159 "GET /v2.0/networks/4234107e-7058-47c4-92bb-06535f62d357?fields=segments HTTP/1.1" status: 200 len: 212 time: 0.0437160
2026-09-11 06:41:09.139 10 INFO neutron.services.segments.plugin [-] Segment 7734962a-a2e6-432c-80d6-81e0d4debb91 resource provider aggregate not found
2026-09-11 06:41:09.143 10 INFO neutron.services.segments.plugin [-] Segment 7734962a-a2e6-432c-80d6-81e0d4debb91 resource provider aggregate not found
2026-09-11 06:41:09.160 10 INFO neutron.services.segments.plugin [-] Segment 7734962a-a2e6-432c-80d6-81e0d4debb91 resource provider not found; error: Placement Client Error (4xx): {"errors": [{"status": 404, "title": "Not Found", "detail": "The resource could not be found.\n\n No resource provider with uuid 7734962a-a2e6-432c-80d6-81e0d4debb91 found for delete ", "request_id": "req-a1ad7b06-7990-46be-add4-55c4ae04865b"}]}
2026-09-11 06:41:09.169 10 INFO neutron.services.segments.plugin [-] Segment 7734962a-a2e6-432c-80d6-81e0d4debb91 resource provider not found; error: Placement Client Error (4xx): {"errors": [{"status": 404, "title": "Not Found", "detail": "The resource could not be found.\n\n No resource provider with uuid 7734962a-a2e6-432c-80d6-81e0d4debb91 found for delete ", "request_id": "req-6340b1e0-e4ee-4e77-917a-941d6bab5bc4"}]}
2026-09-11 06:41:09.185 10 WARNING neutron.scheduler.dhcp_agent_scheduler [None req-70574ab0-94a0-4bb8-ad18-7fe638cf9516 b53d946b1d1d4809b820d3599dd214e4 3608ae69711f4514933e9b97f7d77598 - - default default] No more DHCP agents
2026-09-11 06:41:09.187 9 INFO neutron.wsgi [req-9eb5f726-2bce-4805-b389-57a009b22b8a req-7c8b50d4-99b8-4922-8998-d070a570bf58 efe35623479b45798794747db62a1a5c cabec951436a4d0eaec193ce1f9fc389 - - c31d3e9b3c3142cba44307f86026f19a c31d3e9b3c3142cba44307f86026f19a] 10.0.0.159 "GET /v2.0/networks/4234107e-7058-47c4-92bb-06535f62d357?fields=provider%3Aphysical_network&fields=provider%3Anetwork_type HTTP/1.1" status: 200 len: 277 time: 0.0515134
2026-09-11 06:41:09.188 10 WARNING neutron.api.rpc.agentnotifiers.dhcp_rpc_agent_api [None req-70574ab0-94a0-4bb8-ad18-7fe638cf9516 b53d946b1d1d4809b820d3599dd214e4 3608ae69711f4514933e9b97f7d77598 - - default default] Unable to schedule network e871f3f8-9325-4ec8-89b9-e381e1782448: no agents available; will retry on subsequent port and subnet creation events.
2026-09-11 06:41:09.364 9 INFO neutron.wsgi [req-5c7d3bf2-0aec-47de-ac90-27c58b1c15d9 req-0d08973d-12ac-4f9c-9689-32a1759ad6c1 80c6bb2e1edc4e01b1c3ea12d3069372 c33c39a2bc9745e581b16e35759da8c3 - - default default] 10.0.0.159 "GET /v2.0/ports?device_id=f2f374ac-022d-4896-81e7-82768640ca24 HTTP/1.1" status: 200 len: 210 time: 0.0260856
2026-09-11 06:41:09.460 10 INFO neutron.db.ovn_revision_numbers_db [None req-70574ab0-94a0-4bb8-ad18-7fe638cf9516 b53d946b1d1d4809b820d3599dd214e4 3608ae69711f4514933e9b97f7d77598 - - default default] Successfully bumped revision number for resource ef8891ad-4011-47df-9789-f18aa109a022 (type: floatingips) to 0
2026-09-11 06:41:09.473 10 INFO neutron.wsgi [None req-70574ab0-94a0-4bb8-ad18-7fe638cf9516 b53d946b1d1d4809b820d3599dd214e4 3608ae69711f4514933e9b97f7d77598 - - default default] 10.0.0.148 "POST /v2.0/floatingips HTTP/1.1" status: 201 len: 751 time: 0.5382080
2026-09-11 06:41:09.509 10 INFO neutron.wsgi [None req-d4dcd95b-3b18-444a-a5b2-41d003ec5a2f b53d946b1d1d4809b820d3599dd214e4 3608ae69711f4514933e9b97f7d77598 - - default default] 10.0.0.148 "PUT /v2.0/floatingips/86670ca0-aa26-478c-9869-6de2e729b3df/tags HTTP/1.1" status: 200 len: 210 time: 0.0297987
2026-09-11 06:41:09.548 9 INFO neutron.services.segments.plugin [-] Segment e6b51e6e-a65a-4bbd-8ae4-7d062b8de622 resource provider aggregate not found
2026-09-11 06:41:09.554 9 INFO neutron.services.segments.plugin [-] Segment e6b51e6e-a65a-4bbd-8ae4-7d062b8de622 resource provider aggregate not found
2026-09-11 06:41:09.574 9 INFO neutron.services.segments.plugin [-] Segment e6b51e6e-a65a-4bbd-8ae4-7d062b8de622 resource provider not found; error: Placement Client Error (4xx): {"errors": [{"status": 404, "title": "Not Found", "detail": "The resource could not be found.\n\n No resource provider with uuid e6b51e6e-a65a-4bbd-8ae4-7d062b8de622 found for delete ", "request_id": "req-d79d5a85-160e-4436-b4fb-942a959848cf"}]}
2026-09-11 06:41:09.580 9 INFO neutron.services.segments.plugin [-] Segment e6b51e6e-a65a-4bbd-8ae4-7d062b8de622 resource provider not found; error: Placement Client Error (4xx): {"errors": [{"status": 404, "title": "Not Found", "detail": "The resource could not be found.\n\n No resource provider with uuid e6b51e6e-a65a-4bbd-8ae4-7d062b8de622 found for delete ", "request_id": "req-a738d86c-5689-4320-927c-8c6c9846b64d"}]}
2026-09-11 06:41:09.600 9 INFO neutron.services.segments.plugin [-] Segment 03d0aa00-b23e-4549-8d88-d36b3b0f8e1f resource provider aggregate not found
2026-09-11 06:41:09.605 9 INFO neutron.services.segments.plugin [-] Segment 03d0aa00-b23e-4549-8d88-d36b3b0f8e1f resource provider aggregate not found
2026-09-11 06:41:09.612 9 INFO neutron.wsgi [None req-b798c274-d817-48d9-a704-8b21b534e0b0 b53d946b1d1d4809b820d3599dd214e4 3608ae69711f4514933e9b97f7d77598 - - default default] 10.0.0.148 "PUT /v2.0/floatingips/fda6ed2a-8f80-40a7-b649-c8d7a44fce9c/tags HTTP/1.1" status: 200 len: 218 time: 0.0904558
2026-09-11 06:41:09.622 9 INFO neutron.services.segments.plugin [-] Segment 03d0aa00-b23e-4549-8d88-d36b3b0f8e1f resource provider not found; error: Placement Client Error (4xx): {"errors": [{"status": 404, "title": "Not Found", "detail": "The resource could not be found.\n\n No resource provider with uuid 03d0aa00-b23e-4549-8d88-d36b3b0f8e1f found for delete ", "request_id": "req-5d352bd3-df29-4de3-b011-a2be2f1b8b12"}]}
2026-09-11 06:41:09.636 9 INFO neutron.services.segments.plugin [-] Segment 03d0aa00-b23e-4549-8d88-d36b3b0f8e1f resource provider not found; error: Placement Client Error (4xx): {"errors": [{"status": 404, "title": "Not Found", "detail": "The resource could not be found.\n\n No resource provider with uuid 03d0aa00-b23e-4549-8d88-d36b3b0f8e1f found for delete ", "request_id": "req-6d5100d8-a943-4ce6-87d5-cc41c1d6f91f"}]}
2026-09-11 06:41:09.652 9 INFO neutron.wsgi [None req-d4a25f6d-1540-4af7-8a9b-e96276f669db b53d946b1d1d4809b820d3599dd214e4 3608ae69711f4514933e9b97f7d77598 - - default default] 10.0.0.148 "PUT /v2.0/floatingips/3ed91a19-8b38-4c5c-bf47-326ac2b70190/tags HTTP/1.1" status: 200 len: 227 time: 0.0341585
2026-09-11 06:41:09.682 9 INFO neutron.wsgi [None req-330e88f0-d8e1-4cef-b869-83e2c15ad893 b53d946b1d1d4809b820d3599dd214e4 3608ae69711f4514933e9b97f7d77598 - - default default] 10.0.0.148 "PUT /v2.0/floatingips/82ec487e-2919-4f78-a9fa-df008cd571d3/tags HTTP/1.1" status: 200 len: 212 time: 0.0251079
2026-09-11 06:41:09.725 9 INFO neutron.wsgi [None req-6eb768e9-524a-4a75-8bde-17e8e7d81810 b53d946b1d1d4809b820d3599dd214e4 3608ae69711f4514933e9b97f7d77598 - - default default] 10.0.0.148 "GET /v2.0/floatingips?tags=red HTTP/1.1" status: 200 len: 1866 time: 0.0373957
2026-09-11 06:41:09.763 9 INFO neutron.wsgi [None req-194850a5-fd80-45a8-8bc4-dbd487b68859 b53d946b1d1d4809b820d3599dd214e4 3608ae69711f4514933e9b97f7d77598 - - default default] 10.0.0.148 "GET /v2.0/floatingips?tags=red%2Cblue HTTP/1.1" status: 200 len: 1323 time: 0.0312414
2026-09-11 06:41:09.804 9 INFO neutron.wsgi [None req-2c55b1f9-6aa1-4427-901e-471e6749fc7b b53d946b1d1d4809b820d3599dd214e4 3608ae69711f4514933e9b97f7d77598 - - default default] 10.0.0.148 "GET /v2.0/floatingips?tags-any=blue HTTP/1.1" status: 200 len: 1323 time: 0.0349486
2026-09-11 06:41:09.836 9 INFO neutron.wsgi [None req-845a2c0b-184a-4283-9fd3-ace17e30b6dc b53d946b1d1d4809b820d3599dd214e4 3608ae69711f4514933e9b97f7d77598 - - default default] 10.0.0.148 "GET /v2.0/floatingips?tags-any=red%2Cblue HTTP/1.1" status: 200 len: 1866 time: 0.0263774
2026-09-11 06:41:09.896 9 INFO neutron.wsgi [None req-e30c766e-116e-4268-99a9-7d4796fb672e b53d946b1d1d4809b820d3599dd214e4 3608ae69711f4514933e9b97f7d77598 - - default default] 10.0.0.148 "GET /v2.0/floatingips?not-tags=red HTTP/1.1" status: 200 len: 1295 time: 0.0539339
2026-09-11 06:41:09.952 9 INFO neutron.wsgi [None req-78ca0fb0-488a-4b45-bab1-a4de9f02139e b53d946b1d1d4809b820d3599dd214e4 3608ae69711f4514933e9b97f7d77598 - - default default] 10.0.0.148 "GET /v2.0/floatingips?not-tags=red%2Cblue HTTP/1.1" status: 200 len: 1838 time: 0.0521269
2026-09-11 06:41:10.000 9 INFO neutron.wsgi [None req-9cfd6bd2-9084-4ed5-964a-c9b0ac1c292a b53d946b1d1d4809b820d3599dd214e4 3608ae69711f4514933e9b97f7d77598 - - default default] 10.0.0.148 "GET /v2.0/floatingips?not-tags-any=blue HTTP/1.1" status: 200 len: 1838 time: 0.0417070
2026-09-11 06:41:10.040 10 INFO neutron.wsgi [None req-32e9115c-b183-4086-b059-859bbbbf462c b53d946b1d1d4809b820d3599dd214e4 3608ae69711f4514933e9b97f7d77598 - - default default] 10.0.0.148 "GET /v2.0/floatingips?not-tags-any=red%2Cblue HTTP/1.1" status: 200 len: 1295 time: 0.0351210
2026-09-11 06:41:10.226 9 INFO neutron.wsgi [req-9eb5f726-2bce-4805-b389-57a009b22b8a req-c6214133-6f5f-41de-97f8-b47eeb7a2034 80c6bb2e1edc4e01b1c3ea12d3069372 c33c39a2bc9745e581b16e35759da8c3 - - default default] 162.253.55.75 "GET /v2.0/networks?id=4234107e-7058-47c4-92bb-06535f62d357 HTTP/1.1" status: 200 len: 872 time: 0.1053159
2026-09-11 06:41:10.296 9 INFO neutron.wsgi [req-9eb5f726-2bce-4805-b389-57a009b22b8a req-2f04082e-b9ef-4200-a82b-65cc535c74ee 80c6bb2e1edc4e01b1c3ea12d3069372 c33c39a2bc9745e581b16e35759da8c3 - - default default] 162.253.55.75 "GET /v2.0/security-groups?fields=id&fields=name&tenant_id=c33c39a2bc9745e581b16e35759da8c3 HTTP/1.1" status: 200 len: 471 time: 0.0610111
2026-09-11 06:41:10.330 10 INFO neutron.wsgi [None req-a1694a99-8a1d-4fcc-bc18-41afc5c37f77 b53d946b1d1d4809b820d3599dd214e4 3608ae69711f4514933e9b97f7d77598 - - default default] 10.0.0.148 "DELETE /v2.0/floatingips/86670ca0-aa26-478c-9869-6de2e729b3df HTTP/1.1" status: 204 len: 168 time: 0.2831960
2026-09-11 06:41:10.419 9 INFO neutron.db.ovn_revision_numbers_db [None req-b7be706d-554b-40d4-a97c-03ba3e6bcdad e915aac3d8cf44b5bd14642408eaa706 d5a18636bbbc4419932587742c22c0e5 - - default default] Successfully bumped revision number for resource df7df558-2fbf-4d6a-878a-ba8a3ce1896f (type: security_groups) to 1
2026-09-11 06:41:10.435 9 INFO neutron.db.ovn_revision_numbers_db [None req-b7be706d-554b-40d4-a97c-03ba3e6bcdad e915aac3d8cf44b5bd14642408eaa706 d5a18636bbbc4419932587742c22c0e5 - - default default] Successfully bumped revision number for resource 42e9ebf7-ab92-42a7-a742-5139a89d0686 (type: security_group_rules) to 0
2026-09-11 06:41:10.466 9 INFO neutron.db.ovn_revision_numbers_db [None req-b7be706d-554b-40d4-a97c-03ba3e6bcdad e915aac3d8cf44b5bd14642408eaa706 d5a18636bbbc4419932587742c22c0e5 - - default default] Successfully bumped revision number for resource 7305ca87-453d-48ac-bd35-7a8203111b87 (type: security_group_rules) to 0
2026-09-11 06:41:10.480 9 INFO neutron.wsgi [req-6f9de1f7-680f-4c85-9e6d-6c945ac1133a req-efb46fab-2557-4d69-be2f-0264b466125c 80c6bb2e1edc4e01b1c3ea12d3069372 c33c39a2bc9745e581b16e35759da8c3 - - default default] 10.0.0.159 "GET /v2.0/ports?device_id=f2f374ac-022d-4896-81e7-82768640ca24 HTTP/1.1" status: 200 len: 210 time: 0.0219760
2026-09-11 06:41:10.489 9 INFO neutron.db.ovn_revision_numbers_db [None req-b7be706d-554b-40d4-a97c-03ba3e6bcdad e915aac3d8cf44b5bd14642408eaa706 d5a18636bbbc4419932587742c22c0e5 - - default default] Successfully bumped revision number for resource df984d17-e195-4e7a-9326-054d4dd3f13d (type: security_group_rules) to 0
2026-09-11 06:41:10.512 9 INFO neutron.db.ovn_revision_numbers_db [None req-b7be706d-554b-40d4-a97c-03ba3e6bcdad e915aac3d8cf44b5bd14642408eaa706 d5a18636bbbc4419932587742c22c0e5 - - default default] Successfully bumped revision number for resource e8ff7832-1ee3-4dd5-bf44-b15b130ce0bd (type: security_group_rules) to 0
2026-09-11 06:41:10.572 9 INFO neutron.wsgi [None req-b7be706d-554b-40d4-a97c-03ba3e6bcdad e915aac3d8cf44b5bd14642408eaa706 d5a18636bbbc4419932587742c22c0e5 - - default default] 10.0.0.148 "GET /v2.0/security-groups?tenant_id=f469c6b8559045edba9b5907cd25f574&name=default HTTP/1.1" status: 200 len: 2996 time: 0.5550683
2026-09-11 06:41:10.665 9 WARNING neutron.scheduler.dhcp_agent_scheduler [req-9eb5f726-2bce-4805-b389-57a009b22b8a req-67fb03f5-dc2d-45a9-9548-968fd2b6b432 80c6bb2e1edc4e01b1c3ea12d3069372 c33c39a2bc9745e581b16e35759da8c3 - - default default] No more DHCP agents
2026-09-11 06:41:10.667 9 WARNING neutron.api.rpc.agentnotifiers.dhcp_rpc_agent_api [req-9eb5f726-2bce-4805-b389-57a009b22b8a req-67fb03f5-dc2d-45a9-9548-968fd2b6b432 80c6bb2e1edc4e01b1c3ea12d3069372 c33c39a2bc9745e581b16e35759da8c3 - - default default] Unable to schedule network 4234107e-7058-47c4-92bb-06535f62d357: no agents available; will retry on subsequent port and subnet creation events.
2026-09-11 06:41:10.675 10 INFO neutron.wsgi [None req-b56caf0e-06dc-4eec-94eb-a8fe107d9a77 b53d946b1d1d4809b820d3599dd214e4 3608ae69711f4514933e9b97f7d77598 - - default default] 10.0.0.148 "DELETE /v2.0/floatingips/fda6ed2a-8f80-40a7-b649-c8d7a44fce9c HTTP/1.1" status: 204 len: 168 time: 0.3379433 /var/lib/openstack/lib/python3.10/site-packages/pycadf/identifier.py:71: UserWarning: Invalid uuid: neutron. To ensure interoperability, identifiers should be a valid uuid. warnings.warn(('Invalid uuid: %s. To ensure interoperability, '
2026-09-11 06:41:10.768 10 INFO neutron.wsgi [None req-4bd0edea-7267-4c66-b5ff-a16e875db9f7 e915aac3d8cf44b5bd14642408eaa706 d5a18636bbbc4419932587742c22c0e5 - - default default] 10.0.0.148 "DELETE /v2.0/security-groups/df7df558-2fbf-4d6a-878a-ba8a3ce1896f HTTP/1.1" status: 204 len: 168 time: 0.1900401
2026-09-11 06:41:10.881 9 INFO neutron.db.ovn_revision_numbers_db [req-9eb5f726-2bce-4805-b389-57a009b22b8a req-67fb03f5-dc2d-45a9-9548-968fd2b6b432 80c6bb2e1edc4e01b1c3ea12d3069372 c33c39a2bc9745e581b16e35759da8c3 - - default default] Successfully bumped revision number for resource 9d26527c-b4f8-4620-b6ed-62fb038053b6 (type: ports) to 1
2026-09-11 06:41:10.909 9 INFO neutron.wsgi [req-9eb5f726-2bce-4805-b389-57a009b22b8a req-67fb03f5-dc2d-45a9-9548-968fd2b6b432 80c6bb2e1edc4e01b1c3ea12d3069372 c33c39a2bc9745e581b16e35759da8c3 - - default default] 162.253.55.75 "POST /v2.0/ports HTTP/1.1" status: 201 len: 1197 time: 0.6067438
2026-09-11 06:41:10.993 10 INFO neutron.wsgi [None req-2d698425-92b3-4350-b685-b8e61b728a22 e915aac3d8cf44b5bd14642408eaa706 d5a18636bbbc4419932587742c22c0e5 - - default default] 10.0.0.148 "GET /v2.0/security-groups?tenant_id=09675c5fb53e477eb16e1da130c48550&name=default HTTP/1.1" status: 200 len: 2996 time: 0.0632141
2026-09-11 06:41:11.208 10 INFO neutron.wsgi [None req-7f42ae0d-587e-4048-ad7c-5aa7dcdc1d76 e915aac3d8cf44b5bd14642408eaa706 d5a18636bbbc4419932587742c22c0e5 - - default default] 10.0.0.148 "DELETE /v2.0/security-groups/58383b66-c06d-40fe-928e-c390a32d9dca HTTP/1.1" status: 204 len: 168 time: 0.2089980
2026-09-11 06:41:11.305 9 INFO neutron.wsgi [None req-1c3ebc6b-a326-445f-a703-fb6f08e3de92 b53d946b1d1d4809b820d3599dd214e4 3608ae69711f4514933e9b97f7d77598 - - default default] 10.0.0.148 "DELETE /v2.0/floatingips/3ed91a19-8b38-4c5c-bf47-326ac2b70190 HTTP/1.1" status: 204 len: 168 time: 0.6225491
2026-09-11 06:41:11.529 9 INFO neutron.db.ovn_revision_numbers_db [req-9eb5f726-2bce-4805-b389-57a009b22b8a req-b1a00ac5-a1e7-4997-bf75-d44026d35663 efe35623479b45798794747db62a1a5c cabec951436a4d0eaec193ce1f9fc389 - - c31d3e9b3c3142cba44307f86026f19a c31d3e9b3c3142cba44307f86026f19a] Successfully bumped revision number for resource 9d26527c-b4f8-4620-b6ed-62fb038053b6 (type: ports) to 2
2026-09-11 06:41:11.536 10 INFO neutron.db.ovn_revision_numbers_db [None req-2269908c-8b45-4124-aad3-11ab82b1efd8 e915aac3d8cf44b5bd14642408eaa706 d5a18636bbbc4419932587742c22c0e5 - - default default] Successfully bumped revision number for resource 4c294a92-40e3-4e09-9426-53aba4c1c81b (type: security_groups) to 1
2026-09-11 06:41:11.556 10 INFO neutron.db.ovn_revision_numbers_db [None req-2269908c-8b45-4124-aad3-11ab82b1efd8 e915aac3d8cf44b5bd14642408eaa706 d5a18636bbbc4419932587742c22c0e5 - - default default] Successfully bumped revision number for resource 7ec1e13a-487b-4918-b473-36f3a60a4f36 (type: security_group_rules) to 0 /var/lib/openstack/lib/python3.10/site-packages/pycadf/identifier.py:71: UserWarning: Invalid uuid: neutron. To ensure interoperability, identifiers should be a valid uuid. warnings.warn(('Invalid uuid: %s. To ensure interoperability, '
2026-09-11 06:41:11.570 10 INFO neutron.db.ovn_revision_numbers_db [None req-2269908c-8b45-4124-aad3-11ab82b1efd8 e915aac3d8cf44b5bd14642408eaa706 d5a18636bbbc4419932587742c22c0e5 - - default default] Successfully bumped revision number for resource a225327d-8bd3-421b-90c0-aa48bf2cdd0e (type: security_group_rules) to 0
2026-09-11 06:41:11.611 10 INFO neutron.db.ovn_revision_numbers_db [None req-2269908c-8b45-4124-aad3-11ab82b1efd8 e915aac3d8cf44b5bd14642408eaa706 d5a18636bbbc4419932587742c22c0e5 - - default default] Successfully bumped revision number for resource a2f27680-5d79-4657-8024-b7aaf585d221 (type: security_group_rules) to 0
2026-09-11 06:41:11.616 9 INFO neutron.wsgi [req-6b30ef8c-7097-417e-ab42-6148dbbad305 req-9bf3e964-f7ca-4bb0-bee0-3b6cdbba80b7 80c6bb2e1edc4e01b1c3ea12d3069372 c33c39a2bc9745e581b16e35759da8c3 - - default default] 10.0.0.159 "GET /v2.0/ports?device_id=f2f374ac-022d-4896-81e7-82768640ca24 HTTP/1.1" status: 200 len: 1208 time: 0.0589948
2026-09-11 06:41:11.638 10 INFO neutron.db.ovn_revision_numbers_db [None req-2269908c-8b45-4124-aad3-11ab82b1efd8 e915aac3d8cf44b5bd14642408eaa706 d5a18636bbbc4419932587742c22c0e5 - - default default] Successfully bumped revision number for resource e472677b-3856-4ec5-ac11-17e1423b5138 (type: security_group_rules) to 0
2026-09-11 06:41:11.671 10 INFO neutron.wsgi [None req-2269908c-8b45-4124-aad3-11ab82b1efd8 e915aac3d8cf44b5bd14642408eaa706 d5a18636bbbc4419932587742c22c0e5 - - default default] 10.0.0.148 "GET /v2.0/security-groups?tenant_id=89713db1e0374a8c8ac56a737d9e968c&name=default HTTP/1.1" status: 200 len: 2996 time: 0.2747829
2026-09-11 06:41:11.677 9 INFO neutron.wsgi [req-6b30ef8c-7097-417e-ab42-6148dbbad305 req-9cbe2ad0-016e-4a5e-8b74-f90fc51792d2 80c6bb2e1edc4e01b1c3ea12d3069372 c33c39a2bc9745e581b16e35759da8c3 - - default default] 10.0.0.159 "GET /v2.0/security-groups?id=f8c95cdb-6774-469a-b43a-68c402343b67&id=bb40fe9b-e707-4635-b638-e754d65762ce&fields=id&fields=name HTTP/1.1" status: 200 len: 404 time: 0.0564432
2026-09-11 06:41:11.713 10 INFO neutron.wsgi [None req-f739c991-894a-42ec-9b47-22d0336a8673 b53d946b1d1d4809b820d3599dd214e4 3608ae69711f4514933e9b97f7d77598 - - default default] 10.0.0.148 "DELETE /v2.0/floatingips/82ec487e-2919-4f78-a9fa-df008cd571d3 HTTP/1.1" status: 204 len: 168 time: 0.4015627
2026-09-11 06:41:11.754 9 INFO neutron.db.ovn_revision_numbers_db [req-9eb5f726-2bce-4805-b389-57a009b22b8a req-b1a00ac5-a1e7-4997-bf75-d44026d35663 efe35623479b45798794747db62a1a5c cabec951436a4d0eaec193ce1f9fc389 - - c31d3e9b3c3142cba44307f86026f19a c31d3e9b3c3142cba44307f86026f19a] Successfully bumped revision number for resource 9d26527c-b4f8-4620-b6ed-62fb038053b6 (type: ports) to 2
2026-09-11 06:41:11.765 9 INFO neutron.wsgi [req-9eb5f726-2bce-4805-b389-57a009b22b8a req-b1a00ac5-a1e7-4997-bf75-d44026d35663 efe35623479b45798794747db62a1a5c cabec951436a4d0eaec193ce1f9fc389 - - c31d3e9b3c3142cba44307f86026f19a c31d3e9b3c3142cba44307f86026f19a] 162.253.55.75 "PUT /v2.0/ports/9d26527c-b4f8-4620-b6ed-62fb038053b6 HTTP/1.1" status: 200 len: 1415 time: 0.8441818 /var/lib/openstack/lib/python3.10/site-packages/pycadf/identifier.py:71: UserWarning: Invalid uuid: neutron. To ensure interoperability, identifiers should be a valid uuid. warnings.warn(('Invalid uuid: %s. To ensure interoperability, '
2026-09-11 06:41:11.810 9 INFO neutron.notifiers.nova [-] Nova event matching ['req-cd990d97-a9a9-4cb0-bd9f-b23945365552'] response: {'name': 'network-changed', 'server_uuid': 'f2f374ac-022d-4896-81e7-82768640ca24', 'tag': '9d26527c-b4f8-4620-b6ed-62fb038053b6', 'status': 'completed', 'code': 200}
2026-09-11 06:41:11.846 9 INFO neutron.wsgi [req-9eb5f726-2bce-4805-b389-57a009b22b8a req-14f0c23f-0cf8-42b3-88c9-62f40f68a32a efe35623479b45798794747db62a1a5c cabec951436a4d0eaec193ce1f9fc389 - - c31d3e9b3c3142cba44307f86026f19a c31d3e9b3c3142cba44307f86026f19a] 162.253.55.75 "GET /v2.0/ports?tenant_id=c33c39a2bc9745e581b16e35759da8c3&device_id=f2f374ac-022d-4896-81e7-82768640ca24 HTTP/1.1" status: 200 len: 1446 time: 0.0439525
2026-09-11 06:41:11.878 9 INFO neutron.wsgi [req-9eb5f726-2bce-4805-b389-57a009b22b8a req-19c60c50-6c39-4853-a5c4-02da3ebab8b1 efe35623479b45798794747db62a1a5c cabec951436a4d0eaec193ce1f9fc389 - - c31d3e9b3c3142cba44307f86026f19a c31d3e9b3c3142cba44307f86026f19a] 162.253.55.75 "GET /v2.0/floatingips?fixed_ip_address=10.100.0.6&port_id=9d26527c-b4f8-4620-b6ed-62fb038053b6 HTTP/1.1" status: 200 len: 217 time: 0.0237958
2026-09-11 06:41:11.915 9 INFO neutron.wsgi [req-9eb5f726-2bce-4805-b389-57a009b22b8a req-6bedf366-6347-4fa3-8c72-f61053bf7868 efe35623479b45798794747db62a1a5c cabec951436a4d0eaec193ce1f9fc389 - - c31d3e9b3c3142cba44307f86026f19a c31d3e9b3c3142cba44307f86026f19a] 162.253.55.75 "GET /v2.0/subnets?id=c5c4363b-6a14-472b-9732-867481f3de0c HTTP/1.1" status: 200 len: 866 time: 0.0284336
2026-09-11 06:41:11.949 9 INFO neutron.wsgi [req-9eb5f726-2bce-4805-b389-57a009b22b8a req-9d3fcdf6-24c6-486a-94e0-0ae46fe421c9 efe35623479b45798794747db62a1a5c cabec951436a4d0eaec193ce1f9fc389 - - c31d3e9b3c3142cba44307f86026f19a c31d3e9b3c3142cba44307f86026f19a] 162.253.55.75 "GET /v2.0/ports?network_id=4234107e-7058-47c4-92bb-06535f62d357&device_owner=network%3Adhcp HTTP/1.1" status: 200 len: 210 time: 0.0284739
2026-09-11 06:41:11.962 10 INFO neutron.wsgi [None req-136dec77-23bd-460d-854e-d91e6f9281b7 e915aac3d8cf44b5bd14642408eaa706 d5a18636bbbc4419932587742c22c0e5 - - default default] 10.0.0.148 "DELETE /v2.0/security-groups/4c294a92-40e3-4e09-9426-53aba4c1c81b HTTP/1.1" status: 204 len: 168 time: 0.2860510
2026-09-11 06:41:12.007 9 INFO neutron.wsgi [req-9eb5f726-2bce-4805-b389-57a009b22b8a req-83c5dbd4-558d-4438-a2b6-be462551f08d efe35623479b45798794747db62a1a5c cabec951436a4d0eaec193ce1f9fc389 - - c31d3e9b3c3142cba44307f86026f19a c31d3e9b3c3142cba44307f86026f19a] 162.253.55.75 "GET /v2.0/networks/4234107e-7058-47c4-92bb-06535f62d357?fields=segments HTTP/1.1" status: 200 len: 212 time: 0.0510545
2026-09-11 06:41:12.055 9 INFO neutron.wsgi [req-9eb5f726-2bce-4805-b389-57a009b22b8a req-fa4f5ff8-b328-46fe-a97c-aca758da922c efe35623479b45798794747db62a1a5c cabec951436a4d0eaec193ce1f9fc389 - - c31d3e9b3c3142cba44307f86026f19a c31d3e9b3c3142cba44307f86026f19a] 162.253.55.75 "GET /v2.0/networks/4234107e-7058-47c4-92bb-06535f62d357?fields=provider%3Aphysical_network&fields=provider%3Anetwork_type HTTP/1.1" status: 200 len: 277 time: 0.0438883
2026-09-11 06:41:12.124 9 INFO neutron.wsgi [req-deffbb7d-5781-4b53-b1a8-5d11e6710b63 req-472f81bc-78af-48ae-9aff-188211a0f8ab efe35623479b45798794747db62a1a5c cabec951436a4d0eaec193ce1f9fc389 - - c31d3e9b3c3142cba44307f86026f19a c31d3e9b3c3142cba44307f86026f19a] 162.253.55.75 "GET /v2.0/ports?tenant_id=c33c39a2bc9745e581b16e35759da8c3&device_id=f2f374ac-022d-4896-81e7-82768640ca24 HTTP/1.1" status: 200 len: 1446 time: 0.0304835
2026-09-11 06:41:12.152 10 INFO neutron.wsgi [None req-6258b1a5-4191-4ef5-b532-baf4f8f33e02 b53d946b1d1d4809b820d3599dd214e4 3608ae69711f4514933e9b97f7d77598 - - default default] 10.0.0.148 "DELETE /v2.0/floatingips/ef8891ad-4011-47df-9789-f18aa109a022 HTTP/1.1" status: 204 len: 168 time: 0.4346633
2026-09-11 06:41:12.192 9 INFO neutron.wsgi [req-deffbb7d-5781-4b53-b1a8-5d11e6710b63 req-20a11593-1936-4cd2-b9e3-b151b0f74067 efe35623479b45798794747db62a1a5c cabec951436a4d0eaec193ce1f9fc389 - - c31d3e9b3c3142cba44307f86026f19a c31d3e9b3c3142cba44307f86026f19a] 162.253.55.75 "GET /v2.0/networks?id=4234107e-7058-47c4-92bb-06535f62d357 HTTP/1.1" status: 200 len: 971 time: 0.0631411
2026-09-11 06:41:12.237 9 INFO neutron.wsgi [req-deffbb7d-5781-4b53-b1a8-5d11e6710b63 req-1f867bf9-bbe4-4c81-97b7-5b072de2a131 efe35623479b45798794747db62a1a5c cabec951436a4d0eaec193ce1f9fc389 - - c31d3e9b3c3142cba44307f86026f19a c31d3e9b3c3142cba44307f86026f19a] 162.253.55.75 "GET /v2.0/floatingips?fixed_ip_address=10.100.0.6&port_id=9d26527c-b4f8-4620-b6ed-62fb038053b6 HTTP/1.1" status: 200 len: 217 time: 0.0345526
2026-09-11 06:41:12.267 9 INFO neutron.wsgi [req-e7b8c008-c111-4d0a-b57b-35cc2bc6e58a req-e5bea6cb-8e85-43c4-b7f5-8aa7a77fc6f1 efe35623479b45798794747db62a1a5c cabec951436a4d0eaec193ce1f9fc389 - - c31d3e9b3c3142cba44307f86026f19a c31d3e9b3c3142cba44307f86026f19a] 162.253.55.75 "GET /v2.0/ports?device_id=f2f374ac-022d-4896-81e7-82768640ca24 HTTP/1.1" status: 200 len: 1446 time: 0.0447309
2026-09-11 06:41:12.286 9 INFO neutron.wsgi [req-deffbb7d-5781-4b53-b1a8-5d11e6710b63 req-f7329374-d141-44c6-8c92-448b5d6e3528 efe35623479b45798794747db62a1a5c cabec951436a4d0eaec193ce1f9fc389 - - c31d3e9b3c3142cba44307f86026f19a c31d3e9b3c3142cba44307f86026f19a] 162.253.55.75 "GET /v2.0/subnets?id=c5c4363b-6a14-472b-9732-867481f3de0c HTTP/1.1" status: 200 len: 866 time: 0.0414035
2026-09-11 06:41:12.311 9 INFO neutron.wsgi [req-deffbb7d-5781-4b53-b1a8-5d11e6710b63 req-e1da5f4a-0199-4abd-8d77-156d8b93d84d efe35623479b45798794747db62a1a5c cabec951436a4d0eaec193ce1f9fc389 - - c31d3e9b3c3142cba44307f86026f19a c31d3e9b3c3142cba44307f86026f19a] 162.253.55.75 "GET /v2.0/ports?network_id=4234107e-7058-47c4-92bb-06535f62d357&device_owner=network%3Adhcp HTTP/1.1" status: 200 len: 210 time: 0.0199270
2026-09-11 06:41:12.337 9 INFO neutron.wsgi [req-e7b8c008-c111-4d0a-b57b-35cc2bc6e58a req-913ff216-def2-49f6-ae6c-76496ba40116 efe35623479b45798794747db62a1a5c cabec951436a4d0eaec193ce1f9fc389 - - c31d3e9b3c3142cba44307f86026f19a c31d3e9b3c3142cba44307f86026f19a] 162.253.55.75 "GET /v2.0/security-groups?id=bb40fe9b-e707-4635-b638-e754d65762ce&id=f8c95cdb-6774-469a-b43a-68c402343b67&fields=id&fields=name HTTP/1.1" status: 200 len: 404 time: 0.0639522
2026-09-11 06:41:12.371 9 INFO neutron.wsgi [req-deffbb7d-5781-4b53-b1a8-5d11e6710b63 req-54a59f91-ee32-4164-9164-b560beadbaed efe35623479b45798794747db62a1a5c cabec951436a4d0eaec193ce1f9fc389 - - c31d3e9b3c3142cba44307f86026f19a c31d3e9b3c3142cba44307f86026f19a] 162.253.55.75 "GET /v2.0/networks/4234107e-7058-47c4-92bb-06535f62d357?fields=segments HTTP/1.1" status: 200 len: 212 time: 0.0518959
2026-09-11 06:41:12.455 9 INFO neutron.wsgi [req-deffbb7d-5781-4b53-b1a8-5d11e6710b63 req-f542fdcb-8aab-4f50-8a30-8097a31319cb efe35623479b45798794747db62a1a5c cabec951436a4d0eaec193ce1f9fc389 - - c31d3e9b3c3142cba44307f86026f19a c31d3e9b3c3142cba44307f86026f19a] 162.253.55.75 "GET /v2.0/networks/4234107e-7058-47c4-92bb-06535f62d357?fields=provider%3Aphysical_network&fields=provider%3Anetwork_type HTTP/1.1" status: 200 len: 277 time: 0.0755360
2026-09-11 06:41:12.455 10 INFO neutron.plugins.ml2.drivers.ovn.mech_driver.mech_driver [None req-22667b2b-b3d4-4950-9b97-cf9617e86ba2 - - - - - -] OVN reports status up for port: 9d26527c-b4f8-4620-b6ed-62fb038053b6
2026-09-11 06:41:12.470 10 INFO neutron.plugins.ml2.plugin [None req-22667b2b-b3d4-4950-9b97-cf9617e86ba2 - - - - - -] Attempt 1 to provision port 9d26527c-b4f8-4620-b6ed-62fb038053b6
2026-09-11 06:41:12.600 10 INFO neutron.notifiers.nova [-] Nova event matching ['req-ec45b0c3-8a02-42fb-a238-83bdcd6c124e'] response: {'server_uuid': 'f2f374ac-022d-4896-81e7-82768640ca24', 'name': 'network-vif-plugged', 'status': 'completed', 'tag': '9d26527c-b4f8-4620-b6ed-62fb038053b6', 'code': 200}
2026-09-11 06:41:12.733 10 INFO neutron.db.ovn_revision_numbers_db [None req-22667b2b-b3d4-4950-9b97-cf9617e86ba2 - - - - - -] Successfully bumped revision number for resource 9d26527c-b4f8-4620-b6ed-62fb038053b6 (type: ports) to 4
2026-09-11 06:41:12.799 9 INFO neutron.wsgi [req-813e7936-fe49-4be8-8a40-2d451ce98dfb req-85a964dd-1213-4cad-b88f-dacd3c1c4804 80c6bb2e1edc4e01b1c3ea12d3069372 c33c39a2bc9745e581b16e35759da8c3 - - default default] 10.0.0.159 "GET /v2.0/ports?device_id=f2f374ac-022d-4896-81e7-82768640ca24 HTTP/1.1" status: 200 len: 1210 time: 0.0399580
2026-09-11 06:41:12.868 9 INFO neutron.wsgi [req-813e7936-fe49-4be8-8a40-2d451ce98dfb req-1f606cf6-710e-4c7f-ac8b-ceeb6cf9dde3 80c6bb2e1edc4e01b1c3ea12d3069372 c33c39a2bc9745e581b16e35759da8c3 - - default default] 10.0.0.159 "GET /v2.0/security-groups?id=f8c95cdb-6774-469a-b43a-68c402343b67&id=bb40fe9b-e707-4635-b638-e754d65762ce&fields=id&fields=name HTTP/1.1" status: 200 len: 404 time: 0.0641539 /var/lib/openstack/lib/python3.10/site-packages/pycadf/identifier.py:71: UserWarning: Invalid uuid: neutron. To ensure interoperability, identifiers should be a valid uuid. warnings.warn(('Invalid uuid: %s. To ensure interoperability, '
2026-09-11 06:41:13.312 10 INFO neutron.db.ovn_revision_numbers_db [None req-bb738071-e9e0-4dbf-9e2b-1c52c364d211 e915aac3d8cf44b5bd14642408eaa706 d5a18636bbbc4419932587742c22c0e5 - - default default] Successfully bumped revision number for resource d7c6afba-2b29-4dd4-bf6c-4f6e2e9f7dfd (type: security_groups) to 1
2026-09-11 06:41:13.331 10 INFO neutron.db.ovn_revision_numbers_db [None req-bb738071-e9e0-4dbf-9e2b-1c52c364d211 e915aac3d8cf44b5bd14642408eaa706 d5a18636bbbc4419932587742c22c0e5 - - default default] Successfully bumped revision number for resource 1220e012-8911-40e9-95ac-45dcb1d02a30 (type: security_group_rules) to 0
2026-09-11 06:41:13.364 10 INFO neutron.db.ovn_revision_numbers_db [None req-bb738071-e9e0-4dbf-9e2b-1c52c364d211 e915aac3d8cf44b5bd14642408eaa706 d5a18636bbbc4419932587742c22c0e5 - - default default] Successfully bumped revision number for resource 4a9c0029-fc63-4d59-b4f7-8b7c7206d6cb (type: security_group_rules) to 0
2026-09-11 06:41:13.395 10 INFO neutron.db.ovn_revision_numbers_db [None req-bb738071-e9e0-4dbf-9e2b-1c52c364d211 e915aac3d8cf44b5bd14642408eaa706 d5a18636bbbc4419932587742c22c0e5 - - default default] Successfully bumped revision number for resource 4b3c575a-b603-4800-b401-48b1b629772f (type: security_group_rules) to 0
2026-09-11 06:41:13.414 10 INFO neutron.db.ovn_revision_numbers_db [None req-bb738071-e9e0-4dbf-9e2b-1c52c364d211 e915aac3d8cf44b5bd14642408eaa706 d5a18636bbbc4419932587742c22c0e5 - - default default] Successfully bumped revision number for resource d8372f2a-7a9a-44c3-bf35-d2015ed304f6 (type: security_group_rules) to 0
2026-09-11 06:41:13.458 10 INFO neutron.wsgi [None req-bb738071-e9e0-4dbf-9e2b-1c52c364d211 e915aac3d8cf44b5bd14642408eaa706 d5a18636bbbc4419932587742c22c0e5 - - default default] 10.0.0.148 "GET /v2.0/security-groups?tenant_id=3608ae69711f4514933e9b97f7d77598&name=default HTTP/1.1" status: 200 len: 2996 time: 0.3919387
2026-09-11 06:41:13.673 10 INFO neutron.wsgi [None req-74370516-83b9-4a27-935a-931eacb6dbe7 e915aac3d8cf44b5bd14642408eaa706 d5a18636bbbc4419932587742c22c0e5 - - default default] 10.0.0.148 "DELETE /v2.0/security-groups/d7c6afba-2b29-4dd4-bf6c-4f6e2e9f7dfd HTTP/1.1" status: 204 len: 168 time: 0.2101793
2026-09-11 06:41:14.001 9 INFO neutron.wsgi [req-47374bea-9e4d-4741-bb86-6e3eacac3472 req-67d1bfa2-65c2-44d1-a60b-e8f1cc7ce592 80c6bb2e1edc4e01b1c3ea12d3069372 c33c39a2bc9745e581b16e35759da8c3 - - default default] 10.0.0.159 "GET /v2.0/ports?device_id=f2f374ac-022d-4896-81e7-82768640ca24 HTTP/1.1" status: 200 len: 1210 time: 0.0555413
2026-09-11 06:41:14.029 10 INFO neutron.db.ovn_revision_numbers_db [None req-2584300e-1a9b-419a-bcb9-64831e340ccd e915aac3d8cf44b5bd14642408eaa706 d5a18636bbbc4419932587742c22c0e5 - - default default] Successfully bumped revision number for resource a99c4600-d2e2-471b-a21e-eb0dbfdf5da8 (type: security_groups) to 1
2026-09-11 06:41:14.038 9 INFO neutron.wsgi [req-47374bea-9e4d-4741-bb86-6e3eacac3472 req-8e0caee0-1ed9-4e21-8415-1f116875194a 80c6bb2e1edc4e01b1c3ea12d3069372 c33c39a2bc9745e581b16e35759da8c3 - - default default] 10.0.0.159 "GET /v2.0/security-groups?id=f8c95cdb-6774-469a-b43a-68c402343b67&id=bb40fe9b-e707-4635-b638-e754d65762ce&fields=id&fields=name HTTP/1.1" status: 200 len: 404 time: 0.0319488
2026-09-11 06:41:14.045 10 INFO neutron.db.ovn_revision_numbers_db [None req-2584300e-1a9b-419a-bcb9-64831e340ccd e915aac3d8cf44b5bd14642408eaa706 d5a18636bbbc4419932587742c22c0e5 - - default default] Successfully bumped revision number for resource 00f38676-b77a-43ee-a8a2-aff0b983c051 (type: security_group_rules) to 0
2026-09-11 06:41:14.065 10 INFO neutron.db.ovn_revision_numbers_db [None req-2584300e-1a9b-419a-bcb9-64831e340ccd e915aac3d8cf44b5bd14642408eaa706 d5a18636bbbc4419932587742c22c0e5 - - default default] Successfully bumped revision number for resource 2dfc2c49-be78-408c-b1cb-8dea30322b15 (type: security_group_rules) to 0
2026-09-11 06:41:14.085 10 INFO neutron.db.ovn_revision_numbers_db [None req-2584300e-1a9b-419a-bcb9-64831e340ccd e915aac3d8cf44b5bd14642408eaa706 d5a18636bbbc4419932587742c22c0e5 - - default default] Successfully bumped revision number for resource 36efb341-5d1b-41fd-a0cc-2834649a7ccd (type: security_group_rules) to 0
2026-09-11 06:41:14.106 10 INFO neutron.db.ovn_revision_numbers_db [None req-2584300e-1a9b-419a-bcb9-64831e340ccd e915aac3d8cf44b5bd14642408eaa706 d5a18636bbbc4419932587742c22c0e5 - - default default] Successfully bumped revision number for resource 7755435e-7e75-4fd4-bfa7-b3901511c21e (type: security_group_rules) to 0
2026-09-11 06:41:14.130 10 INFO neutron.wsgi [None req-2584300e-1a9b-419a-bcb9-64831e340ccd e915aac3d8cf44b5bd14642408eaa706 d5a18636bbbc4419932587742c22c0e5 - - default default] 10.0.0.148 "GET /v2.0/security-groups?tenant_id=ad8fba3aa15d45c8b959005665a28cfa&name=default HTTP/1.1" status: 200 len: 2996 time: 0.2607486
2026-09-11 06:41:14.210 9 INFO neutron.wsgi [req-060d0b2c-87fe-4d16-b926-73c9214a440c req-63787020-1ade-4466-b063-6cc4c09b8561 80c6bb2e1edc4e01b1c3ea12d3069372 c33c39a2bc9745e581b16e35759da8c3 - - default default] 10.0.0.159 "GET /v2.0/ports?device_id=f2f374ac-022d-4896-81e7-82768640ca24 HTTP/1.1" status: 200 len: 1210 time: 0.0982766
2026-09-11 06:41:14.370 10 INFO neutron.wsgi [None req-adea9a2a-2b3c-4f1a-aacb-15e84c41070c e915aac3d8cf44b5bd14642408eaa706 d5a18636bbbc4419932587742c22c0e5 - - default default] 10.0.0.148 "DELETE /v2.0/security-groups/a99c4600-d2e2-471b-a21e-eb0dbfdf5da8 HTTP/1.1" status: 204 len: 168 time: 0.2264361
2026-09-11 06:41:14.437 10 INFO neutron.db.l3_db [None req-39220d11-c8cb-4f24-898b-4aa384cdd39c 80c6bb2e1edc4e01b1c3ea12d3069372 c33c39a2bc9745e581b16e35759da8c3 - - default default] Floating IP d05de7f8-7fc6-48c7-96d2-0223f4cdc38d associated. External IP: 10.96.250.205, port: 9d26527c-b4f8-4620-b6ed-62fb038053b6.
2026-09-11 06:41:14.620 9 INFO neutron.db.ovn_revision_numbers_db [None req-85d9590f-381b-4fbb-a702-0b7e12ce0027 e915aac3d8cf44b5bd14642408eaa706 d5a18636bbbc4419932587742c22c0e5 - - default default] Successfully bumped revision number for resource 8387e35a-4a5c-46fc-90f8-679ce07fe935 (type: security_groups) to 1
2026-09-11 06:41:14.634 9 INFO neutron.db.ovn_revision_numbers_db [None req-85d9590f-381b-4fbb-a702-0b7e12ce0027 e915aac3d8cf44b5bd14642408eaa706 d5a18636bbbc4419932587742c22c0e5 - - default default] Successfully bumped revision number for resource 090c2477-1979-44a9-b5e5-0cbc665f158b (type: security_group_rules) to 0
2026-09-11 06:41:14.650 10 INFO neutron.notifiers.nova [-] Nova event matching ['req-a2f42bb5-c60e-4e83-81c4-11363468f41e'] response: {'server_uuid': 'f2f374ac-022d-4896-81e7-82768640ca24', 'name': 'network-vif-plugged', 'status': 'completed', 'tag': '9d26527c-b4f8-4620-b6ed-62fb038053b6', 'code': 200}
2026-09-11 06:41:14.651 9 INFO neutron.db.ovn_revision_numbers_db [None req-85d9590f-381b-4fbb-a702-0b7e12ce0027 e915aac3d8cf44b5bd14642408eaa706 d5a18636bbbc4419932587742c22c0e5 - - default default] Successfully bumped revision number for resource 371ec6f1-9c40-4d1f-bf22-02edb5b0e60c (type: security_group_rules) to 0
2026-09-11 06:41:14.656 10 INFO neutron.db.ovn_revision_numbers_db [None req-39220d11-c8cb-4f24-898b-4aa384cdd39c 80c6bb2e1edc4e01b1c3ea12d3069372 c33c39a2bc9745e581b16e35759da8c3 - - default default] Successfully bumped revision number for resource d05de7f8-7fc6-48c7-96d2-0223f4cdc38d (type: floatingips) to 1
2026-09-11 06:41:14.682 9 INFO neutron.db.ovn_revision_numbers_db [None req-85d9590f-381b-4fbb-a702-0b7e12ce0027 e915aac3d8cf44b5bd14642408eaa706 d5a18636bbbc4419932587742c22c0e5 - - default default] Successfully bumped revision number for resource affb1701-281f-4fa7-8443-629c612256c8 (type: security_group_rules) to 0
2026-09-11 06:41:14.697 9 INFO neutron.db.ovn_revision_numbers_db [None req-85d9590f-381b-4fbb-a702-0b7e12ce0027 e915aac3d8cf44b5bd14642408eaa706 d5a18636bbbc4419932587742c22c0e5 - - default default] Successfully bumped revision number for resource f2432337-eb9a-4306-b76b-eae05e55eb88 (type: security_group_rules) to 0
2026-09-11 06:41:14.718 9 INFO neutron.wsgi [None req-85d9590f-381b-4fbb-a702-0b7e12ce0027 e915aac3d8cf44b5bd14642408eaa706 d5a18636bbbc4419932587742c22c0e5 - - default default] 10.0.0.148 "GET /v2.0/security-groups?tenant_id=3edd56f9f7fd4286ae94387f4aa345e6&name=default HTTP/1.1" status: 200 len: 2996 time: 0.2116354
2026-09-11 06:41:14.764 10 INFO neutron.db.ovn_revision_numbers_db [None req-39220d11-c8cb-4f24-898b-4aa384cdd39c 80c6bb2e1edc4e01b1c3ea12d3069372 c33c39a2bc9745e581b16e35759da8c3 - - default default] Successfully bumped revision number for resource d05de7f8-7fc6-48c7-96d2-0223f4cdc38d (type: floatingips) to 2
2026-09-11 06:41:14.799 10 INFO neutron.wsgi [None req-39220d11-c8cb-4f24-898b-4aa384cdd39c 80c6bb2e1edc4e01b1c3ea12d3069372 c33c39a2bc9745e581b16e35759da8c3 - - default default] 10.0.0.148 "PUT /v2.0/floatingips/d05de7f8-7fc6-48c7-96d2-0223f4cdc38d HTTP/1.1" status: 200 len: 1049 time: 0.5708091
2026-09-11 06:41:14.916 9 INFO neutron.wsgi [None req-c8eac541-81c1-409b-ac48-8b0bcfd81778 e915aac3d8cf44b5bd14642408eaa706 d5a18636bbbc4419932587742c22c0e5 - - default default] 10.0.0.148 "DELETE /v2.0/security-groups/8387e35a-4a5c-46fc-90f8-679ce07fe935 HTTP/1.1" status: 204 len: 168 time: 0.1945319
2026-09-11 06:41:16.710 10 INFO neutron.notifiers.nova [-] Nova event matching ['req-261285aa-8a21-4370-a5e2-b5fc79e23b76'] response: {'name': 'network-changed', 'server_uuid': 'f2f374ac-022d-4896-81e7-82768640ca24', 'tag': '9d26527c-b4f8-4620-b6ed-62fb038053b6', 'status': 'completed', 'code': 200}
2026-09-11 06:41:16.786 9 INFO neutron.wsgi [req-7d873849-aaad-43ff-a735-e9a22e57a250 req-83621a53-59cf-47a7-a7fb-a2a940e48a67 efe35623479b45798794747db62a1a5c cabec951436a4d0eaec193ce1f9fc389 - - c31d3e9b3c3142cba44307f86026f19a c31d3e9b3c3142cba44307f86026f19a] 162.253.55.75 "GET /v2.0/ports?tenant_id=c33c39a2bc9745e581b16e35759da8c3&device_id=f2f374ac-022d-4896-81e7-82768640ca24 HTTP/1.1" status: 200 len: 1448 time: 0.0476601
2026-09-11 06:41:16.875 9 INFO neutron.wsgi [req-7d873849-aaad-43ff-a735-e9a22e57a250 req-31dfac3c-5dd6-4f8d-a037-0bc068bfbfe6 efe35623479b45798794747db62a1a5c cabec951436a4d0eaec193ce1f9fc389 - - c31d3e9b3c3142cba44307f86026f19a c31d3e9b3c3142cba44307f86026f19a] 162.253.55.75 "GET /v2.0/networks?id=4234107e-7058-47c4-92bb-06535f62d357 HTTP/1.1" status: 200 len: 971 time: 0.0813942 /var/lib/openstack/lib/python3.10/site-packages/pycadf/identifier.py:71: UserWarning: Invalid uuid: neutron. To ensure interoperability, identifiers should be a valid uuid. warnings.warn(('Invalid uuid: %s. To ensure interoperability, '
2026-09-11 06:41:16.953 9 INFO neutron.wsgi [req-7d873849-aaad-43ff-a735-e9a22e57a250 req-d132e08a-6390-49bb-bdce-3a4f9f87cd8d efe35623479b45798794747db62a1a5c cabec951436a4d0eaec193ce1f9fc389 - - c31d3e9b3c3142cba44307f86026f19a c31d3e9b3c3142cba44307f86026f19a] 162.253.55.75 "GET /v2.0/floatingips?fixed_ip_address=10.100.0.6&port_id=9d26527c-b4f8-4620-b6ed-62fb038053b6 HTTP/1.1" status: 200 len: 1059 time: 0.0694315
2026-09-11 06:41:16.990 9 INFO neutron.wsgi [req-7d873849-aaad-43ff-a735-e9a22e57a250 req-4bb6fed3-a2b2-408c-8621-e76341ce238b efe35623479b45798794747db62a1a5c cabec951436a4d0eaec193ce1f9fc389 - - c31d3e9b3c3142cba44307f86026f19a c31d3e9b3c3142cba44307f86026f19a] 162.253.55.75 "GET /v2.0/subnets?id=c5c4363b-6a14-472b-9732-867481f3de0c HTTP/1.1" status: 200 len: 866 time: 0.0320954
2026-09-11 06:41:17.011 9 INFO neutron.wsgi [req-7d873849-aaad-43ff-a735-e9a22e57a250 req-87f52076-f09a-4bf6-ba94-6d046425f235 efe35623479b45798794747db62a1a5c cabec951436a4d0eaec193ce1f9fc389 - - c31d3e9b3c3142cba44307f86026f19a c31d3e9b3c3142cba44307f86026f19a] 162.253.55.75 "GET /v2.0/ports?network_id=4234107e-7058-47c4-92bb-06535f62d357&device_owner=network%3Adhcp HTTP/1.1" status: 200 len: 210 time: 0.0153496
2026-09-11 06:41:17.031 10 INFO neutron.wsgi [None req-b411ed56-3689-4b36-a9d1-2c3568dc2ca3 9a8ec762647846cd9abac491d23e7c00 2369964274bb49b4b29d0d0b8c691fdb - - default default] 10.0.0.148 "POST /v2.0/qos/policies HTTP/1.1" status: 201 len: 558 time: 0.3663027
2026-09-11 06:41:17.069 9 INFO neutron.wsgi [req-7d873849-aaad-43ff-a735-e9a22e57a250 req-284f2181-bcda-456c-a2f7-f19b52ded73e efe35623479b45798794747db62a1a5c cabec951436a4d0eaec193ce1f9fc389 - - c31d3e9b3c3142cba44307f86026f19a c31d3e9b3c3142cba44307f86026f19a] 162.253.55.75 "GET /v2.0/networks/4234107e-7058-47c4-92bb-06535f62d357?fields=segments HTTP/1.1" status: 200 len: 212 time: 0.0497549
2026-09-11 06:41:17.076 10 INFO neutron.wsgi [None req-94c58d34-4ff9-4da6-a05f-e42edfc72613 9a8ec762647846cd9abac491d23e7c00 2369964274bb49b4b29d0d0b8c691fdb - - default default] 10.0.0.148 "POST /v2.0/qos/policies HTTP/1.1" status: 201 len: 558 time: 0.0401044
2026-09-11 06:41:17.142 9 INFO neutron.wsgi [None req-7ed31dce-c5d8-42fb-908e-14151eb592a9 9a8ec762647846cd9abac491d23e7c00 2369964274bb49b4b29d0d0b8c691fdb - - default default] 10.0.0.148 "POST /v2.0/qos/policies HTTP/1.1" status: 201 len: 558 time: 0.0601039
2026-09-11 06:41:17.147 9 INFO neutron.wsgi [req-7d873849-aaad-43ff-a735-e9a22e57a250 req-3a943347-c9cc-4e78-9d42-ee6cc02cd00e efe35623479b45798794747db62a1a5c cabec951436a4d0eaec193ce1f9fc389 - - c31d3e9b3c3142cba44307f86026f19a c31d3e9b3c3142cba44307f86026f19a] 162.253.55.75 "GET /v2.0/networks/4234107e-7058-47c4-92bb-06535f62d357?fields=provider%3Aphysical_network&fields=provider%3Anetwork_type HTTP/1.1" status: 200 len: 277 time: 0.0719376
2026-09-11 06:41:17.176 10 INFO neutron.wsgi [None req-8a7d8145-33a0-4e8d-bf03-cfe706ac77ee 9a8ec762647846cd9abac491d23e7c00 2369964274bb49b4b29d0d0b8c691fdb - - default default] 10.0.0.148 "POST /v2.0/qos/policies HTTP/1.1" status: 201 len: 558 time: 0.0290987
2026-09-11 06:41:17.218 10 INFO neutron.wsgi [None req-178ea512-f53d-4c68-a587-54daea12afc6 9a8ec762647846cd9abac491d23e7c00 2369964274bb49b4b29d0d0b8c691fdb - - default default] 10.0.0.148 "POST /v2.0/qos/policies HTTP/1.1" status: 201 len: 558 time: 0.0364003
2026-09-11 06:41:17.248 10 INFO neutron.wsgi [None req-df8be148-98c8-42f6-afbb-0968cbffb91f 9a8ec762647846cd9abac491d23e7c00 2369964274bb49b4b29d0d0b8c691fdb - - default default] 10.0.0.148 "PUT /v2.0/policies/6c54511a-4fab-4ad5-9933-be30726b5ef6/tags HTTP/1.1" status: 200 len: 210 time: 0.0240862
2026-09-11 06:41:17.273 10 INFO neutron.wsgi [None req-d308e682-4720-4123-ba51-f3860450138c 9a8ec762647846cd9abac491d23e7c00 2369964274bb49b4b29d0d0b8c691fdb - - default default] 10.0.0.148 "PUT /v2.0/policies/67a21384-5940-4d73-9a79-d781aa8e7789/tags HTTP/1.1" status: 200 len: 218 time: 0.0198116
2026-09-11 06:41:17.299 10 INFO neutron.wsgi [None req-78ab8186-d1b8-4c53-9fd4-6ceee342c82a 9a8ec762647846cd9abac491d23e7c00 2369964274bb49b4b29d0d0b8c691fdb - - default default] 10.0.0.148 "PUT /v2.0/policies/3609ea9a-0b76-4c06-9241-f2a80fb4aa9a/tags HTTP/1.1" status: 200 len: 227 time: 0.0212953
2026-09-11 06:41:17.322 10 INFO neutron.wsgi [None req-92e13340-2176-413d-b77f-ac91012f5b1b 9a8ec762647846cd9abac491d23e7c00 2369964274bb49b4b29d0d0b8c691fdb - - default default] 10.0.0.148 "PUT /v2.0/policies/50684916-96da-40e6-bd43-b6a34027a7d0/tags HTTP/1.1" status: 200 len: 212 time: 0.0173318
2026-09-11 06:41:17.939 10 INFO neutron.wsgi [None req-36de10b0-d1b6-49e5-ae59-7a7abd1917bd 4d63ffe811e14cf7946ce52a883821e4 3aa271d96c9c49979bc40591b7c658aa - - default default] 10.0.0.148 "GET /v2.0/qos/policies?tags=red HTTP/1.1" status: 200 len: 1296 time: 0.2500744
2026-09-11 06:41:18.002 10 INFO neutron.wsgi [None req-56fceae6-9d12-4ab3-a357-1ea4565fcd7d 4d63ffe811e14cf7946ce52a883821e4 3aa271d96c9c49979bc40591b7c658aa - - default default] 10.0.0.148 "GET /v2.0/qos/policies?tags=red%2Cblue HTTP/1.1" status: 200 len: 941 time: 0.0584571
2026-09-11 06:41:18.081 10 INFO neutron.wsgi [None req-94a61ae8-3164-4f30-b420-ae61faa5f3c5 4d63ffe811e14cf7946ce52a883821e4 3aa271d96c9c49979bc40591b7c658aa - - default default] 10.0.0.148 "GET /v2.0/qos/policies?tags-any=blue HTTP/1.1" status: 200 len: 941 time: 0.0728533
2026-09-11 06:41:18.149 10 INFO neutron.wsgi [None req-ae8ffb4b-9425-4dc4-90cb-c5495a9f0fdf 4d63ffe811e14cf7946ce52a883821e4 3aa271d96c9c49979bc40591b7c658aa - - default default] 10.0.0.148 "GET /v2.0/qos/policies?tags-any=red%2Cblue HTTP/1.1" status: 200 len: 1296 time: 0.0634887
2026-09-11 06:41:18.206 10 INFO neutron.wsgi [None req-b7a09201-eb5c-4315-9171-fb4529f85a0f 4d63ffe811e14cf7946ce52a883821e4 3aa271d96c9c49979bc40591b7c658aa - - default default] 10.0.0.148 "GET /v2.0/qos/policies?not-tags=red HTTP/1.1" status: 200 len: 913 time: 0.0518036
2026-09-11 06:41:18.264 10 INFO neutron.wsgi [None req-d120aa60-c11b-4920-872e-b8e7bf248905 4d63ffe811e14cf7946ce52a883821e4 3aa271d96c9c49979bc40591b7c658aa - - default default] 10.0.0.148 "GET /v2.0/qos/policies?not-tags=red%2Cblue HTTP/1.1" status: 200 len: 1268 time: 0.0511162
2026-09-11 06:41:18.337 10 INFO neutron.wsgi [None req-c02f823c-103a-4e82-af40-a50a8c083d94 4d63ffe811e14cf7946ce52a883821e4 3aa271d96c9c49979bc40591b7c658aa - - default default] 10.0.0.148 "GET /v2.0/qos/policies?not-tags-any=blue HTTP/1.1" status: 200 len: 1268 time: 0.0654142
2026-09-11 06:41:18.410 9 INFO neutron.wsgi [None req-27414f7d-4359-40d7-ac82-dfbf3bed6753 4d63ffe811e14cf7946ce52a883821e4 3aa271d96c9c49979bc40591b7c658aa - - default default] 10.0.0.148 "GET /v2.0/qos/policies?not-tags-any=red%2Cblue HTTP/1.1" status: 200 len: 913 time: 0.0599859
2026-09-11 06:41:18.488 10 INFO neutron.wsgi [None req-a2c3eec9-8c2f-444b-9002-fe91ac14ac2f 9a8ec762647846cd9abac491d23e7c00 2369964274bb49b4b29d0d0b8c691fdb - - default default] 10.0.0.148 "DELETE /v2.0/qos/policies/6c54511a-4fab-4ad5-9933-be30726b5ef6 HTTP/1.1" status: 204 len: 168 time: 0.0714047
2026-09-11 06:41:18.593 10 INFO neutron.wsgi [None req-1dac14e7-91c5-492b-808d-142b379b1cb2 9a8ec762647846cd9abac491d23e7c00 2369964274bb49b4b29d0d0b8c691fdb - - default default] 10.0.0.148 "DELETE /v2.0/qos/policies/67a21384-5940-4d73-9a79-d781aa8e7789 HTTP/1.1" status: 204 len: 168 time: 0.0989211
2026-09-11 06:41:18.665 9 INFO neutron.wsgi [None req-e4a5a58c-2f54-46e0-acf5-2728d9bfa22d 9a8ec762647846cd9abac491d23e7c00 2369964274bb49b4b29d0d0b8c691fdb - - default default] 10.0.0.148 "DELETE /v2.0/qos/policies/3609ea9a-0b76-4c06-9241-f2a80fb4aa9a HTTP/1.1" status: 204 len: 168 time: 0.0652714
2026-09-11 06:41:18.666 10 INFO neutron.db.ovn_revision_numbers_db [None req-d0c1d7d1-113f-4c0f-82d8-eb86b957cdb1 2f09136229114955a2f8812ad85ec33b cea44943d1c14a67b6420b3de7d76b93 - - default default] Successfully bumped revision number for resource 1ad4244c-20b7-4917-97f2-54ef7af3d4eb (type: security_groups) to 1
