2026-09-11 06:40:29.526 9 INFO neutron.wsgi [None req-a394e2b4-c605-418f-859d-73cdb8aaf65b aeebc529bbe644d993e9e64b3172e73e b7d80c89cd0847ab8ef33a89c2ff1816 - - default default] 10.0.0.148 "GET /v2.0/ports/b80d3106-a4e9-4a29-b442-fdebaf0ba453 HTTP/1.1" status: 404 len: 333 time: 0.0162661
2026-09-11 06:40:29.718 9 INFO neutron.wsgi [None req-7afead76-7ef5-4c83-9847-c4216fb2ce08 aeebc529bbe644d993e9e64b3172e73e b7d80c89cd0847ab8ef33a89c2ff1816 - - default default] 10.0.0.148 "DELETE /v2.0/subnets/fa4f21ec-1936-4b26-8537-85ffba80207d HTTP/1.1" status: 204 len: 168 time: 0.1881475
2026-09-11 06:40:30.038 9 INFO neutron.wsgi [None req-0cb732a8-59c2-4166-ac7c-d92c0b00fea3 aeebc529bbe644d993e9e64b3172e73e b7d80c89cd0847ab8ef33a89c2ff1816 - - default default] 10.0.0.148 "DELETE /v2.0/networks/b658fc93-3991-4995-ac13-b36fa2f5b8ca HTTP/1.1" status: 204 len: 168 time: 0.3146205
2026-09-11 06:40:30.123 9 INFO neutron.db.segments_db [None req-6408b3e9-cd58-48c2-979c-071be0e3d533 aeebc529bbe644d993e9e64b3172e73e b7d80c89cd0847ab8ef33a89c2ff1816 - - default default] Added segment 57eb460f-90e6-4cf4-8018-69b19618c383 of type geneve for network ac84b611-858f-44ba-8bf5-aa3ecf4c5b35
2026-09-11 06:40:30.263 9 INFO neutron.db.ovn_revision_numbers_db [None req-6408b3e9-cd58-48c2-979c-071be0e3d533 aeebc529bbe644d993e9e64b3172e73e b7d80c89cd0847ab8ef33a89c2ff1816 - - default default] Successfully bumped revision number for resource ac84b611-858f-44ba-8bf5-aa3ecf4c5b35 (type: networks) to 1
2026-09-11 06:40:30.373 9 INFO neutron.services.segments.plugin [-] Segment 5781b7a3-05ab-429e-a381-2625f182ee68 resource provider aggregate not found
2026-09-11 06:40:30.397 9 INFO neutron.services.segments.plugin [-] Segment 5781b7a3-05ab-429e-a381-2625f182ee68 resource provider not found; error: Placement Client Error (4xx): {"errors": [{"status": 404, "title": "Not Found", "detail": "The resource could not be found.\n\n No resource provider with uuid 5781b7a3-05ab-429e-a381-2625f182ee68 found for delete ", "request_id": "req-65f66d51-c377-4065-8121-34f629638285"}]}
2026-09-11 06:40:30.402 9 INFO neutron.services.segments.plugin [-] Segment 5781b7a3-05ab-429e-a381-2625f182ee68 resource provider aggregate not found
2026-09-11 06:40:30.424 9 INFO neutron.services.segments.plugin [-] Segment 5781b7a3-05ab-429e-a381-2625f182ee68 resource provider not found; error: Placement Client Error (4xx): {"errors": [{"status": 404, "title": "Not Found", "detail": "The resource could not be found.\n\n No resource provider with uuid 5781b7a3-05ab-429e-a381-2625f182ee68 found for delete ", "request_id": "req-a8b2fc7d-3c5a-4dee-9603-d690e949bf4b"}]}
2026-09-11 06:40:30.429 9 WARNING neutron.scheduler.dhcp_agent_scheduler [None req-6408b3e9-cd58-48c2-979c-071be0e3d533 aeebc529bbe644d993e9e64b3172e73e b7d80c89cd0847ab8ef33a89c2ff1816 - - default default] No more DHCP agents
2026-09-11 06:40:30.431 9 WARNING neutron.api.rpc.agentnotifiers.dhcp_rpc_agent_api [None req-6408b3e9-cd58-48c2-979c-071be0e3d533 aeebc529bbe644d993e9e64b3172e73e b7d80c89cd0847ab8ef33a89c2ff1816 - - default default] Unable to schedule network ac84b611-858f-44ba-8bf5-aa3ecf4c5b35: no agents available; will retry on subsequent port and subnet creation events.
2026-09-11 06:40:30.496 9 INFO neutron.db.ovn_revision_numbers_db [None req-6408b3e9-cd58-48c2-979c-071be0e3d533 aeebc529bbe644d993e9e64b3172e73e b7d80c89cd0847ab8ef33a89c2ff1816 - - default default] Successfully bumped revision number for resource 15369648-a555-4ff2-bddb-e5c477a01b0a (type: ports) to 1
2026-09-11 06:40:30.512 9 INFO neutron.wsgi [None req-6408b3e9-cd58-48c2-979c-071be0e3d533 aeebc529bbe644d993e9e64b3172e73e b7d80c89cd0847ab8ef33a89c2ff1816 - - default default] 10.0.0.148 "POST /v2.0/networks HTTP/1.1" status: 201 len: 831 time: 0.4688489
2026-09-11 06:40:30.742 9 WARNING neutron.scheduler.dhcp_agent_scheduler [None req-193c6df4-fc53-4751-a1da-8a2882b809fb aeebc529bbe644d993e9e64b3172e73e b7d80c89cd0847ab8ef33a89c2ff1816 - - default default] No more DHCP agents
2026-09-11 06:40:30.744 9 WARNING neutron.api.rpc.agentnotifiers.dhcp_rpc_agent_api [None req-193c6df4-fc53-4751-a1da-8a2882b809fb aeebc529bbe644d993e9e64b3172e73e b7d80c89cd0847ab8ef33a89c2ff1816 - - default default] Unable to schedule network ac84b611-858f-44ba-8bf5-aa3ecf4c5b35: no agents available; will retry on subsequent port and subnet creation events.
2026-09-11 06:40:31.270 9 INFO neutron.db.ovn_revision_numbers_db [None req-193c6df4-fc53-4751-a1da-8a2882b809fb aeebc529bbe644d993e9e64b3172e73e b7d80c89cd0847ab8ef33a89c2ff1816 - - default default] Successfully bumped revision number for resource 15369648-a555-4ff2-bddb-e5c477a01b0a (type: ports) to 2
2026-09-11 06:40:31.285 10 INFO neutron.wsgi [None req-1c5f8b07-0f64-462f-9904-830f6c0d6a9d dda1cdddfb494ef396468f61e17d87bb d6a8aa42b6764c6f9a1a9dfd200f8bfe - - default default] 10.0.0.148 "POST /v2.0/subnetpools HTTP/1.1" status: 201 len: 748 time: 0.1798985
2026-09-11 06:40:31.308 9 INFO neutron.db.ovn_revision_numbers_db [None req-193c6df4-fc53-4751-a1da-8a2882b809fb aeebc529bbe644d993e9e64b3172e73e b7d80c89cd0847ab8ef33a89c2ff1816 - - default default] Successfully bumped revision number for resource 13f204c4-93fd-4408-990c-1c0e6f57ad2d (type: subnets) to 0
2026-09-11 06:40:31.311 10 INFO neutron.wsgi [None req-410e6231-1d81-4c49-bd52-aa75c54be23a dda1cdddfb494ef396468f61e17d87bb d6a8aa42b6764c6f9a1a9dfd200f8bfe - - default default] 10.0.0.148 "GET /v2.0/subnetpools/914842b6-a243-4a98-a5b6-05a52de46ca8 HTTP/1.1" status: 200 len: 743 time: 0.0204399
2026-09-11 06:40:31.325 9 INFO neutron.wsgi [None req-193c6df4-fc53-4751-a1da-8a2882b809fb aeebc529bbe644d993e9e64b3172e73e b7d80c89cd0847ab8ef33a89c2ff1816 - - default default] 10.0.0.148 "POST /v2.0/subnets HTTP/1.1" status: 201 len: 801 time: 0.8061371
2026-09-11 06:40:31.368 10 INFO neutron.wsgi [None req-24adf521-41dc-43d9-aeb2-1243d673c389 dda1cdddfb494ef396468f61e17d87bb d6a8aa42b6764c6f9a1a9dfd200f8bfe - - default default] 10.0.0.148 "PUT /v2.0/subnetpools/914842b6-a243-4a98-a5b6-05a52de46ca8 HTTP/1.1" status: 200 len: 693 time: 0.0528142
2026-09-11 06:40:31.499 10 INFO neutron.wsgi [None req-eb510692-c190-42c0-84e9-232d38fd03e3 dda1cdddfb494ef396468f61e17d87bb d6a8aa42b6764c6f9a1a9dfd200f8bfe - - default default] 10.0.0.148 "DELETE /v2.0/subnetpools/914842b6-a243-4a98-a5b6-05a52de46ca8 HTTP/1.1" status: 204 len: 168 time: 0.1253936
2026-09-11 06:40:31.509 10 INFO neutron.api.v2.resource [None req-aea5b64b-c0e9-440b-94da-0893ec1d6c96 dda1cdddfb494ef396468f61e17d87bb d6a8aa42b6764c6f9a1a9dfd200f8bfe - - default default] show failed (client error): The resource could not be found.
2026-09-11 06:40:31.509 10 INFO neutron.wsgi [None req-aea5b64b-c0e9-440b-94da-0893ec1d6c96 dda1cdddfb494ef396468f61e17d87bb d6a8aa42b6764c6f9a1a9dfd200f8bfe - - default default] 10.0.0.148 "GET /v2.0/subnetpools/914842b6-a243-4a98-a5b6-05a52de46ca8 HTTP/1.1" status: 404 len: 346 time: 0.0071230
2026-09-11 06:40:31.520 10 INFO neutron.api.v2.resource [None req-2a7ce6ed-3f16-4dd9-a41e-079e9a1d1362 dda1cdddfb494ef396468f61e17d87bb d6a8aa42b6764c6f9a1a9dfd200f8bfe - - default default] delete failed (client error): The resource could not be found.
2026-09-11 06:40:31.520 10 INFO neutron.wsgi [None req-2a7ce6ed-3f16-4dd9-a41e-079e9a1d1362 dda1cdddfb494ef396468f61e17d87bb d6a8aa42b6764c6f9a1a9dfd200f8bfe - - default default] 10.0.0.148 "DELETE /v2.0/subnetpools/914842b6-a243-4a98-a5b6-05a52de46ca8 HTTP/1.1" status: 404 len: 346 time: 0.0077298
2026-09-11 06:40:31.709 9 WARNING neutron.scheduler.dhcp_agent_scheduler [None req-237e711d-1a25-423a-86c9-7701b1fdbf22 aeebc529bbe644d993e9e64b3172e73e b7d80c89cd0847ab8ef33a89c2ff1816 - - default default] No more DHCP agents
2026-09-11 06:40:31.712 9 WARNING neutron.api.rpc.agentnotifiers.dhcp_rpc_agent_api [None req-237e711d-1a25-423a-86c9-7701b1fdbf22 aeebc529bbe644d993e9e64b3172e73e b7d80c89cd0847ab8ef33a89c2ff1816 - - default default] Unable to schedule network ac84b611-858f-44ba-8bf5-aa3ecf4c5b35: no agents available; will retry on subsequent port and subnet creation events.
2026-09-11 06:40:31.862 9 INFO neutron.db.ovn_revision_numbers_db [None req-237e711d-1a25-423a-86c9-7701b1fdbf22 aeebc529bbe644d993e9e64b3172e73e b7d80c89cd0847ab8ef33a89c2ff1816 - - default default] Successfully bumped revision number for resource de1601b6-425e-41b1-b855-d1abc9846ec9 (type: ports) to 1
2026-09-11 06:40:31.884 9 INFO neutron.wsgi [None req-237e711d-1a25-423a-86c9-7701b1fdbf22 aeebc529bbe644d993e9e64b3172e73e b7d80c89cd0847ab8ef33a89c2ff1816 - - default default] 10.0.0.148 "POST /v2.0/ports HTTP/1.1" status: 201 len: 1115 time: 0.5532551
2026-09-11 06:40:32.143 10 INFO neutron.db.ovn_revision_numbers_db [None req-c4b51683-a48f-4cbd-8f4d-10bcaf42a077 c24e5577c93942f68d77af7df5d60da5 0d32d3f7abcd4f299c054958656f632a - - default default] Successfully bumped revision number for resource 305dcf35-74b3-4ad0-8b9d-11b06a7e0422 (type: routers) to 1
2026-09-11 06:40:32.167 10 INFO neutron.wsgi [None req-c4b51683-a48f-4cbd-8f4d-10bcaf42a077 c24e5577c93942f68d77af7df5d60da5 0d32d3f7abcd4f299c054958656f632a - - default default] 10.0.0.148 "POST /v2.0/routers HTTP/1.1" status: 201 len: 654 time: 0.4449537
2026-09-11 06:40:32.202 9 INFO neutron.wsgi [None req-8228bcbd-50b4-4b70-a7ba-74ce412a15e3 aeebc529bbe644d993e9e64b3172e73e b7d80c89cd0847ab8ef33a89c2ff1816 - - default default] 10.0.0.148 "DELETE /v2.0/ports/de1601b6-425e-41b1-b855-d1abc9846ec9 HTTP/1.1" status: 204 len: 168 time: 0.3131883
2026-09-11 06:40:32.225 9 INFO neutron.pecan_wsgi.hooks.translation [None req-f1e15d5b-3e2b-456d-873f-f86ef0816adf aeebc529bbe644d993e9e64b3172e73e b7d80c89cd0847ab8ef33a89c2ff1816 - - default default] GET failed (client error): The resource could not be found.
2026-09-11 06:40:32.226 9 INFO neutron.wsgi [None req-f1e15d5b-3e2b-456d-873f-f86ef0816adf aeebc529bbe644d993e9e64b3172e73e b7d80c89cd0847ab8ef33a89c2ff1816 - - default default] 10.0.0.148 "GET /v2.0/ports/de1601b6-425e-41b1-b855-d1abc9846ec9 HTTP/1.1" status: 404 len: 333 time: 0.0159612
2026-09-11 06:40:32.250 9 INFO neutron.db.ovn_revision_numbers_db [None req-6f479d74-44f8-492a-be51-f755f89e3d84 e915aac3d8cf44b5bd14642408eaa706 d5a18636bbbc4419932587742c22c0e5 - - default default] Successfully bumped revision number for resource e987c034-6ab3-4abb-9770-bb1c55f91de4 (type: security_groups) to 1
2026-09-11 06:40:32.266 10 INFO neutron.wsgi [None req-acdd57d3-d7d0-4651-b892-3d79d28dec7f c24e5577c93942f68d77af7df5d60da5 0d32d3f7abcd4f299c054958656f632a - - default default] 10.0.0.148 "PUT /v2.0/routers/305dcf35-74b3-4ad0-8b9d-11b06a7e0422/tags HTTP/1.1" status: 200 len: 218 time: 0.0921748
2026-09-11 06:40:32.268 9 INFO neutron.db.ovn_revision_numbers_db [None req-6f479d74-44f8-492a-be51-f755f89e3d84 e915aac3d8cf44b5bd14642408eaa706 d5a18636bbbc4419932587742c22c0e5 - - default default] Successfully bumped revision number for resource 2e3e4531-5f8e-48d0-9859-52eec5365162 (type: security_group_rules) to 0
2026-09-11 06:40:32.288 9 INFO neutron.db.ovn_revision_numbers_db [None req-6f479d74-44f8-492a-be51-f755f89e3d84 e915aac3d8cf44b5bd14642408eaa706 d5a18636bbbc4419932587742c22c0e5 - - default default] Successfully bumped revision number for resource a64f7dc1-7eb7-4d46-8a40-cf528e39c38b (type: security_group_rules) to 0
2026-09-11 06:40:32.312 9 INFO neutron.db.ovn_revision_numbers_db [None req-6f479d74-44f8-492a-be51-f755f89e3d84 e915aac3d8cf44b5bd14642408eaa706 d5a18636bbbc4419932587742c22c0e5 - - default default] Successfully bumped revision number for resource bb6116cc-7add-41e6-a212-c8d99ee542bc (type: security_group_rules) to 0
2026-09-11 06:40:32.322 10 INFO neutron.wsgi [None req-9eb102a0-0775-46c7-8e11-1f2201a0d3a2 c24e5577c93942f68d77af7df5d60da5 0d32d3f7abcd4f299c054958656f632a - - default default] 10.0.0.148 "GET /v2.0/routers/305dcf35-74b3-4ad0-8b9d-11b06a7e0422/tags HTTP/1.1" status: 200 len: 218 time: 0.0511601
2026-09-11 06:40:32.350 9 INFO neutron.db.ovn_revision_numbers_db [None req-6f479d74-44f8-492a-be51-f755f89e3d84 e915aac3d8cf44b5bd14642408eaa706 d5a18636bbbc4419932587742c22c0e5 - - default default] Successfully bumped revision number for resource d192a637-be87-4a82-be7e-8c744c076967 (type: security_group_rules) to 0
2026-09-11 06:40:32.400 9 INFO neutron.wsgi [None req-6f479d74-44f8-492a-be51-f755f89e3d84 e915aac3d8cf44b5bd14642408eaa706 d5a18636bbbc4419932587742c22c0e5 - - default default] 10.0.0.148 "GET /v2.0/security-groups?tenant_id=d6a8aa42b6764c6f9a1a9dfd200f8bfe&name=default HTTP/1.1" status: 200 len: 2996 time: 0.3341029
2026-09-11 06:40:32.434 10 INFO neutron.wsgi [None req-eb3e0a28-ea8b-4be1-8d46-01f632b825a9 c24e5577c93942f68d77af7df5d60da5 0d32d3f7abcd4f299c054958656f632a - - default default] 10.0.0.148 "PUT /v2.0/routers/305dcf35-74b3-4ad0-8b9d-11b06a7e0422/tags/green HTTP/1.1" status: 201 len: 201 time: 0.1003478
2026-09-11 06:40:32.462 9 INFO neutron.wsgi [None req-df927e7b-41d8-4a83-bb54-2fa682075076 aeebc529bbe644d993e9e64b3172e73e b7d80c89cd0847ab8ef33a89c2ff1816 - - default default] 10.0.0.148 "DELETE /v2.0/subnets/13f204c4-93fd-4408-990c-1c0e6f57ad2d HTTP/1.1" status: 204 len: 168 time: 0.2296579
2026-09-11 06:40:32.480 10 INFO neutron.wsgi [None req-56aaec4f-924b-4159-92f7-757216e59dcc c24e5577c93942f68d77af7df5d60da5 0d32d3f7abcd4f299c054958656f632a - - default default] 10.0.0.148 "GET /v2.0/routers/305dcf35-74b3-4ad0-8b9d-11b06a7e0422/tags HTTP/1.1" status: 200 len: 227 time: 0.0414271
2026-09-11 06:40:32.534 9 INFO neutron.wsgi [None req-d92cc0ba-682c-45f6-b1dd-e4c307528c4f c24e5577c93942f68d77af7df5d60da5 0d32d3f7abcd4f299c054958656f632a - - default default] 10.0.0.148 "PUT /v2.0/routers/305dcf35-74b3-4ad0-8b9d-11b06a7e0422/tags/red HTTP/1.1" status: 201 len: 201 time: 0.0498281
2026-09-11 06:40:32.580 9 INFO neutron.wsgi [None req-5bfdc499-8611-4b29-8e2d-398f4616e62c c24e5577c93942f68d77af7df5d60da5 0d32d3f7abcd4f299c054958656f632a - - default default] 10.0.0.148 "GET /v2.0/routers/305dcf35-74b3-4ad0-8b9d-11b06a7e0422/tags HTTP/1.1" status: 200 len: 227 time: 0.0415204
2026-09-11 06:40:32.600 10 INFO neutron.wsgi [None req-7eed9a65-2cdd-46e7-9f7b-b61fd6d93961 e915aac3d8cf44b5bd14642408eaa706 d5a18636bbbc4419932587742c22c0e5 - - default default] 10.0.0.148 "DELETE /v2.0/security-groups/e987c034-6ab3-4abb-9770-bb1c55f91de4 HTTP/1.1" status: 204 len: 168 time: 0.1945450
2026-09-11 06:40:32.651 9 INFO neutron.wsgi [None req-13bb271c-b0ef-4df0-9e5b-f43fcb996bf5 c24e5577c93942f68d77af7df5d60da5 0d32d3f7abcd4f299c054958656f632a - - default default] 10.0.0.148 "PUT /v2.0/routers/305dcf35-74b3-4ad0-8b9d-11b06a7e0422/tags/black.or.white HTTP/1.1" status: 201 len: 201 time: 0.0644879
2026-09-11 06:40:32.713 10 INFO neutron.wsgi [None req-29497df1-fd40-4cb4-aa19-b4cc9871084c c24e5577c93942f68d77af7df5d60da5 0d32d3f7abcd4f299c054958656f632a - - default default] 10.0.0.148 "GET /v2.0/routers/305dcf35-74b3-4ad0-8b9d-11b06a7e0422/tags HTTP/1.1" status: 200 len: 245 time: 0.0565410
2026-09-11 06:40:32.760 10 INFO neutron.wsgi [None req-27891304-40ab-45c4-bc40-8f9ae4a05f8b c24e5577c93942f68d77af7df5d60da5 0d32d3f7abcd4f299c054958656f632a - - default default] 10.0.0.148 "PUT /v2.0/routers/305dcf35-74b3-4ad0-8b9d-11b06a7e0422/tags HTTP/1.1" status: 200 len: 230 time: 0.0423713
2026-09-11 06:40:32.807 10 INFO neutron.wsgi [None req-93067308-8921-477e-9951-c3abc9b2647a c24e5577c93942f68d77af7df5d60da5 0d32d3f7abcd4f299c054958656f632a - - default default] 10.0.0.148 "GET /v2.0/routers/305dcf35-74b3-4ad0-8b9d-11b06a7e0422/tags HTTP/1.1" status: 200 len: 230 time: 0.0407271
2026-09-11 06:40:32.854 10 INFO neutron.wsgi [None req-65216351-23c7-4c57-9df8-188c578d8229 c24e5577c93942f68d77af7df5d60da5 0d32d3f7abcd4f299c054958656f632a - - default default] 10.0.0.148 "GET /v2.0/routers/305dcf35-74b3-4ad0-8b9d-11b06a7e0422/tags/red HTTP/1.1" status: 204 len: 168 time: 0.0424688
2026-09-11 06:40:32.855 9 INFO neutron.services.segments.plugin [-] Segment 57eb460f-90e6-4cf4-8018-69b19618c383 resource provider aggregate not found
2026-09-11 06:40:32.860 9 INFO neutron.services.segments.plugin [-] Segment 57eb460f-90e6-4cf4-8018-69b19618c383 resource provider aggregate not found
2026-09-11 06:40:32.878 9 INFO neutron.services.segments.plugin [-] Segment 57eb460f-90e6-4cf4-8018-69b19618c383 resource provider not found; error: Placement Client Error (4xx): {"errors": [{"status": 404, "title": "Not Found", "detail": "The resource could not be found.\n\n No resource provider with uuid 57eb460f-90e6-4cf4-8018-69b19618c383 found for delete ", "request_id": "req-24a799c6-85ed-4965-b8c9-be5df34aabe7"}]}
2026-09-11 06:40:32.884 9 INFO neutron.services.segments.plugin [-] Segment 57eb460f-90e6-4cf4-8018-69b19618c383 resource provider not found; error: Placement Client Error (4xx): {"errors": [{"status": 404, "title": "Not Found", "detail": "The resource could not be found.\n\n No resource provider with uuid 57eb460f-90e6-4cf4-8018-69b19618c383 found for delete ", "request_id": "req-f28607e0-1fb2-4cb8-b9c1-a29ebf798d1b"}]}
2026-09-11 06:40:32.894 9 INFO neutron.wsgi [None req-293f627d-396a-4c01-a873-65e73f2541ad aeebc529bbe644d993e9e64b3172e73e b7d80c89cd0847ab8ef33a89c2ff1816 - - default default] 10.0.0.148 "DELETE /v2.0/networks/ac84b611-858f-44ba-8bf5-aa3ecf4c5b35 HTTP/1.1" status: 204 len: 168 time: 0.4262638
2026-09-11 06:40:32.912 10 INFO neutron.api.v2.resource [None req-95e9c5fc-2e72-43b1-8cc0-d0415701d8e8 c24e5577c93942f68d77af7df5d60da5 0d32d3f7abcd4f299c054958656f632a - - default default] show failed (client error): The resource could not be found.
2026-09-11 06:40:32.913 10 INFO neutron.wsgi [None req-95e9c5fc-2e72-43b1-8cc0-d0415701d8e8 c24e5577c93942f68d77af7df5d60da5 0d32d3f7abcd4f299c054958656f632a - - default default] 10.0.0.148 "GET /v2.0/routers/305dcf35-74b3-4ad0-8b9d-11b06a7e0422/tags/green HTTP/1.1" status: 404 len: 299 time: 0.0511248
2026-09-11 06:40:32.968 9 INFO neutron.wsgi [None req-db8ee412-5da5-4ea3-b5d2-c9bd76ffe00e c24e5577c93942f68d77af7df5d60da5 0d32d3f7abcd4f299c054958656f632a - - default default] 10.0.0.148 "DELETE /v2.0/routers/305dcf35-74b3-4ad0-8b9d-11b06a7e0422/tags/red HTTP/1.1" status: 204 len: 168 time: 0.0468438
2026-09-11 06:40:33.029 10 INFO neutron.wsgi [None req-c4b4b876-e603-42dd-a6e7-a4efc8a882ad c24e5577c93942f68d77af7df5d60da5 0d32d3f7abcd4f299c054958656f632a - - default default] 10.0.0.148 "GET /v2.0/routers/305dcf35-74b3-4ad0-8b9d-11b06a7e0422/tags HTTP/1.1" status: 200 len: 223 time: 0.0454407
2026-09-11 06:40:33.154 10 WARNING neutron.scheduler.dhcp_agent_scheduler [None req-2340c21f-6273-40bd-9e90-38c2c220537b aeebc529bbe644d993e9e64b3172e73e b7d80c89cd0847ab8ef33a89c2ff1816 - - default default] No more DHCP agents
2026-09-11 06:40:33.157 10 WARNING neutron.api.rpc.agentnotifiers.dhcp_rpc_agent_api [None req-2340c21f-6273-40bd-9e90-38c2c220537b aeebc529bbe644d993e9e64b3172e73e b7d80c89cd0847ab8ef33a89c2ff1816 - - default default] Unable to schedule network 2a31e4fd-42f8-45e4-bb9f-46534b3d144c: no agents available; will retry on subsequent port and subnet creation events.
2026-09-11 06:40:33.222 10 INFO neutron.db.ovn_revision_numbers_db [None req-2340c21f-6273-40bd-9e90-38c2c220537b aeebc529bbe644d993e9e64b3172e73e b7d80c89cd0847ab8ef33a89c2ff1816 - - default default] Successfully bumped revision number for resource 21de9974-0dd9-4ef6-a0d8-68dc89159a9c (type: ports) to 1
2026-09-11 06:40:33.240 10 INFO neutron.wsgi [None req-2340c21f-6273-40bd-9e90-38c2c220537b aeebc529bbe644d993e9e64b3172e73e b7d80c89cd0847ab8ef33a89c2ff1816 - - default default] 10.0.0.148 "POST /v2.0/ports HTTP/1.1" status: 201 len: 973 time: 0.3398321 /var/lib/openstack/lib/python3.10/site-packages/pycadf/identifier.py:71: UserWarning: Invalid uuid: neutron. To ensure interoperability, identifiers should be a valid uuid. warnings.warn(('Invalid uuid: %s. To ensure interoperability, '
2026-09-11 06:40:33.352 9 INFO neutron.api.v2.resource [None req-e6f6da67-d8fd-48a8-9576-1b9c7be6bb6f c24e5577c93942f68d77af7df5d60da5 0d32d3f7abcd4f299c054958656f632a - - default default] delete failed (client error): The resource could not be found.
2026-09-11 06:40:33.353 9 INFO neutron.wsgi [None req-e6f6da67-d8fd-48a8-9576-1b9c7be6bb6f c24e5577c93942f68d77af7df5d60da5 0d32d3f7abcd4f299c054958656f632a - - default default] 10.0.0.148 "DELETE /v2.0/routers/305dcf35-74b3-4ad0-8b9d-11b06a7e0422/tags/green HTTP/1.1" status: 404 len: 299 time: 0.3199151
2026-09-11 06:40:33.404 9 INFO neutron.wsgi [None req-8688206f-9ef6-4885-8a2d-684fe8a238a0 c24e5577c93942f68d77af7df5d60da5 0d32d3f7abcd4f299c054958656f632a - - default default] 10.0.0.148 "DELETE /v2.0/routers/305dcf35-74b3-4ad0-8b9d-11b06a7e0422/tags HTTP/1.1" status: 204 len: 168 time: 0.0456448
2026-09-11 06:40:33.450 9 INFO neutron.plugins.ml2.drivers.ovn.mech_driver.mech_driver [None req-152a3724-0546-47c9-9d80-04f0c556738d - - - - - -] OVN reports status down for port: 21de9974-0dd9-4ef6-a0d8-68dc89159a9c
2026-09-11 06:40:33.455 9 INFO neutron.wsgi [None req-b797c264-9895-4b3f-934c-a0153f0c9525 c24e5577c93942f68d77af7df5d60da5 0d32d3f7abcd4f299c054958656f632a - - default default] 10.0.0.148 "GET /v2.0/routers/305dcf35-74b3-4ad0-8b9d-11b06a7e0422/tags HTTP/1.1" status: 200 len: 205 time: 0.0414195 /var/lib/openstack/lib/python3.10/site-packages/pycadf/identifier.py:71: UserWarning: Invalid uuid: neutron. To ensure interoperability, identifiers should be a valid uuid. warnings.warn(('Invalid uuid: %s. To ensure interoperability, '
2026-09-11 06:40:33.505 10 INFO neutron.db.ovn_revision_numbers_db [None req-f01905cd-cfe8-4116-ada8-382a220ea398 aeebc529bbe644d993e9e64b3172e73e b7d80c89cd0847ab8ef33a89c2ff1816 - - default default] Successfully bumped revision number for resource 21de9974-0dd9-4ef6-a0d8-68dc89159a9c (type: ports) to 2
2026-09-11 06:40:33.513 10 INFO neutron.wsgi [None req-4d037674-4e2a-4be1-a878-c797367f072c c24e5577c93942f68d77af7df5d60da5 0d32d3f7abcd4f299c054958656f632a - - default default] 10.0.0.148 "GET /v2.0/routers/305dcf35-74b3-4ad0-8b9d-11b06a7e0422 HTTP/1.1" status: 200 len: 655 time: 0.0522506
2026-09-11 06:40:33.527 10 INFO neutron.wsgi [None req-f01905cd-cfe8-4116-ada8-382a220ea398 aeebc529bbe644d993e9e64b3172e73e b7d80c89cd0847ab8ef33a89c2ff1816 - - default default] 10.0.0.148 "PUT /v2.0/ports/21de9974-0dd9-4ef6-a0d8-68dc89159a9c HTTP/1.1" status: 200 len: 946 time: 0.2817590
2026-09-11 06:40:33.739 9 INFO neutron.wsgi [None req-2eb278e4-f747-4b0c-bfab-efd931a855ea aeebc529bbe644d993e9e64b3172e73e b7d80c89cd0847ab8ef33a89c2ff1816 - - default default] 10.0.0.148 "DELETE /v2.0/ports/21de9974-0dd9-4ef6-a0d8-68dc89159a9c HTTP/1.1" status: 204 len: 168 time: 0.1999497
2026-09-11 06:40:33.821 9 INFO neutron.wsgi [None req-c1b0712b-c032-43f4-beb7-f9e4ee1ca35a aeebc529bbe644d993e9e64b3172e73e b7d80c89cd0847ab8ef33a89c2ff1816 - - default default] 10.0.0.148 "GET /v2.0/ports HTTP/1.1" status: 200 len: 1729 time: 0.0766969
2026-09-11 06:40:33.838 9 INFO neutron.pecan_wsgi.hooks.translation [None req-9b5b9997-a2e9-4c22-b2f4-014bdfcf0b95 aeebc529bbe644d993e9e64b3172e73e b7d80c89cd0847ab8ef33a89c2ff1816 - - default default] GET failed (client error): The resource could not be found.
2026-09-11 06:40:33.839 9 INFO neutron.wsgi [None req-9b5b9997-a2e9-4c22-b2f4-014bdfcf0b95 aeebc529bbe644d993e9e64b3172e73e b7d80c89cd0847ab8ef33a89c2ff1816 - - default default] 10.0.0.148 "GET /v2.0/ports/21de9974-0dd9-4ef6-a0d8-68dc89159a9c HTTP/1.1" status: 404 len: 333 time: 0.0132451
2026-09-11 06:40:33.889 9 INFO neutron.wsgi [None req-06c272e9-2e02-41d4-953e-53cca26857f1 aeebc529bbe644d993e9e64b3172e73e b7d80c89cd0847ab8ef33a89c2ff1816 - - default default] 10.0.0.148 "GET /v2.0/ports HTTP/1.1" status: 200 len: 1729 time: 0.0422997
2026-09-11 06:40:33.933 9 INFO neutron.wsgi [None req-8d3570b0-023c-4bc1-b1a1-65fe117d1edc aeebc529bbe644d993e9e64b3172e73e b7d80c89cd0847ab8ef33a89c2ff1816 - - default default] 10.0.0.148 "GET /v2.0/ports/4eed2a4e-18a8-4e33-87f7-28699b1180d4 HTTP/1.1" status: 200 len: 969 time: 0.0352240
2026-09-11 06:40:33.954 9 INFO neutron.pecan_wsgi.hooks.translation [None req-eacedb74-0b2d-4c4a-84fd-0ed35492f72e aeebc529bbe644d993e9e64b3172e73e b7d80c89cd0847ab8ef33a89c2ff1816 - - default default] DELETE failed (client error): The resource could not be found.
2026-09-11 06:40:33.956 9 INFO neutron.wsgi [None req-eacedb74-0b2d-4c4a-84fd-0ed35492f72e aeebc529bbe644d993e9e64b3172e73e b7d80c89cd0847ab8ef33a89c2ff1816 - - default default] 10.0.0.148 "DELETE /v2.0/ports/de1601b6-425e-41b1-b855-d1abc9846ec9 HTTP/1.1" status: 404 len: 333 time: 0.0155630
2026-09-11 06:40:33.976 9 INFO neutron.pecan_wsgi.hooks.translation [None req-9c25cb4a-8208-41ab-a8ea-d1d0d8ab274c aeebc529bbe644d993e9e64b3172e73e b7d80c89cd0847ab8ef33a89c2ff1816 - - default default] DELETE failed (client error): The resource could not be found.
2026-09-11 06:40:33.979 9 INFO neutron.wsgi [None req-9c25cb4a-8208-41ab-a8ea-d1d0d8ab274c aeebc529bbe644d993e9e64b3172e73e b7d80c89cd0847ab8ef33a89c2ff1816 - - default default] 10.0.0.148 "DELETE /v2.0/subnets/13f204c4-93fd-4408-990c-1c0e6f57ad2d HTTP/1.1" status: 404 len: 337 time: 0.0164137
2026-09-11 06:40:33.990 10 INFO neutron.db.ovn_revision_numbers_db [None req-3295467f-6078-4721-b1ae-2c2863e5df0f c24e5577c93942f68d77af7df5d60da5 0d32d3f7abcd4f299c054958656f632a - - default default] Successfully bumped revision number for resource 305dcf35-74b3-4ad0-8b9d-11b06a7e0422 (type: routers) to 7
2026-09-11 06:40:33.994 10 INFO neutron.wsgi [None req-3295467f-6078-4721-b1ae-2c2863e5df0f c24e5577c93942f68d77af7df5d60da5 0d32d3f7abcd4f299c054958656f632a - - default default] 10.0.0.148 "PUT /v2.0/routers/305dcf35-74b3-4ad0-8b9d-11b06a7e0422 HTTP/1.1" status: 200 len: 655 time: 0.4750440
2026-09-11 06:40:33.997 9 INFO neutron.pecan_wsgi.hooks.translation [None req-206ba21f-1978-434e-b3d6-2006aa775c9a aeebc529bbe644d993e9e64b3172e73e b7d80c89cd0847ab8ef33a89c2ff1816 - - default default] DELETE failed (client error): The resource could not be found.
2026-09-11 06:40:33.999 9 INFO neutron.wsgi [None req-206ba21f-1978-434e-b3d6-2006aa775c9a aeebc529bbe644d993e9e64b3172e73e b7d80c89cd0847ab8ef33a89c2ff1816 - - default default] 10.0.0.148 "DELETE /v2.0/subnets/fa4f21ec-1936-4b26-8537-85ffba80207d HTTP/1.1" status: 404 len: 337 time: 0.0148373
2026-09-11 06:40:34.022 9 INFO neutron.wsgi [None req-4053291c-4da7-4183-a4d3-fbac5c73f093 c24e5577c93942f68d77af7df5d60da5 0d32d3f7abcd4f299c054958656f632a - - default default] 10.0.0.148 "GET /v2.0/ports?device_id=305dcf35-74b3-4ad0-8b9d-11b06a7e0422 HTTP/1.1" status: 200 len: 205 time: 0.0168083
2026-09-11 06:40:34.214 9 INFO neutron.wsgi [None req-628d481c-f7ec-4c25-9de9-a5ea418efcf3 c24e5577c93942f68d77af7df5d60da5 0d32d3f7abcd4f299c054958656f632a - - default default] 10.0.0.148 "DELETE /v2.0/routers/305dcf35-74b3-4ad0-8b9d-11b06a7e0422 HTTP/1.1" status: 204 len: 168 time: 0.1866736
2026-09-11 06:40:34.293 10 INFO neutron.wsgi [None req-85347033-18ac-4129-b61c-2dbe0358e4db aeebc529bbe644d993e9e64b3172e73e b7d80c89cd0847ab8ef33a89c2ff1816 - - default default] 10.0.0.148 "DELETE /v2.0/ports/4eed2a4e-18a8-4e33-87f7-28699b1180d4 HTTP/1.1" status: 204 len: 168 time: 0.2878540
2026-09-11 06:40:34.498 9 INFO neutron.wsgi [-] 10.0.0.148 "GET / HTTP/1.1" status: 200 len: 279 time: 0.0016661
2026-09-11 06:40:34.762 9 INFO neutron.wsgi [None req-c55119c6-0566-437c-b60d-4199fcc426f6 6aca8319d7904452890abc92d94d01cf db835cb28a074b2f92798fbd55151dda - - default default] 10.0.0.148 "GET /v2.0/ HTTP/1.1" status: 200 len: 826 time: 0.2572222
2026-09-11 06:40:34.769 10 INFO neutron.services.segments.plugin [-] Segment 9f393665-e434-42bd-bb52-6630ef8f8aff resource provider aggregate not found
2026-09-11 06:40:34.773 10 INFO neutron.services.segments.plugin [-] Segment 9f393665-e434-42bd-bb52-6630ef8f8aff resource provider aggregate not found
2026-09-11 06:40:34.789 10 INFO neutron.services.segments.plugin [-] Segment 9f393665-e434-42bd-bb52-6630ef8f8aff resource provider not found; error: Placement Client Error (4xx): {"errors": [{"status": 404, "title": "Not Found", "detail": "The resource could not be found.\n\n No resource provider with uuid 9f393665-e434-42bd-bb52-6630ef8f8aff found for delete ", "request_id": "req-d7f29b98-dc8e-4e74-9f1a-ab1bacae31e2"}]}
2026-09-11 06:40:34.801 10 INFO neutron.services.segments.plugin [-] Segment 9f393665-e434-42bd-bb52-6630ef8f8aff resource provider not found; error: Placement Client Error (4xx): {"errors": [{"status": 404, "title": "Not Found", "detail": "The resource could not be found.\n\n No resource provider with uuid 9f393665-e434-42bd-bb52-6630ef8f8aff found for delete ", "request_id": "req-76a9d32d-ef29-4d5b-9308-88c490d0ed08"}]}
2026-09-11 06:40:34.815 10 INFO neutron.wsgi [None req-c41f1b78-a1ad-493a-ad57-57c98ecf8d8e aeebc529bbe644d993e9e64b3172e73e b7d80c89cd0847ab8ef33a89c2ff1816 - - default default] 10.0.0.148 "DELETE /v2.0/networks/2a31e4fd-42f8-45e4-bb9f-46534b3d144c HTTP/1.1" status: 204 len: 168 time: 0.5164177
2026-09-11 06:40:35.006 10 INFO neutron.wsgi [-] 10.0.0.199 "GET / HTTP/1.1" status: 200 len: 246 time: 0.0024054
2026-09-11 06:40:35.010 10 INFO neutron.wsgi [-] 10.0.0.199 "GET / HTTP/1.1" status: 200 len: 246 time: 0.0023909
2026-09-11 06:40:35.066 9 INFO neutron.db.ovn_revision_numbers_db [None req-392febd4-d691-439a-ad25-a097544cd26e e915aac3d8cf44b5bd14642408eaa706 d5a18636bbbc4419932587742c22c0e5 - - default default] Successfully bumped revision number for resource 62e06dad-ef29-42c6-b48a-47bfe66531ec (type: security_groups) to 1
2026-09-11 06:40:35.094 9 INFO neutron.db.ovn_revision_numbers_db [None req-392febd4-d691-439a-ad25-a097544cd26e e915aac3d8cf44b5bd14642408eaa706 d5a18636bbbc4419932587742c22c0e5 - - default default] Successfully bumped revision number for resource 64d8cd74-4f16-4a43-860e-49779b23fb60 (type: security_group_rules) to 0
2026-09-11 06:40:35.108 9 INFO neutron.db.ovn_revision_numbers_db [None req-392febd4-d691-439a-ad25-a097544cd26e e915aac3d8cf44b5bd14642408eaa706 d5a18636bbbc4419932587742c22c0e5 - - default default] Successfully bumped revision number for resource c0328662-1de8-46be-8d5f-15b3338d29bc (type: security_group_rules) to 0
2026-09-11 06:40:35.125 9 INFO neutron.db.ovn_revision_numbers_db [None req-392febd4-d691-439a-ad25-a097544cd26e e915aac3d8cf44b5bd14642408eaa706 d5a18636bbbc4419932587742c22c0e5 - - default default] Successfully bumped revision number for resource c6f0ad59-5ddb-4387-a36d-ac5485326248 (type: security_group_rules) to 0
2026-09-11 06:40:35.150 9 INFO neutron.db.ovn_revision_numbers_db [None req-392febd4-d691-439a-ad25-a097544cd26e e915aac3d8cf44b5bd14642408eaa706 d5a18636bbbc4419932587742c22c0e5 - - default default] Successfully bumped revision number for resource d25a0f5a-95f0-426d-9014-656b4fab5964 (type: security_group_rules) to 0
2026-09-11 06:40:35.180 9 INFO neutron.wsgi [None req-392febd4-d691-439a-ad25-a097544cd26e e915aac3d8cf44b5bd14642408eaa706 d5a18636bbbc4419932587742c22c0e5 - - default default] 10.0.0.148 "GET /v2.0/security-groups?tenant_id=0d32d3f7abcd4f299c054958656f632a&name=default HTTP/1.1" status: 200 len: 2996 time: 0.3034432
2026-09-11 06:40:35.422 10 INFO neutron.wsgi [None req-6dfab4d1-ffd6-4aba-9839-b6f6ff6c8e9e e915aac3d8cf44b5bd14642408eaa706 d5a18636bbbc4419932587742c22c0e5 - - default default] 10.0.0.148 "DELETE /v2.0/security-groups/62e06dad-ef29-42c6-b48a-47bfe66531ec HTTP/1.1" status: 204 len: 168 time: 0.2359636
2026-09-11 06:40:35.594 10 INFO neutron.wsgi [None req-a07c0f49-3420-4e0d-91b3-0fff68578e8a e915aac3d8cf44b5bd14642408eaa706 d5a18636bbbc4419932587742c22c0e5 - - default default] 10.0.0.148 "GET /v2.0/security-groups?tenant_id=b7d80c89cd0847ab8ef33a89c2ff1816&name=default HTTP/1.1" status: 200 len: 2996 time: 0.2130675
2026-09-11 06:40:35.679 9 INFO neutron.db.ovn_revision_numbers_db [None req-5e8a12ce-fd4a-4c3e-bc3f-b32e33614af7 e915aac3d8cf44b5bd14642408eaa706 d5a18636bbbc4419932587742c22c0e5 - - default default] Successfully bumped revision number for resource 65ceab2a-173b-4d3e-9ee8-ec7f7b1ac7be (type: security_groups) to 1
2026-09-11 06:40:35.693 10 INFO neutron.db.ovn_revision_numbers_db [None req-dc98e59d-b8b6-4256-a640-b200d7ea9723 e915aac3d8cf44b5bd14642408eaa706 d5a18636bbbc4419932587742c22c0e5 - - default default] Successfully bumped revision number for resource 64e6981f-966e-48af-982d-15199dcf935f (type: security_groups) to 1
2026-09-11 06:40:35.696 9 INFO neutron.db.ovn_revision_numbers_db [None req-5e8a12ce-fd4a-4c3e-bc3f-b32e33614af7 e915aac3d8cf44b5bd14642408eaa706 d5a18636bbbc4419932587742c22c0e5 - - default default] Successfully bumped revision number for resource 253d3cd2-af90-4db1-81f8-69e0533d0736 (type: security_group_rules) to 0
2026-09-11 06:40:35.707 10 INFO neutron.db.ovn_revision_numbers_db [None req-dc98e59d-b8b6-4256-a640-b200d7ea9723 e915aac3d8cf44b5bd14642408eaa706 d5a18636bbbc4419932587742c22c0e5 - - default default] Successfully bumped revision number for resource 32f6fed8-2724-434a-aa7b-bdf20fb6b0bc (type: security_group_rules) to 0
2026-09-11 06:40:35.712 9 INFO neutron.db.ovn_revision_numbers_db [None req-5e8a12ce-fd4a-4c3e-bc3f-b32e33614af7 e915aac3d8cf44b5bd14642408eaa706 d5a18636bbbc4419932587742c22c0e5 - - default default] Successfully bumped revision number for resource 661077b7-9aac-4074-87d8-62d85f028298 (type: security_group_rules) to 0
2026-09-11 06:40:35.719 10 INFO neutron.db.ovn_revision_numbers_db [None req-dc98e59d-b8b6-4256-a640-b200d7ea9723 e915aac3d8cf44b5bd14642408eaa706 d5a18636bbbc4419932587742c22c0e5 - - default default] Successfully bumped revision number for resource 5a36cd70-0c6b-4ba0-9bcd-aeb759d1ecc1 (type: security_group_rules) to 0
2026-09-11 06:40:35.723 9 INFO neutron.db.ovn_revision_numbers_db [None req-5e8a12ce-fd4a-4c3e-bc3f-b32e33614af7 e915aac3d8cf44b5bd14642408eaa706 d5a18636bbbc4419932587742c22c0e5 - - default default] Successfully bumped revision number for resource 6689acc5-f164-401f-a854-77d7457fb056 (type: security_group_rules) to 0
2026-09-11 06:40:35.734 10 INFO neutron.db.ovn_revision_numbers_db [None req-dc98e59d-b8b6-4256-a640-b200d7ea9723 e915aac3d8cf44b5bd14642408eaa706 d5a18636bbbc4419932587742c22c0e5 - - default default] Successfully bumped revision number for resource 7f1c9e15-f162-40f2-8fd2-f06e4c2cd2e1 (type: security_group_rules) to 0
2026-09-11 06:40:35.741 9 INFO neutron.db.ovn_revision_numbers_db [None req-5e8a12ce-fd4a-4c3e-bc3f-b32e33614af7 e915aac3d8cf44b5bd14642408eaa706 d5a18636bbbc4419932587742c22c0e5 - - default default] Successfully bumped revision number for resource 686c4c7c-7dda-4e90-9e63-3765bf9fb624 (type: security_group_rules) to 0
2026-09-11 06:40:35.747 10 INFO neutron.db.ovn_revision_numbers_db [None req-dc98e59d-b8b6-4256-a640-b200d7ea9723 e915aac3d8cf44b5bd14642408eaa706 d5a18636bbbc4419932587742c22c0e5 - - default default] Successfully bumped revision number for resource ba605270-5ff6-4d5f-b443-616e1e4fb93b (type: security_group_rules) to 0
2026-09-11 06:40:35.759 9 INFO neutron.wsgi [None req-5e8a12ce-fd4a-4c3e-bc3f-b32e33614af7 e915aac3d8cf44b5bd14642408eaa706 d5a18636bbbc4419932587742c22c0e5 - - default default] 10.0.0.148 "GET /v2.0/security-groups?tenant_id=db835cb28a074b2f92798fbd55151dda&name=default HTTP/1.1" status: 200 len: 2996 time: 0.4082401
2026-09-11 06:40:35.773 10 INFO neutron.wsgi [None req-dc98e59d-b8b6-4256-a640-b200d7ea9723 e915aac3d8cf44b5bd14642408eaa706 d5a18636bbbc4419932587742c22c0e5 - - default default] 10.0.0.148 "GET /v2.0/security-groups?tenant_id=416b98c005204882917d01182fdf7ad9&name=default HTTP/1.1" status: 200 len: 2996 time: 0.2089236
2026-09-11 06:40:35.857 9 INFO neutron.wsgi [None req-2d3793a9-883d-4213-a334-857eef55f8e3 e915aac3d8cf44b5bd14642408eaa706 d5a18636bbbc4419932587742c22c0e5 - - default default] 10.0.0.148 "DELETE /v2.0/security-groups/34ed7a66-cfda-4343-8ae5-ee0fdfcf11ce HTTP/1.1" status: 204 len: 168 time: 0.2573962
2026-09-11 06:40:36.027 10 INFO neutron.wsgi [None req-d4d6c6d1-8a98-4b8b-87fc-891bf7b00d91 e915aac3d8cf44b5bd14642408eaa706 d5a18636bbbc4419932587742c22c0e5 - - default default] 10.0.0.148 "DELETE /v2.0/security-groups/64e6981f-966e-48af-982d-15199dcf935f HTTP/1.1" status: 204 len: 168 time: 0.2495182
2026-09-11 06:40:36.040 9 INFO neutron.wsgi [None req-f19621c3-1d9a-4831-b8a3-c6612a64cb1a e915aac3d8cf44b5bd14642408eaa706 d5a18636bbbc4419932587742c22c0e5 - - default default] 10.0.0.148 "DELETE /v2.0/security-groups/65ceab2a-173b-4d3e-9ee8-ec7f7b1ac7be HTTP/1.1" status: 204 len: 168 time: 0.2697358
2026-09-11 06:40:38.067 10 INFO neutron.db.ovn_revision_numbers_db [None req-ffa22e87-5070-4022-be56-4cfe144b6b07 a547114042b74ed5940a281ac230a09d b3c8919f42a74e3ea083708da6d7dbe4 - - default default] Successfully bumped revision number for resource cddfb361-21e2-4029-ae42-f4173acba356 (type: security_groups) to 1
2026-09-11 06:40:38.106 10 INFO neutron.db.ovn_revision_numbers_db [None req-ffa22e87-5070-4022-be56-4cfe144b6b07 a547114042b74ed5940a281ac230a09d b3c8919f42a74e3ea083708da6d7dbe4 - - default default] Successfully bumped revision number for resource 2c557bcc-a2e5-43da-a825-5607d76f152f (type: security_group_rules) to 0
2026-09-11 06:40:38.125 10 INFO neutron.db.ovn_revision_numbers_db [None req-ffa22e87-5070-4022-be56-4cfe144b6b07 a547114042b74ed5940a281ac230a09d b3c8919f42a74e3ea083708da6d7dbe4 - - default default] Successfully bumped revision number for resource 7377f4c1-4f5e-414d-b0e0-b49bfec37082 (type: security_group_rules) to 0
2026-09-11 06:40:38.142 10 INFO neutron.db.ovn_revision_numbers_db [None req-ffa22e87-5070-4022-be56-4cfe144b6b07 a547114042b74ed5940a281ac230a09d b3c8919f42a74e3ea083708da6d7dbe4 - - default default] Successfully bumped revision number for resource ce44f046-144c-43a7-817b-a838dca454ce (type: security_group_rules) to 0
2026-09-11 06:40:38.154 10 INFO neutron.db.ovn_revision_numbers_db [None req-ffa22e87-5070-4022-be56-4cfe144b6b07 a547114042b74ed5940a281ac230a09d b3c8919f42a74e3ea083708da6d7dbe4 - - default default] Successfully bumped revision number for resource fd4ad1b1-5127-40a6-b93b-975f6a375d50 (type: security_group_rules) to 0
2026-09-11 06:40:38.237 10 INFO neutron.db.ovn_revision_numbers_db [None req-ffa22e87-5070-4022-be56-4cfe144b6b07 a547114042b74ed5940a281ac230a09d b3c8919f42a74e3ea083708da6d7dbe4 - - default default] Successfully bumped revision number for resource fd708eef-208c-4303-af5d-7c29fab33016 (type: security_groups) to 1
2026-09-11 06:40:38.263 10 INFO neutron.db.ovn_revision_numbers_db [None req-ffa22e87-5070-4022-be56-4cfe144b6b07 a547114042b74ed5940a281ac230a09d b3c8919f42a74e3ea083708da6d7dbe4 - - default default] Successfully bumped revision number for resource e8a9d7c2-498c-4606-a891-462d6752ec42 (type: security_group_rules) to 0
2026-09-11 06:40:38.279 10 INFO neutron.db.ovn_revision_numbers_db [None req-ffa22e87-5070-4022-be56-4cfe144b6b07 a547114042b74ed5940a281ac230a09d b3c8919f42a74e3ea083708da6d7dbe4 - - default default] Successfully bumped revision number for resource fc92c82b-6f88-415b-875e-0accaeaf1656 (type: security_group_rules) to 0
2026-09-11 06:40:38.303 10 INFO neutron.wsgi [None req-ffa22e87-5070-4022-be56-4cfe144b6b07 a547114042b74ed5940a281ac230a09d b3c8919f42a74e3ea083708da6d7dbe4 - - default default] 10.0.0.148 "POST /v2.0/security-groups HTTP/1.1" status: 201 len: 1761 time: 0.5589700
2026-09-11 06:40:38.354 10 INFO neutron.wsgi [None req-b7f889da-214c-4d32-8f79-94f80b01ccf4 a547114042b74ed5940a281ac230a09d b3c8919f42a74e3ea083708da6d7dbe4 - - default default] 10.0.0.148 "GET /v2.0/security-groups HTTP/1.1" status: 200 len: 4539 time: 0.0404506
2026-09-11 06:40:38.445 10 INFO neutron.db.ovn_revision_numbers_db [None req-c55fe452-1f7c-423e-ada9-526c84baa201 a547114042b74ed5940a281ac230a09d b3c8919f42a74e3ea083708da6d7dbe4 - - default default] Successfully bumped revision number for resource fd708eef-208c-4303-af5d-7c29fab33016 (type: security_groups) to 2
2026-09-11 06:40:38.447 10 INFO neutron.wsgi [None req-c55fe452-1f7c-423e-ada9-526c84baa201 a547114042b74ed5940a281ac230a09d b3c8919f42a74e3ea083708da6d7dbe4 - - default default] 10.0.0.148 "PUT /v2.0/security-groups/fd708eef-208c-4303-af5d-7c29fab33016 HTTP/1.1" status: 200 len: 1794 time: 0.0884595
2026-09-11 06:40:38.483 9 INFO neutron.wsgi [None req-7b078379-d568-420f-99d0-e69906cece8c a547114042b74ed5940a281ac230a09d b3c8919f42a74e3ea083708da6d7dbe4 - - default default] 10.0.0.148 "GET /v2.0/security-groups/fd708eef-208c-4303-af5d-7c29fab33016 HTTP/1.1" status: 200 len: 1794 time: 0.0318420
2026-09-11 06:40:38.586 9 INFO neutron.wsgi [None req-bda37222-0ac6-4689-9ded-c6d5f9c868c6 a547114042b74ed5940a281ac230a09d b3c8919f42a74e3ea083708da6d7dbe4 - - default default] 10.0.0.148 "DELETE /v2.0/security-groups/fd708eef-208c-4303-af5d-7c29fab33016 HTTP/1.1" status: 204 len: 168 time: 0.0969381
2026-09-11 06:40:38.641 9 INFO neutron.wsgi [None req-0906c4dd-43a4-4c9c-a53d-cc035380a16b a547114042b74ed5940a281ac230a09d b3c8919f42a74e3ea083708da6d7dbe4 - - default default] 10.0.0.148 "GET /v2.0/security-groups HTTP/1.1" status: 200 len: 2996 time: 0.0505826
2026-09-11 06:40:38.655 9 INFO neutron.api.v2.resource [None req-8706f623-fc37-4d8c-bc00-9b86c128f00d a547114042b74ed5940a281ac230a09d b3c8919f42a74e3ea083708da6d7dbe4 - - default default] delete failed (client error): The resource could not be found.
2026-09-11 06:40:38.656 9 INFO neutron.wsgi [None req-8706f623-fc37-4d8c-bc00-9b86c128f00d a547114042b74ed5940a281ac230a09d b3c8919f42a74e3ea083708da6d7dbe4 - - default default] 10.0.0.148 "DELETE /v2.0/security-groups/fd708eef-208c-4303-af5d-7c29fab33016 HTTP/1.1" status: 404 len: 347 time: 0.0097232
2026-09-11 06:40:38.765 9 INFO neutron.db.ovn_revision_numbers_db [None req-ebad051b-1090-45ad-8c2c-ad6d1a850913 a547114042b74ed5940a281ac230a09d b3c8919f42a74e3ea083708da6d7dbe4 - - default default] Successfully bumped revision number for resource 8d468e4c-93bb-4d9e-901d-64e43c5bfabc (type: security_groups) to 1
2026-09-11 06:40:38.775 9 INFO neutron.db.ovn_revision_numbers_db [None req-ebad051b-1090-45ad-8c2c-ad6d1a850913 a547114042b74ed5940a281ac230a09d b3c8919f42a74e3ea083708da6d7dbe4 - - default default] Successfully bumped revision number for resource 18f2fafa-8cb9-4281-aa0a-91301000ca52 (type: security_group_rules) to 0
2026-09-11 06:40:38.785 9 INFO neutron.db.ovn_revision_numbers_db [None req-ebad051b-1090-45ad-8c2c-ad6d1a850913 a547114042b74ed5940a281ac230a09d b3c8919f42a74e3ea083708da6d7dbe4 - - default default] Successfully bumped revision number for resource 4a31feeb-a16d-4537-bcf2-8f26c02b13d9 (type: security_group_rules) to 0
2026-09-11 06:40:38.804 9 INFO neutron.wsgi [None req-ebad051b-1090-45ad-8c2c-ad6d1a850913 a547114042b74ed5940a281ac230a09d b3c8919f42a74e3ea083708da6d7dbe4 - - default default] 10.0.0.148 "POST /v2.0/security-groups HTTP/1.1" status: 201 len: 1761 time: 0.1383247
2026-09-11 06:40:38.937 9 INFO neutron.db.ovn_revision_numbers_db [None req-a7660584-254b-44ba-acfd-d58976f14958 a547114042b74ed5940a281ac230a09d b3c8919f42a74e3ea083708da6d7dbe4 - - default default] Successfully bumped revision number for resource f0913afc-a51d-4c04-9d4a-d14fc5fb518e (type: security_group_rules) to 0
2026-09-11 06:40:38.962 9 INFO neutron.wsgi [None req-a7660584-254b-44ba-acfd-d58976f14958 a547114042b74ed5940a281ac230a09d b3c8919f42a74e3ea083708da6d7dbe4 - - default default] 10.0.0.148 "POST /v2.0/security-group-rules HTTP/1.1" status: 201 len: 768 time: 0.1545186
2026-09-11 06:40:38.983 9 INFO neutron.wsgi [None req-615b6bc3-3643-4fbe-9169-f8f2995b6ce3 a547114042b74ed5940a281ac230a09d b3c8919f42a74e3ea083708da6d7dbe4 - - default default] 10.0.0.148 "GET /v2.0/security-group-rules/f0913afc-a51d-4c04-9d4a-d14fc5fb518e HTTP/1.1" status: 200 len: 763 time: 0.0142267
2026-09-11 06:40:39.019 9 INFO neutron.wsgi [None req-f774d766-dd49-460c-97a6-3478f59273a5 a547114042b74ed5940a281ac230a09d b3c8919f42a74e3ea083708da6d7dbe4 - - default default] 10.0.0.148 "GET /v2.0/security-group-rules HTTP/1.1" status: 200 len: 4113 time: 0.0297582
2026-09-11 06:40:39.112 9 INFO neutron.wsgi [None req-11f7eb9a-8596-44b7-9c92-db66770d4cc2 a547114042b74ed5940a281ac230a09d b3c8919f42a74e3ea083708da6d7dbe4 - - default default] 10.0.0.148 "DELETE /v2.0/security-group-rules/f0913afc-a51d-4c04-9d4a-d14fc5fb518e HTTP/1.1" status: 204 len: 168 time: 0.0881393
2026-09-11 06:40:39.150 9 INFO neutron.wsgi [None req-51c6d6be-c8f8-401c-bf7b-3c8b2aa83d89 a547114042b74ed5940a281ac230a09d b3c8919f42a74e3ea083708da6d7dbe4 - - default default] 10.0.0.148 "GET /v2.0/security-group-rules HTTP/1.1" status: 200 len: 3567 time: 0.0308182
2026-09-11 06:40:39.244 9 INFO neutron.db.ovn_revision_numbers_db [None req-67336ad4-b3c4-4778-8b48-fecd4c9001d5 a547114042b74ed5940a281ac230a09d b3c8919f42a74e3ea083708da6d7dbe4 - - default default] Successfully bumped revision number for resource 8f6323fb-5ced-4c06-ad74-d310a8e6dfcd (type: security_group_rules) to 0
2026-09-11 06:40:39.269 9 INFO neutron.wsgi [None req-67336ad4-b3c4-4778-8b48-fecd4c9001d5 a547114042b74ed5940a281ac230a09d b3c8919f42a74e3ea083708da6d7dbe4 - - default default] 10.0.0.148 "POST /v2.0/security-group-rules HTTP/1.1" status: 201 len: 768 time: 0.1119070
2026-09-11 06:40:39.289 9 INFO neutron.wsgi [None req-217a8b2d-4b47-4054-b00f-94c300fc149b a547114042b74ed5940a281ac230a09d b3c8919f42a74e3ea083708da6d7dbe4 - - default default] 10.0.0.148 "GET /v2.0/security-group-rules/8f6323fb-5ced-4c06-ad74-d310a8e6dfcd HTTP/1.1" status: 200 len: 763 time: 0.0106158
2026-09-11 06:40:39.325 9 INFO neutron.wsgi [None req-2ef0d6e3-85a1-4eea-956f-a038e1e760c4 a547114042b74ed5940a281ac230a09d b3c8919f42a74e3ea083708da6d7dbe4 - - default default] 10.0.0.148 "GET /v2.0/security-group-rules HTTP/1.1" status: 200 len: 4113 time: 0.0333292
2026-09-11 06:40:39.422 9 INFO neutron.wsgi [None req-9759c815-6740-4ded-8a16-8b1db7a622c2 a547114042b74ed5940a281ac230a09d b3c8919f42a74e3ea083708da6d7dbe4 - - default default] 10.0.0.148 "DELETE /v2.0/security-group-rules/8f6323fb-5ced-4c06-ad74-d310a8e6dfcd HTTP/1.1" status: 204 len: 168 time: 0.0924807
2026-09-11 06:40:39.486 9 INFO neutron.wsgi [None req-2ac98925-cc82-4684-8b29-edfe6748199f a547114042b74ed5940a281ac230a09d b3c8919f42a74e3ea083708da6d7dbe4 - - default default] 10.0.0.148 "GET /v2.0/security-group-rules HTTP/1.1" status: 200 len: 3567 time: 0.0489051
2026-09-11 06:40:39.514 9 INFO neutron.db.securitygroups_db [None req-74aae7d3-6154-4be6-9bfb-df6f3d7b8d02 a547114042b74ed5940a281ac230a09d b3c8919f42a74e3ea083708da6d7dbe4 - - default default] Project b3c8919f42a74e3ea083708da6d7dbe4 added a security group rule with legacy IPv6 ICMP protocol name icmp, ipv6-icmp should be used instead. It was automatically converted.
2026-09-11 06:40:39.606 9 INFO neutron.db.ovn_revision_numbers_db [None req-74aae7d3-6154-4be6-9bfb-df6f3d7b8d02 a547114042b74ed5940a281ac230a09d b3c8919f42a74e3ea083708da6d7dbe4 - - default default] Successfully bumped revision number for resource 4f85c250-71fa-457f-a538-d133dca3b7c1 (type: security_group_rules) to 0
2026-09-11 06:40:39.631 9 INFO neutron.wsgi [None req-74aae7d3-6154-4be6-9bfb-df6f3d7b8d02 a547114042b74ed5940a281ac230a09d b3c8919f42a74e3ea083708da6d7dbe4 - - default default] 10.0.0.148 "POST /v2.0/security-group-rules HTTP/1.1" status: 201 len: 774 time: 0.1405127
2026-09-11 06:40:39.652 9 INFO neutron.wsgi [None req-5217abe6-f72f-4d73-abaa-925bedc98b63 a547114042b74ed5940a281ac230a09d b3c8919f42a74e3ea083708da6d7dbe4 - - default default] 10.0.0.148 "GET /v2.0/security-group-rules/4f85c250-71fa-457f-a538-d133dca3b7c1 HTTP/1.1" status: 200 len: 769 time: 0.0154135
2026-09-11 06:40:39.653 10 INFO neutron.wsgi [None req-2fa89fb9-5693-45a2-943a-c263fae6dae1 8c0eabc9a63342be9388d67a3b1532a0 8e46e5b996894a829658e3c41cf756a0 - - default default] 10.0.0.148 "POST /v2.0/subnetpools HTTP/1.1" status: 201 len: 715 time: 0.2133667
2026-09-11 06:40:39.714 9 INFO neutron.wsgi [None req-39f3772b-2bbd-419e-b80e-85b5d89872e4 8c0eabc9a63342be9388d67a3b1532a0 8e46e5b996894a829658e3c41cf756a0 - - default default] 10.0.0.148 "PUT /v2.0/subnetpools/c65f1a54-fefa-408c-aec0-7b50def2a3b2/tags HTTP/1.1" status: 200 len: 218 time: 0.0545623
2026-09-11 06:40:39.724 9 INFO neutron.wsgi [None req-7d9c91f9-2036-4d1a-9000-368d03089160 a547114042b74ed5940a281ac230a09d b3c8919f42a74e3ea083708da6d7dbe4 - - default default] 10.0.0.148 "GET /v2.0/security-group-rules HTTP/1.1" status: 200 len: 4119 time: 0.0654678
2026-09-11 06:40:39.751 10 INFO neutron.wsgi [None req-9fb47e19-5454-4f32-9e79-d72f17fd6af3 8c0eabc9a63342be9388d67a3b1532a0 8e46e5b996894a829658e3c41cf756a0 - - default default] 10.0.0.148 "GET /v2.0/subnetpools/c65f1a54-fefa-408c-aec0-7b50def2a3b2/tags HTTP/1.1" status: 200 len: 218 time: 0.0328918
2026-09-11 06:40:39.794 9 INFO neutron.wsgi [None req-4e931a73-3f0c-4c2a-b7fd-8cb29a3ac382 8c0eabc9a63342be9388d67a3b1532a0 8e46e5b996894a829658e3c41cf756a0 - - default default] 10.0.0.148 "PUT /v2.0/subnetpools/c65f1a54-fefa-408c-aec0-7b50def2a3b2/tags/green HTTP/1.1" status: 201 len: 201 time: 0.0396538
2026-09-11 06:40:39.830 10 INFO neutron.wsgi [None req-a0f4bd5b-371c-4b52-8b1a-166551b09f6f 8c0eabc9a63342be9388d67a3b1532a0 8e46e5b996894a829658e3c41cf756a0 - - default default] 10.0.0.148 "GET /v2.0/subnetpools/c65f1a54-fefa-408c-aec0-7b50def2a3b2/tags HTTP/1.1" status: 200 len: 227 time: 0.0310307
2026-09-11 06:40:39.869 10 INFO neutron.db.ovn_revision_numbers_db [None req-f3feb602-1779-48fc-9830-42c2be2cee7f e915aac3d8cf44b5bd14642408eaa706 d5a18636bbbc4419932587742c22c0e5 - - default default] Successfully bumped revision number for resource 76696648-9ccf-4593-a74a-0a087927099e (type: security_groups) to 1
2026-09-11 06:40:39.873 10 INFO neutron.wsgi [None req-2ecc0419-aabc-4859-ba93-548de337e1b1 8c0eabc9a63342be9388d67a3b1532a0 8e46e5b996894a829658e3c41cf756a0 - - default default] 10.0.0.148 "PUT /v2.0/subnetpools/c65f1a54-fefa-408c-aec0-7b50def2a3b2/tags/red HTTP/1.1" status: 201 len: 201 time: 0.0388441
