2026-09-11 06:39:46.257 10 INFO neutron.wsgi [req-5c71e51b-0da6-4b30-8036-72f0eae1a1c6 req-b676275b-4bb1-4c9b-88c3-bb48fa4f6865 efe35623479b45798794747db62a1a5c cabec951436a4d0eaec193ce1f9fc389 - - c31d3e9b3c3142cba44307f86026f19a c31d3e9b3c3142cba44307f86026f19a] 10.0.0.233 "GET /v2.0/security-groups?id=12cff641-fe77-467f-9014-f046f2bb0f56&fields=id&fields=name HTTP/1.1" status: 200 len: 312 time: 0.0617721
2026-09-11 06:39:46.276 9 INFO neutron.db.ovn_revision_numbers_db [None req-eafef937-c475-46c2-9f59-cd15e02f6cd6 010c0f101046409e932ae5b249023eae c12526fb193a4e81ac66ceaee67beced - - default default] Successfully bumped revision number for resource 0fffbea5-6a27-4f71-9efd-d5cc70b51424 (type: security_group_rules) to 0
2026-09-11 06:39:46.277 9 INFO neutron.pecan_wsgi.hooks.translation [None req-983fc8f8-3c4b-44cc-aeb8-9a8d7905cfdf 66c92f406a0c4b2c9455e574f962b4b2 76e564dc5db747b682ddd3cd7843f977 - - default default] DELETE failed (client error): The resource could not be found.
2026-09-11 06:39:46.280 9 INFO neutron.wsgi [None req-983fc8f8-3c4b-44cc-aeb8-9a8d7905cfdf 66c92f406a0c4b2c9455e574f962b4b2 76e564dc5db747b682ddd3cd7843f977 - - default default] 10.0.0.148 "DELETE /v2.0/subnets/a573fa85-5d13-4730-ad38-988991dc3ad7 HTTP/1.1" status: 404 len: 337 time: 0.0206680
2026-09-11 06:39:46.296 9 INFO neutron.db.ovn_revision_numbers_db [None req-eafef937-c475-46c2-9f59-cd15e02f6cd6 010c0f101046409e932ae5b249023eae c12526fb193a4e81ac66ceaee67beced - - default default] Successfully bumped revision number for resource 3eb7d676-b88a-4c5f-8355-9302681bf01e (type: security_group_rules) to 0
2026-09-11 06:39:46.311 9 INFO neutron.db.ovn_revision_numbers_db [None req-eafef937-c475-46c2-9f59-cd15e02f6cd6 010c0f101046409e932ae5b249023eae c12526fb193a4e81ac66ceaee67beced - - default default] Successfully bumped revision number for resource c826b7c9-c4fb-4413-a516-d20056db2592 (type: security_group_rules) to 0
2026-09-11 06:39:46.339 9 INFO neutron.db.ovn_revision_numbers_db [None req-eafef937-c475-46c2-9f59-cd15e02f6cd6 010c0f101046409e932ae5b249023eae c12526fb193a4e81ac66ceaee67beced - - default default] Successfully bumped revision number for resource e26ef080-4335-4be6-a24e-1a711cfc2669 (type: security_group_rules) to 0
2026-09-11 06:39:46.341 10 INFO neutron.db.ovn_revision_numbers_db [None req-7fc66cee-1b02-4176-9a99-fdd23bc81ee9 e915aac3d8cf44b5bd14642408eaa706 d5a18636bbbc4419932587742c22c0e5 - - default default] Successfully bumped revision number for resource 849fe923-3cee-46e0-9cd5-43ac2a28a8bd (type: security_groups) to 1
2026-09-11 06:39:46.353 10 INFO neutron.db.ovn_revision_numbers_db [None req-7fc66cee-1b02-4176-9a99-fdd23bc81ee9 e915aac3d8cf44b5bd14642408eaa706 d5a18636bbbc4419932587742c22c0e5 - - default default] Successfully bumped revision number for resource 649e352e-8443-4a89-9ca7-7fca09d969c1 (type: security_group_rules) to 0
2026-09-11 06:39:46.366 10 INFO neutron.db.ovn_revision_numbers_db [None req-7fc66cee-1b02-4176-9a99-fdd23bc81ee9 e915aac3d8cf44b5bd14642408eaa706 d5a18636bbbc4419932587742c22c0e5 - - default default] Successfully bumped revision number for resource 7ed4d213-cb1b-4782-b0ef-c841c984a948 (type: security_group_rules) to 0
2026-09-11 06:39:46.381 10 INFO neutron.db.ovn_revision_numbers_db [None req-7fc66cee-1b02-4176-9a99-fdd23bc81ee9 e915aac3d8cf44b5bd14642408eaa706 d5a18636bbbc4419932587742c22c0e5 - - default default] Successfully bumped revision number for resource d0ac1ca9-2d5c-400e-90f5-31803752f2e6 (type: security_group_rules) to 0
2026-09-11 06:39:46.391 9 INFO neutron.db.segments_db [None req-eafef937-c475-46c2-9f59-cd15e02f6cd6 010c0f101046409e932ae5b249023eae c12526fb193a4e81ac66ceaee67beced - - default default] Added segment dc353989-df06-4341-b39b-6dbca8281f73 of type geneve for network a4804bc9-f5eb-4876-b719-2e586e4521c1
2026-09-11 06:39:46.394 10 INFO neutron.db.ovn_revision_numbers_db [None req-7fc66cee-1b02-4176-9a99-fdd23bc81ee9 e915aac3d8cf44b5bd14642408eaa706 d5a18636bbbc4419932587742c22c0e5 - - default default] Successfully bumped revision number for resource de349b13-2fc4-41f2-b13c-fec86e37482a (type: security_group_rules) to 0
2026-09-11 06:39:46.413 10 INFO neutron.wsgi [None req-7fc66cee-1b02-4176-9a99-fdd23bc81ee9 e915aac3d8cf44b5bd14642408eaa706 d5a18636bbbc4419932587742c22c0e5 - - default default] 10.0.0.148 "GET /v2.0/security-groups?tenant_id=1654ca4535a14430a7127b65249a787a&name=default HTTP/1.1" status: 200 len: 2996 time: 0.2455723
2026-09-11 06:39:46.558 9 INFO neutron.db.ovn_revision_numbers_db [None req-eafef937-c475-46c2-9f59-cd15e02f6cd6 010c0f101046409e932ae5b249023eae c12526fb193a4e81ac66ceaee67beced - - default default] Successfully bumped revision number for resource a4804bc9-f5eb-4876-b719-2e586e4521c1 (type: networks) to 1
2026-09-11 06:39:46.666 10 INFO neutron.wsgi [None req-1a3190f3-18e7-497b-9005-bd504ce6331a e915aac3d8cf44b5bd14642408eaa706 d5a18636bbbc4419932587742c22c0e5 - - default default] 10.0.0.148 "DELETE /v2.0/security-groups/849fe923-3cee-46e0-9cd5-43ac2a28a8bd HTTP/1.1" status: 204 len: 168 time: 0.2482729
2026-09-11 06:39:46.709 9 WARNING neutron.scheduler.dhcp_agent_scheduler [None req-eafef937-c475-46c2-9f59-cd15e02f6cd6 010c0f101046409e932ae5b249023eae c12526fb193a4e81ac66ceaee67beced - - default default] No more DHCP agents
2026-09-11 06:39:46.712 9 WARNING neutron.api.rpc.agentnotifiers.dhcp_rpc_agent_api [None req-eafef937-c475-46c2-9f59-cd15e02f6cd6 010c0f101046409e932ae5b249023eae c12526fb193a4e81ac66ceaee67beced - - default default] Unable to schedule network a4804bc9-f5eb-4876-b719-2e586e4521c1: no agents available; will retry on subsequent port and subnet creation events.
2026-09-11 06:39:46.783 9 INFO neutron.db.ovn_revision_numbers_db [None req-eafef937-c475-46c2-9f59-cd15e02f6cd6 010c0f101046409e932ae5b249023eae c12526fb193a4e81ac66ceaee67beced - - default default] Successfully bumped revision number for resource c32346e7-191d-4d73-87bf-202ec70a6fc1 (type: ports) to 1
2026-09-11 06:39:46.811 9 INFO neutron.wsgi [None req-eafef937-c475-46c2-9f59-cd15e02f6cd6 010c0f101046409e932ae5b249023eae c12526fb193a4e81ac66ceaee67beced - - default default] 10.0.0.148 "POST /v2.0/networks HTTP/1.1" status: 201 len: 848 time: 0.9791198 /var/lib/openstack/lib/python3.10/site-packages/pycadf/identifier.py:71: UserWarning: Invalid uuid: neutron. To ensure interoperability, identifiers should be a valid uuid. warnings.warn(('Invalid uuid: %s. To ensure interoperability, '
2026-09-11 06:39:47.084 10 INFO neutron.db.ovn_revision_numbers_db [None req-8f332dad-4114-42ac-b6d5-5910436fbcb4 e915aac3d8cf44b5bd14642408eaa706 d5a18636bbbc4419932587742c22c0e5 - - default default] Successfully bumped revision number for resource 89e2e010-98dc-4fa6-b335-83ac5dd89042 (type: security_groups) to 1
2026-09-11 06:39:47.092 9 WARNING neutron.scheduler.dhcp_agent_scheduler [None req-a7cc67ed-b9d7-410b-b97d-e2425862990b 010c0f101046409e932ae5b249023eae c12526fb193a4e81ac66ceaee67beced - - default default] No more DHCP agents
2026-09-11 06:39:47.094 9 WARNING neutron.api.rpc.agentnotifiers.dhcp_rpc_agent_api [None req-a7cc67ed-b9d7-410b-b97d-e2425862990b 010c0f101046409e932ae5b249023eae c12526fb193a4e81ac66ceaee67beced - - default default] Unable to schedule network a4804bc9-f5eb-4876-b719-2e586e4521c1: no agents available; will retry on subsequent port and subnet creation events.
2026-09-11 06:39:47.099 9 INFO neutron.wsgi [None req-91431742-9e8f-4d3b-a8bf-5679721e9548 e915aac3d8cf44b5bd14642408eaa706 d5a18636bbbc4419932587742c22c0e5 - - default default] 10.0.0.148 "GET /v2.0/security-groups?tenant_id=76e564dc5db747b682ddd3cd7843f977&name=default HTTP/1.1" status: 200 len: 2996 time: 0.2678945
2026-09-11 06:39:47.100 10 INFO neutron.db.ovn_revision_numbers_db [None req-8f332dad-4114-42ac-b6d5-5910436fbcb4 e915aac3d8cf44b5bd14642408eaa706 d5a18636bbbc4419932587742c22c0e5 - - default default] Successfully bumped revision number for resource 39a47164-4c2b-443f-ab2b-e3fb73630139 (type: security_group_rules) to 0
2026-09-11 06:39:47.126 10 INFO neutron.db.ovn_revision_numbers_db [None req-8f332dad-4114-42ac-b6d5-5910436fbcb4 e915aac3d8cf44b5bd14642408eaa706 d5a18636bbbc4419932587742c22c0e5 - - default default] Successfully bumped revision number for resource 77d36128-2dd3-4cac-99cc-9e5d0631b7cb (type: security_group_rules) to 0
2026-09-11 06:39:47.147 10 INFO neutron.db.ovn_revision_numbers_db [None req-8f332dad-4114-42ac-b6d5-5910436fbcb4 e915aac3d8cf44b5bd14642408eaa706 d5a18636bbbc4419932587742c22c0e5 - - default default] Successfully bumped revision number for resource b9f0fbe6-4d0c-4104-8ef6-a9e8d381b0f2 (type: security_group_rules) to 0
2026-09-11 06:39:47.162 9 INFO neutron.db.ovn_revision_numbers_db [None req-a7cc67ed-b9d7-410b-b97d-e2425862990b 010c0f101046409e932ae5b249023eae c12526fb193a4e81ac66ceaee67beced - - default default] Successfully bumped revision number for resource 513decdf-fc7d-4985-8ef4-5f270d6d6c1d (type: ports) to 1
2026-09-11 06:39:47.166 10 INFO neutron.db.ovn_revision_numbers_db [None req-8f332dad-4114-42ac-b6d5-5910436fbcb4 e915aac3d8cf44b5bd14642408eaa706 d5a18636bbbc4419932587742c22c0e5 - - default default] Successfully bumped revision number for resource e6e686a1-5db1-41a1-92af-3121b2b235eb (type: security_group_rules) to 0
2026-09-11 06:39:47.181 9 INFO neutron.wsgi [None req-a7cc67ed-b9d7-410b-b97d-e2425862990b 010c0f101046409e932ae5b249023eae c12526fb193a4e81ac66ceaee67beced - - default default] 10.0.0.148 "POST /v2.0/ports HTTP/1.1" status: 201 len: 977 time: 0.3645990
2026-09-11 06:39:47.195 10 INFO neutron.wsgi [None req-8f332dad-4114-42ac-b6d5-5910436fbcb4 e915aac3d8cf44b5bd14642408eaa706 d5a18636bbbc4419932587742c22c0e5 - - default default] 10.0.0.148 "GET /v2.0/security-groups?tenant_id=b891bdc2544d4596b100d6df58eb9941&name=default HTTP/1.1" status: 200 len: 2996 time: 0.2770798 /var/lib/openstack/lib/python3.10/site-packages/pycadf/identifier.py:71: UserWarning: Invalid uuid: neutron. To ensure interoperability, identifiers should be a valid uuid. warnings.warn(('Invalid uuid: %s. To ensure interoperability, '
2026-09-11 06:39:47.238 9 WARNING neutron.plugins.ml2.drivers.ovn.mech_driver.ovsdb.ovn_client [None req-152a3724-0546-47c9-9d80-04f0c556738d - - - - - -] No port found with ID db862416-7509-499d-ad30-6bfc7e63044f: RuntimeError: No port found with ID db862416-7509-499d-ad30-6bfc7e63044f
2026-09-11 06:39:47.291 10 INFO neutron.db.segments_db [None req-e5ca1701-6def-4375-a320-527d68502c04 010c0f101046409e932ae5b249023eae c12526fb193a4e81ac66ceaee67beced - - default default] Added segment d0ad22fc-d07d-482d-849b-32d2e5173570 of type geneve for network 47ebe5d2-751d-4642-b9cf-6bc97cda095d
2026-09-11 06:39:47.343 10 INFO neutron.wsgi [None req-6ce00e11-3920-4119-b839-2685cb7e66df e915aac3d8cf44b5bd14642408eaa706 d5a18636bbbc4419932587742c22c0e5 - - default default] 10.0.0.148 "DELETE /v2.0/security-groups/d2127ed0-f456-4feb-b99f-036427d607a2 HTTP/1.1" status: 204 len: 168 time: 0.2376032
2026-09-11 06:39:47.384 9 INFO neutron.wsgi [None req-36d9212c-dec5-4ef7-838c-28f5b30ff34d e915aac3d8cf44b5bd14642408eaa706 d5a18636bbbc4419932587742c22c0e5 - - default default] 10.0.0.148 "DELETE /v2.0/security-groups/89e2e010-98dc-4fa6-b335-83ac5dd89042 HTTP/1.1" status: 204 len: 168 time: 0.1841583
2026-09-11 06:39:47.444 10 INFO neutron.db.ovn_revision_numbers_db [None req-e5ca1701-6def-4375-a320-527d68502c04 010c0f101046409e932ae5b249023eae c12526fb193a4e81ac66ceaee67beced - - default default] Successfully bumped revision number for resource 47ebe5d2-751d-4642-b9cf-6bc97cda095d (type: networks) to 1
2026-09-11 06:39:47.613 10 WARNING neutron.scheduler.dhcp_agent_scheduler [None req-e5ca1701-6def-4375-a320-527d68502c04 010c0f101046409e932ae5b249023eae c12526fb193a4e81ac66ceaee67beced - - default default] No more DHCP agents
2026-09-11 06:39:47.614 10 WARNING neutron.api.rpc.agentnotifiers.dhcp_rpc_agent_api [None req-e5ca1701-6def-4375-a320-527d68502c04 010c0f101046409e932ae5b249023eae c12526fb193a4e81ac66ceaee67beced - - default default] Unable to schedule network 47ebe5d2-751d-4642-b9cf-6bc97cda095d: no agents available; will retry on subsequent port and subnet creation events.
2026-09-11 06:39:47.677 10 INFO neutron.db.ovn_revision_numbers_db [None req-e5ca1701-6def-4375-a320-527d68502c04 010c0f101046409e932ae5b249023eae c12526fb193a4e81ac66ceaee67beced - - default default] Successfully bumped revision number for resource 2df1a325-2299-4a1c-9890-b0a24448211f (type: ports) to 1
2026-09-11 06:39:47.694 10 INFO neutron.wsgi [None req-e5ca1701-6def-4375-a320-527d68502c04 010c0f101046409e932ae5b249023eae c12526fb193a4e81ac66ceaee67beced - - default default] 10.0.0.148 "POST /v2.0/networks HTTP/1.1" status: 201 len: 835 time: 0.5085847
2026-09-11 06:39:47.895 10 WARNING neutron.scheduler.dhcp_agent_scheduler [None req-3def9c8d-9631-4e62-a7b5-669e432e167f 010c0f101046409e932ae5b249023eae c12526fb193a4e81ac66ceaee67beced - - default default] No more DHCP agents
2026-09-11 06:39:47.897 10 WARNING neutron.api.rpc.agentnotifiers.dhcp_rpc_agent_api [None req-3def9c8d-9631-4e62-a7b5-669e432e167f 010c0f101046409e932ae5b249023eae c12526fb193a4e81ac66ceaee67beced - - default default] Unable to schedule network 47ebe5d2-751d-4642-b9cf-6bc97cda095d: no agents available; will retry on subsequent port and subnet creation events.
2026-09-11 06:39:47.933 10 INFO neutron.db.ovn_revision_numbers_db [None req-3def9c8d-9631-4e62-a7b5-669e432e167f 010c0f101046409e932ae5b249023eae c12526fb193a4e81ac66ceaee67beced - - default default] Successfully bumped revision number for resource d1b3a352-ddc4-4b50-861e-ec63aadc9759 (type: subnets) to 0
2026-09-11 06:39:47.955 10 INFO neutron.wsgi [None req-3def9c8d-9631-4e62-a7b5-669e432e167f 010c0f101046409e932ae5b249023eae c12526fb193a4e81ac66ceaee67beced - - default default] 10.0.0.148 "POST /v2.0/subnets HTTP/1.1" status: 201 len: 821 time: 0.2551732
2026-09-11 06:39:48.252 10 WARNING neutron.scheduler.dhcp_agent_scheduler [None req-1f0644aa-7436-4f2e-b046-8391c2f3ea22 010c0f101046409e932ae5b249023eae c12526fb193a4e81ac66ceaee67beced - - default default] No more DHCP agents
2026-09-11 06:39:48.256 10 WARNING neutron.api.rpc.agentnotifiers.dhcp_rpc_agent_api [None req-1f0644aa-7436-4f2e-b046-8391c2f3ea22 010c0f101046409e932ae5b249023eae c12526fb193a4e81ac66ceaee67beced - - default default] Unable to schedule network 47ebe5d2-751d-4642-b9cf-6bc97cda095d: no agents available; will retry on subsequent port and subnet creation events.
2026-09-11 06:39:48.399 10 INFO neutron.db.ovn_revision_numbers_db [None req-1f0644aa-7436-4f2e-b046-8391c2f3ea22 010c0f101046409e932ae5b249023eae c12526fb193a4e81ac66ceaee67beced - - default default] Successfully bumped revision number for resource 334d9901-4cb8-48fc-a2aa-ae84570df66b (type: ports) to 1
2026-09-11 06:39:48.420 10 INFO neutron.wsgi [None req-1f0644aa-7436-4f2e-b046-8391c2f3ea22 010c0f101046409e932ae5b249023eae c12526fb193a4e81ac66ceaee67beced - - default default] 10.0.0.148 "POST /v2.0/ports HTTP/1.1" status: 201 len: 1160 time: 0.4603775
2026-09-11 06:39:48.677 9 INFO neutron.wsgi [None req-4986ae46-e237-49c1-923f-2e19bbaa969d 010c0f101046409e932ae5b249023eae c12526fb193a4e81ac66ceaee67beced - - default default] 10.0.0.148 "DELETE /v2.0/ports/334d9901-4cb8-48fc-a2aa-ae84570df66b HTTP/1.1" status: 204 len: 168 time: 0.2506135
2026-09-11 06:39:48.696 9 INFO neutron.pecan_wsgi.hooks.translation [None req-5e974c84-0324-41f8-b80f-e5828f85414b 010c0f101046409e932ae5b249023eae c12526fb193a4e81ac66ceaee67beced - - default default] DELETE failed (client error): The resource could not be found.
2026-09-11 06:39:48.698 9 INFO neutron.wsgi [None req-5e974c84-0324-41f8-b80f-e5828f85414b 010c0f101046409e932ae5b249023eae c12526fb193a4e81ac66ceaee67beced - - default default] 10.0.0.148 "DELETE /v2.0/ports/334d9901-4cb8-48fc-a2aa-ae84570df66b HTTP/1.1" status: 404 len: 333 time: 0.0156841
2026-09-11 06:39:48.720 9 INFO neutron.pecan_wsgi.hooks.translation [None req-103e64d4-c2d8-40aa-84cb-47fedc5aeb58 010c0f101046409e932ae5b249023eae c12526fb193a4e81ac66ceaee67beced - - default default] GET failed (client error): The resource could not be found.
2026-09-11 06:39:48.722 9 INFO neutron.wsgi [None req-103e64d4-c2d8-40aa-84cb-47fedc5aeb58 010c0f101046409e932ae5b249023eae c12526fb193a4e81ac66ceaee67beced - - default default] 10.0.0.148 "GET /v2.0/ports/334d9901-4cb8-48fc-a2aa-ae84570df66b HTTP/1.1" status: 404 len: 333 time: 0.0181832
2026-09-11 06:39:48.930 9 INFO neutron.wsgi [None req-4360042b-1d24-44d9-924e-73537aee5ff8 010c0f101046409e932ae5b249023eae c12526fb193a4e81ac66ceaee67beced - - default default] 10.0.0.148 "DELETE /v2.0/subnets/d1b3a352-ddc4-4b50-861e-ec63aadc9759 HTTP/1.1" status: 204 len: 168 time: 0.2056491
2026-09-11 06:39:48.965 9 INFO neutron.wsgi [req-341d3ac9-4a5a-4094-bb02-79da304c5464 req-f2a9b85f-25a8-4824-ba6e-ee55e6b9c776 3630194428a949dcbbb2aa51b5fd642e 723a7251ef834d4ca7deb84bdab3ca26 - - default default] 10.0.0.159 "GET /v2.0/ports?device_id=82f748a0-14e0-4091-bdd6-df8ed52ef097 HTTP/1.1" status: 200 len: 1170 time: 0.1221769
2026-09-11 06:39:49.026 9 INFO neutron.wsgi [req-341d3ac9-4a5a-4094-bb02-79da304c5464 req-58ee21a6-18e1-42dd-bc2b-a3c54480459b 3630194428a949dcbbb2aa51b5fd642e 723a7251ef834d4ca7deb84bdab3ca26 - - default default] 10.0.0.159 "GET /v2.0/security-groups?id=12cff641-fe77-467f-9014-f046f2bb0f56&fields=id&fields=name HTTP/1.1" status: 200 len: 312 time: 0.0445242
2026-09-11 06:39:49.176 9 INFO neutron.wsgi [req-4cc9afd2-515d-4074-9469-b5ffe379fd33 req-99c42113-e80a-4bec-b826-cc6fbdb2e96d 3630194428a949dcbbb2aa51b5fd642e 723a7251ef834d4ca7deb84bdab3ca26 - - default default] 162.253.55.75 "GET /v2.0/ports?device_id=82f748a0-14e0-4091-bdd6-df8ed52ef097 HTTP/1.1" status: 200 len: 1170 time: 0.0349064
2026-09-11 06:39:49.275 9 INFO neutron.services.segments.plugin [-] Segment d0ad22fc-d07d-482d-849b-32d2e5173570 resource provider aggregate not found
2026-09-11 06:39:49.289 9 INFO neutron.services.segments.plugin [-] Segment d0ad22fc-d07d-482d-849b-32d2e5173570 resource provider aggregate not found
2026-09-11 06:39:49.296 9 INFO neutron.services.segments.plugin [-] Segment d0ad22fc-d07d-482d-849b-32d2e5173570 resource provider not found; error: Placement Client Error (4xx): {"errors": [{"status": 404, "title": "Not Found", "detail": "The resource could not be found.\n\n No resource provider with uuid d0ad22fc-d07d-482d-849b-32d2e5173570 found for delete ", "request_id": "req-02f4da3d-b5ad-48c0-b32a-fb16540ab67d"}]}
2026-09-11 06:39:49.310 9 INFO neutron.services.segments.plugin [-] Segment d0ad22fc-d07d-482d-849b-32d2e5173570 resource provider not found; error: Placement Client Error (4xx): {"errors": [{"status": 404, "title": "Not Found", "detail": "The resource could not be found.\n\n No resource provider with uuid d0ad22fc-d07d-482d-849b-32d2e5173570 found for delete ", "request_id": "req-75a12d8d-19f6-49dd-bfe6-2c6a890748a0"}]}
2026-09-11 06:39:49.317 9 INFO neutron.wsgi [None req-d4c899f0-cf89-48f2-98a4-4d511937bf38 010c0f101046409e932ae5b249023eae c12526fb193a4e81ac66ceaee67beced - - default default] 10.0.0.148 "DELETE /v2.0/networks/47ebe5d2-751d-4642-b9cf-6bc97cda095d HTTP/1.1" status: 204 len: 168 time: 0.3768308 /var/lib/openstack/lib/python3.10/site-packages/pycadf/identifier.py:71: UserWarning: Invalid uuid: neutron. To ensure interoperability, identifiers should be a valid uuid. warnings.warn(('Invalid uuid: %s. To ensure interoperability, '
2026-09-11 06:39:49.357 10 WARNING neutron.plugins.ml2.drivers.ovn.mech_driver.ovsdb.ovn_client [None req-22667b2b-b3d4-4950-9b97-cf9617e86ba2 - - - - - -] No port found with ID 0dc02c5b-9ead-4ca7-bca5-64704519d52c: RuntimeError: No port found with ID 0dc02c5b-9ead-4ca7-bca5-64704519d52c
2026-09-11 06:39:49.357 10 INFO neutron.plugins.ml2.drivers.ovn.mech_driver.mech_driver [None req-22667b2b-b3d4-4950-9b97-cf9617e86ba2 - - - - - -] OVN reports status down for port: 976923d9-10a5-44dd-97a6-8baac2f70132
2026-09-11 06:39:49.474 10 INFO neutron.db.segments_db [None req-25136389-95f1-4d75-83e0-5add30d32c73 010c0f101046409e932ae5b249023eae c12526fb193a4e81ac66ceaee67beced - - default default] Added segment 83448811-dd45-4e69-9b21-8e8c6ccdb216 of type geneve for network d4ef3475-1525-435e-b316-2f65b3d3c8ad
2026-09-11 06:39:49.513 10 INFO neutron.notifiers.nova [-] Nova event matching ['req-c7373edc-569a-4f23-8e98-b926d352e135'] response: {'server_uuid': '82f748a0-14e0-4091-bdd6-df8ed52ef097', 'name': 'network-vif-unplugged', 'status': 'completed', 'tag': '976923d9-10a5-44dd-97a6-8baac2f70132', 'code': 200}
2026-09-11 06:39:49.671 9 INFO neutron.db.l3_db [req-4cc9afd2-515d-4074-9469-b5ffe379fd33 req-b0e7aba9-0b9e-45bb-a60c-8a8b1aebc0c6 3630194428a949dcbbb2aa51b5fd642e 723a7251ef834d4ca7deb84bdab3ca26 - - default default] Floating IP ac00be8b-96bf-4a3a-875e-43c67d3ff21b disassociated. External IP: 10.96.250.212, port: 976923d9-10a5-44dd-97a6-8baac2f70132.
2026-09-11 06:39:49.699 10 INFO neutron.db.ovn_revision_numbers_db [None req-25136389-95f1-4d75-83e0-5add30d32c73 010c0f101046409e932ae5b249023eae c12526fb193a4e81ac66ceaee67beced - - default default] Successfully bumped revision number for resource d4ef3475-1525-435e-b316-2f65b3d3c8ad (type: networks) to 1
2026-09-11 06:39:49.739 10 INFO neutron.db.ovn_revision_numbers_db [None req-c5c61f64-464b-498a-9802-5f19ab6fcd60 f280126a0f7749329c1f11f1d6da4139 42962a236cbe49c4adea206b87c89757 - - default default] Successfully bumped revision number for resource c6e61c03-f20b-4651-bf2e-f5097cc0dab5 (type: security_groups) to 1
2026-09-11 06:39:49.755 10 INFO neutron.db.ovn_revision_numbers_db [None req-22667b2b-b3d4-4950-9b97-cf9617e86ba2 - - - - - -] Successfully bumped revision number for resource 976923d9-10a5-44dd-97a6-8baac2f70132 (type: ports) to 5
2026-09-11 06:39:49.766 10 INFO neutron.db.ovn_revision_numbers_db [None req-c5c61f64-464b-498a-9802-5f19ab6fcd60 f280126a0f7749329c1f11f1d6da4139 42962a236cbe49c4adea206b87c89757 - - default default] Successfully bumped revision number for resource 422d5ade-bc3b-48fa-9e54-8681a217cfb7 (type: security_group_rules) to 0
2026-09-11 06:39:49.820 10 INFO neutron.db.ovn_revision_numbers_db [None req-c5c61f64-464b-498a-9802-5f19ab6fcd60 f280126a0f7749329c1f11f1d6da4139 42962a236cbe49c4adea206b87c89757 - - default default] Successfully bumped revision number for resource 55e06506-4745-49d9-8c66-0a5128d4f196 (type: security_group_rules) to 0
2026-09-11 06:39:49.872 10 INFO neutron.db.ovn_revision_numbers_db [None req-c5c61f64-464b-498a-9802-5f19ab6fcd60 f280126a0f7749329c1f11f1d6da4139 42962a236cbe49c4adea206b87c89757 - - default default] Successfully bumped revision number for resource 78cfed60-b33f-422f-a0d8-adb341412f82 (type: security_group_rules) to 0
2026-09-11 06:39:49.880 9 INFO neutron.wsgi [req-4cc9afd2-515d-4074-9469-b5ffe379fd33 req-b0e7aba9-0b9e-45bb-a60c-8a8b1aebc0c6 3630194428a949dcbbb2aa51b5fd642e 723a7251ef834d4ca7deb84bdab3ca26 - - default default] 162.253.55.75 "DELETE /v2.0/ports/976923d9-10a5-44dd-97a6-8baac2f70132 HTTP/1.1" status: 204 len: 173 time: 0.6984012
2026-09-11 06:39:49.900 10 INFO neutron.db.ovn_revision_numbers_db [None req-c5c61f64-464b-498a-9802-5f19ab6fcd60 f280126a0f7749329c1f11f1d6da4139 42962a236cbe49c4adea206b87c89757 - - default default] Successfully bumped revision number for resource a59bcb78-5cfd-4744-a041-c8168a8c3980 (type: security_group_rules) to 0
2026-09-11 06:39:49.925 9 INFO neutron.notifiers.nova [-] Nova event matching ['req-43f84455-1ba4-4fd4-a2ec-0eb138898e02'] response: {'server_uuid': '82f748a0-14e0-4091-bdd6-df8ed52ef097', 'name': 'network-vif-deleted', 'tag': '976923d9-10a5-44dd-97a6-8baac2f70132', 'status': 'completed', 'code': 200}
2026-09-11 06:39:49.967 10 WARNING neutron.scheduler.dhcp_agent_scheduler [None req-25136389-95f1-4d75-83e0-5add30d32c73 010c0f101046409e932ae5b249023eae c12526fb193a4e81ac66ceaee67beced - - default default] No more DHCP agents
2026-09-11 06:39:49.972 10 WARNING neutron.api.rpc.agentnotifiers.dhcp_rpc_agent_api [None req-25136389-95f1-4d75-83e0-5add30d32c73 010c0f101046409e932ae5b249023eae c12526fb193a4e81ac66ceaee67beced - - default default] Unable to schedule network d4ef3475-1525-435e-b316-2f65b3d3c8ad: no agents available; will retry on subsequent port and subnet creation events.
2026-09-11 06:39:50.003 9 INFO neutron.wsgi [-] 10.0.0.199 "GET / HTTP/1.1" status: 200 len: 246 time: 0.0019469
2026-09-11 06:39:50.005 9 INFO neutron.wsgi [-] 10.0.0.199 "GET / HTTP/1.1" status: 200 len: 246 time: 0.0010307
2026-09-11 06:39:50.033 10 INFO neutron.db.ovn_revision_numbers_db [None req-c5c61f64-464b-498a-9802-5f19ab6fcd60 f280126a0f7749329c1f11f1d6da4139 42962a236cbe49c4adea206b87c89757 - - default default] Successfully bumped revision number for resource 45028c62-be49-4dd8-98c2-d2f47579174f (type: security_groups) to 1
2026-09-11 06:39:50.051 10 INFO neutron.db.ovn_revision_numbers_db [None req-c5c61f64-464b-498a-9802-5f19ab6fcd60 f280126a0f7749329c1f11f1d6da4139 42962a236cbe49c4adea206b87c89757 - - default default] Successfully bumped revision number for resource 23949677-6d57-4a9e-86e5-2eca5f2ef3da (type: security_group_rules) to 0
2026-09-11 06:39:50.062 10 INFO neutron.db.ovn_revision_numbers_db [None req-25136389-95f1-4d75-83e0-5add30d32c73 010c0f101046409e932ae5b249023eae c12526fb193a4e81ac66ceaee67beced - - default default] Successfully bumped revision number for resource e5a1b8fd-edb0-4309-a9f1-8deaca1cb41f (type: ports) to 1
2026-09-11 06:39:50.063 10 INFO neutron.db.ovn_revision_numbers_db [None req-c5c61f64-464b-498a-9802-5f19ab6fcd60 f280126a0f7749329c1f11f1d6da4139 42962a236cbe49c4adea206b87c89757 - - default default] Successfully bumped revision number for resource 55f9ee73-cb2f-428d-b162-6f5d2122383c (type: security_group_rules) to 0
2026-09-11 06:39:50.087 10 INFO neutron.wsgi [None req-c5c61f64-464b-498a-9802-5f19ab6fcd60 f280126a0f7749329c1f11f1d6da4139 42962a236cbe49c4adea206b87c89757 - - default default] 10.0.0.148 "POST /v2.0/security-groups HTTP/1.1" status: 201 len: 1761 time: 0.8639717
2026-09-11 06:39:50.090 10 INFO neutron.wsgi [None req-25136389-95f1-4d75-83e0-5add30d32c73 010c0f101046409e932ae5b249023eae c12526fb193a4e81ac66ceaee67beced - - default default] 10.0.0.148 "POST /v2.0/networks HTTP/1.1" status: 201 len: 831 time: 0.7647822 /var/lib/openstack/lib/python3.10/site-packages/pycadf/identifier.py:71: UserWarning: Invalid uuid: neutron. To ensure interoperability, identifiers should be a valid uuid. warnings.warn(('Invalid uuid: %s. To ensure interoperability, '
2026-09-11 06:39:50.126 10 INFO neutron.wsgi [None req-87eb93ba-59ea-4a61-aeef-371287144564 f280126a0f7749329c1f11f1d6da4139 42962a236cbe49c4adea206b87c89757 - - default default] 10.0.0.148 "GET /v2.0/security-groups HTTP/1.1" status: 200 len: 4539 time: 0.0350838
2026-09-11 06:39:50.162 9 INFO neutron.wsgi [req-5d084783-e8a3-4fe1-b09c-b20f8f704be9 req-722aab39-f715-4d6c-bae3-238fee0aa6fd 3630194428a949dcbbb2aa51b5fd642e 723a7251ef834d4ca7deb84bdab3ca26 - - default default] 10.0.0.159 "GET /v2.0/ports?device_id=82f748a0-14e0-4091-bdd6-df8ed52ef097 HTTP/1.1" status: 200 len: 210 time: 0.0206528
2026-09-11 06:39:50.203 10 INFO neutron.db.ovn_revision_numbers_db [None req-4c5f8560-b042-4f3c-a10b-0241f547aeda f280126a0f7749329c1f11f1d6da4139 42962a236cbe49c4adea206b87c89757 - - default default] Successfully bumped revision number for resource 45028c62-be49-4dd8-98c2-d2f47579174f (type: security_groups) to 2
2026-09-11 06:39:50.205 10 INFO neutron.wsgi [None req-4c5f8560-b042-4f3c-a10b-0241f547aeda f280126a0f7749329c1f11f1d6da4139 42962a236cbe49c4adea206b87c89757 - - default default] 10.0.0.148 "PUT /v2.0/security-groups/45028c62-be49-4dd8-98c2-d2f47579174f HTTP/1.1" status: 200 len: 1794 time: 0.0731103
2026-09-11 06:39:50.235 10 INFO neutron.wsgi [None req-e0756149-f0eb-4254-83f2-bdbbef75e081 f280126a0f7749329c1f11f1d6da4139 42962a236cbe49c4adea206b87c89757 - - default default] 10.0.0.148 "GET /v2.0/security-groups/45028c62-be49-4dd8-98c2-d2f47579174f HTTP/1.1" status: 200 len: 1794 time: 0.0213828
2026-09-11 06:39:50.320 9 WARNING neutron.scheduler.dhcp_agent_scheduler [None req-a744d752-cd34-406e-bf8a-f5127924c010 010c0f101046409e932ae5b249023eae c12526fb193a4e81ac66ceaee67beced - - default default] No more DHCP agents
2026-09-11 06:39:50.321 9 WARNING neutron.api.rpc.agentnotifiers.dhcp_rpc_agent_api [None req-a744d752-cd34-406e-bf8a-f5127924c010 010c0f101046409e932ae5b249023eae c12526fb193a4e81ac66ceaee67beced - - default default] Unable to schedule network d4ef3475-1525-435e-b316-2f65b3d3c8ad: no agents available; will retry on subsequent port and subnet creation events.
2026-09-11 06:39:50.324 10 INFO neutron.wsgi [None req-ff0b07a6-4a26-4cdd-b401-ac455a7f90d6 f280126a0f7749329c1f11f1d6da4139 42962a236cbe49c4adea206b87c89757 - - default default] 10.0.0.148 "DELETE /v2.0/security-groups/45028c62-be49-4dd8-98c2-d2f47579174f HTTP/1.1" status: 204 len: 168 time: 0.0835035
2026-09-11 06:39:50.350 9 INFO neutron.db.ovn_revision_numbers_db [None req-a744d752-cd34-406e-bf8a-f5127924c010 010c0f101046409e932ae5b249023eae c12526fb193a4e81ac66ceaee67beced - - default default] Successfully bumped revision number for resource 33e6ed6b-32b8-4d2d-9dc3-a16e2005501e (type: subnets) to 0
2026-09-11 06:39:50.385 9 INFO neutron.wsgi [None req-a744d752-cd34-406e-bf8a-f5127924c010 010c0f101046409e932ae5b249023eae c12526fb193a4e81ac66ceaee67beced - - default default] 10.0.0.148 "POST /v2.0/subnets HTTP/1.1" status: 201 len: 821 time: 0.2908130
2026-09-11 06:39:50.394 10 INFO neutron.wsgi [None req-28d8723f-53fa-4502-b5e9-673228ad5e28 f280126a0f7749329c1f11f1d6da4139 42962a236cbe49c4adea206b87c89757 - - default default] 10.0.0.148 "GET /v2.0/security-groups HTTP/1.1" status: 200 len: 2996 time: 0.0584877
2026-09-11 06:39:50.409 10 INFO neutron.api.v2.resource [None req-8b243825-2c21-405c-826d-13af6f00a358 f280126a0f7749329c1f11f1d6da4139 42962a236cbe49c4adea206b87c89757 - - default default] delete failed (client error): The resource could not be found.
2026-09-11 06:39:50.411 10 INFO neutron.wsgi [None req-8b243825-2c21-405c-826d-13af6f00a358 f280126a0f7749329c1f11f1d6da4139 42962a236cbe49c4adea206b87c89757 - - default default] 10.0.0.148 "DELETE /v2.0/security-groups/45028c62-be49-4dd8-98c2-d2f47579174f HTTP/1.1" status: 404 len: 347 time: 0.0116930
2026-09-11 06:39:50.509 10 INFO neutron.db.ovn_revision_numbers_db [None req-bb8aae61-aa20-4c52-9960-e06ae2b7c360 f280126a0f7749329c1f11f1d6da4139 42962a236cbe49c4adea206b87c89757 - - default default] Successfully bumped revision number for resource 2565f394-986e-4f69-8abc-c721ae2287e1 (type: security_groups) to 1
2026-09-11 06:39:50.521 10 INFO neutron.db.ovn_revision_numbers_db [None req-bb8aae61-aa20-4c52-9960-e06ae2b7c360 f280126a0f7749329c1f11f1d6da4139 42962a236cbe49c4adea206b87c89757 - - default default] Successfully bumped revision number for resource bc7cd2e4-e262-412b-971d-ad0302b00a3f (type: security_group_rules) to 0
2026-09-11 06:39:50.534 10 INFO neutron.db.ovn_revision_numbers_db [None req-bb8aae61-aa20-4c52-9960-e06ae2b7c360 f280126a0f7749329c1f11f1d6da4139 42962a236cbe49c4adea206b87c89757 - - default default] Successfully bumped revision number for resource e94c255d-6d65-4f31-8df8-2d7c92be5c5f (type: security_group_rules) to 0
2026-09-11 06:39:50.550 10 INFO neutron.wsgi [None req-bb8aae61-aa20-4c52-9960-e06ae2b7c360 f280126a0f7749329c1f11f1d6da4139 42962a236cbe49c4adea206b87c89757 - - default default] 10.0.0.148 "POST /v2.0/security-groups HTTP/1.1" status: 201 len: 1761 time: 0.1342754
2026-09-11 06:39:50.639 10 INFO neutron.db.ovn_revision_numbers_db [None req-f9dcbd6e-3829-4642-a5de-a486e33c600c f280126a0f7749329c1f11f1d6da4139 42962a236cbe49c4adea206b87c89757 - - default default] Successfully bumped revision number for resource 41a43def-b44f-4aff-a58c-344b22ba1eae (type: security_group_rules) to 0
2026-09-11 06:39:50.645 9 WARNING neutron.scheduler.dhcp_agent_scheduler [None req-765e99d0-4cae-4441-966d-91d0885dc99d 010c0f101046409e932ae5b249023eae c12526fb193a4e81ac66ceaee67beced - - default default] No more DHCP agents
2026-09-11 06:39:50.647 9 WARNING neutron.api.rpc.agentnotifiers.dhcp_rpc_agent_api [None req-765e99d0-4cae-4441-966d-91d0885dc99d 010c0f101046409e932ae5b249023eae c12526fb193a4e81ac66ceaee67beced - - default default] Unable to schedule network d4ef3475-1525-435e-b316-2f65b3d3c8ad: no agents available; will retry on subsequent port and subnet creation events.
2026-09-11 06:39:50.662 10 INFO neutron.wsgi [None req-f9dcbd6e-3829-4642-a5de-a486e33c600c f280126a0f7749329c1f11f1d6da4139 42962a236cbe49c4adea206b87c89757 - - default default] 10.0.0.148 "POST /v2.0/security-group-rules HTTP/1.1" status: 201 len: 768 time: 0.1056409
2026-09-11 06:39:50.680 10 INFO neutron.wsgi [None req-df51d7a1-5256-42bd-8c1d-7f3d3478757a f280126a0f7749329c1f11f1d6da4139 42962a236cbe49c4adea206b87c89757 - - default default] 10.0.0.148 "GET /v2.0/security-group-rules/41a43def-b44f-4aff-a58c-344b22ba1eae HTTP/1.1" status: 200 len: 763 time: 0.0109181
2026-09-11 06:39:50.717 10 INFO neutron.wsgi [None req-e2f222e3-5f8a-47ab-b75d-d1b014be4847 f280126a0f7749329c1f11f1d6da4139 42962a236cbe49c4adea206b87c89757 - - default default] 10.0.0.148 "GET /v2.0/security-group-rules HTTP/1.1" status: 200 len: 4113 time: 0.0327387
2026-09-11 06:39:50.744 9 INFO neutron.db.ovn_revision_numbers_db [None req-765e99d0-4cae-4441-966d-91d0885dc99d 010c0f101046409e932ae5b249023eae c12526fb193a4e81ac66ceaee67beced - - default default] Successfully bumped revision number for resource b778d901-a782-4617-8809-bd02a0fedf40 (type: ports) to 1
2026-09-11 06:39:50.763 9 INFO neutron.wsgi [None req-765e99d0-4cae-4441-966d-91d0885dc99d 010c0f101046409e932ae5b249023eae c12526fb193a4e81ac66ceaee67beced - - default default] 10.0.0.148 "POST /v2.0/ports HTTP/1.1" status: 201 len: 1127 time: 0.3737106
2026-09-11 06:39:50.865 10 INFO neutron.wsgi [None req-c5c140d2-b3e9-477d-86fe-4dca2d741d1f f280126a0f7749329c1f11f1d6da4139 42962a236cbe49c4adea206b87c89757 - - default default] 10.0.0.148 "DELETE /v2.0/security-group-rules/41a43def-b44f-4aff-a58c-344b22ba1eae HTTP/1.1" status: 204 len: 168 time: 0.1428382
2026-09-11 06:39:50.938 9 INFO neutron.wsgi [None req-6518e13b-5d4e-4270-af20-253ee6fd7005 f280126a0f7749329c1f11f1d6da4139 42962a236cbe49c4adea206b87c89757 - - default default] 10.0.0.148 "GET /v2.0/security-group-rules HTTP/1.1" status: 200 len: 3567 time: 0.0664449
2026-09-11 06:39:51.069 10 INFO neutron.wsgi [None req-2e62d755-1e55-4066-828e-ac2bbb8c17c5 010c0f101046409e932ae5b249023eae c12526fb193a4e81ac66ceaee67beced - - default default] 10.0.0.148 "DELETE /v2.0/ports/b778d901-a782-4617-8809-bd02a0fedf40 HTTP/1.1" status: 204 len: 168 time: 0.2993174
2026-09-11 06:39:51.095 10 INFO neutron.pecan_wsgi.hooks.translation [None req-425901e9-6960-41ba-8f97-030f6ca9b9c4 010c0f101046409e932ae5b249023eae c12526fb193a4e81ac66ceaee67beced - - default default] GET failed (client error): The resource could not be found.
2026-09-11 06:39:51.098 10 INFO neutron.wsgi [None req-425901e9-6960-41ba-8f97-030f6ca9b9c4 010c0f101046409e932ae5b249023eae c12526fb193a4e81ac66ceaee67beced - - default default] 10.0.0.148 "GET /v2.0/ports/b778d901-a782-4617-8809-bd02a0fedf40 HTTP/1.1" status: 404 len: 333 time: 0.0239882
2026-09-11 06:39:51.125 9 INFO neutron.db.ovn_revision_numbers_db [None req-a83e43a1-7348-4dac-89f9-357b7a91635a f280126a0f7749329c1f11f1d6da4139 42962a236cbe49c4adea206b87c89757 - - default default] Successfully bumped revision number for resource c7cdad59-4097-4269-8e8d-174c7179bf8b (type: security_group_rules) to 0
2026-09-11 06:39:51.153 9 INFO neutron.wsgi [None req-a83e43a1-7348-4dac-89f9-357b7a91635a f280126a0f7749329c1f11f1d6da4139 42962a236cbe49c4adea206b87c89757 - - default default] 10.0.0.148 "POST /v2.0/security-group-rules HTTP/1.1" status: 201 len: 768 time: 0.2087286
2026-09-11 06:39:51.173 9 INFO neutron.wsgi [None req-39a0b501-c620-4c8b-9c9f-8a6e2d78eb23 f280126a0f7749329c1f11f1d6da4139 42962a236cbe49c4adea206b87c89757 - - default default] 10.0.0.148 "GET /v2.0/security-group-rules/c7cdad59-4097-4269-8e8d-174c7179bf8b HTTP/1.1" status: 200 len: 763 time: 0.0158327
2026-09-11 06:39:51.218 9 INFO neutron.wsgi [None req-0b1f44b7-7d6a-4374-99ae-ca17549988ef f280126a0f7749329c1f11f1d6da4139 42962a236cbe49c4adea206b87c89757 - - default default] 10.0.0.148 "GET /v2.0/security-group-rules HTTP/1.1" status: 200 len: 4113 time: 0.0408039
2026-09-11 06:39:51.304 10 INFO neutron.wsgi [None req-0b33cb5c-8916-458a-a3a4-952fb6820c6a 010c0f101046409e932ae5b249023eae c12526fb193a4e81ac66ceaee67beced - - default default] 10.0.0.148 "DELETE /v2.0/subnets/33e6ed6b-32b8-4d2d-9dc3-a16e2005501e HTTP/1.1" status: 204 len: 168 time: 0.2010028
2026-09-11 06:39:51.392 9 INFO neutron.wsgi [None req-4435571c-163f-4b83-8778-fd14a79f5c55 f280126a0f7749329c1f11f1d6da4139 42962a236cbe49c4adea206b87c89757 - - default default] 10.0.0.148 "DELETE /v2.0/security-group-rules/c7cdad59-4097-4269-8e8d-174c7179bf8b HTTP/1.1" status: 204 len: 168 time: 0.1698694
2026-09-11 06:39:51.437 9 INFO neutron.wsgi [None req-348ec419-d798-4237-a357-805428bf4614 3630194428a949dcbbb2aa51b5fd642e 723a7251ef834d4ca7deb84bdab3ca26 - - default default] 10.0.0.148 "DELETE /v2.0/security-groups/12cff641-fe77-467f-9014-f046f2bb0f56 HTTP/1.1" status: 204 len: 168 time: 0.2096825
2026-09-11 06:39:51.444 9 INFO neutron.wsgi [None req-291713d6-7c21-483e-a1b4-f9c9c593e4e3 f280126a0f7749329c1f11f1d6da4139 42962a236cbe49c4adea206b87c89757 - - default default] 10.0.0.148 "GET /v2.0/security-group-rules HTTP/1.1" status: 200 len: 3567 time: 0.0458336
2026-09-11 06:39:51.614 9 INFO neutron.db.ovn_revision_numbers_db [None req-7205fec4-6a1a-4c7b-8f63-9eb73fe8038a f280126a0f7749329c1f11f1d6da4139 42962a236cbe49c4adea206b87c89757 - - default default] Successfully bumped revision number for resource df805928-362e-4a02-939a-81c3617f6ad3 (type: security_group_rules) to 0
2026-09-11 06:39:51.625 10 INFO neutron.notifiers.nova [-] Nova event matching ['req-48a5c1d0-fd41-4e8d-a23a-29313e73bd3e'] response: {'server_uuid': '82f748a0-14e0-4091-bdd6-df8ed52ef097', 'name': 'network-vif-plugged', 'status': 'completed', 'tag': '976923d9-10a5-44dd-97a6-8baac2f70132', 'code': 200}
2026-09-11 06:39:51.677 9 INFO neutron.wsgi [None req-7205fec4-6a1a-4c7b-8f63-9eb73fe8038a f280126a0f7749329c1f11f1d6da4139 42962a236cbe49c4adea206b87c89757 - - default default] 10.0.0.148 "POST /v2.0/security-group-rules HTTP/1.1" status: 201 len: 769 time: 0.2286143
2026-09-11 06:39:51.696 9 INFO neutron.wsgi [None req-b0657a41-0284-472b-b011-8f9a5a402b7b f280126a0f7749329c1f11f1d6da4139 42962a236cbe49c4adea206b87c89757 - - default default] 10.0.0.148 "GET /v2.0/security-group-rules/df805928-362e-4a02-939a-81c3617f6ad3 HTTP/1.1" status: 200 len: 764 time: 0.0138049
2026-09-11 06:39:51.739 9 INFO neutron.wsgi [None req-e11a7528-ba8d-4e9c-9114-00aed1b3173c f280126a0f7749329c1f11f1d6da4139 42962a236cbe49c4adea206b87c89757 - - default default] 10.0.0.148 "GET /v2.0/security-group-rules HTTP/1.1" status: 200 len: 4114 time: 0.0373428
2026-09-11 06:39:51.819 9 INFO neutron.wsgi [None req-7abc6a70-0af1-4c46-878d-6d8e1b8b3eb2 3630194428a949dcbbb2aa51b5fd642e 723a7251ef834d4ca7deb84bdab3ca26 - - default default] 10.0.0.148 "DELETE /v2.0/floatingips/ac00be8b-96bf-4a3a-875e-43c67d3ff21b HTTP/1.1" status: 204 len: 168 time: 0.3372171
2026-09-11 06:39:51.903 10 INFO neutron.wsgi [None req-ceb6325b-151c-4823-8b0e-b525f4e98e56 f280126a0f7749329c1f11f1d6da4139 42962a236cbe49c4adea206b87c89757 - - default default] 10.0.0.148 "DELETE /v2.0/security-group-rules/df805928-362e-4a02-939a-81c3617f6ad3 HTTP/1.1" status: 204 len: 168 time: 0.1590738
2026-09-11 06:39:51.962 10 INFO neutron.services.segments.plugin [-] Segment 83448811-dd45-4e69-9b21-8e8c6ccdb216 resource provider aggregate not found
2026-09-11 06:39:51.985 10 INFO neutron.services.segments.plugin [-] Segment 83448811-dd45-4e69-9b21-8e8c6ccdb216 resource provider aggregate not found
2026-09-11 06:39:52.003 10 INFO neutron.wsgi [None req-104026a7-7347-40db-9896-6e72db695297 f280126a0f7749329c1f11f1d6da4139 42962a236cbe49c4adea206b87c89757 - - default default] 10.0.0.148 "GET /v2.0/security-group-rules HTTP/1.1" status: 200 len: 3567 time: 0.0889037
2026-09-11 06:39:52.013 10 INFO neutron.services.segments.plugin [-] Segment 83448811-dd45-4e69-9b21-8e8c6ccdb216 resource provider not found; error: Placement Client Error (4xx): {"errors": [{"status": 404, "title": "Not Found", "detail": "The resource could not be found.\n\n No resource provider with uuid 83448811-dd45-4e69-9b21-8e8c6ccdb216 found for delete ", "request_id": "req-3c16c700-2ca4-4412-8210-9078afb4aed6"}]}
2026-09-11 06:39:52.014 10 INFO neutron.services.segments.plugin [-] Segment 83448811-dd45-4e69-9b21-8e8c6ccdb216 resource provider not found; error: Placement Client Error (4xx): {"errors": [{"status": 404, "title": "Not Found", "detail": "The resource could not be found.\n\n No resource provider with uuid 83448811-dd45-4e69-9b21-8e8c6ccdb216 found for delete ", "request_id": "req-b10fdb73-2dd9-4a20-8640-5de3e03c67ac"}]}
2026-09-11 06:39:52.020 10 INFO neutron.wsgi [None req-5efc39c7-08c8-4957-bf9a-cdf6dd9937ac 010c0f101046409e932ae5b249023eae c12526fb193a4e81ac66ceaee67beced - - default default] 10.0.0.148 "DELETE /v2.0/networks/d4ef3475-1525-435e-b316-2f65b3d3c8ad HTTP/1.1" status: 204 len: 168 time: 0.7103453
2026-09-11 06:39:52.079 9 INFO neutron.plugins.ml2.drivers.ovn.mech_driver.mech_driver [None req-152a3724-0546-47c9-9d80-04f0c556738d - - - - - -] OVN reports status down for port: 3b6608fa-bac5-415e-a43d-000ec2644f4c
2026-09-11 06:39:52.096 9 INFO neutron.wsgi [req-5edceca5-1592-4244-8032-2d27b29914ca req-a1583e6b-2721-45bc-87ac-9c8a0f01b38a 3630194428a949dcbbb2aa51b5fd642e 723a7251ef834d4ca7deb84bdab3ca26 - - default default] 10.0.0.159 "GET /v2.0/ports?device_id=87d83710-b428-4b1e-ac26-e06d18e2f164 HTTP/1.1" status: 200 len: 1170 time: 0.0652082
2026-09-11 06:39:52.167 9 INFO neutron.wsgi [req-5edceca5-1592-4244-8032-2d27b29914ca req-e6c5d219-c50b-4e39-af7f-5e2830cc40e5 3630194428a949dcbbb2aa51b5fd642e 723a7251ef834d4ca7deb84bdab3ca26 - - default default] 10.0.0.159 "GET /v2.0/security-groups?id=ffa47498-c88d-45c7-8131-0b236348f37e&fields=id&fields=name HTTP/1.1" status: 200 len: 312 time: 0.0611336
2026-09-11 06:39:52.253 9 INFO neutron.wsgi [None req-b61ec981-7d91-45ae-8677-d50ee6f9c13a f280126a0f7749329c1f11f1d6da4139 42962a236cbe49c4adea206b87c89757 - - default default] 10.0.0.148 "DELETE /v2.0/security-groups/2565f394-986e-4f69-8abc-c721ae2287e1 HTTP/1.1" status: 204 len: 168 time: 0.2322724
2026-09-11 06:39:52.277 9 INFO neutron.notifiers.nova [-] Nova event matching ['req-df904e30-9615-4f31-9b0f-324d7819c123'] response: {'server_uuid': '87d83710-b428-4b1e-ac26-e06d18e2f164', 'name': 'network-vif-unplugged', 'status': 'completed', 'tag': '3b6608fa-bac5-415e-a43d-000ec2644f4c', 'code': 200}
2026-09-11 06:39:52.278 10 WARNING neutron.scheduler.dhcp_agent_scheduler [None req-28adf0a9-e5e7-4a92-bf96-6bbe30d988cb 010c0f101046409e932ae5b249023eae c12526fb193a4e81ac66ceaee67beced - - default default] No more DHCP agents
2026-09-11 06:39:52.281 10 WARNING neutron.api.rpc.agentnotifiers.dhcp_rpc_agent_api [None req-28adf0a9-e5e7-4a92-bf96-6bbe30d988cb 010c0f101046409e932ae5b249023eae c12526fb193a4e81ac66ceaee67beced - - default default] Unable to schedule network a4804bc9-f5eb-4876-b719-2e586e4521c1: no agents available; will retry on subsequent port and subnet creation events.
2026-09-11 06:39:52.320 9 INFO neutron.wsgi [None req-3ed42ad3-08e4-4fb4-81e1-be2afe753a24 f280126a0f7749329c1f11f1d6da4139 42962a236cbe49c4adea206b87c89757 - - default default] 10.0.0.148 "GET /v2.0/security-groups HTTP/1.1" status: 200 len: 2996 time: 0.0571396 /var/lib/openstack/lib/python3.10/site-packages/pycadf/identifier.py:71: UserWarning: Invalid uuid: neutron. To ensure interoperability, identifiers should be a valid uuid. warnings.warn(('Invalid uuid: %s. To ensure interoperability, '
2026-09-11 06:39:52.372 10 INFO neutron.db.ovn_revision_numbers_db [None req-e1e1399c-ad66-4b66-bdf8-3afca67e96b9 e915aac3d8cf44b5bd14642408eaa706 d5a18636bbbc4419932587742c22c0e5 - - default default] Successfully bumped revision number for resource 9c9eb0bb-036c-4358-95cb-13a97fcf6032 (type: security_groups) to 1
2026-09-11 06:39:52.375 10 INFO neutron.db.ovn_revision_numbers_db [None req-28adf0a9-e5e7-4a92-bf96-6bbe30d988cb 010c0f101046409e932ae5b249023eae c12526fb193a4e81ac66ceaee67beced - - default default] Successfully bumped revision number for resource 1c95fdde-6444-44eb-bdd1-06c62dbdf29a (type: ports) to 1
2026-09-11 06:39:52.389 10 INFO neutron.wsgi [None req-fc5ca80d-6917-4292-8a89-202c691046db f280126a0f7749329c1f11f1d6da4139 42962a236cbe49c4adea206b87c89757 - - default default] 10.0.0.148 "GET /v2.0/security-groups HTTP/1.1" status: 200 len: 2996 time: 0.0508254
2026-09-11 06:39:52.394 10 INFO neutron.db.ovn_revision_numbers_db [None req-e1e1399c-ad66-4b66-bdf8-3afca67e96b9 e915aac3d8cf44b5bd14642408eaa706 d5a18636bbbc4419932587742c22c0e5 - - default default] Successfully bumped revision number for resource 459bcb72-d915-4abf-a685-865edc6397d7 (type: security_group_rules) to 0
2026-09-11 06:39:52.403 10 INFO neutron.wsgi [None req-28adf0a9-e5e7-4a92-bf96-6bbe30d988cb 010c0f101046409e932ae5b249023eae c12526fb193a4e81ac66ceaee67beced - - default default] 10.0.0.148 "POST /v2.0/ports HTTP/1.1" status: 201 len: 978 time: 0.3731270
2026-09-11 06:39:52.415 10 INFO neutron.db.ovn_revision_numbers_db [None req-e1e1399c-ad66-4b66-bdf8-3afca67e96b9 e915aac3d8cf44b5bd14642408eaa706 d5a18636bbbc4419932587742c22c0e5 - - default default] Successfully bumped revision number for resource 5cc1befb-0fc8-46e9-8aed-a2ba5e2da9b5 (type: security_group_rules) to 0
2026-09-11 06:39:52.417 9 INFO neutron.wsgi [req-13e7fc90-283a-4e2f-a19a-2ad4842626ee req-f5994d6f-4954-49c9-bd07-7a831f6fddf6 3630194428a949dcbbb2aa51b5fd642e 723a7251ef834d4ca7deb84bdab3ca26 - - default default] 162.253.55.75 "GET /v2.0/ports?device_id=87d83710-b428-4b1e-ac26-e06d18e2f164 HTTP/1.1" status: 200 len: 1168 time: 0.0390961
2026-09-11 06:39:52.435 10 INFO neutron.db.ovn_revision_numbers_db [None req-e1e1399c-ad66-4b66-bdf8-3afca67e96b9 e915aac3d8cf44b5bd14642408eaa706 d5a18636bbbc4419932587742c22c0e5 - - default default] Successfully bumped revision number for resource b46747f1-0944-46f6-876e-04ddb9696535 (type: security_group_rules) to 0
2026-09-11 06:39:52.455 10 INFO neutron.db.ovn_revision_numbers_db [None req-e1e1399c-ad66-4b66-bdf8-3afca67e96b9 e915aac3d8cf44b5bd14642408eaa706 d5a18636bbbc4419932587742c22c0e5 - - default default] Successfully bumped revision number for resource d5a1bd04-7151-4ada-b0ef-c2e1c4d1b2e4 (type: security_group_rules) to 0
2026-09-11 06:39:52.455 9 INFO neutron.db.ovn_revision_numbers_db [None req-152a3724-0546-47c9-9d80-04f0c556738d - - - - - -] Successfully bumped revision number for resource 3b6608fa-bac5-415e-a43d-000ec2644f4c (type: ports) to 5
2026-09-11 06:39:52.479 10 INFO neutron.wsgi [None req-e1e1399c-ad66-4b66-bdf8-3afca67e96b9 e915aac3d8cf44b5bd14642408eaa706 d5a18636bbbc4419932587742c22c0e5 - - default default] 10.0.0.148 "GET /v2.0/security-groups?tenant_id=04b5a9ffb10149b494b0b739c6b17c86&name=default HTTP/1.1" status: 200 len: 2996 time: 0.3930440
2026-09-11 06:39:52.699 10 INFO neutron.plugins.ml2.drivers.ovn.mech_driver.mech_driver [None req-22667b2b-b3d4-4950-9b97-cf9617e86ba2 - - - - - -] OVN reports status down for port: 1c95fdde-6444-44eb-bdd1-06c62dbdf29a
2026-09-11 06:39:52.743 10 INFO neutron.db.ovn_revision_numbers_db [None req-65dc1ed2-847a-4b15-b3df-f49761c49a7c 010c0f101046409e932ae5b249023eae c12526fb193a4e81ac66ceaee67beced - - default default] Successfully bumped revision number for resource 1c95fdde-6444-44eb-bdd1-06c62dbdf29a (type: ports) to 2
2026-09-11 06:39:52.750 10 INFO neutron.wsgi [None req-65dc1ed2-847a-4b15-b3df-f49761c49a7c 010c0f101046409e932ae5b249023eae c12526fb193a4e81ac66ceaee67beced - - default default] 10.0.0.148 "PUT /v2.0/ports/1c95fdde-6444-44eb-bdd1-06c62dbdf29a HTTP/1.1" status: 200 len: 946 time: 0.3406878 /var/lib/openstack/lib/python3.10/site-packages/pycadf/identifier.py:71: UserWarning: Invalid uuid: neutron. To ensure interoperability, identifiers should be a valid uuid. warnings.warn(('Invalid uuid: %s. To ensure interoperability, '
2026-09-11 06:39:52.778 9 INFO neutron.wsgi [req-13e7fc90-283a-4e2f-a19a-2ad4842626ee req-f5105463-395f-41fe-babb-4d4fe392ca23 3630194428a949dcbbb2aa51b5fd642e 723a7251ef834d4ca7deb84bdab3ca26 - - default default] 162.253.55.75 "DELETE /v2.0/ports/3b6608fa-bac5-415e-a43d-000ec2644f4c HTTP/1.1" status: 204 len: 173 time: 0.3524525
2026-09-11 06:39:52.790 9 INFO neutron.wsgi [None req-ab7471da-6f72-4eec-a5e0-d07e99afd473 e915aac3d8cf44b5bd14642408eaa706 d5a18636bbbc4419932587742c22c0e5 - - default default] 10.0.0.148 "DELETE /v2.0/security-groups/9c9eb0bb-036c-4358-95cb-13a97fcf6032 HTTP/1.1" status: 204 len: 168 time: 0.3052859 /var/lib/openstack/lib/python3.10/site-packages/pycadf/identifier.py:71: UserWarning: Invalid uuid: neutron. To ensure interoperability, identifiers should be a valid uuid. warnings.warn(('Invalid uuid: %s. To ensure interoperability, '
2026-09-11 06:39:53.014 9 INFO neutron.wsgi [None req-cd1c680a-6be3-4190-9f4b-80b88061c7bf 010c0f101046409e932ae5b249023eae c12526fb193a4e81ac66ceaee67beced - - default default] 10.0.0.148 "DELETE /v2.0/ports/1c95fdde-6444-44eb-bdd1-06c62dbdf29a HTTP/1.1" status: 204 len: 168 time: 0.2558630
2026-09-11 06:39:53.118 9 INFO neutron.wsgi [None req-a589a784-0ff3-4ae9-b356-f3c289ae1ce0 010c0f101046409e932ae5b249023eae c12526fb193a4e81ac66ceaee67beced - - default default] 10.0.0.148 "GET /v2.0/ports HTTP/1.1" status: 200 len: 1732 time: 0.0983322
