2026-09-11 06:37:53.035 9 WARNING neutron.api.rpc.agentnotifiers.dhcp_rpc_agent_api [None req-fbffff10-25be-4f62-a970-bd10831f7359 e915aac3d8cf44b5bd14642408eaa706 d5a18636bbbc4419932587742c22c0e5 - - default default] Unable to schedule network f0545069-5039-4d79-9d2f-2846fc9a17e8: no agents available; will retry on subsequent port and subnet creation events.
2026-09-11 06:37:53.107 9 INFO neutron.db.ovn_revision_numbers_db [None req-8fef02c4-cbb0-4e9d-8cfc-031b3677f726 - - - - - -] Successfully bumped revision number for resource b67991ca-d7a7-4323-a7bf-42b2bd45a0c1 (type: router_ports) to 3
2026-09-11 06:37:53.140 9 INFO neutron.db.ovn_revision_numbers_db [None req-1934dd23-a024-45dd-a8b0-9a73712a0c81 e915aac3d8cf44b5bd14642408eaa706 d5a18636bbbc4419932587742c22c0e5 - - default default] Successfully bumped revision number for resource e0412bf6-7263-40cd-82f7-457e21e8e0ad (type: security_groups) to 1
2026-09-11 06:37:53.165 9 INFO neutron.db.ovn_revision_numbers_db [None req-1934dd23-a024-45dd-a8b0-9a73712a0c81 e915aac3d8cf44b5bd14642408eaa706 d5a18636bbbc4419932587742c22c0e5 - - default default] Successfully bumped revision number for resource 25e3bcf1-d4ae-4417-bab8-839b4fc0a3af (type: security_group_rules) to 0
2026-09-11 06:37:53.206 9 INFO neutron.db.ovn_revision_numbers_db [None req-1934dd23-a024-45dd-a8b0-9a73712a0c81 e915aac3d8cf44b5bd14642408eaa706 d5a18636bbbc4419932587742c22c0e5 - - default default] Successfully bumped revision number for resource 4b913dde-bf02-4476-8b8b-ed56540caf95 (type: security_group_rules) to 0
2026-09-11 06:37:53.226 9 INFO neutron.db.ovn_revision_numbers_db [None req-1934dd23-a024-45dd-a8b0-9a73712a0c81 e915aac3d8cf44b5bd14642408eaa706 d5a18636bbbc4419932587742c22c0e5 - - default default] Successfully bumped revision number for resource 5338bf97-5331-41f0-95b6-93e14af47136 (type: security_group_rules) to 0
2026-09-11 06:37:53.229 9 INFO neutron.db.ovn_revision_numbers_db [None req-fbffff10-25be-4f62-a970-bd10831f7359 e915aac3d8cf44b5bd14642408eaa706 d5a18636bbbc4419932587742c22c0e5 - - default default] Successfully bumped revision number for resource ed29bdb2-0a79-473c-b781-0e0e531265b2 (type: ports) to 1
2026-09-11 06:37:53.267 9 INFO neutron.db.ovn_revision_numbers_db [None req-1934dd23-a024-45dd-a8b0-9a73712a0c81 e915aac3d8cf44b5bd14642408eaa706 d5a18636bbbc4419932587742c22c0e5 - - default default] Successfully bumped revision number for resource ab723a21-2795-4e98-9718-6b17030ff1bf (type: security_group_rules) to 0
2026-09-11 06:37:53.308 9 INFO neutron.db.ovn_revision_numbers_db [None req-8fef02c4-cbb0-4e9d-8cfc-031b3677f726 - - - - - -] Successfully bumped revision number for resource b67991ca-d7a7-4323-a7bf-42b2bd45a0c1 (type: ports) to 2
2026-09-11 06:37:53.352 9 INFO neutron.db.segments_db [None req-1934dd23-a024-45dd-a8b0-9a73712a0c81 e915aac3d8cf44b5bd14642408eaa706 d5a18636bbbc4419932587742c22c0e5 - - default default] Added segment 37f7ccaf-ea07-4892-b62e-d6f45b53e527 of type geneve for network 0f2bc1f6-7dfb-4550-a6c5-9c3d4e1322f6
2026-09-11 06:37:53.359 10 INFO neutron.db.ovn_revision_numbers_db [None req-63a886e7-5bc5-4af1-b43b-3e098bcf44ca - - - - - -] Successfully bumped revision number for resource c4303f1b-bd5d-4f88-a883-9cd6b81a11bb (type: router_ports) to 3
2026-09-11 06:37:53.379 10 INFO neutron.db.ovn_revision_numbers_db [None req-e8688c56-d8a4-488d-af76-121d8016d0b3 e915aac3d8cf44b5bd14642408eaa706 d5a18636bbbc4419932587742c22c0e5 - - default default] Successfully bumped revision number for resource 4a28530d-1d21-49e0-a9a6-d3824f215982 (type: router_ports) to 1
2026-09-11 06:37:53.578 10 INFO neutron.db.ovn_revision_numbers_db [None req-63a886e7-5bc5-4af1-b43b-3e098bcf44ca - - - - - -] Successfully bumped revision number for resource c4303f1b-bd5d-4f88-a883-9cd6b81a11bb (type: ports) to 2
2026-09-11 06:37:53.589 10 INFO neutron.db.ovn_revision_numbers_db [None req-e8688c56-d8a4-488d-af76-121d8016d0b3 e915aac3d8cf44b5bd14642408eaa706 d5a18636bbbc4419932587742c22c0e5 - - default default] Successfully bumped revision number for resource 4a28530d-1d21-49e0-a9a6-d3824f215982 (type: ports) to 1
2026-09-11 06:37:53.672 10 WARNING neutron.scheduler.dhcp_agent_scheduler [None req-e8688c56-d8a4-488d-af76-121d8016d0b3 e915aac3d8cf44b5bd14642408eaa706 d5a18636bbbc4419932587742c22c0e5 - - default default] No more DHCP agents
2026-09-11 06:37:53.675 10 WARNING neutron.api.rpc.agentnotifiers.dhcp_rpc_agent_api [None req-e8688c56-d8a4-488d-af76-121d8016d0b3 e915aac3d8cf44b5bd14642408eaa706 d5a18636bbbc4419932587742c22c0e5 - - default default] Unable to schedule network 57a3fd8c-6973-4a07-b6ad-c1b4e308ac39: no agents available; will retry on subsequent port and subnet creation events.
2026-09-11 06:37:53.685 9 INFO neutron.db.ovn_revision_numbers_db [None req-1934dd23-a024-45dd-a8b0-9a73712a0c81 e915aac3d8cf44b5bd14642408eaa706 d5a18636bbbc4419932587742c22c0e5 - - default default] Successfully bumped revision number for resource 0f2bc1f6-7dfb-4550-a6c5-9c3d4e1322f6 (type: networks) to 1
2026-09-11 06:37:53.884 10 INFO neutron.db.ovn_revision_numbers_db [None req-63a886e7-5bc5-4af1-b43b-3e098bcf44ca - - - - - -] Successfully bumped revision number for resource c4303f1b-bd5d-4f88-a883-9cd6b81a11bb (type: ports) to 4
2026-09-11 06:37:53.906 9 INFO neutron.db.ovn_revision_numbers_db [None req-8fef02c4-cbb0-4e9d-8cfc-031b3677f726 - - - - - -] Successfully bumped revision number for resource b67991ca-d7a7-4323-a7bf-42b2bd45a0c1 (type: ports) to 4
2026-09-11 06:37:53.979 9 WARNING neutron.scheduler.dhcp_agent_scheduler [None req-1934dd23-a024-45dd-a8b0-9a73712a0c81 e915aac3d8cf44b5bd14642408eaa706 d5a18636bbbc4419932587742c22c0e5 - - default default] No more DHCP agents
2026-09-11 06:37:53.992 9 WARNING neutron.api.rpc.agentnotifiers.dhcp_rpc_agent_api [None req-1934dd23-a024-45dd-a8b0-9a73712a0c81 e915aac3d8cf44b5bd14642408eaa706 d5a18636bbbc4419932587742c22c0e5 - - default default] Unable to schedule network 0f2bc1f6-7dfb-4550-a6c5-9c3d4e1322f6: no agents available; will retry on subsequent port and subnet creation events.
2026-09-11 06:37:54.141 9 INFO neutron.plugins.ml2.drivers.ovn.mech_driver.mech_driver [None req-152a3724-0546-47c9-9d80-04f0c556738d - - - - - -] OVN reports status up for port: 4a28530d-1d21-49e0-a9a6-d3824f215982
2026-09-11 06:37:54.154 9 INFO neutron.db.ovn_revision_numbers_db [None req-1934dd23-a024-45dd-a8b0-9a73712a0c81 e915aac3d8cf44b5bd14642408eaa706 d5a18636bbbc4419932587742c22c0e5 - - default default] Successfully bumped revision number for resource c9087f5b-6aef-45dd-830f-07d99d27bc65 (type: ports) to 1
2026-09-11 06:37:54.163 9 INFO neutron.plugins.ml2.plugin [None req-152a3724-0546-47c9-9d80-04f0c556738d - - - - - -] Attempt 1 to provision port 4a28530d-1d21-49e0-a9a6-d3824f215982
2026-09-11 06:37:54.176 9 INFO neutron.db.ovn_revision_numbers_db [None req-fbffff10-25be-4f62-a970-bd10831f7359 e915aac3d8cf44b5bd14642408eaa706 d5a18636bbbc4419932587742c22c0e5 - - default default] Successfully bumped revision number for resource ed29bdb2-0a79-473c-b781-0e0e531265b2 (type: router_ports) to 1
2026-09-11 06:37:54.191 9 INFO neutron.wsgi [None req-1934dd23-a024-45dd-a8b0-9a73712a0c81 e915aac3d8cf44b5bd14642408eaa706 d5a18636bbbc4419932587742c22c0e5 - - default default] 10.0.0.148 "POST /v2.0/networks HTTP/1.1" status: 201 len: 946 time: 1.5635450
2026-09-11 06:37:54.271 10 INFO neutron.db.ovn_revision_numbers_db [None req-63a886e7-5bc5-4af1-b43b-3e098bcf44ca - - - - - -] Successfully bumped revision number for resource c4303f1b-bd5d-4f88-a883-9cd6b81a11bb (type: router_ports) to 4
2026-09-11 06:37:54.398 10 INFO neutron.db.ovn_revision_numbers_db [None req-e8688c56-d8a4-488d-af76-121d8016d0b3 e915aac3d8cf44b5bd14642408eaa706 d5a18636bbbc4419932587742c22c0e5 - - default default] Successfully bumped revision number for resource 4a28530d-1d21-49e0-a9a6-d3824f215982 (type: router_ports) to 1
2026-09-11 06:37:54.400 10 INFO neutron.wsgi [None req-e8688c56-d8a4-488d-af76-121d8016d0b3 e915aac3d8cf44b5bd14642408eaa706 d5a18636bbbc4419932587742c22c0e5 - - default default] 10.0.0.148 "PUT /v2.0/routers/e5dca80e-5090-4bb0-9aba-bc58c286ac60/add_router_interface HTTP/1.1" status: 200 len: 503 time: 2.4614069
2026-09-11 06:37:54.497 9 INFO neutron.db.ovn_revision_numbers_db [None req-8fef02c4-cbb0-4e9d-8cfc-031b3677f726 - - - - - -] Successfully bumped revision number for resource b67991ca-d7a7-4323-a7bf-42b2bd45a0c1 (type: router_ports) to 4
2026-09-11 06:37:54.539 9 INFO neutron.db.ovn_revision_numbers_db [None req-fbffff10-25be-4f62-a970-bd10831f7359 e915aac3d8cf44b5bd14642408eaa706 d5a18636bbbc4419932587742c22c0e5 - - default default] Successfully bumped revision number for resource ed29bdb2-0a79-473c-b781-0e0e531265b2 (type: ports) to 1
2026-09-11 06:37:54.550 9 WARNING neutron.scheduler.dhcp_agent_scheduler [None req-5a7f77b0-2da2-4cfd-a329-65bd32a8de37 e915aac3d8cf44b5bd14642408eaa706 d5a18636bbbc4419932587742c22c0e5 - - default default] No more DHCP agents
2026-09-11 06:37:54.558 9 WARNING neutron.api.rpc.agentnotifiers.dhcp_rpc_agent_api [None req-5a7f77b0-2da2-4cfd-a329-65bd32a8de37 e915aac3d8cf44b5bd14642408eaa706 d5a18636bbbc4419932587742c22c0e5 - - default default] Unable to schedule network 0f2bc1f6-7dfb-4550-a6c5-9c3d4e1322f6: no agents available; will retry on subsequent port and subnet creation events.
2026-09-11 06:37:54.667 9 WARNING neutron.scheduler.dhcp_agent_scheduler [None req-fbffff10-25be-4f62-a970-bd10831f7359 e915aac3d8cf44b5bd14642408eaa706 d5a18636bbbc4419932587742c22c0e5 - - default default] No more DHCP agents
2026-09-11 06:37:54.670 9 WARNING neutron.api.rpc.agentnotifiers.dhcp_rpc_agent_api [None req-fbffff10-25be-4f62-a970-bd10831f7359 e915aac3d8cf44b5bd14642408eaa706 d5a18636bbbc4419932587742c22c0e5 - - default default] Unable to schedule network f0545069-5039-4d79-9d2f-2846fc9a17e8: no agents available; will retry on subsequent port and subnet creation events.
2026-09-11 06:37:54.695 10 INFO neutron.plugins.ml2.drivers.ovn.mech_driver.mech_driver [None req-22667b2b-b3d4-4950-9b97-cf9617e86ba2 - - - - - -] OVN reports status up for port: ed29bdb2-0a79-473c-b781-0e0e531265b2
2026-09-11 06:37:54.704 10 INFO neutron.plugins.ml2.plugin [None req-22667b2b-b3d4-4950-9b97-cf9617e86ba2 - - - - - -] Attempt 1 to provision port ed29bdb2-0a79-473c-b781-0e0e531265b2
2026-09-11 06:37:54.758 9 INFO neutron.db.ovn_revision_numbers_db [None req-152a3724-0546-47c9-9d80-04f0c556738d - - - - - -] Successfully bumped revision number for resource 4a28530d-1d21-49e0-a9a6-d3824f215982 (type: ports) to 2
2026-09-11 06:37:54.961 9 INFO neutron.db.ovn_revision_numbers_db [None req-152a3724-0546-47c9-9d80-04f0c556738d - - - - - -] Successfully bumped revision number for resource 4a28530d-1d21-49e0-a9a6-d3824f215982 (type: router_ports) to 2
2026-09-11 06:37:54.997 10 INFO neutron.db.ovn_revision_numbers_db [None req-22667b2b-b3d4-4950-9b97-cf9617e86ba2 - - - - - -] Successfully bumped revision number for resource ed29bdb2-0a79-473c-b781-0e0e531265b2 (type: ports) to 2
2026-09-11 06:37:55.099 10 INFO neutron.db.ovn_revision_numbers_db [None req-22667b2b-b3d4-4950-9b97-cf9617e86ba2 - - - - - -] Successfully bumped revision number for resource ed29bdb2-0a79-473c-b781-0e0e531265b2 (type: router_ports) to 2
2026-09-11 06:37:55.335 9 INFO neutron.db.ovn_revision_numbers_db [None req-5a7f77b0-2da2-4cfd-a329-65bd32a8de37 e915aac3d8cf44b5bd14642408eaa706 d5a18636bbbc4419932587742c22c0e5 - - default default] Successfully bumped revision number for resource c9087f5b-6aef-45dd-830f-07d99d27bc65 (type: ports) to 2
2026-09-11 06:37:55.351 10 INFO neutron.db.ovn_revision_numbers_db [None req-5060a54c-2b3d-4785-9d36-056457c191f8 18b7e4b4b2c447e39b6eaaa0ce454fec 204b13357d8c481ba4f72bffb13a908b - - default default] Successfully bumped revision number for resource a8f4ba68-a8c5-4798-a94e-724e9e2dbfb4 (type: security_groups) to 1
2026-09-11 06:37:55.363 10 INFO neutron.db.ovn_revision_numbers_db [None req-5060a54c-2b3d-4785-9d36-056457c191f8 18b7e4b4b2c447e39b6eaaa0ce454fec 204b13357d8c481ba4f72bffb13a908b - - default default] Successfully bumped revision number for resource 8a198b5c-d6d0-4f94-9387-97070a451080 (type: security_group_rules) to 0
2026-09-11 06:37:55.374 10 INFO neutron.db.ovn_revision_numbers_db [None req-5060a54c-2b3d-4785-9d36-056457c191f8 18b7e4b4b2c447e39b6eaaa0ce454fec 204b13357d8c481ba4f72bffb13a908b - - default default] Successfully bumped revision number for resource da58c1ea-691f-40d6-98fa-4a984d4002e5 (type: security_group_rules) to 0
2026-09-11 06:37:55.376 9 INFO neutron.db.ovn_revision_numbers_db [None req-5a7f77b0-2da2-4cfd-a329-65bd32a8de37 e915aac3d8cf44b5bd14642408eaa706 d5a18636bbbc4419932587742c22c0e5 - - default default] Successfully bumped revision number for resource 7e33517f-f4d5-4c47-a62a-e57b89f4c697 (type: subnets) to 0
2026-09-11 06:37:55.393 10 INFO neutron.wsgi [None req-5060a54c-2b3d-4785-9d36-056457c191f8 18b7e4b4b2c447e39b6eaaa0ce454fec 204b13357d8c481ba4f72bffb13a908b - - default default] 10.0.0.148 "POST /v2.0/security-groups HTTP/1.1" status: 201 len: 1794 time: 0.1564319
2026-09-11 06:37:55.395 9 INFO neutron.wsgi [None req-5a7f77b0-2da2-4cfd-a329-65bd32a8de37 e915aac3d8cf44b5bd14642408eaa706 d5a18636bbbc4419932587742c22c0e5 - - default default] 10.0.0.148 "POST /v2.0/subnets HTTP/1.1" status: 201 len: 866 time: 1.1971979
2026-09-11 06:37:55.445 9 INFO neutron.wsgi [None req-fbffff10-25be-4f62-a970-bd10831f7359 e915aac3d8cf44b5bd14642408eaa706 d5a18636bbbc4419932587742c22c0e5 - - default default] 10.0.0.148 "PUT /v2.0/routers/8e323216-1b04-4965-8010-ff357a5440bf/add_router_interface HTTP/1.1" status: 200 len: 503 time: 3.0746760
2026-09-11 06:37:55.537 9 INFO neutron.db.ovn_revision_numbers_db [None req-f4c1a3a1-e00b-4118-921a-574abbc99643 18b7e4b4b2c447e39b6eaaa0ce454fec 204b13357d8c481ba4f72bffb13a908b - - default default] Successfully bumped revision number for resource 18e5fe79-8434-4c5e-9e3e-7eea9b346a4e (type: security_group_rules) to 0
2026-09-11 06:37:55.562 9 INFO neutron.wsgi [None req-f4c1a3a1-e00b-4118-921a-574abbc99643 18b7e4b4b2c447e39b6eaaa0ce454fec 204b13357d8c481ba4f72bffb13a908b - - default default] 10.0.0.148 "POST /v2.0/security-group-rules HTTP/1.1" status: 201 len: 764 time: 0.1612082
2026-09-11 06:37:55.757 10 INFO neutron.db.ovn_revision_numbers_db [None req-3388ef8c-a508-44b9-8db5-53ccfece806a 18b7e4b4b2c447e39b6eaaa0ce454fec 204b13357d8c481ba4f72bffb13a908b - - default default] Successfully bumped revision number for resource 014b0726-743c-40de-8234-447d9b1863e5 (type: security_group_rules) to 0
2026-09-11 06:37:55.786 10 INFO neutron.wsgi [None req-3388ef8c-a508-44b9-8db5-53ccfece806a 18b7e4b4b2c447e39b6eaaa0ce454fec 204b13357d8c481ba4f72bffb13a908b - - default default] 10.0.0.148 "POST /v2.0/security-group-rules HTTP/1.1" status: 201 len: 769 time: 0.2156758
2026-09-11 06:37:55.990 9 INFO neutron.db.ovn_revision_numbers_db [None req-945658aa-231c-4120-9662-ee4771836450 e915aac3d8cf44b5bd14642408eaa706 d5a18636bbbc4419932587742c22c0e5 - - default default] Successfully bumped revision number for resource 20513839-6f27-4c7a-8765-8ff516dd4d2f (type: security_groups) to 1
2026-09-11 06:37:56.005 9 INFO neutron.db.ovn_revision_numbers_db [None req-945658aa-231c-4120-9662-ee4771836450 e915aac3d8cf44b5bd14642408eaa706 d5a18636bbbc4419932587742c22c0e5 - - default default] Successfully bumped revision number for resource 5a8c6692-ac34-4591-a4b8-4a11635684e7 (type: security_group_rules) to 0
2026-09-11 06:37:56.018 9 INFO neutron.db.ovn_revision_numbers_db [None req-945658aa-231c-4120-9662-ee4771836450 e915aac3d8cf44b5bd14642408eaa706 d5a18636bbbc4419932587742c22c0e5 - - default default] Successfully bumped revision number for resource 6fd11c62-0a0b-462f-98bc-3a94e7300249 (type: security_group_rules) to 0
2026-09-11 06:37:56.034 9 INFO neutron.db.ovn_revision_numbers_db [None req-945658aa-231c-4120-9662-ee4771836450 e915aac3d8cf44b5bd14642408eaa706 d5a18636bbbc4419932587742c22c0e5 - - default default] Successfully bumped revision number for resource c3c4365c-6d67-4539-8046-43583c781cb6 (type: security_group_rules) to 0
2026-09-11 06:37:56.047 9 INFO neutron.db.ovn_revision_numbers_db [None req-945658aa-231c-4120-9662-ee4771836450 e915aac3d8cf44b5bd14642408eaa706 d5a18636bbbc4419932587742c22c0e5 - - default default] Successfully bumped revision number for resource cbbdf732-1da6-4057-af36-9cb05c7083bf (type: security_group_rules) to 0
2026-09-11 06:37:56.066 9 INFO neutron.wsgi [None req-945658aa-231c-4120-9662-ee4771836450 e915aac3d8cf44b5bd14642408eaa706 d5a18636bbbc4419932587742c22c0e5 - - default default] 10.0.0.148 "GET /v2.0/security-groups?tenant_id=765811b7d529416a8de572aff24a4293&name=default HTTP/1.1" status: 200 len: 2992 time: 0.4127481
2026-09-11 06:37:56.128 10 WARNING neutron.scheduler.dhcp_agent_scheduler [None req-ddaa0afa-2b76-489f-9062-8402c96c7720 e915aac3d8cf44b5bd14642408eaa706 d5a18636bbbc4419932587742c22c0e5 - - default default] No more DHCP agents
2026-09-11 06:37:56.135 10 WARNING neutron.api.rpc.agentnotifiers.dhcp_rpc_agent_api [None req-ddaa0afa-2b76-489f-9062-8402c96c7720 e915aac3d8cf44b5bd14642408eaa706 d5a18636bbbc4419932587742c22c0e5 - - default default] Unable to schedule network e871f3f8-9325-4ec8-89b9-e381e1782448: no agents available; will retry on subsequent port and subnet creation events.
2026-09-11 06:37:56.235 9 INFO neutron.wsgi [None req-f20418c8-030f-4e8a-adb0-bf111c548e9c e915aac3d8cf44b5bd14642408eaa706 d5a18636bbbc4419932587742c22c0e5 - - default default] 10.0.0.148 "DELETE /v2.0/security-groups/20513839-6f27-4c7a-8765-8ff516dd4d2f HTTP/1.1" status: 204 len: 168 time: 0.1578407
2026-09-11 06:37:56.264 10 INFO neutron.db.ovn_revision_numbers_db [None req-ddaa0afa-2b76-489f-9062-8402c96c7720 e915aac3d8cf44b5bd14642408eaa706 d5a18636bbbc4419932587742c22c0e5 - - default default] Successfully bumped revision number for resource 2dfadce0-8e27-4d60-83d5-ba33befbada3 (type: ports) to 1
2026-09-11 06:37:56.326 10 WARNING neutron.scheduler.dhcp_agent_scheduler [None req-1ffc1f07-235f-4e92-927e-9b3b5f5a2ccc 18b7e4b4b2c447e39b6eaaa0ce454fec 204b13357d8c481ba4f72bffb13a908b - - default default] No more DHCP agents
2026-09-11 06:37:56.328 10 WARNING neutron.api.rpc.agentnotifiers.dhcp_rpc_agent_api [None req-1ffc1f07-235f-4e92-927e-9b3b5f5a2ccc 18b7e4b4b2c447e39b6eaaa0ce454fec 204b13357d8c481ba4f72bffb13a908b - - default default] Unable to schedule network e871f3f8-9325-4ec8-89b9-e381e1782448: no agents available; will retry on subsequent port and subnet creation events.
2026-09-11 06:37:56.502 9 INFO neutron.db.ovn_revision_numbers_db [None req-927bf73c-a830-4fdb-b40d-941000b71c8c e915aac3d8cf44b5bd14642408eaa706 d5a18636bbbc4419932587742c22c0e5 - - default default] Successfully bumped revision number for resource 611e7ab6-6f2e-48ea-8341-d9d255b31ff9 (type: security_groups) to 1
2026-09-11 06:37:56.521 9 INFO neutron.db.ovn_revision_numbers_db [None req-927bf73c-a830-4fdb-b40d-941000b71c8c e915aac3d8cf44b5bd14642408eaa706 d5a18636bbbc4419932587742c22c0e5 - - default default] Successfully bumped revision number for resource 45368c78-2f2b-4c5c-b7b3-a5a2cb1b8966 (type: security_group_rules) to 0
2026-09-11 06:37:56.539 9 INFO neutron.db.ovn_revision_numbers_db [None req-927bf73c-a830-4fdb-b40d-941000b71c8c e915aac3d8cf44b5bd14642408eaa706 d5a18636bbbc4419932587742c22c0e5 - - default default] Successfully bumped revision number for resource 916f5932-0a37-463d-b396-2ed0a487cf7f (type: security_group_rules) to 0
2026-09-11 06:37:56.570 9 INFO neutron.db.ovn_revision_numbers_db [None req-927bf73c-a830-4fdb-b40d-941000b71c8c e915aac3d8cf44b5bd14642408eaa706 d5a18636bbbc4419932587742c22c0e5 - - default default] Successfully bumped revision number for resource 9f02fe92-90d3-4bd1-a1d3-6ab4eccd30d5 (type: security_group_rules) to 0
2026-09-11 06:37:56.587 9 INFO neutron.db.ovn_revision_numbers_db [None req-927bf73c-a830-4fdb-b40d-941000b71c8c e915aac3d8cf44b5bd14642408eaa706 d5a18636bbbc4419932587742c22c0e5 - - default default] Successfully bumped revision number for resource b563be67-2202-4e5e-96b4-feededec4372 (type: security_group_rules) to 0
2026-09-11 06:37:56.615 9 INFO neutron.wsgi [None req-927bf73c-a830-4fdb-b40d-941000b71c8c e915aac3d8cf44b5bd14642408eaa706 d5a18636bbbc4419932587742c22c0e5 - - default default] 10.0.0.148 "GET /v2.0/security-groups?tenant_id=df8e3ffbee72459e829cb47a7fd13b23&name=default HTTP/1.1" status: 200 len: 2996 time: 0.2454951
2026-09-11 06:37:56.671 9 INFO neutron.db.ovn_revision_numbers_db [req-3f4f2988-54a4-4704-a121-d71dd451778e req-e7b60483-ffac-445a-a79a-29752743a25e c0f63773b7f748a3a39cea44d2f6562c 1263b7d35c4649d1bab0224af36a8493 - - default default] Successfully bumped revision number for resource a1dae969-5d64-4241-94c1-a05fcbf550fa (type: security_groups) to 1
2026-09-11 06:37:56.680 10 INFO neutron.db.ovn_revision_numbers_db [None req-1ffc1f07-235f-4e92-927e-9b3b5f5a2ccc 18b7e4b4b2c447e39b6eaaa0ce454fec 204b13357d8c481ba4f72bffb13a908b - - default default] Successfully bumped revision number for resource 21d09bcc-b539-48f2-ba65-9d0306a46d98 (type: floatingips) to 0
2026-09-11 06:37:56.686 9 INFO neutron.db.ovn_revision_numbers_db [req-3f4f2988-54a4-4704-a121-d71dd451778e req-e7b60483-ffac-445a-a79a-29752743a25e c0f63773b7f748a3a39cea44d2f6562c 1263b7d35c4649d1bab0224af36a8493 - - default default] Successfully bumped revision number for resource 8ae056b3-a5a7-4e63-a941-d23c43181ea3 (type: security_group_rules) to 0
2026-09-11 06:37:56.702 10 INFO neutron.wsgi [None req-1ffc1f07-235f-4e92-927e-9b3b5f5a2ccc 18b7e4b4b2c447e39b6eaaa0ce454fec 204b13357d8c481ba4f72bffb13a908b - - default default] 10.0.0.148 "POST /v2.0/floatingips HTTP/1.1" status: 201 len: 751 time: 0.9058709
2026-09-11 06:37:56.721 9 INFO neutron.db.ovn_revision_numbers_db [req-3f4f2988-54a4-4704-a121-d71dd451778e req-e7b60483-ffac-445a-a79a-29752743a25e c0f63773b7f748a3a39cea44d2f6562c 1263b7d35c4649d1bab0224af36a8493 - - default default] Successfully bumped revision number for resource cebb6e54-7c6a-4d9f-8d16-b4f007de3e73 (type: security_group_rules) to 0
2026-09-11 06:37:56.752 9 INFO neutron.wsgi [req-3f4f2988-54a4-4704-a121-d71dd451778e req-e7b60483-ffac-445a-a79a-29752743a25e c0f63773b7f748a3a39cea44d2f6562c 1263b7d35c4649d1bab0224af36a8493 - - default default] 10.0.0.159 "POST /v2.0/security-groups HTTP/1.1" status: 201 len: 1826 time: 0.3571317
2026-09-11 06:37:56.892 9 INFO neutron.wsgi [None req-c703b081-49e3-4148-8ce2-7368ef4ef211 e915aac3d8cf44b5bd14642408eaa706 d5a18636bbbc4419932587742c22c0e5 - - default default] 10.0.0.148 "DELETE /v2.0/security-groups/611e7ab6-6f2e-48ea-8341-d9d255b31ff9 HTTP/1.1" status: 204 len: 168 time: 0.2721605
2026-09-11 06:37:56.952 10 INFO neutron.db.ovn_revision_numbers_db [None req-ddaa0afa-2b76-489f-9062-8402c96c7720 e915aac3d8cf44b5bd14642408eaa706 d5a18636bbbc4419932587742c22c0e5 - - default default] Successfully bumped revision number for resource 2dfadce0-8e27-4d60-83d5-ba33befbada3 (type: router_ports) to 1
2026-09-11 06:37:56.957 9 INFO neutron.plugins.ml2.drivers.ovn.mech_driver.ovsdb.ovsdb_monitor [None req-8fef02c4-cbb0-4e9d-8cfc-031b3677f726 - - - - - -] Router 2e40c124-6f62-484d-819d-7ae7912a04b6 is bound to host instance
2026-09-11 06:37:57.007 10 INFO neutron.db.ovn_revision_numbers_db [None req-ddaa0afa-2b76-489f-9062-8402c96c7720 e915aac3d8cf44b5bd14642408eaa706 d5a18636bbbc4419932587742c22c0e5 - - default default] Successfully bumped revision number for resource 2e40c124-6f62-484d-819d-7ae7912a04b6 (type: routers) to 2
2026-09-11 06:37:57.018 10 INFO neutron.wsgi [None req-ddaa0afa-2b76-489f-9062-8402c96c7720 e915aac3d8cf44b5bd14642408eaa706 d5a18636bbbc4419932587742c22c0e5 - - default default] 10.0.0.148 "POST /v2.0/routers HTTP/1.1" status: 201 len: 877 time: 1.6185255
2026-09-11 06:37:57.248 9 INFO neutron.wsgi [req-87491254-a6b3-4f30-a86f-4c1ee8a3f461 req-50d9b356-7003-4c99-90b5-6142fe53f841 18b7e4b4b2c447e39b6eaaa0ce454fec 204b13357d8c481ba4f72bffb13a908b - - default default] 10.0.0.159 "GET /v2.0/security-groups?name=tempest-securitygroup--1317071366&fields=id&tenant_id=204b13357d8c481ba4f72bffb13a908b HTTP/1.1" status: 200 len: 267 time: 0.0692770
2026-09-11 06:37:57.361 10 WARNING neutron.scheduler.dhcp_agent_scheduler [None req-693135ab-6af0-453f-9416-3d9f68bf6748 e915aac3d8cf44b5bd14642408eaa706 d5a18636bbbc4419932587742c22c0e5 - - default default] No more DHCP agents
2026-09-11 06:37:57.363 10 WARNING neutron.api.rpc.agentnotifiers.dhcp_rpc_agent_api [None req-693135ab-6af0-453f-9416-3d9f68bf6748 e915aac3d8cf44b5bd14642408eaa706 d5a18636bbbc4419932587742c22c0e5 - - default default] Unable to schedule network 0f2bc1f6-7dfb-4550-a6c5-9c3d4e1322f6: no agents available; will retry on subsequent port and subnet creation events.
2026-09-11 06:37:57.390 9 INFO neutron.wsgi [req-87491254-a6b3-4f30-a86f-4c1ee8a3f461 req-f530beb3-8dab-4624-8496-d5ffb05626d6 18b7e4b4b2c447e39b6eaaa0ce454fec 204b13357d8c481ba4f72bffb13a908b - - default default] 10.0.0.159 "GET /v2.0/networks?id=57a3fd8c-6973-4a07-b6ad-c1b4e308ac39 HTTP/1.1" status: 200 len: 882 time: 0.1318676
2026-09-11 06:37:57.474 10 INFO neutron.db.ovn_revision_numbers_db [None req-693135ab-6af0-453f-9416-3d9f68bf6748 e915aac3d8cf44b5bd14642408eaa706 d5a18636bbbc4419932587742c22c0e5 - - default default] Successfully bumped revision number for resource e1964bc9-8c36-4546-a6ad-e99e2cd3694e (type: ports) to 1
2026-09-11 06:37:57.533 9 INFO neutron.wsgi [req-87491254-a6b3-4f30-a86f-4c1ee8a3f461 req-1cf30426-a465-49d1-b262-2c16724b77ca 18b7e4b4b2c447e39b6eaaa0ce454fec 204b13357d8c481ba4f72bffb13a908b - - default default] 10.0.0.159 "GET /v2.0/quotas/204b13357d8c481ba4f72bffb13a908b HTTP/1.1" status: 200 len: 386 time: 0.1356604
2026-09-11 06:37:57.541 9 INFO neutron.wsgi [req-dc62b326-b5a0-485a-b26f-0b753a240e7b req-729fb26b-b1dc-4aa7-bbd8-0f09cf8aeb84 c0f63773b7f748a3a39cea44d2f6562c 1263b7d35c4649d1bab0224af36a8493 - - default default] 10.0.0.159 "GET /v2.0/security-groups/a1dae969-5d64-4241-94c1-a05fcbf550fa HTTP/1.1" status: 200 len: 1821 time: 0.3266630
2026-09-11 06:37:57.732 9 INFO neutron.wsgi [req-87491254-a6b3-4f30-a86f-4c1ee8a3f461 req-161e3757-121e-4f2c-a760-3cc90358d19a 18b7e4b4b2c447e39b6eaaa0ce454fec 204b13357d8c481ba4f72bffb13a908b - - default default] 10.0.0.159 "GET /v2.0/ports?tenant_id=204b13357d8c481ba4f72bffb13a908b&fields=id HTTP/1.1" status: 200 len: 302 time: 0.1901815
2026-09-11 06:37:57.761 9 INFO neutron.db.ovn_revision_numbers_db [None req-8fef02c4-cbb0-4e9d-8cfc-031b3677f726 - - - - - -] Successfully bumped revision number for resource 2dfadce0-8e27-4d60-83d5-ba33befbada3 (type: ports) to 1
2026-09-11 06:37:57.784 9 INFO neutron.db.ovn_revision_numbers_db [req-dc62b326-b5a0-485a-b26f-0b753a240e7b req-0c5ebf3e-e2ea-4957-ac95-6b246e080974 c0f63773b7f748a3a39cea44d2f6562c 1263b7d35c4649d1bab0224af36a8493 - - default default] Successfully bumped revision number for resource 58111bab-5752-44c4-8527-7c70c42c1a64 (type: security_group_rules) to 0
2026-09-11 06:37:57.815 9 INFO neutron.wsgi [req-dc62b326-b5a0-485a-b26f-0b753a240e7b req-0c5ebf3e-e2ea-4957-ac95-6b246e080974 c0f63773b7f748a3a39cea44d2f6562c 1263b7d35c4649d1bab0224af36a8493 - - default default] 10.0.0.159 "POST /v2.0/security-group-rules HTTP/1.1" status: 201 len: 786 time: 0.2574251
2026-09-11 06:37:57.846 10 INFO neutron.db.ovn_revision_numbers_db [None req-693135ab-6af0-453f-9416-3d9f68bf6748 e915aac3d8cf44b5bd14642408eaa706 d5a18636bbbc4419932587742c22c0e5 - - default default] Successfully bumped revision number for resource e1964bc9-8c36-4546-a6ad-e99e2cd3694e (type: router_ports) to 1
2026-09-11 06:37:57.971 10 INFO neutron.db.ovn_revision_numbers_db [None req-693135ab-6af0-453f-9416-3d9f68bf6748 e915aac3d8cf44b5bd14642408eaa706 d5a18636bbbc4419932587742c22c0e5 - - default default] Successfully bumped revision number for resource e1964bc9-8c36-4546-a6ad-e99e2cd3694e (type: ports) to 1
2026-09-11 06:37:57.997 9 INFO neutron.db.ovn_revision_numbers_db [req-5bb3babe-8c7b-41c9-8733-7d253b216250 req-4aa56643-e0ef-426a-a262-e7bb92bcef39 c0f63773b7f748a3a39cea44d2f6562c 1263b7d35c4649d1bab0224af36a8493 - - default default] Successfully bumped revision number for resource ae7c4a0a-5448-40f3-894a-7432b4d4d027 (type: security_groups) to 1
2026-09-11 06:37:58.017 9 INFO neutron.db.ovn_revision_numbers_db [req-5bb3babe-8c7b-41c9-8733-7d253b216250 req-4aa56643-e0ef-426a-a262-e7bb92bcef39 c0f63773b7f748a3a39cea44d2f6562c 1263b7d35c4649d1bab0224af36a8493 - - default default] Successfully bumped revision number for resource 4a577b85-e9bf-485e-83c9-0d4a0a9504f2 (type: security_group_rules) to 0
2026-09-11 06:37:58.031 9 INFO neutron.db.ovn_revision_numbers_db [req-5bb3babe-8c7b-41c9-8733-7d253b216250 req-4aa56643-e0ef-426a-a262-e7bb92bcef39 c0f63773b7f748a3a39cea44d2f6562c 1263b7d35c4649d1bab0224af36a8493 - - default default] Successfully bumped revision number for resource c052f8c8-3ace-4bc5-8bc2-ecdbee0859c7 (type: security_group_rules) to 0
2026-09-11 06:37:58.034 10 WARNING neutron.scheduler.dhcp_agent_scheduler [None req-693135ab-6af0-453f-9416-3d9f68bf6748 e915aac3d8cf44b5bd14642408eaa706 d5a18636bbbc4419932587742c22c0e5 - - default default] No more DHCP agents
2026-09-11 06:37:58.035 10 WARNING neutron.api.rpc.agentnotifiers.dhcp_rpc_agent_api [None req-693135ab-6af0-453f-9416-3d9f68bf6748 e915aac3d8cf44b5bd14642408eaa706 d5a18636bbbc4419932587742c22c0e5 - - default default] Unable to schedule network 0f2bc1f6-7dfb-4550-a6c5-9c3d4e1322f6: no agents available; will retry on subsequent port and subnet creation events.
2026-09-11 06:37:58.062 9 INFO neutron.wsgi [req-5bb3babe-8c7b-41c9-8733-7d253b216250 req-4aa56643-e0ef-426a-a262-e7bb92bcef39 c0f63773b7f748a3a39cea44d2f6562c 1263b7d35c4649d1bab0224af36a8493 - - default default] 10.0.0.159 "POST /v2.0/security-groups HTTP/1.1" status: 201 len: 1826 time: 0.2142310
2026-09-11 06:37:58.073 9 INFO neutron.db.ovn_revision_numbers_db [None req-8fef02c4-cbb0-4e9d-8cfc-031b3677f726 - - - - - -] Successfully bumped revision number for resource 2dfadce0-8e27-4d60-83d5-ba33befbada3 (type: router_ports) to 3
2026-09-11 06:37:58.134 9 INFO neutron.wsgi [req-b6db04f0-3d82-40ce-972e-8b23fdc6a4c7 req-678fbfa1-fab9-4ec6-bf33-05e3266cb12d c0f63773b7f748a3a39cea44d2f6562c 1263b7d35c4649d1bab0224af36a8493 - - default default] 10.0.0.159 "GET /v2.0/security-groups/ae7c4a0a-5448-40f3-894a-7432b4d4d027 HTTP/1.1" status: 200 len: 1821 time: 0.0344987
2026-09-11 06:37:58.215 9 INFO neutron.db.ovn_revision_numbers_db [None req-8fef02c4-cbb0-4e9d-8cfc-031b3677f726 - - - - - -] Successfully bumped revision number for resource 2dfadce0-8e27-4d60-83d5-ba33befbada3 (type: ports) to 2
2026-09-11 06:37:58.253 9 INFO neutron.wsgi [req-87491254-a6b3-4f30-a86f-4c1ee8a3f461 req-67ee5d5f-5bbf-4d35-8628-5aefc9c08be3 efe35623479b45798794747db62a1a5c cabec951436a4d0eaec193ce1f9fc389 - - c31d3e9b3c3142cba44307f86026f19a c31d3e9b3c3142cba44307f86026f19a] 10.0.0.159 "GET /v2.0/extensions HTTP/1.1" status: 200 len: 16525 time: 0.0719626
2026-09-11 06:37:58.334 9 INFO neutron.db.ovn_revision_numbers_db [req-b6db04f0-3d82-40ce-972e-8b23fdc6a4c7 req-19ca001b-6f3d-4c16-b1d2-e249c3b7bdec c0f63773b7f748a3a39cea44d2f6562c 1263b7d35c4649d1bab0224af36a8493 - - default default] Successfully bumped revision number for resource 15c36512-6165-4b21-9cd5-a31ae60db18f (type: security_group_rules) to 0
2026-09-11 06:37:58.340 9 INFO neutron.wsgi [req-87491254-a6b3-4f30-a86f-4c1ee8a3f461 req-4db9fc2e-a759-40ef-8dc4-8ae9f127a9e9 efe35623479b45798794747db62a1a5c cabec951436a4d0eaec193ce1f9fc389 - - c31d3e9b3c3142cba44307f86026f19a c31d3e9b3c3142cba44307f86026f19a] 10.0.0.159 "GET /v2.0/networks/57a3fd8c-6973-4a07-b6ad-c1b4e308ac39?fields=segments HTTP/1.1" status: 200 len: 212 time: 0.0795493
2026-09-11 06:37:58.376 9 INFO neutron.wsgi [req-b6db04f0-3d82-40ce-972e-8b23fdc6a4c7 req-19ca001b-6f3d-4c16-b1d2-e249c3b7bdec c0f63773b7f748a3a39cea44d2f6562c 1263b7d35c4649d1bab0224af36a8493 - - default default] 10.0.0.159 "POST /v2.0/security-group-rules HTTP/1.1" status: 201 len: 786 time: 0.2311325
2026-09-11 06:37:58.474 9 INFO neutron.wsgi [req-87491254-a6b3-4f30-a86f-4c1ee8a3f461 req-890a0e38-757c-4e71-8583-283b34d8ffc1 efe35623479b45798794747db62a1a5c cabec951436a4d0eaec193ce1f9fc389 - - c31d3e9b3c3142cba44307f86026f19a c31d3e9b3c3142cba44307f86026f19a] 10.0.0.159 "GET /v2.0/networks/57a3fd8c-6973-4a07-b6ad-c1b4e308ac39?fields=provider%3Aphysical_network&fields=provider%3Anetwork_type HTTP/1.1" status: 200 len: 277 time: 0.1233780
2026-09-11 06:37:58.478 9 INFO neutron.wsgi [req-467a01f4-f1be-4017-ba72-7aec1957df4e req-25dd4311-4891-4bd1-94eb-2aa6dfbba0a7 c0f63773b7f748a3a39cea44d2f6562c 1263b7d35c4649d1bab0224af36a8493 - - default default] 10.0.0.159 "GET /v2.0/security-groups/ae7c4a0a-5448-40f3-894a-7432b4d4d027 HTTP/1.1" status: 200 len: 2414 time: 0.0676761
2026-09-11 06:37:58.631 9 INFO neutron.db.ovn_revision_numbers_db [None req-8fef02c4-cbb0-4e9d-8cfc-031b3677f726 - - - - - -] Successfully bumped revision number for resource 2dfadce0-8e27-4d60-83d5-ba33befbada3 (type: ports) to 4
2026-09-11 06:37:58.653 10 INFO neutron.db.ovn_revision_numbers_db [None req-693135ab-6af0-453f-9416-3d9f68bf6748 e915aac3d8cf44b5bd14642408eaa706 d5a18636bbbc4419932587742c22c0e5 - - default default] Successfully bumped revision number for resource e1964bc9-8c36-4546-a6ad-e99e2cd3694e (type: router_ports) to 1
2026-09-11 06:37:58.657 10 INFO neutron.wsgi [None req-693135ab-6af0-453f-9416-3d9f68bf6748 e915aac3d8cf44b5bd14642408eaa706 d5a18636bbbc4419932587742c22c0e5 - - default default] 10.0.0.148 "PUT /v2.0/routers/2e40c124-6f62-484d-819d-7ae7912a04b6/add_router_interface HTTP/1.1" status: 200 len: 503 time: 1.6349270
2026-09-11 06:37:58.713 9 INFO neutron.wsgi [req-b4405652-7e58-4b81-89af-052474ccd912 req-43a40c70-a1fe-4a6b-8091-f756dff67899 18b7e4b4b2c447e39b6eaaa0ce454fec 204b13357d8c481ba4f72bffb13a908b - - default default] 10.0.0.159 "GET /v2.0/ports?device_id=3d3a60cb-0edb-4bc2-be5f-27bb91a3ca91 HTTP/1.1" status: 200 len: 210 time: 0.0444283
2026-09-11 06:37:58.744 9 INFO neutron.db.ovn_revision_numbers_db [req-467a01f4-f1be-4017-ba72-7aec1957df4e req-ca239dab-a87f-4a66-89fc-bcfc57304fe7 c0f63773b7f748a3a39cea44d2f6562c 1263b7d35c4649d1bab0224af36a8493 - - default default] Successfully bumped revision number for resource 1200ef09-e207-4baf-922c-b0b385bcdd1c (type: security_group_rules) to 0
2026-09-11 06:37:58.781 9 INFO neutron.wsgi [req-467a01f4-f1be-4017-ba72-7aec1957df4e req-ca239dab-a87f-4a66-89fc-bcfc57304fe7 c0f63773b7f748a3a39cea44d2f6562c 1263b7d35c4649d1bab0224af36a8493 - - default default] 10.0.0.159 "POST /v2.0/security-group-rules HTTP/1.1" status: 201 len: 791 time: 0.2938199
2026-09-11 06:37:59.067 9 INFO neutron.wsgi [req-de1d4dad-ba69-4b4c-b3c0-76187efd2dbd req-e5a3bfd3-3f44-43e1-99d1-3756db86e79b c0f63773b7f748a3a39cea44d2f6562c 1263b7d35c4649d1bab0224af36a8493 - - default default] 10.0.0.159 "GET /v2.0/security-groups/ae7c4a0a-5448-40f3-894a-7432b4d4d027 HTTP/1.1" status: 200 len: 3012 time: 0.2605557
2026-09-11 06:37:59.138 9 INFO neutron.wsgi [req-ac58c8bd-6dc8-4447-bdb5-3f6fb7d9a6a0 req-640930c6-1648-47c0-a91c-0bd7b6cb09cb c0f63773b7f748a3a39cea44d2f6562c 1263b7d35c4649d1bab0224af36a8493 - - default default] 10.0.0.159 "GET /v2.0/security-group-rules/1200ef09-e207-4baf-922c-b0b385bcdd1c HTTP/1.1" status: 200 len: 783 time: 0.0350442
2026-09-11 06:37:59.169 9 INFO neutron.db.ovn_revision_numbers_db [None req-8fef02c4-cbb0-4e9d-8cfc-031b3677f726 - - - - - -] Successfully bumped revision number for resource 2dfadce0-8e27-4d60-83d5-ba33befbada3 (type: router_ports) to 4
2026-09-11 06:37:59.196 9 INFO neutron.wsgi [req-ac58c8bd-6dc8-4447-bdb5-3f6fb7d9a6a0 req-3da7d7db-3a57-4525-af91-f334e7c56690 c0f63773b7f748a3a39cea44d2f6562c 1263b7d35c4649d1bab0224af36a8493 - - default default] 10.0.0.159 "GET /v2.0/security-groups/ae7c4a0a-5448-40f3-894a-7432b4d4d027 HTTP/1.1" status: 200 len: 3012 time: 0.0519304
2026-09-11 06:37:59.348 9 INFO neutron.wsgi [req-ac58c8bd-6dc8-4447-bdb5-3f6fb7d9a6a0 req-07ca7603-4be3-4219-8594-e4f391f23c67 c0f63773b7f748a3a39cea44d2f6562c 1263b7d35c4649d1bab0224af36a8493 - - default default] 10.0.0.159 "DELETE /v2.0/security-group-rules/1200ef09-e207-4baf-922c-b0b385bcdd1c HTTP/1.1" status: 204 len: 173 time: 0.1432996
2026-09-11 06:37:59.415 9 INFO neutron.wsgi [req-62fd0b9f-1ce6-4deb-94d0-3ea8087daa9d req-6908b60e-7b95-4812-b48e-9b5552a679d3 c0f63773b7f748a3a39cea44d2f6562c 1263b7d35c4649d1bab0224af36a8493 - - default default] 10.0.0.159 "GET /v2.0/security-groups/ae7c4a0a-5448-40f3-894a-7432b4d4d027 HTTP/1.1" status: 200 len: 2414 time: 0.0411067
2026-09-11 06:37:59.451 9 INFO neutron.db.ovn_revision_numbers_db [req-973ee740-cea0-48e9-939c-289e1b862321 req-e60fe7de-14ff-429e-ae46-92e46eb40a96 d49d7b43842d4cffa0e563f34a00997e 40ed36976ef943498f14027ea50ec8cc - - default default] Successfully bumped revision number for resource 480f3a70-f3d4-4cd1-95d9-cecd3e874d8f (type: security_groups) to 1
2026-09-11 06:37:59.472 9 INFO neutron.db.ovn_revision_numbers_db [req-973ee740-cea0-48e9-939c-289e1b862321 req-e60fe7de-14ff-429e-ae46-92e46eb40a96 d49d7b43842d4cffa0e563f34a00997e 40ed36976ef943498f14027ea50ec8cc - - default default] Successfully bumped revision number for resource 1ebf1694-ea95-46b4-bfcb-78f72efcd970 (type: security_group_rules) to 0
2026-09-11 06:37:59.497 9 INFO neutron.db.ovn_revision_numbers_db [req-973ee740-cea0-48e9-939c-289e1b862321 req-e60fe7de-14ff-429e-ae46-92e46eb40a96 d49d7b43842d4cffa0e563f34a00997e 40ed36976ef943498f14027ea50ec8cc - - default default] Successfully bumped revision number for resource 3e7d4b96-d5d2-4c8a-b185-bf7ec93e8c2a (type: security_group_rules) to 0
2026-09-11 06:37:59.526 9 INFO neutron.wsgi [req-973ee740-cea0-48e9-939c-289e1b862321 req-e60fe7de-14ff-429e-ae46-92e46eb40a96 d49d7b43842d4cffa0e563f34a00997e 40ed36976ef943498f14027ea50ec8cc - - default default] 10.0.0.159 "POST /v2.0/security-groups HTTP/1.1" status: 201 len: 1822 time: 0.2417204
2026-09-11 06:37:59.600 9 INFO neutron.wsgi [req-62fd0b9f-1ce6-4deb-94d0-3ea8087daa9d req-ccd9324f-3fb9-4051-bae1-1ea20925a76b c0f63773b7f748a3a39cea44d2f6562c 1263b7d35c4649d1bab0224af36a8493 - - default default] 10.0.0.159 "DELETE /v2.0/security-groups/ae7c4a0a-5448-40f3-894a-7432b4d4d027 HTTP/1.1" status: 204 len: 173 time: 0.1629555
2026-09-11 06:37:59.661 9 INFO neutron.wsgi [req-c27d4f7d-37d7-4cef-82c2-776db2ac4ade req-1cb3b19e-a567-4442-b248-9bc1808c189b c0f63773b7f748a3a39cea44d2f6562c 1263b7d35c4649d1bab0224af36a8493 - - default default] 10.0.0.159 "GET /v2.0/security-groups/a1dae969-5d64-4241-94c1-a05fcbf550fa HTTP/1.1" status: 200 len: 2414 time: 0.0417459
2026-09-11 06:37:59.701 9 INFO neutron.db.ovn_revision_numbers_db [req-f4832a11-0842-4cea-afa2-13b81c3c3da1 req-06708836-c96b-4e9a-b1d3-ec43e8630421 d49d7b43842d4cffa0e563f34a00997e 40ed36976ef943498f14027ea50ec8cc - - default default] Successfully bumped revision number for resource dfda4533-50e1-4178-8f9c-32bedba83a20 (type: security_groups) to 1
2026-09-11 06:37:59.716 9 INFO neutron.db.ovn_revision_numbers_db [req-f4832a11-0842-4cea-afa2-13b81c3c3da1 req-06708836-c96b-4e9a-b1d3-ec43e8630421 d49d7b43842d4cffa0e563f34a00997e 40ed36976ef943498f14027ea50ec8cc - - default default] Successfully bumped revision number for resource 7341b7a6-0e13-4963-8bee-fc5875ec5088 (type: security_group_rules) to 0
2026-09-11 06:37:59.733 9 INFO neutron.db.ovn_revision_numbers_db [req-f4832a11-0842-4cea-afa2-13b81c3c3da1 req-06708836-c96b-4e9a-b1d3-ec43e8630421 d49d7b43842d4cffa0e563f34a00997e 40ed36976ef943498f14027ea50ec8cc - - default default] Successfully bumped revision number for resource fed32fca-2c18-4cd8-9739-b89fffb608b1 (type: security_group_rules) to 0
2026-09-11 06:37:59.760 9 INFO neutron.wsgi [req-f4832a11-0842-4cea-afa2-13b81c3c3da1 req-06708836-c96b-4e9a-b1d3-ec43e8630421 d49d7b43842d4cffa0e563f34a00997e 40ed36976ef943498f14027ea50ec8cc - - default default] 10.0.0.159 "POST /v2.0/security-groups HTTP/1.1" status: 201 len: 1823 time: 0.2028818
2026-09-11 06:37:59.810 9 INFO neutron.wsgi [req-c27d4f7d-37d7-4cef-82c2-776db2ac4ade req-de091616-e086-4cd0-a345-0b91c8bc1892 c0f63773b7f748a3a39cea44d2f6562c 1263b7d35c4649d1bab0224af36a8493 - - default default] 10.0.0.159 "DELETE /v2.0/security-groups/a1dae969-5d64-4241-94c1-a05fcbf550fa HTTP/1.1" status: 204 len: 173 time: 0.1430612
2026-09-11 06:38:00.015 9 INFO neutron.db.ovn_revision_numbers_db [req-9b68c6a4-06cf-4878-adff-dc432367a0c6 req-b339a8d3-fa5b-4add-a348-e08e95bf833e d49d7b43842d4cffa0e563f34a00997e 40ed36976ef943498f14027ea50ec8cc - - default default] Successfully bumped revision number for resource bf1db680-b3b3-4046-89db-be1b86af141c (type: security_groups) to 1
2026-09-11 06:38:00.042 9 INFO neutron.db.ovn_revision_numbers_db [req-9b68c6a4-06cf-4878-adff-dc432367a0c6 req-b339a8d3-fa5b-4add-a348-e08e95bf833e d49d7b43842d4cffa0e563f34a00997e 40ed36976ef943498f14027ea50ec8cc - - default default] Successfully bumped revision number for resource 68f9f057-e44a-413b-bccd-a8f4831ba0b7 (type: security_group_rules) to 0
2026-09-11 06:38:00.068 9 INFO neutron.wsgi [req-9d2c767f-0078-434b-ad20-69644213c2dc req-0c406adb-b68f-4ae3-8b1e-83155228b203 18b7e4b4b2c447e39b6eaaa0ce454fec 204b13357d8c481ba4f72bffb13a908b - - default default] 10.0.0.159 "GET /v2.0/ports?device_id=3d3a60cb-0edb-4bc2-be5f-27bb91a3ca91 HTTP/1.1" status: 200 len: 210 time: 0.0490839
2026-09-11 06:38:00.077 9 INFO neutron.db.ovn_revision_numbers_db [req-9b68c6a4-06cf-4878-adff-dc432367a0c6 req-b339a8d3-fa5b-4add-a348-e08e95bf833e d49d7b43842d4cffa0e563f34a00997e 40ed36976ef943498f14027ea50ec8cc - - default default] Successfully bumped revision number for resource 75e90370-19fb-4d4d-abaf-244e2639f7a1 (type: security_group_rules) to 0
2026-09-11 06:38:00.104 9 INFO neutron.wsgi [req-9b68c6a4-06cf-4878-adff-dc432367a0c6 req-b339a8d3-fa5b-4add-a348-e08e95bf833e d49d7b43842d4cffa0e563f34a00997e 40ed36976ef943498f14027ea50ec8cc - - default default] 10.0.0.159 "POST /v2.0/security-groups HTTP/1.1" status: 201 len: 1822 time: 0.2710712
2026-09-11 06:38:00.175 9 INFO neutron.wsgi [req-4e09b8d6-30cf-4d2d-9a42-73f683c01929 req-0675de53-27c8-4453-9175-8928d22c51a8 d49d7b43842d4cffa0e563f34a00997e 40ed36976ef943498f14027ea50ec8cc - - default default] 10.0.0.159 "GET /v2.0/security-groups?tenant_id=40ed36976ef943498f14027ea50ec8cc HTTP/1.1" status: 200 len: 7795 time: 0.0502923
2026-09-11 06:38:00.176 9 WARNING neutron.plugins.ml2.drivers.ovn.mech_driver.ovsdb.ovn_client [None req-152a3724-0546-47c9-9d80-04f0c556738d - - - - - -] No hosting information found for port 4a28530d-1d21-49e0-a9a6-d3824f215982: RuntimeError: No hosting information found for port 4a28530d-1d21-49e0-a9a6-d3824f215982
2026-09-11 06:38:00.176 9 INFO neutron.plugins.ml2.drivers.ovn.mech_driver.mech_driver [None req-152a3724-0546-47c9-9d80-04f0c556738d - - - - - -] OVN reports status up for port: 2dfadce0-8e27-4d60-83d5-ba33befbada3
2026-09-11 06:38:00.190 9 INFO neutron.plugins.ml2.plugin [None req-152a3724-0546-47c9-9d80-04f0c556738d - - - - - -] Attempt 1 to provision port 2dfadce0-8e27-4d60-83d5-ba33befbada3
2026-09-11 06:38:00.210 9 INFO neutron.wsgi [req-4e09b8d6-30cf-4d2d-9a42-73f683c01929 req-ecc0bbe8-2e31-4f8e-8e00-dffea86da014 d49d7b43842d4cffa0e563f34a00997e 40ed36976ef943498f14027ea50ec8cc - - default default] 10.0.0.159 "GET /v2.0/security-groups/e0412bf6-7263-40cd-82f7-457e21e8e0ad HTTP/1.1" status: 200 len: 2994 time: 0.0301695
2026-09-11 06:38:00.249 9 INFO neutron.wsgi [req-4e09b8d6-30cf-4d2d-9a42-73f683c01929 req-f8b357fa-0c35-4745-9d40-4aa18437fe30 d49d7b43842d4cffa0e563f34a00997e 40ed36976ef943498f14027ea50ec8cc - - default default] 10.0.0.159 "GET /v2.0/security-groups/e0412bf6-7263-40cd-82f7-457e21e8e0ad HTTP/1.1" status: 200 len: 2994 time: 0.0326397
2026-09-11 06:38:00.299 9 INFO neutron.wsgi [req-5a3468d6-6abd-499b-9b96-0c807902cffe req-22325d99-b950-4fd8-b99f-8cb0d8becf81 d49d7b43842d4cffa0e563f34a00997e 40ed36976ef943498f14027ea50ec8cc - - default default] 10.0.0.159 "GET /v2.0/security-groups/480f3a70-f3d4-4cd1-95d9-cecd3e874d8f HTTP/1.1" status: 200 len: 1817 time: 0.0218453
2026-09-11 06:38:00.360 10 WARNING neutron.plugins.ml2.drivers.ovn.mech_driver.ovsdb.ovn_client [None req-22667b2b-b3d4-4950-9b97-cf9617e86ba2 - - - - - -] No port found with ID ed29bdb2-0a79-473c-b781-0e0e531265b2: RuntimeError: No port found with ID ed29bdb2-0a79-473c-b781-0e0e531265b2
2026-09-11 06:38:00.361 10 INFO neutron.plugins.ml2.drivers.ovn.mech_driver.mech_driver [None req-22667b2b-b3d4-4950-9b97-cf9617e86ba2 - - - - - -] OVN reports status up for port: e1964bc9-8c36-4546-a6ad-e99e2cd3694e
2026-09-11 06:38:00.368 10 INFO neutron.plugins.ml2.plugin [None req-22667b2b-b3d4-4950-9b97-cf9617e86ba2 - - - - - -] Attempt 1 to provision port e1964bc9-8c36-4546-a6ad-e99e2cd3694e
2026-09-11 06:38:00.389 9 INFO neutron.wsgi [req-87491254-a6b3-4f30-a86f-4c1ee8a3f461 req-f4cb8b50-50f2-4198-aea9-8eec115c323a 18b7e4b4b2c447e39b6eaaa0ce454fec 204b13357d8c481ba4f72bffb13a908b - - default default] 162.253.55.75 "GET /v2.0/networks?id=57a3fd8c-6973-4a07-b6ad-c1b4e308ac39 HTTP/1.1" status: 200 len: 882 time: 0.1677282
2026-09-11 06:38:00.453 9 INFO neutron.wsgi [req-87491254-a6b3-4f30-a86f-4c1ee8a3f461 req-31b3c9bd-4fcb-4653-9f7f-f6225b3023bf 18b7e4b4b2c447e39b6eaaa0ce454fec 204b13357d8c481ba4f72bffb13a908b - - default default] 162.253.55.75 "GET /v2.0/security-groups?fields=id&fields=name&tenant_id=204b13357d8c481ba4f72bffb13a908b HTTP/1.1" status: 200 len: 380 time: 0.0309269
2026-09-11 06:38:00.490 9 INFO neutron.wsgi [req-5a3468d6-6abd-499b-9b96-0c807902cffe req-50f6eb80-cf35-48b6-8554-b2355aca52cc d49d7b43842d4cffa0e563f34a00997e 40ed36976ef943498f14027ea50ec8cc - - default default] 10.0.0.159 "DELETE /v2.0/security-groups/480f3a70-f3d4-4cd1-95d9-cecd3e874d8f HTTP/1.1" status: 204 len: 173 time: 0.1833251
2026-09-11 06:38:00.536 9 INFO neutron.api.v2.resource [req-f07ce1bb-8bfe-44d1-aa11-b747fb3e8f1b req-d2dbcba9-40f1-4a95-8a12-5ea008f3db91 d49d7b43842d4cffa0e563f34a00997e 40ed36976ef943498f14027ea50ec8cc - - default default] show failed (client error): The resource could not be found.
2026-09-11 06:38:00.537 9 INFO neutron.wsgi [req-f07ce1bb-8bfe-44d1-aa11-b747fb3e8f1b req-d2dbcba9-40f1-4a95-8a12-5ea008f3db91 d49d7b43842d4cffa0e563f34a00997e 40ed36976ef943498f14027ea50ec8cc - - default default] 10.0.0.159 "GET /v2.0/security-groups/480f3a70-f3d4-4cd1-95d9-cecd3e874d8f HTTP/1.1" status: 404 len: 352 time: 0.0186684
2026-09-11 06:38:00.615 9 INFO neutron.wsgi [req-24a29b9d-7abe-45c5-9034-b16f2627be53 req-574db4c4-71f0-49b1-a658-0bac88d02933 d49d7b43842d4cffa0e563f34a00997e 40ed36976ef943498f14027ea50ec8cc - - default default] 10.0.0.159 "GET /v2.0/security-groups/dfda4533-50e1-4178-8f9c-32bedba83a20 HTTP/1.1" status: 200 len: 1818 time: 0.0506825
2026-09-11 06:38:00.688 10 INFO neutron.db.ovn_revision_numbers_db [None req-22667b2b-b3d4-4950-9b97-cf9617e86ba2 - - - - - -] Successfully bumped revision number for resource e1964bc9-8c36-4546-a6ad-e99e2cd3694e (type: ports) to 2
2026-09-11 06:38:00.811 9 INFO neutron.wsgi [req-24a29b9d-7abe-45c5-9034-b16f2627be53 req-cde7388d-743b-428b-aa1c-68175c5f3297 d49d7b43842d4cffa0e563f34a00997e 40ed36976ef943498f14027ea50ec8cc - - default default] 10.0.0.159 "DELETE /v2.0/security-groups/dfda4533-50e1-4178-8f9c-32bedba83a20 HTTP/1.1" status: 204 len: 173 time: 0.1884356 /var/lib/openstack/lib/python3.10/site-packages/pycadf/identifier.py:71: UserWarning: Invalid uuid: neutron. To ensure interoperability, identifiers should be a valid uuid. warnings.warn(('Invalid uuid: %s. To ensure interoperability, '
2026-09-11 06:38:00.845 9 INFO neutron.api.v2.resource [req-367d7d27-442a-4143-bde6-7fdd76aa6960 req-a75709c0-d132-4faf-a69e-ba7cca753762 d49d7b43842d4cffa0e563f34a00997e 40ed36976ef943498f14027ea50ec8cc - - default default] show failed (client error): The resource could not be found.
2026-09-11 06:38:00.846 9 INFO neutron.wsgi [req-367d7d27-442a-4143-bde6-7fdd76aa6960 req-a75709c0-d132-4faf-a69e-ba7cca753762 d49d7b43842d4cffa0e563f34a00997e 40ed36976ef943498f14027ea50ec8cc - - default default] 10.0.0.159 "GET /v2.0/security-groups/dfda4533-50e1-4178-8f9c-32bedba83a20 HTTP/1.1" status: 404 len: 352 time: 0.0140269
2026-09-11 06:38:00.865 9 WARNING neutron.scheduler.dhcp_agent_scheduler [req-87491254-a6b3-4f30-a86f-4c1ee8a3f461 req-45095ba0-6910-4502-b4a2-bd38ade8523b 18b7e4b4b2c447e39b6eaaa0ce454fec 204b13357d8c481ba4f72bffb13a908b - - default default] No more DHCP agents
2026-09-11 06:38:00.870 9 WARNING neutron.api.rpc.agentnotifiers.dhcp_rpc_agent_api [req-87491254-a6b3-4f30-a86f-4c1ee8a3f461 req-45095ba0-6910-4502-b4a2-bd38ade8523b 18b7e4b4b2c447e39b6eaaa0ce454fec 204b13357d8c481ba4f72bffb13a908b - - default default] Unable to schedule network 57a3fd8c-6973-4a07-b6ad-c1b4e308ac39: no agents available; will retry on subsequent port and subnet creation events. /var/lib/openstack/lib/python3.10/site-packages/pycadf/identifier.py:71: UserWarning: Invalid uuid: neutron. To ensure interoperability, identifiers should be a valid uuid. warnings.warn(('Invalid uuid: %s. To ensure interoperability, '
2026-09-11 06:38:00.935 9 INFO neutron.wsgi [req-94401898-f06e-4cfa-b3d7-b0b46c18dcf7 req-885c938a-e5a4-4641-8bb8-12e7edd53230 d49d7b43842d4cffa0e563f34a00997e 40ed36976ef943498f14027ea50ec8cc - - default default] 10.0.0.159 "GET /v2.0/security-groups/bf1db680-b3b3-4046-89db-be1b86af141c HTTP/1.1" status: 200 len: 1817 time: 0.0502386
2026-09-11 06:38:00.975 10 INFO neutron.db.ovn_revision_numbers_db [None req-22667b2b-b3d4-4950-9b97-cf9617e86ba2 - - - - - -] Successfully bumped revision number for resource e1964bc9-8c36-4546-a6ad-e99e2cd3694e (type: router_ports) to 2
