2026-09-11 06:40:05.378 9 INFO neutron.wsgi [None req-2e632edd-b30c-4c63-acb2-237ace9428dd 0d528e971d6b4fda87c57745855cf4d5 e96ad42dcfe0402995eb368211429492 - - default default] 10.0.0.148 "PUT /v2.0/routers/b6846c97-3f15-4243-8131-44657ef4747c HTTP/1.1" status: 200 len: 668 time: 0.4200931
2026-09-11 06:40:05.399 9 INFO neutron.wsgi [None req-e42482c7-baa4-47e9-9685-e0c39a7b947e 0d528e971d6b4fda87c57745855cf4d5 e96ad42dcfe0402995eb368211429492 - - default default] 10.0.0.148 "GET /v2.0/ports?device_id=b6846c97-3f15-4243-8131-44657ef4747c HTTP/1.1" status: 200 len: 205 time: 0.0159204
2026-09-11 06:40:05.559 9 INFO neutron.wsgi [None req-8c7fd907-3cad-4df3-8a81-341adde5eb43 0d528e971d6b4fda87c57745855cf4d5 e96ad42dcfe0402995eb368211429492 - - default default] 10.0.0.148 "DELETE /v2.0/routers/b6846c97-3f15-4243-8131-44657ef4747c HTTP/1.1" status: 204 len: 168 time: 0.1565259
2026-09-11 06:40:05.597 9 INFO neutron.wsgi [None req-08a7142a-482b-49b0-b160-bf062e9506ca 0d528e971d6b4fda87c57745855cf4d5 e96ad42dcfe0402995eb368211429492 - - default default] 10.0.0.148 "GET /v2.0/routers/cf8d3fe9-88f2-4aab-a4f4-57c8c8284481 HTTP/1.1" status: 200 len: 677 time: 0.0334527
2026-09-11 06:40:05.622 10 INFO neutron.wsgi [None req-3475cda1-edde-400e-bd74-04671745ae78 ac0e0492f84a47308be8731c1cf5e25b 4a1593b28f5d4b1c88ce432f2a90a3d1 - - default default] 10.0.0.148 "GET /v2.0/ports/e4307342-7d43-44fd-84bf-06cf3f049edb HTTP/1.1" status: 200 len: 1135 time: 0.0945013
2026-09-11 06:40:05.717 10 INFO neutron.db.ovn_revision_numbers_db [None req-f64ac6cb-384e-486e-9a24-e75931a3c356 e915aac3d8cf44b5bd14642408eaa706 d5a18636bbbc4419932587742c22c0e5 - - default default] Successfully bumped revision number for resource ea2619d9-859c-46c9-b8dd-d1d2da7fea88 (type: security_groups) to 1
2026-09-11 06:40:05.742 10 INFO neutron.db.ovn_revision_numbers_db [None req-f64ac6cb-384e-486e-9a24-e75931a3c356 e915aac3d8cf44b5bd14642408eaa706 d5a18636bbbc4419932587742c22c0e5 - - default default] Successfully bumped revision number for resource 66e9d2ae-0a2c-4706-aba6-fdbc3d73d70e (type: security_group_rules) to 0
2026-09-11 06:40:05.755 10 INFO neutron.db.ovn_revision_numbers_db [None req-f64ac6cb-384e-486e-9a24-e75931a3c356 e915aac3d8cf44b5bd14642408eaa706 d5a18636bbbc4419932587742c22c0e5 - - default default] Successfully bumped revision number for resource 69d886db-fbe0-4879-ac1a-bfe16c33b25f (type: security_group_rules) to 0
2026-09-11 06:40:05.769 10 INFO neutron.db.ovn_revision_numbers_db [None req-f64ac6cb-384e-486e-9a24-e75931a3c356 e915aac3d8cf44b5bd14642408eaa706 d5a18636bbbc4419932587742c22c0e5 - - default default] Successfully bumped revision number for resource 7879ed6e-f130-47a5-afd1-36b40c514f52 (type: security_group_rules) to 0
2026-09-11 06:40:05.780 10 INFO neutron.db.ovn_revision_numbers_db [None req-f64ac6cb-384e-486e-9a24-e75931a3c356 e915aac3d8cf44b5bd14642408eaa706 d5a18636bbbc4419932587742c22c0e5 - - default default] Successfully bumped revision number for resource b5009291-27ea-4d41-ad71-12222cab3a06 (type: security_group_rules) to 0
2026-09-11 06:40:05.797 10 INFO neutron.wsgi [None req-f64ac6cb-384e-486e-9a24-e75931a3c356 e915aac3d8cf44b5bd14642408eaa706 d5a18636bbbc4419932587742c22c0e5 - - default default] 10.0.0.148 "GET /v2.0/security-groups?tenant_id=256ef68b5970498ba8de008203c53fd2&name=default HTTP/1.1" status: 200 len: 2996 time: 0.3877542
2026-09-11 06:40:06.005 10 INFO neutron.wsgi [None req-a2c2aa97-1443-4146-ae95-e2169ad04200 e915aac3d8cf44b5bd14642408eaa706 d5a18636bbbc4419932587742c22c0e5 - - default default] 10.0.0.148 "DELETE /v2.0/security-groups/ea2619d9-859c-46c9-b8dd-d1d2da7fea88 HTTP/1.1" status: 204 len: 168 time: 0.2029817
2026-09-11 06:40:06.187 9 INFO neutron.db.ovn_revision_numbers_db [None req-0ef8d7fc-bef7-4307-a9ee-25dd14d4c5f4 0d528e971d6b4fda87c57745855cf4d5 e96ad42dcfe0402995eb368211429492 - - default default] Successfully bumped revision number for resource cf8d3fe9-88f2-4aab-a4f4-57c8c8284481 (type: routers) to 2
2026-09-11 06:40:06.191 9 INFO neutron.wsgi [None req-0ef8d7fc-bef7-4307-a9ee-25dd14d4c5f4 0d528e971d6b4fda87c57745855cf4d5 e96ad42dcfe0402995eb368211429492 - - default default] 10.0.0.148 "PUT /v2.0/routers/cf8d3fe9-88f2-4aab-a4f4-57c8c8284481 HTTP/1.1" status: 200 len: 677 time: 0.5889208
2026-09-11 06:40:06.234 10 INFO neutron.wsgi [None req-ca1e6cc9-ae92-4cbb-8b0c-a7bf52a4e525 0d528e971d6b4fda87c57745855cf4d5 e96ad42dcfe0402995eb368211429492 - - default default] 10.0.0.148 "GET /v2.0/ports?device_id=cf8d3fe9-88f2-4aab-a4f4-57c8c8284481 HTTP/1.1" status: 200 len: 205 time: 0.0359232
2026-09-11 06:40:06.433 10 INFO neutron.wsgi [None req-5d88d4b2-cab0-4246-b278-29f5cc708c9d 0d528e971d6b4fda87c57745855cf4d5 e96ad42dcfe0402995eb368211429492 - - default default] 10.0.0.148 "DELETE /v2.0/routers/cf8d3fe9-88f2-4aab-a4f4-57c8c8284481 HTTP/1.1" status: 204 len: 168 time: 0.1925516
2026-09-11 06:40:06.476 10 INFO neutron.wsgi [None req-daf7128c-2bfb-48b0-946f-58c0b4874645 0d528e971d6b4fda87c57745855cf4d5 e96ad42dcfe0402995eb368211429492 - - default default] 10.0.0.148 "GET /v2.0/routers/602e54e4-12f2-449e-bc24-86908cffaf0c HTTP/1.1" status: 200 len: 662 time: 0.0393183
2026-09-11 06:40:06.685 9 INFO neutron.wsgi [None req-7553abc9-371e-4f49-9274-ab0fff07da7f ac0e0492f84a47308be8731c1cf5e25b 4a1593b28f5d4b1c88ce432f2a90a3d1 - - default default] 10.0.0.148 "GET /v2.0/ports/e4307342-7d43-44fd-84bf-06cf3f049edb HTTP/1.1" status: 200 len: 1135 time: 0.0570819
2026-09-11 06:40:06.853 10 INFO neutron.db.ovn_revision_numbers_db [None req-622631d6-fa9b-4e3d-8c72-e1ce94b058c8 0d528e971d6b4fda87c57745855cf4d5 e96ad42dcfe0402995eb368211429492 - - default default] Successfully bumped revision number for resource 602e54e4-12f2-449e-bc24-86908cffaf0c (type: routers) to 2
2026-09-11 06:40:06.855 10 INFO neutron.wsgi [None req-622631d6-fa9b-4e3d-8c72-e1ce94b058c8 0d528e971d6b4fda87c57745855cf4d5 e96ad42dcfe0402995eb368211429492 - - default default] 10.0.0.148 "PUT /v2.0/routers/602e54e4-12f2-449e-bc24-86908cffaf0c HTTP/1.1" status: 200 len: 662 time: 0.3737700
2026-09-11 06:40:06.877 10 INFO neutron.wsgi [None req-bde1b34b-60ec-4917-ab37-3bc493939ee4 0d528e971d6b4fda87c57745855cf4d5 e96ad42dcfe0402995eb368211429492 - - default default] 10.0.0.148 "GET /v2.0/ports?device_id=602e54e4-12f2-449e-bc24-86908cffaf0c HTTP/1.1" status: 200 len: 205 time: 0.0153801
2026-09-11 06:40:07.078 10 INFO neutron.wsgi [None req-9613fa50-c5db-42ad-bf4e-bdee5c9520bb 0d528e971d6b4fda87c57745855cf4d5 e96ad42dcfe0402995eb368211429492 - - default default] 10.0.0.148 "DELETE /v2.0/routers/602e54e4-12f2-449e-bc24-86908cffaf0c HTTP/1.1" status: 204 len: 168 time: 0.1920297
2026-09-11 06:40:07.190 9 WARNING neutron.plugins.ml2.drivers.ovn.mech_driver.ovsdb.ovn_client [None req-152a3724-0546-47c9-9d80-04f0c556738d - - - - - -] No hosting information found for port d447d6db-5871-4fbf-99c0-0453510044fc: RuntimeError: No hosting information found for port d447d6db-5871-4fbf-99c0-0453510044fc
2026-09-11 06:40:07.191 9 INFO neutron.plugins.ml2.drivers.ovn.mech_driver.mech_driver [None req-152a3724-0546-47c9-9d80-04f0c556738d - - - - - -] OVN reports status up for port: e4307342-7d43-44fd-84bf-06cf3f049edb
2026-09-11 06:40:07.222 9 INFO neutron.plugins.ml2.plugin [None req-152a3724-0546-47c9-9d80-04f0c556738d - - - - - -] Attempt 1 to provision port e4307342-7d43-44fd-84bf-06cf3f049edb
2026-09-11 06:40:07.327 10 INFO neutron.wsgi [None req-3542c3de-869e-4351-bc50-0df5ddffef54 0d528e971d6b4fda87c57745855cf4d5 e96ad42dcfe0402995eb368211429492 - - default default] 10.0.0.148 "GET /v2.0/routers/337a7bf6-5b8b-46f3-9910-ea735b79255d HTTP/1.1" status: 200 len: 655 time: 0.2440419
2026-09-11 06:40:07.511 9 INFO neutron.db.ovn_revision_numbers_db [None req-152a3724-0546-47c9-9d80-04f0c556738d - - - - - -] Successfully bumped revision number for resource e4307342-7d43-44fd-84bf-06cf3f049edb (type: ports) to 2
2026-09-11 06:40:07.626 9 INFO neutron.db.ovn_revision_numbers_db [None req-152a3724-0546-47c9-9d80-04f0c556738d - - - - - -] Successfully bumped revision number for resource e4307342-7d43-44fd-84bf-06cf3f049edb (type: router_ports) to 2
2026-09-11 06:40:07.687 10 INFO neutron.wsgi [None req-08a7c323-4e37-48e4-abd8-1d5408a93c3c 0d528e971d6b4fda87c57745855cf4d5 e96ad42dcfe0402995eb368211429492 - - default default] 10.0.0.148 "PUT /v2.0/routers/337a7bf6-5b8b-46f3-9910-ea735b79255d HTTP/1.1" status: 200 len: 655 time: 0.3565989
2026-09-11 06:40:07.707 10 INFO neutron.wsgi [None req-39303c99-1eda-4453-afe5-b8107052bfff 0d528e971d6b4fda87c57745855cf4d5 e96ad42dcfe0402995eb368211429492 - - default default] 10.0.0.148 "GET /v2.0/ports?device_id=337a7bf6-5b8b-46f3-9910-ea735b79255d HTTP/1.1" status: 200 len: 205 time: 0.0146735
2026-09-11 06:40:07.734 9 INFO neutron.wsgi [None req-d847e71c-8bfa-4524-a8aa-8250b62f2ce1 ac0e0492f84a47308be8731c1cf5e25b 4a1593b28f5d4b1c88ce432f2a90a3d1 - - default default] 10.0.0.148 "GET /v2.0/ports/e4307342-7d43-44fd-84bf-06cf3f049edb HTTP/1.1" status: 200 len: 1137 time: 0.0334256
2026-09-11 06:40:07.920 10 INFO neutron.wsgi [None req-ae1504a6-a850-41f8-88dc-29925d14bc51 0d528e971d6b4fda87c57745855cf4d5 e96ad42dcfe0402995eb368211429492 - - default default] 10.0.0.148 "DELETE /v2.0/routers/337a7bf6-5b8b-46f3-9910-ea735b79255d HTTP/1.1" status: 204 len: 168 time: 0.2084992
2026-09-11 06:40:08.254 9 INFO neutron.db.ovn_revision_numbers_db [None req-1937a174-2c6d-49e0-9fdf-5f505c3138b7 e915aac3d8cf44b5bd14642408eaa706 d5a18636bbbc4419932587742c22c0e5 - - default default] Successfully bumped revision number for resource 0dd16e90-a08f-46c6-890b-c841ed4e2f27 (type: security_groups) to 1
2026-09-11 06:40:08.282 9 INFO neutron.db.ovn_revision_numbers_db [None req-1937a174-2c6d-49e0-9fdf-5f505c3138b7 e915aac3d8cf44b5bd14642408eaa706 d5a18636bbbc4419932587742c22c0e5 - - default default] Successfully bumped revision number for resource 30124847-4cf2-4ed2-9fff-13f5678afe22 (type: security_group_rules) to 0
2026-09-11 06:40:08.299 9 INFO neutron.db.ovn_revision_numbers_db [None req-1937a174-2c6d-49e0-9fdf-5f505c3138b7 e915aac3d8cf44b5bd14642408eaa706 d5a18636bbbc4419932587742c22c0e5 - - default default] Successfully bumped revision number for resource 3adb1db8-d287-4dcc-81d3-b2e1418b8c47 (type: security_group_rules) to 0
2026-09-11 06:40:08.319 9 INFO neutron.db.ovn_revision_numbers_db [None req-1937a174-2c6d-49e0-9fdf-5f505c3138b7 e915aac3d8cf44b5bd14642408eaa706 d5a18636bbbc4419932587742c22c0e5 - - default default] Successfully bumped revision number for resource 623dc67b-c6ef-4f51-b860-bcf188034a45 (type: security_group_rules) to 0
2026-09-11 06:40:08.344 9 INFO neutron.db.ovn_revision_numbers_db [None req-1937a174-2c6d-49e0-9fdf-5f505c3138b7 e915aac3d8cf44b5bd14642408eaa706 d5a18636bbbc4419932587742c22c0e5 - - default default] Successfully bumped revision number for resource 9943a024-d4a5-44ac-bdb9-986702539900 (type: security_group_rules) to 0
2026-09-11 06:40:08.414 9 INFO neutron.db.segments_db [None req-1937a174-2c6d-49e0-9fdf-5f505c3138b7 e915aac3d8cf44b5bd14642408eaa706 d5a18636bbbc4419932587742c22c0e5 - - default default] Added segment f15148df-4a6e-4df5-ba32-9c8a362bb93a of type geneve for network 4db328a1-9302-43ce-bb58-81e3aff725d6
2026-09-11 06:40:08.457 10 INFO neutron.wsgi [None req-8abb972e-6325-463e-83e3-3cf296146ae9 ac0e0492f84a47308be8731c1cf5e25b 4a1593b28f5d4b1c88ce432f2a90a3d1 - - default default] 10.0.0.148 "PUT /v2.0/routers/0a7d5c14-77c9-4629-adb9-b8a1c29ea163/remove_router_interface HTTP/1.1" status: 200 len: 503 time: 0.7172472
2026-09-11 06:40:08.619 9 INFO neutron.wsgi [None req-5fcf5e96-3974-43ae-af48-60d23313a9ec ac0e0492f84a47308be8731c1cf5e25b 4a1593b28f5d4b1c88ce432f2a90a3d1 - - default default] 10.0.0.148 "GET /v2.0/ports/d447d6db-5871-4fbf-99c0-0453510044fc HTTP/1.1" status: 200 len: 1137 time: 0.1576519 /var/lib/openstack/lib/python3.10/site-packages/pycadf/identifier.py:71: UserWarning: Invalid uuid: neutron. To ensure interoperability, identifiers should be a valid uuid. warnings.warn(('Invalid uuid: %s. To ensure interoperability, '
2026-09-11 06:40:08.644 9 INFO neutron.db.ovn_revision_numbers_db [None req-1937a174-2c6d-49e0-9fdf-5f505c3138b7 e915aac3d8cf44b5bd14642408eaa706 d5a18636bbbc4419932587742c22c0e5 - - default default] Successfully bumped revision number for resource 4db328a1-9302-43ce-bb58-81e3aff725d6 (type: networks) to 1
2026-09-11 06:40:08.840 9 WARNING neutron.scheduler.dhcp_agent_scheduler [None req-1937a174-2c6d-49e0-9fdf-5f505c3138b7 e915aac3d8cf44b5bd14642408eaa706 d5a18636bbbc4419932587742c22c0e5 - - default default] No more DHCP agents
2026-09-11 06:40:08.842 9 WARNING neutron.api.rpc.agentnotifiers.dhcp_rpc_agent_api [None req-1937a174-2c6d-49e0-9fdf-5f505c3138b7 e915aac3d8cf44b5bd14642408eaa706 d5a18636bbbc4419932587742c22c0e5 - - default default] Unable to schedule network 4db328a1-9302-43ce-bb58-81e3aff725d6: no agents available; will retry on subsequent port and subnet creation events.
2026-09-11 06:40:08.986 9 INFO neutron.db.ovn_revision_numbers_db [None req-1937a174-2c6d-49e0-9fdf-5f505c3138b7 e915aac3d8cf44b5bd14642408eaa706 d5a18636bbbc4419932587742c22c0e5 - - default default] Successfully bumped revision number for resource 92a37d48-d862-43db-a1a7-09aa2c54180e (type: ports) to 1
2026-09-11 06:40:09.021 9 INFO neutron.wsgi [None req-1937a174-2c6d-49e0-9fdf-5f505c3138b7 e915aac3d8cf44b5bd14642408eaa706 d5a18636bbbc4419932587742c22c0e5 - - default default] 10.0.0.148 "POST /v2.0/networks HTTP/1.1" status: 201 len: 940 time: 1.0823991
2026-09-11 06:40:09.068 10 INFO neutron.db.ovn_revision_numbers_db [None req-42f82f05-dacf-420e-8b2c-ee2408df02b3 e915aac3d8cf44b5bd14642408eaa706 d5a18636bbbc4419932587742c22c0e5 - - default default] Successfully bumped revision number for resource 54dc6866-5b46-4d93-87e2-3c812b0aa768 (type: security_groups) to 1
2026-09-11 06:40:09.092 10 INFO neutron.db.ovn_revision_numbers_db [None req-42f82f05-dacf-420e-8b2c-ee2408df02b3 e915aac3d8cf44b5bd14642408eaa706 d5a18636bbbc4419932587742c22c0e5 - - default default] Successfully bumped revision number for resource 43039312-0e90-4cc3-9c65-2d84b3c45574 (type: security_group_rules) to 0
2026-09-11 06:40:09.119 10 INFO neutron.db.ovn_revision_numbers_db [None req-42f82f05-dacf-420e-8b2c-ee2408df02b3 e915aac3d8cf44b5bd14642408eaa706 d5a18636bbbc4419932587742c22c0e5 - - default default] Successfully bumped revision number for resource 6493fada-8f4b-4a21-b40f-4f4c304c09f7 (type: security_group_rules) to 0
2026-09-11 06:40:09.140 10 INFO neutron.db.ovn_revision_numbers_db [None req-42f82f05-dacf-420e-8b2c-ee2408df02b3 e915aac3d8cf44b5bd14642408eaa706 d5a18636bbbc4419932587742c22c0e5 - - default default] Successfully bumped revision number for resource 8173db1a-f250-4d24-a01e-ecd1bdd8ede3 (type: security_group_rules) to 0
2026-09-11 06:40:09.152 9 WARNING neutron.scheduler.dhcp_agent_scheduler [None req-c2e9a5a8-a4ae-47bb-b58d-87536eaad13d e915aac3d8cf44b5bd14642408eaa706 d5a18636bbbc4419932587742c22c0e5 - - default default] No more DHCP agents
2026-09-11 06:40:09.154 9 WARNING neutron.api.rpc.agentnotifiers.dhcp_rpc_agent_api [None req-c2e9a5a8-a4ae-47bb-b58d-87536eaad13d e915aac3d8cf44b5bd14642408eaa706 d5a18636bbbc4419932587742c22c0e5 - - default default] Unable to schedule network 4db328a1-9302-43ce-bb58-81e3aff725d6: no agents available; will retry on subsequent port and subnet creation events.
2026-09-11 06:40:09.166 10 INFO neutron.db.ovn_revision_numbers_db [None req-42f82f05-dacf-420e-8b2c-ee2408df02b3 e915aac3d8cf44b5bd14642408eaa706 d5a18636bbbc4419932587742c22c0e5 - - default default] Successfully bumped revision number for resource f1861998-eeeb-4e2c-ba5a-96aa8e0a72a0 (type: security_group_rules) to 0
2026-09-11 06:40:09.193 10 INFO neutron.wsgi [None req-42f82f05-dacf-420e-8b2c-ee2408df02b3 e915aac3d8cf44b5bd14642408eaa706 d5a18636bbbc4419932587742c22c0e5 - - default default] 10.0.0.148 "GET /v2.0/security-groups?tenant_id=777ceba5a5824f60a680fb39345a9371&name=default HTTP/1.1" status: 200 len: 2996 time: 0.4279213
2026-09-11 06:40:09.347 10 INFO neutron.wsgi [None req-d28d7845-ba5b-41e6-9975-71b3d15f0630 ac0e0492f84a47308be8731c1cf5e25b 4a1593b28f5d4b1c88ce432f2a90a3d1 - - default default] 10.0.0.148 "PUT /v2.0/routers/0a7d5c14-77c9-4629-adb9-b8a1c29ea163/remove_router_interface HTTP/1.1" status: 200 len: 503 time: 0.7226586
2026-09-11 06:40:09.378 9 INFO neutron.wsgi [None req-626756f0-66fa-4027-b261-72810fc152b7 ac0e0492f84a47308be8731c1cf5e25b 4a1593b28f5d4b1c88ce432f2a90a3d1 - - default default] 10.0.0.148 "GET /v2.0/ports?device_id=0a7d5c14-77c9-4629-adb9-b8a1c29ea163 HTTP/1.1" status: 200 len: 205 time: 0.0246894 /var/lib/openstack/lib/python3.10/site-packages/pycadf/identifier.py:71: UserWarning: Invalid uuid: neutron. To ensure interoperability, identifiers should be a valid uuid. warnings.warn(('Invalid uuid: %s. To ensure interoperability, '
2026-09-11 06:40:09.504 9 INFO neutron.wsgi [None req-465cea81-ad20-4502-a243-0a58f1180884 e915aac3d8cf44b5bd14642408eaa706 d5a18636bbbc4419932587742c22c0e5 - - default default] 10.0.0.148 "DELETE /v2.0/security-groups/54dc6866-5b46-4d93-87e2-3c812b0aa768 HTTP/1.1" status: 204 len: 168 time: 0.3049161
2026-09-11 06:40:09.622 10 INFO neutron.wsgi [None req-0171f603-17d6-4a90-a396-fd396c605cb4 ac0e0492f84a47308be8731c1cf5e25b 4a1593b28f5d4b1c88ce432f2a90a3d1 - - default default] 10.0.0.148 "DELETE /v2.0/routers/0a7d5c14-77c9-4629-adb9-b8a1c29ea163 HTTP/1.1" status: 204 len: 168 time: 0.2382555
2026-09-11 06:40:09.637 9 INFO neutron.db.ovn_revision_numbers_db [None req-c2e9a5a8-a4ae-47bb-b58d-87536eaad13d e915aac3d8cf44b5bd14642408eaa706 d5a18636bbbc4419932587742c22c0e5 - - default default] Successfully bumped revision number for resource 92a37d48-d862-43db-a1a7-09aa2c54180e (type: ports) to 2
2026-09-11 06:40:09.683 9 INFO neutron.db.ovn_revision_numbers_db [None req-c2e9a5a8-a4ae-47bb-b58d-87536eaad13d e915aac3d8cf44b5bd14642408eaa706 d5a18636bbbc4419932587742c22c0e5 - - default default] Successfully bumped revision number for resource 8b2f100d-71b6-42d9-80fa-2a183e899aaf (type: subnets) to 0
2026-09-11 06:40:09.701 9 INFO neutron.wsgi [None req-c2e9a5a8-a4ae-47bb-b58d-87536eaad13d e915aac3d8cf44b5bd14642408eaa706 d5a18636bbbc4419932587742c22c0e5 - - default default] 10.0.0.148 "POST /v2.0/subnets HTTP/1.1" status: 201 len: 860 time: 0.6761360
2026-09-11 06:40:09.765 9 INFO neutron.db.ovn_revision_numbers_db [None req-d3e03fbb-5e28-4da5-94d9-c309fd2ca64a e915aac3d8cf44b5bd14642408eaa706 d5a18636bbbc4419932587742c22c0e5 - - default default] Successfully bumped revision number for resource dab94f04-b3d7-423f-9d9e-d88547646c13 (type: security_groups) to 1
2026-09-11 06:40:09.812 9 INFO neutron.db.ovn_revision_numbers_db [None req-d3e03fbb-5e28-4da5-94d9-c309fd2ca64a e915aac3d8cf44b5bd14642408eaa706 d5a18636bbbc4419932587742c22c0e5 - - default default] Successfully bumped revision number for resource 67e172f2-dbe9-42f6-90bc-bfe1fa5a6fd3 (type: security_group_rules) to 0
2026-09-11 06:40:09.838 9 INFO neutron.db.ovn_revision_numbers_db [None req-d3e03fbb-5e28-4da5-94d9-c309fd2ca64a e915aac3d8cf44b5bd14642408eaa706 d5a18636bbbc4419932587742c22c0e5 - - default default] Successfully bumped revision number for resource 9c4fda7e-2a14-4d65-ae7e-c36d9c70f0ea (type: security_group_rules) to 0
2026-09-11 06:40:09.879 9 INFO neutron.db.ovn_revision_numbers_db [None req-d3e03fbb-5e28-4da5-94d9-c309fd2ca64a e915aac3d8cf44b5bd14642408eaa706 d5a18636bbbc4419932587742c22c0e5 - - default default] Successfully bumped revision number for resource b0cd02c6-f9af-4ec8-b0f1-335dcafd7ee5 (type: security_group_rules) to 0
2026-09-11 06:40:09.923 9 INFO neutron.db.ovn_revision_numbers_db [None req-d3e03fbb-5e28-4da5-94d9-c309fd2ca64a e915aac3d8cf44b5bd14642408eaa706 d5a18636bbbc4419932587742c22c0e5 - - default default] Successfully bumped revision number for resource e35af10a-94a2-44ca-9b65-9fcda5c1f6a8 (type: security_group_rules) to 0
2026-09-11 06:40:09.937 10 INFO neutron.wsgi [None req-b1c5a312-b2a2-4f4c-883a-e47ebf7d9570 ac0e0492f84a47308be8731c1cf5e25b 4a1593b28f5d4b1c88ce432f2a90a3d1 - - default default] 10.0.0.148 "DELETE /v2.0/subnets/9229aca5-8430-48ed-8637-0e1ac9c3e7a5 HTTP/1.1" status: 204 len: 168 time: 0.3095024
2026-09-11 06:40:09.956 9 INFO neutron.wsgi [None req-d3e03fbb-5e28-4da5-94d9-c309fd2ca64a e915aac3d8cf44b5bd14642408eaa706 d5a18636bbbc4419932587742c22c0e5 - - default default] 10.0.0.148 "GET /v2.0/security-groups?tenant_id=e9466849e3964ebb81c38dd54917db46&name=default HTTP/1.1" status: 200 len: 2996 time: 0.3159006
2026-09-11 06:40:10.168 10 INFO neutron.wsgi [None req-16e0b59b-2904-42a6-b9fa-3b2e936bbe79 ac0e0492f84a47308be8731c1cf5e25b 4a1593b28f5d4b1c88ce432f2a90a3d1 - - default default] 10.0.0.148 "DELETE /v2.0/subnets/9eaf6a5d-e5c6-4a0f-8041-5a1aa930f279 HTTP/1.1" status: 204 len: 168 time: 0.2277136
2026-09-11 06:40:10.239 9 WARNING neutron.scheduler.dhcp_agent_scheduler [None req-249ecbcc-f7ab-4340-bc3a-fff7dc7d2d52 e915aac3d8cf44b5bd14642408eaa706 d5a18636bbbc4419932587742c22c0e5 - - default default] No more DHCP agents
2026-09-11 06:40:10.243 10 INFO neutron.wsgi [None req-78507207-6f0e-4857-943a-e22faeae69dd e915aac3d8cf44b5bd14642408eaa706 d5a18636bbbc4419932587742c22c0e5 - - default default] 10.0.0.148 "DELETE /v2.0/security-groups/dab94f04-b3d7-423f-9d9e-d88547646c13 HTTP/1.1" status: 204 len: 168 time: 0.2748420
2026-09-11 06:40:10.243 9 WARNING neutron.api.rpc.agentnotifiers.dhcp_rpc_agent_api [None req-249ecbcc-f7ab-4340-bc3a-fff7dc7d2d52 e915aac3d8cf44b5bd14642408eaa706 d5a18636bbbc4419932587742c22c0e5 - - default default] Unable to schedule network e871f3f8-9325-4ec8-89b9-e381e1782448: no agents available; will retry on subsequent port and subnet creation events.
2026-09-11 06:40:10.398 9 INFO neutron.db.ovn_revision_numbers_db [None req-249ecbcc-f7ab-4340-bc3a-fff7dc7d2d52 e915aac3d8cf44b5bd14642408eaa706 d5a18636bbbc4419932587742c22c0e5 - - default default] Successfully bumped revision number for resource 217af9ed-1ae1-4e1b-a03b-ad6d62be073a (type: ports) to 1
2026-09-11 06:40:10.510 10 INFO neutron.services.segments.plugin [-] Segment c351c11a-7dfc-462f-ad41-74bfd91b6de5 resource provider aggregate not found
2026-09-11 06:40:10.517 10 INFO neutron.services.segments.plugin [-] Segment c351c11a-7dfc-462f-ad41-74bfd91b6de5 resource provider aggregate not found
2026-09-11 06:40:10.533 10 INFO neutron.services.segments.plugin [-] Segment c351c11a-7dfc-462f-ad41-74bfd91b6de5 resource provider not found; error: Placement Client Error (4xx): {"errors": [{"status": 404, "title": "Not Found", "detail": "The resource could not be found.\n\n No resource provider with uuid c351c11a-7dfc-462f-ad41-74bfd91b6de5 found for delete ", "request_id": "req-8e9eae96-d9ce-458d-ae56-ffc2dc589fd1"}]}
2026-09-11 06:40:10.540 10 INFO neutron.services.segments.plugin [-] Segment c351c11a-7dfc-462f-ad41-74bfd91b6de5 resource provider not found; error: Placement Client Error (4xx): {"errors": [{"status": 404, "title": "Not Found", "detail": "The resource could not be found.\n\n No resource provider with uuid c351c11a-7dfc-462f-ad41-74bfd91b6de5 found for delete ", "request_id": "req-3b432a73-46b5-42aa-a27c-6ec7864b4797"}]}
2026-09-11 06:40:10.567 10 INFO neutron.wsgi [None req-4cc2a08d-29ca-4e9a-9511-ed8fc84d3012 ac0e0492f84a47308be8731c1cf5e25b 4a1593b28f5d4b1c88ce432f2a90a3d1 - - default default] 10.0.0.148 "DELETE /v2.0/networks/9bdc89bc-139c-46ef-a6e3-8a6a018d38de HTTP/1.1" status: 204 len: 168 time: 0.3883593
2026-09-11 06:40:10.624 10 INFO neutron.db.ovn_revision_numbers_db [None req-49afaeff-314b-40eb-a2cb-623afd116538 e915aac3d8cf44b5bd14642408eaa706 d5a18636bbbc4419932587742c22c0e5 - - default default] Successfully bumped revision number for resource 1dec98c3-1cc5-4821-b845-fad4aff370b9 (type: security_groups) to 1
2026-09-11 06:40:10.637 10 INFO neutron.db.ovn_revision_numbers_db [None req-49afaeff-314b-40eb-a2cb-623afd116538 e915aac3d8cf44b5bd14642408eaa706 d5a18636bbbc4419932587742c22c0e5 - - default default] Successfully bumped revision number for resource 3aba3a5b-411a-4c33-8afe-d2a4c280ec10 (type: security_group_rules) to 0
2026-09-11 06:40:10.650 10 INFO neutron.db.ovn_revision_numbers_db [None req-49afaeff-314b-40eb-a2cb-623afd116538 e915aac3d8cf44b5bd14642408eaa706 d5a18636bbbc4419932587742c22c0e5 - - default default] Successfully bumped revision number for resource 9d7f3482-3be2-440a-a8d4-dd74d4f8c0bc (type: security_group_rules) to 0
2026-09-11 06:40:10.664 10 INFO neutron.db.ovn_revision_numbers_db [None req-49afaeff-314b-40eb-a2cb-623afd116538 e915aac3d8cf44b5bd14642408eaa706 d5a18636bbbc4419932587742c22c0e5 - - default default] Successfully bumped revision number for resource eb640777-4a79-42c9-99c4-ac9d49dec742 (type: security_group_rules) to 0
2026-09-11 06:40:10.675 10 INFO neutron.db.ovn_revision_numbers_db [None req-49afaeff-314b-40eb-a2cb-623afd116538 e915aac3d8cf44b5bd14642408eaa706 d5a18636bbbc4419932587742c22c0e5 - - default default] Successfully bumped revision number for resource ecf32493-d1d8-406e-8647-ef0cad2d06be (type: security_group_rules) to 0
2026-09-11 06:40:10.694 10 INFO neutron.wsgi [None req-49afaeff-314b-40eb-a2cb-623afd116538 e915aac3d8cf44b5bd14642408eaa706 d5a18636bbbc4419932587742c22c0e5 - - default default] 10.0.0.148 "GET /v2.0/security-groups?tenant_id=e96ad42dcfe0402995eb368211429492&name=default HTTP/1.1" status: 200 len: 2996 time: 0.2128780
2026-09-11 06:40:10.887 10 INFO neutron.wsgi [None req-54622c1c-bc9e-46f1-9115-a7b3913baa7d e915aac3d8cf44b5bd14642408eaa706 d5a18636bbbc4419932587742c22c0e5 - - default default] 10.0.0.148 "DELETE /v2.0/security-groups/1dec98c3-1cc5-4821-b845-fad4aff370b9 HTTP/1.1" status: 204 len: 168 time: 0.1878209
2026-09-11 06:40:11.251 9 INFO neutron.services.segments.plugin [-] Segment cd1f7508-d6a8-407b-95bd-acd0e58eba24 resource provider aggregate not found
2026-09-11 06:40:11.256 9 INFO neutron.services.segments.plugin [-] Segment cd1f7508-d6a8-407b-95bd-acd0e58eba24 resource provider aggregate not found
2026-09-11 06:40:11.269 9 INFO neutron.services.segments.plugin [-] Segment cd1f7508-d6a8-407b-95bd-acd0e58eba24 resource provider not found; error: Placement Client Error (4xx): {"errors": [{"status": 404, "title": "Not Found", "detail": "The resource could not be found.\n\n No resource provider with uuid cd1f7508-d6a8-407b-95bd-acd0e58eba24 found for delete ", "request_id": "req-7887fccf-dc57-46e4-87ff-c717521e7984"}]}
2026-09-11 06:40:11.277 9 INFO neutron.services.segments.plugin [-] Segment cd1f7508-d6a8-407b-95bd-acd0e58eba24 resource provider not found; error: Placement Client Error (4xx): {"errors": [{"status": 404, "title": "Not Found", "detail": "The resource could not be found.\n\n No resource provider with uuid cd1f7508-d6a8-407b-95bd-acd0e58eba24 found for delete ", "request_id": "req-5add0756-e26c-47f1-b5e0-56db68615575"}]}
2026-09-11 06:40:11.310 9 INFO neutron.wsgi [None req-d348cb1b-7679-41d4-ba02-4e159639826e ac0e0492f84a47308be8731c1cf5e25b 4a1593b28f5d4b1c88ce432f2a90a3d1 - - default default] 10.0.0.148 "DELETE /v2.0/networks/4cfef358-1287-4d2d-9998-727e6fb64070 HTTP/1.1" status: 204 len: 168 time: 0.7373643
2026-09-11 06:40:11.370 10 INFO neutron.plugins.ml2.drivers.ovn.mech_driver.ovsdb.ovsdb_monitor [None req-63a886e7-5bc5-4af1-b43b-3e098bcf44ca - - - - - -] Router a9c540e1-084b-4a56-b1a7-0e3d6bf2c86b is bound to host instance
2026-09-11 06:40:11.384 9 INFO neutron.db.ovn_revision_numbers_db [None req-249ecbcc-f7ab-4340-bc3a-fff7dc7d2d52 e915aac3d8cf44b5bd14642408eaa706 d5a18636bbbc4419932587742c22c0e5 - - default default] Successfully bumped revision number for resource 217af9ed-1ae1-4e1b-a03b-ad6d62be073a (type: router_ports) to 1
2026-09-11 06:40:11.450 9 INFO neutron.db.ovn_revision_numbers_db [None req-249ecbcc-f7ab-4340-bc3a-fff7dc7d2d52 e915aac3d8cf44b5bd14642408eaa706 d5a18636bbbc4419932587742c22c0e5 - - default default] Successfully bumped revision number for resource a9c540e1-084b-4a56-b1a7-0e3d6bf2c86b (type: routers) to 2
2026-09-11 06:40:11.465 9 INFO neutron.wsgi [None req-249ecbcc-f7ab-4340-bc3a-fff7dc7d2d52 e915aac3d8cf44b5bd14642408eaa706 d5a18636bbbc4419932587742c22c0e5 - - default default] 10.0.0.148 "POST /v2.0/routers HTTP/1.1" status: 201 len: 871 time: 1.7521706
2026-09-11 06:40:11.481 10 INFO neutron.db.segments_db [None req-4d6120c5-b444-4b10-aca9-14914b4eb5ae ac0e0492f84a47308be8731c1cf5e25b 4a1593b28f5d4b1c88ce432f2a90a3d1 - - default default] Added segment aedf4c04-eef6-4f47-a4b6-640e5a0334c3 of type geneve for network 6b8f2938-e6d9-4da2-84e7-b79a93bc6ced
2026-09-11 06:40:11.837 9 WARNING neutron.scheduler.dhcp_agent_scheduler [None req-6c3ec0b6-4e02-45a6-867f-d6f7b793b2f4 e915aac3d8cf44b5bd14642408eaa706 d5a18636bbbc4419932587742c22c0e5 - - default default] No more DHCP agents
2026-09-11 06:40:11.839 9 WARNING neutron.api.rpc.agentnotifiers.dhcp_rpc_agent_api [None req-6c3ec0b6-4e02-45a6-867f-d6f7b793b2f4 e915aac3d8cf44b5bd14642408eaa706 d5a18636bbbc4419932587742c22c0e5 - - default default] Unable to schedule network 4db328a1-9302-43ce-bb58-81e3aff725d6: no agents available; will retry on subsequent port and subnet creation events.
2026-09-11 06:40:11.913 10 INFO neutron.db.ovn_revision_numbers_db [None req-4d6120c5-b444-4b10-aca9-14914b4eb5ae ac0e0492f84a47308be8731c1cf5e25b 4a1593b28f5d4b1c88ce432f2a90a3d1 - - default default] Successfully bumped revision number for resource 6b8f2938-e6d9-4da2-84e7-b79a93bc6ced (type: networks) to 1
2026-09-11 06:40:11.994 9 INFO neutron.db.ovn_revision_numbers_db [None req-6c3ec0b6-4e02-45a6-867f-d6f7b793b2f4 e915aac3d8cf44b5bd14642408eaa706 d5a18636bbbc4419932587742c22c0e5 - - default default] Successfully bumped revision number for resource 7f4cd46e-4e6f-48eb-9b52-702031196472 (type: ports) to 1
2026-09-11 06:40:12.024 10 INFO neutron.db.ovn_revision_numbers_db [None req-16a4c089-8a8d-4616-8c4e-4780525ac478 e915aac3d8cf44b5bd14642408eaa706 d5a18636bbbc4419932587742c22c0e5 - - default default] Successfully bumped revision number for resource b76bdcd8-def0-4651-aebe-9dc00c35b6b5 (type: security_groups) to 1
2026-09-11 06:40:12.078 10 INFO neutron.db.ovn_revision_numbers_db [None req-16a4c089-8a8d-4616-8c4e-4780525ac478 e915aac3d8cf44b5bd14642408eaa706 d5a18636bbbc4419932587742c22c0e5 - - default default] Successfully bumped revision number for resource 1188898c-a6a3-40d0-95bc-bb4465f87cc2 (type: security_group_rules) to 0
2026-09-11 06:40:12.104 10 INFO neutron.db.ovn_revision_numbers_db [None req-16a4c089-8a8d-4616-8c4e-4780525ac478 e915aac3d8cf44b5bd14642408eaa706 d5a18636bbbc4419932587742c22c0e5 - - default default] Successfully bumped revision number for resource 66208cb5-4328-4077-9ba2-16de80634cb6 (type: security_group_rules) to 0
2026-09-11 06:40:12.127 10 INFO neutron.db.ovn_revision_numbers_db [None req-16a4c089-8a8d-4616-8c4e-4780525ac478 e915aac3d8cf44b5bd14642408eaa706 d5a18636bbbc4419932587742c22c0e5 - - default default] Successfully bumped revision number for resource 6b80348e-8513-4856-a9b8-ed741700ebe0 (type: security_group_rules) to 0
2026-09-11 06:40:12.148 10 INFO neutron.db.ovn_revision_numbers_db [None req-16a4c089-8a8d-4616-8c4e-4780525ac478 e915aac3d8cf44b5bd14642408eaa706 d5a18636bbbc4419932587742c22c0e5 - - default default] Successfully bumped revision number for resource ea5d2ed5-76a3-4edb-b29c-8cf1d60984ae (type: security_group_rules) to 0
2026-09-11 06:40:12.191 10 INFO neutron.wsgi [None req-16a4c089-8a8d-4616-8c4e-4780525ac478 e915aac3d8cf44b5bd14642408eaa706 d5a18636bbbc4419932587742c22c0e5 - - default default] 10.0.0.148 "GET /v2.0/security-groups?tenant_id=d42e37bb87484126bd93db3051aaa77f&name=default HTTP/1.1" status: 200 len: 2996 time: 0.7687538
2026-09-11 06:40:12.192 10 WARNING neutron.scheduler.dhcp_agent_scheduler [None req-4d6120c5-b444-4b10-aca9-14914b4eb5ae ac0e0492f84a47308be8731c1cf5e25b 4a1593b28f5d4b1c88ce432f2a90a3d1 - - default default] No more DHCP agents
2026-09-11 06:40:12.195 10 WARNING neutron.api.rpc.agentnotifiers.dhcp_rpc_agent_api [None req-4d6120c5-b444-4b10-aca9-14914b4eb5ae ac0e0492f84a47308be8731c1cf5e25b 4a1593b28f5d4b1c88ce432f2a90a3d1 - - default default] Unable to schedule network 6b8f2938-e6d9-4da2-84e7-b79a93bc6ced: no agents available; will retry on subsequent port and subnet creation events.
2026-09-11 06:40:12.282 10 INFO neutron.db.ovn_revision_numbers_db [None req-4d6120c5-b444-4b10-aca9-14914b4eb5ae ac0e0492f84a47308be8731c1cf5e25b 4a1593b28f5d4b1c88ce432f2a90a3d1 - - default default] Successfully bumped revision number for resource 225f08cc-1711-46c5-a917-e7f5469c8c58 (type: ports) to 1
2026-09-11 06:40:12.302 10 INFO neutron.wsgi [None req-4d6120c5-b444-4b10-aca9-14914b4eb5ae ac0e0492f84a47308be8731c1cf5e25b 4a1593b28f5d4b1c88ce432f2a90a3d1 - - default default] 10.0.0.148 "POST /v2.0/networks HTTP/1.1" status: 201 len: 828 time: 0.9809606
2026-09-11 06:40:12.350 10 INFO neutron.plugins.ml2.drivers.ovn.mech_driver.mech_driver [None req-22667b2b-b3d4-4950-9b97-cf9617e86ba2 - - - - - -] OVN reports status up for port: 7f4cd46e-4e6f-48eb-9b52-702031196472
2026-09-11 06:40:12.360 10 INFO neutron.plugins.ml2.plugin [None req-22667b2b-b3d4-4950-9b97-cf9617e86ba2 - - - - - -] Attempt 1 to provision port 7f4cd46e-4e6f-48eb-9b52-702031196472
2026-09-11 06:40:12.375 9 INFO neutron.db.ovn_revision_numbers_db [None req-6c3ec0b6-4e02-45a6-867f-d6f7b793b2f4 e915aac3d8cf44b5bd14642408eaa706 d5a18636bbbc4419932587742c22c0e5 - - default default] Successfully bumped revision number for resource 7f4cd46e-4e6f-48eb-9b52-702031196472 (type: router_ports) to 1
2026-09-11 06:40:12.431 10 INFO neutron.db.ovn_revision_numbers_db [None req-63a886e7-5bc5-4af1-b43b-3e098bcf44ca - - - - - -] Successfully bumped revision number for resource 217af9ed-1ae1-4e1b-a03b-ad6d62be073a (type: ports) to 1
2026-09-11 06:40:12.438 9 INFO neutron.wsgi [None req-6f906d50-4148-4134-bcad-c0cb7158109f e915aac3d8cf44b5bd14642408eaa706 d5a18636bbbc4419932587742c22c0e5 - - default default] 10.0.0.148 "DELETE /v2.0/security-groups/b76bdcd8-def0-4651-aebe-9dc00c35b6b5 HTTP/1.1" status: 204 len: 168 time: 0.2402854
2026-09-11 06:40:12.517 9 INFO neutron.db.ovn_revision_numbers_db [None req-6c3ec0b6-4e02-45a6-867f-d6f7b793b2f4 e915aac3d8cf44b5bd14642408eaa706 d5a18636bbbc4419932587742c22c0e5 - - default default] Successfully bumped revision number for resource 7f4cd46e-4e6f-48eb-9b52-702031196472 (type: ports) to 1
2026-09-11 06:40:12.594 9 WARNING neutron.scheduler.dhcp_agent_scheduler [None req-6c3ec0b6-4e02-45a6-867f-d6f7b793b2f4 e915aac3d8cf44b5bd14642408eaa706 d5a18636bbbc4419932587742c22c0e5 - - default default] No more DHCP agents
2026-09-11 06:40:12.595 9 WARNING neutron.api.rpc.agentnotifiers.dhcp_rpc_agent_api [None req-6c3ec0b6-4e02-45a6-867f-d6f7b793b2f4 e915aac3d8cf44b5bd14642408eaa706 d5a18636bbbc4419932587742c22c0e5 - - default default] Unable to schedule network 4db328a1-9302-43ce-bb58-81e3aff725d6: no agents available; will retry on subsequent port and subnet creation events.
2026-09-11 06:40:12.714 10 WARNING neutron.scheduler.dhcp_agent_scheduler [None req-265a84e4-a912-4c1b-bafa-f90b3d031466 ac0e0492f84a47308be8731c1cf5e25b 4a1593b28f5d4b1c88ce432f2a90a3d1 - - default default] No more DHCP agents
2026-09-11 06:40:12.720 10 WARNING neutron.api.rpc.agentnotifiers.dhcp_rpc_agent_api [None req-265a84e4-a912-4c1b-bafa-f90b3d031466 ac0e0492f84a47308be8731c1cf5e25b 4a1593b28f5d4b1c88ce432f2a90a3d1 - - default default] Unable to schedule network 6b8f2938-e6d9-4da2-84e7-b79a93bc6ced: no agents available; will retry on subsequent port and subnet creation events.
2026-09-11 06:40:12.914 10 INFO neutron.db.ovn_revision_numbers_db [None req-22667b2b-b3d4-4950-9b97-cf9617e86ba2 - - - - - -] Successfully bumped revision number for resource 7f4cd46e-4e6f-48eb-9b52-702031196472 (type: ports) to 2
2026-09-11 06:40:13.003 9 WARNING neutron.plugins.ml2.drivers.ovn.mech_driver.ovsdb.ovn_client [None req-152a3724-0546-47c9-9d80-04f0c556738d - - - - - -] No port found with ID e4307342-7d43-44fd-84bf-06cf3f049edb: RuntimeError: No port found with ID e4307342-7d43-44fd-84bf-06cf3f049edb
2026-09-11 06:40:13.004 9 INFO neutron.plugins.ml2.drivers.ovn.mech_driver.mech_driver [None req-152a3724-0546-47c9-9d80-04f0c556738d - - - - - -] OVN reports status up for port: 217af9ed-1ae1-4e1b-a03b-ad6d62be073a
2026-09-11 06:40:13.009 10 INFO neutron.db.ovn_revision_numbers_db [None req-63a886e7-5bc5-4af1-b43b-3e098bcf44ca - - - - - -] Successfully bumped revision number for resource 217af9ed-1ae1-4e1b-a03b-ad6d62be073a (type: router_ports) to 3
2026-09-11 06:40:13.013 9 INFO neutron.db.ovn_revision_numbers_db [None req-6c3ec0b6-4e02-45a6-867f-d6f7b793b2f4 e915aac3d8cf44b5bd14642408eaa706 d5a18636bbbc4419932587742c22c0e5 - - default default] Successfully bumped revision number for resource 7f4cd46e-4e6f-48eb-9b52-702031196472 (type: router_ports) to 2
2026-09-11 06:40:13.015 9 INFO neutron.wsgi [None req-6c3ec0b6-4e02-45a6-867f-d6f7b793b2f4 e915aac3d8cf44b5bd14642408eaa706 d5a18636bbbc4419932587742c22c0e5 - - default default] 10.0.0.148 "PUT /v2.0/routers/a9c540e1-084b-4a56-b1a7-0e3d6bf2c86b/add_router_interface HTTP/1.1" status: 200 len: 503 time: 1.5448165
2026-09-11 06:40:13.020 9 INFO neutron.plugins.ml2.plugin [None req-152a3724-0546-47c9-9d80-04f0c556738d - - - - - -] Attempt 1 to provision port 217af9ed-1ae1-4e1b-a03b-ad6d62be073a
2026-09-11 06:40:13.221 10 ERROR ovsdbapp.backend.ovs_idl.transaction [None req-63a886e7-5bc5-4af1-b43b-3e098bcf44ca - - - - - -]
Traceback (most recent call last): File "/var/lib/openstack/lib/python3.10/site-packages/ovsdbapp/backend/ovs_idl/connection.py", line 118, in run txn.results.put(txn.do_commit())
File "/var/lib/openstack/lib/python3.10/site-packages/ovsdbapp/backend/ovs_idl/transaction.py", line 92, in do_commit command.run_idl(txn)
File "/var/lib/openstack/lib/python3.10/site-packages/neutron/plugins/ml2/drivers/ovn/mech_driver/ovsdb/commands.py", line 825, in run_idl raise ovn_exc.RevisionConflict( neutron.common.ovn.exceptions.RevisionConflict: OVN revision number for 217af9ed-1ae1-4e1b-a03b-ad6d62be073a (type: ports) is higher than the given resource. Skipping update 
2026-09-11 06:40:13.221 10 INFO neutron.plugins.ml2.drivers.ovn.mech_driver.ovsdb.impl_idl_ovn [None req-63a886e7-5bc5-4af1-b43b-3e098bcf44ca - - - - - -] Transaction aborted. Reason: OVN revision number for 217af9ed-1ae1-4e1b-a03b-ad6d62be073a (type: ports) is higher than the given resource. Skipping update
2026-09-11 06:40:13.235 9 INFO neutron.db.ovn_revision_numbers_db [None req-152a3724-0546-47c9-9d80-04f0c556738d - - - - - -] Successfully bumped revision number for resource 217af9ed-1ae1-4e1b-a03b-ad6d62be073a (type: ports) to 4
2026-09-11 06:40:13.472 10 INFO neutron.db.ovn_revision_numbers_db [None req-265a84e4-a912-4c1b-bafa-f90b3d031466 ac0e0492f84a47308be8731c1cf5e25b 4a1593b28f5d4b1c88ce432f2a90a3d1 - - default default] Successfully bumped revision number for resource 225f08cc-1711-46c5-a917-e7f5469c8c58 (type: ports) to 2
2026-09-11 06:40:13.481 9 INFO neutron.db.ovn_revision_numbers_db [None req-152a3724-0546-47c9-9d80-04f0c556738d - - - - - -] Successfully bumped revision number for resource 217af9ed-1ae1-4e1b-a03b-ad6d62be073a (type: router_ports) to 4
2026-09-11 06:40:13.506 10 INFO neutron.db.ovn_revision_numbers_db [None req-265a84e4-a912-4c1b-bafa-f90b3d031466 ac0e0492f84a47308be8731c1cf5e25b 4a1593b28f5d4b1c88ce432f2a90a3d1 - - default default] Successfully bumped revision number for resource 151ae78a-d2b3-4d13-821f-d8e44120254d (type: subnets) to 0
2026-09-11 06:40:13.526 10 INFO neutron.wsgi [None req-265a84e4-a912-4c1b-bafa-f90b3d031466 ac0e0492f84a47308be8731c1cf5e25b 4a1593b28f5d4b1c88ce432f2a90a3d1 - - default default] 10.0.0.148 "POST /v2.0/subnets HTTP/1.1" status: 201 len: 801 time: 1.2170713
2026-09-11 06:40:13.675 10 INFO neutron.db.ovn_revision_numbers_db [None req-9657de0a-16cd-48aa-b810-f197f231619c ac0e0492f84a47308be8731c1cf5e25b 4a1593b28f5d4b1c88ce432f2a90a3d1 - - default default] Successfully bumped revision number for resource 3bb9f831-07c1-4e94-aa1d-49708af4e02c (type: routers) to 1
2026-09-11 06:40:13.688 10 INFO neutron.wsgi [None req-9657de0a-16cd-48aa-b810-f197f231619c ac0e0492f84a47308be8731c1cf5e25b 4a1593b28f5d4b1c88ce432f2a90a3d1 - - default default] 10.0.0.148 "POST /v2.0/routers HTTP/1.1" status: 201 len: 687 time: 0.1556740
2026-09-11 06:40:13.999 10 WARNING neutron.scheduler.dhcp_agent_scheduler [None req-09b326ae-3759-4fb1-9595-b1b21ae6e25f ac0e0492f84a47308be8731c1cf5e25b 4a1593b28f5d4b1c88ce432f2a90a3d1 - - default default] No more DHCP agents
2026-09-11 06:40:14.001 10 WARNING neutron.api.rpc.agentnotifiers.dhcp_rpc_agent_api [None req-09b326ae-3759-4fb1-9595-b1b21ae6e25f ac0e0492f84a47308be8731c1cf5e25b 4a1593b28f5d4b1c88ce432f2a90a3d1 - - default default] Unable to schedule network 6b8f2938-e6d9-4da2-84e7-b79a93bc6ced: no agents available; will retry on subsequent port and subnet creation events.
2026-09-11 06:40:14.160 10 INFO neutron.db.ovn_revision_numbers_db [None req-09b326ae-3759-4fb1-9595-b1b21ae6e25f ac0e0492f84a47308be8731c1cf5e25b 4a1593b28f5d4b1c88ce432f2a90a3d1 - - default default] Successfully bumped revision number for resource e1a97c4c-ec7d-4fa0-8841-78f30ff7b573 (type: ports) to 1
2026-09-11 06:40:14.179 10 INFO neutron.wsgi [None req-09b326ae-3759-4fb1-9595-b1b21ae6e25f ac0e0492f84a47308be8731c1cf5e25b 4a1593b28f5d4b1c88ce432f2a90a3d1 - - default default] 10.0.0.148 "POST /v2.0/ports HTTP/1.1" status: 201 len: 1147 time: 0.4849102 /var/lib/openstack/lib/python3.10/site-packages/pycadf/identifier.py:71: UserWarning: Invalid uuid: neutron. To ensure interoperability, identifiers should be a valid uuid. warnings.warn(('Invalid uuid: %s. To ensure interoperability, '
2026-09-11 06:40:14.792 10 INFO neutron.db.ovn_revision_numbers_db [None req-bd62ef64-437f-47b6-a2e1-8cbecc87ad24 ac0e0492f84a47308be8731c1cf5e25b 4a1593b28f5d4b1c88ce432f2a90a3d1 - - default default] Successfully bumped revision number for resource e1a97c4c-ec7d-4fa0-8841-78f30ff7b573 (type: router_ports) to 2
2026-09-11 06:40:14.815 9 INFO neutron.db.ovn_revision_numbers_db [None req-0f29ca60-ab9c-4934-b03e-70937b2c7b49 c91fe19ae57e41c6946ad14d07a4b98d 6d2c537abdf3475298f295976c669c9d - - default default] Successfully bumped revision number for resource 27492d6d-54ff-474c-a944-bc93dd41f5ae (type: security_groups) to 1
2026-09-11 06:40:14.833 9 INFO neutron.db.ovn_revision_numbers_db [None req-0f29ca60-ab9c-4934-b03e-70937b2c7b49 c91fe19ae57e41c6946ad14d07a4b98d 6d2c537abdf3475298f295976c669c9d - - default default] Successfully bumped revision number for resource 47ec8d89-bc0e-4466-8363-54c098c68374 (type: security_group_rules) to 0
2026-09-11 06:40:14.855 9 INFO neutron.db.ovn_revision_numbers_db [None req-0f29ca60-ab9c-4934-b03e-70937b2c7b49 c91fe19ae57e41c6946ad14d07a4b98d 6d2c537abdf3475298f295976c669c9d - - default default] Successfully bumped revision number for resource 7bdbaf9b-f4e3-49d0-aead-bc3be6fe3858 (type: security_group_rules) to 0
2026-09-11 06:40:14.876 9 INFO neutron.db.ovn_revision_numbers_db [None req-0f29ca60-ab9c-4934-b03e-70937b2c7b49 c91fe19ae57e41c6946ad14d07a4b98d 6d2c537abdf3475298f295976c669c9d - - default default] Successfully bumped revision number for resource 81b39c39-390a-4c32-8ee5-c9be5a92ff5a (type: security_group_rules) to 0
2026-09-11 06:40:14.896 9 INFO neutron.db.ovn_revision_numbers_db [None req-0f29ca60-ab9c-4934-b03e-70937b2c7b49 c91fe19ae57e41c6946ad14d07a4b98d 6d2c537abdf3475298f295976c669c9d - - default default] Successfully bumped revision number for resource a232e55c-9792-48a5-9ca0-0a1d2b9dd27b (type: security_group_rules) to 0
2026-09-11 06:40:15.011 10 INFO neutron.db.ovn_revision_numbers_db [None req-bd62ef64-437f-47b6-a2e1-8cbecc87ad24 ac0e0492f84a47308be8731c1cf5e25b 4a1593b28f5d4b1c88ce432f2a90a3d1 - - default default] Successfully bumped revision number for resource e1a97c4c-ec7d-4fa0-8841-78f30ff7b573 (type: ports) to 2
2026-09-11 06:40:15.018 9 INFO neutron.db.segments_db [None req-0f29ca60-ab9c-4934-b03e-70937b2c7b49 c91fe19ae57e41c6946ad14d07a4b98d 6d2c537abdf3475298f295976c669c9d - - default default] Added segment 3904650d-fb52-4fe7-8e48-abc26a07df03 of type geneve for network ad418d04-b16f-4f9f-b197-a2b182abf712
2026-09-11 06:40:15.031 9 WARNING neutron.scheduler.dhcp_agent_scheduler [None req-13e4a413-f06b-47f3-888b-313280eb5edd a08b5ab91a474208bdfb84d786dfbc82 b3f661ffdb5746ff83c69d5ccd1c6052 - - default default] No more DHCP agents
2026-09-11 06:40:15.040 9 WARNING neutron.api.rpc.agentnotifiers.dhcp_rpc_agent_api [None req-13e4a413-f06b-47f3-888b-313280eb5edd a08b5ab91a474208bdfb84d786dfbc82 b3f661ffdb5746ff83c69d5ccd1c6052 - - default default] Unable to schedule network e871f3f8-9325-4ec8-89b9-e381e1782448: no agents available; will retry on subsequent port and subnet creation events.
2026-09-11 06:40:15.234 9 INFO neutron.db.ovn_revision_numbers_db [None req-0f29ca60-ab9c-4934-b03e-70937b2c7b49 c91fe19ae57e41c6946ad14d07a4b98d 6d2c537abdf3475298f295976c669c9d - - default default] Successfully bumped revision number for resource ad418d04-b16f-4f9f-b197-a2b182abf712 (type: networks) to 1
2026-09-11 06:40:15.392 10 INFO neutron.db.ovn_revision_numbers_db [None req-bd62ef64-437f-47b6-a2e1-8cbecc87ad24 ac0e0492f84a47308be8731c1cf5e25b 4a1593b28f5d4b1c88ce432f2a90a3d1 - - default default] Successfully bumped revision number for resource e1a97c4c-ec7d-4fa0-8841-78f30ff7b573 (type: router_ports) to 2
2026-09-11 06:40:15.548 10 INFO neutron.db.ovn_revision_numbers_db [None req-bd62ef64-437f-47b6-a2e1-8cbecc87ad24 ac0e0492f84a47308be8731c1cf5e25b 4a1593b28f5d4b1c88ce432f2a90a3d1 - - default default] Successfully bumped revision number for resource e1a97c4c-ec7d-4fa0-8841-78f30ff7b573 (type: ports) to 2
2026-09-11 06:40:15.602 10 WARNING neutron.scheduler.dhcp_agent_scheduler [None req-bd62ef64-437f-47b6-a2e1-8cbecc87ad24 ac0e0492f84a47308be8731c1cf5e25b 4a1593b28f5d4b1c88ce432f2a90a3d1 - - default default] No more DHCP agents
2026-09-11 06:40:15.603 10 WARNING neutron.api.rpc.agentnotifiers.dhcp_rpc_agent_api [None req-bd62ef64-437f-47b6-a2e1-8cbecc87ad24 ac0e0492f84a47308be8731c1cf5e25b 4a1593b28f5d4b1c88ce432f2a90a3d1 - - default default] Unable to schedule network 6b8f2938-e6d9-4da2-84e7-b79a93bc6ced: no agents available; will retry on subsequent port and subnet creation events.
2026-09-11 06:40:15.690 9 WARNING neutron.scheduler.dhcp_agent_scheduler [None req-0f29ca60-ab9c-4934-b03e-70937b2c7b49 c91fe19ae57e41c6946ad14d07a4b98d 6d2c537abdf3475298f295976c669c9d - - default default] No more DHCP agents
2026-09-11 06:40:15.695 9 WARNING neutron.api.rpc.agentnotifiers.dhcp_rpc_agent_api [None req-0f29ca60-ab9c-4934-b03e-70937b2c7b49 c91fe19ae57e41c6946ad14d07a4b98d 6d2c537abdf3475298f295976c669c9d - - default default] Unable to schedule network ad418d04-b16f-4f9f-b197-a2b182abf712: no agents available; will retry on subsequent port and subnet creation events.
2026-09-11 06:40:15.730 9 INFO neutron.wsgi [req-4704009e-7f4e-4bcc-a36e-2115b45746a4 req-8363e1bf-ddc9-4517-abfa-1d3af7a49b16 6309dc8a6ec14fdf969ccfe0efc5c631 33b4c3796ac4407a9d27d247d1a67a80 - - default default] 10.0.0.159 "GET /v2.0/networks?id=4db328a1-9302-43ce-bb58-81e3aff725d6 HTTP/1.1" status: 200 len: 869 time: 0.1364896
2026-09-11 06:40:15.740 10 INFO neutron.db.ovn_revision_numbers_db [None req-bd62ef64-437f-47b6-a2e1-8cbecc87ad24 ac0e0492f84a47308be8731c1cf5e25b 4a1593b28f5d4b1c88ce432f2a90a3d1 - - default default] Successfully bumped revision number for resource e1a97c4c-ec7d-4fa0-8841-78f30ff7b573 (type: router_ports) to 2
2026-09-11 06:40:15.742 10 INFO neutron.wsgi [None req-bd62ef64-437f-47b6-a2e1-8cbecc87ad24 ac0e0492f84a47308be8731c1cf5e25b 4a1593b28f5d4b1c88ce432f2a90a3d1 - - default default] 10.0.0.148 "PUT /v2.0/routers/3bb9f831-07c1-4e94-aa1d-49708af4e02c/add_router_interface HTTP/1.1" status: 200 len: 503 time: 1.5574996 /var/lib/openstack/lib/python3.10/site-packages/pycadf/identifier.py:71: UserWarning: Invalid uuid: neutron. To ensure interoperability, identifiers should be a valid uuid. warnings.warn(('Invalid uuid: %s. To ensure interoperability, '
2026-09-11 06:40:15.754 9 INFO neutron.db.ovn_revision_numbers_db [None req-13e4a413-f06b-47f3-888b-313280eb5edd a08b5ab91a474208bdfb84d786dfbc82 b3f661ffdb5746ff83c69d5ccd1c6052 - - default default] Successfully bumped revision number for resource a9e3323c-0865-4f5a-b479-6dccd1fab990 (type: floatingips) to 0
2026-09-11 06:40:15.758 9 INFO neutron.wsgi [req-4704009e-7f4e-4bcc-a36e-2115b45746a4 req-cf33b2b2-6dd8-4d88-966d-57ee97454436 6309dc8a6ec14fdf969ccfe0efc5c631 33b4c3796ac4407a9d27d247d1a67a80 - - default default] 10.0.0.159 "GET /v2.0/quotas/33b4c3796ac4407a9d27d247d1a67a80 HTTP/1.1" status: 200 len: 386 time: 0.0127904
2026-09-11 06:40:15.776 9 INFO neutron.wsgi [None req-13e4a413-f06b-47f3-888b-313280eb5edd a08b5ab91a474208bdfb84d786dfbc82 b3f661ffdb5746ff83c69d5ccd1c6052 - - default default] 10.0.0.148 "POST /v2.0/floatingips HTTP/1.1" status: 201 len: 751 time: 1.3259976
2026-09-11 06:40:15.779 10 INFO neutron.wsgi [None req-68d6d3f1-6ed4-4ecd-9906-de6dba2cbddb ac0e0492f84a47308be8731c1cf5e25b 4a1593b28f5d4b1c88ce432f2a90a3d1 - - default default] 10.0.0.148 "GET /v2.0/ports/e1a97c4c-ec7d-4fa0-8841-78f30ff7b573 HTTP/1.1" status: 200 len: 1203 time: 0.0299881
2026-09-11 06:40:15.823 9 INFO neutron.db.ovn_revision_numbers_db [None req-0f29ca60-ab9c-4934-b03e-70937b2c7b49 c91fe19ae57e41c6946ad14d07a4b98d 6d2c537abdf3475298f295976c669c9d - - default default] Successfully bumped revision number for resource 8bb61c8e-db55-4220-a535-01ac863f59bb (type: ports) to 1
