2026-09-11 06:34:39.450 7 INFO placement.requestlog [req-b54a447c-14b9-498b-937e-ef08d82a6f06 req-89f3e451-837c-4b4a-9686-7e2fde924b6a 808fc0c895664597a2f1e1ec6c25e07f cabec951436a4d0eaec193ce1f9fc389 - - c31d3e9b3c3142cba44307f86026f19a c31d3e9b3c3142cba44307f86026f19a] 162.253.55.75 "GET /resource_providers/7386217d-2b15-47d8-83bb-521cfdc28669/allocations" status: 200 len: 54 microversion: 1.0 [pid: 7|app: 0|req: 293/582] 162.253.55.75 () {32 vars in 855 bytes} [Fri Sep 11 06:34:39 2026] GET /resource_providers/7386217d-2b15-47d8-83bb-521cfdc28669/allocations => generated 54 bytes in 22 msecs (HTTP/1.1 200) 6 headers in 223 bytes (1 switches on core 0)
2026-09-11 06:34:39.473 6 INFO placement.requestlog [req-b54a447c-14b9-498b-937e-ef08d82a6f06 req-736236fb-12a3-484a-bdf4-04d4bf16040a 808fc0c895664597a2f1e1ec6c25e07f cabec951436a4d0eaec193ce1f9fc389 - - c31d3e9b3c3142cba44307f86026f19a c31d3e9b3c3142cba44307f86026f19a] 162.253.55.75 "GET /resource_providers/7386217d-2b15-47d8-83bb-521cfdc28669/allocations" status: 200 len: 54 microversion: 1.0 [pid: 6|app: 0|req: 290/583] 162.253.55.75 () {32 vars in 855 bytes} [Fri Sep 11 06:34:39 2026] GET /resource_providers/7386217d-2b15-47d8-83bb-521cfdc28669/allocations => generated 54 bytes in 13 msecs (HTTP/1.1 200) 6 headers in 223 bytes (1 switches on core 0)
2026-09-11 06:34:40.827 7 INFO placement.requestlog [None req-fd898950-3200-46c0-86da-b0c334e8cefb - - - - - -] 10.0.0.199 "GET /" status: 200 len: 136 microversion: 1.0
2026-09-11 06:34:40.827 6 INFO placement.requestlog [None req-a7560bb6-4914-4071-b337-854da4f74e82 - - - - - -] 10.0.0.199 "GET /" status: 200 len: 136 microversion: 1.0
2026-09-11 06:34:50.826 7 INFO placement.requestlog [None req-dd6ecf7b-059a-4743-83dc-5213598b9096 - - - - - -] 10.0.0.199 "GET /" status: 200 len: 136 microversion: 1.0
2026-09-11 06:34:50.826 6 INFO placement.requestlog [None req-50c8a93e-f1e9-4b58-bea0-5f1b2c5c0286 - - - - - -] 10.0.0.199 "GET /" status: 200 len: 136 microversion: 1.0
2026-09-11 06:35:00.827 7 INFO placement.requestlog [None req-d1a04435-00e1-4094-8b03-ea442d728446 - - - - - -] 10.0.0.199 "GET /" status: 200 len: 136 microversion: 1.0
2026-09-11 06:35:00.828 6 INFO placement.requestlog [None req-82988380-53d9-4460-8c20-f51d12de4167 - - - - - -] 10.0.0.199 "GET /" status: 200 len: 136 microversion: 1.0
2026-09-11 06:35:10.827 6 INFO placement.requestlog [None req-a362ced0-1c2c-4032-8df8-59f639e5e428 - - - - - -] 10.0.0.199 "GET /" status: 200 len: 136 microversion: 1.0
2026-09-11 06:35:10.828 7 INFO placement.requestlog [None req-e88a02c1-8a30-4bbe-939d-71dcd86e56aa - - - - - -] 10.0.0.199 "GET /" status: 200 len: 136 microversion: 1.0
2026-09-11 06:35:20.827 7 INFO placement.requestlog [None req-4980fe9f-088e-432c-be5e-d44f649a57e1 - - - - - -] 10.0.0.199 "GET /" status: 200 len: 136 microversion: 1.0
2026-09-11 06:35:20.827 6 INFO placement.requestlog [None req-2eaa3ce7-9c5c-4fdb-bb86-dfc401c8e048 - - - - - -] 10.0.0.199 "GET /" status: 200 len: 136 microversion: 1.0
2026-09-11 06:35:30.827 7 INFO placement.requestlog [None req-ebe3ad76-a9c2-4be1-a544-115a98786214 - - - - - -] 10.0.0.199 "GET /" status: 200 len: 136 microversion: 1.0
2026-09-11 06:35:30.827 6 INFO placement.requestlog [None req-d4c6fe37-5796-4ade-ac7d-274aca58c1e2 - - - - - -] 10.0.0.199 "GET /" status: 200 len: 136 microversion: 1.0
2026-09-11 06:35:40.701 7 INFO placement.requestlog [req-d09f35ad-43e5-4544-8d6d-a0d5aefa5377 req-f307380f-db51-4cbe-a2fa-7389a1190545 808fc0c895664597a2f1e1ec6c25e07f cabec951436a4d0eaec193ce1f9fc389 - - c31d3e9b3c3142cba44307f86026f19a c31d3e9b3c3142cba44307f86026f19a] 162.253.55.75 "GET /resource_providers/7386217d-2b15-47d8-83bb-521cfdc28669/allocations" status: 200 len: 54 microversion: 1.0 [pid: 7|app: 0|req: 300/596] 162.253.55.75 () {32 vars in 855 bytes} [Fri Sep 11 06:35:40 2026] GET /resource_providers/7386217d-2b15-47d8-83bb-521cfdc28669/allocations => generated 54 bytes in 24 msecs (HTTP/1.1 200) 6 headers in 223 bytes (1 switches on core 0)
2026-09-11 06:35:40.734 6 INFO placement.requestlog [req-d09f35ad-43e5-4544-8d6d-a0d5aefa5377 req-d260ef1c-efe5-401d-9932-8f0378829e0e 808fc0c895664597a2f1e1ec6c25e07f cabec951436a4d0eaec193ce1f9fc389 - - c31d3e9b3c3142cba44307f86026f19a c31d3e9b3c3142cba44307f86026f19a] 162.253.55.75 "GET /resource_providers/7386217d-2b15-47d8-83bb-521cfdc28669/allocations" status: 200 len: 54 microversion: 1.0 [pid: 6|app: 0|req: 297/597] 162.253.55.75 () {32 vars in 855 bytes} [Fri Sep 11 06:35:40 2026] GET /resource_providers/7386217d-2b15-47d8-83bb-521cfdc28669/allocations => generated 54 bytes in 22 msecs (HTTP/1.1 200) 6 headers in 223 bytes (1 switches on core 0)
2026-09-11 06:35:40.827 7 INFO placement.requestlog [None req-6ff3031f-6eda-4901-8faf-9750bcc89f56 - - - - - -] 10.0.0.199 "GET /" status: 200 len: 136 microversion: 1.0
2026-09-11 06:35:40.827 6 INFO placement.requestlog [None req-96d8d75f-dff8-4631-8773-65c63b33805f - - - - - -] 10.0.0.199 "GET /" status: 200 len: 136 microversion: 1.0
2026-09-11 06:35:50.827 6 INFO placement.requestlog [None req-fd1f92d6-c651-40c5-9319-db9d833dedac - - - - - -] 10.0.0.199 "GET /" status: 200 len: 136 microversion: 1.0
2026-09-11 06:35:50.827 7 INFO placement.requestlog [None req-93ad22b2-5e84-436e-a5a1-b7dfbfcf4f0e - - - - - -] 10.0.0.199 "GET /" status: 200 len: 136 microversion: 1.0
2026-09-11 06:36:00.827 6 INFO placement.requestlog [None req-6dee7fee-d9ee-4c56-b72e-564c2242fd48 - - - - - -] 10.0.0.199 "GET /" status: 200 len: 136 microversion: 1.0
2026-09-11 06:36:00.828 7 INFO placement.requestlog [None req-6d0c1e4b-137e-4aa3-bf56-6c4eba92addf - - - - - -] 10.0.0.199 "GET /" status: 200 len: 136 microversion: 1.0
2026-09-11 06:36:10.827 6 INFO placement.requestlog [None req-3d5e8e04-58ae-40ae-bda4-e6803086a211 - - - - - -] 10.0.0.199 "GET /" status: 200 len: 136 microversion: 1.0
2026-09-11 06:36:10.827 7 INFO placement.requestlog [None req-0f2da78e-35e8-4e9f-b01c-cedfa2d64d6e - - - - - -] 10.0.0.199 "GET /" status: 200 len: 136 microversion: 1.0
2026-09-11 06:36:20.828 7 INFO placement.requestlog [None req-b6dc2103-4a43-40a1-a199-82f6afda3b3d - - - - - -] 10.0.0.199 "GET /" status: 200 len: 136 microversion: 1.0
2026-09-11 06:36:20.831 6 INFO placement.requestlog [None req-93b3ed0c-bd36-48e0-be4d-5f924d76d58c - - - - - -] 10.0.0.199 "GET /" status: 200 len: 136 microversion: 1.0
2026-09-11 06:36:30.827 7 INFO placement.requestlog [None req-4e4e9c27-039d-44bb-bc33-a52d2125b1f5 - - - - - -] 10.0.0.199 "GET /" status: 200 len: 136 microversion: 1.0
2026-09-11 06:36:30.827 6 INFO placement.requestlog [None req-e1676a28-6b2c-499a-a72f-00569cff464a - - - - - -] 10.0.0.199 "GET /" status: 200 len: 136 microversion: 1.0
2026-09-11 06:36:40.827 7 INFO placement.requestlog [None req-4cb452df-da73-42e7-bb7b-9db350a11f62 - - - - - -] 10.0.0.199 "GET /" status: 200 len: 136 microversion: 1.0
2026-09-11 06:36:40.828 6 INFO placement.requestlog [None req-0cde678e-7f3a-4bc7-955e-69354af3194a - - - - - -] 10.0.0.199 "GET /" status: 200 len: 136 microversion: 1.0
2026-09-11 06:36:42.492 7 INFO placement.requestlog [req-a2a274bb-fc6c-4c41-8da9-86e2bd7e8328 req-7c662a4c-c9d3-4d77-9efd-b6fbb948750e 808fc0c895664597a2f1e1ec6c25e07f cabec951436a4d0eaec193ce1f9fc389 - - c31d3e9b3c3142cba44307f86026f19a c31d3e9b3c3142cba44307f86026f19a] 162.253.55.75 "GET /resource_providers/7386217d-2b15-47d8-83bb-521cfdc28669/allocations" status: 200 len: 54 microversion: 1.0 [pid: 7|app: 0|req: 308/612] 162.253.55.75 () {32 vars in 855 bytes} [Fri Sep 11 06:36:42 2026] GET /resource_providers/7386217d-2b15-47d8-83bb-521cfdc28669/allocations => generated 54 bytes in 21 msecs (HTTP/1.1 200) 6 headers in 223 bytes (1 switches on core 0)
2026-09-11 06:36:42.517 6 INFO placement.requestlog [req-a2a274bb-fc6c-4c41-8da9-86e2bd7e8328 req-e7917550-7373-42ea-9b84-ee69406879ff 808fc0c895664597a2f1e1ec6c25e07f cabec951436a4d0eaec193ce1f9fc389 - - c31d3e9b3c3142cba44307f86026f19a c31d3e9b3c3142cba44307f86026f19a] 162.253.55.75 "GET /resource_providers/7386217d-2b15-47d8-83bb-521cfdc28669/allocations" status: 200 len: 54 microversion: 1.0 [pid: 6|app: 0|req: 305/613] 162.253.55.75 () {32 vars in 855 bytes} [Fri Sep 11 06:36:42 2026] GET /resource_providers/7386217d-2b15-47d8-83bb-521cfdc28669/allocations => generated 54 bytes in 17 msecs (HTTP/1.1 200) 6 headers in 223 bytes (1 switches on core 0)
2026-09-11 06:36:50.827 6 INFO placement.requestlog [None req-dc933d9b-c3c7-4f6c-aaa8-41af1763c11b - - - - - -] 10.0.0.199 "GET /" status: 200 len: 136 microversion: 1.0
2026-09-11 06:36:50.827 7 INFO placement.requestlog [None req-8794d745-5759-46ff-a853-863664054a22 - - - - - -] 10.0.0.199 "GET /" status: 200 len: 136 microversion: 1.0
2026-09-11 06:37:00.827 7 INFO placement.requestlog [None req-1f677eaf-5463-4273-8be9-60aabd5d5f73 - - - - - -] 10.0.0.199 "GET /" status: 200 len: 136 microversion: 1.0
2026-09-11 06:37:00.827 6 INFO placement.requestlog [None req-85109541-2448-4312-82b1-6893d608b212 - - - - - -] 10.0.0.199 "GET /" status: 200 len: 136 microversion: 1.0
2026-09-11 06:37:10.827 7 INFO placement.requestlog [None req-fdf1d56c-c6ef-44ae-8d84-a83b13518d58 - - - - - -] 10.0.0.199 "GET /" status: 200 len: 136 microversion: 1.0
2026-09-11 06:37:10.827 6 INFO placement.requestlog [None req-ea443385-0cec-4d7c-aae2-7e81f4c7cad9 - - - - - -] 10.0.0.199 "GET /" status: 200 len: 136 microversion: 1.0
2026-09-11 06:37:20.826 7 INFO placement.requestlog [None req-59c96f4b-408c-4193-8fa6-092537e71b8c - - - - - -] 10.0.0.199 "GET /" status: 200 len: 136 microversion: 1.0
2026-09-11 06:37:20.826 6 INFO placement.requestlog [None req-dc7a1b17-d818-46a2-b7fd-76159e16d323 - - - - - -] 10.0.0.199 "GET /" status: 200 len: 136 microversion: 1.0
2026-09-11 06:37:30.827 7 INFO placement.requestlog [None req-a463b2e3-0df1-49b1-82d7-7980477598d1 - - - - - -] 10.0.0.199 "GET /" status: 200 len: 136 microversion: 1.0
2026-09-11 06:37:30.827 6 INFO placement.requestlog [None req-11996304-9f1d-43eb-8112-44030c5a2748 - - - - - -] 10.0.0.199 "GET /" status: 200 len: 136 microversion: 1.0
2026-09-11 06:37:40.827 6 INFO placement.requestlog [None req-947afc1b-2ae0-4699-9d16-0f5950b875c8 - - - - - -] 10.0.0.199 "GET /" status: 200 len: 136 microversion: 1.0
2026-09-11 06:37:40.827 7 INFO placement.requestlog [None req-e7b13f0b-4401-4df5-958c-6b568dfa8cad - - - - - -] 10.0.0.199 "GET /" status: 200 len: 136 microversion: 1.0
2026-09-11 06:37:43.572 6 INFO placement.requestlog [req-df393728-b466-421a-aecd-5ea0ebb9a188 req-c844700c-70ea-4867-8502-841824541c1b 808fc0c895664597a2f1e1ec6c25e07f cabec951436a4d0eaec193ce1f9fc389 - - c31d3e9b3c3142cba44307f86026f19a c31d3e9b3c3142cba44307f86026f19a] 162.253.55.75 "GET /resource_providers/7386217d-2b15-47d8-83bb-521cfdc28669/allocations" status: 200 len: 54 microversion: 1.0 [pid: 6|app: 0|req: 312/626] 162.253.55.75 () {32 vars in 855 bytes} [Fri Sep 11 06:37:43 2026] GET /resource_providers/7386217d-2b15-47d8-83bb-521cfdc28669/allocations => generated 54 bytes in 20 msecs (HTTP/1.1 200) 6 headers in 223 bytes (1 switches on core 0)
2026-09-11 06:37:43.600 7 INFO placement.requestlog [req-df393728-b466-421a-aecd-5ea0ebb9a188 req-94d139cf-1f04-4ff7-b83e-01d097a63652 808fc0c895664597a2f1e1ec6c25e07f cabec951436a4d0eaec193ce1f9fc389 - - c31d3e9b3c3142cba44307f86026f19a c31d3e9b3c3142cba44307f86026f19a] 162.253.55.75 "GET /resource_providers/7386217d-2b15-47d8-83bb-521cfdc28669/allocations" status: 200 len: 54 microversion: 1.0 [pid: 7|app: 0|req: 315/627] 162.253.55.75 () {32 vars in 855 bytes} [Fri Sep 11 06:37:43 2026] GET /resource_providers/7386217d-2b15-47d8-83bb-521cfdc28669/allocations => generated 54 bytes in 22 msecs (HTTP/1.1 200) 6 headers in 223 bytes (1 switches on core 0)
2026-09-11 06:37:50.827 6 INFO placement.requestlog [None req-445a17fd-cae6-4362-b1cf-f7d4e9984596 - - - - - -] 10.0.0.199 "GET /" status: 200 len: 136 microversion: 1.0
2026-09-11 06:37:50.827 7 INFO placement.requestlog [None req-3db86d44-7604-4989-aa4e-8cf855e3bcb6 - - - - - -] 10.0.0.199 "GET /" status: 200 len: 136 microversion: 1.0
2026-09-11 06:37:58.916 6 INFO placement.requestlog [req-87491254-a6b3-4f30-a86f-4c1ee8a3f461 req-494062c2-a0c7-4fbb-a3e1-a3ecbbaabfab 808fc0c895664597a2f1e1ec6c25e07f cabec951436a4d0eaec193ce1f9fc389 - - c31d3e9b3c3142cba44307f86026f19a c31d3e9b3c3142cba44307f86026f19a] 10.0.0.207 "GET /allocation_candidates?limit=1000&resources=DISK_GB%3A1%2CMEMORY_MB%3A512%2CVCPU%3A1&root_required=%21COMPUTE_STATUS_DISABLED" status: 200 len: 2147 microversion: 1.36 [pid: 6|app: 0|req: 314/630] 10.0.0.207 () {34 vars in 1011 bytes} [Fri Sep 11 06:37:58 2026] GET /allocation_candidates?limit=1000&resources=DISK_GB%3A1%2CMEMORY_MB%3A512%2CVCPU%3A1&root_required=%21COMPUTE_STATUS_DISABLED => generated 2147 bytes in 225 msecs (HTTP/1.1 200) 8 headers in 297 bytes (1 switches on core 0)
2026-09-11 06:37:58.958 7 INFO placement.requestlog [req-87491254-a6b3-4f30-a86f-4c1ee8a3f461 req-606150b1-95c9-4ba5-99e4-ff14a9edf09a 808fc0c895664597a2f1e1ec6c25e07f cabec951436a4d0eaec193ce1f9fc389 - - c31d3e9b3c3142cba44307f86026f19a c31d3e9b3c3142cba44307f86026f19a] 10.0.0.207 "GET /allocations/3d3a60cb-0edb-4bc2-be5f-27bb91a3ca91" status: 200 len: 19 microversion: 1.28 [pid: 7|app: 0|req: 317/631] 10.0.0.207 () {34 vars in 860 bytes} [Fri Sep 11 06:37:58 2026] GET /allocations/3d3a60cb-0edb-4bc2-be5f-27bb91a3ca91 => generated 19 bytes in 16 msecs (HTTP/1.1 200) 8 headers in 295 bytes (1 switches on core 0)
2026-09-11 06:37:59.034 6 INFO placement.requestlog [req-87491254-a6b3-4f30-a86f-4c1ee8a3f461 req-883f120c-9ba6-4800-8b01-7df2ef33ba28 808fc0c895664597a2f1e1ec6c25e07f cabec951436a4d0eaec193ce1f9fc389 - - c31d3e9b3c3142cba44307f86026f19a c31d3e9b3c3142cba44307f86026f19a] 10.0.0.207 "PUT /allocations/3d3a60cb-0edb-4bc2-be5f-27bb91a3ca91" status: 204 len: 0 microversion: 1.36 [pid: 6|app: 0|req: 315/632] 10.0.0.207 () {38 vars in 913 bytes} [Fri Sep 11 06:37:58 2026] PUT /allocations/3d3a60cb-0edb-4bc2-be5f-27bb91a3ca91 => generated 0 bytes in 71 msecs (HTTP/1.1 204) 5 headers in 199 bytes (1 switches on core 0)
2026-09-11 06:37:59.513 7 INFO placement.requestlog [req-87491254-a6b3-4f30-a86f-4c1ee8a3f461 req-8438630b-9a42-4e8b-8769-c647a60fc179 808fc0c895664597a2f1e1ec6c25e07f cabec951436a4d0eaec193ce1f9fc389 - - c31d3e9b3c3142cba44307f86026f19a c31d3e9b3c3142cba44307f86026f19a] 162.253.55.75 "GET /allocations/3d3a60cb-0edb-4bc2-be5f-27bb91a3ca91" status: 200 len: 257 microversion: 1.28 [pid: 7|app: 0|req: 318/633] 162.253.55.75 () {34 vars in 861 bytes} [Fri Sep 11 06:37:59 2026] GET /allocations/3d3a60cb-0edb-4bc2-be5f-27bb91a3ca91 => generated 257 bytes in 16 msecs (HTTP/1.1 200) 8 headers in 296 bytes (1 switches on core 0)
2026-09-11 06:37:59.642 6 INFO placement.requestlog [req-87491254-a6b3-4f30-a86f-4c1ee8a3f461 req-89ba9d27-72e9-49f9-8249-01441242ccb6 808fc0c895664597a2f1e1ec6c25e07f cabec951436a4d0eaec193ce1f9fc389 - - c31d3e9b3c3142cba44307f86026f19a c31d3e9b3c3142cba44307f86026f19a] 162.253.55.75 "GET /resource_providers/7386217d-2b15-47d8-83bb-521cfdc28669/allocations" status: 200 len: 152 microversion: 1.0 [pid: 6|app: 0|req: 316/634] 162.253.55.75 () {32 vars in 855 bytes} [Fri Sep 11 06:37:59 2026] GET /resource_providers/7386217d-2b15-47d8-83bb-521cfdc28669/allocations => generated 152 bytes in 18 msecs (HTTP/1.1 200) 6 headers in 224 bytes (1 switches on core 0)
2026-09-11 06:37:59.662 7 INFO placement.requestlog [req-87491254-a6b3-4f30-a86f-4c1ee8a3f461 req-bc027a58-8ae2-4d8d-8d60-b831b5b01b14 808fc0c895664597a2f1e1ec6c25e07f cabec951436a4d0eaec193ce1f9fc389 - - c31d3e9b3c3142cba44307f86026f19a c31d3e9b3c3142cba44307f86026f19a] 162.253.55.75 "GET /allocations/3d3a60cb-0edb-4bc2-be5f-27bb91a3ca91" status: 200 len: 257 microversion: 1.28 [pid: 7|app: 0|req: 319/635] 162.253.55.75 () {34 vars in 861 bytes} [Fri Sep 11 06:37:59 2026] GET /allocations/3d3a60cb-0edb-4bc2-be5f-27bb91a3ca91 => generated 257 bytes in 13 msecs (HTTP/1.1 200) 8 headers in 296 bytes (1 switches on core 0)
2026-09-11 06:38:00.828 6 INFO placement.requestlog [None req-aac31583-3c57-4b2d-9275-b5477c90308b - - - - - -] 10.0.0.199 "GET /" status: 200 len: 136 microversion: 1.0
2026-09-11 06:38:00.828 7 INFO placement.requestlog [None req-0d908adf-ba66-4013-a2a4-8075a5ff96f2 - - - - - -] 10.0.0.199 "GET /" status: 200 len: 136 microversion: 1.0
2026-09-11 06:38:03.656 6 INFO placement.requestlog [None req-4bb4d10f-bb04-48e9-896d-243191524863 efe35623479b45798794747db62a1a5c cabec951436a4d0eaec193ce1f9fc389 - - c31d3e9b3c3142cba44307f86026f19a c31d3e9b3c3142cba44307f86026f19a] 10.0.0.58 "GET /resource_providers/95e19b64-a2e6-418e-ba33-5bf1bf69fedf/aggregates" status: 404 len: 235 microversion: 1.1 [pid: 6|app: 0|req: 318/638] 10.0.0.58 () {32 vars in 823 bytes} [Fri Sep 11 06:38:03 2026] GET /resource_providers/95e19b64-a2e6-418e-ba33-5bf1bf69fedf/aggregates => generated 235 bytes in 193 msecs (HTTP/1.1 404) 5 headers in 202 bytes (1 switches on core 0)
2026-09-11 06:38:03.668 7 INFO placement.requestlog [None req-4a09de80-5a16-463a-bcbf-674ec51d00f3 efe35623479b45798794747db62a1a5c cabec951436a4d0eaec193ce1f9fc389 - - c31d3e9b3c3142cba44307f86026f19a c31d3e9b3c3142cba44307f86026f19a] 10.0.0.58 "GET /resource_providers/95e19b64-a2e6-418e-ba33-5bf1bf69fedf/aggregates" status: 404 len: 235 microversion: 1.1 [pid: 7|app: 0|req: 321/639] 10.0.0.58 () {32 vars in 823 bytes} [Fri Sep 11 06:38:03 2026] GET /resource_providers/95e19b64-a2e6-418e-ba33-5bf1bf69fedf/aggregates => generated 235 bytes in 205 msecs (HTTP/1.1 404) 5 headers in 202 bytes (1 switches on core 0)
2026-09-11 06:38:03.676 6 INFO placement.requestlog [None req-577f0f3f-f40c-43e6-8f8f-c4f439f7f9d4 efe35623479b45798794747db62a1a5c cabec951436a4d0eaec193ce1f9fc389 - - c31d3e9b3c3142cba44307f86026f19a c31d3e9b3c3142cba44307f86026f19a] 10.0.0.58 "DELETE /resource_providers/95e19b64-a2e6-418e-ba33-5bf1bf69fedf" status: 404 len: 246 microversion: 1.1 [pid: 6|app: 0|req: 319/640] 10.0.0.58 () {34 vars in 823 bytes} [Fri Sep 11 06:38:03 2026] DELETE /resource_providers/95e19b64-a2e6-418e-ba33-5bf1bf69fedf => generated 246 bytes in 9 msecs (HTTP/1.1 404) 6 headers in 231 bytes (1 switches on core 0)
2026-09-11 06:38:03.686 7 INFO placement.requestlog [None req-5a395b80-2d35-46a5-bcef-e97263ef6084 efe35623479b45798794747db62a1a5c cabec951436a4d0eaec193ce1f9fc389 - - c31d3e9b3c3142cba44307f86026f19a c31d3e9b3c3142cba44307f86026f19a] 10.0.0.58 "DELETE /resource_providers/95e19b64-a2e6-418e-ba33-5bf1bf69fedf" status: 404 len: 246 microversion: 1.1 [pid: 7|app: 0|req: 322/641] 10.0.0.58 () {34 vars in 823 bytes} [Fri Sep 11 06:38:03 2026] DELETE /resource_providers/95e19b64-a2e6-418e-ba33-5bf1bf69fedf => generated 246 bytes in 11 msecs (HTTP/1.1 404) 6 headers in 231 bytes (1 switches on core 0)
2026-09-11 06:38:05.389 6 INFO placement.requestlog [None req-acb0d845-bd59-4538-b17c-3904d410f20b efe35623479b45798794747db62a1a5c cabec951436a4d0eaec193ce1f9fc389 - - c31d3e9b3c3142cba44307f86026f19a c31d3e9b3c3142cba44307f86026f19a] 10.0.0.58 "GET /resource_providers/37f7ccaf-ea07-4892-b62e-d6f45b53e527/aggregates" status: 404 len: 235 microversion: 1.1 [pid: 6|app: 0|req: 320/642] 10.0.0.58 () {32 vars in 823 bytes} [Fri Sep 11 06:38:05 2026] GET /resource_providers/37f7ccaf-ea07-4892-b62e-d6f45b53e527/aggregates => generated 235 bytes in 255 msecs (HTTP/1.1 404) 5 headers in 202 bytes (1 switches on core 0)
2026-09-11 06:38:05.411 6 INFO placement.requestlog [None req-829b189b-4cd6-485e-b914-e75e3b1a462b efe35623479b45798794747db62a1a5c cabec951436a4d0eaec193ce1f9fc389 - - c31d3e9b3c3142cba44307f86026f19a c31d3e9b3c3142cba44307f86026f19a] 10.0.0.58 "DELETE /resource_providers/37f7ccaf-ea07-4892-b62e-d6f45b53e527" status: 404 len: 246 microversion: 1.1 [pid: 6|app: 0|req: 321/643] 10.0.0.58 () {34 vars in 823 bytes} [Fri Sep 11 06:38:05 2026] DELETE /resource_providers/37f7ccaf-ea07-4892-b62e-d6f45b53e527 => generated 246 bytes in 13 msecs (HTTP/1.1 404) 6 headers in 231 bytes (1 switches on core 0)
2026-09-11 06:38:05.411 7 INFO placement.requestlog [None req-8959cb1b-a7b9-4131-a592-93cbdf44e96b efe35623479b45798794747db62a1a5c cabec951436a4d0eaec193ce1f9fc389 - - c31d3e9b3c3142cba44307f86026f19a c31d3e9b3c3142cba44307f86026f19a] 10.0.0.58 "GET /resource_providers/37f7ccaf-ea07-4892-b62e-d6f45b53e527/aggregates" status: 404 len: 235 microversion: 1.1 [pid: 7|app: 0|req: 323/644] 10.0.0.58 () {32 vars in 823 bytes} [Fri Sep 11 06:38:05 2026] GET /resource_providers/37f7ccaf-ea07-4892-b62e-d6f45b53e527/aggregates => generated 235 bytes in 271 msecs (HTTP/1.1 404) 5 headers in 202 bytes (1 switches on core 0)
2026-09-11 06:38:05.437 6 INFO placement.requestlog [None req-e86157f1-65d5-4776-8ad6-2ac293c1df45 efe35623479b45798794747db62a1a5c cabec951436a4d0eaec193ce1f9fc389 - - c31d3e9b3c3142cba44307f86026f19a c31d3e9b3c3142cba44307f86026f19a] 10.0.0.58 "DELETE /resource_providers/37f7ccaf-ea07-4892-b62e-d6f45b53e527" status: 404 len: 246 microversion: 1.1 [pid: 6|app: 0|req: 322/645] 10.0.0.58 () {34 vars in 823 bytes} [Fri Sep 11 06:38:05 2026] DELETE /resource_providers/37f7ccaf-ea07-4892-b62e-d6f45b53e527 => generated 246 bytes in 18 msecs (HTTP/1.1 404) 6 headers in 231 bytes (1 switches on core 0)
2026-09-11 06:38:10.827 7 INFO placement.requestlog [None req-a626fe0e-56ca-4fbe-bd87-0c5d7cd68540 - - - - - -] 10.0.0.199 "GET /" status: 200 len: 136 microversion: 1.0
2026-09-11 06:38:10.827 6 INFO placement.requestlog [None req-05a17d75-404c-4f7e-9bb9-c46bf32acd8f - - - - - -] 10.0.0.199 "GET /" status: 200 len: 136 microversion: 1.0
2026-09-11 06:38:16.260 7 INFO placement.requestlog [req-b498130a-4346-44c1-bdcc-eb6e3e8733bd req-1ac645d9-d9a7-40a8-bc60-5e107b136d2d 808fc0c895664597a2f1e1ec6c25e07f cabec951436a4d0eaec193ce1f9fc389 - - c31d3e9b3c3142cba44307f86026f19a c31d3e9b3c3142cba44307f86026f19a] 10.0.0.207 "GET /allocation_candidates?limit=1000&resources=DISK_GB%3A1%2CMEMORY_MB%3A512%2CVCPU%3A1&root_required=%21COMPUTE_STATUS_DISABLED" status: 200 len: 2149 microversion: 1.36 [pid: 7|app: 0|req: 325/648] 10.0.0.207 () {34 vars in 1011 bytes} [Fri Sep 11 06:38:16 2026] GET /allocation_candidates?limit=1000&resources=DISK_GB%3A1%2CMEMORY_MB%3A512%2CVCPU%3A1&root_required=%21COMPUTE_STATUS_DISABLED => generated 2149 bytes in 106 msecs (HTTP/1.1 200) 8 headers in 297 bytes (1 switches on core 0)
2026-09-11 06:38:16.324 6 INFO placement.requestlog [req-b498130a-4346-44c1-bdcc-eb6e3e8733bd req-27467624-b8ae-4113-86dd-48374b29ea71 808fc0c895664597a2f1e1ec6c25e07f cabec951436a4d0eaec193ce1f9fc389 - - c31d3e9b3c3142cba44307f86026f19a c31d3e9b3c3142cba44307f86026f19a] 10.0.0.207 "GET /allocations/fb1b1a09-36a4-4705-bc3c-93780cc1f5cf" status: 200 len: 19 microversion: 1.28 [pid: 6|app: 0|req: 324/649] 10.0.0.207 () {34 vars in 860 bytes} [Fri Sep 11 06:38:16 2026] GET /allocations/fb1b1a09-36a4-4705-bc3c-93780cc1f5cf => generated 19 bytes in 21 msecs (HTTP/1.1 200) 8 headers in 295 bytes (1 switches on core 0)
2026-09-11 06:38:16.441 7 INFO placement.requestlog [req-b498130a-4346-44c1-bdcc-eb6e3e8733bd req-25a8b2e3-1c07-4fd9-bfe2-d884952c98ca 808fc0c895664597a2f1e1ec6c25e07f cabec951436a4d0eaec193ce1f9fc389 - - c31d3e9b3c3142cba44307f86026f19a c31d3e9b3c3142cba44307f86026f19a] 10.0.0.207 "PUT /allocations/fb1b1a09-36a4-4705-bc3c-93780cc1f5cf" status: 204 len: 0 microversion: 1.36 [pid: 7|app: 0|req: 326/650] 10.0.0.207 () {38 vars in 913 bytes} [Fri Sep 11 06:38:16 2026] PUT /allocations/fb1b1a09-36a4-4705-bc3c-93780cc1f5cf => generated 0 bytes in 106 msecs (HTTP/1.1 204) 5 headers in 199 bytes (1 switches on core 0)
2026-09-11 06:38:16.848 6 INFO placement.requestlog [req-b498130a-4346-44c1-bdcc-eb6e3e8733bd req-ec5e2a47-97a8-416b-b36a-68e7ab479396 808fc0c895664597a2f1e1ec6c25e07f cabec951436a4d0eaec193ce1f9fc389 - - c31d3e9b3c3142cba44307f86026f19a c31d3e9b3c3142cba44307f86026f19a] 162.253.55.75 "GET /allocations/fb1b1a09-36a4-4705-bc3c-93780cc1f5cf" status: 200 len: 257 microversion: 1.28 [pid: 6|app: 0|req: 325/651] 162.253.55.75 () {34 vars in 861 bytes} [Fri Sep 11 06:38:16 2026] GET /allocations/fb1b1a09-36a4-4705-bc3c-93780cc1f5cf => generated 257 bytes in 21 msecs (HTTP/1.1 200) 8 headers in 296 bytes (1 switches on core 0)
2026-09-11 06:38:17.000 7 INFO placement.requestlog [req-b498130a-4346-44c1-bdcc-eb6e3e8733bd req-eeb9217c-b70f-42dd-8918-83cb3ccbbb7a 808fc0c895664597a2f1e1ec6c25e07f cabec951436a4d0eaec193ce1f9fc389 - - c31d3e9b3c3142cba44307f86026f19a c31d3e9b3c3142cba44307f86026f19a] 162.253.55.75 "GET /resource_providers/7386217d-2b15-47d8-83bb-521cfdc28669/allocations" status: 200 len: 252 microversion: 1.0 [pid: 7|app: 0|req: 327/652] 162.253.55.75 () {32 vars in 855 bytes} [Fri Sep 11 06:38:16 2026] GET /resource_providers/7386217d-2b15-47d8-83bb-521cfdc28669/allocations => generated 252 bytes in 27 msecs (HTTP/1.1 200) 6 headers in 224 bytes (1 switches on core 0)
2026-09-11 06:38:17.010 6 INFO placement.requestlog [None req-8abc9d50-e3a6-4471-9b3f-df6429687c7b efe35623479b45798794747db62a1a5c cabec951436a4d0eaec193ce1f9fc389 - - c31d3e9b3c3142cba44307f86026f19a c31d3e9b3c3142cba44307f86026f19a] 10.0.0.58 "GET /resource_providers/d9083ea6-1c0d-4c1e-84f3-a1224dee82c2/aggregates" status: 404 len: 235 microversion: 1.1 [pid: 6|app: 0|req: 326/653] 10.0.0.58 () {32 vars in 823 bytes} [Fri Sep 11 06:38:16 2026] GET /resource_providers/d9083ea6-1c0d-4c1e-84f3-a1224dee82c2/aggregates => generated 235 bytes in 13 msecs (HTTP/1.1 404) 5 headers in 202 bytes (1 switches on core 0)
2026-09-11 06:38:17.011 7 INFO placement.requestlog [None req-8d1c36d2-0df4-4c82-b2a1-f5e88b95c0af efe35623479b45798794747db62a1a5c cabec951436a4d0eaec193ce1f9fc389 - - c31d3e9b3c3142cba44307f86026f19a c31d3e9b3c3142cba44307f86026f19a] 10.0.0.58 "GET /resource_providers/d9083ea6-1c0d-4c1e-84f3-a1224dee82c2/aggregates" status: 404 len: 235 microversion: 1.1 [pid: 7|app: 0|req: 328/654] 10.0.0.58 () {32 vars in 823 bytes} [Fri Sep 11 06:38:17 2026] GET /resource_providers/d9083ea6-1c0d-4c1e-84f3-a1224dee82c2/aggregates => generated 235 bytes in 10 msecs (HTTP/1.1 404) 5 headers in 202 bytes (1 switches on core 0)
2026-09-11 06:38:17.032 6 INFO placement.requestlog [req-b498130a-4346-44c1-bdcc-eb6e3e8733bd req-1d3deceb-f2f0-450e-9a74-346e6aade617 808fc0c895664597a2f1e1ec6c25e07f cabec951436a4d0eaec193ce1f9fc389 - - c31d3e9b3c3142cba44307f86026f19a c31d3e9b3c3142cba44307f86026f19a] 162.253.55.75 "GET /allocations/3d3a60cb-0edb-4bc2-be5f-27bb91a3ca91" status: 200 len: 257 microversion: 1.28 [pid: 6|app: 0|req: 327/655] 162.253.55.75 () {34 vars in 861 bytes} [Fri Sep 11 06:38:17 2026] GET /allocations/3d3a60cb-0edb-4bc2-be5f-27bb91a3ca91 => generated 257 bytes in 21 msecs (HTTP/1.1 200) 8 headers in 296 bytes (1 switches on core 0)
2026-09-11 06:38:17.058 6 INFO placement.requestlog [None req-d13daf43-6cb0-473e-af38-3f7a69699149 efe35623479b45798794747db62a1a5c cabec951436a4d0eaec193ce1f9fc389 - - c31d3e9b3c3142cba44307f86026f19a c31d3e9b3c3142cba44307f86026f19a] 10.0.0.58 "DELETE /resource_providers/d9083ea6-1c0d-4c1e-84f3-a1224dee82c2" status: 404 len: 246 microversion: 1.1 [pid: 6|app: 0|req: 328/656] 10.0.0.58 () {34 vars in 823 bytes} [Fri Sep 11 06:38:17 2026] DELETE /resource_providers/d9083ea6-1c0d-4c1e-84f3-a1224dee82c2 => generated 246 bytes in 14 msecs (HTTP/1.1 404) 6 headers in 231 bytes (1 switches on core 0)
2026-09-11 06:38:17.061 7 INFO placement.requestlog [req-b498130a-4346-44c1-bdcc-eb6e3e8733bd req-ce1f7152-89a4-404c-8608-05be7f9270a9 808fc0c895664597a2f1e1ec6c25e07f cabec951436a4d0eaec193ce1f9fc389 - - c31d3e9b3c3142cba44307f86026f19a c31d3e9b3c3142cba44307f86026f19a] 162.253.55.75 "GET /allocations/fb1b1a09-36a4-4705-bc3c-93780cc1f5cf" status: 200 len: 257 microversion: 1.28 [pid: 7|app: 0|req: 329/657] 162.253.55.75 () {34 vars in 861 bytes} [Fri Sep 11 06:38:17 2026] GET /allocations/fb1b1a09-36a4-4705-bc3c-93780cc1f5cf => generated 257 bytes in 20 msecs (HTTP/1.1 200) 8 headers in 296 bytes (1 switches on core 0)
2026-09-11 06:38:17.080 6 INFO placement.requestlog [None req-4bd23a8c-21ba-4d5c-b236-a8941d02d66c efe35623479b45798794747db62a1a5c cabec951436a4d0eaec193ce1f9fc389 - - c31d3e9b3c3142cba44307f86026f19a c31d3e9b3c3142cba44307f86026f19a] 10.0.0.58 "DELETE /resource_providers/d9083ea6-1c0d-4c1e-84f3-a1224dee82c2" status: 404 len: 246 microversion: 1.1 [pid: 6|app: 0|req: 329/658] 10.0.0.58 () {34 vars in 823 bytes} [Fri Sep 11 06:38:17 2026] DELETE /resource_providers/d9083ea6-1c0d-4c1e-84f3-a1224dee82c2 => generated 246 bytes in 20 msecs (HTTP/1.1 404) 6 headers in 231 bytes (1 switches on core 0)
2026-09-11 06:38:17.333 7 INFO placement.requestlog [req-82ce7c18-9a7d-4d1c-acf2-02ef235d662d req-af903416-fb98-4870-8da0-585c298727c2 808fc0c895664597a2f1e1ec6c25e07f cabec951436a4d0eaec193ce1f9fc389 - - c31d3e9b3c3142cba44307f86026f19a c31d3e9b3c3142cba44307f86026f19a] 10.0.0.207 "GET /allocation_candidates?limit=1000&resources=DISK_GB%3A1%2CMEMORY_MB%3A512%2CVCPU%3A1&root_required=%21COMPUTE_STATUS_DISABLED" status: 200 len: 2150 microversion: 1.36 [pid: 7|app: 0|req: 330/659] 10.0.0.207 () {34 vars in 1011 bytes} [Fri Sep 11 06:38:17 2026] GET /allocation_candidates?limit=1000&resources=DISK_GB%3A1%2CMEMORY_MB%3A512%2CVCPU%3A1&root_required=%21COMPUTE_STATUS_DISABLED => generated 2150 bytes in 59 msecs (HTTP/1.1 200) 8 headers in 297 bytes (1 switches on core 0)
2026-09-11 06:38:17.369 6 INFO placement.requestlog [req-82ce7c18-9a7d-4d1c-acf2-02ef235d662d req-98736fb8-fd5b-4264-9194-89bd8856acef 808fc0c895664597a2f1e1ec6c25e07f cabec951436a4d0eaec193ce1f9fc389 - - c31d3e9b3c3142cba44307f86026f19a c31d3e9b3c3142cba44307f86026f19a] 10.0.0.207 "GET /allocations/fbf39608-8714-4413-8d96-318778a160fb" status: 200 len: 19 microversion: 1.28 [pid: 6|app: 0|req: 330/660] 10.0.0.207 () {34 vars in 860 bytes} [Fri Sep 11 06:38:17 2026] GET /allocations/fbf39608-8714-4413-8d96-318778a160fb => generated 19 bytes in 15 msecs (HTTP/1.1 200) 8 headers in 295 bytes (1 switches on core 0)
2026-09-11 06:38:17.437 7 INFO placement.requestlog [req-82ce7c18-9a7d-4d1c-acf2-02ef235d662d req-2452274e-8184-4097-9136-3bcc724d1cc4 808fc0c895664597a2f1e1ec6c25e07f cabec951436a4d0eaec193ce1f9fc389 - - c31d3e9b3c3142cba44307f86026f19a c31d3e9b3c3142cba44307f86026f19a] 10.0.0.207 "PUT /allocations/fbf39608-8714-4413-8d96-318778a160fb" status: 204 len: 0 microversion: 1.36 [pid: 7|app: 0|req: 331/661] 10.0.0.207 () {38 vars in 913 bytes} [Fri Sep 11 06:38:17 2026] PUT /allocations/fbf39608-8714-4413-8d96-318778a160fb => generated 0 bytes in 60 msecs (HTTP/1.1 204) 5 headers in 199 bytes (1 switches on core 0)
2026-09-11 06:38:17.763 6 INFO placement.requestlog [req-82ce7c18-9a7d-4d1c-acf2-02ef235d662d req-da282b39-8b10-45b2-b32d-3d9c507d1a0b 808fc0c895664597a2f1e1ec6c25e07f cabec951436a4d0eaec193ce1f9fc389 - - c31d3e9b3c3142cba44307f86026f19a c31d3e9b3c3142cba44307f86026f19a] 162.253.55.75 "GET /allocations/fbf39608-8714-4413-8d96-318778a160fb" status: 200 len: 257 microversion: 1.28 [pid: 6|app: 0|req: 331/662] 162.253.55.75 () {34 vars in 861 bytes} [Fri Sep 11 06:38:17 2026] GET /allocations/fbf39608-8714-4413-8d96-318778a160fb => generated 257 bytes in 21 msecs (HTTP/1.1 200) 8 headers in 296 bytes (1 switches on core 0)
2026-09-11 06:38:17.903 7 INFO placement.requestlog [req-82ce7c18-9a7d-4d1c-acf2-02ef235d662d req-1328b964-c4cb-45b4-9455-afe8e95b52d7 808fc0c895664597a2f1e1ec6c25e07f cabec951436a4d0eaec193ce1f9fc389 - - c31d3e9b3c3142cba44307f86026f19a c31d3e9b3c3142cba44307f86026f19a] 162.253.55.75 "GET /resource_providers/7386217d-2b15-47d8-83bb-521cfdc28669/allocations" status: 200 len: 352 microversion: 1.0 [pid: 7|app: 0|req: 332/663] 162.253.55.75 () {32 vars in 855 bytes} [Fri Sep 11 06:38:17 2026] GET /resource_providers/7386217d-2b15-47d8-83bb-521cfdc28669/allocations => generated 352 bytes in 28 msecs (HTTP/1.1 200) 6 headers in 224 bytes (1 switches on core 0)
2026-09-11 06:38:17.934 6 INFO placement.requestlog [req-82ce7c18-9a7d-4d1c-acf2-02ef235d662d req-dea6c443-3cef-452a-996a-dac29138fec0 808fc0c895664597a2f1e1ec6c25e07f cabec951436a4d0eaec193ce1f9fc389 - - c31d3e9b3c3142cba44307f86026f19a c31d3e9b3c3142cba44307f86026f19a] 162.253.55.75 "GET /allocations/fbf39608-8714-4413-8d96-318778a160fb" status: 200 len: 257 microversion: 1.28 [pid: 6|app: 0|req: 332/664] 162.253.55.75 () {34 vars in 861 bytes} [Fri Sep 11 06:38:17 2026] GET /allocations/fbf39608-8714-4413-8d96-318778a160fb => generated 257 bytes in 22 msecs (HTTP/1.1 200) 8 headers in 296 bytes (1 switches on core 0)
2026-09-11 06:38:17.965 7 INFO placement.requestlog [req-82ce7c18-9a7d-4d1c-acf2-02ef235d662d req-2292e5c9-afdb-4636-b514-ff29495b657c 808fc0c895664597a2f1e1ec6c25e07f cabec951436a4d0eaec193ce1f9fc389 - - c31d3e9b3c3142cba44307f86026f19a c31d3e9b3c3142cba44307f86026f19a] 162.253.55.75 "GET /allocations/3d3a60cb-0edb-4bc2-be5f-27bb91a3ca91" status: 200 len: 257 microversion: 1.28 [pid: 7|app: 0|req: 333/665] 162.253.55.75 () {34 vars in 861 bytes} [Fri Sep 11 06:38:17 2026] GET /allocations/3d3a60cb-0edb-4bc2-be5f-27bb91a3ca91 => generated 257 bytes in 21 msecs (HTTP/1.1 200) 8 headers in 296 bytes (1 switches on core 0)
2026-09-11 06:38:17.992 6 INFO placement.requestlog [req-82ce7c18-9a7d-4d1c-acf2-02ef235d662d req-df92b717-9795-4ed2-afa1-749ed2cef368 808fc0c895664597a2f1e1ec6c25e07f cabec951436a4d0eaec193ce1f9fc389 - - c31d3e9b3c3142cba44307f86026f19a c31d3e9b3c3142cba44307f86026f19a] 162.253.55.75 "GET /allocations/fb1b1a09-36a4-4705-bc3c-93780cc1f5cf" status: 200 len: 257 microversion: 1.28 [pid: 6|app: 0|req: 333/666] 162.253.55.75 () {34 vars in 861 bytes} [Fri Sep 11 06:38:17 2026] GET /allocations/fb1b1a09-36a4-4705-bc3c-93780cc1f5cf => generated 257 bytes in 17 msecs (HTTP/1.1 200) 8 headers in 296 bytes (1 switches on core 0)
2026-09-11 06:38:19.080 7 INFO placement.requestlog [None req-e6f503e9-9e0e-46cb-b4be-01d36331fce1 efe35623479b45798794747db62a1a5c cabec951436a4d0eaec193ce1f9fc389 - - c31d3e9b3c3142cba44307f86026f19a c31d3e9b3c3142cba44307f86026f19a] 10.0.0.58 "GET /resource_providers/e0e6896a-7d9d-45a0-8f3e-89bd9b553ec8/aggregates" status: 404 len: 235 microversion: 1.1 [pid: 7|app: 0|req: 334/667] 10.0.0.58 () {32 vars in 823 bytes} [Fri Sep 11 06:38:19 2026] GET /resource_providers/e0e6896a-7d9d-45a0-8f3e-89bd9b553ec8/aggregates => generated 235 bytes in 15 msecs (HTTP/1.1 404) 5 headers in 202 bytes (1 switches on core 0)
2026-09-11 06:38:19.103 7 INFO placement.requestlog [None req-8d7c5387-0baa-4e09-b634-a2ed1b6b117c efe35623479b45798794747db62a1a5c cabec951436a4d0eaec193ce1f9fc389 - - c31d3e9b3c3142cba44307f86026f19a c31d3e9b3c3142cba44307f86026f19a] 10.0.0.58 "DELETE /resource_providers/e0e6896a-7d9d-45a0-8f3e-89bd9b553ec8" status: 404 len: 246 microversion: 1.1 [pid: 7|app: 0|req: 335/668] 10.0.0.58 () {34 vars in 823 bytes} [Fri Sep 11 06:38:19 2026] DELETE /resource_providers/e0e6896a-7d9d-45a0-8f3e-89bd9b553ec8 => generated 246 bytes in 11 msecs (HTTP/1.1 404) 6 headers in 231 bytes (1 switches on core 0)
2026-09-11 06:38:19.107 6 INFO placement.requestlog [None req-2f34d092-7bd5-44be-8e56-4eea3d90d0d5 efe35623479b45798794747db62a1a5c cabec951436a4d0eaec193ce1f9fc389 - - c31d3e9b3c3142cba44307f86026f19a c31d3e9b3c3142cba44307f86026f19a] 10.0.0.58 "GET /resource_providers/e0e6896a-7d9d-45a0-8f3e-89bd9b553ec8/aggregates" status: 404 len: 235 microversion: 1.1 [pid: 6|app: 0|req: 334/669] 10.0.0.58 () {32 vars in 823 bytes} [Fri Sep 11 06:38:19 2026] GET /resource_providers/e0e6896a-7d9d-45a0-8f3e-89bd9b553ec8/aggregates => generated 235 bytes in 15 msecs (HTTP/1.1 404) 5 headers in 202 bytes (1 switches on core 0)
2026-09-11 06:38:19.133 7 INFO placement.requestlog [None req-bc17a746-5bf5-4da6-a69b-bfaacc4dcb06 efe35623479b45798794747db62a1a5c cabec951436a4d0eaec193ce1f9fc389 - - c31d3e9b3c3142cba44307f86026f19a c31d3e9b3c3142cba44307f86026f19a] 10.0.0.58 "DELETE /resource_providers/e0e6896a-7d9d-45a0-8f3e-89bd9b553ec8" status: 404 len: 246 microversion: 1.1 [pid: 7|app: 0|req: 336/670] 10.0.0.58 () {34 vars in 823 bytes} [Fri Sep 11 06:38:19 2026] DELETE /resource_providers/e0e6896a-7d9d-45a0-8f3e-89bd9b553ec8 => generated 246 bytes in 11 msecs (HTTP/1.1 404) 6 headers in 231 bytes (1 switches on core 0)
2026-09-11 06:38:20.826 7 INFO placement.requestlog [None req-d1c6d560-5ecf-4b90-9be4-1436ddac145b - - - - - -] 10.0.0.199 "GET /" status: 200 len: 136 microversion: 1.0
2026-09-11 06:38:20.827 6 INFO placement.requestlog [None req-11ce9c4a-0aee-4d24-bebd-459d3d552b75 - - - - - -] 10.0.0.199 "GET /" status: 200 len: 136 microversion: 1.0
2026-09-11 06:38:24.559 7 INFO placement.requestlog [None req-811ced0a-630c-4262-9c74-9c076c24c868 efe35623479b45798794747db62a1a5c cabec951436a4d0eaec193ce1f9fc389 - - c31d3e9b3c3142cba44307f86026f19a c31d3e9b3c3142cba44307f86026f19a] 10.0.0.58 "GET /resource_providers/daf67abe-5291-4b13-915b-653030e58c4f/aggregates" status: 404 len: 235 microversion: 1.1 [pid: 7|app: 0|req: 338/673] 10.0.0.58 () {32 vars in 823 bytes} [Fri Sep 11 06:38:24 2026] GET /resource_providers/daf67abe-5291-4b13-915b-653030e58c4f/aggregates => generated 235 bytes in 8 msecs (HTTP/1.1 404) 5 headers in 202 bytes (1 switches on core 0)
2026-09-11 06:38:24.564 6 INFO placement.requestlog [None req-744b4023-3336-406b-83f3-d6d7d8e27d06 efe35623479b45798794747db62a1a5c cabec951436a4d0eaec193ce1f9fc389 - - c31d3e9b3c3142cba44307f86026f19a c31d3e9b3c3142cba44307f86026f19a] 10.0.0.58 "GET /resource_providers/daf67abe-5291-4b13-915b-653030e58c4f/aggregates" status: 404 len: 235 microversion: 1.1 [pid: 6|app: 0|req: 336/674] 10.0.0.58 () {32 vars in 823 bytes} [Fri Sep 11 06:38:24 2026] GET /resource_providers/daf67abe-5291-4b13-915b-653030e58c4f/aggregates => generated 235 bytes in 13 msecs (HTTP/1.1 404) 5 headers in 202 bytes (1 switches on core 0)
2026-09-11 06:38:24.586 7 INFO placement.requestlog [None req-59eee15c-7aef-4891-8baa-d196641c9a6a efe35623479b45798794747db62a1a5c cabec951436a4d0eaec193ce1f9fc389 - - c31d3e9b3c3142cba44307f86026f19a c31d3e9b3c3142cba44307f86026f19a] 10.0.0.58 "DELETE /resource_providers/daf67abe-5291-4b13-915b-653030e58c4f" status: 404 len: 246 microversion: 1.1 [pid: 7|app: 0|req: 339/675] 10.0.0.58 () {34 vars in 823 bytes} [Fri Sep 11 06:38:24 2026] DELETE /resource_providers/daf67abe-5291-4b13-915b-653030e58c4f => generated 246 bytes in 8 msecs (HTTP/1.1 404) 6 headers in 231 bytes (1 switches on core 0)
2026-09-11 06:38:24.595 6 INFO placement.requestlog [None req-292565c4-bc83-4f77-aaeb-2ed024abaa4e efe35623479b45798794747db62a1a5c cabec951436a4d0eaec193ce1f9fc389 - - c31d3e9b3c3142cba44307f86026f19a c31d3e9b3c3142cba44307f86026f19a] 10.0.0.58 "DELETE /resource_providers/daf67abe-5291-4b13-915b-653030e58c4f" status: 404 len: 246 microversion: 1.1 [pid: 6|app: 0|req: 337/676] 10.0.0.58 () {34 vars in 823 bytes} [Fri Sep 11 06:38:24 2026] DELETE /resource_providers/daf67abe-5291-4b13-915b-653030e58c4f => generated 246 bytes in 17 msecs (HTTP/1.1 404) 6 headers in 231 bytes (1 switches on core 0)
2026-09-11 06:38:26.338 6 INFO placement.requestlog [None req-96c17035-9090-48f8-b9a4-fe495f3be93d efe35623479b45798794747db62a1a5c cabec951436a4d0eaec193ce1f9fc389 - - c31d3e9b3c3142cba44307f86026f19a c31d3e9b3c3142cba44307f86026f19a] 10.0.0.58 "GET /resource_providers/6454d538-1cee-419b-9bf3-bf4271723d19/aggregates" status: 404 len: 235 microversion: 1.1 [pid: 6|app: 0|req: 338/677] 10.0.0.58 () {32 vars in 823 bytes} [Fri Sep 11 06:38:26 2026] GET /resource_providers/6454d538-1cee-419b-9bf3-bf4271723d19/aggregates => generated 235 bytes in 17 msecs (HTTP/1.1 404) 5 headers in 202 bytes (1 switches on core 0)
2026-09-11 06:38:26.340 7 INFO placement.requestlog [None req-6c9d5618-051c-4535-8a0b-03ed6697138b efe35623479b45798794747db62a1a5c cabec951436a4d0eaec193ce1f9fc389 - - c31d3e9b3c3142cba44307f86026f19a c31d3e9b3c3142cba44307f86026f19a] 10.0.0.58 "GET /resource_providers/6454d538-1cee-419b-9bf3-bf4271723d19/aggregates" status: 404 len: 235 microversion: 1.1 [pid: 7|app: 0|req: 340/678] 10.0.0.58 () {32 vars in 823 bytes} [Fri Sep 11 06:38:26 2026] GET /resource_providers/6454d538-1cee-419b-9bf3-bf4271723d19/aggregates => generated 235 bytes in 19 msecs (HTTP/1.1 404) 5 headers in 202 bytes (1 switches on core 0)
2026-09-11 06:38:26.360 7 INFO placement.requestlog [None req-af116846-7d18-4c78-8e2e-9ec4fda809e5 efe35623479b45798794747db62a1a5c cabec951436a4d0eaec193ce1f9fc389 - - c31d3e9b3c3142cba44307f86026f19a c31d3e9b3c3142cba44307f86026f19a] 10.0.0.58 "DELETE /resource_providers/6454d538-1cee-419b-9bf3-bf4271723d19" status: 404 len: 246 microversion: 1.1 [pid: 7|app: 0|req: 341/679] 10.0.0.58 () {34 vars in 823 bytes} [Fri Sep 11 06:38:26 2026] DELETE /resource_providers/6454d538-1cee-419b-9bf3-bf4271723d19 => generated 246 bytes in 8 msecs (HTTP/1.1 404) 6 headers in 231 bytes (1 switches on core 0)
2026-09-11 06:38:26.363 6 INFO placement.requestlog [None req-23e41335-602f-455b-8847-d6cb6ed15cf9 efe35623479b45798794747db62a1a5c cabec951436a4d0eaec193ce1f9fc389 - - c31d3e9b3c3142cba44307f86026f19a c31d3e9b3c3142cba44307f86026f19a] 10.0.0.58 "DELETE /resource_providers/6454d538-1cee-419b-9bf3-bf4271723d19" status: 404 len: 246 microversion: 1.1 [pid: 6|app: 0|req: 339/680] 10.0.0.58 () {34 vars in 823 bytes} [Fri Sep 11 06:38:26 2026] DELETE /resource_providers/6454d538-1cee-419b-9bf3-bf4271723d19 => generated 246 bytes in 12 msecs (HTTP/1.1 404) 6 headers in 231 bytes (1 switches on core 0)
2026-09-11 06:38:26.614 7 INFO placement.requestlog [None req-ff553428-a7f4-4cb9-a814-b9c448dcf7c8 efe35623479b45798794747db62a1a5c cabec951436a4d0eaec193ce1f9fc389 - - c31d3e9b3c3142cba44307f86026f19a c31d3e9b3c3142cba44307f86026f19a] 10.0.0.58 "GET /resource_providers/87568394-fe2e-4e99-b983-87a5db9f8f94/aggregates" status: 404 len: 235 microversion: 1.1 [pid: 7|app: 0|req: 342/681] 10.0.0.58 () {32 vars in 823 bytes} [Fri Sep 11 06:38:26 2026] GET /resource_providers/87568394-fe2e-4e99-b983-87a5db9f8f94/aggregates => generated 235 bytes in 11 msecs (HTTP/1.1 404) 5 headers in 202 bytes (1 switches on core 0)
2026-09-11 06:38:26.634 6 INFO placement.requestlog [None req-6e281934-04a7-49aa-9658-89ab83d5fe7b efe35623479b45798794747db62a1a5c cabec951436a4d0eaec193ce1f9fc389 - - c31d3e9b3c3142cba44307f86026f19a c31d3e9b3c3142cba44307f86026f19a] 10.0.0.58 "GET /resource_providers/87568394-fe2e-4e99-b983-87a5db9f8f94/aggregates" status: 404 len: 235 microversion: 1.1 [pid: 6|app: 0|req: 340/682] 10.0.0.58 () {32 vars in 823 bytes} [Fri Sep 11 06:38:26 2026] GET /resource_providers/87568394-fe2e-4e99-b983-87a5db9f8f94/aggregates => generated 235 bytes in 29 msecs (HTTP/1.1 404) 5 headers in 202 bytes (1 switches on core 0)
2026-09-11 06:38:26.636 7 INFO placement.requestlog [None req-a0439638-ef5b-4f10-95e3-e3846127ac6f efe35623479b45798794747db62a1a5c cabec951436a4d0eaec193ce1f9fc389 - - c31d3e9b3c3142cba44307f86026f19a c31d3e9b3c3142cba44307f86026f19a] 10.0.0.58 "DELETE /resource_providers/87568394-fe2e-4e99-b983-87a5db9f8f94" status: 404 len: 246 microversion: 1.1 [pid: 7|app: 0|req: 343/683] 10.0.0.58 () {34 vars in 823 bytes} [Fri Sep 11 06:38:26 2026] DELETE /resource_providers/87568394-fe2e-4e99-b983-87a5db9f8f94 => generated 246 bytes in 15 msecs (HTTP/1.1 404) 6 headers in 231 bytes (1 switches on core 0)
2026-09-11 06:38:26.664 6 INFO placement.requestlog [None req-38080b54-1a2c-4774-b715-b57709f9f0c2 efe35623479b45798794747db62a1a5c cabec951436a4d0eaec193ce1f9fc389 - - c31d3e9b3c3142cba44307f86026f19a c31d3e9b3c3142cba44307f86026f19a] 10.0.0.58 "DELETE /resource_providers/87568394-fe2e-4e99-b983-87a5db9f8f94" status: 404 len: 246 microversion: 1.1
2026-09-11 06:38:26.665 7 INFO placement.requestlog [None req-0b7dd774-37cb-452c-af90-9ee184681078 efe35623479b45798794747db62a1a5c cabec951436a4d0eaec193ce1f9fc389 - - c31d3e9b3c3142cba44307f86026f19a c31d3e9b3c3142cba44307f86026f19a] 10.0.0.58 "GET /resource_providers/73a055d4-ac42-4348-bea5-6fc84acfd5c4/aggregates" status: 404 len: 235 microversion: 1.1 [pid: 7|app: 0|req: 344/684] 10.0.0.58 () {32 vars in 823 bytes} [Fri Sep 11 06:38:26 2026] GET /resource_providers/73a055d4-ac42-4348-bea5-6fc84acfd5c4/aggregates => generated 235 bytes in 18 msecs (HTTP/1.1 404) 5 headers in 202 bytes (1 switches on core 0) [pid: 6|app: 0|req: 341/685] 10.0.0.58 () {34 vars in 823 bytes} [Fri Sep 11 06:38:26 2026] DELETE /resource_providers/87568394-fe2e-4e99-b983-87a5db9f8f94 => generated 246 bytes in 18 msecs (HTTP/1.1 404) 6 headers in 231 bytes (1 switches on core 0)
2026-09-11 06:38:26.689 7 INFO placement.requestlog [req-d28998df-f866-4056-a3c0-a4f520fced03 req-98829264-ff28-4165-a31c-24b624a1bb3e 808fc0c895664597a2f1e1ec6c25e07f cabec951436a4d0eaec193ce1f9fc389 - - c31d3e9b3c3142cba44307f86026f19a c31d3e9b3c3142cba44307f86026f19a] 162.253.55.75 "GET /resource_providers/7386217d-2b15-47d8-83bb-521cfdc28669/allocations" status: 200 len: 352 microversion: 1.0 [pid: 7|app: 0|req: 345/686] 162.253.55.75 () {32 vars in 855 bytes} [Fri Sep 11 06:38:26 2026] GET /resource_providers/7386217d-2b15-47d8-83bb-521cfdc28669/allocations => generated 352 bytes in 23 msecs (HTTP/1.1 200) 6 headers in 224 bytes (1 switches on core 0)
2026-09-11 06:38:26.699 7 INFO placement.requestlog [None req-27fe42ba-7e67-4412-ae18-3177db01de19 efe35623479b45798794747db62a1a5c cabec951436a4d0eaec193ce1f9fc389 - - c31d3e9b3c3142cba44307f86026f19a c31d3e9b3c3142cba44307f86026f19a] 10.0.0.58 "GET /resource_providers/73a055d4-ac42-4348-bea5-6fc84acfd5c4/aggregates" status: 404 len: 235 microversion: 1.1 [pid: 7|app: 0|req: 346/687] 10.0.0.58 () {32 vars in 823 bytes} [Fri Sep 11 06:38:26 2026] GET /resource_providers/73a055d4-ac42-4348-bea5-6fc84acfd5c4/aggregates => generated 235 bytes in 10 msecs (HTTP/1.1 404) 5 headers in 202 bytes (1 switches on core 0)
2026-09-11 06:38:26.707 6 INFO placement.requestlog [None req-cf6d1dbe-811e-494a-a723-2c531e5b483a efe35623479b45798794747db62a1a5c cabec951436a4d0eaec193ce1f9fc389 - - c31d3e9b3c3142cba44307f86026f19a c31d3e9b3c3142cba44307f86026f19a] 10.0.0.58 "DELETE /resource_providers/73a055d4-ac42-4348-bea5-6fc84acfd5c4" status: 404 len: 246 microversion: 1.1 [pid: 6|app: 0|req: 342/688] 10.0.0.58 () {34 vars in 823 bytes} [Fri Sep 11 06:38:26 2026] DELETE /resource_providers/73a055d4-ac42-4348-bea5-6fc84acfd5c4 => generated 246 bytes in 24 msecs (HTTP/1.1 404) 6 headers in 231 bytes (1 switches on core 0)
2026-09-11 06:38:26.710 7 INFO placement.requestlog [req-d28998df-f866-4056-a3c0-a4f520fced03 req-5ebcdfe1-b1b6-426e-96f4-3043b98fe8cb 808fc0c895664597a2f1e1ec6c25e07f cabec951436a4d0eaec193ce1f9fc389 - - c31d3e9b3c3142cba44307f86026f19a c31d3e9b3c3142cba44307f86026f19a] 162.253.55.75 "GET /allocations/fbf39608-8714-4413-8d96-318778a160fb" status: 200 len: 257 microversion: 1.28 [pid: 7|app: 0|req: 347/689] 162.253.55.75 () {34 vars in 861 bytes} [Fri Sep 11 06:38:26 2026] GET /allocations/fbf39608-8714-4413-8d96-318778a160fb => generated 257 bytes in 10 msecs (HTTP/1.1 200) 8 headers in 296 bytes (1 switches on core 0)
2026-09-11 06:38:26.719 6 INFO placement.requestlog [None req-d0e29c43-3ecc-407b-b4b0-00cb5899f1a5 efe35623479b45798794747db62a1a5c cabec951436a4d0eaec193ce1f9fc389 - - c31d3e9b3c3142cba44307f86026f19a c31d3e9b3c3142cba44307f86026f19a] 10.0.0.58 "DELETE /resource_providers/73a055d4-ac42-4348-bea5-6fc84acfd5c4" status: 404 len: 246 microversion: 1.1 [pid: 6|app: 0|req: 343/690] 10.0.0.58 () {34 vars in 823 bytes} [Fri Sep 11 06:38:26 2026] DELETE /resource_providers/73a055d4-ac42-4348-bea5-6fc84acfd5c4 => generated 246 bytes in 11 msecs (HTTP/1.1 404) 6 headers in 231 bytes (1 switches on core 0)
2026-09-11 06:38:26.731 7 INFO placement.requestlog [req-d28998df-f866-4056-a3c0-a4f520fced03 req-d9fabdc9-0aa7-4be4-8be8-6b66fd650a5d 808fc0c895664597a2f1e1ec6c25e07f cabec951436a4d0eaec193ce1f9fc389 - - c31d3e9b3c3142cba44307f86026f19a c31d3e9b3c3142cba44307f86026f19a] 162.253.55.75 "GET /allocations/3d3a60cb-0edb-4bc2-be5f-27bb91a3ca91" status: 200 len: 257 microversion: 1.28 [pid: 7|app: 0|req: 348/691] 162.253.55.75 () {34 vars in 861 bytes} [Fri Sep 11 06:38:26 2026] GET /allocations/3d3a60cb-0edb-4bc2-be5f-27bb91a3ca91 => generated 257 bytes in 15 msecs (HTTP/1.1 200) 8 headers in 296 bytes (1 switches on core 0)
2026-09-11 06:38:26.762 6 INFO placement.requestlog [req-d28998df-f866-4056-a3c0-a4f520fced03 req-0186767a-3ad8-4235-94ce-b14edb75e6f7 808fc0c895664597a2f1e1ec6c25e07f cabec951436a4d0eaec193ce1f9fc389 - - c31d3e9b3c3142cba44307f86026f19a c31d3e9b3c3142cba44307f86026f19a] 162.253.55.75 "GET /allocations/fb1b1a09-36a4-4705-bc3c-93780cc1f5cf" status: 200 len: 257 microversion: 1.28 [pid: 6|app: 0|req: 344/692] 162.253.55.75 () {34 vars in 861 bytes} [Fri Sep 11 06:38:26 2026] GET /allocations/fb1b1a09-36a4-4705-bc3c-93780cc1f5cf => generated 257 bytes in 26 msecs (HTTP/1.1 200) 8 headers in 296 bytes (1 switches on core 0)
2026-09-11 06:38:26.850 7 INFO placement.requestlog [req-d28998df-f866-4056-a3c0-a4f520fced03 req-1db3fd85-8967-4061-8e99-4176b2d144b1 808fc0c895664597a2f1e1ec6c25e07f cabec951436a4d0eaec193ce1f9fc389 - - c31d3e9b3c3142cba44307f86026f19a c31d3e9b3c3142cba44307f86026f19a] 162.253.55.75 "DELETE /allocations/fb1b1a09-36a4-4705-bc3c-93780cc1f5cf" status: 204 len: 0 microversion: 1.0 [pid: 7|app: 0|req: 349/693] 162.253.55.75 () {34 vars in 839 bytes} [Fri Sep 11 06:38:26 2026] DELETE /allocations/fb1b1a09-36a4-4705-bc3c-93780cc1f5cf => generated 0 bytes in 38 msecs (HTTP/1.1 204) 5 headers in 198 bytes (1 switches on core 0)
