May 19 10:05:41.979162 np0000174688 neutron-periodic-workers[105150]: DEBUG cotyledon.oslo_config_glue [-] database.max_pool_size = 5 {{(pid=105150) log_opt_values /opt/stack/data/venv/lib/python3.12/site-packages/oslo_config/cfg.py:3006}}
May 19 10:05:41.979198 np0000174688 neutron-periodic-workers[105150]: DEBUG cotyledon.oslo_config_glue [-] database.max_retries = 10 {{(pid=105150) log_opt_values /opt/stack/data/venv/lib/python3.12/site-packages/oslo_config/cfg.py:3006}}
May 19 10:05:41.979234 np0000174688 neutron-periodic-workers[105150]: DEBUG cotyledon.oslo_config_glue [-] database.mysql_sql_mode = TRADITIONAL {{(pid=105150) log_opt_values /opt/stack/data/venv/lib/python3.12/site-packages/oslo_config/cfg.py:3006}}
May 19 10:05:41.979280 np0000174688 neutron-periodic-workers[105150]: DEBUG cotyledon.oslo_config_glue [-] database.mysql_wsrep_sync_wait = None {{(pid=105150) log_opt_values /opt/stack/data/venv/lib/python3.12/site-packages/oslo_config/cfg.py:3006}}
May 19 10:05:41.979329 np0000174688 neutron-periodic-workers[105150]: DEBUG cotyledon.oslo_config_glue [-] database.pool_timeout = None {{(pid=105150) log_opt_values /opt/stack/data/venv/lib/python3.12/site-packages/oslo_config/cfg.py:3006}}
May 19 10:05:41.979329 np0000174688 neutron-periodic-workers[105150]: DEBUG cotyledon.oslo_config_glue [-] database.retry_interval = 10 {{(pid=105150) log_opt_values /opt/stack/data/venv/lib/python3.12/site-packages/oslo_config/cfg.py:3006}}
May 19 10:05:41.979445 np0000174688 neutron-periodic-workers[105150]: DEBUG cotyledon.oslo_config_glue [-] database.slave_connection = **** {{(pid=105150) log_opt_values /opt/stack/data/venv/lib/python3.12/site-packages/oslo_config/cfg.py:3006}}
May 19 10:05:41.979445 np0000174688 neutron-periodic-workers[105150]: DEBUG cotyledon.oslo_config_glue [-] database.sqlite_synchronous = True {{(pid=105150) log_opt_values /opt/stack/data/venv/lib/python3.12/site-packages/oslo_config/cfg.py:3006}}
May 19 10:05:41.979445 np0000174688 neutron-periodic-workers[105150]: DEBUG cotyledon.oslo_config_glue [-] database.synchronous_reader = True {{(pid=105150) log_opt_values /opt/stack/data/venv/lib/python3.12/site-packages/oslo_config/cfg.py:3006}}
May 19 10:05:41.979595 np0000174688 neutron-periodic-workers[105150]: DEBUG cotyledon.oslo_config_glue [-] database.use_db_reconnect = False {{(pid=105150) log_opt_values /opt/stack/data/venv/lib/python3.12/site-packages/oslo_config/cfg.py:3006}}
May 19 10:05:41.979595 np0000174688 neutron-periodic-workers[105150]: DEBUG cotyledon.oslo_config_glue [-] ovn.bfd_min_rx = 1000 {{(pid=105150) log_opt_values /opt/stack/data/venv/lib/python3.12/site-packages/oslo_config/cfg.py:3006}}
May 19 10:05:41.979595 np0000174688 neutron-periodic-workers[105150]: DEBUG cotyledon.oslo_config_glue [-] ovn.bfd_min_tx = 100 {{(pid=105150) log_opt_values /opt/stack/data/venv/lib/python3.12/site-packages/oslo_config/cfg.py:3006}}
May 19 10:05:41.979774 np0000174688 neutron-periodic-workers[105150]: DEBUG cotyledon.oslo_config_glue [-] ovn.bfd_mult = 3 {{(pid=105150) log_opt_values /opt/stack/data/venv/lib/python3.12/site-packages/oslo_config/cfg.py:3006}}
May 19 10:05:41.979774 np0000174688 neutron-periodic-workers[105150]: DEBUG cotyledon.oslo_config_glue [-] ovn.broadcast_arps_to_all_routers = True {{(pid=105150) log_opt_values /opt/stack/data/venv/lib/python3.12/site-packages/oslo_config/cfg.py:3006}}
May 19 10:05:41.979774 np0000174688 neutron-periodic-workers[105150]: DEBUG cotyledon.oslo_config_glue [-] ovn.dhcp_default_lease_time = 43200 {{(pid=105150) log_opt_values /opt/stack/data/venv/lib/python3.12/site-packages/oslo_config/cfg.py:3006}}
May 19 10:05:41.979774 np0000174688 neutron-periodic-workers[105150]: DEBUG cotyledon.oslo_config_glue [-] ovn.disable_ovn_dhcp_for_baremetal_ports = False {{(pid=105150) log_opt_values /opt/stack/data/venv/lib/python3.12/site-packages/oslo_config/cfg.py:3006}}
May 19 10:05:41.979989 np0000174688 neutron-periodic-workers[105150]: DEBUG cotyledon.oslo_config_glue [-] ovn.dns_records_ovn_owned = False {{(pid=105150) log_opt_values /opt/stack/data/venv/lib/python3.12/site-packages/oslo_config/cfg.py:3006}}
May 19 10:05:41.979989 np0000174688 neutron-periodic-workers[105150]: DEBUG cotyledon.oslo_config_glue [-] ovn.dns_servers = [] {{(pid=105150) log_opt_values /opt/stack/data/venv/lib/python3.12/site-packages/oslo_config/cfg.py:3006}}
May 19 10:05:41.979989 np0000174688 neutron-periodic-workers[105150]: DEBUG cotyledon.oslo_config_glue [-] ovn.enable_distributed_floating_ip = False {{(pid=105150) log_opt_values /opt/stack/data/venv/lib/python3.12/site-packages/oslo_config/cfg.py:3006}}
May 19 10:05:41.979989 np0000174688 neutron-periodic-workers[105150]: DEBUG cotyledon.oslo_config_glue [-] ovn.fdb_age_threshold = 300 {{(pid=105150) log_opt_values /opt/stack/data/venv/lib/python3.12/site-packages/oslo_config/cfg.py:3006}}
May 19 10:05:41.979989 np0000174688 neutron-periodic-workers[105150]: DEBUG cotyledon.oslo_config_glue [-] ovn.ha_failover_strategy = normal {{(pid=105150) log_opt_values /opt/stack/data/venv/lib/python3.12/site-packages/oslo_config/cfg.py:3006}}
May 19 10:05:41.979989 np0000174688 neutron-periodic-workers[105150]: DEBUG cotyledon.oslo_config_glue [-] ovn.live_migration_activation_strategy = rarp {{(pid=105150) log_opt_values /opt/stack/data/venv/lib/python3.12/site-packages/oslo_config/cfg.py:3006}}
May 19 10:05:41.980269 np0000174688 neutron-periodic-workers[105150]: DEBUG cotyledon.oslo_config_glue [-] ovn.localnet_learn_fdb = False {{(pid=105150) log_opt_values /opt/stack/data/venv/lib/python3.12/site-packages/oslo_config/cfg.py:3006}}
May 19 10:05:41.980269 np0000174688 neutron-periodic-workers[105150]: DEBUG cotyledon.oslo_config_glue [-] ovn.mac_binding_age_threshold = 300 {{(pid=105150) log_opt_values /opt/stack/data/venv/lib/python3.12/site-packages/oslo_config/cfg.py:3006}}
May 19 10:05:41.980269 np0000174688 neutron-periodic-workers[105150]: DEBUG cotyledon.oslo_config_glue [-] ovn.neutron_sync_mode = log {{(pid=105150) log_opt_values /opt/stack/data/venv/lib/python3.12/site-packages/oslo_config/cfg.py:3006}}
May 19 10:05:41.980269 np0000174688 neutron-periodic-workers[105150]: DEBUG cotyledon.oslo_config_glue [-] ovn.ovn_dhcp4_global_options = {} {{(pid=105150) log_opt_values /opt/stack/data/venv/lib/python3.12/site-packages/oslo_config/cfg.py:3006}}
May 19 10:05:41.980269 np0000174688 neutron-periodic-workers[105150]: DEBUG cotyledon.oslo_config_glue [-] ovn.ovn_dhcp6_global_options = {} {{(pid=105150) log_opt_values /opt/stack/data/venv/lib/python3.12/site-packages/oslo_config/cfg.py:3006}}
May 19 10:05:41.980269 np0000174688 neutron-periodic-workers[105150]: DEBUG cotyledon.oslo_config_glue [-] ovn.ovn_l3_scheduler = leastloaded {{(pid=105150) log_opt_values /opt/stack/data/venv/lib/python3.12/site-packages/oslo_config/cfg.py:3006}}
May 19 10:05:41.980269 np0000174688 neutron-periodic-workers[105150]: DEBUG cotyledon.oslo_config_glue [-] ovn.ovn_metadata_enabled = True {{(pid=105150) log_opt_values /opt/stack/data/venv/lib/python3.12/site-packages/oslo_config/cfg.py:3006}}
May 19 10:05:41.980624 np0000174688 neutron-periodic-workers[105150]: DEBUG cotyledon.oslo_config_glue [-] ovn.ovn_nb_ca_cert = /opt/stack/data/CA/int-ca/ca-chain.pem {{(pid=105150) log_opt_values /opt/stack/data/venv/lib/python3.12/site-packages/oslo_config/cfg.py:3006}}
May 19 10:05:41.980624 np0000174688 neutron-periodic-workers[105150]: DEBUG cotyledon.oslo_config_glue [-] ovn.ovn_nb_certificate = /opt/stack/data/CA/int-ca/devstack-cert.crt {{(pid=105150) log_opt_values /opt/stack/data/venv/lib/python3.12/site-packages/oslo_config/cfg.py:3006}}
May 19 10:05:41.980624 np0000174688 neutron-periodic-workers[105150]: DEBUG cotyledon.oslo_config_glue [-] ovn.ovn_nb_connection = ['ssl:199.19.213.147:6641'] {{(pid=105150) log_opt_values /opt/stack/data/venv/lib/python3.12/site-packages/oslo_config/cfg.py:3006}}
May 19 10:05:41.980624 np0000174688 neutron-periodic-workers[105150]: DEBUG cotyledon.oslo_config_glue [-] ovn.ovn_nb_private_key = /opt/stack/data/CA/int-ca/private/devstack-cert.key {{(pid=105150) log_opt_values /opt/stack/data/venv/lib/python3.12/site-packages/oslo_config/cfg.py:3006}}
May 19 10:05:41.980624 np0000174688 neutron-periodic-workers[105150]: DEBUG cotyledon.oslo_config_glue [-] ovn.ovn_router_indirect_snat = False {{(pid=105150) log_opt_values /opt/stack/data/venv/lib/python3.12/site-packages/oslo_config/cfg.py:3006}}
May 19 10:05:41.980624 np0000174688 neutron-periodic-workers[105150]: DEBUG cotyledon.oslo_config_glue [-] ovn.ovn_sb_ca_cert = /opt/stack/data/CA/int-ca/ca-chain.pem {{(pid=105150) log_opt_values /opt/stack/data/venv/lib/python3.12/site-packages/oslo_config/cfg.py:3006}}
May 19 10:05:41.980624 np0000174688 neutron-periodic-workers[105150]: DEBUG cotyledon.oslo_config_glue [-] ovn.ovn_sb_certificate = /opt/stack/data/CA/int-ca/devstack-cert.crt {{(pid=105150) log_opt_values /opt/stack/data/venv/lib/python3.12/site-packages/oslo_config/cfg.py:3006}}
May 19 10:05:41.980624 np0000174688 neutron-periodic-workers[105150]: DEBUG cotyledon.oslo_config_glue [-] ovn.ovn_sb_connection = ['ssl:199.19.213.147:6642'] {{(pid=105150) log_opt_values /opt/stack/data/venv/lib/python3.12/site-packages/oslo_config/cfg.py:3006}}
May 19 10:05:41.981041 np0000174688 neutron-periodic-workers[105150]: DEBUG cotyledon.oslo_config_glue [-] ovn.ovn_sb_private_key = /opt/stack/data/CA/int-ca/private/devstack-cert.key {{(pid=105150) log_opt_values /opt/stack/data/venv/lib/python3.12/site-packages/oslo_config/cfg.py:3006}}
May 19 10:05:41.981041 np0000174688 neutron-periodic-workers[105150]: DEBUG cotyledon.oslo_config_glue [-] ovn.ovs_create_tap = False {{(pid=105150) log_opt_values /opt/stack/data/venv/lib/python3.12/site-packages/oslo_config/cfg.py:3006}}
May 19 10:05:41.981041 np0000174688 neutron-periodic-workers[105150]: DEBUG cotyledon.oslo_config_glue [-] ovn.ovsdb_connection_timeout = 180 {{(pid=105150) log_opt_values /opt/stack/data/venv/lib/python3.12/site-packages/oslo_config/cfg.py:3006}}
May 19 10:05:41.981041 np0000174688 neutron-periodic-workers[105150]: DEBUG cotyledon.oslo_config_glue [-] ovn.ovsdb_log_level = INFO {{(pid=105150) log_opt_values /opt/stack/data/venv/lib/python3.12/site-packages/oslo_config/cfg.py:3006}}
May 19 10:05:41.981041 np0000174688 neutron-periodic-workers[105150]: DEBUG cotyledon.oslo_config_glue [-] ovn.ovsdb_probe_interval = 60000 {{(pid=105150) log_opt_values /opt/stack/data/venv/lib/python3.12/site-packages/oslo_config/cfg.py:3006}}
May 19 10:05:41.981041 np0000174688 neutron-periodic-workers[105150]: DEBUG cotyledon.oslo_config_glue [-] ovn.ovsdb_retry_max_interval = 180 {{(pid=105150) log_opt_values /opt/stack/data/venv/lib/python3.12/site-packages/oslo_config/cfg.py:3006}}
May 19 10:05:41.981041 np0000174688 neutron-periodic-workers[105150]: DEBUG cotyledon.oslo_config_glue [-] ovn.stateless_nat_enabled = False {{(pid=105150) log_opt_values /opt/stack/data/venv/lib/python3.12/site-packages/oslo_config/cfg.py:3006}}
May 19 10:05:41.981041 np0000174688 neutron-periodic-workers[105150]: DEBUG cotyledon.oslo_config_glue [-] ovn.vhost_sock_dir = /var/run/openvswitch {{(pid=105150) log_opt_values /opt/stack/data/venv/lib/python3.12/site-packages/oslo_config/cfg.py:3006}}
May 19 10:05:41.981041 np0000174688 neutron-periodic-workers[105150]: DEBUG cotyledon.oslo_config_glue [-] OVS.bridge_mac_table_size = 50000 {{(pid=105150) log_opt_values /opt/stack/data/venv/lib/python3.12/site-packages/oslo_config/cfg.py:3006}}
May 19 10:05:41.981482 np0000174688 neutron-periodic-workers[105150]: DEBUG cotyledon.oslo_config_glue [-] OVS.igmp_flood = False {{(pid=105150) log_opt_values /opt/stack/data/venv/lib/python3.12/site-packages/oslo_config/cfg.py:3006}}
May 19 10:05:41.981482 np0000174688 neutron-periodic-workers[105150]: DEBUG cotyledon.oslo_config_glue [-] OVS.igmp_flood_reports = True {{(pid=105150) log_opt_values /opt/stack/data/venv/lib/python3.12/site-packages/oslo_config/cfg.py:3006}}
May 19 10:05:41.981482 np0000174688 neutron-periodic-workers[105150]: DEBUG cotyledon.oslo_config_glue [-] OVS.igmp_flood_unregistered = False {{(pid=105150) log_opt_values /opt/stack/data/venv/lib/python3.12/site-packages/oslo_config/cfg.py:3006}}
May 19 10:05:41.981482 np0000174688 neutron-periodic-workers[105150]: DEBUG cotyledon.oslo_config_glue [-] OVS.igmp_snooping_enable = False {{(pid=105150) log_opt_values /opt/stack/data/venv/lib/python3.12/site-packages/oslo_config/cfg.py:3006}}
May 19 10:05:41.981482 np0000174688 neutron-periodic-workers[105150]: DEBUG cotyledon.oslo_config_glue [-] OVS.ovsdb_timeout = 10 {{(pid=105150) log_opt_values /opt/stack/data/venv/lib/python3.12/site-packages/oslo_config/cfg.py:3006}}
May 19 10:05:41.981482 np0000174688 neutron-periodic-workers[105150]: DEBUG cotyledon.oslo_config_glue [-] ovn_nb_global.fdb_removal_limit = 0 {{(pid=105150) log_opt_values /opt/stack/data/venv/lib/python3.12/site-packages/oslo_config/cfg.py:3006}}
May 19 10:05:41.981482 np0000174688 neutron-periodic-workers[105150]: DEBUG cotyledon.oslo_config_glue [-] ovn_nb_global.ignore_lsp_down = False {{(pid=105150) log_opt_values /opt/stack/data/venv/lib/python3.12/site-packages/oslo_config/cfg.py:3006}}
May 19 10:05:41.981482 np0000174688 neutron-periodic-workers[105150]: DEBUG cotyledon.oslo_config_glue [-] ovn_nb_global.mac_binding_removal_limit = 0 {{(pid=105150) log_opt_values /opt/stack/data/venv/lib/python3.12/site-packages/oslo_config/cfg.py:3006}}
May 19 10:05:41.981482 np0000174688 neutron-periodic-workers[105150]: DEBUG cotyledon.oslo_config_glue [-] ******************************************************************************** {{(pid=105150) log_opt_values /opt/stack/data/venv/lib/python3.12/site-packages/oslo_config/cfg.py:3013}}
May 19 10:05:41.982357 np0000174688 neutron-periodic-workers[105150]: DEBUG cotyledon._service_worker [-] Run service ServiceWrapper(0) [105150] {{(pid=105150) wait_forever /opt/stack/data/venv/lib/python3.12/site-packages/cotyledon/_service_worker.py:218}}
May 19 10:05:51.604236 np0000174688 neutron-periodic-workers[104286]: DEBUG dbcounter [-] [104286] Writing DB stats neutron:SELECT=4 {{(pid=104286) stat_writer /opt/stack/data/venv/lib/python3.12/site-packages/dbcounter.py:115}}
May 19 10:06:32.920595 np0000174688 neutron-periodic-workers[105132]: DEBUG oslo_db.sqlalchemy.engines [None req-f9ac964a-4785-4289-a7e7-acf350994fe1 None None] Parent process 104286 forked (105132) with an open database connection, which is being discarded and recreated. {{(pid=105132) checkout /opt/stack/data/venv/lib/python3.12/site-packages/oslo_db/sqlalchemy/engines.py:402}}
May 19 10:06:32.927382 np0000174688 neutron-periodic-workers[105132]: DEBUG dbcounter [-] [105132] Writer thread running {{(pid=105132) stat_writer /opt/stack/data/venv/lib/python3.12/site-packages/dbcounter.py:102}}
May 19 10:06:32.938473 np0000174688 neutron-periodic-workers[105132]: DEBUG oslo.service.backend._threading.loopingcall [None req-f9ac964a-4785-4289-a7e7-acf350994fe1 None None] Fixed interval looping call 'neutron.plugins.ml2.plugin.DhcpAgentSchedulerDbMixin.remove_networks_from_down_agents' sleeping for 36.97 seconds {{(pid=105132) _run_loop /opt/stack/data/venv/lib/python3.12/site-packages/oslo_service/backend/_threading/loopingcall.py:125}}
May 19 10:06:35.944678 np0000174688 neutron-periodic-workers[105138]: DEBUG dbcounter [-] [105138] Writer thread running {{(pid=105138) stat_writer /opt/stack/data/venv/lib/python3.12/site-packages/dbcounter.py:102}}
May 19 10:06:35.948211 np0000174688 neutron-periodic-workers[105138]: DEBUG neutron.db.agents_db [None req-234129ac-005a-4349-8fb2-f98524a7bf3f None None] Agent healthcheck: found 0 active agents {{(pid=105138) agent_health_check /opt/stack/neutron/neutron/db/agents_db.py:322}}
May 19 10:06:35.948472 np0000174688 neutron-periodic-workers[105138]: DEBUG oslo.service.backend._threading.loopingcall [None req-234129ac-005a-4349-8fb2-f98524a7bf3f None None] Fixed interval looping call 'neutron.plugins.ml2.plugin.AgentDbMixin.agent_health_check' sleeping for 36.98 seconds {{(pid=105138) _run_loop /opt/stack/data/venv/lib/python3.12/site-packages/oslo_service/backend/_threading/loopingcall.py:125}}
May 19 10:06:42.936991 np0000174688 neutron-periodic-workers[105132]: DEBUG dbcounter [-] [105132] Writing DB stats neutron:SELECT=3 {{(pid=105132) stat_writer /opt/stack/data/venv/lib/python3.12/site-packages/dbcounter.py:115}}
May 19 10:06:45.946686 np0000174688 neutron-periodic-workers[105138]: DEBUG dbcounter [-] [105138] Writing DB stats neutron:SELECT=1 {{(pid=105138) stat_writer /opt/stack/data/venv/lib/python3.12/site-packages/dbcounter.py:115}}
May 19 10:07:09.923230 np0000174688 neutron-periodic-workers[105132]: DEBUG oslo.service.backend._threading.loopingcall [None req-f9ac964a-4785-4289-a7e7-acf350994fe1 None None] Fixed interval looping call 'neutron.plugins.ml2.plugin.DhcpAgentSchedulerDbMixin.remove_networks_from_down_agents' sleeping for 36.99 seconds {{(pid=105132) _run_loop /opt/stack/data/venv/lib/python3.12/site-packages/oslo_service/backend/_threading/loopingcall.py:125}}
May 19 10:07:12.934635 np0000174688 neutron-periodic-workers[105138]: DEBUG neutron.db.agents_db [None req-234129ac-005a-4349-8fb2-f98524a7bf3f None None] Agent healthcheck: found 0 active agents {{(pid=105138) agent_health_check /opt/stack/neutron/neutron/db/agents_db.py:322}}
May 19 10:07:12.935162 np0000174688 neutron-periodic-workers[105138]: DEBUG oslo.service.backend._threading.loopingcall [None req-234129ac-005a-4349-8fb2-f98524a7bf3f None None] Fixed interval looping call 'neutron.plugins.ml2.plugin.AgentDbMixin.agent_health_check' sleeping for 36.99 seconds {{(pid=105138) _run_loop /opt/stack/data/venv/lib/python3.12/site-packages/oslo_service/backend/_threading/loopingcall.py:125}}
May 19 10:07:19.923583 np0000174688 neutron-periodic-workers[105132]: DEBUG dbcounter [-] [105132] Writing DB stats neutron:SELECT=3 {{(pid=105132) stat_writer /opt/stack/data/venv/lib/python3.12/site-packages/dbcounter.py:115}}
May 19 10:07:22.932482 np0000174688 neutron-periodic-workers[105138]: DEBUG dbcounter [-] [105138] Writing DB stats neutron:SELECT=1 {{(pid=105138) stat_writer /opt/stack/data/venv/lib/python3.12/site-packages/dbcounter.py:115}}
May 19 10:07:41.965455 np0000174688 neutron-periodic-workers[105142]: DEBUG dbcounter [-] [105142] Writer thread running {{(pid=105142) stat_writer /opt/stack/data/venv/lib/python3.12/site-packages/dbcounter.py:102}}
May 19 10:07:41.967641 np0000174688 neutron-periodic-workers[105142]: DEBUG oslo.service.backend._threading.loopingcall [None req-1b20b043-313d-4ddf-99fa-607df75b6e70 None None] Fixed interval looping call 'neutron.db.quota.driver_nolock.DbQuotaNoLockDriver._remove_expired_reservations' sleeping for 119.98 seconds {{(pid=105142) _run_loop /opt/stack/data/venv/lib/python3.12/site-packages/oslo_service/backend/_threading/loopingcall.py:125}}
May 19 10:07:46.921063 np0000174688 neutron-periodic-workers[105132]: DEBUG oslo.service.backend._threading.loopingcall [None req-f9ac964a-4785-4289-a7e7-acf350994fe1 None None] Fixed interval looping call 'neutron.plugins.ml2.plugin.DhcpAgentSchedulerDbMixin.remove_networks_from_down_agents' sleeping for 36.99 seconds {{(pid=105132) _run_loop /opt/stack/data/venv/lib/python3.12/site-packages/oslo_service/backend/_threading/loopingcall.py:125}}
May 19 10:07:49.929604 np0000174688 neutron-periodic-workers[105138]: DEBUG neutron.db.agents_db [None req-234129ac-005a-4349-8fb2-f98524a7bf3f None None] Agent healthcheck: found 0 active agents {{(pid=105138) agent_health_check /opt/stack/neutron/neutron/db/agents_db.py:322}}
May 19 10:07:49.930192 np0000174688 neutron-periodic-workers[105138]: DEBUG oslo.service.backend._threading.loopingcall [None req-234129ac-005a-4349-8fb2-f98524a7bf3f None None] Fixed interval looping call 'neutron.plugins.ml2.plugin.AgentDbMixin.agent_health_check' sleeping for 37.00 seconds {{(pid=105138) _run_loop /opt/stack/data/venv/lib/python3.12/site-packages/oslo_service/backend/_threading/loopingcall.py:125}}
May 19 10:07:51.966144 np0000174688 neutron-periodic-workers[105142]: DEBUG dbcounter [-] [105142] Writing DB stats neutron:DELETE=1 {{(pid=105142) stat_writer /opt/stack/data/venv/lib/python3.12/site-packages/dbcounter.py:115}}
May 19 10:07:56.920185 np0000174688 neutron-periodic-workers[105132]: DEBUG dbcounter [-] [105132] Writing DB stats neutron:SELECT=3 {{(pid=105132) stat_writer /opt/stack/data/venv/lib/python3.12/site-packages/dbcounter.py:115}}
May 19 10:07:59.928088 np0000174688 neutron-periodic-workers[105138]: DEBUG dbcounter [-] [105138] Writing DB stats neutron:SELECT=1 {{(pid=105138) stat_writer /opt/stack/data/venv/lib/python3.12/site-packages/dbcounter.py:115}}
May 19 10:08:17.018377 np0000174688 neutron-periodic-workers[105150]: DEBUG dbcounter [-] [105150] Writer thread running {{(pid=105150) stat_writer /opt/stack/data/venv/lib/python3.12/site-packages/dbcounter.py:102}}
May 19 10:08:17.030816 np0000174688 neutron-periodic-workers[105150]: DEBUG oslo.service.backend._threading.loopingcall [None req-83d6dfbb-bd90-42dc-adb0-861f13f470ca None None] Fixed interval looping call 'neutron.services.ovn_l3.plugin.L3_NAT_dbonly_mixin._clean_garbage' sleeping for 299.95 seconds {{(pid=105150) _run_loop /opt/stack/data/venv/lib/python3.12/site-packages/oslo_service/backend/_threading/loopingcall.py:125}}
May 19 10:08:23.919809 np0000174688 neutron-periodic-workers[105132]: DEBUG oslo.service.backend._threading.loopingcall [None req-f9ac964a-4785-4289-a7e7-acf350994fe1 None None] Fixed interval looping call 'neutron.plugins.ml2.plugin.DhcpAgentSchedulerDbMixin.remove_networks_from_down_agents' sleeping for 36.99 seconds {{(pid=105132) _run_loop /opt/stack/data/venv/lib/python3.12/site-packages/oslo_service/backend/_threading/loopingcall.py:125}}
May 19 10:08:26.936544 np0000174688 neutron-periodic-workers[105138]: DEBUG neutron.db.agents_db [None req-234129ac-005a-4349-8fb2-f98524a7bf3f None None] Agent healthcheck: found 0 active agents {{(pid=105138) agent_health_check /opt/stack/neutron/neutron/db/agents_db.py:322}}
May 19 10:08:26.937273 np0000174688 neutron-periodic-workers[105138]: DEBUG oslo.service.backend._threading.loopingcall [None req-234129ac-005a-4349-8fb2-f98524a7bf3f None None] Fixed interval looping call 'neutron.plugins.ml2.plugin.AgentDbMixin.agent_health_check' sleeping for 36.99 seconds {{(pid=105138) _run_loop /opt/stack/data/venv/lib/python3.12/site-packages/oslo_service/backend/_threading/loopingcall.py:125}}
May 19 10:08:27.018989 np0000174688 neutron-periodic-workers[105150]: DEBUG dbcounter [-] [105150] Writing DB stats neutron:SELECT=1 {{(pid=105150) stat_writer /opt/stack/data/venv/lib/python3.12/site-packages/dbcounter.py:115}}
May 19 10:08:33.919964 np0000174688 neutron-periodic-workers[105132]: DEBUG dbcounter [-] [105132] Writing DB stats neutron:SELECT=3 {{(pid=105132) stat_writer /opt/stack/data/venv/lib/python3.12/site-packages/dbcounter.py:115}}
May 19 10:08:36.934372 np0000174688 neutron-periodic-workers[105138]: DEBUG dbcounter [-] [105138] Writing DB stats neutron:SELECT=1 {{(pid=105138) stat_writer /opt/stack/data/venv/lib/python3.12/site-packages/dbcounter.py:115}}
May 19 10:09:00.918748 np0000174688 neutron-periodic-workers[105132]: DEBUG oslo.service.backend._threading.loopingcall [None req-f9ac964a-4785-4289-a7e7-acf350994fe1 None None] Fixed interval looping call 'neutron.plugins.ml2.plugin.DhcpAgentSchedulerDbMixin.remove_networks_from_down_agents' sleeping for 36.99 seconds {{(pid=105132) _run_loop /opt/stack/data/venv/lib/python3.12/site-packages/oslo_service/backend/_threading/loopingcall.py:125}}
May 19 10:09:03.934582 np0000174688 neutron-periodic-workers[105138]: DEBUG neutron.db.agents_db [None req-234129ac-005a-4349-8fb2-f98524a7bf3f None None] Agent healthcheck: found 0 active agents {{(pid=105138) agent_health_check /opt/stack/neutron/neutron/db/agents_db.py:322}}
May 19 10:09:03.935094 np0000174688 neutron-periodic-workers[105138]: DEBUG oslo.service.backend._threading.loopingcall [None req-234129ac-005a-4349-8fb2-f98524a7bf3f None None] Fixed interval looping call 'neutron.plugins.ml2.plugin.AgentDbMixin.agent_health_check' sleeping for 36.99 seconds {{(pid=105138) _run_loop /opt/stack/data/venv/lib/python3.12/site-packages/oslo_service/backend/_threading/loopingcall.py:125}}
May 19 10:09:10.918097 np0000174688 neutron-periodic-workers[105132]: DEBUG dbcounter [-] [105132] Writing DB stats neutron:SELECT=3 {{(pid=105132) stat_writer /opt/stack/data/venv/lib/python3.12/site-packages/dbcounter.py:115}}
May 19 10:09:13.934519 np0000174688 neutron-periodic-workers[105138]: DEBUG dbcounter [-] [105138] Writing DB stats neutron:SELECT=1 {{(pid=105138) stat_writer /opt/stack/data/venv/lib/python3.12/site-packages/dbcounter.py:115}}
May 19 10:09:37.918074 np0000174688 neutron-periodic-workers[105132]: DEBUG oslo.service.backend._threading.loopingcall [None req-f9ac964a-4785-4289-a7e7-acf350994fe1 None None] Fixed interval looping call 'neutron.plugins.ml2.plugin.DhcpAgentSchedulerDbMixin.remove_networks_from_down_agents' sleeping for 36.99 seconds {{(pid=105132) _run_loop /opt/stack/data/venv/lib/python3.12/site-packages/oslo_service/backend/_threading/loopingcall.py:125}}
May 19 10:09:40.931377 np0000174688 neutron-periodic-workers[105138]: DEBUG neutron.db.agents_db [None req-234129ac-005a-4349-8fb2-f98524a7bf3f None None] Agent healthcheck: found 0 active agents {{(pid=105138) agent_health_check /opt/stack/neutron/neutron/db/agents_db.py:322}}
May 19 10:09:40.932014 np0000174688 neutron-periodic-workers[105138]: DEBUG oslo.service.backend._threading.loopingcall [None req-234129ac-005a-4349-8fb2-f98524a7bf3f None None] Fixed interval looping call 'neutron.plugins.ml2.plugin.AgentDbMixin.agent_health_check' sleeping for 36.99 seconds {{(pid=105138) _run_loop /opt/stack/data/venv/lib/python3.12/site-packages/oslo_service/backend/_threading/loopingcall.py:125}}
May 19 10:09:41.954394 np0000174688 neutron-periodic-workers[105142]: DEBUG oslo.service.backend._threading.loopingcall [None req-1b20b043-313d-4ddf-99fa-607df75b6e70 None None] Fixed interval looping call 'neutron.db.quota.driver_nolock.DbQuotaNoLockDriver._remove_expired_reservations' sleeping for 119.99 seconds {{(pid=105142) _run_loop /opt/stack/data/venv/lib/python3.12/site-packages/oslo_service/backend/_threading/loopingcall.py:125}}
May 19 10:09:47.917721 np0000174688 neutron-periodic-workers[105132]: DEBUG dbcounter [-] [105132] Writing DB stats neutron:SELECT=3 {{(pid=105132) stat_writer /opt/stack/data/venv/lib/python3.12/site-packages/dbcounter.py:115}}
May 19 10:09:50.928748 np0000174688 neutron-periodic-workers[105138]: DEBUG dbcounter [-] [105138] Writing DB stats neutron:SELECT=1 {{(pid=105138) stat_writer /opt/stack/data/venv/lib/python3.12/site-packages/dbcounter.py:115}}
May 19 10:09:51.952575 np0000174688 neutron-periodic-workers[105142]: DEBUG dbcounter [-] [105142] Writing DB stats neutron:DELETE=1 {{(pid=105142) stat_writer /opt/stack/data/venv/lib/python3.12/site-packages/dbcounter.py:115}}