2026-06-03 08:45:50.236 8 INFO neutron.api.v2.resource [None req-12c6fb5f-9f23-43ae-b82c-f0140b20b753 43a0c0b3c66a4416a86812b96b0a1b26 09128d5926564bd3bba49545764f17b0 - - default default] show failed (client error): The resource could not be found. [pid: 8|app: 0|req: 1451/2877] 10.0.0.37 () {32 vars in 745 bytes} [Wed Jun 3 08:45:50 2026] GET /v2.0/security-group-rules/a96a9a89-8497-4c3f-9cc5-9849eee1cf9a => generated 155 bytes in 13 msecs (HTTP/1.1 404) 4 headers in 164 bytes (1 switches on core 0) [pid: 7|app: 0|req: 1427/2878] 10.0.0.37 () {32 vars in 748 bytes} [Wed Jun 3 08:45:50 2026] DELETE /v2.0/security-group-rules/5404a554-7753-4870-81f4-af5cb139a2fa => generated 0 bytes in 76 msecs (HTTP/1.1 204) 2 headers in 112 bytes (1 switches on core 0)
2026-06-03 08:45:50.339 8 INFO neutron.api.v2.resource [None req-4b117202-5aa2-4c2d-adfa-1f876353505e 43a0c0b3c66a4416a86812b96b0a1b26 09128d5926564bd3bba49545764f17b0 - - default default] show failed (client error): The resource could not be found. [pid: 8|app: 0|req: 1452/2879] 10.0.0.37 () {32 vars in 745 bytes} [Wed Jun 3 08:45:50 2026] GET /v2.0/security-group-rules/5404a554-7753-4870-81f4-af5cb139a2fa => generated 155 bytes in 16 msecs (HTTP/1.1 404) 4 headers in 164 bytes (1 switches on core 0) [pid: 7|app: 0|req: 1428/2880] 10.0.0.37 () {32 vars in 748 bytes} [Wed Jun 3 08:45:50 2026] DELETE /v2.0/security-group-rules/5c6adba9-7e8c-4aaf-aba7-da78a28778de => generated 0 bytes in 83 msecs (HTTP/1.1 204) 2 headers in 112 bytes (1 switches on core 0)
2026-06-03 08:45:50.445 8 INFO neutron.api.v2.resource [None req-a5a75272-decc-4b74-8d31-5db76ca5f73c 43a0c0b3c66a4416a86812b96b0a1b26 09128d5926564bd3bba49545764f17b0 - - default default] show failed (client error): The resource could not be found. [pid: 8|app: 0|req: 1453/2881] 10.0.0.37 () {32 vars in 745 bytes} [Wed Jun 3 08:45:50 2026] GET /v2.0/security-group-rules/5c6adba9-7e8c-4aaf-aba7-da78a28778de => generated 155 bytes in 14 msecs (HTTP/1.1 404) 4 headers in 164 bytes (1 switches on core 0) [pid: 7|app: 0|req: 1429/2882] 10.0.0.37 () {32 vars in 748 bytes} [Wed Jun 3 08:45:50 2026] DELETE /v2.0/security-group-rules/4a63c952-4391-41d9-bf87-836f3ce56434 => generated 0 bytes in 91 msecs (HTTP/1.1 204) 2 headers in 112 bytes (1 switches on core 0)
2026-06-03 08:45:50.559 8 INFO neutron.api.v2.resource [None req-ab1016ef-8210-40a2-a25c-a922cec9fe60 43a0c0b3c66a4416a86812b96b0a1b26 09128d5926564bd3bba49545764f17b0 - - default default] show failed (client error): The resource could not be found. [pid: 8|app: 0|req: 1454/2883] 10.0.0.37 () {32 vars in 745 bytes} [Wed Jun 3 08:45:50 2026] GET /v2.0/security-group-rules/4a63c952-4391-41d9-bf87-836f3ce56434 => generated 155 bytes in 13 msecs (HTTP/1.1 404) 4 headers in 164 bytes (1 switches on core 0) [pid: 7|app: 0|req: 1430/2884] 10.0.0.37 () {32 vars in 748 bytes} [Wed Jun 3 08:45:50 2026] DELETE /v2.0/security-group-rules/03f8d9a3-4e8f-4a6b-9abf-8db783a8eb7a => generated 0 bytes in 99 msecs (HTTP/1.1 204) 2 headers in 112 bytes (1 switches on core 0)
2026-06-03 08:45:50.684 8 INFO neutron.api.v2.resource [None req-18b2949b-1ee9-46c9-8f6b-fbb8f2efe1aa 43a0c0b3c66a4416a86812b96b0a1b26 09128d5926564bd3bba49545764f17b0 - - default default] show failed (client error): The resource could not be found. [pid: 8|app: 0|req: 1455/2885] 10.0.0.37 () {32 vars in 745 bytes} [Wed Jun 3 08:45:50 2026] GET /v2.0/security-group-rules/03f8d9a3-4e8f-4a6b-9abf-8db783a8eb7a => generated 155 bytes in 17 msecs (HTTP/1.1 404) 4 headers in 164 bytes (1 switches on core 0) [pid: 7|app: 0|req: 1431/2886] 10.0.0.37 () {32 vars in 748 bytes} [Wed Jun 3 08:45:50 2026] DELETE /v2.0/security-group-rules/a77c052c-4c4a-4f07-9a56-5d83b22f13c4 => generated 0 bytes in 70 msecs (HTTP/1.1 204) 2 headers in 112 bytes (1 switches on core 0)
2026-06-03 08:45:50.778 8 INFO neutron.api.v2.resource [None req-e3692403-2045-4a1f-820c-8772953a3077 43a0c0b3c66a4416a86812b96b0a1b26 09128d5926564bd3bba49545764f17b0 - - default default] show failed (client error): The resource could not be found. [pid: 8|app: 0|req: 1456/2887] 10.0.0.37 () {32 vars in 745 bytes} [Wed Jun 3 08:45:50 2026] GET /v2.0/security-group-rules/a77c052c-4c4a-4f07-9a56-5d83b22f13c4 => generated 155 bytes in 12 msecs (HTTP/1.1 404) 4 headers in 164 bytes (1 switches on core 0) [pid: 7|app: 0|req: 1432/2888] 10.0.0.37 () {32 vars in 748 bytes} [Wed Jun 3 08:45:50 2026] DELETE /v2.0/security-group-rules/8a76bebb-7b01-4828-99a0-45b85ce67fa5 => generated 0 bytes in 66 msecs (HTTP/1.1 204) 2 headers in 112 bytes (1 switches on core 0)
2026-06-03 08:45:50.865 8 INFO neutron.api.v2.resource [None req-24cda7cb-bbd4-4d4e-8382-a3eaec1f0405 43a0c0b3c66a4416a86812b96b0a1b26 09128d5926564bd3bba49545764f17b0 - - default default] show failed (client error): The resource could not be found. [pid: 8|app: 0|req: 1457/2889] 10.0.0.37 () {32 vars in 745 bytes} [Wed Jun 3 08:45:50 2026] GET /v2.0/security-group-rules/8a76bebb-7b01-4828-99a0-45b85ce67fa5 => generated 155 bytes in 13 msecs (HTTP/1.1 404) 4 headers in 164 bytes (1 switches on core 0) [pid: 7|app: 0|req: 1433/2890] 10.0.0.37 () {32 vars in 748 bytes} [Wed Jun 3 08:45:50 2026] DELETE /v2.0/security-group-rules/6b1dfc31-97a4-48d4-9f57-94060f10ac79 => generated 0 bytes in 80 msecs (HTTP/1.1 204) 2 headers in 112 bytes (1 switches on core 0)
2026-06-03 08:45:50.969 8 INFO neutron.api.v2.resource [None req-e95d8787-3cd0-43b5-8dae-c830151702b4 43a0c0b3c66a4416a86812b96b0a1b26 09128d5926564bd3bba49545764f17b0 - - default default] show failed (client error): The resource could not be found. [pid: 8|app: 0|req: 1458/2891] 10.0.0.37 () {32 vars in 745 bytes} [Wed Jun 3 08:45:50 2026] GET /v2.0/security-group-rules/6b1dfc31-97a4-48d4-9f57-94060f10ac79 => generated 155 bytes in 14 msecs (HTTP/1.1 404) 4 headers in 164 bytes (1 switches on core 0) [pid: 7|app: 0|req: 1434/2892] 10.0.0.37 () {32 vars in 738 bytes} [Wed Jun 3 08:45:50 2026] DELETE /v2.0/security-groups/8c5e21c2-b3d6-433d-be06-ec99777c1e31 => generated 0 bytes in 113 msecs (HTTP/1.1 204) 2 headers in 112 bytes (1 switches on core 0)
2026-06-03 08:45:51.105 8 INFO neutron.api.v2.resource [None req-529cf11b-6379-4238-b494-e18fc0c41f01 43a0c0b3c66a4416a86812b96b0a1b26 09128d5926564bd3bba49545764f17b0 - - default default] show failed (client error): The resource could not be found. [pid: 8|app: 0|req: 1459/2893] 10.0.0.37 () {32 vars in 735 bytes} [Wed Jun 3 08:45:51 2026] GET /v2.0/security-groups/8c5e21c2-b3d6-433d-be06-ec99777c1e31 => generated 146 bytes in 14 msecs (HTTP/1.1 404) 4 headers in 164 bytes (1 switches on core 0) [pid: 7|app: 0|req: 1435/2894] 10.0.0.37 () {34 vars in 787 bytes} [Wed Jun 3 08:45:51 2026] PUT /v2.0/routers/2a89309a-af6b-4679-a08b-dd1b89059705/remove_router_interface => generated 309 bytes in 1533 msecs (HTTP/1.1 200) 4 headers in 157 bytes (1 switches on core 0)
2026-06-03 08:45:52.970 8 INFO neutron.api.v2.resource [None req-af0a4481-18d9-4b24-9928-de3c2baa5b36 43a0c0b3c66a4416a86812b96b0a1b26 09128d5926564bd3bba49545764f17b0 - - default default] remove_router_interface failed (client error): The resource could not be found. [pid: 8|app: 0|req: 1460/2895] 10.0.0.37 () {34 vars in 787 bytes} [Wed Jun 3 08:45:52 2026] PUT /v2.0/routers/2a89309a-af6b-4679-a08b-dd1b89059705/remove_router_interface => generated 198 bytes in 273 msecs (HTTP/1.1 404) 4 headers in 164 bytes (1 switches on core 0) [pid: 7|app: 0|req: 1436/2896] 10.0.0.37 () {34 vars in 787 bytes} [Wed Jun 3 08:45:52 2026] PUT /v2.0/routers/2a89309a-af6b-4679-a08b-dd1b89059705/remove_router_interface => generated 309 bytes in 1402 msecs (HTTP/1.1 200) 4 headers in 157 bytes (1 switches on core 0)
2026-06-03 08:45:54.602 8 INFO neutron.api.v2.resource [None req-6b92b1bd-6e25-4e04-8f3b-e38371781ca4 43a0c0b3c66a4416a86812b96b0a1b26 09128d5926564bd3bba49545764f17b0 - - default default] remove_router_interface failed (client error): The resource could not be found. [pid: 8|app: 0|req: 1461/2897] 10.0.0.37 () {34 vars in 787 bytes} [Wed Jun 3 08:45:54 2026] PUT /v2.0/routers/2a89309a-af6b-4679-a08b-dd1b89059705/remove_router_interface => generated 198 bytes in 219 msecs (HTTP/1.1 404) 4 headers in 164 bytes (1 switches on core 0) [pid: 7|app: 0|req: 1437/2898] 10.0.0.37 () {34 vars in 787 bytes} [Wed Jun 3 08:45:54 2026] PUT /v2.0/routers/2a89309a-af6b-4679-a08b-dd1b89059705/remove_router_interface => generated 309 bytes in 1471 msecs (HTTP/1.1 200) 4 headers in 157 bytes (1 switches on core 0)
2026-06-03 08:45:56.321 8 INFO neutron.api.v2.resource [None req-024b5d31-a831-4a27-9980-8a90d788a29a 43a0c0b3c66a4416a86812b96b0a1b26 09128d5926564bd3bba49545764f17b0 - - default default] remove_router_interface failed (client error): The resource could not be found. [pid: 8|app: 0|req: 1462/2899] 10.0.0.37 () {34 vars in 787 bytes} [Wed Jun 3 08:45:56 2026] PUT /v2.0/routers/2a89309a-af6b-4679-a08b-dd1b89059705/remove_router_interface => generated 198 bytes in 237 msecs (HTTP/1.1 404) 4 headers in 164 bytes (1 switches on core 0)
2026-06-03 08:45:57.965 7 INFO neutron.db.l3_hamode_db [None req-bda35535-8462-43ac-a9ef-733ab3290f71 43a0c0b3c66a4416a86812b96b0a1b26 09128d5926564bd3bba49545764f17b0 - - default default] HA network 77b431d2-314b-4e17-90db-11e87897afc2 was deleted as no HA routers are present in tenant 09128d5926564bd3bba49545764f17b0. [pid: 7|app: 0|req: 1438/2900] 10.0.0.37 () {32 vars in 722 bytes} [Wed Jun 3 08:45:56 2026] DELETE /v2.0/routers/2a89309a-af6b-4679-a08b-dd1b89059705 => generated 0 bytes in 1644 msecs (HTTP/1.1 204) 2 headers in 112 bytes (1 switches on core 0)
2026-06-03 08:45:58.006 8 INFO neutron.api.v2.resource [None req-27b6a010-c96f-4c76-a5b5-3793e1bd6335 43a0c0b3c66a4416a86812b96b0a1b26 09128d5926564bd3bba49545764f17b0 - - default default] show failed (client error): The resource could not be found. [pid: 8|app: 0|req: 1463/2901] 10.0.0.37 () {32 vars in 719 bytes} [Wed Jun 3 08:45:57 2026] GET /v2.0/routers/2a89309a-af6b-4679-a08b-dd1b89059705 => generated 135 bytes in 30 msecs (HTTP/1.1 404) 4 headers in 164 bytes (1 switches on core 0)
2026-06-03 08:45:58.079 7 INFO neutron.services.segments.plugin [-] Segment 850bc0b4-206e-46f3-b893-07bded6cf14e resource provider aggregate not found
2026-06-03 08:45:58.085 7 INFO neutron.services.segments.plugin [-] Segment 850bc0b4-206e-46f3-b893-07bded6cf14e resource provider aggregate not found
2026-06-03 08:45:58.093 7 INFO neutron.services.segments.plugin [-] Segment 850bc0b4-206e-46f3-b893-07bded6cf14e resource provider not found; error: Placement Client Error (4xx): {"errors": [{"status": 404, "title": "Not Found", "detail": "The resource could not be found.\n\n No resource provider with uuid 850bc0b4-206e-46f3-b893-07bded6cf14e found for delete ", "request_id": "req-ac7e6eee-4daa-4795-bcb0-3ba41dc2d217"}]}
2026-06-03 08:45:58.099 7 INFO neutron.services.segments.plugin [-] Segment 850bc0b4-206e-46f3-b893-07bded6cf14e resource provider not found; error: Placement Client Error (4xx): {"errors": [{"status": 404, "title": "Not Found", "detail": "The resource could not be found.\n\n No resource provider with uuid 850bc0b4-206e-46f3-b893-07bded6cf14e found for delete ", "request_id": "req-47a3c3f5-52ed-46e7-a433-ba205a415350"}]} [pid: 7|app: 0|req: 1439/2902] 10.0.0.37 () {32 vars in 722 bytes} [Wed Jun 3 08:45:58 2026] DELETE /v2.0/subnets/464180fa-0adc-4dc3-8c34-dda25492ec55 => generated 0 bytes in 252 msecs (HTTP/1.1 204) 3 headers in 131 bytes (1 switches on core 0)
2026-06-03 08:45:58.291 8 INFO neutron.pecan_wsgi.hooks.translation [None req-ee50d0e4-8ac2-4495-b42f-913dd90fa9f0 43a0c0b3c66a4416a86812b96b0a1b26 09128d5926564bd3bba49545764f17b0 - - default default] GET failed (client error): The resource could not be found. [pid: 8|app: 0|req: 1464/2903] 10.0.0.37 () {32 vars in 719 bytes} [Wed Jun 3 08:45:58 2026] GET /v2.0/subnets/464180fa-0adc-4dc3-8c34-dda25492ec55 => generated 136 bytes in 22 msecs (HTTP/1.1 404) 4 headers in 164 bytes (1 switches on core 0) [pid: 7|app: 0|req: 1440/2904] 10.0.0.37 () {32 vars in 722 bytes} [Wed Jun 3 08:45:58 2026] DELETE /v2.0/subnets/cc7831de-3bef-4b23-b3d8-a5659118d5d9 => generated 0 bytes in 272 msecs (HTTP/1.1 204) 3 headers in 131 bytes (1 switches on core 0)
2026-06-03 08:45:58.605 8 INFO neutron.pecan_wsgi.hooks.translation [None req-874f3d49-420d-4fff-af4b-fccd008976a5 43a0c0b3c66a4416a86812b96b0a1b26 09128d5926564bd3bba49545764f17b0 - - default default] GET failed (client error): The resource could not be found. [pid: 8|app: 0|req: 1465/2905] 10.0.0.37 () {32 vars in 719 bytes} [Wed Jun 3 08:45:58 2026] GET /v2.0/subnets/cc7831de-3bef-4b23-b3d8-a5659118d5d9 => generated 136 bytes in 31 msecs (HTTP/1.1 404) 4 headers in 164 bytes (1 switches on core 0) [pid: 7|app: 0|req: 1441/2906] 10.0.0.37 () {32 vars in 724 bytes} [Wed Jun 3 08:45:58 2026] DELETE /v2.0/networks/2e0458ea-aeb4-48cd-bd98-e6b99a3b3bc7 => generated 0 bytes in 460 msecs (HTTP/1.1 204) 3 headers in 131 bytes (1 switches on core 0)
2026-06-03 08:45:59.097 8 INFO neutron.pecan_wsgi.hooks.translation [None req-f39fa68f-23a2-495d-8cdf-212119245ffb 43a0c0b3c66a4416a86812b96b0a1b26 09128d5926564bd3bba49545764f17b0 - - default default] GET failed (client error): The resource could not be found. [pid: 8|app: 0|req: 1466/2907] 10.0.0.37 () {32 vars in 721 bytes} [Wed Jun 3 08:45:59 2026] GET /v2.0/networks/2e0458ea-aeb4-48cd-bd98-e6b99a3b3bc7 => generated 138 bytes in 23 msecs (HTTP/1.1 404) 4 headers in 164 bytes (1 switches on core 0) [pid: 7|app: 0|req: 1442/2908] 10.0.0.37 () {32 vars in 722 bytes} [Wed Jun 3 08:45:59 2026] DELETE /v2.0/subnets/be81f70c-a145-4b11-bdc5-b41a0b5619c6 => generated 0 bytes in 238 msecs (HTTP/1.1 204) 3 headers in 131 bytes (1 switches on core 0)
2026-06-03 08:45:59.369 8 INFO neutron.pecan_wsgi.hooks.translation [None req-f72ad5d3-2cb9-4548-b464-e7f65dfe8c02 43a0c0b3c66a4416a86812b96b0a1b26 09128d5926564bd3bba49545764f17b0 - - default default] GET failed (client error): The resource could not be found. [pid: 8|app: 0|req: 1467/2909] 10.0.0.37 () {32 vars in 719 bytes} [Wed Jun 3 08:45:59 2026] GET /v2.0/subnets/be81f70c-a145-4b11-bdc5-b41a0b5619c6 => generated 136 bytes in 24 msecs (HTTP/1.1 404) 4 headers in 164 bytes (1 switches on core 0) [pid: 7|app: 0|req: 1443/2910] 10.0.0.37 () {32 vars in 722 bytes} [Wed Jun 3 08:45:59 2026] DELETE /v2.0/subnets/5f70ca15-241d-4e1c-8d4b-1802c0ac5baf => generated 0 bytes in 286 msecs (HTTP/1.1 204) 3 headers in 131 bytes (1 switches on core 0)
2026-06-03 08:45:59.685 8 INFO neutron.pecan_wsgi.hooks.translation [None req-a2753bdb-6044-417d-9b72-f1ab22489ce7 43a0c0b3c66a4416a86812b96b0a1b26 09128d5926564bd3bba49545764f17b0 - - default default] GET failed (client error): The resource could not be found. [pid: 8|app: 0|req: 1468/2911] 10.0.0.37 () {32 vars in 719 bytes} [Wed Jun 3 08:45:59 2026] GET /v2.0/subnets/5f70ca15-241d-4e1c-8d4b-1802c0ac5baf => generated 136 bytes in 20 msecs (HTTP/1.1 404) 4 headers in 164 bytes (1 switches on core 0)
2026-06-03 08:46:00.112 7 INFO neutron.services.segments.plugin [-] Segment 44a5adfb-96d5-485f-a37c-4452e48549a7 resource provider aggregate not found
2026-06-03 08:46:00.118 7 INFO neutron.services.segments.plugin [-] Segment 44a5adfb-96d5-485f-a37c-4452e48549a7 resource provider aggregate not found
2026-06-03 08:46:00.125 7 INFO neutron.services.segments.plugin [-] Segment 44a5adfb-96d5-485f-a37c-4452e48549a7 resource provider not found; error: Placement Client Error (4xx): {"errors": [{"status": 404, "title": "Not Found", "detail": "The resource could not be found.\n\n No resource provider with uuid 44a5adfb-96d5-485f-a37c-4452e48549a7 found for delete ", "request_id": "req-4aa71dd6-d7b6-4409-80f5-b01a6e027c00"}]} [pid: 7|app: 0|req: 1444/2912] 10.0.0.37 () {32 vars in 724 bytes} [Wed Jun 3 08:45:59 2026] DELETE /v2.0/networks/ae49fc22-c364-404b-b7a6-4087ad054d69 => generated 0 bytes in 452 msecs (HTTP/1.1 204) 3 headers in 131 bytes (1 switches on core 0)
2026-06-03 08:46:00.174 8 INFO neutron.pecan_wsgi.hooks.translation [None req-96595dd9-5c0d-4b1a-b046-dd7a49d8416e 43a0c0b3c66a4416a86812b96b0a1b26 09128d5926564bd3bba49545764f17b0 - - default default] GET failed (client error): The resource could not be found. [pid: 8|app: 0|req: 1469/2913] 10.0.0.37 () {32 vars in 721 bytes} [Wed Jun 3 08:46:00 2026] GET /v2.0/networks/ae49fc22-c364-404b-b7a6-4087ad054d69 => generated 138 bytes in 25 msecs (HTTP/1.1 404) 4 headers in 164 bytes (1 switches on core 0)
2026-06-03 08:46:00.198 7 INFO neutron.services.segments.plugin [-] Segment 44a5adfb-96d5-485f-a37c-4452e48549a7 resource provider not found; error: Placement Client Error (4xx): {"errors": [{"status": 404, "title": "Not Found", "detail": "The resource could not be found.\n\n No resource provider with uuid 44a5adfb-96d5-485f-a37c-4452e48549a7 found for delete ", "request_id": "req-31ebed88-a7b6-40bf-9172-4d327df1dc18"}]}
2026-06-03 08:46:00.203 7 INFO neutron.services.segments.plugin [-] Segment 34bc8742-6fce-4f66-aa19-41eb7b82838a resource provider aggregate not found
2026-06-03 08:46:00.217 7 INFO neutron.services.segments.plugin [-] Segment 34bc8742-6fce-4f66-aa19-41eb7b82838a resource provider not found; error: Placement Client Error (4xx): {"errors": [{"status": 404, "title": "Not Found", "detail": "The resource could not be found.\n\n No resource provider with uuid 34bc8742-6fce-4f66-aa19-41eb7b82838a found for delete ", "request_id": "req-45d9179e-2517-448f-8800-56fb7d395559"}]}
2026-06-03 08:46:00.222 7 INFO neutron.services.segments.plugin [-] Segment 34bc8742-6fce-4f66-aa19-41eb7b82838a resource provider aggregate not found
2026-06-03 08:46:00.235 7 INFO neutron.services.segments.plugin [-] Segment 34bc8742-6fce-4f66-aa19-41eb7b82838a resource provider not found; error: Placement Client Error (4xx): {"errors": [{"status": 404, "title": "Not Found", "detail": "The resource could not be found.\n\n No resource provider with uuid 34bc8742-6fce-4f66-aa19-41eb7b82838a found for delete ", "request_id": "req-ce759a94-bc60-450c-bb68-08f0ba81ea9e"}]} [pid: 7|app: 0|req: 1445/2914] 10.0.0.37 () {32 vars in 722 bytes} [Wed Jun 3 08:46:00 2026] DELETE /v2.0/subnets/8c546b3e-1be9-42be-8e3e-13fed9fb1dd2 => generated 0 bytes in 236 msecs (HTTP/1.1 204) 3 headers in 131 bytes (1 switches on core 0)
2026-06-03 08:46:00.446 8 INFO neutron.pecan_wsgi.hooks.translation [None req-3e00eb25-da67-45d6-8738-a4835b35677f 43a0c0b3c66a4416a86812b96b0a1b26 09128d5926564bd3bba49545764f17b0 - - default default] GET failed (client error): The resource could not be found. [pid: 8|app: 0|req: 1470/2915] 10.0.0.37 () {32 vars in 719 bytes} [Wed Jun 3 08:46:00 2026] GET /v2.0/subnets/8c546b3e-1be9-42be-8e3e-13fed9fb1dd2 => generated 136 bytes in 24 msecs (HTTP/1.1 404) 4 headers in 164 bytes (1 switches on core 0) [pid: 7|app: 0|req: 1446/2916] 10.0.0.37 () {32 vars in 722 bytes} [Wed Jun 3 08:46:00 2026] DELETE /v2.0/subnets/428c5fba-73b6-4122-9815-a99cb8b2a508 => generated 0 bytes in 248 msecs (HTTP/1.1 204) 3 headers in 131 bytes (1 switches on core 0)
2026-06-03 08:46:00.729 8 INFO neutron.pecan_wsgi.hooks.translation [None req-b09e393f-f4ab-4beb-ac28-f3d0cdf166d4 43a0c0b3c66a4416a86812b96b0a1b26 09128d5926564bd3bba49545764f17b0 - - default default] GET failed (client error): The resource could not be found. [pid: 8|app: 0|req: 1471/2917] 10.0.0.37 () {32 vars in 719 bytes} [Wed Jun 3 08:46:00 2026] GET /v2.0/subnets/428c5fba-73b6-4122-9815-a99cb8b2a508 => generated 136 bytes in 24 msecs (HTTP/1.1 404) 4 headers in 164 bytes (1 switches on core 0) [pid: 7|app: 0|req: 1447/2918] 10.0.0.37 () {32 vars in 724 bytes} [Wed Jun 3 08:46:00 2026] DELETE /v2.0/networks/3e8fe5c9-8f32-41af-b4e3-165a79f3c8e4 => generated 0 bytes in 405 msecs (HTTP/1.1 204) 3 headers in 131 bytes (1 switches on core 0)
2026-06-03 08:46:01.164 8 INFO neutron.pecan_wsgi.hooks.translation [None req-ce953659-a0f9-457a-a4b6-7ea4e3595966 43a0c0b3c66a4416a86812b96b0a1b26 09128d5926564bd3bba49545764f17b0 - - default default] GET failed (client error): The resource could not be found. [pid: 8|app: 0|req: 1472/2919] 10.0.0.37 () {32 vars in 721 bytes} [Wed Jun 3 08:46:01 2026] GET /v2.0/networks/3e8fe5c9-8f32-41af-b4e3-165a79f3c8e4 => generated 138 bytes in 19 msecs (HTTP/1.1 404) 4 headers in 164 bytes (1 switches on core 0)
2026-06-03 08:46:03.489 7 INFO neutron.services.segments.plugin [-] Segment 8a616385-1ac5-4830-8e3c-c5ea286b9e0b resource provider aggregate not found
2026-06-03 08:46:03.496 7 INFO neutron.services.segments.plugin [-] Segment 8a616385-1ac5-4830-8e3c-c5ea286b9e0b resource provider aggregate not found
2026-06-03 08:46:03.508 7 INFO neutron.services.segments.plugin [-] Segment 8a616385-1ac5-4830-8e3c-c5ea286b9e0b resource provider not found; error: Placement Client Error (4xx): {"errors": [{"status": 404, "title": "Not Found", "detail": "The resource could not be found.\n\n No resource provider with uuid 8a616385-1ac5-4830-8e3c-c5ea286b9e0b found for delete ", "request_id": "req-7018c222-ba22-4f08-977f-14f5e8ef7810"}]}
2026-06-03 08:46:03.515 7 INFO neutron.services.segments.plugin [-] Segment 8a616385-1ac5-4830-8e3c-c5ea286b9e0b resource provider not found; error: Placement Client Error (4xx): {"errors": [{"status": 404, "title": "Not Found", "detail": "The resource could not be found.\n\n No resource provider with uuid 8a616385-1ac5-4830-8e3c-c5ea286b9e0b found for delete ", "request_id": "req-ca65f953-a93f-45ed-982b-21c9b6e411d3"}]} [pid: 7|app: 0|req: 1448/2922] 10.0.0.37 () {32 vars in 772 bytes} [Wed Jun 3 08:46:03 2026] GET /v2.0/security-groups?tenant_id=aff7053e0419477a9550544fb717f8a9&name=default => generated 2929 bytes in 333 msecs (HTTP/1.1 200) 4 headers in 158 bytes (1 switches on core 0) [pid: 8|app: 0|req: 1475/2923] 10.0.0.37 () {32 vars in 738 bytes} [Wed Jun 3 08:46:03 2026] DELETE /v2.0/security-groups/802d2237-9114-4833-8570-87070fbd4a6c => generated 0 bytes in 111 msecs (HTTP/1.1 204) 2 headers in 112 bytes (1 switches on core 0) [pid: 7|app: 0|req: 1449/2924] 10.0.0.37 () {32 vars in 772 bytes} [Wed Jun 3 08:46:03 2026] GET /v2.0/security-groups?tenant_id=50c5e071327e4cb49e5f5943114048cd&name=default => generated 2929 bytes in 122 msecs (HTTP/1.1 200) 4 headers in 158 bytes (1 switches on core 0) [pid: 8|app: 0|req: 1476/2925] 10.0.0.37 () {32 vars in 738 bytes} [Wed Jun 3 08:46:04 2026] DELETE /v2.0/security-groups/22c23460-c248-4ea8-9c2f-236c0a1d673a => generated 0 bytes in 125 msecs (HTTP/1.1 204) 2 headers in 112 bytes (1 switches on core 0) [pid: 7|app: 0|req: 1450/2926] 10.0.0.37 () {32 vars in 772 bytes} [Wed Jun 3 08:46:04 2026] GET /v2.0/security-groups?tenant_id=7205ac59771b4db6aa0aac403f76c156&name=default => generated 2929 bytes in 175 msecs (HTTP/1.1 200) 4 headers in 158 bytes (1 switches on core 0) [pid: 8|app: 0|req: 1477/2927] 10.0.0.37 () {32 vars in 738 bytes} [Wed Jun 3 08:46:04 2026] DELETE /v2.0/security-groups/a8edfaa6-a5da-442b-ad9f-32d61c23b27c => generated 0 bytes in 170 msecs (HTTP/1.1 204) 2 headers in 112 bytes (1 switches on core 0) [pid: 7|app: 0|req: 1451/2928] 10.0.0.37 () {32 vars in 772 bytes} [Wed Jun 3 08:46:04 2026] GET /v2.0/security-groups?tenant_id=2448936baddb451785f88cecf4dde09f&name=default => generated 2929 bytes in 153 msecs (HTTP/1.1 200) 4 headers in 158 bytes (1 switches on core 0) [pid: 8|app: 0|req: 1478/2929] 10.0.0.37 () {32 vars in 738 bytes} [Wed Jun 3 08:46:05 2026] DELETE /v2.0/security-groups/5465ea6c-4dd3-4018-a317-c216e59df78c => generated 0 bytes in 124 msecs (HTTP/1.1 204) 2 headers in 112 bytes (1 switches on core 0) [pid: 7|app: 0|req: 1452/2930] 10.0.0.37 () {32 vars in 772 bytes} [Wed Jun 3 08:46:05 2026] GET /v2.0/security-groups?tenant_id=60f7318d179e4f248223a94e0d83e46d&name=default => generated 2929 bytes in 137 msecs (HTTP/1.1 200) 4 headers in 158 bytes (1 switches on core 0) [pid: 8|app: 0|req: 1479/2931] 10.0.0.37 () {32 vars in 738 bytes} [Wed Jun 3 08:46:05 2026] DELETE /v2.0/security-groups/5651ae7e-bae8-4f1d-8542-281c5eb0ca52 => generated 0 bytes in 126 msecs (HTTP/1.1 204) 2 headers in 112 bytes (1 switches on core 0) [pid: 7|app: 0|req: 1453/2932] 10.0.0.37 () {32 vars in 772 bytes} [Wed Jun 3 08:46:05 2026] GET /v2.0/security-groups?tenant_id=6c3bf0733e6e4c97aeb3240c4a2205bc&name=default => generated 2929 bytes in 187 msecs (HTTP/1.1 200) 4 headers in 158 bytes (1 switches on core 0) [pid: 8|app: 0|req: 1480/2933] 10.0.0.37 () {32 vars in 738 bytes} [Wed Jun 3 08:46:05 2026] DELETE /v2.0/security-groups/8104e7f8-e9a3-41b6-b0e5-32711ba54930 => generated 0 bytes in 123 msecs (HTTP/1.1 204) 2 headers in 112 bytes (1 switches on core 0) [pid: 7|app: 0|req: 1454/2934] 10.0.0.37 () {32 vars in 772 bytes} [Wed Jun 3 08:46:06 2026] GET /v2.0/security-groups?tenant_id=09128d5926564bd3bba49545764f17b0&name=default => generated 2925 bytes in 67 msecs (HTTP/1.1 200) 4 headers in 158 bytes (1 switches on core 0) [pid: 8|app: 0|req: 1481/2935] 10.0.0.37 () {32 vars in 738 bytes} [Wed Jun 3 08:46:06 2026] DELETE /v2.0/security-groups/5535b52f-a9aa-4ca7-94e7-6a59e87e8ca9 => generated 0 bytes in 126 msecs (HTTP/1.1 204) 2 headers in 112 bytes (1 switches on core 0)
2026-06-03 08:46:10.868 7 INFO neutron.db.segments_db [None req-afd8169e-1e6f-446b-abac-76f1625ce77c 137a092a92214d4d9c20a4fc4ee36f0c 2cbb94a148924c3dac0cb5650a5541ba - - default default] Added segment 9b2b7104-4f67-45e5-9fe0-2136d96b851d of type vxlan for network adcfc8df-2c35-48f2-97cf-205a307365c4 [pid: 7|app: 0|req: 1455/2936] 10.0.0.37 () {34 vars in 668 bytes} [Wed Jun 3 08:46:10 2026] POST /v2.0/networks => generated 727 bytes in 420 msecs (HTTP/1.1 201) 4 headers in 162 bytes (1 switches on core 0) [pid: 8|app: 0|req: 1482/2937] 10.0.0.37 () {34 vars in 667 bytes} [Wed Jun 3 08:46:10 2026] POST /v2.0/subnets => generated 620 bytes in 232 msecs (HTTP/1.1 201) 4 headers in 162 bytes (1 switches on core 0)
2026-06-03 08:46:11.219 7 WARNING neutron.api.v2.base [None req-28e8cb8a-47d6-4ad2-834f-28dea1b5228d 137a092a92214d4d9c20a4fc4ee36f0c 2cbb94a148924c3dac0cb5650a5541ba - - default default] An exception happened while processing the request body. The exception message is [Invalid input for target_tenant. Reason: 'None' is not a valid string.].: webob.exc.HTTPBadRequest: Invalid input for target_tenant. Reason: 'None' is not a valid string.
2026-06-03 08:46:11.220 7 INFO neutron.api.v2.resource [None req-28e8cb8a-47d6-4ad2-834f-28dea1b5228d 137a092a92214d4d9c20a4fc4ee36f0c 2cbb94a148924c3dac0cb5650a5541ba - - default default] create failed (client error): Invalid input for target_tenant. Reason: 'None' is not a valid string. [pid: 7|app: 0|req: 1456/2938] 10.0.0.37 () {34 vars in 679 bytes} [Wed Jun 3 08:46:11 2026] POST /v2.0/rbac-policies => generated 143 bytes in 12 msecs (HTTP/1.1 400) 4 headers in 166 bytes (1 switches on core 0) [pid: 8|app: 0|req: 1483/2939] 10.0.0.37 () {32 vars in 724 bytes} [Wed Jun 3 08:46:11 2026] DELETE /v2.0/networks/adcfc8df-2c35-48f2-97cf-205a307365c4 => generated 0 bytes in 292 msecs (HTTP/1.1 204) 3 headers in 131 bytes (1 switches on core 0)
2026-06-03 08:46:11.639 7 INFO neutron.db.segments_db [None req-4e7267d7-bf5f-4f61-90f3-cdcfd2dcfa25 137a092a92214d4d9c20a4fc4ee36f0c 2cbb94a148924c3dac0cb5650a5541ba - - default default] Added segment 3431817b-2a97-4847-8837-3450ff539979 of type vxlan for network ff9bc732-5239-4ef8-bf3e-12bcf0298707 [pid: 7|app: 0|req: 1457/2940] 10.0.0.37 () {34 vars in 668 bytes} [Wed Jun 3 08:46:11 2026] POST /v2.0/networks => generated 727 bytes in 216 msecs (HTTP/1.1 201) 4 headers in 162 bytes (1 switches on core 0)
2026-06-03 08:46:11.752 8 INFO neutron.services.segments.plugin [-] Segment 9b2b7104-4f67-45e5-9fe0-2136d96b851d resource provider aggregate not found
2026-06-03 08:46:11.765 8 INFO neutron.services.segments.plugin [-] Segment 9b2b7104-4f67-45e5-9fe0-2136d96b851d resource provider aggregate not found
2026-06-03 08:46:11.783 8 INFO neutron.services.segments.plugin [-] Segment 9b2b7104-4f67-45e5-9fe0-2136d96b851d resource provider not found; error: Placement Client Error (4xx): {"errors": [{"status": 404, "title": "Not Found", "detail": "The resource could not be found.\n\n No resource provider with uuid 9b2b7104-4f67-45e5-9fe0-2136d96b851d found for delete ", "request_id": "req-6ac924bc-4c85-44ff-b6a4-9f68990a36db"}]}
2026-06-03 08:46:11.783 8 INFO neutron.services.segments.plugin [-] Segment 9b2b7104-4f67-45e5-9fe0-2136d96b851d resource provider not found; error: Placement Client Error (4xx): {"errors": [{"status": 404, "title": "Not Found", "detail": "The resource could not be found.\n\n No resource provider with uuid 9b2b7104-4f67-45e5-9fe0-2136d96b851d found for delete ", "request_id": "req-d3e45ae9-0edc-4892-9de3-a21600b14f86"}]} [pid: 8|app: 0|req: 1484/2941] 10.0.0.37 () {34 vars in 667 bytes} [Wed Jun 3 08:46:11 2026] POST /v2.0/subnets => generated 623 bytes in 220 msecs (HTTP/1.1 201) 4 headers in 162 bytes (1 switches on core 0)
2026-06-03 08:46:11.995 7 WARNING neutron.api.v2.base [None req-8350f246-9223-4910-a8fb-66dcb47fd731 137a092a92214d4d9c20a4fc4ee36f0c 2cbb94a148924c3dac0cb5650a5541ba - - default default] An exception happened while processing the request body. The exception message is [Invalid input for target_tenant. Reason: '1234123412341234123412341234123412341234123412341234123412341234123412341234123412341234123412341234123412341234123412341234123412341234123412341234123412341234123412341234123412341234123412341234123412341234123412341234123412341234123412341234123412341234123412341234123412341234123412341234123412341234123412341234123412341234123412341234123412341234123412341234123412341234123412341234123412341234' exceeds maximum length of 255.].: webob.exc.HTTPBadRequest: Invalid input for target_tenant. Reason: '1234123412341234123412341234123412341234123412341234123412341234123412341234123412341234123412341234123412341234123412341234123412341234123412341234123412341234123412341234123412341234123412341234123412341234123412341234123412341234123412341234123412341234123412341234123412341234123412341234123412341234123412341234123412341234123412341234123412341234123412341234123412341234123412341234123412341234' exceeds maximum length of 255.
2026-06-03 08:46:11.996 7 INFO neutron.api.v2.resource [None req-8350f246-9223-4910-a8fb-66dcb47fd731 137a092a92214d4d9c20a4fc4ee36f0c 2cbb94a148924c3dac0cb5650a5541ba - - default default] create failed (client error): Invalid input for target_tenant. Reason: '1234123412341234123412341234123412341234123412341234123412341234123412341234123412341234123412341234123412341234123412341234123412341234123412341234123412341234123412341234123412341234123412341234123412341234123412341234123412341234123412341234123412341234123412341234123412341234123412341234123412341234123412341234123412341234123412341234123412341234123412341234123412341234123412341234123412341234' exceeds maximum length of 255. [pid: 7|app: 0|req: 1458/2942] 10.0.0.37 () {34 vars in 679 bytes} [Wed Jun 3 08:46:11 2026] POST /v2.0/rbac-policies => generated 547 bytes in 23 msecs (HTTP/1.1 400) 4 headers in 166 bytes (1 switches on core 0) [pid: 8|app: 0|req: 1485/2943] 10.0.0.37 () {32 vars in 724 bytes} [Wed Jun 3 08:46:12 2026] DELETE /v2.0/networks/ff9bc732-5239-4ef8-bf3e-12bcf0298707 => generated 0 bytes in 1183 msecs (HTTP/1.1 204) 3 headers in 131 bytes (1 switches on core 0)
2026-06-03 08:46:13.265 7 INFO neutron.db.segments_db [None req-520cb5dc-8fc8-411a-a541-2d665fb81682 137a092a92214d4d9c20a4fc4ee36f0c 2cbb94a148924c3dac0cb5650a5541ba - - default default] Added segment 09383444-f5ca-47a4-8d63-ef81836916a6 of type vxlan for network 759eea15-a8d0-472a-9a51-f1f339a70331 [pid: 7|app: 0|req: 1459/2944] 10.0.0.37 () {34 vars in 668 bytes} [Wed Jun 3 08:46:13 2026] POST /v2.0/networks => generated 727 bytes in 185 msecs (HTTP/1.1 201) 4 headers in 162 bytes (1 switches on core 0) [pid: 8|app: 0|req: 1486/2945] 10.0.0.37 () {34 vars in 667 bytes} [Wed Jun 3 08:46:13 2026] POST /v2.0/subnets => generated 623 bytes in 290 msecs (HTTP/1.1 201) 4 headers in 162 bytes (1 switches on core 0) [pid: 7|app: 0|req: 1460/2946] 10.0.0.37 () {34 vars in 679 bytes} [Wed Jun 3 08:46:13 2026] POST /v2.0/rbac-policies => generated 324 bytes in 381 msecs (HTTP/1.1 201) 4 headers in 162 bytes (1 switches on core 0)
2026-06-03 08:46:14.455 8 INFO neutron.services.segments.plugin [-] Segment 3431817b-2a97-4847-8837-3450ff539979 resource provider aggregate not found
2026-06-03 08:46:14.461 8 INFO neutron.services.segments.plugin [-] Segment 3431817b-2a97-4847-8837-3450ff539979 resource provider aggregate not found
2026-06-03 08:46:14.476 8 INFO neutron.services.segments.plugin [-] Segment 3431817b-2a97-4847-8837-3450ff539979 resource provider not found; error: Placement Client Error (4xx): {"errors": [{"status": 404, "title": "Not Found", "detail": "The resource could not be found.\n\n No resource provider with uuid 3431817b-2a97-4847-8837-3450ff539979 found for delete ", "request_id": "req-5e4cdb61-ac83-4472-a064-57c7a7b6dd74"}]}
2026-06-03 08:46:14.483 8 INFO neutron.services.segments.plugin [-] Segment 3431817b-2a97-4847-8837-3450ff539979 resource provider not found; error: Placement Client Error (4xx): {"errors": [{"status": 404, "title": "Not Found", "detail": "The resource could not be found.\n\n No resource provider with uuid 3431817b-2a97-4847-8837-3450ff539979 found for delete ", "request_id": "req-8fdcae03-417c-4561-94bd-fe7b342520a9"}]}
2026-06-03 08:46:14.496 8 INFO neutron.services.segments.plugin [-] Segment 3431817b-2a97-4847-8837-3450ff539979 resource provider aggregate not found
2026-06-03 08:46:14.502 8 INFO neutron.services.segments.plugin [-] Segment 3431817b-2a97-4847-8837-3450ff539979 resource provider aggregate not found
2026-06-03 08:46:14.525 8 INFO neutron.services.segments.plugin [-] Segment 3431817b-2a97-4847-8837-3450ff539979 resource provider not found; error: Placement Client Error (4xx): {"errors": [{"status": 404, "title": "Not Found", "detail": "The resource could not be found.\n\n No resource provider with uuid 3431817b-2a97-4847-8837-3450ff539979 found for delete ", "request_id": "req-c3b4249a-2141-4496-baba-15069758a91a"}]}
2026-06-03 08:46:14.526 8 INFO neutron.services.segments.plugin [-] Segment 3431817b-2a97-4847-8837-3450ff539979 resource provider not found; error: Placement Client Error (4xx): {"errors": [{"status": 404, "title": "Not Found", "detail": "The resource could not be found.\n\n No resource provider with uuid 3431817b-2a97-4847-8837-3450ff539979 found for delete ", "request_id": "req-928064b9-c306-4251-82e9-8ee9aef7dd7e"}]} [pid: 8|app: 0|req: 1487/2947] 10.0.0.37 () {32 vars in 721 bytes} [Wed Jun 3 08:46:14 2026] GET /v2.0/networks/759eea15-a8d0-472a-9a51-f1f339a70331 => generated 655 bytes in 226 msecs (HTTP/1.1 200) 4 headers in 157 bytes (1 switches on core 0)
2026-06-03 08:46:15.110 7 INFO neutron.pecan_wsgi.hooks.translation [None req-17a77190-28f4-4828-b94a-41cc642d0b31 4a11b8636792483c8280e28cdca6e987 a212faa9f2f84b32b7c502b38b22c224 - - default default] GET failed (client error): The resource could not be found. [pid: 7|app: 0|req: 1461/2948] 10.0.0.37 () {32 vars in 721 bytes} [Wed Jun 3 08:46:15 2026] GET /v2.0/networks/759eea15-a8d0-472a-9a51-f1f339a70331 => generated 138 bytes in 62 msecs (HTTP/1.1 404) 4 headers in 164 bytes (1 switches on core 0) [pid: 8|app: 0|req: 1488/2949] 10.0.0.37 () {32 vars in 724 bytes} [Wed Jun 3 08:46:15 2026] DELETE /v2.0/networks/759eea15-a8d0-472a-9a51-f1f339a70331 => generated 0 bytes in 608 msecs (HTTP/1.1 204) 3 headers in 131 bytes (1 switches on core 0)
2026-06-03 08:46:15.754 7 INFO neutron.pecan_wsgi.hooks.translation [None req-9b6749f8-15c3-4aba-99c0-a8702c399437 137a092a92214d4d9c20a4fc4ee36f0c 2cbb94a148924c3dac0cb5650a5541ba - - default default] DELETE failed (client error): The resource could not be found. [pid: 7|app: 0|req: 1462/2950] 10.0.0.37 () {32 vars in 722 bytes} [Wed Jun 3 08:46:15 2026] DELETE /v2.0/subnets/5d79dbb9-9f49-4fdd-809c-026d5ae7b498 => generated 136 bytes in 20 msecs (HTTP/1.1 404) 4 headers in 164 bytes (1 switches on core 0)
2026-06-03 08:46:15.786 8 INFO neutron.pecan_wsgi.hooks.translation [None req-ebdd8b6c-db3e-4a90-8669-9d53b3c487ed 137a092a92214d4d9c20a4fc4ee36f0c 2cbb94a148924c3dac0cb5650a5541ba - - default default] DELETE failed (client error): The resource could not be found. [pid: 8|app: 0|req: 1489/2951] 10.0.0.37 () {32 vars in 722 bytes} [Wed Jun 3 08:46:15 2026] DELETE /v2.0/subnets/ba5fe7c2-5060-46af-a605-a7b526530143 => generated 136 bytes in 28 msecs (HTTP/1.1 404) 4 headers in 164 bytes (1 switches on core 0)
2026-06-03 08:46:15.811 7 INFO neutron.pecan_wsgi.hooks.translation [None req-6174f5d0-5887-4e0d-a5c0-0c685fa54a00 137a092a92214d4d9c20a4fc4ee36f0c 2cbb94a148924c3dac0cb5650a5541ba - - default default] DELETE failed (client error): The resource could not be found. [pid: 7|app: 0|req: 1463/2952] 10.0.0.37 () {32 vars in 722 bytes} [Wed Jun 3 08:46:15 2026] DELETE /v2.0/subnets/95666e4b-d7bd-4169-86b5-dc54b11de977 => generated 136 bytes in 21 msecs (HTTP/1.1 404) 4 headers in 164 bytes (1 switches on core 0)
2026-06-03 08:46:16.638 8 INFO neutron.services.segments.plugin [-] Segment 09383444-f5ca-47a4-8d63-ef81836916a6 resource provider aggregate not found
2026-06-03 08:46:16.650 8 INFO neutron.services.segments.plugin [-] Segment 09383444-f5ca-47a4-8d63-ef81836916a6 resource provider aggregate not found
2026-06-03 08:46:16.659 8 INFO neutron.services.segments.plugin [-] Segment 09383444-f5ca-47a4-8d63-ef81836916a6 resource provider not found; error: Placement Client Error (4xx): {"errors": [{"status": 404, "title": "Not Found", "detail": "The resource could not be found.\n\n No resource provider with uuid 09383444-f5ca-47a4-8d63-ef81836916a6 found for delete ", "request_id": "req-1e84e006-e969-4969-aa05-71203291c512"}]}
2026-06-03 08:46:16.673 8 INFO neutron.services.segments.plugin [-] Segment 09383444-f5ca-47a4-8d63-ef81836916a6 resource provider not found; error: Placement Client Error (4xx): {"errors": [{"status": 404, "title": "Not Found", "detail": "The resource could not be found.\n\n No resource provider with uuid 09383444-f5ca-47a4-8d63-ef81836916a6 found for delete ", "request_id": "req-f652e5e7-1069-4c4b-9e84-f261fe10b947"}]} [pid: 8|app: 0|req: 1490/2953] 10.0.0.37 () {32 vars in 772 bytes} [Wed Jun 3 08:46:16 2026] GET /v2.0/security-groups?tenant_id=a212faa9f2f84b32b7c502b38b22c224&name=default => generated 2929 bytes in 376 msecs (HTTP/1.1 200) 4 headers in 158 bytes (1 switches on core 0) [pid: 7|app: 0|req: 1464/2954] 10.0.0.37 () {32 vars in 738 bytes} [Wed Jun 3 08:46:16 2026] DELETE /v2.0/security-groups/fc79066c-ff6c-4e55-ac51-992cc23a5d38 => generated 0 bytes in 129 msecs (HTTP/1.1 204) 2 headers in 112 bytes (1 switches on core 0) [pid: 8|app: 0|req: 1491/2955] 10.0.0.37 () {32 vars in 772 bytes} [Wed Jun 3 08:46:17 2026] GET /v2.0/security-groups?tenant_id=8a4e7c2288884a3a9d43f93ec0533ec6&name=default => generated 2929 bytes in 119 msecs (HTTP/1.1 200) 4 headers in 158 bytes (1 switches on core 0) [pid: 7|app: 0|req: 1465/2956] 10.0.0.37 () {32 vars in 738 bytes} [Wed Jun 3 08:46:17 2026] DELETE /v2.0/security-groups/26e75444-214f-4a98-9e08-9f8aaae8ee88 => generated 0 bytes in 124 msecs (HTTP/1.1 204) 2 headers in 112 bytes (1 switches on core 0) [pid: 8|app: 0|req: 1492/2957] 10.0.0.37 () {32 vars in 772 bytes} [Wed Jun 3 08:46:17 2026] GET /v2.0/security-groups?tenant_id=2cbb94a148924c3dac0cb5650a5541ba&name=default => generated 2929 bytes in 51 msecs (HTTP/1.1 200) 4 headers in 158 bytes (1 switches on core 0) [pid: 7|app: 0|req: 1466/2958] 10.0.0.37 () {32 vars in 738 bytes} [Wed Jun 3 08:46:17 2026] DELETE /v2.0/security-groups/21956fed-5852-4fa8-a3c1-208cf9f4c028 => generated 0 bytes in 127 msecs (HTTP/1.1 204) 2 headers in 112 bytes (1 switches on core 0)
2026-06-03 08:46:22.340 8 WARNING neutron_lib.context [None req-a2c37529-8cdd-46db-923c-c3b408ca2d46 ee5e0dea10bf4045ab185057582e9e3a 3c4ffc6de34f43b7af35e8cf90a1a41e - - default default] Method 'is_advsvc' is deprecated since 2023.2 release (neutron-lib 3.8.0) and will be removed once support for the old RBAC API policies will be removed from Neutron. Please use method 'is_service_role' instead.
2026-06-03 08:46:22.491 8 INFO neutron.db.segments_db [None req-a2c37529-8cdd-46db-923c-c3b408ca2d46 ee5e0dea10bf4045ab185057582e9e3a 3c4ffc6de34f43b7af35e8cf90a1a41e - - default default] Added segment 6b0b15b7-bf1f-4cf1-b314-fcb2857129e0 of type vxlan for network 5f8e2803-e61c-40c1-bbcc-b115bdec18fe [pid: 8|app: 0|req: 1494/2961] 10.0.0.37 () {34 vars in 668 bytes} [Wed Jun 3 08:46:22 2026] POST /v2.0/networks => generated 632 bytes in 503 msecs (HTTP/1.1 201) 4 headers in 162 bytes (1 switches on core 0)
2026-06-03 08:46:22.661 7 WARNING neutron_lib.context [None req-0cad5a50-a424-4558-a18f-785284b02083 ee5e0dea10bf4045ab185057582e9e3a 3c4ffc6de34f43b7af35e8cf90a1a41e - - default default] Method 'is_advsvc' is deprecated since 2023.2 release (neutron-lib 3.8.0) and will be removed once support for the old RBAC API policies will be removed from Neutron. Please use method 'is_service_role' instead. [pid: 7|app: 0|req: 1468/2962] 10.0.0.37 () {34 vars in 662 bytes} [Wed Jun 3 08:46:22 2026] POST /v2.0/ports => generated 743 bytes in 388 msecs (HTTP/1.1 201) 4 headers in 162 bytes (1 switches on core 0)
2026-06-03 08:46:23.044 8 WARNING neutron_lib.context [None req-5d45632e-1ad1-4570-b98a-ae991ff63d54 ee5e0dea10bf4045ab185057582e9e3a 3c4ffc6de34f43b7af35e8cf90a1a41e - - default default] Method 'is_advsvc' is deprecated since 2023.2 release (neutron-lib 3.8.0) and will be removed once support for the old RBAC API policies will be removed from Neutron. Please use method 'is_service_role' instead.
2026-06-03 08:46:23.138 8 INFO neutron.db.segments_db [None req-5d45632e-1ad1-4570-b98a-ae991ff63d54 ee5e0dea10bf4045ab185057582e9e3a 3c4ffc6de34f43b7af35e8cf90a1a41e - - default default] Added segment e8e94ec9-5854-4c3c-9bc1-0dd57bc36109 of type vxlan for network ccab08a4-bf97-49da-931b-78a277560909 [pid: 8|app: 0|req: 1495/2963] 10.0.0.37 () {34 vars in 668 bytes} [Wed Jun 3 08:46:23 2026] POST /v2.0/networks => generated 631 bytes in 214 msecs (HTTP/1.1 201) 4 headers in 162 bytes (1 switches on core 0) /var/lib/openstack/lib/python3.10/site-packages/pycadf/identifier.py:71: UserWarning: Invalid uuid: neutron. To ensure interoperability, identifiers should be a valid uuid. warnings.warn(('Invalid uuid: %s. To ensure interoperability, '
2026-06-03 08:46:23.264 7 WARNING neutron_lib.context [None req-46c1f57e-56fe-47ca-9b3c-c398a7e4c227 ee5e0dea10bf4045ab185057582e9e3a 3c4ffc6de34f43b7af35e8cf90a1a41e - - default default] Method 'is_advsvc' is deprecated since 2023.2 release (neutron-lib 3.8.0) and will be removed once support for the old RBAC API policies will be removed from Neutron. Please use method 'is_service_role' instead. [pid: 7|app: 0|req: 1469/2964] 10.0.0.37 () {34 vars in 662 bytes} [Wed Jun 3 08:46:23 2026] POST /v2.0/ports => generated 743 bytes in 372 msecs (HTTP/1.1 201) 4 headers in 162 bytes (1 switches on core 0)
2026-06-03 08:46:23.643 8 WARNING neutron_lib.context [None req-8fada874-b25b-470c-8d3d-914291acab14 ee5e0dea10bf4045ab185057582e9e3a 3c4ffc6de34f43b7af35e8cf90a1a41e - - default default] Method 'is_advsvc' is deprecated since 2023.2 release (neutron-lib 3.8.0) and will be removed once support for the old RBAC API policies will be removed from Neutron. Please use method 'is_service_role' instead.
2026-06-03 08:46:23.716 8 INFO neutron.db.segments_db [None req-8fada874-b25b-470c-8d3d-914291acab14 ee5e0dea10bf4045ab185057582e9e3a 3c4ffc6de34f43b7af35e8cf90a1a41e - - default default] Added segment 6ef05b45-98ea-48ba-9230-92516957450d of type vxlan for network 30441b3c-a788-483e-8025-ae82120e8c64 [pid: 8|app: 0|req: 1496/2965] 10.0.0.37 () {34 vars in 668 bytes} [Wed Jun 3 08:46:23 2026] POST /v2.0/networks => generated 631 bytes in 210 msecs (HTTP/1.1 201) 4 headers in 162 bytes (1 switches on core 0) /var/lib/openstack/lib/python3.10/site-packages/pycadf/identifier.py:71: UserWarning: Invalid uuid: neutron. To ensure interoperability, identifiers should be a valid uuid. warnings.warn(('Invalid uuid: %s. To ensure interoperability, '
2026-06-03 08:46:23.861 7 WARNING neutron_lib.context [None req-c5f5078e-a95e-4131-8977-f61ebf571d4a ee5e0dea10bf4045ab185057582e9e3a 3c4ffc6de34f43b7af35e8cf90a1a41e - - default default] Method 'is_advsvc' is deprecated since 2023.2 release (neutron-lib 3.8.0) and will be removed once support for the old RBAC API policies will be removed from Neutron. Please use method 'is_service_role' instead. [pid: 7|app: 0|req: 1470/2966] 10.0.0.37 () {34 vars in 662 bytes} [Wed Jun 3 08:46:23 2026] POST /v2.0/ports => generated 743 bytes in 369 msecs (HTTP/1.1 201) 4 headers in 162 bytes (1 switches on core 0)
2026-06-03 08:46:24.238 8 WARNING neutron_lib.context [None req-5d3f07ac-7329-49ba-bff6-ce0848e9a884 ee5e0dea10bf4045ab185057582e9e3a 3c4ffc6de34f43b7af35e8cf90a1a41e - - default default] Method 'is_advsvc' is deprecated since 2023.2 release (neutron-lib 3.8.0) and will be removed once support for the old RBAC API policies will be removed from Neutron. Please use method 'is_service_role' instead.
2026-06-03 08:46:24.318 8 INFO neutron.db.segments_db [None req-5d3f07ac-7329-49ba-bff6-ce0848e9a884 ee5e0dea10bf4045ab185057582e9e3a 3c4ffc6de34f43b7af35e8cf90a1a41e - - default default] Added segment 3d33dde0-7075-4e59-81bc-fae700e61e12 of type vxlan for network ab978ba9-ae50-4187-a564-d651e452f2bd [pid: 8|app: 0|req: 1497/2967] 10.0.0.37 () {34 vars in 668 bytes} [Wed Jun 3 08:46:24 2026] POST /v2.0/networks => generated 631 bytes in 198 msecs (HTTP/1.1 201) 4 headers in 162 bytes (1 switches on core 0) /var/lib/openstack/lib/python3.10/site-packages/pycadf/identifier.py:71: UserWarning: Invalid uuid: neutron. To ensure interoperability, identifiers should be a valid uuid. warnings.warn(('Invalid uuid: %s. To ensure interoperability, '
2026-06-03 08:46:24.441 7 WARNING neutron_lib.context [None req-69860c92-d64c-449c-ae78-d0ed20e7ab95 ee5e0dea10bf4045ab185057582e9e3a 3c4ffc6de34f43b7af35e8cf90a1a41e - - default default] Method 'is_advsvc' is deprecated since 2023.2 release (neutron-lib 3.8.0) and will be removed once support for the old RBAC API policies will be removed from Neutron. Please use method 'is_service_role' instead. [pid: 7|app: 0|req: 1471/2968] 10.0.0.37 () {34 vars in 662 bytes} [Wed Jun 3 08:46:24 2026] POST /v2.0/ports => generated 743 bytes in 440 msecs (HTTP/1.1 201) 4 headers in 162 bytes (1 switches on core 0)
2026-06-03 08:46:24.888 8 WARNING neutron_lib.context [None req-48266b0c-ebde-400b-8e3b-50aa023569d0 ee5e0dea10bf4045ab185057582e9e3a 3c4ffc6de34f43b7af35e8cf90a1a41e - - default default] Method 'is_advsvc' is deprecated since 2023.2 release (neutron-lib 3.8.0) and will be removed once support for the old RBAC API policies will be removed from Neutron. Please use method 'is_service_role' instead.
2026-06-03 08:46:24.993 8 INFO neutron.db.segments_db [None req-48266b0c-ebde-400b-8e3b-50aa023569d0 ee5e0dea10bf4045ab185057582e9e3a 3c4ffc6de34f43b7af35e8cf90a1a41e - - default default] Added segment a71948ef-1672-4752-8fea-f1520005b928 of type vxlan for network 9c62e5d5-15a6-4c1d-b620-8f6433d1612d [pid: 8|app: 0|req: 1498/2969] 10.0.0.37 () {34 vars in 668 bytes} [Wed Jun 3 08:46:24 2026] POST /v2.0/networks => generated 630 bytes in 247 msecs (HTTP/1.1 201) 4 headers in 162 bytes (1 switches on core 0) /var/lib/openstack/lib/python3.10/site-packages/pycadf/identifier.py:71: UserWarning: Invalid uuid: neutron. To ensure interoperability, identifiers should be a valid uuid. warnings.warn(('Invalid uuid: %s. To ensure interoperability, '
