Jul 15 22:33:41.945015 np0000185489 devstack@neutron-api.service[101923]: [pid: 101923|app: 0|req: 22/87] 199.19.213.31 () {64 vars in 1455 bytes} [Wed Jul 15 22:33:41 2026] GET /networking/v2.0/security-group-rules?security_group_id=47e2a15b-6490-44a9-a864-38651e24bc4f => generated 5907 bytes in 50 msecs (HTTP/1.1 200) 4 headers in 158 bytes (2 switches on core 0)
Jul 15 22:33:44.331095 np0000185489 devstack@neutron-api.service[101924]: DEBUG futurist.periodics [-] Submitting periodic callback 'neutron.plugins.ml2.drivers.ovn.mech_driver.ovsdb.maintenance.HashRingHealthCheckPeriodics.touch_hash_ring_node' {{(pid=101924) _process_scheduled /opt/stack/data/venv/lib/python3.12/site-packages/futurist/periodics.py:784}}
Jul 15 22:33:44.331754 np0000185489 devstack@neutron-api.service[101924]: DEBUG neutron.plugins.ml2.drivers.ovn.mech_driver.ovsdb.maintenance [-] Touching Hash Ring node "cc9c50160bda517d80d04ea4afd5f368" from periodic health check thread {{(pid=101924) touch_hash_ring_node /opt/stack/neutron/neutron/plugins/ml2/drivers/ovn/mech_driver/ovsdb/maintenance.py:1417}}
Jul 15 22:33:45.233097 np0000185489 devstack@neutron-api.service[101923]: DEBUG futurist.periodics [-] Submitting periodic callback 'neutron.plugins.ml2.drivers.ovn.mech_driver.ovsdb.maintenance.HashRingHealthCheckPeriodics.touch_hash_ring_node' {{(pid=101923) _process_scheduled /opt/stack/data/venv/lib/python3.12/site-packages/futurist/periodics.py:784}}
Jul 15 22:33:45.233673 np0000185489 devstack@neutron-api.service[101923]: DEBUG neutron.plugins.ml2.drivers.ovn.mech_driver.ovsdb.maintenance [-] Touching Hash Ring node "6c70076a86ac5fa4ab54099312f57f17" from periodic health check thread {{(pid=101923) touch_hash_ring_node /opt/stack/neutron/neutron/plugins/ml2/drivers/ovn/mech_driver/ovsdb/maintenance.py:1417}}
Jul 15 22:33:45.321044 np0000185489 devstack@neutron-api.service[101922]: DEBUG futurist.periodics [-] Submitting periodic callback 'neutron.plugins.ml2.drivers.ovn.mech_driver.ovsdb.maintenance.HashRingHealthCheckPeriodics.touch_hash_ring_node' {{(pid=101922) _process_scheduled /opt/stack/data/venv/lib/python3.12/site-packages/futurist/periodics.py:784}}
Jul 15 22:33:45.321766 np0000185489 devstack@neutron-api.service[101922]: DEBUG neutron.plugins.ml2.drivers.ovn.mech_driver.ovsdb.maintenance [-] Touching Hash Ring node "ab02599b8cab5d0d81f3176297085c23" from periodic health check thread {{(pid=101922) touch_hash_ring_node /opt/stack/neutron/neutron/plugins/ml2/drivers/ovn/mech_driver/ovsdb/maintenance.py:1417}}
Jul 15 22:33:45.332846 np0000185489 devstack@neutron-api.service[101921]: DEBUG futurist.periodics [-] Submitting periodic callback 'neutron.plugins.ml2.drivers.ovn.mech_driver.ovsdb.maintenance.HashRingHealthCheckPeriodics.touch_hash_ring_node' {{(pid=101921) _process_scheduled /opt/stack/data/venv/lib/python3.12/site-packages/futurist/periodics.py:784}}
Jul 15 22:33:45.333720 np0000185489 devstack@neutron-api.service[101921]: DEBUG neutron.plugins.ml2.drivers.ovn.mech_driver.ovsdb.maintenance [-] Touching Hash Ring node "605a0ae9964954e6962df9fa02e6b790" from periodic health check thread {{(pid=101921) touch_hash_ring_node /opt/stack/neutron/neutron/plugins/ml2/drivers/ovn/mech_driver/ovsdb/maintenance.py:1417}}
Jul 15 22:33:54.343322 np0000185489 devstack@neutron-api.service[101924]: DEBUG dbcounter [-] [101924] Writing DB stats neutron:UPDATE=10,neutron:SELECT=199,neutron:INSERT=20,neutron:DELETE=8 {{(pid=101924) stat_writer /opt/stack/data/venv/lib/python3.12/site-packages/dbcounter.py:115}}
Jul 15 22:33:55.244353 np0000185489 devstack@neutron-api.service[101923]: DEBUG dbcounter [-] [101923] Writing DB stats neutron:UPDATE=6,neutron:SELECT=157,neutron:INSERT=11,neutron:DELETE=2 {{(pid=101923) stat_writer /opt/stack/data/venv/lib/python3.12/site-packages/dbcounter.py:115}}
Jul 15 22:33:55.332374 np0000185489 devstack@neutron-api.service[101922]: DEBUG dbcounter [-] [101922] Writing DB stats neutron:UPDATE=2,neutron:SELECT=95 {{(pid=101922) stat_writer /opt/stack/data/venv/lib/python3.12/site-packages/dbcounter.py:115}}
Jul 15 22:33:55.344466 np0000185489 devstack@neutron-api.service[101921]: DEBUG dbcounter [-] [101921] Writing DB stats neutron:UPDATE=10,neutron:SELECT=195,neutron:INSERT=20,neutron:DELETE=8 {{(pid=101921) stat_writer /opt/stack/data/venv/lib/python3.12/site-packages/dbcounter.py:115}}
Jul 15 22:33:59.332127 np0000185489 devstack@neutron-api.service[101924]: DEBUG futurist.periodics [-] Submitting periodic callback 'neutron.plugins.ml2.drivers.ovn.mech_driver.ovsdb.maintenance.HashRingHealthCheckPeriodics.touch_hash_ring_node' {{(pid=101924) _process_scheduled /opt/stack/data/venv/lib/python3.12/site-packages/futurist/periodics.py:784}}
Jul 15 22:33:59.333967 np0000185489 devstack@neutron-api.service[101924]: DEBUG neutron.plugins.ml2.drivers.ovn.mech_driver.ovsdb.maintenance [-] Touching Hash Ring node "cc9c50160bda517d80d04ea4afd5f368" from periodic health check thread {{(pid=101924) touch_hash_ring_node /opt/stack/neutron/neutron/plugins/ml2/drivers/ovn/mech_driver/ovsdb/maintenance.py:1417}}
Jul 15 22:34:00.234031 np0000185489 devstack@neutron-api.service[101923]: DEBUG futurist.periodics [-] Submitting periodic callback 'neutron.plugins.ml2.drivers.ovn.mech_driver.ovsdb.maintenance.HashRingHealthCheckPeriodics.touch_hash_ring_node' {{(pid=101923) _process_scheduled /opt/stack/data/venv/lib/python3.12/site-packages/futurist/periodics.py:784}}
Jul 15 22:34:00.234551 np0000185489 devstack@neutron-api.service[101923]: DEBUG neutron.plugins.ml2.drivers.ovn.mech_driver.ovsdb.maintenance [-] Touching Hash Ring node "6c70076a86ac5fa4ab54099312f57f17" from periodic health check thread {{(pid=101923) touch_hash_ring_node /opt/stack/neutron/neutron/plugins/ml2/drivers/ovn/mech_driver/ovsdb/maintenance.py:1417}}
Jul 15 22:34:00.321654 np0000185489 devstack@neutron-api.service[101922]: DEBUG futurist.periodics [-] Submitting periodic callback 'neutron.plugins.ml2.drivers.ovn.mech_driver.ovsdb.maintenance.HashRingHealthCheckPeriodics.touch_hash_ring_node' {{(pid=101922) _process_scheduled /opt/stack/data/venv/lib/python3.12/site-packages/futurist/periodics.py:784}}
Jul 15 22:34:00.322472 np0000185489 devstack@neutron-api.service[101922]: DEBUG neutron.plugins.ml2.drivers.ovn.mech_driver.ovsdb.maintenance [-] Touching Hash Ring node "ab02599b8cab5d0d81f3176297085c23" from periodic health check thread {{(pid=101922) touch_hash_ring_node /opt/stack/neutron/neutron/plugins/ml2/drivers/ovn/mech_driver/ovsdb/maintenance.py:1417}}
Jul 15 22:34:00.333786 np0000185489 devstack@neutron-api.service[101921]: DEBUG futurist.periodics [-] Submitting periodic callback 'neutron.plugins.ml2.drivers.ovn.mech_driver.ovsdb.maintenance.HashRingHealthCheckPeriodics.touch_hash_ring_node' {{(pid=101921) _process_scheduled /opt/stack/data/venv/lib/python3.12/site-packages/futurist/periodics.py:784}}
Jul 15 22:34:00.334635 np0000185489 devstack@neutron-api.service[101921]: DEBUG neutron.plugins.ml2.drivers.ovn.mech_driver.ovsdb.maintenance [-] Touching Hash Ring node "605a0ae9964954e6962df9fa02e6b790" from periodic health check thread {{(pid=101921) touch_hash_ring_node /opt/stack/neutron/neutron/plugins/ml2/drivers/ovn/mech_driver/ovsdb/maintenance.py:1417}}
Jul 15 22:34:09.345094 np0000185489 devstack@neutron-api.service[101924]: DEBUG dbcounter [-] [101924] Writing DB stats neutron:UPDATE=1,neutron:SELECT=1 {{(pid=101924) stat_writer /opt/stack/data/venv/lib/python3.12/site-packages/dbcounter.py:115}}
Jul 15 22:34:10.246043 np0000185489 devstack@neutron-api.service[101923]: DEBUG dbcounter [-] [101923] Writing DB stats neutron:UPDATE=1,neutron:SELECT=1 {{(pid=101923) stat_writer /opt/stack/data/venv/lib/python3.12/site-packages/dbcounter.py:115}}
Jul 15 22:34:10.333070 np0000185489 devstack@neutron-api.service[101922]: DEBUG dbcounter [-] [101922] Writing DB stats neutron:UPDATE=1,neutron:SELECT=1 {{(pid=101922) stat_writer /opt/stack/data/venv/lib/python3.12/site-packages/dbcounter.py:115}}
Jul 15 22:34:10.345384 np0000185489 devstack@neutron-api.service[101921]: DEBUG dbcounter [-] [101921] Writing DB stats neutron:UPDATE=1,neutron:SELECT=1 {{(pid=101921) stat_writer /opt/stack/data/venv/lib/python3.12/site-packages/dbcounter.py:115}}
Jul 15 22:34:14.334063 np0000185489 devstack@neutron-api.service[101924]: DEBUG futurist.periodics [-] Submitting periodic callback 'neutron.plugins.ml2.drivers.ovn.mech_driver.ovsdb.maintenance.HashRingHealthCheckPeriodics.touch_hash_ring_node' {{(pid=101924) _process_scheduled /opt/stack/data/venv/lib/python3.12/site-packages/futurist/periodics.py:784}}
Jul 15 22:34:14.335021 np0000185489 devstack@neutron-api.service[101924]: DEBUG neutron.plugins.ml2.drivers.ovn.mech_driver.ovsdb.maintenance [-] Touching Hash Ring node "cc9c50160bda517d80d04ea4afd5f368" from periodic health check thread {{(pid=101924) touch_hash_ring_node /opt/stack/neutron/neutron/plugins/ml2/drivers/ovn/mech_driver/ovsdb/maintenance.py:1417}}
Jul 15 22:34:15.234838 np0000185489 devstack@neutron-api.service[101923]: DEBUG futurist.periodics [-] Submitting periodic callback 'neutron.plugins.ml2.drivers.ovn.mech_driver.ovsdb.maintenance.HashRingHealthCheckPeriodics.touch_hash_ring_node' {{(pid=101923) _process_scheduled /opt/stack/data/venv/lib/python3.12/site-packages/futurist/periodics.py:784}}
Jul 15 22:34:15.235587 np0000185489 devstack@neutron-api.service[101923]: DEBUG neutron.plugins.ml2.drivers.ovn.mech_driver.ovsdb.maintenance [-] Touching Hash Ring node "6c70076a86ac5fa4ab54099312f57f17" from periodic health check thread {{(pid=101923) touch_hash_ring_node /opt/stack/neutron/neutron/plugins/ml2/drivers/ovn/mech_driver/ovsdb/maintenance.py:1417}}
Jul 15 22:34:15.322360 np0000185489 devstack@neutron-api.service[101922]: DEBUG futurist.periodics [-] Submitting periodic callback 'neutron.plugins.ml2.drivers.ovn.mech_driver.ovsdb.maintenance.HashRingHealthCheckPeriodics.touch_hash_ring_node' {{(pid=101922) _process_scheduled /opt/stack/data/venv/lib/python3.12/site-packages/futurist/periodics.py:784}}
Jul 15 22:34:15.324339 np0000185489 devstack@neutron-api.service[101922]: DEBUG neutron.plugins.ml2.drivers.ovn.mech_driver.ovsdb.maintenance [-] Touching Hash Ring node "ab02599b8cab5d0d81f3176297085c23" from periodic health check thread {{(pid=101922) touch_hash_ring_node /opt/stack/neutron/neutron/plugins/ml2/drivers/ovn/mech_driver/ovsdb/maintenance.py:1417}}
Jul 15 22:34:15.336369 np0000185489 devstack@neutron-api.service[101921]: DEBUG futurist.periodics [-] Submitting periodic callback 'neutron.plugins.ml2.drivers.ovn.mech_driver.ovsdb.maintenance.HashRingHealthCheckPeriodics.touch_hash_ring_node' {{(pid=101921) _process_scheduled /opt/stack/data/venv/lib/python3.12/site-packages/futurist/periodics.py:784}}
Jul 15 22:34:15.336369 np0000185489 devstack@neutron-api.service[101921]: DEBUG neutron.plugins.ml2.drivers.ovn.mech_driver.ovsdb.maintenance [-] Touching Hash Ring node "605a0ae9964954e6962df9fa02e6b790" from periodic health check thread {{(pid=101921) touch_hash_ring_node /opt/stack/neutron/neutron/plugins/ml2/drivers/ovn/mech_driver/ovsdb/maintenance.py:1417}}
Jul 15 22:34:24.349025 np0000185489 devstack@neutron-api.service[101924]: DEBUG dbcounter [-] [101924] Writing DB stats neutron:UPDATE=1,neutron:SELECT=1 {{(pid=101924) stat_writer /opt/stack/data/venv/lib/python3.12/site-packages/dbcounter.py:115}}
Jul 15 22:34:25.246699 np0000185489 devstack@neutron-api.service[101923]: DEBUG dbcounter [-] [101923] Writing DB stats neutron:UPDATE=1,neutron:SELECT=1 {{(pid=101923) stat_writer /opt/stack/data/venv/lib/python3.12/site-packages/dbcounter.py:115}}
Jul 15 22:34:25.333274 np0000185489 devstack@neutron-api.service[101922]: DEBUG dbcounter [-] [101922] Writing DB stats neutron:UPDATE=1,neutron:SELECT=1 {{(pid=101922) stat_writer /opt/stack/data/venv/lib/python3.12/site-packages/dbcounter.py:115}}
Jul 15 22:34:25.345012 np0000185489 devstack@neutron-api.service[101921]: DEBUG dbcounter [-] [101921] Writing DB stats neutron:UPDATE=1,neutron:SELECT=1 {{(pid=101921) stat_writer /opt/stack/data/venv/lib/python3.12/site-packages/dbcounter.py:115}}
Jul 15 22:34:29.334931 np0000185489 devstack@neutron-api.service[101924]: DEBUG futurist.periodics [-] Submitting periodic callback 'neutron.plugins.ml2.drivers.ovn.mech_driver.ovsdb.maintenance.HashRingHealthCheckPeriodics.touch_hash_ring_node' {{(pid=101924) _process_scheduled /opt/stack/data/venv/lib/python3.12/site-packages/futurist/periodics.py:784}}
Jul 15 22:34:29.335660 np0000185489 devstack@neutron-api.service[101924]: DEBUG neutron.plugins.ml2.drivers.ovn.mech_driver.ovsdb.maintenance [-] Touching Hash Ring node "cc9c50160bda517d80d04ea4afd5f368" from periodic health check thread {{(pid=101924) touch_hash_ring_node /opt/stack/neutron/neutron/plugins/ml2/drivers/ovn/mech_driver/ovsdb/maintenance.py:1417}}
Jul 15 22:34:30.235640 np0000185489 devstack@neutron-api.service[101923]: DEBUG futurist.periodics [-] Submitting periodic callback 'neutron.plugins.ml2.drivers.ovn.mech_driver.ovsdb.maintenance.HashRingHealthCheckPeriodics.touch_hash_ring_node' {{(pid=101923) _process_scheduled /opt/stack/data/venv/lib/python3.12/site-packages/futurist/periodics.py:784}}
Jul 15 22:34:30.236253 np0000185489 devstack@neutron-api.service[101923]: DEBUG neutron.plugins.ml2.drivers.ovn.mech_driver.ovsdb.maintenance [-] Touching Hash Ring node "6c70076a86ac5fa4ab54099312f57f17" from periodic health check thread {{(pid=101923) touch_hash_ring_node /opt/stack/neutron/neutron/plugins/ml2/drivers/ovn/mech_driver/ovsdb/maintenance.py:1417}}
Jul 15 22:34:30.323689 np0000185489 devstack@neutron-api.service[101922]: DEBUG futurist.periodics [-] Submitting periodic callback 'neutron.plugins.ml2.drivers.ovn.mech_driver.ovsdb.maintenance.HashRingHealthCheckPeriodics.touch_hash_ring_node' {{(pid=101922) _process_scheduled /opt/stack/data/venv/lib/python3.12/site-packages/futurist/periodics.py:784}}
Jul 15 22:34:30.324402 np0000185489 devstack@neutron-api.service[101922]: DEBUG neutron.plugins.ml2.drivers.ovn.mech_driver.ovsdb.maintenance [-] Touching Hash Ring node "ab02599b8cab5d0d81f3176297085c23" from periodic health check thread {{(pid=101922) touch_hash_ring_node /opt/stack/neutron/neutron/plugins/ml2/drivers/ovn/mech_driver/ovsdb/maintenance.py:1417}}
Jul 15 22:34:30.335951 np0000185489 devstack@neutron-api.service[101921]: DEBUG futurist.periodics [-] Submitting periodic callback 'neutron.plugins.ml2.drivers.ovn.mech_driver.ovsdb.maintenance.HashRingHealthCheckPeriodics.touch_hash_ring_node' {{(pid=101921) _process_scheduled /opt/stack/data/venv/lib/python3.12/site-packages/futurist/periodics.py:784}}
Jul 15 22:34:30.336883 np0000185489 devstack@neutron-api.service[101921]: DEBUG neutron.plugins.ml2.drivers.ovn.mech_driver.ovsdb.maintenance [-] Touching Hash Ring node "605a0ae9964954e6962df9fa02e6b790" from periodic health check thread {{(pid=101921) touch_hash_ring_node /opt/stack/neutron/neutron/plugins/ml2/drivers/ovn/mech_driver/ovsdb/maintenance.py:1417}}
Jul 15 22:34:36.573808 np0000185489 devstack@neutron-api.service[101921]: /opt/stack/neutron/neutron/extensions/quotasv2.py:134: UserWarning: "--check-limit" parameter is no longer needed since Epoxy (2025.1) release. By default, Neutron quota engine checks the resource usage before updating the limits
Jul 15 22:34:36.573808 np0000185489 devstack@neutron-api.service[101921]: warnings.warn('"--check-limit" parameter is no longer needed '
Jul 15 22:34:36.574578 np0000185489 devstack@neutron-api.service[101921]: DEBUG neutron.api.v2.base [None req-1e8184c2-425c-4255-8569-ab478cfdda46 admin admin] Request body: {'quota': {'security_group': 100}} {{(pid=101921) prepare_request_body /opt/stack/neutron/neutron/api/v2/base.py:727}}
Jul 15 22:34:36.593743 np0000185489 devstack@neutron-api.service[101921]: [pid: 101921|app: 0|req: 22/88] 199.19.213.31 () {68 vars in 1442 bytes} [Wed Jul 15 22:34:36 2026] PUT /networking/v2.0/quotas/a497014921394449b30a5653f44ec623 => generated 195 bytes in 25 msecs (HTTP/1.1 200) 4 headers in 157 bytes (1 switches on core 0)
Jul 15 22:34:36.878133 np0000185489 devstack@neutron-api.service[101922]: /opt/stack/neutron/neutron/extensions/quotasv2.py:134: UserWarning: "--check-limit" parameter is no longer needed since Epoxy (2025.1) release. By default, Neutron quota engine checks the resource usage before updating the limits
Jul 15 22:34:36.878133 np0000185489 devstack@neutron-api.service[101922]: warnings.warn('"--check-limit" parameter is no longer needed '
Jul 15 22:34:36.878472 np0000185489 devstack@neutron-api.service[101922]: DEBUG neutron.api.v2.base [None req-00167af9-a2de-4733-9c2b-25800b5bc95f admin admin] Request body: {'quota': {'security_group_rule': 1000}} {{(pid=101922) prepare_request_body /opt/stack/neutron/neutron/api/v2/base.py:727}}
Jul 15 22:34:36.902813 np0000185489 devstack@neutron-api.service[101922]: [pid: 101922|app: 0|req: 22/89] 199.19.213.31 () {68 vars in 1442 bytes} [Wed Jul 15 22:34:36 2026] PUT /networking/v2.0/quotas/a497014921394449b30a5653f44ec623 => generated 196 bytes in 30 msecs (HTTP/1.1 200) 4 headers in 157 bytes (1 switches on core 0)
Jul 15 22:34:39.348348 np0000185489 devstack@neutron-api.service[101924]: DEBUG dbcounter [-] [101924] Writing DB stats neutron:UPDATE=1,neutron:SELECT=1 {{(pid=101924) stat_writer /opt/stack/data/venv/lib/python3.12/site-packages/dbcounter.py:115}}
Jul 15 22:34:40.247568 np0000185489 devstack@neutron-api.service[101923]: DEBUG dbcounter [-] [101923] Writing DB stats neutron:UPDATE=1,neutron:SELECT=1 {{(pid=101923) stat_writer /opt/stack/data/venv/lib/python3.12/site-packages/dbcounter.py:115}}
Jul 15 22:34:44.336218 np0000185489 devstack@neutron-api.service[101924]: DEBUG futurist.periodics [-] Submitting periodic callback 'neutron.plugins.ml2.drivers.ovn.mech_driver.ovsdb.maintenance.HashRingHealthCheckPeriodics.touch_hash_ring_node' {{(pid=101924) _process_scheduled /opt/stack/data/venv/lib/python3.12/site-packages/futurist/periodics.py:784}}
Jul 15 22:34:44.336218 np0000185489 devstack@neutron-api.service[101924]: DEBUG neutron.plugins.ml2.drivers.ovn.mech_driver.ovsdb.maintenance [-] Touching Hash Ring node "cc9c50160bda517d80d04ea4afd5f368" from periodic health check thread {{(pid=101924) touch_hash_ring_node /opt/stack/neutron/neutron/plugins/ml2/drivers/ovn/mech_driver/ovsdb/maintenance.py:1417}}
Jul 15 22:34:45.236669 np0000185489 devstack@neutron-api.service[101923]: DEBUG futurist.periodics [-] Submitting periodic callback 'neutron.plugins.ml2.drivers.ovn.mech_driver.ovsdb.maintenance.HashRingHealthCheckPeriodics.touch_hash_ring_node' {{(pid=101923) _process_scheduled /opt/stack/data/venv/lib/python3.12/site-packages/futurist/periodics.py:784}}
Jul 15 22:34:45.237546 np0000185489 devstack@neutron-api.service[101923]: DEBUG neutron.plugins.ml2.drivers.ovn.mech_driver.ovsdb.maintenance [-] Touching Hash Ring node "6c70076a86ac5fa4ab54099312f57f17" from periodic health check thread {{(pid=101923) touch_hash_ring_node /opt/stack/neutron/neutron/plugins/ml2/drivers/ovn/mech_driver/ovsdb/maintenance.py:1417}}
Jul 15 22:34:45.324546 np0000185489 devstack@neutron-api.service[101922]: DEBUG futurist.periodics [-] Submitting periodic callback 'neutron.plugins.ml2.drivers.ovn.mech_driver.ovsdb.maintenance.HashRingHealthCheckPeriodics.touch_hash_ring_node' {{(pid=101922) _process_scheduled /opt/stack/data/venv/lib/python3.12/site-packages/futurist/periodics.py:784}}
Jul 15 22:34:45.325253 np0000185489 devstack@neutron-api.service[101922]: DEBUG neutron.plugins.ml2.drivers.ovn.mech_driver.ovsdb.maintenance [-] Touching Hash Ring node "ab02599b8cab5d0d81f3176297085c23" from periodic health check thread {{(pid=101922) touch_hash_ring_node /opt/stack/neutron/neutron/plugins/ml2/drivers/ovn/mech_driver/ovsdb/maintenance.py:1417}}
Jul 15 22:34:45.336450 np0000185489 devstack@neutron-api.service[101921]: DEBUG futurist.periodics [-] Submitting periodic callback 'neutron.plugins.ml2.drivers.ovn.mech_driver.ovsdb.maintenance.HashRingHealthCheckPeriodics.touch_hash_ring_node' {{(pid=101921) _process_scheduled /opt/stack/data/venv/lib/python3.12/site-packages/futurist/periodics.py:784}}
Jul 15 22:34:45.336949 np0000185489 devstack@neutron-api.service[101921]: DEBUG neutron.plugins.ml2.drivers.ovn.mech_driver.ovsdb.maintenance [-] Touching Hash Ring node "605a0ae9964954e6962df9fa02e6b790" from periodic health check thread {{(pid=101921) touch_hash_ring_node /opt/stack/neutron/neutron/plugins/ml2/drivers/ovn/mech_driver/ovsdb/maintenance.py:1417}}
Jul 15 22:34:50.955003 np0000185489 devstack@neutron-api.service[101924]: DEBUG neutron.pecan_wsgi.hooks.policy_enforcement [None req-193bbdce-5034-47f6-bb78-c44899363486 admin admin] Attributes excluded by policy engine: ['standard_attr_id'] {{(pid=101924) _exclude_attributes_by_policy /opt/stack/neutron/neutron/pecan_wsgi/hooks/policy_enforcement.py:259}}
Jul 15 22:34:50.956654 np0000185489 devstack@neutron-api.service[101924]: [pid: 101924|app: 0|req: 24/90] 199.19.213.31 () {64 vars in 1371 bytes} [Wed Jul 15 22:34:50 2026] GET /networking/v2.0/ports?device_owner=network%3Adistributed => generated 1650 bytes in 101 msecs (HTTP/1.1 200) 4 headers in 158 bytes (1 switches on core 0)
Jul 15 22:34:51.732214 np0000185489 devstack@neutron-api.service[101923]: DEBUG neutron.common.ovn.hash_ring_manager [None req-f52df453-ecad-4e70-9356-43da280b2e9c None None] Hash Ring loaded. 4 active nodes. 0 offline nodes {{(pid=101923) _load_hash_ring /opt/stack/neutron/neutron/common/ovn/hash_ring_manager.py:110}}
Jul 15 22:34:51.734860 np0000185489 devstack@neutron-api.service[101924]: DEBUG neutron.common.ovn.hash_ring_manager [None req-4a571632-f3d4-420d-8863-fb2896dab2e6 None None] Hash Ring loaded. 4 active nodes. 0 offline nodes {{(pid=101924) _load_hash_ring /opt/stack/neutron/neutron/common/ovn/hash_ring_manager.py:110}}
Jul 15 22:34:51.735285 np0000185489 devstack@neutron-api.service[101921]: DEBUG neutron.common.ovn.hash_ring_manager [None req-992bdb3e-adb6-480c-9900-8880ce1f876b None None] Hash Ring loaded. 4 active nodes. 0 offline nodes {{(pid=101921) _load_hash_ring /opt/stack/neutron/neutron/common/ovn/hash_ring_manager.py:110}}
Jul 15 22:34:51.735578 np0000185489 devstack@neutron-api.service[101922]: DEBUG neutron.common.ovn.hash_ring_manager [None req-bf884c8e-8694-427f-9bd3-10fc57b08b4f None None] Hash Ring loaded. 4 active nodes. 0 offline nodes {{(pid=101922) _load_hash_ring /opt/stack/neutron/neutron/common/ovn/hash_ring_manager.py:110}}
Jul 15 22:34:51.735578 np0000185489 devstack@neutron-api.service[101922]: DEBUG neutron.plugins.ml2.drivers.ovn.mech_driver.ovsdb.ovsdb_monitor [None req-bf884c8e-8694-427f-9bd3-10fc57b08b4f None None] Hash Ring: Node ab02599b8cab5d0d81f3176297085c23 (host: np0000185489) handling event "update" for row d305d037-9982-4568-99f8-f904a377670c (table: Connection) {{(pid=101922) notify /opt/stack/neutron/neutron/plugins/ml2/drivers/ovn/mech_driver/ovsdb/ovsdb_monitor.py:1009}}
Jul 15 22:34:59.336423 np0000185489 devstack@neutron-api.service[101924]: DEBUG futurist.periodics [-] Submitting periodic callback 'neutron.plugins.ml2.drivers.ovn.mech_driver.ovsdb.maintenance.HashRingHealthCheckPeriodics.touch_hash_ring_node' {{(pid=101924) _process_scheduled /opt/stack/data/venv/lib/python3.12/site-packages/futurist/periodics.py:784}}
Jul 15 22:34:59.337082 np0000185489 devstack@neutron-api.service[101924]: DEBUG neutron.plugins.ml2.drivers.ovn.mech_driver.ovsdb.maintenance [-] Touching Hash Ring node "cc9c50160bda517d80d04ea4afd5f368" from periodic health check thread {{(pid=101924) touch_hash_ring_node /opt/stack/neutron/neutron/plugins/ml2/drivers/ovn/mech_driver/ovsdb/maintenance.py:1417}}
Jul 15 22:35:00.237126 np0000185489 devstack@neutron-api.service[101923]: DEBUG futurist.periodics [-] Submitting periodic callback 'neutron.plugins.ml2.drivers.ovn.mech_driver.ovsdb.maintenance.HashRingHealthCheckPeriodics.touch_hash_ring_node' {{(pid=101923) _process_scheduled /opt/stack/data/venv/lib/python3.12/site-packages/futurist/periodics.py:784}}
Jul 15 22:35:00.237718 np0000185489 devstack@neutron-api.service[101923]: DEBUG neutron.plugins.ml2.drivers.ovn.mech_driver.ovsdb.maintenance [-] Touching Hash Ring node "6c70076a86ac5fa4ab54099312f57f17" from periodic health check thread {{(pid=101923) touch_hash_ring_node /opt/stack/neutron/neutron/plugins/ml2/drivers/ovn/mech_driver/ovsdb/maintenance.py:1417}}
Jul 15 22:35:00.325271 np0000185489 devstack@neutron-api.service[101922]: DEBUG futurist.periodics [-] Submitting periodic callback 'neutron.plugins.ml2.drivers.ovn.mech_driver.ovsdb.maintenance.HashRingHealthCheckPeriodics.touch_hash_ring_node' {{(pid=101922) _process_scheduled /opt/stack/data/venv/lib/python3.12/site-packages/futurist/periodics.py:784}}
Jul 15 22:35:00.325819 np0000185489 devstack@neutron-api.service[101922]: DEBUG neutron.plugins.ml2.drivers.ovn.mech_driver.ovsdb.maintenance [-] Touching Hash Ring node "ab02599b8cab5d0d81f3176297085c23" from periodic health check thread {{(pid=101922) touch_hash_ring_node /opt/stack/neutron/neutron/plugins/ml2/drivers/ovn/mech_driver/ovsdb/maintenance.py:1417}}
Jul 15 22:35:00.337114 np0000185489 devstack@neutron-api.service[101921]: DEBUG futurist.periodics [-] Submitting periodic callback 'neutron.plugins.ml2.drivers.ovn.mech_driver.ovsdb.maintenance.HashRingHealthCheckPeriodics.touch_hash_ring_node' {{(pid=101921) _process_scheduled /opt/stack/data/venv/lib/python3.12/site-packages/futurist/periodics.py:784}}
Jul 15 22:35:00.337725 np0000185489 devstack@neutron-api.service[101921]: DEBUG neutron.plugins.ml2.drivers.ovn.mech_driver.ovsdb.maintenance [-] Touching Hash Ring node "605a0ae9964954e6962df9fa02e6b790" from periodic health check thread {{(pid=101921) touch_hash_ring_node /opt/stack/neutron/neutron/plugins/ml2/drivers/ovn/mech_driver/ovsdb/maintenance.py:1417}}
Jul 15 22:35:02.669012 np0000185489 devstack@neutron-api.service[101923]: INFO neutron.pecan_wsgi.hooks.translation [None req-bfa7d71a-7b66-4b44-90e4-5945b2b9c884 admin admin] GET failed (client error): The resource could not be found.
Jul 15 22:35:02.669555 np0000185489 devstack@neutron-api.service[101923]: [pid: 101923|app: 0|req: 23/91] 199.19.213.31 () {64 vars in 1327 bytes} [Wed Jul 15 22:35:02 2026] GET /networking/v2.0/networks/admin_net => generated 111 bytes in 13 msecs (HTTP/1.1 404) 4 headers in 164 bytes (1 switches on core 0)
Jul 15 22:35:02.703602 np0000185489 devstack@neutron-api.service[101921]: [pid: 101921|app: 0|req: 23/92] 199.19.213.31 () {64 vars in 1339 bytes} [Wed Jul 15 22:35:02 2026] GET /networking/v2.0/networks?name=admin_net => generated 15 bytes in 22 msecs (HTTP/1.1 200) 4 headers in 156 bytes (1 switches on core 0)
Jul 15 22:35:02.951128 np0000185489 devstack@neutron-api.service[101922]: DEBUG neutron.api.v2.base [None req-d990ffc6-09c2-4363-bd54-e3f51b3ad465 admin admin] Request body: {'network': {'name': 'admin_net', 'project_id': '6f1707515c9e45ab89587190b09bd6c0', 'admin_state_up': True}} {{(pid=101922) prepare_request_body /opt/stack/neutron/neutron/api/v2/base.py:727}}
Jul 15 22:35:02.966860 np0000185489 devstack@neutron-api.service[101922]: DEBUG neutron.pecan_wsgi.hooks.quota_enforcement [None req-d990ffc6-09c2-4363-bd54-e3f51b3ad465 admin admin] Made reservation on behalf of 6f1707515c9e45ab89587190b09bd6c0 for: {'network': 1} {{(pid=101922) before /opt/stack/neutron/neutron/pecan_wsgi/hooks/quota_enforcement.py:66}}
Jul 15 22:35:02.969961 np0000185489 devstack@neutron-api.service[101922]: DEBUG neutron_lib.callbacks.manager [None req-d990ffc6-09c2-4363-bd54-e3f51b3ad465 admin admin] Publish callbacks ['neutron.plugins.ml2.plugin.SecurityGroupDbMixin._ensure_default_security_group_handler-1010047'] for network (None), before_create {{(pid=101922) _notify_loop /opt/stack/data/venv/lib/python3.12/site-packages/neutron_lib/callbacks/manager.py:184}}
Jul 15 22:35:02.975045 np0000185489 devstack@neutron-api.service[101922]: DEBUG neutron_lib.callbacks.manager [None req-d990ffc6-09c2-4363-bd54-e3f51b3ad465 admin admin] Publish callbacks [] for security_group (None), before_create {{(pid=101922) _notify_loop /opt/stack/data/venv/lib/python3.12/site-packages/neutron_lib/callbacks/manager.py:184}}
Jul 15 22:35:03.028173 np0000185489 devstack@neutron-api.service[101922]: DEBUG neutron_lib.callbacks.manager [None req-d990ffc6-09c2-4363-bd54-e3f51b3ad465 admin admin] Publish callbacks ['neutron.plugins.ml2.drivers.ovn.mech_driver.mech_driver.OVNMechanismDriver._create_security_group_precommit-496870'] for security_group (50b2677c-5d71-49dd-a938-1c778a5271f8), precommit_create {{(pid=101922) _notify_loop /opt/stack/data/venv/lib/python3.12/site-packages/neutron_lib/callbacks/manager.py:184}}
Jul 15 22:35:03.028417 np0000185489 devstack@neutron-api.service[101922]: DEBUG neutron.db.ovn_revision_numbers_db [None req-d990ffc6-09c2-4363-bd54-e3f51b3ad465 admin admin] create_initial_revision uuid=50b2677c-5d71-49dd-a938-1c778a5271f8, type=security_groups, rev=-1 {{(pid=101922) create_initial_revision /opt/stack/neutron/neutron/db/ovn_revision_numbers_db.py:98}}
Jul 15 22:35:03.029483 np0000185489 devstack@neutron-api.service[101922]: DEBUG neutron.db.ovn_revision_numbers_db [None req-d990ffc6-09c2-4363-bd54-e3f51b3ad465 admin admin] create_initial_revision uuid=1bb0e5fc-dff3-464f-889b-2dee7f9ccd38, type=security_group_rules, rev=-1 {{(pid=101922) create_initial_revision /opt/stack/neutron/neutron/db/ovn_revision_numbers_db.py:98}}
Jul 15 22:35:03.030521 np0000185489 devstack@neutron-api.service[101922]: DEBUG neutron.db.ovn_revision_numbers_db [None req-d990ffc6-09c2-4363-bd54-e3f51b3ad465 admin admin] create_initial_revision uuid=4de1ed62-5588-446d-9262-1ceff35033b8, type=security_group_rules, rev=-1 {{(pid=101922) create_initial_revision /opt/stack/neutron/neutron/db/ovn_revision_numbers_db.py:98}}
Jul 15 22:35:03.031601 np0000185489 devstack@neutron-api.service[101922]: DEBUG neutron.db.ovn_revision_numbers_db [None req-d990ffc6-09c2-4363-bd54-e3f51b3ad465 admin admin] create_initial_revision uuid=73184fdc-5854-4d90-b13a-9485ee3a3b4c, type=security_group_rules, rev=-1 {{(pid=101922) create_initial_revision /opt/stack/neutron/neutron/db/ovn_revision_numbers_db.py:98}}
Jul 15 22:35:03.032699 np0000185489 devstack@neutron-api.service[101922]: DEBUG neutron.db.ovn_revision_numbers_db [None req-d990ffc6-09c2-4363-bd54-e3f51b3ad465 admin admin] create_initial_revision uuid=a0eacbed-5fca-4c99-9072-974b0687e5c2, type=security_group_rules, rev=-1 {{(pid=101922) create_initial_revision /opt/stack/neutron/neutron/db/ovn_revision_numbers_db.py:98}}
Jul 15 22:35:03.038156 np0000185489 devstack@neutron-api.service[101922]: DEBUG neutron_lib.callbacks.manager [None req-d990ffc6-09c2-4363-bd54-e3f51b3ad465 admin admin] Publish callbacks ['neutron.plugins.ml2.drivers.ovn.mech_driver.mech_driver.OVNMechanismDriver._create_security_group-496860', 'neutron.plugins.ml2.ovo_rpc._ObjectChangeHandler.handle_event-8231072'] for security_group (50b2677c-5d71-49dd-a938-1c778a5271f8), after_create {{(pid=101922) _notify_loop /opt/stack/data/venv/lib/python3.12/site-packages/neutron_lib/callbacks/manager.py:184}}
Jul 15 22:35:03.039274 np0000185489 devstack@neutron-api.service[101922]: DEBUG ovsdbapp.backend.ovs_idl.transaction [None req-bf884c8e-8694-427f-9bd3-10fc57b08b4f None None] Running txn n=1 command(idx=0): PgAddCommand(_result=None, name=pg_50b2677c_5d71_49dd_a938_1c778a5271f8, may_exist=False, columns={'acls': [], 'external_ids': {'neutron:security_group_id': '50b2677c-5d71-49dd-a938-1c778a5271f8'}}) {{(pid=101922) do_commit /opt/stack/data/venv/lib/python3.12/site-packages/ovsdbapp/backend/ovs_idl/transaction.py:89}}
Jul 15 22:35:03.039916 np0000185489 devstack@neutron-api.service[101922]: DEBUG ovsdbapp.backend.ovs_idl.transaction [None req-bf884c8e-8694-427f-9bd3-10fc57b08b4f None None] Running txn n=1 command(idx=1): PgAclAddCommand(_result=None, entity=pg_50b2677c_5d71_49dd_a938_1c778a5271f8, direction=from-lport, priority=1002, match=inport == @pg_50b2677c_5d71_49dd_a938_1c778a5271f8 && ip6, action=allow-related, log=False, may_exist=True, severity=[], name=[], meter=[], external_ids={'neutron:security_group_rule_id': '1bb0e5fc-dff3-464f-889b-2dee7f9ccd38'}) {{(pid=101922) do_commit /opt/stack/data/venv/lib/python3.12/site-packages/ovsdbapp/backend/ovs_idl/transaction.py:89}}
Jul 15 22:35:03.040681 np0000185489 devstack@neutron-api.service[101922]: DEBUG ovsdbapp.backend.ovs_idl.transaction [None req-bf884c8e-8694-427f-9bd3-10fc57b08b4f None None] Running txn n=1 command(idx=2): PgAclAddCommand(_result=None, entity=pg_50b2677c_5d71_49dd_a938_1c778a5271f8, direction=from-lport, priority=1002, match=inport == @pg_50b2677c_5d71_49dd_a938_1c778a5271f8 && ip4, action=allow-related, log=False, may_exist=True, severity=[], name=[], meter=[], external_ids={'neutron:security_group_rule_id': '4de1ed62-5588-446d-9262-1ceff35033b8'}) {{(pid=101922) do_commit /opt/stack/data/venv/lib/python3.12/site-packages/ovsdbapp/backend/ovs_idl/transaction.py:89}}
Jul 15 22:35:03.041286 np0000185489 devstack@neutron-api.service[101922]: DEBUG ovsdbapp.backend.ovs_idl.transaction [None req-bf884c8e-8694-427f-9bd3-10fc57b08b4f None None] Running txn n=1 command(idx=3): PgAclAddCommand(_result=None, entity=pg_50b2677c_5d71_49dd_a938_1c778a5271f8, direction=to-lport, priority=1002, match=outport == @pg_50b2677c_5d71_49dd_a938_1c778a5271f8 && ip4 && ip4.src == $pg_50b2677c_5d71_49dd_a938_1c778a5271f8_ip4, action=allow-related, log=False, may_exist=True, severity=[], name=[], meter=[], external_ids={'neutron:security_group_rule_id': '73184fdc-5854-4d90-b13a-9485ee3a3b4c'}) {{(pid=101922) do_commit /opt/stack/data/venv/lib/python3.12/site-packages/ovsdbapp/backend/ovs_idl/transaction.py:89}}
Jul 15 22:35:03.041858 np0000185489 devstack@neutron-api.service[101922]: DEBUG ovsdbapp.backend.ovs_idl.transaction [None req-bf884c8e-8694-427f-9bd3-10fc57b08b4f None None] Running txn n=1 command(idx=4): PgAclAddCommand(_result=None, entity=pg_50b2677c_5d71_49dd_a938_1c778a5271f8, direction=to-lport, priority=1002, match=outport == @pg_50b2677c_5d71_49dd_a938_1c778a5271f8 && ip6 && ip6.src == $pg_50b2677c_5d71_49dd_a938_1c778a5271f8_ip6, action=allow-related, log=False, may_exist=True, severity=[], name=[], meter=[], external_ids={'neutron:security_group_rule_id': 'a0eacbed-5fca-4c99-9072-974b0687e5c2'}) {{(pid=101922) do_commit /opt/stack/data/venv/lib/python3.12/site-packages/ovsdbapp/backend/ovs_idl/transaction.py:89}}
Jul 15 22:35:03.049975 np0000185489 devstack@neutron-api.service[101921]: DEBUG neutron.plugins.ml2.drivers.ovn.mech_driver.ovsdb.ovsdb_monitor [None req-992bdb3e-adb6-480c-9900-8880ce1f876b None None] Touching Hash Ring node "605a0ae9964954e6962df9fa02e6b790" from IDL notify handler {{(pid=101921) notify /opt/stack/neutron/neutron/plugins/ml2/drivers/ovn/mech_driver/ovsdb/ovsdb_monitor.py:1001}}
Jul 15 22:35:03.052715 np0000185489 devstack@neutron-api.service[101924]: DEBUG neutron.plugins.ml2.drivers.ovn.mech_driver.ovsdb.ovsdb_monitor [None req-4a571632-f3d4-420d-8863-fb2896dab2e6 None None] Touching Hash Ring node "cc9c50160bda517d80d04ea4afd5f368" from IDL notify handler {{(pid=101924) notify /opt/stack/neutron/neutron/plugins/ml2/drivers/ovn/mech_driver/ovsdb/ovsdb_monitor.py:1001}}
Jul 15 22:35:03.055290 np0000185489 devstack@neutron-api.service[101923]: DEBUG neutron.plugins.ml2.drivers.ovn.mech_driver.ovsdb.ovsdb_monitor [None req-f52df453-ecad-4e70-9356-43da280b2e9c None None] Touching Hash Ring node "6c70076a86ac5fa4ab54099312f57f17" from IDL notify handler {{(pid=101923) notify /opt/stack/neutron/neutron/plugins/ml2/drivers/ovn/mech_driver/ovsdb/ovsdb_monitor.py:1001}}
Jul 15 22:35:03.057381 np0000185489 devstack@neutron-api.service[101921]: DEBUG neutron.plugins.ml2.drivers.ovn.mech_driver.ovsdb.ovsdb_monitor [None req-992bdb3e-adb6-480c-9900-8880ce1f876b None None] Hash Ring: Node 605a0ae9964954e6962df9fa02e6b790 (host: np0000185489) handling event "create" for row 89f96749-145e-49df-9f29-31d798bf51e2 (table: ACL) {{(pid=101921) notify /opt/stack/neutron/neutron/plugins/ml2/drivers/ovn/mech_driver/ovsdb/ovsdb_monitor.py:1009}}
Jul 15 22:35:03.061573 np0000185489 devstack@neutron-api.service[101924]: DEBUG neutron.plugins.ml2.drivers.ovn.mech_driver.ovsdb.ovsdb_monitor [None req-4a571632-f3d4-420d-8863-fb2896dab2e6 None None] Hash Ring: Node cc9c50160bda517d80d04ea4afd5f368 (host: np0000185489) handling event "create" for row 68bbdb06-ae56-4f91-bc23-50638cc53dfb (table: ACL) {{(pid=101924) notify /opt/stack/neutron/neutron/plugins/ml2/drivers/ovn/mech_driver/ovsdb/ovsdb_monitor.py:1009}}
Jul 15 22:35:03.062527 np0000185489 devstack@neutron-api.service[101924]: DEBUG neutron.plugins.ml2.drivers.ovn.mech_driver.ovsdb.ovsdb_monitor [None req-4a571632-f3d4-420d-8863-fb2896dab2e6 None None] Touching Hash Ring node "cc9c50160bda517d80d04ea4afd5f368" from IDL notify handler {{(pid=101924) notify /opt/stack/neutron/neutron/plugins/ml2/drivers/ovn/mech_driver/ovsdb/ovsdb_monitor.py:1001}}
Jul 15 22:35:03.062837 np0000185489 devstack@neutron-api.service[101923]: DEBUG neutron.plugins.ml2.drivers.ovn.mech_driver.ovsdb.ovsdb_monitor [None req-f52df453-ecad-4e70-9356-43da280b2e9c None None] Hash Ring: Node 6c70076a86ac5fa4ab54099312f57f17 (host: np0000185489) handling event "create" for row 286561ba-c88a-4c7c-957c-db0189a200a8 (table: ACL) {{(pid=101923) notify /opt/stack/neutron/neutron/plugins/ml2/drivers/ovn/mech_driver/ovsdb/ovsdb_monitor.py:1009}}
Jul 15 22:35:03.063637 np0000185489 devstack@neutron-api.service[101923]: DEBUG neutron.plugins.ml2.drivers.ovn.mech_driver.ovsdb.ovsdb_monitor [None req-f52df453-ecad-4e70-9356-43da280b2e9c None None] Touching Hash Ring node "6c70076a86ac5fa4ab54099312f57f17" from IDL notify handler {{(pid=101923) notify /opt/stack/neutron/neutron/plugins/ml2/drivers/ovn/mech_driver/ovsdb/ovsdb_monitor.py:1001}}
Jul 15 22:35:03.065381 np0000185489 devstack@neutron-api.service[101924]: DEBUG neutron.plugins.ml2.drivers.ovn.mech_driver.ovsdb.ovsdb_monitor [None req-4a571632-f3d4-420d-8863-fb2896dab2e6 None None] Hash Ring: Node cc9c50160bda517d80d04ea4afd5f368 (host: np0000185489) handling event "create" for row 6c5dbef0-22ad-44df-a295-b088bc38550c (table: ACL) {{(pid=101924) notify /opt/stack/neutron/neutron/plugins/ml2/drivers/ovn/mech_driver/ovsdb/ovsdb_monitor.py:1009}}
Jul 15 22:35:03.065542 np0000185489 devstack@neutron-api.service[101923]: DEBUG neutron.plugins.ml2.drivers.ovn.mech_driver.ovsdb.ovsdb_monitor [None req-f52df453-ecad-4e70-9356-43da280b2e9c None None] Hash Ring: Node 6c70076a86ac5fa4ab54099312f57f17 (host: np0000185489) handling event "create" for row a4de58f8-d9c4-4b31-b021-e59ea2a3d8c6 (table: Port_Group) {{(pid=101923) notify /opt/stack/neutron/neutron/plugins/ml2/drivers/ovn/mech_driver/ovsdb/ovsdb_monitor.py:1009}}
Jul 15 22:35:03.067924 np0000185489 devstack@neutron-api.service[101922]: INFO neutron.db.ovn_revision_numbers_db [None req-d990ffc6-09c2-4363-bd54-e3f51b3ad465 admin admin] Successfully bumped revision number for resource 50b2677c-5d71-49dd-a938-1c778a5271f8 (type: security_groups) to 1
Jul 15 22:35:03.079254 np0000185489 devstack@neutron-api.service[101922]: INFO neutron.db.ovn_revision_numbers_db [None req-d990ffc6-09c2-4363-bd54-e3f51b3ad465 admin admin] Successfully bumped revision number for resource 1bb0e5fc-dff3-464f-889b-2dee7f9ccd38 (type: security_group_rules) to 0
Jul 15 22:35:03.091829 np0000185489 devstack@neutron-api.service[101922]: INFO neutron.db.ovn_revision_numbers_db [None req-d990ffc6-09c2-4363-bd54-e3f51b3ad465 admin admin] Successfully bumped revision number for resource 4de1ed62-5588-446d-9262-1ceff35033b8 (type: security_group_rules) to 0
Jul 15 22:35:03.106737 np0000185489 devstack@neutron-api.service[101922]: INFO neutron.db.ovn_revision_numbers_db [None req-d990ffc6-09c2-4363-bd54-e3f51b3ad465 admin admin] Successfully bumped revision number for resource 73184fdc-5854-4d90-b13a-9485ee3a3b4c (type: security_group_rules) to 0
Jul 15 22:35:03.118702 np0000185489 devstack@neutron-api.service[101922]: INFO neutron.db.ovn_revision_numbers_db [None req-d990ffc6-09c2-4363-bd54-e3f51b3ad465 admin admin] Successfully bumped revision number for resource a0eacbed-5fca-4c99-9072-974b0687e5c2 (type: security_group_rules) to 0
Jul 15 22:35:03.142982 np0000185489 devstack@neutron-api.service[101922]: DEBUG neutron.api.rpc.handlers.resources_rpc [None req-d990ffc6-09c2-4363-bd54-e3f51b3ad465 admin admin] Pushing event updated for resources: {'SecurityGroup': ['ID=50b2677c-5d71-49dd-a938-1c778a5271f8,revision_number=1']} {{(pid=101922) push /opt/stack/neutron/neutron/api/rpc/handlers/resources_rpc.py:237}}
Jul 15 22:35:03.148590 np0000185489 devstack@neutron-api.service[101922]: DEBUG ovsdbapp.backend.ovs_idl.transaction [None req-bf884c8e-8694-427f-9bd3-10fc57b08b4f None None] Running txn n=1 command(idx=0): CheckLivenessCommand(_result=None) {{(pid=101922) do_commit /opt/stack/data/venv/lib/python3.12/site-packages/ovsdbapp/backend/ovs_idl/transaction.py:89}}
Jul 15 22:35:03.152581 np0000185489 devstack@neutron-api.service[101921]: DEBUG neutron.plugins.ml2.drivers.ovn.mech_driver.ovsdb.ovsdb_monitor [None req-992bdb3e-adb6-480c-9900-8880ce1f876b None None] Touching Hash Ring node "605a0ae9964954e6962df9fa02e6b790" from IDL notify handler {{(pid=101921) notify /opt/stack/neutron/neutron/plugins/ml2/drivers/ovn/mech_driver/ovsdb/ovsdb_monitor.py:1001}}
Jul 15 22:35:03.157892 np0000185489 devstack@neutron-api.service[101921]: DEBUG neutron.plugins.ml2.drivers.ovn.mech_driver.ovsdb.ovsdb_monitor [None req-992bdb3e-adb6-480c-9900-8880ce1f876b None None] Hash Ring: Node 605a0ae9964954e6962df9fa02e6b790 (host: np0000185489) handling event "update" for row c177548b-f7a6-4d05-bc89-ecf83cdf04fe (table: NB_Global) {{(pid=101921) notify /opt/stack/neutron/neutron/plugins/ml2/drivers/ovn/mech_driver/ovsdb/ovsdb_monitor.py:1009}}
Jul 15 22:35:03.158147 np0000185489 devstack@neutron-api.service[101924]: DEBUG ovsdbapp.backend.ovs_idl.event [None req-edd096ae-9e12-4f95-a491-22d92f4b81da None None] Matched UPDATE: ChassisAgentWriteEvent(events=('create', 'update'), table='Chassis_Private', conditions=None, old_conditions=None), priority=20 to row=Chassis_Private(uuid=8c13c46d-17b2-41ae-82c3-da8fa6e75c2a, chassis=fef62dd4-c0ba-464f-b1e5-c57dd4ff9d7d, external_ids={'neutron:ovn-bridge': 'br-int', 'neutron:ovn-neutron-agent-id': 'f9bba780-ed54-5f4e-8bbc-6ade3e33790e', 'neutron:ovn-neutron-agent-sb-cfg': '2'}, name='d3805a6a-d5d7-45f9-a9c4-753d74112eea', nb_cfg=3, nb_cfg_timestamp=1784154903152) old=Chassis_Private(uuid=8c13c46d-17b2-41ae-82c3-da8fa6e75c2a, nb_cfg=2, nb_cfg_timestamp=1784154815729) {{(pid=101924) matches /opt/stack/data/venv/lib/python3.12/site-packages/ovsdbapp/backend/ovs_idl/event.py:55}}
Jul 15 22:35:03.158520 np0000185489 devstack@neutron-api.service[101922]: DEBUG neutron.api.rpc.callbacks.version_manager [None req-d990ffc6-09c2-4363-bd54-e3f51b3ad465 admin admin] Tracked resource versions report:
Jul 15 22:35:03.158520 np0000185489 devstack@neutron-api.service[101922]: pushed versions:
Jul 15 22:35:03.158520 np0000185489 devstack@neutron-api.service[101922]: { 'AddressGroup': {'1.2'},
Jul 15 22:35:03.158520 np0000185489 devstack@neutron-api.service[101922]: 'Agent': {'1.1'},
Jul 15 22:35:03.158520 np0000185489 devstack@neutron-api.service[101922]: 'ConntrackHelper': {'1.0'},
Jul 15 22:35:03.158520 np0000185489 devstack@neutron-api.service[101922]: 'LocalIPAssociation': {'1.0'},
Jul 15 22:35:03.158520 np0000185489 devstack@neutron-api.service[101922]: 'Log': {'1.0'},
Jul 15 22:35:03.158520 np0000185489 devstack@neutron-api.service[101922]: 'NDPProxy': {'1.0'},
Jul 15 22:35:03.158520 np0000185489 devstack@neutron-api.service[101922]: 'Network': {'1.3'},
Jul 15 22:35:03.158520 np0000185489 devstack@neutron-api.service[101922]: 'Port': {'1.11'},
Jul 15 22:35:03.158520 np0000185489 devstack@neutron-api.service[101922]: 'PortForwarding': {'1.3'},
Jul 15 22:35:03.158520 np0000185489 devstack@neutron-api.service[101922]: 'QosPolicy': {'1.10'},
Jul 15 22:35:03.158520 np0000185489 devstack@neutron-api.service[101922]: 'SecurityGroup': {'1.6'},
Jul 15 22:35:03.158520 np0000185489 devstack@neutron-api.service[101922]: 'SecurityGroupRule': {'1.3'},
Jul 15 22:35:03.158520 np0000185489 devstack@neutron-api.service[101922]: 'SubPort': {'1.0'},
Jul 15 22:35:03.158520 np0000185489 devstack@neutron-api.service[101922]: 'Subnet': {'1.2'},
Jul 15 22:35:03.158520 np0000185489 devstack@neutron-api.service[101922]: 'Trunk': {'1.1'}}
Jul 15 22:35:03.158520 np0000185489 devstack@neutron-api.service[101922]: consumer versions:
Jul 15 22:35:03.158520 np0000185489 devstack@neutron-api.service[101922]: { OVN Neutron agent@np0000185489: {},
Jul 15 22:35:03.158520 np0000185489 devstack@neutron-api.service[101922]: OVN Controller Gateway agent@np0000185489: {}}
Jul 15 22:35:03.158520 np0000185489 devstack@neutron-api.service[101922]: {{(pid=101922) report /opt/stack/neutron/neutron/api/rpc/callbacks/version_manager.py:183}}
Jul 15 22:35:03.159820 np0000185489 devstack@neutron-api.service[101921]: DEBUG ovsdbapp.backend.ovs_idl.event [None req-81c34325-e9bb-4513-b548-16faabead5d4 None None] Matched UPDATE: ChassisAgentWriteEvent(events=('create', 'update'), table='Chassis_Private', conditions=None, old_conditions=None), priority=20 to row=Chassis_Private(uuid=8c13c46d-17b2-41ae-82c3-da8fa6e75c2a, chassis=fef62dd4-c0ba-464f-b1e5-c57dd4ff9d7d, external_ids={'neutron:ovn-bridge': 'br-int', 'neutron:ovn-neutron-agent-id': 'f9bba780-ed54-5f4e-8bbc-6ade3e33790e', 'neutron:ovn-neutron-agent-sb-cfg': '2'}, name='d3805a6a-d5d7-45f9-a9c4-753d74112eea', nb_cfg=3, nb_cfg_timestamp=1784154903152) old=Chassis_Private(uuid=8c13c46d-17b2-41ae-82c3-da8fa6e75c2a, nb_cfg=2, nb_cfg_timestamp=1784154815729) {{(pid=101921) matches /opt/stack/data/venv/lib/python3.12/site-packages/ovsdbapp/backend/ovs_idl/event.py:55}}
Jul 15 22:35:03.160125 np0000185489 devstack@neutron-api.service[101923]: DEBUG ovsdbapp.backend.ovs_idl.event [None req-f75f1ac0-2a6d-46e1-bae2-bc22e59a6646 None None] Matched UPDATE: ChassisAgentWriteEvent(events=('create', 'update'), table='Chassis_Private', conditions=None, old_conditions=None), priority=20 to row=Chassis_Private(uuid=8c13c46d-17b2-41ae-82c3-da8fa6e75c2a, chassis=fef62dd4-c0ba-464f-b1e5-c57dd4ff9d7d, external_ids={'neutron:ovn-bridge': 'br-int', 'neutron:ovn-neutron-agent-id': 'f9bba780-ed54-5f4e-8bbc-6ade3e33790e', 'neutron:ovn-neutron-agent-sb-cfg': '2'}, name='d3805a6a-d5d7-45f9-a9c4-753d74112eea', nb_cfg=3, nb_cfg_timestamp=1784154903152) old=Chassis_Private(uuid=8c13c46d-17b2-41ae-82c3-da8fa6e75c2a, nb_cfg=2, nb_cfg_timestamp=1784154815729) {{(pid=101923) matches /opt/stack/data/venv/lib/python3.12/site-packages/ovsdbapp/backend/ovs_idl/event.py:55}}
Jul 15 22:35:03.160797 np0000185489 devstack@neutron-api.service[101921]: DEBUG neutron.plugins.ml2.drivers.ovn.mech_driver.ovsdb.ovsdb_monitor [None req-992bdb3e-adb6-480c-9900-8880ce1f876b None None] Touching Hash Ring node "605a0ae9964954e6962df9fa02e6b790" from IDL notify handler {{(pid=101921) notify /opt/stack/neutron/neutron/plugins/ml2/drivers/ovn/mech_driver/ovsdb/ovsdb_monitor.py:1001}}
Jul 15 22:35:03.163514 np0000185489 devstack@neutron-api.service[101922]: DEBUG ovsdbapp.backend.ovs_idl.event [None req-f4650b8d-fec1-4b9d-a905-277b4473699b None None] Matched UPDATE: ChassisAgentWriteEvent(events=('create', 'update'), table='Chassis_Private', conditions=None, old_conditions=None), priority=20 to row=Chassis_Private(uuid=8c13c46d-17b2-41ae-82c3-da8fa6e75c2a, chassis=fef62dd4-c0ba-464f-b1e5-c57dd4ff9d7d, external_ids={'neutron:ovn-bridge': 'br-int', 'neutron:ovn-neutron-agent-id': 'f9bba780-ed54-5f4e-8bbc-6ade3e33790e', 'neutron:ovn-neutron-agent-sb-cfg': '2'}, name='d3805a6a-d5d7-45f9-a9c4-753d74112eea', nb_cfg=3, nb_cfg_timestamp=1784154903152) old=Chassis_Private(uuid=8c13c46d-17b2-41ae-82c3-da8fa6e75c2a, nb_cfg=2, nb_cfg_timestamp=1784154815729) {{(pid=101922) matches /opt/stack/data/venv/lib/python3.12/site-packages/ovsdbapp/backend/ovs_idl/event.py:55}}
Jul 15 22:35:03.163981 np0000185489 devstack@neutron-api.service[101921]: DEBUG neutron.plugins.ml2.drivers.ovn.mech_driver.ovsdb.ovsdb_monitor [None req-992bdb3e-adb6-480c-9900-8880ce1f876b None None] Hash Ring: Node 605a0ae9964954e6962df9fa02e6b790 (host: np0000185489) handling event "update" for row c177548b-f7a6-4d05-bc89-ecf83cdf04fe (table: NB_Global) {{(pid=101921) notify /opt/stack/neutron/neutron/plugins/ml2/drivers/ovn/mech_driver/ovsdb/ovsdb_monitor.py:1009}}
Jul 15 22:35:03.165409 np0000185489 devstack@neutron-api.service[101921]: DEBUG neutron.plugins.ml2.drivers.ovn.mech_driver.ovsdb.ovsdb_monitor [None req-992bdb3e-adb6-480c-9900-8880ce1f876b None None] Touching Hash Ring node "605a0ae9964954e6962df9fa02e6b790" from IDL notify handler {{(pid=101921) notify /opt/stack/neutron/neutron/plugins/ml2/drivers/ovn/mech_driver/ovsdb/ovsdb_monitor.py:1001}}
Jul 15 22:35:03.169075 np0000185489 devstack@neutron-api.service[101924]: DEBUG neutron.common.ovn.hash_ring_manager [None req-edd096ae-9e12-4f95-a491-22d92f4b81da None None] Hash Ring loaded. 4 active nodes. 0 offline nodes {{(pid=101924) _load_hash_ring /opt/stack/neutron/neutron/common/ovn/hash_ring_manager.py:110}}
Jul 15 22:35:03.171470 np0000185489 devstack@neutron-api.service[101923]: DEBUG neutron.common.ovn.hash_ring_manager [None req-f75f1ac0-2a6d-46e1-bae2-bc22e59a6646 None None] Hash Ring loaded. 4 active nodes. 0 offline nodes {{(pid=101923) _load_hash_ring /opt/stack/neutron/neutron/common/ovn/hash_ring_manager.py:110}}
