Jul 15 22:31:29.376499 np0000185489 devstack@neutron-api.service[101924]: DEBUG ovsdbapp.backend.ovs_idl [None req-cfe5028a-ed2c-4d52-bd2d-3fec4f6a4dce None None] Created schema index Gateway_Chassis.name {{(pid=101924) autocreate_indices /opt/stack/data/venv/lib/python3.12/site-packages/ovsdbapp/backend/ovs_idl/__init__.py:106}}
Jul 15 22:31:29.376586 np0000185489 devstack@neutron-api.service[101924]: DEBUG ovsdbapp.backend.ovs_idl [None req-cfe5028a-ed2c-4d52-bd2d-3fec4f6a4dce None None] Created schema index Mirror.name {{(pid=101924) autocreate_indices /opt/stack/data/venv/lib/python3.12/site-packages/ovsdbapp/backend/ovs_idl/__init__.py:106}}
Jul 15 22:31:29.376723 np0000185489 devstack@neutron-api.service[101924]: DEBUG ovsdbapp.backend.ovs_idl [None req-cfe5028a-ed2c-4d52-bd2d-3fec4f6a4dce None None] Created schema index Chassis_Template_Var.chassis {{(pid=101924) autocreate_indices /opt/stack/data/venv/lib/python3.12/site-packages/ovsdbapp/backend/ovs_idl/__init__.py:106}}
Jul 15 22:31:29.377003 np0000185489 devstack@neutron-api.service[101924]: DEBUG ovsdbapp.backend.ovs_idl [None req-cfe5028a-ed2c-4d52-bd2d-3fec4f6a4dce None None] Created schema index Logical_Router_Port.name {{(pid=101924) autocreate_indices /opt/stack/data/venv/lib/python3.12/site-packages/ovsdbapp/backend/ovs_idl/__init__.py:106}}
Jul 15 22:31:29.377124 np0000185489 devstack@neutron-api.service[101924]: DEBUG ovsdbapp.backend.ovs_idl [None req-cfe5028a-ed2c-4d52-bd2d-3fec4f6a4dce None None] Created schema index Port_Group.name {{(pid=101924) autocreate_indices /opt/stack/data/venv/lib/python3.12/site-packages/ovsdbapp/backend/ovs_idl/__init__.py:106}}
Jul 15 22:31:29.377258 np0000185489 devstack@neutron-api.service[101924]: DEBUG ovsdbapp.backend.ovs_idl [None req-cfe5028a-ed2c-4d52-bd2d-3fec4f6a4dce None None] Created schema index Logical_Switch_Port.name {{(pid=101924) autocreate_indices /opt/stack/data/venv/lib/python3.12/site-packages/ovsdbapp/backend/ovs_idl/__init__.py:106}}
Jul 15 22:31:29.380816 np0000185489 devstack@neutron-api.service[101924]: INFO ovsdbapp.backend.ovs_idl.vlog [None req-cfe5028a-ed2c-4d52-bd2d-3fec4f6a4dce None None] ssl:199.19.213.31:6641: connecting...
Jul 15 22:31:29.385520 np0000185489 devstack@neutron-api.service[101924]: INFO ovsdbapp.backend.ovs_idl.vlog [None req-cfe5028a-ed2c-4d52-bd2d-3fec4f6a4dce None None] ssl:199.19.213.31:6641: connected
Jul 15 22:31:29.419503 np0000185489 devstack@neutron-api.service[101924]: DEBUG neutron.common.ovn.hash_ring_manager [None req-cfe5028a-ed2c-4d52-bd2d-3fec4f6a4dce None None] Disallow caching, nodes 1<4 {{(pid=101924) _wait_startup_before_caching /opt/stack/neutron/neutron/common/ovn/hash_ring_manager.py:79}}
Jul 15 22:31:29.428474 np0000185489 devstack@neutron-api.service[101924]: DEBUG neutron.common.ovn.hash_ring_manager [None req-cfe5028a-ed2c-4d52-bd2d-3fec4f6a4dce None None] Hash Ring loaded. 1 active nodes. 0 offline nodes {{(pid=101924) _load_hash_ring /opt/stack/neutron/neutron/common/ovn/hash_ring_manager.py:110}}
Jul 15 22:31:29.428751 np0000185489 devstack@neutron-api.service[101924]: DEBUG neutron.plugins.ml2.drivers.ovn.mech_driver.ovsdb.ovsdb_monitor [None req-cfe5028a-ed2c-4d52-bd2d-3fec4f6a4dce None None] Hash Ring: Node cc9c50160bda517d80d04ea4afd5f368 (host: np0000185489) handling event "create" for row 57573a27-6718-4f62-a9a7-70a73368cec2 (table: ACL) {{(pid=101924) notify /opt/stack/neutron/neutron/plugins/ml2/drivers/ovn/mech_driver/ovsdb/ovsdb_monitor.py:1009}}
Jul 15 22:31:29.433555 np0000185489 devstack@neutron-api.service[101924]: DEBUG neutron.common.ovn.hash_ring_manager [None req-cfe5028a-ed2c-4d52-bd2d-3fec4f6a4dce None None] Hash Ring loaded. 1 active nodes. 0 offline nodes {{(pid=101924) _load_hash_ring /opt/stack/neutron/neutron/common/ovn/hash_ring_manager.py:110}}
Jul 15 22:31:29.433697 np0000185489 devstack@neutron-api.service[101924]: DEBUG neutron.plugins.ml2.drivers.ovn.mech_driver.ovsdb.ovsdb_monitor [None req-cfe5028a-ed2c-4d52-bd2d-3fec4f6a4dce None None] Hash Ring: Node cc9c50160bda517d80d04ea4afd5f368 (host: np0000185489) handling event "create" for row 719463e3-20c9-4384-8fe0-402696ce8cc0 (table: ACL) {{(pid=101924) notify /opt/stack/neutron/neutron/plugins/ml2/drivers/ovn/mech_driver/ovsdb/ovsdb_monitor.py:1009}}
Jul 15 22:31:29.438414 np0000185489 devstack@neutron-api.service[101924]: DEBUG neutron.common.ovn.hash_ring_manager [None req-cfe5028a-ed2c-4d52-bd2d-3fec4f6a4dce None None] Hash Ring loaded. 1 active nodes. 0 offline nodes {{(pid=101924) _load_hash_ring /opt/stack/neutron/neutron/common/ovn/hash_ring_manager.py:110}}
Jul 15 22:31:29.438480 np0000185489 devstack@neutron-api.service[101924]: DEBUG neutron.plugins.ml2.drivers.ovn.mech_driver.ovsdb.ovsdb_monitor [None req-cfe5028a-ed2c-4d52-bd2d-3fec4f6a4dce None None] Hash Ring: Node cc9c50160bda517d80d04ea4afd5f368 (host: np0000185489) handling event "create" for row d305d037-9982-4568-99f8-f904a377670c (table: Connection) {{(pid=101924) notify /opt/stack/neutron/neutron/plugins/ml2/drivers/ovn/mech_driver/ovsdb/ovsdb_monitor.py:1009}}
Jul 15 22:31:29.445091 np0000185489 devstack@neutron-api.service[101924]: DEBUG neutron.common.ovn.hash_ring_manager [None req-cfe5028a-ed2c-4d52-bd2d-3fec4f6a4dce None None] Hash Ring loaded. 1 active nodes. 0 offline nodes {{(pid=101924) _load_hash_ring /opt/stack/neutron/neutron/common/ovn/hash_ring_manager.py:110}}
Jul 15 22:31:29.445091 np0000185489 devstack@neutron-api.service[101924]: DEBUG neutron.plugins.ml2.drivers.ovn.mech_driver.ovsdb.ovsdb_monitor [None req-cfe5028a-ed2c-4d52-bd2d-3fec4f6a4dce None None] Hash Ring: Node cc9c50160bda517d80d04ea4afd5f368 (host: np0000185489) handling event "create" for row c177548b-f7a6-4d05-bc89-ecf83cdf04fe (table: NB_Global) {{(pid=101924) notify /opt/stack/neutron/neutron/plugins/ml2/drivers/ovn/mech_driver/ovsdb/ovsdb_monitor.py:1009}}
Jul 15 22:31:29.451209 np0000185489 devstack@neutron-api.service[101924]: DEBUG neutron.common.ovn.hash_ring_manager [None req-cfe5028a-ed2c-4d52-bd2d-3fec4f6a4dce None None] Hash Ring loaded. 1 active nodes. 0 offline nodes {{(pid=101924) _load_hash_ring /opt/stack/neutron/neutron/common/ovn/hash_ring_manager.py:110}}
Jul 15 22:31:29.451430 np0000185489 devstack@neutron-api.service[101924]: DEBUG neutron.plugins.ml2.drivers.ovn.mech_driver.ovsdb.ovsdb_monitor [None req-cfe5028a-ed2c-4d52-bd2d-3fec4f6a4dce None None] Hash Ring: Node cc9c50160bda517d80d04ea4afd5f368 (host: np0000185489) handling event "create" for row ef7959c3-248b-41c1-a426-9264b6fef5f7 (table: Port_Group) {{(pid=101924) notify /opt/stack/neutron/neutron/plugins/ml2/drivers/ovn/mech_driver/ovsdb/ovsdb_monitor.py:1009}}
Jul 15 22:31:29.456924 np0000185489 devstack@neutron-api.service[101924]: DEBUG neutron.common.ovn.hash_ring_manager [None req-cfe5028a-ed2c-4d52-bd2d-3fec4f6a4dce None None] Hash Ring loaded. 1 active nodes. 0 offline nodes {{(pid=101924) _load_hash_ring /opt/stack/neutron/neutron/common/ovn/hash_ring_manager.py:110}}
Jul 15 22:31:29.457079 np0000185489 devstack@neutron-api.service[101924]: DEBUG neutron.plugins.ml2.drivers.ovn.mech_driver.ovsdb.ovsdb_monitor [None req-cfe5028a-ed2c-4d52-bd2d-3fec4f6a4dce None None] Hash Ring: Node cc9c50160bda517d80d04ea4afd5f368 (host: np0000185489) handling event "create" for row 4e13734c-2457-4dcc-b3bd-ba270adf8817 (table: SSL) {{(pid=101924) notify /opt/stack/neutron/neutron/plugins/ml2/drivers/ovn/mech_driver/ovsdb/ovsdb_monitor.py:1009}}
Jul 15 22:31:29.458276 np0000185489 devstack@neutron-api.service[101924]: INFO neutron.plugins.ml2.drivers.ovn.mech_driver.ovsdb.impl_idl_ovn [None req-cfe5028a-ed2c-4d52-bd2d-3fec4f6a4dce None None] Getting OvsdbSbOvnIdl for WorkerService with retry
Jul 15 22:31:29.489458 np0000185489 devstack@neutron-api.service[101924]: DEBUG ovsdbapp.backend.ovs_idl [None req-cfe5028a-ed2c-4d52-bd2d-3fec4f6a4dce None None] Created lookup_table index Chassis.name {{(pid=101924) autocreate_indices /opt/stack/data/venv/lib/python3.12/site-packages/ovsdbapp/backend/ovs_idl/__init__.py:87}}
Jul 15 22:31:29.489611 np0000185489 devstack@neutron-api.service[101924]: DEBUG ovsdbapp.backend.ovs_idl [None req-cfe5028a-ed2c-4d52-bd2d-3fec4f6a4dce None None] Created lookup_table index Port_Binding.logical_port {{(pid=101924) autocreate_indices /opt/stack/data/venv/lib/python3.12/site-packages/ovsdbapp/backend/ovs_idl/__init__.py:87}}
Jul 15 22:31:29.489652 np0000185489 devstack@neutron-api.service[101924]: DEBUG ovsdbapp.backend.ovs_idl [None req-cfe5028a-ed2c-4d52-bd2d-3fec4f6a4dce None None] Created schema index Chassis_Private.name {{(pid=101924) autocreate_indices /opt/stack/data/venv/lib/python3.12/site-packages/ovsdbapp/backend/ovs_idl/__init__.py:106}}
Jul 15 22:31:29.489734 np0000185489 devstack@neutron-api.service[101924]: DEBUG ovsdbapp.backend.ovs_idl [None req-cfe5028a-ed2c-4d52-bd2d-3fec4f6a4dce None None] Created schema index Datapath_Binding.tunnel_key {{(pid=101924) autocreate_indices /opt/stack/data/venv/lib/python3.12/site-packages/ovsdbapp/backend/ovs_idl/__init__.py:106}}
Jul 15 22:31:29.491898 np0000185489 devstack@neutron-api.service[101924]: INFO ovsdbapp.backend.ovs_idl.vlog [None req-cfe5028a-ed2c-4d52-bd2d-3fec4f6a4dce None None] ssl:199.19.213.31:6642: connecting...
Jul 15 22:31:29.497322 np0000185489 devstack@neutron-api.service[101924]: INFO ovsdbapp.backend.ovs_idl.vlog [None req-cfe5028a-ed2c-4d52-bd2d-3fec4f6a4dce None None] ssl:199.19.213.31:6642: connected
Jul 15 22:31:29.527153 np0000185489 devstack@neutron-api.service[101924]: DEBUG neutron.common.ovn.hash_ring_manager [None req-cfe5028a-ed2c-4d52-bd2d-3fec4f6a4dce None None] Disallow caching, nodes 1<4 {{(pid=101924) _wait_startup_before_caching /opt/stack/neutron/neutron/common/ovn/hash_ring_manager.py:79}}
Jul 15 22:31:29.530954 np0000185489 devstack@neutron-api.service[101924]: DEBUG neutron.common.ovn.hash_ring_manager [None req-cfe5028a-ed2c-4d52-bd2d-3fec4f6a4dce None None] Hash Ring loaded. 1 active nodes. 0 offline nodes {{(pid=101924) _load_hash_ring /opt/stack/neutron/neutron/common/ovn/hash_ring_manager.py:110}}
Jul 15 22:31:29.531056 np0000185489 devstack@neutron-api.service[101924]: DEBUG neutron.plugins.ml2.drivers.ovn.mech_driver.ovsdb.ovsdb_monitor [None req-cfe5028a-ed2c-4d52-bd2d-3fec4f6a4dce None None] Hash Ring: Node cc9c50160bda517d80d04ea4afd5f368 (host: np0000185489) handling event "create" for row fef62dd4-c0ba-464f-b1e5-c57dd4ff9d7d (table: Chassis) {{(pid=101924) notify /opt/stack/neutron/neutron/plugins/ml2/drivers/ovn/mech_driver/ovsdb/ovsdb_monitor.py:1009}}
Jul 15 22:31:29.531842 np0000185489 devstack@neutron-api.service[101924]: DEBUG ovsdbapp.backend.ovs_idl.event [None req-cfe5028a-ed2c-4d52-bd2d-3fec4f6a4dce None None] Matched CREATE: ChassisBandwidthConfigEvent(events=('create', 'update'), table='Chassis', conditions=None, old_conditions=None), priority=20 to row=Chassis(uuid=fef62dd4-c0ba-464f-b1e5-c57dd4ff9d7d, encaps=[3478cef4-6eed-4ab3-942a-8bc05a918433], external_ids={}, hostname='np0000185489', name='d3805a6a-d5d7-45f9-a9c4-753d74112eea', nb_cfg=0, other_config={'ct-commit-nat-v2': 'true', 'ct-commit-to-zone': 'true', 'ct-next-zone': 'true', 'ct-no-masked-label': 'true', 'ct-state-save': 'true', 'datapath-type': 'system', 'fdb-timestamp': 'true', 'iface-types': 'afxdp,afxdp-nonpmd,bareudp,erspan,geneve,gre,gtpu,internal,ip6erspan,ip6gre,lisp,patch,srv6,stt,system,tap,vxlan', 'is-interconn': 'false', 'ls-dpg-column': 'true', 'mac-binding-timestamp': 'true', 'ovn-bridge-mappings': 'public:br-ex', 'ovn-chassis-mac-mappings': '', 'ovn-cms-options': 'enable-chassis-as-gw', 'ovn-ct-lb-related': 'true', 'ovn-enable-lflow-cache': 'true', 'ovn-limit-lflow-cache': '', 'ovn-memlimit-lflow-cache-kb': '', 'ovn-monitor-all': 'false', 'ovn-trim-limit-lflow-cache': '', 'ovn-trim-timeout-ms': '', 'ovn-trim-wmark-perc-lflow-cache': '', 'port-up-notif': 'true'}, transport_zones=[], vtep_logical_switches=[]) old= {{(pid=101924) matches /opt/stack/data/venv/lib/python3.12/site-packages/ovsdbapp/backend/ovs_idl/event.py:55}}
Jul 15 22:31:29.532530 np0000185489 devstack@neutron-api.service[101924]: DEBUG ovsdbapp.backend.ovs_idl.event [None req-cfe5028a-ed2c-4d52-bd2d-3fec4f6a4dce None None] Matched CREATE: ChassisAgentWriteEvent(events=('create', 'update'), table='Chassis_Private', conditions=None, old_conditions=None), priority=20 to row=Chassis_Private(uuid=8c13c46d-17b2-41ae-82c3-da8fa6e75c2a, chassis=fef62dd4-c0ba-464f-b1e5-c57dd4ff9d7d, external_ids={'neutron:ovn-bridge': 'br-int', 'neutron:ovn-neutron-agent-id': 'f9bba780-ed54-5f4e-8bbc-6ade3e33790e', 'neutron:ovn-neutron-agent-sb-cfg': '0'}, name='d3805a6a-d5d7-45f9-a9c4-753d74112eea', nb_cfg=0, nb_cfg_timestamp=0) old= {{(pid=101924) matches /opt/stack/data/venv/lib/python3.12/site-packages/ovsdbapp/backend/ovs_idl/event.py:55}}
Jul 15 22:31:29.532874 np0000185489 devstack@neutron-api.service[101924]: DEBUG ovsdbapp.backend.ovs_idl.event [None req-cfe5028a-ed2c-4d52-bd2d-3fec4f6a4dce None None] Matched CREATE: ChassisOVNAgentWriteEvent(events=('create', 'update'), table='Chassis_Private', conditions=None, old_conditions=None), priority=20 to row=Chassis_Private(uuid=8c13c46d-17b2-41ae-82c3-da8fa6e75c2a, chassis=fef62dd4-c0ba-464f-b1e5-c57dd4ff9d7d, external_ids={'neutron:ovn-bridge': 'br-int', 'neutron:ovn-neutron-agent-id': 'f9bba780-ed54-5f4e-8bbc-6ade3e33790e', 'neutron:ovn-neutron-agent-sb-cfg': '0'}, name='d3805a6a-d5d7-45f9-a9c4-753d74112eea', nb_cfg=0, nb_cfg_timestamp=0) old= {{(pid=101924) matches /opt/stack/data/venv/lib/python3.12/site-packages/ovsdbapp/backend/ovs_idl/event.py:55}}
Jul 15 22:31:29.537920 np0000185489 devstack@neutron-api.service[101924]: DEBUG neutron.common.ovn.hash_ring_manager [None req-cfe5028a-ed2c-4d52-bd2d-3fec4f6a4dce None None] Hash Ring loaded. 1 active nodes. 0 offline nodes {{(pid=101924) _load_hash_ring /opt/stack/neutron/neutron/common/ovn/hash_ring_manager.py:110}}
Jul 15 22:31:29.538009 np0000185489 devstack@neutron-api.service[101924]: DEBUG neutron.plugins.ml2.drivers.ovn.mech_driver.ovsdb.ovsdb_monitor [None req-cfe5028a-ed2c-4d52-bd2d-3fec4f6a4dce None None] Hash Ring: Node cc9c50160bda517d80d04ea4afd5f368 (host: np0000185489) handling event "create" for row 8c13c46d-17b2-41ae-82c3-da8fa6e75c2a (table: Chassis_Private) {{(pid=101924) notify /opt/stack/neutron/neutron/plugins/ml2/drivers/ovn/mech_driver/ovsdb/ovsdb_monitor.py:1009}}
Jul 15 22:31:29.544064 np0000185489 devstack@neutron-api.service[101924]: DEBUG neutron.common.ovn.hash_ring_manager [None req-cfe5028a-ed2c-4d52-bd2d-3fec4f6a4dce None None] Hash Ring loaded. 1 active nodes. 0 offline nodes {{(pid=101924) _load_hash_ring /opt/stack/neutron/neutron/common/ovn/hash_ring_manager.py:110}}
Jul 15 22:31:29.544240 np0000185489 devstack@neutron-api.service[101924]: DEBUG neutron.plugins.ml2.drivers.ovn.mech_driver.ovsdb.ovsdb_monitor [None req-cfe5028a-ed2c-4d52-bd2d-3fec4f6a4dce None None] Hash Ring: Node cc9c50160bda517d80d04ea4afd5f368 (host: np0000185489) handling event "create" for row 3478cef4-6eed-4ab3-942a-8bc05a918433 (table: Encap) {{(pid=101924) notify /opt/stack/neutron/neutron/plugins/ml2/drivers/ovn/mech_driver/ovsdb/ovsdb_monitor.py:1009}}
Jul 15 22:31:29.545451 np0000185489 devstack@neutron-api.service[101924]: INFO neutron.plugins.ml2.drivers.ovn.mech_driver.mech_driver [None req-cfe5028a-ed2c-4d52-bd2d-3fec4f6a4dce None None] WorkerService process has finished the post initialization
Jul 15 22:31:29.545736 np0000185489 devstack@neutron-api.service[101924]: DEBUG oslo_concurrency.processutils [None req-cfe5028a-ed2c-4d52-bd2d-3fec4f6a4dce None None] Running cmd (subprocess): ovsdb-client transact ssl:199.19.213.31:6641 --timeout 180 -p /opt/stack/data/CA/int-ca/private/devstack-cert.key -c /opt/stack/data/CA/int-ca/devstack-cert.crt -C /opt/stack/data/CA/int-ca/ca-chain.pem ["OVN_Northbound", {"op": "wait", "timeout": 0, "table": "Port_Group", "where": [["name", "==", "pvlan_pg_drop"]], "until": "==", "rows": []}, {"op": "insert", "table": "ACL", "row": {"action": "drop", "direction": "to-lport", "match": "outport == @pvlan_pg_drop && ip", "priority": 1010}, "uuid-name": "pvlandroptoport"}, {"op": "insert", "table": "ACL", "row": {"action": "drop", "direction": "from-lport", "match": "inport == @pvlan_pg_drop && ip", "priority": 1010}, "uuid-name": "pvlandropfromport"}, {"op": "insert", "table": "Port_Group", "row": {"name": "pvlan_pg_drop", "acls": ["set", [["named-uuid", "pvlandroptoport"], ["named-uuid", "pvlandropfromport"]]]}}] {{(pid=101924) execute /opt/stack/data/venv/lib/python3.12/site-packages/oslo_concurrency/processutils.py:440}}
Jul 15 22:31:29.546489 np0000185489 devstack@neutron-api.service[101924]: INFO neutron.plugins.ml2.drivers.ovn.mech_driver.ovsdb.extensions.qos [-] Starting OVNClientQosExtension
Jul 15 22:31:29.546727 np0000185489 devstack@neutron-api.service[101924]: INFO neutron.plugins.ml2.drivers.ovn.mech_driver.ovsdb.extensions.placement [-] Starting OVNClientPlacementExtension
Jul 15 22:31:29.587177 np0000185489 devstack@neutron-api.service[101924]: DEBUG oslo_concurrency.processutils [None req-cfe5028a-ed2c-4d52-bd2d-3fec4f6a4dce None None] CMD "ovsdb-client transact ssl:199.19.213.31:6641 --timeout 180 -p /opt/stack/data/CA/int-ca/private/devstack-cert.key -c /opt/stack/data/CA/int-ca/devstack-cert.crt -C /opt/stack/data/CA/int-ca/ca-chain.pem ["OVN_Northbound", {"op": "wait", "timeout": 0, "table": "Port_Group", "where": [["name", "==", "pvlan_pg_drop"]], "until": "==", "rows": []}, {"op": "insert", "table": "ACL", "row": {"action": "drop", "direction": "to-lport", "match": "outport == @pvlan_pg_drop && ip", "priority": 1010}, "uuid-name": "pvlandroptoport"}, {"op": "insert", "table": "ACL", "row": {"action": "drop", "direction": "from-lport", "match": "inport == @pvlan_pg_drop && ip", "priority": 1010}, "uuid-name": "pvlandropfromport"}, {"op": "insert", "table": "Port_Group", "row": {"name": "pvlan_pg_drop", "acls": ["set", [["named-uuid", "pvlandroptoport"], ["named-uuid", "pvlandropfromport"]]]}}]" returned: 0 in 0.041s {{(pid=101924) execute /opt/stack/data/venv/lib/python3.12/site-packages/oslo_concurrency/processutils.py:468}}
Jul 15 22:31:29.592427 np0000185489 devstack@neutron-api.service[101924]: WSGI app 0 (mountpoint='') ready in 6 seconds on interpreter 0x7918136a4668 pid: 101924 (default app)
Jul 15 22:31:29.620413 np0000185489 devstack@neutron-api.service[101924]: DEBUG neutron.common.ovn.hash_ring_manager [-] Hash Ring loaded. 1 active nodes. 0 offline nodes {{(pid=101924) _load_hash_ring /opt/stack/neutron/neutron/common/ovn/hash_ring_manager.py:110}}
Jul 15 22:31:29.620596 np0000185489 devstack@neutron-api.service[101924]: DEBUG neutron.plugins.ml2.drivers.ovn.mech_driver.ovsdb.ovsdb_monitor [-] Hash Ring: Node cc9c50160bda517d80d04ea4afd5f368 (host: np0000185489) handling event "create" for row b8b692e3-addb-4264-954f-b67ec64eae6f (table: ACL) {{(pid=101924) notify /opt/stack/neutron/neutron/plugins/ml2/drivers/ovn/mech_driver/ovsdb/ovsdb_monitor.py:1009}}
Jul 15 22:31:29.637514 np0000185489 devstack@neutron-api.service[101924]: DEBUG neutron.common.ovn.hash_ring_manager [-] Hash Ring loaded. 1 active nodes. 0 offline nodes {{(pid=101924) _load_hash_ring /opt/stack/neutron/neutron/common/ovn/hash_ring_manager.py:110}}
Jul 15 22:31:29.637739 np0000185489 devstack@neutron-api.service[101924]: DEBUG neutron.plugins.ml2.drivers.ovn.mech_driver.ovsdb.ovsdb_monitor [-] Hash Ring: Node cc9c50160bda517d80d04ea4afd5f368 (host: np0000185489) handling event "create" for row bebc9afa-5d77-414a-a92a-f72be4c5389d (table: ACL) {{(pid=101924) notify /opt/stack/neutron/neutron/plugins/ml2/drivers/ovn/mech_driver/ovsdb/ovsdb_monitor.py:1009}}
Jul 15 22:31:29.644235 np0000185489 devstack@neutron-api.service[101924]: DEBUG neutron.common.ovn.hash_ring_manager [-] Hash Ring loaded. 1 active nodes. 0 offline nodes {{(pid=101924) _load_hash_ring /opt/stack/neutron/neutron/common/ovn/hash_ring_manager.py:110}}
Jul 15 22:31:29.644402 np0000185489 devstack@neutron-api.service[101924]: DEBUG neutron.plugins.ml2.drivers.ovn.mech_driver.ovsdb.ovsdb_monitor [-] Hash Ring: Node cc9c50160bda517d80d04ea4afd5f368 (host: np0000185489) handling event "create" for row 3e5bfef7-2cdc-4917-9551-17250f8ef7f5 (table: Port_Group) {{(pid=101924) notify /opt/stack/neutron/neutron/plugins/ml2/drivers/ovn/mech_driver/ovsdb/ovsdb_monitor.py:1009}}
Jul 15 22:31:29.665887 np0000185489 devstack@neutron-api.service[101922]: INFO neutron.plugins.ml2.managers [None req-2dfd31d9-f19b-43eb-ab6f-dea9215f1bdd None None] Initializing driver for type 'local'
Jul 15 22:31:29.665887 np0000185489 devstack@neutron-api.service[101922]: INFO neutron.plugins.ml2.managers [None req-2dfd31d9-f19b-43eb-ab6f-dea9215f1bdd None None] Initializing driver for type 'vlan'
Jul 15 22:31:29.679976 np0000185489 devstack@neutron-api.service[101921]: INFO neutron.plugins.ml2.managers [None req-463e5c9c-eb2a-4e92-bad7-3a4e889f2748 None None] Initializing driver for type 'local'
Jul 15 22:31:29.680259 np0000185489 devstack@neutron-api.service[101921]: INFO neutron.plugins.ml2.managers [None req-463e5c9c-eb2a-4e92-bad7-3a4e889f2748 None None] Initializing driver for type 'vlan'
Jul 15 22:31:29.686123 np0000185489 devstack@neutron-api.service[101923]: INFO neutron.plugins.ml2.managers [None req-a4e02806-6fbc-4968-915a-ab298cd575ad None None] Initializing driver for type 'local'
Jul 15 22:31:29.686380 np0000185489 devstack@neutron-api.service[101923]: INFO neutron.plugins.ml2.managers [None req-a4e02806-6fbc-4968-915a-ab298cd575ad None None] Initializing driver for type 'vlan'
Jul 15 22:31:29.832339 np0000185489 devstack@neutron-api.service[101922]: INFO neutron.plugins.ml2.drivers.type_vlan [None req-2dfd31d9-f19b-43eb-ab6f-dea9215f1bdd None None] VlanTypeDriver initialization complete
Jul 15 22:31:29.832589 np0000185489 devstack@neutron-api.service[101922]: INFO neutron.plugins.ml2.managers [None req-2dfd31d9-f19b-43eb-ab6f-dea9215f1bdd None None] Initializing extension driver 'port_security'
Jul 15 22:31:29.832589 np0000185489 devstack@neutron-api.service[101922]: INFO neutron.plugins.ml2.extensions.port_security [None req-2dfd31d9-f19b-43eb-ab6f-dea9215f1bdd None None] PortSecurityExtensionDriver initialization complete
Jul 15 22:31:29.832756 np0000185489 devstack@neutron-api.service[101922]: INFO neutron.plugins.ml2.managers [None req-2dfd31d9-f19b-43eb-ab6f-dea9215f1bdd None None] Initializing extension driver 'qos'
Jul 15 22:31:29.832756 np0000185489 devstack@neutron-api.service[101922]: DEBUG neutron.plugins.ml2.extensions.qos [None req-2dfd31d9-f19b-43eb-ab6f-dea9215f1bdd None None] QosExtensionDriver initialization complete {{(pid=101922) initialize /opt/stack/neutron/neutron/plugins/ml2/extensions/qos.py:31}}
Jul 15 22:31:29.832863 np0000185489 devstack@neutron-api.service[101922]: INFO neutron.plugins.ml2.managers [None req-2dfd31d9-f19b-43eb-ab6f-dea9215f1bdd None None] Initializing mechanism driver 'ovn'
Jul 15 22:31:29.832921 np0000185489 devstack@neutron-api.service[101922]: INFO neutron.plugins.ml2.drivers.ovn.mech_driver.mech_driver [None req-2dfd31d9-f19b-43eb-ab6f-dea9215f1bdd None None] Starting OVNMechanismDriver
Jul 15 22:31:29.834511 np0000185489 devstack@neutron-api.service[101922]: DEBUG neutron_lib.callbacks.manager [None req-2dfd31d9-f19b-43eb-ab6f-dea9215f1bdd None None] Subscribe: > process before_spawn 55550000, False {{(pid=101922) subscribe /opt/stack/data/venv/lib/python3.12/site-packages/neutron_lib/callbacks/manager.py:52}}
Jul 15 22:31:29.834643 np0000185489 devstack@neutron-api.service[101922]: DEBUG neutron_lib.callbacks.manager [None req-2dfd31d9-f19b-43eb-ab6f-dea9215f1bdd None None] Subscribe: > process after_init 55550000, True {{(pid=101922) subscribe /opt/stack/data/venv/lib/python3.12/site-packages/neutron_lib/callbacks/manager.py:52}}
Jul 15 22:31:29.834754 np0000185489 devstack@neutron-api.service[101922]: DEBUG neutron_lib.callbacks.manager [None req-2dfd31d9-f19b-43eb-ab6f-dea9215f1bdd None None] Subscribe: > segment after_create 55550000, False {{(pid=101922) subscribe /opt/stack/data/venv/lib/python3.12/site-packages/neutron_lib/callbacks/manager.py:52}}
Jul 15 22:31:29.834856 np0000185489 devstack@neutron-api.service[101922]: DEBUG neutron_lib.callbacks.manager [None req-2dfd31d9-f19b-43eb-ab6f-dea9215f1bdd None None] Subscribe: > segment after_create 55550000, False {{(pid=101922) subscribe /opt/stack/data/venv/lib/python3.12/site-packages/neutron_lib/callbacks/manager.py:52}}
Jul 15 22:31:29.834959 np0000185489 devstack@neutron-api.service[101922]: DEBUG neutron_lib.callbacks.manager [None req-2dfd31d9-f19b-43eb-ab6f-dea9215f1bdd None None] Subscribe: > segment after_delete 55550000, False {{(pid=101922) subscribe /opt/stack/data/venv/lib/python3.12/site-packages/neutron_lib/callbacks/manager.py:52}}
Jul 15 22:31:29.835077 np0000185489 devstack@neutron-api.service[101922]: DEBUG neutron_lib.callbacks.manager [None req-2dfd31d9-f19b-43eb-ab6f-dea9215f1bdd None None] Subscribe: > allowed_address_pair before_create 55550000, False {{(pid=101922) subscribe /opt/stack/data/venv/lib/python3.12/site-packages/neutron_lib/callbacks/manager.py:52}}
Jul 15 22:31:29.835159 np0000185489 devstack@neutron-api.service[101922]: DEBUG neutron_lib.callbacks.manager [None req-2dfd31d9-f19b-43eb-ab6f-dea9215f1bdd None None] Subscribe: > security_group precommit_create 55550000, False {{(pid=101922) subscribe /opt/stack/data/venv/lib/python3.12/site-packages/neutron_lib/callbacks/manager.py:52}}
Jul 15 22:31:29.835281 np0000185489 devstack@neutron-api.service[101922]: DEBUG neutron_lib.callbacks.manager [None req-2dfd31d9-f19b-43eb-ab6f-dea9215f1bdd None None] Subscribe: > security_group after_update 55550000, False {{(pid=101922) subscribe /opt/stack/data/venv/lib/python3.12/site-packages/neutron_lib/callbacks/manager.py:52}}
Jul 15 22:31:29.835385 np0000185489 devstack@neutron-api.service[101922]: DEBUG neutron_lib.callbacks.manager [None req-2dfd31d9-f19b-43eb-ab6f-dea9215f1bdd None None] Subscribe: > security_group after_create 55550000, False {{(pid=101922) subscribe /opt/stack/data/venv/lib/python3.12/site-packages/neutron_lib/callbacks/manager.py:52}}
Jul 15 22:31:29.835486 np0000185489 devstack@neutron-api.service[101922]: DEBUG neutron_lib.callbacks.manager [None req-2dfd31d9-f19b-43eb-ab6f-dea9215f1bdd None None] Subscribe: > security_group precommit_delete 55550000, False {{(pid=101922) subscribe /opt/stack/data/venv/lib/python3.12/site-packages/neutron_lib/callbacks/manager.py:52}}
Jul 15 22:31:29.835586 np0000185489 devstack@neutron-api.service[101922]: DEBUG neutron_lib.callbacks.manager [None req-2dfd31d9-f19b-43eb-ab6f-dea9215f1bdd None None] Subscribe: > security_group after_delete 55550000, False {{(pid=101922) subscribe /opt/stack/data/venv/lib/python3.12/site-packages/neutron_lib/callbacks/manager.py:52}}
Jul 15 22:31:29.835688 np0000185489 devstack@neutron-api.service[101922]: DEBUG neutron_lib.callbacks.manager [None req-2dfd31d9-f19b-43eb-ab6f-dea9215f1bdd None None] Subscribe: > security_group_rule precommit_create 55550000, False {{(pid=101922) subscribe /opt/stack/data/venv/lib/python3.12/site-packages/neutron_lib/callbacks/manager.py:52}}
Jul 15 22:31:29.835807 np0000185489 devstack@neutron-api.service[101922]: DEBUG neutron_lib.callbacks.manager [None req-2dfd31d9-f19b-43eb-ab6f-dea9215f1bdd None None] Subscribe: > security_group_rule after_create 55550000, False {{(pid=101922) subscribe /opt/stack/data/venv/lib/python3.12/site-packages/neutron_lib/callbacks/manager.py:52}}
Jul 15 22:31:29.835889 np0000185489 devstack@neutron-api.service[101922]: DEBUG neutron_lib.callbacks.manager [None req-2dfd31d9-f19b-43eb-ab6f-dea9215f1bdd None None] Subscribe: > security_group_rule before_delete 55550000, False {{(pid=101922) subscribe /opt/stack/data/venv/lib/python3.12/site-packages/neutron_lib/callbacks/manager.py:52}}
Jul 15 22:31:29.835975 np0000185489 devstack@neutron-api.service[101922]: DEBUG neutron_lib.callbacks.manager [None req-2dfd31d9-f19b-43eb-ab6f-dea9215f1bdd None None] Subscribe: > address_group after_create 55550000, False {{(pid=101922) subscribe /opt/stack/data/venv/lib/python3.12/site-packages/neutron_lib/callbacks/manager.py:52}}
Jul 15 22:31:29.836080 np0000185489 devstack@neutron-api.service[101922]: DEBUG neutron_lib.callbacks.manager [None req-2dfd31d9-f19b-43eb-ab6f-dea9215f1bdd None None] Subscribe: > address_group after_update 55550000, False {{(pid=101922) subscribe /opt/stack/data/venv/lib/python3.12/site-packages/neutron_lib/callbacks/manager.py:52}}
Jul 15 22:31:29.836183 np0000185489 devstack@neutron-api.service[101922]: DEBUG neutron_lib.callbacks.manager [None req-2dfd31d9-f19b-43eb-ab6f-dea9215f1bdd None None] Subscribe: > address_group after_delete 55550000, False {{(pid=101922) subscribe /opt/stack/data/venv/lib/python3.12/site-packages/neutron_lib/callbacks/manager.py:52}}
Jul 15 22:31:29.836392 np0000185489 devstack@neutron-api.service[101922]: DEBUG neutron_lib.callbacks.manager [None req-2dfd31d9-f19b-43eb-ab6f-dea9215f1bdd None None] Subscribe: > qos_plugin after_init 55550000, False {{(pid=101922) subscribe /opt/stack/data/venv/lib/python3.12/site-packages/neutron_lib/callbacks/manager.py:52}}
Jul 15 22:31:29.836551 np0000185489 devstack@neutron-api.service[101922]: DEBUG neutron_lib.callbacks.manager [None req-2dfd31d9-f19b-43eb-ab6f-dea9215f1bdd None None] Subscribe: > trunk_plugin after_init 55550000, False {{(pid=101922) subscribe /opt/stack/data/venv/lib/python3.12/site-packages/neutron_lib/callbacks/manager.py:52}}
Jul 15 22:31:29.836748 np0000185489 devstack@neutron-api.service[101922]: DEBUG neutron_lib.callbacks.manager [None req-2dfd31d9-f19b-43eb-ab6f-dea9215f1bdd None None] Subscribe: > logging-plugin after_init 55550000, False {{(pid=101922) subscribe /opt/stack/data/venv/lib/python3.12/site-packages/neutron_lib/callbacks/manager.py:52}}
Jul 15 22:31:29.837172 np0000185489 devstack@neutron-api.service[101922]: INFO neutron.services.logapi.drivers.ovn.driver [None req-2dfd31d9-f19b-43eb-ab6f-dea9215f1bdd None None] OVN logging driver registered
Jul 15 22:31:29.837290 np0000185489 devstack@neutron-api.service[101922]: DEBUG neutron_lib.callbacks.manager [None req-2dfd31d9-f19b-43eb-ab6f-dea9215f1bdd None None] Subscribe: ._register_pvlan_driver at 0x79180af51440> pvlan_plugin before_spawn 55550000, False {{(pid=101922) subscribe /opt/stack/data/venv/lib/python3.12/site-packages/neutron_lib/callbacks/manager.py:52}}
Jul 15 22:31:29.837398 np0000185489 devstack@neutron-api.service[101922]: DEBUG neutron_lib.callbacks.manager [None req-2dfd31d9-f19b-43eb-ab6f-dea9215f1bdd None None] Subscribe: process after_init 55550000, False {{(pid=101922) subscribe /opt/stack/data/venv/lib/python3.12/site-packages/neutron_lib/callbacks/manager.py:52}}
Jul 15 22:31:29.838900 np0000185489 devstack@neutron-api.service[101922]: DEBUG neutron.plugins.ml2.plugin [None req-2dfd31d9-f19b-43eb-ab6f-dea9215f1bdd None None] neutron.plugins.ml2.plugin.Ml2Plugin method _start_rpc_notifiers called with arguments () {} {{(pid=101922) wrapper /opt/stack/data/venv/lib/python3.12/site-packages/oslo_log/helpers.py:77}}
Jul 15 22:31:29.839203 np0000185489 devstack@neutron-api.service[101922]: DEBUG neutron_lib.callbacks.manager [None req-2dfd31d9-f19b-43eb-ab6f-dea9215f1bdd None None] Subscribe: > port after_create 55550000, False {{(pid=101922) subscribe /opt/stack/data/venv/lib/python3.12/site-packages/neutron_lib/callbacks/manager.py:52}}
Jul 15 22:31:29.839295 np0000185489 devstack@neutron-api.service[101922]: DEBUG neutron_lib.callbacks.manager [None req-2dfd31d9-f19b-43eb-ab6f-dea9215f1bdd None None] Subscribe: > port after_update 55550000, False {{(pid=101922) subscribe /opt/stack/data/venv/lib/python3.12/site-packages/neutron_lib/callbacks/manager.py:52}}
Jul 15 22:31:29.839399 np0000185489 devstack@neutron-api.service[101922]: DEBUG neutron_lib.callbacks.manager [None req-2dfd31d9-f19b-43eb-ab6f-dea9215f1bdd None None] Subscribe: > port after_delete 55550000, False {{(pid=101922) subscribe /opt/stack/data/venv/lib/python3.12/site-packages/neutron_lib/callbacks/manager.py:52}}
Jul 15 22:31:29.839505 np0000185489 devstack@neutron-api.service[101922]: DEBUG neutron_lib.callbacks.manager [None req-2dfd31d9-f19b-43eb-ab6f-dea9215f1bdd None None] Subscribe: > subnet after_create 55550000, False {{(pid=101922) subscribe /opt/stack/data/venv/lib/python3.12/site-packages/neutron_lib/callbacks/manager.py:52}}
Jul 15 22:31:29.839622 np0000185489 devstack@neutron-api.service[101922]: DEBUG neutron_lib.callbacks.manager [None req-2dfd31d9-f19b-43eb-ab6f-dea9215f1bdd None None] Subscribe: > subnet after_update 55550000, False {{(pid=101922) subscribe /opt/stack/data/venv/lib/python3.12/site-packages/neutron_lib/callbacks/manager.py:52}}
Jul 15 22:31:29.839706 np0000185489 devstack@neutron-api.service[101923]: INFO neutron.plugins.ml2.drivers.type_vlan [None req-a4e02806-6fbc-4968-915a-ab298cd575ad None None] VlanTypeDriver initialization complete
Jul 15 22:31:29.839894 np0000185489 devstack@neutron-api.service[101922]: DEBUG neutron_lib.callbacks.manager [None req-2dfd31d9-f19b-43eb-ab6f-dea9215f1bdd None None] Subscribe: > subnet after_delete 55550000, False {{(pid=101922) subscribe /opt/stack/data/venv/lib/python3.12/site-packages/neutron_lib/callbacks/manager.py:52}}
Jul 15 22:31:29.840015 np0000185489 devstack@neutron-api.service[101923]: INFO neutron.plugins.ml2.managers [None req-a4e02806-6fbc-4968-915a-ab298cd575ad None None] Initializing extension driver 'port_security'
Jul 15 22:31:29.840098 np0000185489 devstack@neutron-api.service[101922]: DEBUG neutron_lib.callbacks.manager [None req-2dfd31d9-f19b-43eb-ab6f-dea9215f1bdd None None] Subscribe: > network after_create 55550000, False {{(pid=101922) subscribe /opt/stack/data/venv/lib/python3.12/site-packages/neutron_lib/callbacks/manager.py:52}}
Jul 15 22:31:29.840129 np0000185489 devstack@neutron-api.service[101923]: INFO neutron.plugins.ml2.extensions.port_security [None req-a4e02806-6fbc-4968-915a-ab298cd575ad None None] PortSecurityExtensionDriver initialization complete
Jul 15 22:31:29.840200 np0000185489 devstack@neutron-api.service[101922]: DEBUG neutron_lib.callbacks.manager [None req-2dfd31d9-f19b-43eb-ab6f-dea9215f1bdd None None] Subscribe: > network after_update 55550000, False {{(pid=101922) subscribe /opt/stack/data/venv/lib/python3.12/site-packages/neutron_lib/callbacks/manager.py:52}}
Jul 15 22:31:29.840235 np0000185489 devstack@neutron-api.service[101923]: INFO neutron.plugins.ml2.managers [None req-a4e02806-6fbc-4968-915a-ab298cd575ad None None] Initializing extension driver 'qos'
Jul 15 22:31:29.840301 np0000185489 devstack@neutron-api.service[101922]: DEBUG neutron_lib.callbacks.manager [None req-2dfd31d9-f19b-43eb-ab6f-dea9215f1bdd None None] Subscribe: > network after_delete 55550000, False {{(pid=101922) subscribe /opt/stack/data/venv/lib/python3.12/site-packages/neutron_lib/callbacks/manager.py:52}}
Jul 15 22:31:29.840330 np0000185489 devstack@neutron-api.service[101923]: DEBUG neutron.plugins.ml2.extensions.qos [None req-a4e02806-6fbc-4968-915a-ab298cd575ad None None] QosExtensionDriver initialization complete {{(pid=101923) initialize /opt/stack/neutron/neutron/plugins/ml2/extensions/qos.py:31}}
Jul 15 22:31:29.840389 np0000185489 devstack@neutron-api.service[101922]: DEBUG neutron_lib.callbacks.manager [None req-2dfd31d9-f19b-43eb-ab6f-dea9215f1bdd None None] Subscribe: > security_group after_create 55550000, False {{(pid=101922) subscribe /opt/stack/data/venv/lib/python3.12/site-packages/neutron_lib/callbacks/manager.py:52}}
Jul 15 22:31:29.840456 np0000185489 devstack@neutron-api.service[101923]: INFO neutron.plugins.ml2.managers [None req-a4e02806-6fbc-4968-915a-ab298cd575ad None None] Initializing mechanism driver 'ovn'
Jul 15 22:31:29.840484 np0000185489 devstack@neutron-api.service[101922]: DEBUG neutron_lib.callbacks.manager [None req-2dfd31d9-f19b-43eb-ab6f-dea9215f1bdd None None] Subscribe: > security_group after_update 55550000, False {{(pid=101922) subscribe /opt/stack/data/venv/lib/python3.12/site-packages/neutron_lib/callbacks/manager.py:52}}
Jul 15 22:31:29.840542 np0000185489 devstack@neutron-api.service[101923]: INFO neutron.plugins.ml2.drivers.ovn.mech_driver.mech_driver [None req-a4e02806-6fbc-4968-915a-ab298cd575ad None None] Starting OVNMechanismDriver
Jul 15 22:31:29.840599 np0000185489 devstack@neutron-api.service[101922]: DEBUG neutron_lib.callbacks.manager [None req-2dfd31d9-f19b-43eb-ab6f-dea9215f1bdd None None] Subscribe: > security_group after_delete 55550000, False {{(pid=101922) subscribe /opt/stack/data/venv/lib/python3.12/site-packages/neutron_lib/callbacks/manager.py:52}}
Jul 15 22:31:29.840599 np0000185489 devstack@neutron-api.service[101922]: DEBUG neutron_lib.callbacks.manager [None req-2dfd31d9-f19b-43eb-ab6f-dea9215f1bdd None None] Subscribe: > security_group_rule after_create 55550000, False {{(pid=101922) subscribe /opt/stack/data/venv/lib/python3.12/site-packages/neutron_lib/callbacks/manager.py:52}}
Jul 15 22:31:29.840599 np0000185489 devstack@neutron-api.service[101922]: DEBUG neutron_lib.callbacks.manager [None req-2dfd31d9-f19b-43eb-ab6f-dea9215f1bdd None None] Subscribe: > security_group_rule after_update 55550000, False {{(pid=101922) subscribe /opt/stack/data/venv/lib/python3.12/site-packages/neutron_lib/callbacks/manager.py:52}}
Jul 15 22:31:29.840599 np0000185489 devstack@neutron-api.service[101922]: DEBUG neutron_lib.callbacks.manager [None req-2dfd31d9-f19b-43eb-ab6f-dea9215f1bdd None None] Subscribe: > security_group_rule after_delete 55550000, False {{(pid=101922) subscribe /opt/stack/data/venv/lib/python3.12/site-packages/neutron_lib/callbacks/manager.py:52}}
Jul 15 22:31:29.840706 np0000185489 devstack@neutron-api.service[101922]: DEBUG neutron_lib.callbacks.manager [None req-2dfd31d9-f19b-43eb-ab6f-dea9215f1bdd None None] Subscribe: > address_group after_create 55550000, False {{(pid=101922) subscribe /opt/stack/data/venv/lib/python3.12/site-packages/neutron_lib/callbacks/manager.py:52}}
Jul 15 22:31:29.840816 np0000185489 devstack@neutron-api.service[101922]: DEBUG neutron_lib.callbacks.manager [None req-2dfd31d9-f19b-43eb-ab6f-dea9215f1bdd None None] Subscribe: > address_group after_update 55550000, False {{(pid=101922) subscribe /opt/stack/data/venv/lib/python3.12/site-packages/neutron_lib/callbacks/manager.py:52}}
Jul 15 22:31:29.840850 np0000185489 devstack@neutron-api.service[101922]: DEBUG neutron_lib.callbacks.manager [None req-2dfd31d9-f19b-43eb-ab6f-dea9215f1bdd None None] Subscribe: > address_group after_delete 55550000, False {{(pid=101922) subscribe /opt/stack/data/venv/lib/python3.12/site-packages/neutron_lib/callbacks/manager.py:52}}
Jul 15 22:31:29.840965 np0000185489 devstack@neutron-api.service[101922]: DEBUG neutron.plugins.ml2.ovo_rpc [None req-2dfd31d9-f19b-43eb-ab6f-dea9215f1bdd None None] ML2 OVO RPC backend initialized. {{(pid=101922) __init__ /opt/stack/neutron/neutron/plugins/ml2/ovo_rpc.py:117}}
Jul 15 22:31:29.841736 np0000185489 devstack@neutron-api.service[101922]: INFO neutron.quota [None req-2dfd31d9-f19b-43eb-ab6f-dea9215f1bdd None None] Loaded quota_driver: .
Jul 15 22:31:29.841767 np0000185489 devstack@neutron-api.service[101923]: DEBUG neutron_lib.callbacks.manager [None req-a4e02806-6fbc-4968-915a-ab298cd575ad None None] Subscribe: > process before_spawn 55550000, False {{(pid=101923) subscribe /opt/stack/data/venv/lib/python3.12/site-packages/neutron_lib/callbacks/manager.py:52}}
Jul 15 22:31:29.841838 np0000185489 devstack@neutron-api.service[101922]: INFO neutron.plugins.ml2.plugin [None req-2dfd31d9-f19b-43eb-ab6f-dea9215f1bdd None None] Modular L2 Plugin initialization complete
Jul 15 22:31:29.841869 np0000185489 devstack@neutron-api.service[101923]: DEBUG neutron_lib.callbacks.manager [None req-a4e02806-6fbc-4968-915a-ab298cd575ad None None] Subscribe: > process after_init 55550000, True {{(pid=101923) subscribe /opt/stack/data/venv/lib/python3.12/site-packages/neutron_lib/callbacks/manager.py:52}}
Jul 15 22:31:29.841961 np0000185489 devstack@neutron-api.service[101922]: DEBUG neutron.manager [None req-2dfd31d9-f19b-43eb-ab6f-dea9215f1bdd None None] Loading services supported by the core plugin {{(pid=101922) _load_services_from_core_plugin /opt/stack/neutron/neutron/manager.py:167}}
Jul 15 22:31:29.841995 np0000185489 devstack@neutron-api.service[101923]: DEBUG neutron_lib.callbacks.manager [None req-a4e02806-6fbc-4968-915a-ab298cd575ad None None] Subscribe: > segment after_create 55550000, False {{(pid=101923) subscribe /opt/stack/data/venv/lib/python3.12/site-packages/neutron_lib/callbacks/manager.py:52}}
Jul 15 22:31:29.842061 np0000185489 devstack@neutron-api.service[101922]: INFO neutron.plugins.ml2.managers [None req-2dfd31d9-f19b-43eb-ab6f-dea9215f1bdd None None] Got port-security extension from driver 'port_security'
Jul 15 22:31:29.842092 np0000185489 devstack@neutron-api.service[101923]: DEBUG neutron_lib.callbacks.manager [None req-a4e02806-6fbc-4968-915a-ab298cd575ad None None] Subscribe: > segment after_create 55550000, False {{(pid=101923) subscribe /opt/stack/data/venv/lib/python3.12/site-packages/neutron_lib/callbacks/manager.py:52}}
Jul 15 22:31:29.842231 np0000185489 devstack@neutron-api.service[101923]: DEBUG neutron_lib.callbacks.manager [None req-a4e02806-6fbc-4968-915a-ab298cd575ad None None] Subscribe: > segment after_delete 55550000, False {{(pid=101923) subscribe /opt/stack/data/venv/lib/python3.12/site-packages/neutron_lib/callbacks/manager.py:52}}
Jul 15 22:31:29.842359 np0000185489 devstack@neutron-api.service[101923]: DEBUG neutron_lib.callbacks.manager [None req-a4e02806-6fbc-4968-915a-ab298cd575ad None None] Subscribe: > allowed_address_pair before_create 55550000, False {{(pid=101923) subscribe /opt/stack/data/venv/lib/python3.12/site-packages/neutron_lib/callbacks/manager.py:52}}
Jul 15 22:31:29.842396 np0000185489 devstack@neutron-api.service[101922]: DEBUG neutron.manager [None req-2dfd31d9-f19b-43eb-ab6f-dea9215f1bdd None None] Loading service plugins: ['ovn-router', 'auto_allocate', 'tag', 'timestamp', 'network_ip_availability', 'flavors', 'revisions'] {{(pid=101922) _load_service_plugins /opt/stack/neutron/neutron/manager.py:192}}
Jul 15 22:31:29.842431 np0000185489 devstack@neutron-api.service[101923]: DEBUG neutron_lib.callbacks.manager [None req-a4e02806-6fbc-4968-915a-ab298cd575ad None None] Subscribe: > security_group precommit_create 55550000, False {{(pid=101923) subscribe /opt/stack/data/venv/lib/python3.12/site-packages/neutron_lib/callbacks/manager.py:52}}
Jul 15 22:31:29.842497 np0000185489 devstack@neutron-api.service[101922]: INFO neutron.manager [None req-2dfd31d9-f19b-43eb-ab6f-dea9215f1bdd None None] Loading Plugin: ovn-router
Jul 15 22:31:29.842566 np0000185489 devstack@neutron-api.service[101923]: DEBUG neutron_lib.callbacks.manager [None req-a4e02806-6fbc-4968-915a-ab298cd575ad None None] Subscribe: > security_group after_update 55550000, False {{(pid=101923) subscribe /opt/stack/data/venv/lib/python3.12/site-packages/neutron_lib/callbacks/manager.py:52}}
Jul 15 22:31:29.842627 np0000185489 devstack@neutron-api.service[101923]: DEBUG neutron_lib.callbacks.manager [None req-a4e02806-6fbc-4968-915a-ab298cd575ad None None] Subscribe: > security_group after_create 55550000, False {{(pid=101923) subscribe /opt/stack/data/venv/lib/python3.12/site-packages/neutron_lib/callbacks/manager.py:52}}
Jul 15 22:31:29.842733 np0000185489 devstack@neutron-api.service[101923]: DEBUG neutron_lib.callbacks.manager [None req-a4e02806-6fbc-4968-915a-ab298cd575ad None None] Subscribe: > security_group precommit_delete 55550000, False {{(pid=101923) subscribe /opt/stack/data/venv/lib/python3.12/site-packages/neutron_lib/callbacks/manager.py:52}}
Jul 15 22:31:29.842855 np0000185489 devstack@neutron-api.service[101923]: DEBUG neutron_lib.callbacks.manager [None req-a4e02806-6fbc-4968-915a-ab298cd575ad None None] Subscribe: > security_group after_delete 55550000, False {{(pid=101923) subscribe /opt/stack/data/venv/lib/python3.12/site-packages/neutron_lib/callbacks/manager.py:52}}
Jul 15 22:31:29.842937 np0000185489 devstack@neutron-api.service[101923]: DEBUG neutron_lib.callbacks.manager [None req-a4e02806-6fbc-4968-915a-ab298cd575ad None None] Subscribe: > security_group_rule precommit_create 55550000, False {{(pid=101923) subscribe /opt/stack/data/venv/lib/python3.12/site-packages/neutron_lib/callbacks/manager.py:52}}
Jul 15 22:31:29.843026 np0000185489 devstack@neutron-api.service[101923]: DEBUG neutron_lib.callbacks.manager [None req-a4e02806-6fbc-4968-915a-ab298cd575ad None None] Subscribe: > security_group_rule after_create 55550000, False {{(pid=101923) subscribe /opt/stack/data/venv/lib/python3.12/site-packages/neutron_lib/callbacks/manager.py:52}}
Jul 15 22:31:29.843117 np0000185489 devstack@neutron-api.service[101923]: DEBUG neutron_lib.callbacks.manager [None req-a4e02806-6fbc-4968-915a-ab298cd575ad None None] Subscribe: > security_group_rule before_delete 55550000, False {{(pid=101923) subscribe /opt/stack/data/venv/lib/python3.12/site-packages/neutron_lib/callbacks/manager.py:52}}
Jul 15 22:31:29.843241 np0000185489 devstack@neutron-api.service[101923]: DEBUG neutron_lib.callbacks.manager [None req-a4e02806-6fbc-4968-915a-ab298cd575ad None None] Subscribe: > address_group after_create 55550000, False {{(pid=101923) subscribe /opt/stack/data/venv/lib/python3.12/site-packages/neutron_lib/callbacks/manager.py:52}}
Jul 15 22:31:29.843347 np0000185489 devstack@neutron-api.service[101923]: DEBUG neutron_lib.callbacks.manager [None req-a4e02806-6fbc-4968-915a-ab298cd575ad None None] Subscribe: > address_group after_update 55550000, False {{(pid=101923) subscribe /opt/stack/data/venv/lib/python3.12/site-packages/neutron_lib/callbacks/manager.py:52}}
Jul 15 22:31:29.843472 np0000185489 devstack@neutron-api.service[101923]: DEBUG neutron_lib.callbacks.manager [None req-a4e02806-6fbc-4968-915a-ab298cd575ad None None] Subscribe: > address_group after_delete 55550000, False {{(pid=101923) subscribe /opt/stack/data/venv/lib/python3.12/site-packages/neutron_lib/callbacks/manager.py:52}}
Jul 15 22:31:29.843627 np0000185489 devstack@neutron-api.service[101923]: DEBUG neutron_lib.callbacks.manager [None req-a4e02806-6fbc-4968-915a-ab298cd575ad None None] Subscribe: > qos_plugin after_init 55550000, False {{(pid=101923) subscribe /opt/stack/data/venv/lib/python3.12/site-packages/neutron_lib/callbacks/manager.py:52}}
Jul 15 22:31:29.843796 np0000185489 devstack@neutron-api.service[101923]: DEBUG neutron_lib.callbacks.manager [None req-a4e02806-6fbc-4968-915a-ab298cd575ad None None] Subscribe: > trunk_plugin after_init 55550000, False {{(pid=101923) subscribe /opt/stack/data/venv/lib/python3.12/site-packages/neutron_lib/callbacks/manager.py:52}}
Jul 15 22:31:29.843992 np0000185489 devstack@neutron-api.service[101923]: DEBUG neutron_lib.callbacks.manager [None req-a4e02806-6fbc-4968-915a-ab298cd575ad None None] Subscribe: > logging-plugin after_init 55550000, False {{(pid=101923) subscribe /opt/stack/data/venv/lib/python3.12/site-packages/neutron_lib/callbacks/manager.py:52}}
Jul 15 22:31:29.844422 np0000185489 devstack@neutron-api.service[101923]: INFO neutron.services.logapi.drivers.ovn.driver [None req-a4e02806-6fbc-4968-915a-ab298cd575ad None None] OVN logging driver registered
Jul 15 22:31:29.844524 np0000185489 devstack@neutron-api.service[101923]: DEBUG neutron_lib.callbacks.manager [None req-a4e02806-6fbc-4968-915a-ab298cd575ad None None] Subscribe: ._register_pvlan_driver at 0x79180af5e3e0> pvlan_plugin before_spawn 55550000, False {{(pid=101923) subscribe /opt/stack/data/venv/lib/python3.12/site-packages/neutron_lib/callbacks/manager.py:52}}
Jul 15 22:31:29.844622 np0000185489 devstack@neutron-api.service[101923]: DEBUG neutron_lib.callbacks.manager [None req-a4e02806-6fbc-4968-915a-ab298cd575ad None None] Subscribe: process after_init 55550000, False {{(pid=101923) subscribe /opt/stack/data/venv/lib/python3.12/site-packages/neutron_lib/callbacks/manager.py:52}}
Jul 15 22:31:29.846146 np0000185489 devstack@neutron-api.service[101923]: DEBUG neutron.plugins.ml2.plugin [None req-a4e02806-6fbc-4968-915a-ab298cd575ad None None] neutron.plugins.ml2.plugin.Ml2Plugin method _start_rpc_notifiers called with arguments () {} {{(pid=101923) wrapper /opt/stack/data/venv/lib/python3.12/site-packages/oslo_log/helpers.py:77}}
Jul 15 22:31:29.846466 np0000185489 devstack@neutron-api.service[101923]: DEBUG neutron_lib.callbacks.manager [None req-a4e02806-6fbc-4968-915a-ab298cd575ad None None] Subscribe: > port after_create 55550000, False {{(pid=101923) subscribe /opt/stack/data/venv/lib/python3.12/site-packages/neutron_lib/callbacks/manager.py:52}}
Jul 15 22:31:29.846582 np0000185489 devstack@neutron-api.service[101923]: DEBUG neutron_lib.callbacks.manager [None req-a4e02806-6fbc-4968-915a-ab298cd575ad None None] Subscribe: > port after_update 55550000, False {{(pid=101923) subscribe /opt/stack/data/venv/lib/python3.12/site-packages/neutron_lib/callbacks/manager.py:52}}
Jul 15 22:31:29.846685 np0000185489 devstack@neutron-api.service[101923]: DEBUG neutron_lib.callbacks.manager [None req-a4e02806-6fbc-4968-915a-ab298cd575ad None None] Subscribe: > port after_delete 55550000, False {{(pid=101923) subscribe /opt/stack/data/venv/lib/python3.12/site-packages/neutron_lib/callbacks/manager.py:52}}
Jul 15 22:31:29.846788 np0000185489 devstack@neutron-api.service[101923]: DEBUG neutron_lib.callbacks.manager [None req-a4e02806-6fbc-4968-915a-ab298cd575ad None None] Subscribe: > subnet after_create 55550000, False {{(pid=101923) subscribe /opt/stack/data/venv/lib/python3.12/site-packages/neutron_lib/callbacks/manager.py:52}}
