+ exec neutron-metadata-agent --config-file /etc/neutron/neutron.conf --config-file /tmp/pod-shared/neutron-agent.ini --config-file /etc/neutron/metadata_agent.ini /var/lib/openstack/lib/python3.10/site-packages/neutron/common/utils.py:54: UserWarning: pkg_resources is deprecated as an API. See https://setuptools.pypa.io/en/latest/pkg_resources.html. The pkg_resources package is slated for removal as early as 2025-11-30. Refrain from using this package or pin to Setuptools<81. import pkg_resources
2026-09-10 11:41:03.249 38 INFO neutron.common.config [-] Logging enabled!
2026-09-10 11:41:03.249 38 INFO neutron.common.config [-] /var/lib/openstack/bin/neutron-metadata-agent version 22.2.49.dev5 /var/lib/openstack/lib/python3.10/site-packages/memcache.py:1303: SyntaxWarning: "is" with a literal. Did you mean "=="? if key is '': /var/lib/openstack/lib/python3.10/site-packages/memcache.py:1304: SyntaxWarning: "is" with a literal. Did you mean "=="? if key_extra_len is 0:
2026-09-10 11:41:03.262 38 INFO oslo_service.service [None req-34fb5eff-8d85-4e58-831b-9bc4df2e7c9c - - - - - -] Starting 2 workers
2026-09-10 11:41:03.269 46 INFO eventlet.wsgi.server [-] (46) wsgi starting up on http:/var/lib/neutron/openstack-helm/metadata_proxy
2026-09-10 11:41:03.271 47 INFO eventlet.wsgi.server [-] (47) wsgi starting up on http:/var/lib/neutron/openstack-helm/metadata_proxy
2026-09-10 11:42:38.508 46 INFO eventlet.wsgi.server [-] 169.254.169.254, "GET / HTTP/1.1" status: 404 len: 176 time: 0.1072047
2026-09-10 11:44:23.959 47 INFO eventlet.wsgi.server [-] 169.254.169.254, "GET / HTTP/1.1" status: 404 len: 176 time: 0.0087066
2026-09-10 11:47:33.985 47 INFO eventlet.wsgi.server [-] 169.254.169.254, "GET / HTTP/1.1" status: 404 len: 176 time: 0.0070651
2026-09-10 11:48:03.891 46 INFO eventlet.wsgi.server [-] 169.254.169.254, "GET / HTTP/1.1" status: 404 len: 176 time: 0.0069187
2026-09-10 11:50:43.878 47 INFO eventlet.wsgi.server [-] 169.254.169.254, "GET / HTTP/1.1" status: 404 len: 176 time: 0.0107179
2026-09-10 11:53:54.037 47 INFO eventlet.wsgi.server [-] 169.254.169.254, "GET / HTTP/1.1" status: 404 len: 176 time: 0.1699326
2026-09-10 11:57:04.096 47 INFO eventlet.wsgi.server [-] 169.254.169.254, "GET / HTTP/1.1" status: 404 len: 176 time: 0.0073497
2026-09-10 11:58:03.920 46 INFO eventlet.wsgi.server [-] 169.254.169.254, "GET / HTTP/1.1" status: 404 len: 176 time: 0.0091553
2026-09-10 12:00:13.878 47 INFO eventlet.wsgi.server [-] 169.254.169.254, "GET / HTTP/1.1" status: 404 len: 176 time: 0.0101676
2026-09-10 12:03:23.891 47 INFO eventlet.wsgi.server [-] 169.254.169.254, "GET / HTTP/1.1" status: 404 len: 176 time: 0.0073359
2026-09-10 12:06:33.967 47 INFO eventlet.wsgi.server [-] 169.254.169.254, "GET / HTTP/1.1" status: 404 len: 176 time: 0.0667756
2026-09-10 12:08:03.876 47 INFO eventlet.wsgi.server [-] 169.254.169.254, "GET / HTTP/1.1" status: 404 len: 176 time: 0.0078881
2026-09-10 12:09:43.900 46 INFO eventlet.wsgi.server [-] 169.254.169.254, "GET / HTTP/1.1" status: 404 len: 176 time: 0.0064125
2026-09-10 12:12:53.972 47 INFO eventlet.wsgi.server [-] 169.254.169.254, "GET / HTTP/1.1" status: 404 len: 176 time: 0.0061114
2026-09-10 12:16:04.007 46 INFO eventlet.wsgi.server [-] 169.254.169.254, "GET / HTTP/1.1" status: 404 len: 176 time: 0.0088670
2026-09-10 12:17:54.590 47 INFO eventlet.wsgi.server [-] 10.100.0.7, "GET /2009-04-04/meta-data/instance-id HTTP/1.1" status: 200 len: 146 time: 1.5975778
2026-09-10 12:17:54.616 47 INFO eventlet.wsgi.server [-] 10.100.0.7, "GET /2009-04-04/meta-data/public-keys HTTP/1.1" status: 200 len: 163 time: 0.0189087
2026-09-10 12:17:54.646 47 INFO eventlet.wsgi.server [-] 10.100.0.7, "GET /2009-04-04/meta-data/public-keys/0/openssh-key HTTP/1.1" status: 200 len: 341 time: 0.0138979
2026-09-10 12:17:54.666 47 INFO eventlet.wsgi.server [-] 10.100.0.7, "GET /2009-04-04/meta-data/instance-id HTTP/1.1" status: 200 len: 146 time: 0.0159354
2026-09-10 12:17:54.691 46 INFO eventlet.wsgi.server [-] 10.100.0.7, "GET /2009-04-04/meta-data/ami-launch-index HTTP/1.1" status: 200 len: 136 time: 0.0192444
2026-09-10 12:17:54.712 46 INFO eventlet.wsgi.server [-] 10.100.0.7, "GET /2009-04-04/meta-data/instance-type HTTP/1.1" status: 200 len: 142 time: 0.0158706
2026-09-10 12:17:54.734 46 INFO eventlet.wsgi.server [-] 10.100.0.7, "GET /2009-04-04/meta-data/local-ipv4 HTTP/1.1" status: 200 len: 146 time: 0.0140314
2026-09-10 12:17:54.757 46 INFO eventlet.wsgi.server [-] 10.100.0.7, "GET /2009-04-04/meta-data/public-ipv4 HTTP/1.1" status: 200 len: 149 time: 0.0145800
2026-09-10 12:17:54.781 46 INFO eventlet.wsgi.server [-] 10.100.0.7, "GET /2009-04-04/meta-data/hostname HTTP/1.1" status: 200 len: 200 time: 0.0187154
2026-09-10 12:17:54.806 47 INFO eventlet.wsgi.server [-] 10.100.0.7, "GET /2009-04-04/meta-data/local-hostname HTTP/1.1" status: 200 len: 200 time: 0.0184133
2026-09-10 12:17:54.823 46 INFO eventlet.wsgi.server [-] 10.100.0.7, "GET /2009-04-04/user-data HTTP/1.1" status: 200 len: 231 time: 0.0095460
2026-09-10 12:17:54.878 46 INFO eventlet.wsgi.server [-] 10.100.0.7, "GET /2009-04-04/meta-data/block-device-mapping HTTP/1.1" status: 200 len: 143 time: 0.0177729
2026-09-10 12:17:54.908 47 INFO eventlet.wsgi.server [-] 10.100.0.7, "GET /2009-04-04/meta-data/block-device-mapping/ami HTTP/1.1" status: 200 len: 138 time: 0.0241277
2026-09-10 12:17:54.928 46 INFO eventlet.wsgi.server [-] 10.100.0.7, "GET /2009-04-04/meta-data/block-device-mapping/root HTTP/1.1" status: 200 len: 143 time: 0.0148771
2026-09-10 12:17:54.948 46 INFO eventlet.wsgi.server [-] 10.100.0.7, "GET /2009-04-04/meta-data/public-hostname HTTP/1.1" status: 200 len: 200 time: 0.0134451
2026-09-10 12:17:54.964 46 INFO eventlet.wsgi.server [-] 10.100.0.7, "GET /2009-04-04/meta-data/placement/availability-zone HTTP/1.1" status: 200 len: 139 time: 0.0095081
2026-09-10 12:18:04.054 47 INFO eventlet.wsgi.server [-] 169.254.169.254, "GET / HTTP/1.1" status: 404 len: 176 time: 0.0511007
2026-09-10 12:18:42.171 47 INFO eventlet.wsgi.server [-] 10.100.0.5, "GET /2009-04-04/meta-data/instance-id HTTP/1.1" status: 200 len: 146 time: 0.5787814
2026-09-10 12:18:42.195 47 INFO eventlet.wsgi.server [-] 10.100.0.5, "GET /2009-04-04/meta-data/public-keys HTTP/1.1" status: 200 len: 163 time: 0.0136092
2026-09-10 12:18:42.216 46 INFO eventlet.wsgi.server [-] 10.100.0.5, "GET /2009-04-04/meta-data/public-keys/0/openssh-key HTTP/1.1" status: 200 len: 341 time: 0.0152798
2026-09-10 12:18:42.234 46 INFO eventlet.wsgi.server [-] 10.100.0.5, "GET /2009-04-04/meta-data/instance-id HTTP/1.1" status: 200 len: 146 time: 0.0122850
2026-09-10 12:18:42.251 46 INFO eventlet.wsgi.server [-] 10.100.0.5, "GET /2009-04-04/meta-data/ami-launch-index HTTP/1.1" status: 200 len: 136 time: 0.0111399
2026-09-10 12:18:42.278 46 INFO eventlet.wsgi.server [-] 10.100.0.5, "GET /2009-04-04/meta-data/instance-type HTTP/1.1" status: 200 len: 142 time: 0.0189388
2026-09-10 12:18:42.306 47 INFO eventlet.wsgi.server [-] 10.100.0.5, "GET /2009-04-04/meta-data/local-ipv4 HTTP/1.1" status: 200 len: 146 time: 0.0224304
2026-09-10 12:18:42.325 46 INFO eventlet.wsgi.server [-] 10.100.0.5, "GET /2009-04-04/meta-data/public-ipv4 HTTP/1.1" status: 200 len: 149 time: 0.0125546
2026-09-10 12:18:42.347 47 INFO eventlet.wsgi.server [-] 10.100.0.5, "GET /2009-04-04/meta-data/hostname HTTP/1.1" status: 200 len: 191 time: 0.0150514
2026-09-10 12:18:42.366 47 INFO eventlet.wsgi.server [-] 10.100.0.5, "GET /2009-04-04/meta-data/local-hostname HTTP/1.1" status: 200 len: 191 time: 0.0126827
2026-09-10 12:18:42.384 47 INFO eventlet.wsgi.server [-] 10.100.0.5, "GET /2009-04-04/user-data HTTP/1.1" status: 200 len: 231 time: 0.0124605
2026-09-10 12:18:42.407 47 INFO eventlet.wsgi.server [-] 10.100.0.5, "GET /2009-04-04/meta-data/block-device-mapping HTTP/1.1" status: 200 len: 143 time: 0.0106783
2026-09-10 12:18:42.431 47 INFO eventlet.wsgi.server [-] 10.100.0.5, "GET /2009-04-04/meta-data/block-device-mapping/ami HTTP/1.1" status: 200 len: 138 time: 0.0163255
2026-09-10 12:18:42.449 47 INFO eventlet.wsgi.server [-] 10.100.0.5, "GET /2009-04-04/meta-data/block-device-mapping/root HTTP/1.1" status: 200 len: 143 time: 0.0125487
2026-09-10 12:18:42.474 47 INFO eventlet.wsgi.server [-] 10.100.0.5, "GET /2009-04-04/meta-data/public-hostname HTTP/1.1" status: 200 len: 191 time: 0.0191138
2026-09-10 12:18:42.496 47 INFO eventlet.wsgi.server [-] 10.100.0.5, "GET /2009-04-04/meta-data/placement/availability-zone HTTP/1.1" status: 200 len: 139 time: 0.0122466
2026-09-10 12:19:04.052 47 INFO eventlet.wsgi.server [-] 10.100.0.5, "GET /2009-04-04/meta-data/instance-id HTTP/1.1" status: 200 len: 146 time: 1.1439114
2026-09-10 12:19:04.070 47 INFO eventlet.wsgi.server [-] 10.100.0.5, "GET /2009-04-04/meta-data/public-keys HTTP/1.1" status: 200 len: 163 time: 0.0102928
2026-09-10 12:19:04.085 47 INFO eventlet.wsgi.server [-] 10.100.0.5, "GET /2009-04-04/meta-data/public-keys/0/openssh-key HTTP/1.1" status: 200 len: 341 time: 0.0116551
2026-09-10 12:19:04.101 47 INFO eventlet.wsgi.server [-] 10.100.0.5, "GET /2009-04-04/meta-data/instance-id HTTP/1.1" status: 200 len: 146 time: 0.0113454
2026-09-10 12:19:04.115 47 INFO eventlet.wsgi.server [-] 10.100.0.5, "GET /2009-04-04/meta-data/ami-launch-index HTTP/1.1" status: 200 len: 136 time: 0.0090857
2026-09-10 12:19:04.131 47 INFO eventlet.wsgi.server [-] 10.100.0.5, "GET /2009-04-04/meta-data/instance-type HTTP/1.1" status: 200 len: 142 time: 0.0105653
2026-09-10 12:19:04.148 47 INFO eventlet.wsgi.server [-] 10.100.0.5, "GET /2009-04-04/meta-data/local-ipv4 HTTP/1.1" status: 200 len: 146 time: 0.0097315
2026-09-10 12:19:04.169 47 INFO eventlet.wsgi.server [-] 10.100.0.5, "GET /2009-04-04/meta-data/public-ipv4 HTTP/1.1" status: 200 len: 149 time: 0.0124886
2026-09-10 12:19:04.192 47 INFO eventlet.wsgi.server [-] 10.100.0.5, "GET /2009-04-04/meta-data/hostname HTTP/1.1" status: 200 len: 191 time: 0.0113564
2026-09-10 12:19:04.208 47 INFO eventlet.wsgi.server [-] 10.100.0.5, "GET /2009-04-04/meta-data/local-hostname HTTP/1.1" status: 200 len: 191 time: 0.0113647
2026-09-10 12:19:04.225 47 INFO eventlet.wsgi.server [-] 10.100.0.5, "GET /2009-04-04/user-data HTTP/1.1" status: 200 len: 231 time: 0.0098817
2026-09-10 12:19:04.242 47 INFO eventlet.wsgi.server [-] 10.100.0.5, "GET /2009-04-04/meta-data/block-device-mapping HTTP/1.1" status: 200 len: 143 time: 0.0103757
2026-09-10 12:19:04.271 47 INFO eventlet.wsgi.server [-] 10.100.0.5, "GET /2009-04-04/meta-data/block-device-mapping/ami HTTP/1.1" status: 200 len: 138 time: 0.0183780
2026-09-10 12:19:04.289 47 INFO eventlet.wsgi.server [-] 10.100.0.5, "GET /2009-04-04/meta-data/block-device-mapping/root HTTP/1.1" status: 200 len: 143 time: 0.0124061
2026-09-10 12:19:04.305 47 INFO eventlet.wsgi.server [-] 10.100.0.5, "GET /2009-04-04/meta-data/public-hostname HTTP/1.1" status: 200 len: 191 time: 0.0103970
2026-09-10 12:19:04.322 47 INFO eventlet.wsgi.server [-] 10.100.0.5, "GET /2009-04-04/meta-data/placement/availability-zone HTTP/1.1" status: 200 len: 139 time: 0.0113015
2026-09-10 12:19:13.899 47 INFO eventlet.wsgi.server [-] 169.254.169.254, "GET / HTTP/1.1" status: 404 len: 176 time: 0.0144286
2026-09-10 12:19:42.468 46 INFO eventlet.wsgi.server [-] 10.100.0.10, "GET /latest/meta-data/public-ipv4 HTTP/1.1" status: 200 len: 149 time: 0.2311382
2026-09-10 12:19:42.758 46 INFO eventlet.wsgi.server [-] 10.100.0.10, "POST /openstack/2013-10-17/password HTTP/1.1" status: 200 len: 134 time: 0.2166328
2026-09-10 12:20:48.216 46 INFO eventlet.wsgi.server [-] 10.100.0.7, "GET /2009-04-04/meta-data/instance-id HTTP/1.1" status: 200 len: 146 time: 0.5764177
2026-09-10 12:20:48.249 47 INFO eventlet.wsgi.server [-] 10.100.0.7, "GET /2009-04-04/meta-data/public-keys HTTP/1.1" status: 200 len: 176 time: 0.0242424
2026-09-10 12:20:48.266 47 INFO eventlet.wsgi.server [-] 10.100.0.7, "GET /2009-04-04/meta-data/public-keys/0/openssh-key HTTP/1.1" status: 200 len: 341 time: 0.0124633
2026-09-10 12:20:48.288 46 INFO eventlet.wsgi.server [-] 10.100.0.7, "GET /2009-04-04/meta-data/instance-id HTTP/1.1" status: 200 len: 146 time: 0.0158091
2026-09-10 12:20:48.309 46 INFO eventlet.wsgi.server [-] 10.100.0.7, "GET /2009-04-04/meta-data/ami-launch-index HTTP/1.1" status: 200 len: 136 time: 0.0128813
2026-09-10 12:20:48.351 46 INFO eventlet.wsgi.server [-] 10.100.0.7, "GET /2009-04-04/meta-data/instance-type HTTP/1.1" status: 200 len: 142 time: 0.0364990
2026-09-10 12:20:48.379 46 INFO eventlet.wsgi.server [-] 10.100.0.7, "GET /2009-04-04/meta-data/local-ipv4 HTTP/1.1" status: 200 len: 146 time: 0.0199683
2026-09-10 12:20:48.402 47 INFO eventlet.wsgi.server [-] 10.100.0.7, "GET /2009-04-04/meta-data/public-ipv4 HTTP/1.1" status: 200 len: 149 time: 0.0160191
2026-09-10 12:20:48.418 47 INFO eventlet.wsgi.server [-] 10.100.0.7, "GET /2009-04-04/meta-data/hostname HTTP/1.1" status: 200 len: 191 time: 0.0115731
2026-09-10 12:20:48.434 47 INFO eventlet.wsgi.server [-] 10.100.0.7, "GET /2009-04-04/meta-data/local-hostname HTTP/1.1" status: 200 len: 191 time: 0.0095773
2026-09-10 12:20:48.466 47 INFO neutron.agent.metadata.agent [-] The instance: 43b50c88-edae-4390-a31b-60800fc26f47 is not present anymore, skipping cache...
2026-09-10 12:20:48.518 47 INFO eventlet.wsgi.server [-] 10.100.0.7, "GET /2009-04-04/user-data HTTP/1.1" status: 404 len: 297 time: 0.0656369
2026-09-10 12:20:48.538 47 INFO eventlet.wsgi.server [-] 10.100.0.7, "GET /2009-04-04/meta-data/block-device-mapping HTTP/1.1" status: 200 len: 143 time: 0.0112357
2026-09-10 12:20:48.554 47 INFO eventlet.wsgi.server [-] 10.100.0.7, "GET /2009-04-04/meta-data/block-device-mapping/ami HTTP/1.1" status: 200 len: 138 time: 0.0107427
2026-09-10 12:20:48.568 47 INFO eventlet.wsgi.server [-] 10.100.0.7, "GET /2009-04-04/meta-data/block-device-mapping/root HTTP/1.1" status: 200 len: 143 time: 0.0096567
2026-09-10 12:20:48.586 47 INFO eventlet.wsgi.server [-] 10.100.0.7, "GET /2009-04-04/meta-data/public-hostname HTTP/1.1" status: 200 len: 191 time: 0.0128548
2026-09-10 12:20:48.602 47 INFO eventlet.wsgi.server [-] 10.100.0.7, "GET /2009-04-04/meta-data/placement/availability-zone HTTP/1.1" status: 200 len: 139 time: 0.0103760
2026-09-10 12:21:12.159 46 INFO eventlet.wsgi.server [-] 10.100.0.12, "GET /2009-04-04/meta-data/instance-id HTTP/1.1" status: 200 len: 146 time: 0.2115369
2026-09-10 12:21:12.188 46 INFO eventlet.wsgi.server [-] 10.100.0.12, "GET /2009-04-04/meta-data/public-keys HTTP/1.1" status: 200 len: 175 time: 0.0155482
2026-09-10 12:21:12.210 46 INFO eventlet.wsgi.server [-] 10.100.0.12, "GET /2009-04-04/meta-data/public-keys/0/openssh-key HTTP/1.1" status: 200 len: 341 time: 0.0150762
2026-09-10 12:21:12.231 46 INFO eventlet.wsgi.server [-] 10.100.0.12, "GET /2009-04-04/meta-data/instance-id HTTP/1.1" status: 200 len: 146 time: 0.0134628
2026-09-10 12:21:12.254 46 INFO eventlet.wsgi.server [-] 10.100.0.12, "GET /2009-04-04/meta-data/ami-launch-index HTTP/1.1" status: 200 len: 136 time: 0.0145316
2026-09-10 12:21:12.275 46 INFO eventlet.wsgi.server [-] 10.100.0.12, "GET /2009-04-04/meta-data/instance-type HTTP/1.1" status: 200 len: 142 time: 0.0152516
2026-09-10 12:21:12.298 46 INFO eventlet.wsgi.server [-] 10.100.0.12, "GET /2009-04-04/meta-data/local-ipv4 HTTP/1.1" status: 200 len: 147 time: 0.0141413
2026-09-10 12:21:12.320 46 INFO eventlet.wsgi.server [-] 10.100.0.12, "GET /2009-04-04/meta-data/public-ipv4 HTTP/1.1" status: 200 len: 149 time: 0.0159099
2026-09-10 12:21:12.339 46 INFO eventlet.wsgi.server [-] 10.100.0.12, "GET /2009-04-04/meta-data/hostname HTTP/1.1" status: 200 len: 189 time: 0.0130789
2026-09-10 12:21:12.365 46 INFO eventlet.wsgi.server [-] 10.100.0.12, "GET /2009-04-04/meta-data/local-hostname HTTP/1.1" status: 200 len: 189 time: 0.0172846
2026-09-10 12:21:12.387 46 INFO neutron.agent.metadata.agent [-] The instance: 40553d7b-0945-4dcd-aa2e-236489bef6ab is not present anymore, skipping cache...
2026-09-10 12:21:12.436 46 INFO eventlet.wsgi.server [-] 10.100.0.12, "GET /2009-04-04/user-data HTTP/1.1" status: 404 len: 297 time: 0.0641768
2026-09-10 12:21:12.476 46 INFO eventlet.wsgi.server [-] 10.100.0.12, "GET /2009-04-04/meta-data/block-device-mapping HTTP/1.1" status: 200 len: 143 time: 0.0182202
2026-09-10 12:21:12.493 47 INFO eventlet.wsgi.server [-] 10.100.0.12, "GET /2009-04-04/meta-data/block-device-mapping/ami HTTP/1.1" status: 200 len: 138 time: 0.0111451
2026-09-10 12:21:12.509 46 INFO eventlet.wsgi.server [-] 10.100.0.12, "GET /2009-04-04/meta-data/block-device-mapping/root HTTP/1.1" status: 200 len: 143 time: 0.0127566
2026-09-10 12:21:12.528 46 INFO eventlet.wsgi.server [-] 10.100.0.12, "GET /2009-04-04/meta-data/public-hostname HTTP/1.1" status: 200 len: 189 time: 0.0145214
2026-09-10 12:21:12.541 47 INFO eventlet.wsgi.server [-] 10.100.0.12, "GET /2009-04-04/meta-data/placement/availability-zone HTTP/1.1" status: 200 len: 139 time: 0.0089540
2026-09-10 12:22:23.886 46 INFO eventlet.wsgi.server [-] 169.254.169.254, "GET / HTTP/1.1" status: 404 len: 176 time: 0.0060420
2026-09-10 12:25:33.900 47 INFO eventlet.wsgi.server [-] 169.254.169.254, "GET / HTTP/1.1" status: 404 len: 176 time: 0.0122211
2026-09-10 12:28:03.979 47 INFO eventlet.wsgi.server [-] 169.254.169.254, "GET / HTTP/1.1" status: 404 len: 176 time: 0.0076020
2026-09-10 12:28:43.966 46 INFO eventlet.wsgi.server [-] 169.254.169.254, "GET / HTTP/1.1" status: 404 len: 176 time: 0.0910192
2026-09-10 12:31:53.944 46 INFO eventlet.wsgi.server [-] 169.254.169.254, "GET / HTTP/1.1" status: 404 len: 176 time: 0.0075023
2026-09-10 12:35:03.931 47 INFO eventlet.wsgi.server [-] 169.254.169.254, "GET / HTTP/1.1" status: 404 len: 176 time: 0.0128732
2026-09-10 12:38:03.931 47 INFO eventlet.wsgi.server [-] 169.254.169.254, "GET / HTTP/1.1" status: 404 len: 176 time: 0.0092862
2026-09-10 12:38:13.921 47 INFO eventlet.wsgi.server [-] 169.254.169.254, "GET / HTTP/1.1" status: 404 len: 176 time: 0.0047724