+ COMMAND=start + start + exec neutron-rpc-server --config-file /etc/neutron/neutron.conf --config-file /etc/neutron/plugins/ml2/ml2_conf.ini /var/lib/openstack/lib/python3.10/site-packages/neutron/common/utils.py:54: UserWarning: pkg_resources is deprecated as an API. See https://setuptools.pypa.io/en/latest/pkg_resources.html. The pkg_resources package is slated for removal as early as 2025-11-30. Refrain from using this package or pin to Setuptools<81. import pkg_resources
2026-07-22 22:40:11.550 1 INFO neutron.common.config [-] Logging enabled!
2026-07-22 22:40:11.550 1 INFO neutron.common.config [-] /var/lib/openstack/bin/neutron-rpc-server version 23.5.0
2026-07-22 22:40:11.550 1 INFO neutron.server.rpc_eventlet [-] Eventlet based AMQP RPC server starting...
2026-07-22 22:40:11.551 1 INFO neutron.manager [-] Loading core plugin: ml2
2026-07-22 22:40:12.368 1 INFO neutron.plugins.ml2.managers [-] Configured type driver names: ['flat', 'gre', 'vlan', 'vxlan']
2026-07-22 22:40:12.370 1 INFO neutron.plugins.ml2.drivers.type_flat [-] Arbitrary flat physical_network names allowed
2026-07-22 22:40:12.373 1 INFO neutron.plugins.ml2.drivers.type_vlan [-] Network VLAN ranges: OrderedDict([('external', [(1, 4094)])])
2026-07-22 22:40:12.374 1 INFO neutron.plugins.ml2.managers [-] Loaded type driver names: ['flat', 'gre', 'vlan', 'vxlan']
2026-07-22 22:40:12.374 1 INFO neutron.plugins.ml2.managers [-] Registered types: dict_keys(['flat', 'gre', 'vlan', 'vxlan'])
2026-07-22 22:40:12.374 1 INFO neutron.plugins.ml2.managers [-] Tenant network_types: ['vxlan']
2026-07-22 22:40:12.374 1 INFO neutron.plugins.ml2.managers [-] Configured extension driver names: ['dns_domain_ports', 'port_security', 'qos']
2026-07-22 22:40:12.379 1 INFO neutron.plugins.ml2.managers [-] Loaded extension driver names: ['dns_domain_ports', 'port_security', 'qos']
2026-07-22 22:40:12.379 1 INFO neutron.plugins.ml2.managers [-] Registered extension drivers: ['dns_domain_ports', 'port_security', 'qos']
2026-07-22 22:40:12.380 1 INFO neutron.plugins.ml2.managers [-] Configured mechanism driver names: ['openvswitch', 'l2population']
2026-07-22 22:40:12.395 1 INFO neutron.plugins.ml2.drivers.mech_agent [-] Open vSwitch agent's supported_vnic_types: ['normal', 'direct', 'smart-nic', 'vdpa']
2026-07-22 22:40:12.396 1 INFO neutron.plugins.ml2.managers [-] Loaded mechanism driver names: ['openvswitch', 'l2population']
2026-07-22 22:40:12.397 1 INFO neutron.plugins.ml2.managers [-] Registered mechanism drivers: ['openvswitch', 'l2population']
2026-07-22 22:40:12.429 1 INFO neutron.plugins.ml2.managers [-] Initializing driver for type 'flat'
2026-07-22 22:40:12.429 1 INFO neutron.plugins.ml2.drivers.type_flat [-] ML2 FlatTypeDriver initialization complete
2026-07-22 22:40:12.429 1 INFO neutron.plugins.ml2.managers [-] Initializing driver for type 'gre'
2026-07-22 22:40:12.430 1 INFO neutron.plugins.ml2.drivers.type_tunnel [-] gre ID ranges: [(1, 1000)]
2026-07-22 22:40:12.435 1 WARNING oslo_policy.policy [None req-887363fd-f198-4fc7-8d41-1a36ff3ca0b8 - - - - - -] Policies ['delete_port', 'update_port:allowed_address_pairs', 'update_port:allowed_address_pairs:ip_address', 'update_port:allowed_address_pairs:mac_address', 'update_port:fixed_ips', 'update_port:mac_address'] reference a rule that is not defined.
2026-07-22 22:40:12.716 1 INFO neutron.plugins.ml2.managers [None req-887363fd-f198-4fc7-8d41-1a36ff3ca0b8 - - - - - -] Initializing driver for type 'vlan'
2026-07-22 22:40:12.996 1 INFO neutron.plugins.ml2.drivers.type_vlan [None req-887363fd-f198-4fc7-8d41-1a36ff3ca0b8 - - - - - -] VlanTypeDriver initialization complete
2026-07-22 22:40:12.996 1 INFO neutron.plugins.ml2.managers [None req-887363fd-f198-4fc7-8d41-1a36ff3ca0b8 - - - - - -] Initializing driver for type 'vxlan'
2026-07-22 22:40:12.997 1 INFO neutron.plugins.ml2.drivers.type_tunnel [None req-887363fd-f198-4fc7-8d41-1a36ff3ca0b8 - - - - - -] vxlan ID ranges: [(1, 1000)]
2026-07-22 22:40:13.050 1 INFO neutron.plugins.ml2.managers [None req-887363fd-f198-4fc7-8d41-1a36ff3ca0b8 - - - - - -] Initializing extension driver 'dns_domain_ports'
2026-07-22 22:40:13.067 1 INFO neutron.plugins.ml2.extensions.dns_integration [None req-887363fd-f198-4fc7-8d41-1a36ff3ca0b8 - - - - - -] DNSDomainPortsExtensionDriver initialization complete
2026-07-22 22:40:13.067 1 INFO neutron.plugins.ml2.managers [None req-887363fd-f198-4fc7-8d41-1a36ff3ca0b8 - - - - - -] Initializing extension driver 'port_security'
2026-07-22 22:40:13.068 1 INFO neutron.plugins.ml2.extensions.port_security [None req-887363fd-f198-4fc7-8d41-1a36ff3ca0b8 - - - - - -] PortSecurityExtensionDriver initialization complete
2026-07-22 22:40:13.068 1 INFO neutron.plugins.ml2.managers [None req-887363fd-f198-4fc7-8d41-1a36ff3ca0b8 - - - - - -] Initializing extension driver 'qos'
2026-07-22 22:40:13.068 1 INFO neutron.plugins.ml2.managers [None req-887363fd-f198-4fc7-8d41-1a36ff3ca0b8 - - - - - -] Initializing mechanism driver 'openvswitch'
2026-07-22 22:40:13.068 1 INFO neutron.plugins.ml2.managers [None req-887363fd-f198-4fc7-8d41-1a36ff3ca0b8 - - - - - -] Initializing mechanism driver 'l2population'
2026-07-22 22:40:13.077 1 INFO neutron.quota [None req-c3abe088-c409-4f3b-a0b3-43cfae32d9dc - - - - - -] Loaded quota_driver: .
2026-07-22 22:40:13.078 1 INFO neutron.plugins.ml2.plugin [None req-c3abe088-c409-4f3b-a0b3-43cfae32d9dc - - - - - -] Modular L2 Plugin initialization complete
2026-07-22 22:40:13.078 1 INFO neutron.plugins.ml2.managers [None req-c3abe088-c409-4f3b-a0b3-43cfae32d9dc - - - - - -] Got dns-integration extension from driver 'dns_domain_ports'
2026-07-22 22:40:13.078 1 INFO neutron.plugins.ml2.managers [None req-c3abe088-c409-4f3b-a0b3-43cfae32d9dc - - - - - -] Got dns-domain-ports extension from driver 'dns_domain_ports'
2026-07-22 22:40:13.078 1 INFO neutron.plugins.ml2.managers [None req-c3abe088-c409-4f3b-a0b3-43cfae32d9dc - - - - - -] Got port-security extension from driver 'port_security'
2026-07-22 22:40:13.078 1 INFO neutron.extensions.vlantransparent [None req-c3abe088-c409-4f3b-a0b3-43cfae32d9dc - - - - - -] Disabled vlantransparent extension.
2026-07-22 22:40:13.079 1 INFO neutron.manager [None req-c3abe088-c409-4f3b-a0b3-43cfae32d9dc - - - - - -] Loading Plugin: qos
2026-07-22 22:40:13.088 1 INFO neutron.manager [None req-c3abe088-c409-4f3b-a0b3-43cfae32d9dc - - - - - -] Loading Plugin: router
2026-07-22 22:40:13.116 1 INFO neutron.services.service_base [None req-c3abe088-c409-4f3b-a0b3-43cfae32d9dc - - - - - -] Default provider is not specified for service type L3_ROUTER_NAT
2026-07-22 22:40:13.117 1 INFO neutron.manager [None req-c3abe088-c409-4f3b-a0b3-43cfae32d9dc - - - - - -] Loading Plugin: segments
2026-07-22 22:40:13.181 1 INFO neutron.manager [None req-c3abe088-c409-4f3b-a0b3-43cfae32d9dc - - - - - -] Loading Plugin: trunk
2026-07-22 22:40:13.234 1 INFO neutron.manager [None req-c3abe088-c409-4f3b-a0b3-43cfae32d9dc - - - - - -] Loading Plugin: vpnaas
2026-07-22 22:40:13.269 1 WARNING stevedore.named [None req-c3abe088-c409-4f3b-a0b3-43cfae32d9dc - - - - - -] Could not load neutron_vpnaas.services.vpn.service_drivers.ipsec.IPsecVPNDriver
2026-07-22 22:40:13.324 1 INFO neutron_vpnaas.services.vpn.plugin [None req-c3abe088-c409-4f3b-a0b3-43cfae32d9dc - - - - - -] VPN plugin using service drivers: dict_keys(['strongswan']), default: strongswan
2026-07-22 22:40:13.325 1 INFO neutron.common.utils [None req-c3abe088-c409-4f3b-a0b3-43cfae32d9dc - - - - - -] Disable filter validation extension by service plugin VPNDriverPlugin.
2026-07-22 22:40:13.325 1 INFO neutron.manager [None req-c3abe088-c409-4f3b-a0b3-43cfae32d9dc - - - - - -] Loading Plugin: auto_allocate
2026-07-22 22:40:13.328 1 INFO neutron.manager [None req-c3abe088-c409-4f3b-a0b3-43cfae32d9dc - - - - - -] Loading Plugin: tag
2026-07-22 22:40:13.333 1 INFO neutron.manager [None req-c3abe088-c409-4f3b-a0b3-43cfae32d9dc - - - - - -] Loading Plugin: timestamp
2026-07-22 22:40:13.335 1 INFO neutron.manager [None req-c3abe088-c409-4f3b-a0b3-43cfae32d9dc - - - - - -] Loading Plugin: network_ip_availability
2026-07-22 22:40:13.338 1 INFO neutron.manager [None req-c3abe088-c409-4f3b-a0b3-43cfae32d9dc - - - - - -] Loading Plugin: flavors
2026-07-22 22:40:13.340 1 INFO neutron.manager [None req-c3abe088-c409-4f3b-a0b3-43cfae32d9dc - - - - - -] Loading Plugin: revisions
2026-07-22 22:40:13.343 1 INFO neutron.api.extensions [None req-c3abe088-c409-4f3b-a0b3-43cfae32d9dc - - - - - -] Initializing extension manager.
2026-07-22 22:40:13.344 1 INFO neutron.api.extensions [None req-c3abe088-c409-4f3b-a0b3-43cfae32d9dc - - - - - -] Loaded extension: address-group
2026-07-22 22:40:13.345 1 INFO neutron.api.extensions [None req-c3abe088-c409-4f3b-a0b3-43cfae32d9dc - - - - - -] Loaded extension: address-scope
2026-07-22 22:40:13.345 1 INFO neutron.api.extensions [None req-c3abe088-c409-4f3b-a0b3-43cfae32d9dc - - - - - -] Loaded extension: router-admin-state-down-before-update
2026-07-22 22:40:13.346 1 INFO neutron.api.extensions [None req-c3abe088-c409-4f3b-a0b3-43cfae32d9dc - - - - - -] Loaded extension: agent
2026-07-22 22:40:13.347 1 INFO neutron.api.extensions [None req-c3abe088-c409-4f3b-a0b3-43cfae32d9dc - - - - - -] Loaded extension: agent-resources-synced
2026-07-22 22:40:13.348 1 INFO neutron.api.extensions [None req-c3abe088-c409-4f3b-a0b3-43cfae32d9dc - - - - - -] Loaded extension: allowed-address-pairs
2026-07-22 22:40:13.348 1 INFO neutron.api.extensions [None req-c3abe088-c409-4f3b-a0b3-43cfae32d9dc - - - - - -] Loaded extension: auto-allocated-topology
2026-07-22 22:40:13.349 1 INFO neutron.api.extensions [None req-c3abe088-c409-4f3b-a0b3-43cfae32d9dc - - - - - -] Loaded extension: availability_zone
2026-07-22 22:40:13.349 1 INFO neutron.api.extensions [None req-c3abe088-c409-4f3b-a0b3-43cfae32d9dc - - - - - -] Loaded extension: availability_zone_filter
2026-07-22 22:40:13.350 1 INFO neutron.api.extensions [None req-c3abe088-c409-4f3b-a0b3-43cfae32d9dc - - - - - -] Extension data-plane-status not supported by any of loaded plugins
2026-07-22 22:40:13.350 1 INFO neutron.api.extensions [None req-c3abe088-c409-4f3b-a0b3-43cfae32d9dc - - - - - -] Loaded extension: default-subnetpools
2026-07-22 22:40:13.351 1 INFO neutron.api.extensions [None req-c3abe088-c409-4f3b-a0b3-43cfae32d9dc - - - - - -] Loaded extension: dhcp_agent_scheduler
2026-07-22 22:40:13.352 1 INFO neutron.api.extensions [None req-c3abe088-c409-4f3b-a0b3-43cfae32d9dc - - - - - -] Loaded extension: dns-integration
2026-07-22 22:40:13.352 1 INFO neutron.api.extensions [None req-c3abe088-c409-4f3b-a0b3-43cfae32d9dc - - - - - -] Loaded extension: dns-domain-ports
2026-07-22 22:40:13.353 1 INFO neutron.api.extensions [None req-c3abe088-c409-4f3b-a0b3-43cfae32d9dc - - - - - -] Extension dns-integration-domain-keywords not supported by any of loaded plugins
2026-07-22 22:40:13.353 1 INFO neutron.api.extensions [None req-c3abe088-c409-4f3b-a0b3-43cfae32d9dc - - - - - -] Loaded extension: dvr
2026-07-22 22:40:13.354 1 INFO neutron.api.extensions [None req-c3abe088-c409-4f3b-a0b3-43cfae32d9dc - - - - - -] Extension ecmp_routes not supported by any of loaded plugins
2026-07-22 22:40:13.354 1 INFO neutron.api.extensions [None req-c3abe088-c409-4f3b-a0b3-43cfae32d9dc - - - - - -] Loaded extension: empty-string-filtering
2026-07-22 22:40:13.355 1 INFO neutron.api.extensions [None req-c3abe088-c409-4f3b-a0b3-43cfae32d9dc - - - - - -] Extension expose-l3-conntrack-helper not supported by any of loaded plugins
2026-07-22 22:40:13.355 1 INFO neutron.api.extensions [None req-c3abe088-c409-4f3b-a0b3-43cfae32d9dc - - - - - -] Extension expose-port-forwarding-in-fip not supported by any of loaded plugins
2026-07-22 22:40:13.356 1 INFO neutron.api.extensions [None req-c3abe088-c409-4f3b-a0b3-43cfae32d9dc - - - - - -] Loaded extension: external-net
2026-07-22 22:40:13.356 1 INFO neutron.api.extensions [None req-c3abe088-c409-4f3b-a0b3-43cfae32d9dc - - - - - -] Loaded extension: extra_dhcp_opt
2026-07-22 22:40:13.357 1 INFO neutron.api.extensions [None req-c3abe088-c409-4f3b-a0b3-43cfae32d9dc - - - - - -] Loaded extension: extraroute
2026-07-22 22:40:13.357 1 INFO neutron.api.extensions [None req-c3abe088-c409-4f3b-a0b3-43cfae32d9dc - - - - - -] Loaded extension: extraroute-atomic
2026-07-22 22:40:13.358 1 INFO neutron.api.extensions [None req-c3abe088-c409-4f3b-a0b3-43cfae32d9dc - - - - - -] Extension filter-validation not supported by any of loaded plugins
2026-07-22 22:40:13.358 1 INFO neutron.api.extensions [None req-c3abe088-c409-4f3b-a0b3-43cfae32d9dc - - - - - -] Extension floating-ip-port-forwarding-description not supported by any of loaded plugins
2026-07-22 22:40:13.359 1 INFO neutron.api.extensions [None req-c3abe088-c409-4f3b-a0b3-43cfae32d9dc - - - - - -] Loaded extension: floating-ip-port-forwarding-detail
2026-07-22 22:40:13.359 1 INFO neutron.api.extensions [None req-c3abe088-c409-4f3b-a0b3-43cfae32d9dc - - - - - -] Extension floating-ip-port-forwarding-port-ranges not supported by any of loaded plugins
2026-07-22 22:40:13.360 1 INFO neutron.api.extensions [None req-c3abe088-c409-4f3b-a0b3-43cfae32d9dc - - - - - -] Loaded extension: fip-port-details
2026-07-22 22:40:13.361 1 INFO neutron.api.extensions [None req-c3abe088-c409-4f3b-a0b3-43cfae32d9dc - - - - - -] Loaded extension: flavors
2026-07-22 22:40:13.361 1 INFO neutron.api.extensions [None req-c3abe088-c409-4f3b-a0b3-43cfae32d9dc - - - - - -] Extension floating-ip-port-forwarding not supported by any of loaded plugins
2026-07-22 22:40:13.362 1 INFO neutron.api.extensions [None req-c3abe088-c409-4f3b-a0b3-43cfae32d9dc - - - - - -] Loaded extension: floatingip-pools
2026-07-22 22:40:13.363 1 INFO neutron.api.extensions [None req-c3abe088-c409-4f3b-a0b3-43cfae32d9dc - - - - - -] Loaded extension: ip_allocation
2026-07-22 22:40:13.363 1 INFO neutron.api.extensions [None req-c3abe088-c409-4f3b-a0b3-43cfae32d9dc - - - - - -] Loaded extension: ip-substring-filtering
2026-07-22 22:40:13.363 1 INFO neutron.api.extensions [None req-c3abe088-c409-4f3b-a0b3-43cfae32d9dc - - - - - -] Loaded extension: l2_adjacency
2026-07-22 22:40:13.364 1 INFO neutron.api.extensions [None req-c3abe088-c409-4f3b-a0b3-43cfae32d9dc - - - - - -] Loaded extension: router
2026-07-22 22:40:13.366 1 INFO neutron.api.extensions [None req-c3abe088-c409-4f3b-a0b3-43cfae32d9dc - - - - - -] Extension l3-conntrack-helper not supported by any of loaded plugins
2026-07-22 22:40:13.366 1 INFO neutron.api.extensions [None req-c3abe088-c409-4f3b-a0b3-43cfae32d9dc - - - - - -] Loaded extension: ext-gw-mode
2026-07-22 22:40:13.367 1 INFO neutron.api.extensions [None req-c3abe088-c409-4f3b-a0b3-43cfae32d9dc - - - - - -] Loaded extension: l3-ha
2026-07-22 22:40:13.367 1 INFO neutron.api.extensions [None req-c3abe088-c409-4f3b-a0b3-43cfae32d9dc - - - - - -] Extension l3-ext-ndp-proxy not supported by any of loaded plugins
2026-07-22 22:40:13.368 1 INFO neutron.api.extensions [None req-c3abe088-c409-4f3b-a0b3-43cfae32d9dc - - - - - -] Extension external-gateway-multihoming not supported by any of loaded plugins
2026-07-22 22:40:13.368 1 INFO neutron.api.extensions [None req-c3abe088-c409-4f3b-a0b3-43cfae32d9dc - - - - - -] Loaded extension: l3-flavors
2026-07-22 22:40:13.369 1 INFO neutron.api.extensions [None req-c3abe088-c409-4f3b-a0b3-43cfae32d9dc - - - - - -] Extension l3-ndp-proxy not supported by any of loaded plugins
2026-07-22 22:40:13.369 1 INFO neutron.api.extensions [None req-c3abe088-c409-4f3b-a0b3-43cfae32d9dc - - - - - -] Loaded extension: l3-port-ip-change-not-allowed
2026-07-22 22:40:13.371 1 INFO neutron.api.extensions [None req-c3abe088-c409-4f3b-a0b3-43cfae32d9dc - - - - - -] Loaded extension: l3_agent_scheduler
2026-07-22 22:40:13.372 1 INFO neutron.api.extensions [None req-c3abe088-c409-4f3b-a0b3-43cfae32d9dc - - - - - -] Extension local_ip not supported by any of loaded plugins
2026-07-22 22:40:13.373 1 INFO neutron.api.extensions [None req-c3abe088-c409-4f3b-a0b3-43cfae32d9dc - - - - - -] Extension logging not supported by any of loaded plugins
2026-07-22 22:40:13.373 1 INFO neutron.api.extensions [None req-c3abe088-c409-4f3b-a0b3-43cfae32d9dc - - - - - -] Extension metering not supported by any of loaded plugins
2026-07-22 22:40:13.374 1 INFO neutron.api.extensions [None req-c3abe088-c409-4f3b-a0b3-43cfae32d9dc - - - - - -] Extension metering_source_and_destination_fields not supported by any of loaded plugins
2026-07-22 22:40:13.375 1 INFO neutron.api.extensions [None req-c3abe088-c409-4f3b-a0b3-43cfae32d9dc - - - - - -] Loaded extension: multi-provider
2026-07-22 22:40:13.375 1 INFO neutron.api.extensions [None req-c3abe088-c409-4f3b-a0b3-43cfae32d9dc - - - - - -] Loaded extension: net-mtu
2026-07-22 22:40:13.375 1 INFO neutron.api.extensions [None req-c3abe088-c409-4f3b-a0b3-43cfae32d9dc - - - - - -] Loaded extension: net-mtu-writable
2026-07-22 22:40:13.376 1 INFO neutron.api.extensions [None req-c3abe088-c409-4f3b-a0b3-43cfae32d9dc - - - - - -] Loaded extension: network_availability_zone
2026-07-22 22:40:13.376 1 INFO neutron.api.extensions [None req-c3abe088-c409-4f3b-a0b3-43cfae32d9dc - - - - - -] Loaded extension: network_ha
2026-07-22 22:40:13.377 1 INFO neutron.api.extensions [None req-c3abe088-c409-4f3b-a0b3-43cfae32d9dc - - - - - -] Loaded extension: network-ip-availability
2026-07-22 22:40:13.378 1 INFO neutron.api.extensions [None req-c3abe088-c409-4f3b-a0b3-43cfae32d9dc - - - - - -] Extension network-segment-range not supported by any of loaded plugins
2026-07-22 22:40:13.378 1 INFO neutron.api.extensions [None req-c3abe088-c409-4f3b-a0b3-43cfae32d9dc - - - - - -] Loaded extension: pagination
2026-07-22 22:40:13.379 1 INFO neutron.api.extensions [None req-c3abe088-c409-4f3b-a0b3-43cfae32d9dc - - - - - -] Loaded extension: port-device-profile
2026-07-22 22:40:13.379 1 INFO neutron.api.extensions [None req-c3abe088-c409-4f3b-a0b3-43cfae32d9dc - - - - - -] Extension port-hint-ovs-tx-steering not supported by any of loaded plugins
2026-07-22 22:40:13.380 1 INFO neutron.api.extensions [None req-c3abe088-c409-4f3b-a0b3-43cfae32d9dc - - - - - -] Extension port-hints not supported by any of loaded plugins
2026-07-22 22:40:13.380 1 INFO neutron.api.extensions [None req-c3abe088-c409-4f3b-a0b3-43cfae32d9dc - - - - - -] Loaded extension: port-mac-override
2026-07-22 22:40:13.381 1 INFO neutron.api.extensions [None req-c3abe088-c409-4f3b-a0b3-43cfae32d9dc - - - - - -] Loaded extension: port-mac-address-regenerate
2026-07-22 22:40:13.381 1 INFO neutron.api.extensions [None req-c3abe088-c409-4f3b-a0b3-43cfae32d9dc - - - - - -] Loaded extension: port-numa-affinity-policy
2026-07-22 22:40:13.382 1 INFO neutron.api.extensions [None req-c3abe088-c409-4f3b-a0b3-43cfae32d9dc - - - - - -] Loaded extension: port-resource-request
2026-07-22 22:40:13.382 1 INFO neutron.api.extensions [None req-c3abe088-c409-4f3b-a0b3-43cfae32d9dc - - - - - -] Loaded extension: port-resource-request-groups
2026-07-22 22:40:13.383 1 INFO neutron.api.extensions [None req-c3abe088-c409-4f3b-a0b3-43cfae32d9dc - - - - - -] Loaded extension: binding
2026-07-22 22:40:13.384 1 INFO neutron.api.extensions [None req-c3abe088-c409-4f3b-a0b3-43cfae32d9dc - - - - - -] Loaded extension: binding-extended
2026-07-22 22:40:13.384 1 INFO neutron.api.extensions [None req-c3abe088-c409-4f3b-a0b3-43cfae32d9dc - - - - - -] Loaded extension: port-security
2026-07-22 22:40:13.385 1 INFO neutron.api.extensions [None req-c3abe088-c409-4f3b-a0b3-43cfae32d9dc - - - - - -] Loaded extension: project-id
2026-07-22 22:40:13.385 1 INFO neutron.api.extensions [None req-c3abe088-c409-4f3b-a0b3-43cfae32d9dc - - - - - -] Loaded extension: provider
2026-07-22 22:40:13.387 1 INFO neutron.api.extensions [None req-c3abe088-c409-4f3b-a0b3-43cfae32d9dc - - - - - -] Loaded extension: qos
2026-07-22 22:40:13.387 1 INFO neutron.api.extensions [None req-c3abe088-c409-4f3b-a0b3-43cfae32d9dc - - - - - -] Loaded extension: qos-bw-limit-direction
2026-07-22 22:40:13.388 1 INFO neutron.api.extensions [None req-c3abe088-c409-4f3b-a0b3-43cfae32d9dc - - - - - -] Loaded extension: qos-bw-minimum-ingress
2026-07-22 22:40:13.388 1 INFO neutron.api.extensions [None req-c3abe088-c409-4f3b-a0b3-43cfae32d9dc - - - - - -] Loaded extension: qos-default
2026-07-22 22:40:13.389 1 INFO neutron.api.extensions [None req-c3abe088-c409-4f3b-a0b3-43cfae32d9dc - - - - - -] Loaded extension: qos-fip
2026-07-22 22:40:13.389 1 INFO neutron.api.extensions [None req-c3abe088-c409-4f3b-a0b3-43cfae32d9dc - - - - - -] Extension qos-fip-network-policy not supported by any of loaded plugins
2026-07-22 22:40:13.390 1 INFO neutron.api.extensions [None req-c3abe088-c409-4f3b-a0b3-43cfae32d9dc - - - - - -] Loaded extension: qos-gateway-ip
2026-07-22 22:40:13.390 1 INFO neutron.api.extensions [None req-c3abe088-c409-4f3b-a0b3-43cfae32d9dc - - - - - -] Loaded extension: qos-port-network-policy
2026-07-22 22:40:13.391 1 INFO neutron.api.extensions [None req-c3abe088-c409-4f3b-a0b3-43cfae32d9dc - - - - - -] Loaded extension: qos-pps-minimum
2026-07-22 22:40:13.392 1 INFO neutron.api.extensions [None req-c3abe088-c409-4f3b-a0b3-43cfae32d9dc - - - - - -] Loaded extension: qos-pps-minimum-rule-alias
2026-07-22 22:40:13.393 1 INFO neutron.api.extensions [None req-c3abe088-c409-4f3b-a0b3-43cfae32d9dc - - - - - -] Loaded extension: qos-pps
2026-07-22 22:40:13.393 1 INFO neutron.api.extensions [None req-c3abe088-c409-4f3b-a0b3-43cfae32d9dc - - - - - -] Loaded extension: qos-rule-type-details
2026-07-22 22:40:13.394 1 INFO neutron.api.extensions [None req-c3abe088-c409-4f3b-a0b3-43cfae32d9dc - - - - - -] Loaded extension: qos-rule-type-filter
2026-07-22 22:40:13.395 1 INFO neutron.api.extensions [None req-c3abe088-c409-4f3b-a0b3-43cfae32d9dc - - - - - -] Loaded extension: qos-rules-alias
2026-07-22 22:40:13.395 1 INFO neutron.api.extensions [None req-c3abe088-c409-4f3b-a0b3-43cfae32d9dc - - - - - -] Loaded extension: quota-check-limit
2026-07-22 22:40:13.397 1 INFO neutron.api.extensions [None req-c3abe088-c409-4f3b-a0b3-43cfae32d9dc - - - - - -] Loaded extension: quotas
2026-07-22 22:40:13.400 1 INFO neutron.api.extensions [None req-c3abe088-c409-4f3b-a0b3-43cfae32d9dc - - - - - -] Loaded extension: quota_details
2026-07-22 22:40:13.401 1 INFO neutron.api.extensions [None req-c3abe088-c409-4f3b-a0b3-43cfae32d9dc - - - - - -] Loaded extension: rbac-policies
2026-07-22 22:40:13.401 1 INFO neutron.api.extensions [None req-c3abe088-c409-4f3b-a0b3-43cfae32d9dc - - - - - -] Loaded extension: rbac-address-group
2026-07-22 22:40:13.402 1 INFO neutron.api.extensions [None req-c3abe088-c409-4f3b-a0b3-43cfae32d9dc - - - - - -] Loaded extension: rbac-address-scope
2026-07-22 22:40:13.402 1 INFO neutron.api.extensions [None req-c3abe088-c409-4f3b-a0b3-43cfae32d9dc - - - - - -] Loaded extension: rbac-security-groups
2026-07-22 22:40:13.403 1 INFO neutron.api.extensions [None req-c3abe088-c409-4f3b-a0b3-43cfae32d9dc - - - - - -] Loaded extension: rbac-subnetpool
2026-07-22 22:40:13.403 1 INFO neutron.api.extensions [None req-c3abe088-c409-4f3b-a0b3-43cfae32d9dc - - - - - -] Loaded extension: revision-if-match
2026-07-22 22:40:13.404 1 INFO neutron.api.extensions [None req-c3abe088-c409-4f3b-a0b3-43cfae32d9dc - - - - - -] Loaded extension: standard-attr-revisions
2026-07-22 22:40:13.404 1 INFO neutron.api.extensions [None req-c3abe088-c409-4f3b-a0b3-43cfae32d9dc - - - - - -] Loaded extension: router_availability_zone
2026-07-22 22:40:13.405 1 INFO neutron.api.extensions [None req-c3abe088-c409-4f3b-a0b3-43cfae32d9dc - - - - - -] Extension router-service-type not supported by any of loaded plugins
2026-07-22 22:40:13.406 1 INFO neutron.api.extensions [None req-c3abe088-c409-4f3b-a0b3-43cfae32d9dc - - - - - -] Loaded extension: security-groups-default-rules
2026-07-22 22:40:13.407 1 INFO neutron.api.extensions [None req-c3abe088-c409-4f3b-a0b3-43cfae32d9dc - - - - - -] Loaded extension: security-groups-normalized-cidr
2026-07-22 22:40:13.407 1 INFO neutron.api.extensions [None req-c3abe088-c409-4f3b-a0b3-43cfae32d9dc - - - - - -] Loaded extension: port-security-groups-filtering
2026-07-22 22:40:13.408 1 INFO neutron.api.extensions [None req-c3abe088-c409-4f3b-a0b3-43cfae32d9dc - - - - - -] Loaded extension: security-groups-remote-address-group
2026-07-22 22:40:13.408 1 INFO neutron.api.extensions [None req-c3abe088-c409-4f3b-a0b3-43cfae32d9dc - - - - - -] Loaded extension: security-groups-shared-filtering
2026-07-22 22:40:13.414 1 INFO neutron.api.extensions [None req-c3abe088-c409-4f3b-a0b3-43cfae32d9dc - - - - - -] Loaded extension: security-group
2026-07-22 22:40:13.415 1 INFO neutron.api.extensions [None req-c3abe088-c409-4f3b-a0b3-43cfae32d9dc - - - - - -] Loaded extension: segment
2026-07-22 22:40:13.416 1 INFO neutron.api.extensions [None req-c3abe088-c409-4f3b-a0b3-43cfae32d9dc - - - - - -] Loaded extension: segments-peer-subnet-host-routes
2026-07-22 22:40:13.416 1 INFO neutron.api.extensions [None req-c3abe088-c409-4f3b-a0b3-43cfae32d9dc - - - - - -] Loaded extension: service-type
2026-07-22 22:40:13.417 1 INFO neutron.api.extensions [None req-c3abe088-c409-4f3b-a0b3-43cfae32d9dc - - - - - -] Loaded extension: sorting
2026-07-22 22:40:13.417 1 INFO neutron.api.extensions [None req-c3abe088-c409-4f3b-a0b3-43cfae32d9dc - - - - - -] Loaded extension: standard-attr-segment
2026-07-22 22:40:13.418 1 INFO neutron.api.extensions [None req-c3abe088-c409-4f3b-a0b3-43cfae32d9dc - - - - - -] Loaded extension: standard-attr-description
2026-07-22 22:40:13.418 1 INFO neutron.api.extensions [None req-c3abe088-c409-4f3b-a0b3-43cfae32d9dc - - - - - -] Loaded extension: stateful-security-group
2026-07-22 22:40:13.418 1 WARNING neutron.api.extensions [None req-c3abe088-c409-4f3b-a0b3-43cfae32d9dc - - - - - -] Did not find expected name "Stdattrs_common" in /var/lib/openstack/lib/python3.10/site-packages/neutron/extensions/stdattrs_common.py
2026-07-22 22:40:13.419 1 INFO neutron.api.extensions [None req-c3abe088-c409-4f3b-a0b3-43cfae32d9dc - - - - - -] Extension subnet-dns-publish-fixed-ip not supported by any of loaded plugins
2026-07-22 22:40:13.419 1 INFO neutron.api.extensions [None req-c3abe088-c409-4f3b-a0b3-43cfae32d9dc - - - - - -] Loaded extension: subnet_onboard
2026-07-22 22:40:13.420 1 INFO neutron.api.extensions [None req-c3abe088-c409-4f3b-a0b3-43cfae32d9dc - - - - - -] Loaded extension: subnet-segmentid-writable
2026-07-22 22:40:13.420 1 INFO neutron.api.extensions [None req-c3abe088-c409-4f3b-a0b3-43cfae32d9dc - - - - - -] Loaded extension: subnet-service-types
2026-07-22 22:40:13.421 1 INFO neutron.api.extensions [None req-c3abe088-c409-4f3b-a0b3-43cfae32d9dc - - - - - -] Loaded extension: subnet_allocation
2026-07-22 22:40:13.422 1 INFO neutron.api.extensions [None req-c3abe088-c409-4f3b-a0b3-43cfae32d9dc - - - - - -] Loaded extension: subnetpool-prefix-ops
2026-07-22 22:40:13.422 1 INFO neutron.api.extensions [None req-c3abe088-c409-4f3b-a0b3-43cfae32d9dc - - - - - -] Extension tag-ports-during-bulk-creation not supported by any of loaded plugins
2026-07-22 22:40:13.424 1 INFO neutron.api.extensions [None req-c3abe088-c409-4f3b-a0b3-43cfae32d9dc - - - - - -] Loaded extension: standard-attr-tag
2026-07-22 22:40:13.425 1 INFO neutron.api.extensions [None req-c3abe088-c409-4f3b-a0b3-43cfae32d9dc - - - - - -] Loaded extension: standard-attr-timestamp
2026-07-22 22:40:13.425 1 INFO neutron.api.extensions [None req-c3abe088-c409-4f3b-a0b3-43cfae32d9dc - - - - - -] Loaded extension: trunk
2026-07-22 22:40:13.426 1 INFO neutron.api.extensions [None req-c3abe088-c409-4f3b-a0b3-43cfae32d9dc - - - - - -] Loaded extension: trunk-details
2026-07-22 22:40:13.426 1 INFO neutron.api.extensions [None req-c3abe088-c409-4f3b-a0b3-43cfae32d9dc - - - - - -] Extension uplink-status-propagation not supported by any of loaded plugins
2026-07-22 22:40:13.427 1 INFO neutron.api.extensions [None req-c3abe088-c409-4f3b-a0b3-43cfae32d9dc - - - - - -] Extension vlan-transparent not supported by any of loaded plugins
2026-07-22 22:40:13.428 1 INFO neutron.api.extensions [None req-c3abe088-c409-4f3b-a0b3-43cfae32d9dc - - - - - -] Loaded extension: vpn-endpoint-groups
2026-07-22 22:40:13.428 1 INFO neutron.api.extensions [None req-c3abe088-c409-4f3b-a0b3-43cfae32d9dc - - - - - -] Loaded extension: vpn-flavors
2026-07-22 22:40:13.429 1 INFO neutron.api.extensions [None req-c3abe088-c409-4f3b-a0b3-43cfae32d9dc - - - - - -] Loaded extension: vpnaas
2026-07-22 22:40:13.432 1 INFO oslo_service.service [None req-c3abe088-c409-4f3b-a0b3-43cfae32d9dc - - - - - -] Starting 2 workers
2026-07-22 22:40:13.435 1 INFO oslo_service.service [None req-c3abe088-c409-4f3b-a0b3-43cfae32d9dc - - - - - -] Starting 1 workers
2026-07-22 22:40:48.104 9 INFO neutron.db.l3_hamode_db [None req-919c649c-c0c5-4462-8b92-398c36e7ccd8 - - - - - -] Number of active agents lower than max_l3_agents_per_router. L3 agents available: 1
2026-07-22 22:41:02.818 9 INFO neutron.plugins.ml2.plugin [None req-c2a298e6-5fb1-4fde-be21-93a87f893876 - - - - - -] Attempt 1 to provision port de4922b4-b734-4f89-bd3d-16d7e452a95b
2026-07-22 22:41:04.261 9 INFO neutron.plugins.ml2.plugin [None req-1106c4b6-33d8-4f79-b3ff-c6b2205b34da - - - - - -] Attempt 1 to provision port de4922b4-b734-4f89-bd3d-16d7e452a95b
2026-07-22 22:41:04.511 10 INFO neutron.plugins.ml2.plugin [None req-c2a298e6-5fb1-4fde-be21-93a87f893876 - - - - - -] Attempt 1 to provision port de4922b4-b734-4f89-bd3d-16d7e452a95b
2026-07-22 22:45:22.762 9 INFO neutron.plugins.ml2.plugin [None req-c2a298e6-5fb1-4fde-be21-93a87f893876 - - - - - -] Attempt 1 to provision port b7f8779e-cc82-40e5-a4b7-618fd78d9739
2026-07-22 22:45:23.448 9 INFO neutron.plugins.ml2.plugin [None req-a7de4735-980f-4365-bf7e-c7c66ccf7b96 - - - - - -] Attempt 1 to provision port b7f8779e-cc82-40e5-a4b7-618fd78d9739
2026-07-22 22:45:24.711 10 INFO neutron.plugins.ml2.plugin [None req-c2a298e6-5fb1-4fde-be21-93a87f893876 - - - - - -] Attempt 1 to provision port b7f8779e-cc82-40e5-a4b7-618fd78d9739
2026-07-22 22:45:30.976 10 INFO neutron.plugins.ml2.plugin [None req-02f5bb65-51dd-4eea-b045-8f1c2156064f - - - - - -] Attempt 1 to provision port 2de365bb-213c-4ee0-abf5-391e84b84595
2026-07-22 22:48:58.944 10 INFO neutron.plugins.ml2.plugin [None req-c2a298e6-5fb1-4fde-be21-93a87f893876 - - - - - -] Attempt 1 to provision port 2de365bb-213c-4ee0-abf5-391e84b84595
2026-07-22 22:49:00.870 9 INFO neutron.plugins.ml2.plugin [None req-c2a298e6-5fb1-4fde-be21-93a87f893876 - - - - - -] Attempt 1 to provision port 2de365bb-213c-4ee0-abf5-391e84b84595
2026-07-22 22:57:19.176 10 INFO neutron.plugins.ml2.plugin [None req-c2a298e6-5fb1-4fde-be21-93a87f893876 - - - - - -] Attempt 1 to provision port 74801234-a500-48c1-8a55-18fe6682b690
2026-07-22 22:57:21.153 9 INFO neutron.plugins.ml2.plugin [None req-c2a298e6-5fb1-4fde-be21-93a87f893876 - - - - - -] Attempt 1 to provision port 74801234-a500-48c1-8a55-18fe6682b690
2026-07-22 23:13:55.411 10 INFO neutron.plugins.ml2.plugin [None req-2e22655d-d0f8-4acd-83f2-8a3b7f90828b - - - - - -] Attempt 1 to provision port 7ab11606-dc32-44ed-acf0-5792b3dfb05a
2026-07-22 23:13:55.781 9 INFO neutron.plugins.ml2.plugin [None req-c2a298e6-5fb1-4fde-be21-93a87f893876 - - - - - -] Attempt 1 to provision port 826641c9-bf4b-4d42-ac5a-36a1dbe46928
2026-07-22 23:13:56.162 9 INFO neutron.plugins.ml2.plugin [None req-83aebd20-3b28-4ad0-93b2-e5254456b89c - - - - - -] Attempt 1 to provision port 826641c9-bf4b-4d42-ac5a-36a1dbe46928
2026-07-22 23:13:56.277 9 INFO neutron.plugins.ml2.plugin [None req-c2a298e6-5fb1-4fde-be21-93a87f893876 - - - - - -] Attempt 1 to provision port 0c61eaaf-5c8b-4108-8cf6-c2443bbf6bbd
2026-07-22 23:13:56.376 10 INFO neutron.plugins.ml2.plugin [None req-cb33e71a-2b89-4d97-89a5-1c2bd34b3a48 - - - - - -] Attempt 1 to provision port 0c61eaaf-5c8b-4108-8cf6-c2443bbf6bbd
2026-07-22 23:13:56.452 10 INFO neutron.plugins.ml2.plugin [None req-cb33e71a-2b89-4d97-89a5-1c2bd34b3a48 - - - - - -] Attempt 1 to provision port 3b78cab6-98e3-49c0-a091-9a2e0b11e5c1
2026-07-22 23:13:57.823 9 INFO neutron.plugins.ml2.plugin [None req-c2a298e6-5fb1-4fde-be21-93a87f893876 - - - - - -] Attempt 1 to provision port 826641c9-bf4b-4d42-ac5a-36a1dbe46928
2026-07-22 23:13:58.355 9 INFO neutron.plugins.ml2.plugin [None req-c2a298e6-5fb1-4fde-be21-93a87f893876 - - - - - -] Attempt 1 to provision port 0c61eaaf-5c8b-4108-8cf6-c2443bbf6bbd
2026-07-22 23:13:58.816 10 INFO neutron.plugins.ml2.plugin [None req-eca3e931-d6cb-4c8d-8984-2f349d87b0b2 - - - - - -] Attempt 1 to provision port 1b14b888-ca2a-4687-8b2a-a2ba5d15b38d
2026-07-22 23:13:59.558 10 INFO neutron.plugins.ml2.plugin [None req-69d10c5b-ae2f-4cab-b6c6-0ec3e2fec6e1 - - - - - -] Attempt 1 to provision port 26c9fb1c-e504-4a7f-9cb3-de4eb12545fa
2026-07-22 23:13:59.712 9 INFO neutron.plugins.ml2.plugin [None req-deea8d8c-cb32-4a20-a14b-edc776ab656c - - - - - -] Attempt 1 to provision port 1b14b888-ca2a-4687-8b2a-a2ba5d15b38d
2026-07-22 23:13:59.778 10 INFO neutron.plugins.ml2.plugin [None req-c2a298e6-5fb1-4fde-be21-93a87f893876 - - - - - -] Attempt 1 to provision port c4e527dc-12aa-4ded-a57f-12ed0ca07091
2026-07-22 23:13:59.860 9 INFO neutron.plugins.ml2.plugin [None req-62e63bbd-600f-409b-b733-c01d83f1deaf - - - - - -] Attempt 1 to provision port c4e527dc-12aa-4ded-a57f-12ed0ca07091
2026-07-22 23:14:00.547 9 INFO neutron.plugins.ml2.plugin [None req-12a7a54d-e437-49cb-b171-e8ddb63fb490 - - - - - -] Attempt 1 to provision port 991b5172-49fa-4304-b737-f76229553705
2026-07-22 23:14:01.110 9 INFO neutron.plugins.ml2.plugin [None req-012526b9-f6b6-47bb-ac08-af402224a2d6 - - - - - -] Attempt 1 to provision port 991b5172-49fa-4304-b737-f76229553705
2026-07-22 23:14:01.811 10 INFO neutron.plugins.ml2.plugin [None req-c2a298e6-5fb1-4fde-be21-93a87f893876 - - - - - -] Attempt 1 to provision port c4e527dc-12aa-4ded-a57f-12ed0ca07091
2026-07-22 23:14:02.169 10 INFO neutron.plugins.ml2.plugin [None req-4647f39c-dc18-4160-a207-5ee4a6565f08 - - - - - -] Attempt 1 to provision port f1555e1c-7a1c-4cc2-b01d-e97752e9ff4f
2026-07-22 23:14:02.747 10 INFO neutron.plugins.ml2.plugin [None req-39b9e7c4-6618-408a-be31-a528fcf91e21 - - - - - -] Attempt 1 to provision port f1555e1c-7a1c-4cc2-b01d-e97752e9ff4f
2026-07-22 23:14:08.009 9 INFO neutron.plugins.ml2.plugin [None req-c2a298e6-5fb1-4fde-be21-93a87f893876 - - - - - -] Attempt 1 to provision port a4899aab-84b9-45f0-8e65-512dac68c75b /var/lib/openstack/lib/python3.10/site-packages/oslo_db/sqlalchemy/enginefacade.py:667: SAWarning: DELETE statement on table 'portsecuritybindings' expected to delete 1 row(s); 0 were matched. Please set confirm_deleted_rows=False within the mapper configuration to prevent this warning. self.session.flush() /var/lib/openstack/lib/python3.10/site-packages/oslo_db/sqlalchemy/enginefacade.py:667: SAWarning: DELETE statement on table 'ml2_port_bindings' expected to delete 1 row(s); 0 were matched. Please set confirm_deleted_rows=False within the mapper configuration to prevent this warning. self.session.flush() /var/lib/openstack/lib/python3.10/site-packages/oslo_db/sqlalchemy/enginefacade.py:667: SAWarning: DELETE statement on table 'ml2_port_binding_levels' expected to delete 1 row(s); 0 were matched. Please set confirm_deleted_rows=False within the mapper configuration to prevent this warning. self.session.flush() /var/lib/openstack/lib/python3.10/site-packages/oslo_db/sqlalchemy/enginefacade.py:667: SAWarning: DELETE statement on table 'ports' expected to delete 1 row(s); 0 were matched. Please set confirm_deleted_rows=False within the mapper configuration to prevent this warning. self.session.flush()
2026-07-22 23:14:09.762 10 INFO neutron.plugins.ml2.plugin [None req-c2a298e6-5fb1-4fde-be21-93a87f893876 - - - - - -] Attempt 1 to provision port a4899aab-84b9-45f0-8e65-512dac68c75b
2026-07-22 23:14:12.792 9 INFO neutron.plugins.ml2.plugin [None req-f36fa547-34e4-4ea5-a7da-861796dcdee1 - - - - - -] Attempt 1 to provision port 64376043-ebb4-4aaf-8f67-a618c6efae10
2026-07-22 23:14:13.160 9 INFO neutron.plugins.ml2.plugin [None req-fb762d53-9f6c-4309-8160-c54581389142 - - - - - -] Attempt 1 to provision port adb29ac6-7d69-4a70-855c-9d13d536f04c
2026-07-22 23:14:13.819 10 INFO neutron.plugins.ml2.plugin [None req-c2a298e6-5fb1-4fde-be21-93a87f893876 - - - - - -] Attempt 1 to provision port 8922c1bd-1593-4c90-97ff-7f7db064d835
2026-07-22 23:14:14.147 10 INFO neutron.plugins.ml2.plugin [None req-90e0a2c1-4396-4c83-9f61-e257a1c5d02c - - - - - -] Attempt 1 to provision port 8922c1bd-1593-4c90-97ff-7f7db064d835
2026-07-22 23:14:15.805 10 INFO neutron.plugins.ml2.plugin [None req-c2a298e6-5fb1-4fde-be21-93a87f893876 - - - - - -] Attempt 1 to provision port 8922c1bd-1593-4c90-97ff-7f7db064d835
2026-07-22 23:14:16.262 10 INFO neutron.plugins.ml2.plugin [None req-5b319e33-0121-48d2-bfab-b752eeaa6c79 - - - - - -] Attempt 1 to provision port ae71efa5-5dd3-4c1e-928e-530da36da2a7
2026-07-22 23:14:17.228 10 INFO neutron.plugins.ml2.plugin [None req-366b731c-a948-4802-9fb5-63dad8e9fefa - - - - - -] Attempt 1 to provision port ae71efa5-5dd3-4c1e-928e-530da36da2a7
2026-07-22 23:14:17.788 9 INFO neutron.plugins.ml2.plugin [None req-c2a298e6-5fb1-4fde-be21-93a87f893876 - - - - - -] Attempt 1 to provision port fe3c5efd-d902-4fe8-bc35-185ac72dfd2b
2026-07-22 23:14:19.866 9 INFO neutron.plugins.ml2.plugin [None req-c2a298e6-5fb1-4fde-be21-93a87f893876 - - - - - -] Attempt 1 to provision port fe3c5efd-d902-4fe8-bc35-185ac72dfd2b
2026-07-22 23:14:20.266 9 INFO neutron.plugins.ml2.plugin [None req-c2a298e6-5fb1-4fde-be21-93a87f893876 - - - - - -] Attempt 1 to provision port 64376043-ebb4-4aaf-8f67-a618c6efae10
2026-07-22 23:14:20.974 9 INFO neutron.notifiers.nova [-] Nova event matching ['req-e282a44b-68b3-4bcf-a0fb-9c5cf77454d8'] response: {'server_uuid': '77d4b93a-e397-4277-bcf5-11ea13ca6be9', 'name': 'network-vif-plugged', 'status': 'completed', 'tag': '64376043-ebb4-4aaf-8f67-a618c6efae10', 'code': 200}
2026-07-22 23:14:21.786 10 INFO neutron.plugins.ml2.plugin [None req-c2a298e6-5fb1-4fde-be21-93a87f893876 - - - - - -] Attempt 1 to provision port 64376043-ebb4-4aaf-8f67-a618c6efae10
2026-07-22 23:14:22.555 9 INFO neutron.plugins.ml2.plugin [None req-dbf15c12-ccd8-46dd-8042-3f2666df5c9a - - - - - -] Attempt 1 to provision port d821c3e5-3035-48dd-934d-89cc9e0741d1
2026-07-22 23:14:25.888 9 INFO neutron.plugins.ml2.plugin [None req-c2a298e6-5fb1-4fde-be21-93a87f893876 - - - - - -] Attempt 1 to provision port d821c3e5-3035-48dd-934d-89cc9e0741d1
2026-07-22 23:14:26.065 9 INFO neutron.notifiers.nova [-] Nova event matching ['req-b85c52f2-abd2-41cd-a02d-1c55a437e1c6'] response: {'server_uuid': 'd03e8cba-9af4-477b-aeb4-6153735d29c9', 'name': 'network-vif-plugged', 'status': 'completed', 'tag': 'd821c3e5-3035-48dd-934d-89cc9e0741d1', 'code': 200}
2026-07-22 23:14:27.854 10 INFO neutron.plugins.ml2.plugin [None req-c2a298e6-5fb1-4fde-be21-93a87f893876 - - - - - -] Attempt 1 to provision port d821c3e5-3035-48dd-934d-89cc9e0741d1
2026-07-22 23:14:37.256 9 INFO neutron.plugins.ml2.plugin [None req-9216b186-fd22-496b-b972-2f6affd28473 - - - - - -] Attempt 1 to provision port 479b2f64-1bcd-4c5a-80d9-5efab1d0abd0
2026-07-22 23:14:37.814 9 INFO neutron.plugins.ml2.plugin [None req-c2a298e6-5fb1-4fde-be21-93a87f893876 - - - - - -] Attempt 1 to provision port 27cdfef6-c73b-4eb8-b894-eba26aaf4857
2026-07-22 23:14:38.207 9 INFO neutron.plugins.ml2.plugin [None req-000a033e-23e2-4ac1-a47c-85a86f6beb45 - - - - - -] Attempt 1 to provision port 27cdfef6-c73b-4eb8-b894-eba26aaf4857
2026-07-22 23:14:39.688 9 INFO neutron.plugins.ml2.plugin [None req-97ef155f-d5c2-41c7-9b6a-3e56ac2a5320 - - - - - -] Attempt 1 to provision port c4f4f9b7-09ad-4414-b0a2-683dfd5a1a77
2026-07-22 23:14:39.847 10 INFO neutron.plugins.ml2.plugin [None req-c2a298e6-5fb1-4fde-be21-93a87f893876 - - - - - -] Attempt 1 to provision port 27cdfef6-c73b-4eb8-b894-eba26aaf4857
2026-07-22 23:14:40.483 10 INFO neutron.plugins.ml2.plugin [None req-419de1a4-bd95-4b05-b702-e027b2bc470c - - - - - -] Attempt 1 to provision port c4f4f9b7-09ad-4414-b0a2-683dfd5a1a77
2026-07-22 23:14:41.944 10 INFO neutron.plugins.ml2.plugin [None req-c2a298e6-5fb1-4fde-be21-93a87f893876 - - - - - -] Attempt 1 to provision port f32d6ce4-0603-4194-8158-de749e747cf1
2026-07-22 23:14:42.677 10 INFO neutron.plugins.ml2.plugin [None req-c2a298e6-5fb1-4fde-be21-93a87f893876 - - - - - -] Attempt 1 to provision port ae71efa5-5dd3-4c1e-928e-530da36da2a7
2026-07-22 23:14:43.052 10 INFO neutron.plugins.ml2.plugin [None req-c2a298e6-5fb1-4fde-be21-93a87f893876 - - - - - -] Attempt 1 to provision port adb29ac6-7d69-4a70-855c-9d13d536f04c
2026-07-22 23:14:43.843 9 INFO neutron.plugins.ml2.plugin [None req-c2a298e6-5fb1-4fde-be21-93a87f893876 - - - - - -] Attempt 1 to provision port f32d6ce4-0603-4194-8158-de749e747cf1
2026-07-22 23:14:44.091 9 INFO neutron.plugins.ml2.plugin [None req-c2a298e6-5fb1-4fde-be21-93a87f893876 - - - - - -] Attempt 1 to provision port ae71efa5-5dd3-4c1e-928e-530da36da2a7
2026-07-22 23:14:44.399 9 INFO neutron.plugins.ml2.plugin [None req-79c472dc-3b29-4aba-b55e-ed5eb406a961 - - - - - -] Attempt 1 to provision port d821c3e5-3035-48dd-934d-89cc9e0741d1
2026-07-22 23:14:44.449 9 INFO neutron.plugins.ml2.plugin [None req-c2a298e6-5fb1-4fde-be21-93a87f893876 - - - - - -] Attempt 1 to provision port adb29ac6-7d69-4a70-855c-9d13d536f04c
2026-07-22 23:14:45.936 10 INFO neutron.plugins.ml2.plugin [None req-c2a298e6-5fb1-4fde-be21-93a87f893876 - - - - - -] Attempt 1 to provision port d821c3e5-3035-48dd-934d-89cc9e0741d1
2026-07-22 23:14:46.618 9 INFO neutron.plugins.ml2.plugin [None req-e2bb7ebe-e917-4bfa-aa24-d66ab19eab02 - - - - - -] Attempt 1 to provision port d821c3e5-3035-48dd-934d-89cc9e0741d1
2026-07-22 23:14:47.387 10 INFO neutron.plugins.ml2.plugin [None req-e2c5722c-8ccd-487f-bb41-e7e9e087a5df - - - - - -] Attempt 1 to provision port 0814133a-81e3-4170-bdf4-e0d0caf9c366
2026-07-22 23:14:47.837 9 INFO neutron.plugins.ml2.plugin [None req-c2a298e6-5fb1-4fde-be21-93a87f893876 - - - - - -] Attempt 1 to provision port d821c3e5-3035-48dd-934d-89cc9e0741d1
2026-07-22 23:14:48.134 9 INFO neutron.plugins.ml2.plugin [None req-09b500d2-d545-424a-9dfa-2bef9f1eb99c - - - - - -] Attempt 1 to provision port 85b4b1e9-0a99-4264-a0f5-90ea9ff45d36
2026-07-22 23:14:49.847 9 INFO neutron.plugins.ml2.plugin [None req-c2a298e6-5fb1-4fde-be21-93a87f893876 - - - - - -] Attempt 1 to provision port 0814133a-81e3-4170-bdf4-e0d0caf9c366
2026-07-22 23:14:49.950 9 INFO neutron.notifiers.nova [-] Nova event matching ['req-87aec63c-d95b-4ab9-b039-01aa7f4ec932'] response: {'server_uuid': '64111201-64fa-4c04-9e61-f9a5603cad06', 'name': 'network-vif-plugged', 'status': 'completed', 'tag': '0814133a-81e3-4170-bdf4-e0d0caf9c366', 'code': 200}
2026-07-22 23:14:51.853 9 INFO neutron.plugins.ml2.plugin [None req-c2a298e6-5fb1-4fde-be21-93a87f893876 - - - - - -] Attempt 1 to provision port 0814133a-81e3-4170-bdf4-e0d0caf9c366
2026-07-22 23:14:54.519 10 INFO neutron.notifiers.nova [-] Nova event matching ['req-ad62fd3c-c2b5-4f0a-9ddf-73e22a2ab098'] response: {'server_uuid': '64111201-64fa-4c04-9e61-f9a5603cad06', 'name': 'network-vif-unplugged', 'status': 'completed', 'tag': '0814133a-81e3-4170-bdf4-e0d0caf9c366', 'code': 200}
2026-07-22 23:15:02.824 9 INFO neutron.plugins.ml2.plugin [None req-4d93ba47-4537-408a-ac75-20001f8952b1 - - - - - -] Attempt 1 to provision port dc9f19a3-961d-4c8c-9a26-8756bbb45670
2026-07-22 23:15:03.600 10 INFO neutron.plugins.ml2.plugin [None req-4ccec064-cd9e-4108-8541-4ae3e134dd08 - - - - - -] Attempt 1 to provision port 7a6765b9-2bd0-46c7-a327-406b3c04ccf7
2026-07-22 23:15:03.823 9 INFO neutron.plugins.ml2.plugin [None req-c2a298e6-5fb1-4fde-be21-93a87f893876 - - - - - -] Attempt 1 to provision port 7a6765b9-2bd0-46c7-a327-406b3c04ccf7
2026-07-22 23:15:05.356 10 INFO neutron.plugins.ml2.plugin [None req-f0ef894d-7597-45c3-9c7d-56d7ebc64d8d - - - - - -] Attempt 1 to provision port cf273c2e-c62b-452d-8d2f-a80da057be94
2026-07-22 23:15:05.953 10 INFO neutron.plugins.ml2.plugin [None req-c2a298e6-5fb1-4fde-be21-93a87f893876 - - - - - -] Attempt 1 to provision port 7a6765b9-2bd0-46c7-a327-406b3c04ccf7
2026-07-22 23:15:05.955 10 INFO neutron.plugins.ml2.plugin [None req-28e8329a-6953-412c-9c7d-143e5a43244c - - - - - -] Attempt 1 to provision port 2433fb7d-828a-42a9-98cb-a81ab126f3bc
2026-07-22 23:15:06.234 9 INFO neutron.plugins.ml2.plugin [None req-912df9f5-f0b6-474d-bd0f-391c35c9c955 - - - - - -] Attempt 1 to provision port c8dddd19-797e-4eb2-8f43-31655dc8e210
2026-07-22 23:15:06.294 10 INFO neutron.plugins.ml2.plugin [None req-c2a298e6-5fb1-4fde-be21-93a87f893876 - - - - - -] Attempt 1 to provision port cf273c2e-c62b-452d-8d2f-a80da057be94
2026-07-22 23:15:06.606 9 INFO neutron.plugins.ml2.plugin [None req-6de0629e-3230-4ed4-8e53-02343658f921 - - - - - -] Attempt 1 to provision port 2433fb7d-828a-42a9-98cb-a81ab126f3bc
2026-07-22 23:15:07.825 9 INFO neutron.plugins.ml2.plugin [None req-c2a298e6-5fb1-4fde-be21-93a87f893876 - - - - - -] Attempt 1 to provision port 021a3b00-b66e-4a1b-984b-47c35ae590ad
2026-07-22 23:15:08.929 10 INFO neutron.plugins.ml2.plugin [None req-12718498-57ff-41ce-970c-e08c8b5b69e3 - - - - - -] Attempt 1 to provision port 699a88ed-3ef3-447c-8ec8-43a1fabbeadf
2026-07-22 23:15:10.001 10 INFO neutron.plugins.ml2.plugin [None req-c2a298e6-5fb1-4fde-be21-93a87f893876 - - - - - -] Attempt 1 to provision port d802bd08-09cb-485c-a823-1d16d0e1d323
2026-07-22 23:15:10.321 9 INFO neutron.plugins.ml2.plugin [None req-26e9d75b-b7b0-4e2d-9373-05a0367e01b5 - - - - - -] Attempt 1 to provision port 699a88ed-3ef3-447c-8ec8-43a1fabbeadf
2026-07-22 23:15:10.591 10 INFO neutron.plugins.ml2.plugin [None req-c2a298e6-5fb1-4fde-be21-93a87f893876 - - - - - -] Attempt 1 to provision port 021a3b00-b66e-4a1b-984b-47c35ae590ad
2026-07-22 23:15:10.695 10 INFO neutron.plugins.ml2.plugin [None req-ae7d550e-5042-47f6-96ca-a0a18e350e28 - - - - - -] Attempt 1 to provision port c4efa8da-4f1d-4afa-bbff-8ab4d55658ab
2026-07-22 23:15:11.150 10 INFO neutron.plugins.ml2.plugin [None req-c2a298e6-5fb1-4fde-be21-93a87f893876 - - - - - -] Attempt 1 to provision port e83e6a38-b459-41c8-b0ba-60be3c1be884
2026-07-22 23:15:11.406 10 INFO neutron.plugins.ml2.plugin [None req-460715d0-be62-4dcb-b17a-ff8505d9aa7e - - - - - -] Attempt 1 to provision port e83e6a38-b459-41c8-b0ba-60be3c1be884
2026-07-22 23:15:12.127 9 INFO neutron.plugins.ml2.plugin [None req-c2a298e6-5fb1-4fde-be21-93a87f893876 - - - - - -] Attempt 1 to provision port d802bd08-09cb-485c-a823-1d16d0e1d323
2026-07-22 23:15:12.588 9 INFO neutron.plugins.ml2.plugin [None req-c2a298e6-5fb1-4fde-be21-93a87f893876 - - - - - -] Attempt 1 to provision port e83e6a38-b459-41c8-b0ba-60be3c1be884
2026-07-22 23:15:13.099 9 INFO neutron.plugins.ml2.plugin [None req-8b838ce4-6085-4169-a7d2-6bcf594d52e6 - - - - - -] Attempt 1 to provision port 3adb2911-6141-42d3-9f53-66c799625c14
2026-07-22 23:15:13.850 9 INFO neutron.plugins.ml2.plugin [None req-45dafa45-2530-4d34-afa9-d06441039d63 - - - - - -] Attempt 1 to provision port 3adb2911-6141-42d3-9f53-66c799625c14
2026-07-22 23:15:14.131 10 INFO neutron.plugins.ml2.plugin [None req-c2a298e6-5fb1-4fde-be21-93a87f893876 - - - - - -] Attempt 1 to provision port 639601d1-713e-471d-a6d6-31641148fce8
2026-07-22 23:15:14.502 10 INFO neutron.plugins.ml2.plugin [None req-a6882d12-79ae-40b0-86b2-45a6a4453281 - - - - - -] Attempt 1 to provision port de9e2eda-39ee-4bd7-ae73-14d3f6c12c6f
2026-07-22 23:15:15.665 10 INFO neutron.plugins.ml2.plugin [None req-9460547d-e93e-46cf-b0c1-f701bd71d33c - - - - - -] Attempt 1 to provision port cb85ad57-15f7-4568-9d68-90a79b2d4180
2026-07-22 23:15:16.126 10 INFO neutron.plugins.ml2.plugin [None req-c2a298e6-5fb1-4fde-be21-93a87f893876 - - - - - -] Attempt 1 to provision port 639601d1-713e-471d-a6d6-31641148fce8
2026-07-22 23:15:18.571 10 INFO neutron.plugins.ml2.plugin [None req-c2a298e6-5fb1-4fde-be21-93a87f893876 - - - - - -] Attempt 1 to provision port de9e2eda-39ee-4bd7-ae73-14d3f6c12c6f
2026-07-22 23:15:18.702 10 INFO neutron.notifiers.nova [-] Nova event matching ['req-aa122e1a-6101-49cb-a7c3-26011509d5b5'] response: {'server_uuid': '489896ea-4c53-41c0-b70d-3e71ca0a247f', 'name': 'network-vif-plugged', 'status': 'completed', 'tag': 'de9e2eda-39ee-4bd7-ae73-14d3f6c12c6f', 'code': 200}
2026-07-22 23:15:19.100 10 INFO neutron.plugins.ml2.plugin [None req-c2a298e6-5fb1-4fde-be21-93a87f893876 - - - - - -] Attempt 1 to provision port cb85ad57-15f7-4568-9d68-90a79b2d4180
2026-07-22 23:15:20.159 10 INFO neutron.plugins.ml2.plugin [None req-c2a298e6-5fb1-4fde-be21-93a87f893876 - - - - - -] Attempt 1 to provision port de9e2eda-39ee-4bd7-ae73-14d3f6c12c6f
2026-07-22 23:15:20.360 9 INFO neutron.plugins.ml2.plugin [None req-50ae9679-78f4-4158-90cd-c7a221398ee5 - - - - - -] Attempt 1 to provision port fbaabee7-3022-4ec5-8c28-38b2511a34f0
2026-07-22 23:15:20.486 10 INFO neutron.plugins.ml2.plugin [None req-c2a298e6-5fb1-4fde-be21-93a87f893876 - - - - - -] Attempt 1 to provision port cb85ad57-15f7-4568-9d68-90a79b2d4180
2026-07-22 23:15:20.759 10 INFO neutron.notifiers.nova [-] Nova event matching ['req-85686c4e-b81f-4ee2-bd68-c0668b9902db'] response: {'server_uuid': '65e9e24d-5003-460a-8cc6-4e8afd969c22', 'name': 'network-vif-plugged', 'status': 'completed', 'tag': 'cb85ad57-15f7-4568-9d68-90a79b2d4180', 'code': 200}
2026-07-22 23:15:24.199 9 INFO neutron.plugins.ml2.plugin [None req-c2a298e6-5fb1-4fde-be21-93a87f893876 - - - - - -] Attempt 1 to provision port 2433fb7d-828a-42a9-98cb-a81ab126f3bc
2026-07-22 23:15:24.621 9 INFO neutron.plugins.ml2.plugin [None req-c2a298e6-5fb1-4fde-be21-93a87f893876 - - - - - -] Attempt 1 to provision port fbaabee7-3022-4ec5-8c28-38b2511a34f0
