Jun 04 10:15:49.069053 np0000178529 systemd[1]: Starting devstack@n-api-meta.service - Devstack devstack@n-api-meta.service...
Jun 04 10:15:49.075526 np0000178529 devstack@n-api-meta.service[108334]: [uWSGI] getting INI configuration from /etc/nova/nova-metadata-uwsgi.ini
Jun 04 10:15:49.079195 np0000178529 devstack@n-api-meta.service[108334]: *** Starting uWSGI 2.0.24-debian (64bit) on [Thu Jun 4 10:15:49 2026] ***
Jun 04 10:15:49.079195 np0000178529 devstack@n-api-meta.service[108334]: compiled with version: 13.2.0 on 17 April 2024 16:23:48
Jun 04 10:15:49.079195 np0000178529 devstack@n-api-meta.service[108334]: os: Linux-6.8.0-124-generic #124-Ubuntu SMP PREEMPT_DYNAMIC Tue May 26 13:00:45 UTC 2026
Jun 04 10:15:49.079195 np0000178529 devstack@n-api-meta.service[108334]: nodename: np0000178529
Jun 04 10:15:49.079195 np0000178529 devstack@n-api-meta.service[108334]: machine: x86_64
Jun 04 10:15:49.079195 np0000178529 devstack@n-api-meta.service[108334]: clock source: unix
Jun 04 10:15:49.079195 np0000178529 devstack@n-api-meta.service[108334]: pcre jit disabled
Jun 04 10:15:49.079195 np0000178529 devstack@n-api-meta.service[108334]: detected number of CPU cores: 16
Jun 04 10:15:49.079195 np0000178529 devstack@n-api-meta.service[108334]: current working directory: /
Jun 04 10:15:49.079195 np0000178529 devstack@n-api-meta.service[108334]: detected binary path: /usr/bin/uwsgi-core
Jun 04 10:15:49.079195 np0000178529 devstack@n-api-meta.service[108334]: your processes number limit is 256917
Jun 04 10:15:49.079195 np0000178529 devstack@n-api-meta.service[108334]: your memory page size is 4096 bytes
Jun 04 10:15:49.079195 np0000178529 devstack@n-api-meta.service[108334]: detected max file descriptor number: 2048
Jun 04 10:15:49.079195 np0000178529 devstack@n-api-meta.service[108334]: lock engine: pthread robust mutexes
Jun 04 10:15:49.080046 np0000178529 devstack@n-api-meta.service[108334]: thunder lock: enabled
Jun 04 10:15:49.080046 np0000178529 devstack@n-api-meta.service[108334]: uWSGI http bound on 0.0.0.0:8775 fd 5
Jun 04 10:15:49.080046 np0000178529 devstack@n-api-meta.service[108334]: uwsgi socket 0 bound to TCP address 127.0.0.1:43465 (port auto-assigned) fd 4
Jun 04 10:15:49.080046 np0000178529 devstack@n-api-meta.service[108334]: Python version: 3.12.3 (main, Mar 23 2026, 19:04:32) [GCC 13.3.0]
Jun 04 10:15:49.080046 np0000178529 devstack@n-api-meta.service[108334]: PEP 405 virtualenv detected: /opt/stack/data/venv
Jun 04 10:15:49.080046 np0000178529 devstack@n-api-meta.service[108334]: Set PythonHome to /opt/stack/data/venv
Jun 04 10:15:49.120787 np0000178529 devstack@n-api-meta.service[108334]: Python main interpreter initialized at 0x7e86df0a3668
Jun 04 10:15:49.120787 np0000178529 devstack@n-api-meta.service[108334]: python threads support enabled
Jun 04 10:15:49.120787 np0000178529 devstack@n-api-meta.service[108334]: your server socket listen backlog is limited to 100 connections
Jun 04 10:15:49.120787 np0000178529 devstack@n-api-meta.service[108334]: your mercy for graceful operations on workers is 80 seconds
Jun 04 10:15:49.121309 np0000178529 devstack@n-api-meta.service[108334]: mapped 671795 bytes (656 KB) for 4 cores
Jun 04 10:15:49.121556 np0000178529 devstack@n-api-meta.service[108334]: *** Operational MODE: preforking ***
Jun 04 10:15:49.121731 np0000178529 devstack@n-api-meta.service[108334]: *** uWSGI is running in multiple interpreter mode ***
Jun 04 10:15:49.121731 np0000178529 devstack@n-api-meta.service[108334]: spawned uWSGI master process (pid: 108334)
Jun 04 10:15:49.121903 np0000178529 systemd[1]: Started devstack@n-api-meta.service - Devstack devstack@n-api-meta.service.
Jun 04 10:15:49.122407 np0000178529 devstack@n-api-meta.service[108334]: spawned uWSGI worker 1 (pid: 108335, cores: 1)
Jun 04 10:15:49.122911 np0000178529 devstack@n-api-meta.service[108334]: spawned uWSGI worker 2 (pid: 108336, cores: 1)
Jun 04 10:15:49.123565 np0000178529 devstack@n-api-meta.service[108334]: spawned uWSGI worker 3 (pid: 108337, cores: 1)
Jun 04 10:15:49.123997 np0000178529 devstack@n-api-meta.service[108334]: spawned uWSGI worker 4 (pid: 108338, cores: 1)
Jun 04 10:15:49.124468 np0000178529 devstack@n-api-meta.service[108334]: spawned uWSGI http 1 (pid: 108339)
Jun 04 10:15:49.124468 np0000178529 devstack@n-api-meta.service[108334]: running "unix_signal:15 gracefully_kill_them_all" (master-start)...
Jun 04 10:15:51.198891 np0000178529 devstack@n-api-meta.service[108337]: INFO dbcounter [None req-fdd74697-3a6e-4913-b10b-7c7887730f0a None None] Registered counter for database nova_api
Jun 04 10:15:51.255255 np0000178529 devstack@n-api-meta.service[108337]: DEBUG oslo_db.sqlalchemy.engines [None req-fdd74697-3a6e-4913-b10b-7c7887730f0a None None] MySQL server mode set to STRICT_TRANS_TABLES,STRICT_ALL_TABLES,NO_ZERO_IN_DATE,NO_ZERO_DATE,ERROR_FOR_DIVISION_BY_ZERO,TRADITIONAL,NO_ENGINE_SUBSTITUTION {{(pid=108337) _check_effective_sql_mode /opt/stack/data/venv/lib/python3.12/site-packages/oslo_db/sqlalchemy/engines.py:325}}
Jun 04 10:15:51.292701 np0000178529 devstack@n-api-meta.service[108336]: INFO dbcounter [None req-beb1b16b-6481-43d6-a279-d7b4854b2384 None None] Registered counter for database nova_api
Jun 04 10:15:51.293909 np0000178529 devstack@n-api-meta.service[108337]: DEBUG dbcounter [-] [108337] Writer thread running {{(pid=108337) stat_writer /opt/stack/data/venv/lib/python3.12/site-packages/dbcounter.py:102}}
Jun 04 10:15:51.296981 np0000178529 devstack@n-api-meta.service[108337]: DEBUG nova.context [None req-fdd74697-3a6e-4913-b10b-7c7887730f0a None None] Found 2 cells: 00000000-0000-0000-0000-000000000000(cell0),cf0a5e6f-0be2-4a1e-a03f-005f3bff7c5e(cell1) {{(pid=108337) load_cells /opt/stack/nova/nova/context.py:509}}
Jun 04 10:15:51.297257 np0000178529 devstack@n-api-meta.service[108337]: INFO nova.utils [None req-fdd74697-3a6e-4913-b10b-7c7887730f0a None None] The cell worker thread pool MainProcess.cell_worker is initialized
Jun 04 10:15:51.299259 np0000178529 devstack@n-api-meta.service[108337]: DEBUG oslo_concurrency.lockutils [None req-fdd74697-3a6e-4913-b10b-7c7887730f0a None None] Acquiring lock "00000000-0000-0000-0000-000000000000" by "nova.context.set_target_cell..get_or_set_cached_cell_and_set_connections" {{(pid=108337) inner /opt/stack/data/venv/lib/python3.12/site-packages/oslo_concurrency/lockutils.py:511}}
Jun 04 10:15:51.299431 np0000178529 devstack@n-api-meta.service[108337]: DEBUG oslo_concurrency.lockutils [None req-fdd74697-3a6e-4913-b10b-7c7887730f0a None None] Lock "00000000-0000-0000-0000-000000000000" acquired by "nova.context.set_target_cell..get_or_set_cached_cell_and_set_connections" :: waited 0.000s {{(pid=108337) inner /opt/stack/data/venv/lib/python3.12/site-packages/oslo_concurrency/lockutils.py:524}}
Jun 04 10:15:51.299834 np0000178529 devstack@n-api-meta.service[108337]: DEBUG oslo_concurrency.lockutils [None req-fdd74697-3a6e-4913-b10b-7c7887730f0a None None] Lock "00000000-0000-0000-0000-000000000000" "released" by "nova.context.set_target_cell..get_or_set_cached_cell_and_set_connections" :: held 0.000s {{(pid=108337) inner /opt/stack/data/venv/lib/python3.12/site-packages/oslo_concurrency/lockutils.py:543}}
Jun 04 10:15:51.300792 np0000178529 devstack@n-api-meta.service[108337]: DEBUG oslo_concurrency.lockutils [None req-fdd74697-3a6e-4913-b10b-7c7887730f0a None None] Acquiring lock "cf0a5e6f-0be2-4a1e-a03f-005f3bff7c5e" by "nova.context.set_target_cell..get_or_set_cached_cell_and_set_connections" {{(pid=108337) inner /opt/stack/data/venv/lib/python3.12/site-packages/oslo_concurrency/lockutils.py:511}}
Jun 04 10:15:51.300964 np0000178529 devstack@n-api-meta.service[108337]: DEBUG oslo_concurrency.lockutils [None req-fdd74697-3a6e-4913-b10b-7c7887730f0a None None] Lock "cf0a5e6f-0be2-4a1e-a03f-005f3bff7c5e" acquired by "nova.context.set_target_cell..get_or_set_cached_cell_and_set_connections" :: waited 0.000s {{(pid=108337) inner /opt/stack/data/venv/lib/python3.12/site-packages/oslo_concurrency/lockutils.py:524}}
Jun 04 10:15:51.302203 np0000178529 devstack@n-api-meta.service[108337]: DEBUG oslo_concurrency.lockutils [None req-fdd74697-3a6e-4913-b10b-7c7887730f0a None None] Lock "cf0a5e6f-0be2-4a1e-a03f-005f3bff7c5e" "released" by "nova.context.set_target_cell..get_or_set_cached_cell_and_set_connections" :: held 0.001s {{(pid=108337) inner /opt/stack/data/venv/lib/python3.12/site-packages/oslo_concurrency/lockutils.py:543}}
Jun 04 10:15:51.306044 np0000178529 devstack@n-api-meta.service[108337]: INFO dbcounter [None req-fdd74697-3a6e-4913-b10b-7c7887730f0a None None] Registered counter for database nova_cell0
Jun 04 10:15:51.312353 np0000178529 devstack@n-api-meta.service[108337]: INFO dbcounter [None req-fdd74697-3a6e-4913-b10b-7c7887730f0a None None] Registered counter for database nova_cell1
Jun 04 10:15:51.318865 np0000178529 devstack@n-api-meta.service[108338]: INFO dbcounter [None req-5ed0d9d4-03cb-4151-92e6-e421c68b98a9 None None] Registered counter for database nova_api
Jun 04 10:15:51.329995 np0000178529 devstack@n-api-meta.service[108335]: INFO dbcounter [None req-b11fe09b-eb9e-472f-97dd-cee9ae8b272f None None] Registered counter for database nova_api
Jun 04 10:15:51.375576 np0000178529 devstack@n-api-meta.service[108338]: DEBUG oslo_db.sqlalchemy.engines [None req-5ed0d9d4-03cb-4151-92e6-e421c68b98a9 None None] MySQL server mode set to STRICT_TRANS_TABLES,STRICT_ALL_TABLES,NO_ZERO_IN_DATE,NO_ZERO_DATE,ERROR_FOR_DIVISION_BY_ZERO,TRADITIONAL,NO_ENGINE_SUBSTITUTION {{(pid=108338) _check_effective_sql_mode /opt/stack/data/venv/lib/python3.12/site-packages/oslo_db/sqlalchemy/engines.py:325}}
Jun 04 10:15:51.388134 np0000178529 devstack@n-api-meta.service[108335]: DEBUG oslo_db.sqlalchemy.engines [None req-b11fe09b-eb9e-472f-97dd-cee9ae8b272f None None] MySQL server mode set to STRICT_TRANS_TABLES,STRICT_ALL_TABLES,NO_ZERO_IN_DATE,NO_ZERO_DATE,ERROR_FOR_DIVISION_BY_ZERO,TRADITIONAL,NO_ENGINE_SUBSTITUTION {{(pid=108335) _check_effective_sql_mode /opt/stack/data/venv/lib/python3.12/site-packages/oslo_db/sqlalchemy/engines.py:325}}
Jun 04 10:15:51.396490 np0000178529 devstack@n-api-meta.service[108336]: DEBUG oslo_db.sqlalchemy.engines [None req-beb1b16b-6481-43d6-a279-d7b4854b2384 None None] MySQL server mode set to STRICT_TRANS_TABLES,STRICT_ALL_TABLES,NO_ZERO_IN_DATE,NO_ZERO_DATE,ERROR_FOR_DIVISION_BY_ZERO,TRADITIONAL,NO_ENGINE_SUBSTITUTION {{(pid=108336) _check_effective_sql_mode /opt/stack/data/venv/lib/python3.12/site-packages/oslo_db/sqlalchemy/engines.py:325}}
Jun 04 10:15:51.410075 np0000178529 devstack@n-api-meta.service[108337]: DEBUG oslo_db.sqlalchemy.engines [None req-fdd74697-3a6e-4913-b10b-7c7887730f0a None None] MySQL server mode set to STRICT_TRANS_TABLES,STRICT_ALL_TABLES,NO_ZERO_IN_DATE,NO_ZERO_DATE,ERROR_FOR_DIVISION_BY_ZERO,TRADITIONAL,NO_ENGINE_SUBSTITUTION {{(pid=108337) _check_effective_sql_mode /opt/stack/data/venv/lib/python3.12/site-packages/oslo_db/sqlalchemy/engines.py:325}}
Jun 04 10:15:51.411646 np0000178529 devstack@n-api-meta.service[108338]: DEBUG dbcounter [-] [108338] Writer thread running {{(pid=108338) stat_writer /opt/stack/data/venv/lib/python3.12/site-packages/dbcounter.py:102}}
Jun 04 10:15:51.416448 np0000178529 devstack@n-api-meta.service[108338]: DEBUG nova.context [None req-5ed0d9d4-03cb-4151-92e6-e421c68b98a9 None None] Found 2 cells: 00000000-0000-0000-0000-000000000000(cell0),cf0a5e6f-0be2-4a1e-a03f-005f3bff7c5e(cell1) {{(pid=108338) load_cells /opt/stack/nova/nova/context.py:509}}
Jun 04 10:15:51.416764 np0000178529 devstack@n-api-meta.service[108338]: INFO nova.utils [None req-5ed0d9d4-03cb-4151-92e6-e421c68b98a9 None None] The cell worker thread pool MainProcess.cell_worker is initialized
Jun 04 10:15:51.419415 np0000178529 devstack@n-api-meta.service[108338]: DEBUG oslo_concurrency.lockutils [None req-5ed0d9d4-03cb-4151-92e6-e421c68b98a9 None None] Acquiring lock "00000000-0000-0000-0000-000000000000" by "nova.context.set_target_cell..get_or_set_cached_cell_and_set_connections" {{(pid=108338) inner /opt/stack/data/venv/lib/python3.12/site-packages/oslo_concurrency/lockutils.py:511}}
Jun 04 10:15:51.419652 np0000178529 devstack@n-api-meta.service[108338]: DEBUG oslo_concurrency.lockutils [None req-5ed0d9d4-03cb-4151-92e6-e421c68b98a9 None None] Lock "00000000-0000-0000-0000-000000000000" acquired by "nova.context.set_target_cell..get_or_set_cached_cell_and_set_connections" :: waited 0.000s {{(pid=108338) inner /opt/stack/data/venv/lib/python3.12/site-packages/oslo_concurrency/lockutils.py:524}}
Jun 04 10:15:51.420073 np0000178529 devstack@n-api-meta.service[108338]: DEBUG oslo_concurrency.lockutils [None req-5ed0d9d4-03cb-4151-92e6-e421c68b98a9 None None] Lock "00000000-0000-0000-0000-000000000000" "released" by "nova.context.set_target_cell..get_or_set_cached_cell_and_set_connections" :: held 0.000s {{(pid=108338) inner /opt/stack/data/venv/lib/python3.12/site-packages/oslo_concurrency/lockutils.py:543}}
Jun 04 10:15:51.420730 np0000178529 devstack@n-api-meta.service[108338]: DEBUG oslo_concurrency.lockutils [None req-5ed0d9d4-03cb-4151-92e6-e421c68b98a9 None None] Acquiring lock "cf0a5e6f-0be2-4a1e-a03f-005f3bff7c5e" by "nova.context.set_target_cell..get_or_set_cached_cell_and_set_connections" {{(pid=108338) inner /opt/stack/data/venv/lib/python3.12/site-packages/oslo_concurrency/lockutils.py:511}}
Jun 04 10:15:51.420869 np0000178529 devstack@n-api-meta.service[108338]: DEBUG oslo_concurrency.lockutils [None req-5ed0d9d4-03cb-4151-92e6-e421c68b98a9 None None] Lock "cf0a5e6f-0be2-4a1e-a03f-005f3bff7c5e" acquired by "nova.context.set_target_cell..get_or_set_cached_cell_and_set_connections" :: waited 0.000s {{(pid=108338) inner /opt/stack/data/venv/lib/python3.12/site-packages/oslo_concurrency/lockutils.py:524}}
Jun 04 10:15:51.422083 np0000178529 devstack@n-api-meta.service[108338]: DEBUG oslo_concurrency.lockutils [None req-5ed0d9d4-03cb-4151-92e6-e421c68b98a9 None None] Lock "cf0a5e6f-0be2-4a1e-a03f-005f3bff7c5e" "released" by "nova.context.set_target_cell..get_or_set_cached_cell_and_set_connections" :: held 0.001s {{(pid=108338) inner /opt/stack/data/venv/lib/python3.12/site-packages/oslo_concurrency/lockutils.py:543}}
Jun 04 10:15:51.425071 np0000178529 devstack@n-api-meta.service[108335]: DEBUG dbcounter [-] [108335] Writer thread running {{(pid=108335) stat_writer /opt/stack/data/venv/lib/python3.12/site-packages/dbcounter.py:102}}
Jun 04 10:15:51.425179 np0000178529 devstack@n-api-meta.service[108338]: INFO dbcounter [None req-5ed0d9d4-03cb-4151-92e6-e421c68b98a9 None None] Registered counter for database nova_cell0
Jun 04 10:15:51.426933 np0000178529 devstack@n-api-meta.service[108337]: DEBUG oslo_db.sqlalchemy.engines [None req-fdd74697-3a6e-4913-b10b-7c7887730f0a None None] MySQL server mode set to STRICT_TRANS_TABLES,STRICT_ALL_TABLES,NO_ZERO_IN_DATE,NO_ZERO_DATE,ERROR_FOR_DIVISION_BY_ZERO,TRADITIONAL,NO_ENGINE_SUBSTITUTION {{(pid=108337) _check_effective_sql_mode /opt/stack/data/venv/lib/python3.12/site-packages/oslo_db/sqlalchemy/engines.py:325}}
Jun 04 10:15:51.429151 np0000178529 devstack@n-api-meta.service[108335]: DEBUG nova.context [None req-b11fe09b-eb9e-472f-97dd-cee9ae8b272f None None] Found 2 cells: 00000000-0000-0000-0000-000000000000(cell0),cf0a5e6f-0be2-4a1e-a03f-005f3bff7c5e(cell1) {{(pid=108335) load_cells /opt/stack/nova/nova/context.py:509}}
Jun 04 10:15:51.429404 np0000178529 devstack@n-api-meta.service[108335]: INFO nova.utils [None req-b11fe09b-eb9e-472f-97dd-cee9ae8b272f None None] The cell worker thread pool MainProcess.cell_worker is initialized
Jun 04 10:15:51.431416 np0000178529 devstack@n-api-meta.service[108338]: INFO dbcounter [None req-5ed0d9d4-03cb-4151-92e6-e421c68b98a9 None None] Registered counter for database nova_cell1
Jun 04 10:15:51.431549 np0000178529 devstack@n-api-meta.service[108335]: DEBUG oslo_concurrency.lockutils [None req-b11fe09b-eb9e-472f-97dd-cee9ae8b272f None None] Acquiring lock "00000000-0000-0000-0000-000000000000" by "nova.context.set_target_cell..get_or_set_cached_cell_and_set_connections" {{(pid=108335) inner /opt/stack/data/venv/lib/python3.12/site-packages/oslo_concurrency/lockutils.py:511}}
Jun 04 10:15:51.431635 np0000178529 devstack@n-api-meta.service[108335]: DEBUG oslo_concurrency.lockutils [None req-b11fe09b-eb9e-472f-97dd-cee9ae8b272f None None] Lock "00000000-0000-0000-0000-000000000000" acquired by "nova.context.set_target_cell..get_or_set_cached_cell_and_set_connections" :: waited 0.000s {{(pid=108335) inner /opt/stack/data/venv/lib/python3.12/site-packages/oslo_concurrency/lockutils.py:524}}
Jun 04 10:15:51.432138 np0000178529 devstack@n-api-meta.service[108335]: DEBUG oslo_concurrency.lockutils [None req-b11fe09b-eb9e-472f-97dd-cee9ae8b272f None None] Lock "00000000-0000-0000-0000-000000000000" "released" by "nova.context.set_target_cell..get_or_set_cached_cell_and_set_connections" :: held 0.001s {{(pid=108335) inner /opt/stack/data/venv/lib/python3.12/site-packages/oslo_concurrency/lockutils.py:543}}
Jun 04 10:15:51.433004 np0000178529 devstack@n-api-meta.service[108335]: DEBUG oslo_concurrency.lockutils [None req-b11fe09b-eb9e-472f-97dd-cee9ae8b272f None None] Acquiring lock "cf0a5e6f-0be2-4a1e-a03f-005f3bff7c5e" by "nova.context.set_target_cell..get_or_set_cached_cell_and_set_connections" {{(pid=108335) inner /opt/stack/data/venv/lib/python3.12/site-packages/oslo_concurrency/lockutils.py:511}}
Jun 04 10:15:51.433231 np0000178529 devstack@n-api-meta.service[108335]: DEBUG oslo_concurrency.lockutils [None req-b11fe09b-eb9e-472f-97dd-cee9ae8b272f None None] Lock "cf0a5e6f-0be2-4a1e-a03f-005f3bff7c5e" acquired by "nova.context.set_target_cell..get_or_set_cached_cell_and_set_connections" :: waited 0.000s {{(pid=108335) inner /opt/stack/data/venv/lib/python3.12/site-packages/oslo_concurrency/lockutils.py:524}}
Jun 04 10:15:51.436127 np0000178529 devstack@n-api-meta.service[108336]: DEBUG dbcounter [-] [108336] Writer thread running {{(pid=108336) stat_writer /opt/stack/data/venv/lib/python3.12/site-packages/dbcounter.py:102}}
Jun 04 10:15:51.437061 np0000178529 devstack@n-api-meta.service[108335]: INFO dbcounter [None req-b11fe09b-eb9e-472f-97dd-cee9ae8b272f None None] Registered counter for database nova_cell0
Jun 04 10:15:51.438821 np0000178529 devstack@n-api-meta.service[108336]: DEBUG nova.context [None req-beb1b16b-6481-43d6-a279-d7b4854b2384 None None] Found 2 cells: 00000000-0000-0000-0000-000000000000(cell0),cf0a5e6f-0be2-4a1e-a03f-005f3bff7c5e(cell1) {{(pid=108336) load_cells /opt/stack/nova/nova/context.py:509}}
Jun 04 10:15:51.438913 np0000178529 devstack@n-api-meta.service[108335]: DEBUG oslo_concurrency.lockutils [None req-b11fe09b-eb9e-472f-97dd-cee9ae8b272f None None] Lock "cf0a5e6f-0be2-4a1e-a03f-005f3bff7c5e" "released" by "nova.context.set_target_cell..get_or_set_cached_cell_and_set_connections" :: held 0.004s {{(pid=108335) inner /opt/stack/data/venv/lib/python3.12/site-packages/oslo_concurrency/lockutils.py:543}}
Jun 04 10:15:51.439057 np0000178529 devstack@n-api-meta.service[108336]: INFO nova.utils [None req-beb1b16b-6481-43d6-a279-d7b4854b2384 None None] The cell worker thread pool MainProcess.cell_worker is initialized
Jun 04 10:15:51.441111 np0000178529 devstack@n-api-meta.service[108336]: DEBUG oslo_concurrency.lockutils [None req-beb1b16b-6481-43d6-a279-d7b4854b2384 None None] Acquiring lock "00000000-0000-0000-0000-000000000000" by "nova.context.set_target_cell..get_or_set_cached_cell_and_set_connections" {{(pid=108336) inner /opt/stack/data/venv/lib/python3.12/site-packages/oslo_concurrency/lockutils.py:511}}
Jun 04 10:15:51.441282 np0000178529 devstack@n-api-meta.service[108336]: DEBUG oslo_concurrency.lockutils [None req-beb1b16b-6481-43d6-a279-d7b4854b2384 None None] Lock "00000000-0000-0000-0000-000000000000" acquired by "nova.context.set_target_cell..get_or_set_cached_cell_and_set_connections" :: waited 0.000s {{(pid=108336) inner /opt/stack/data/venv/lib/python3.12/site-packages/oslo_concurrency/lockutils.py:524}}
Jun 04 10:15:51.441694 np0000178529 devstack@n-api-meta.service[108336]: DEBUG oslo_concurrency.lockutils [None req-beb1b16b-6481-43d6-a279-d7b4854b2384 None None] Lock "00000000-0000-0000-0000-000000000000" "released" by "nova.context.set_target_cell..get_or_set_cached_cell_and_set_connections" :: held 0.000s {{(pid=108336) inner /opt/stack/data/venv/lib/python3.12/site-packages/oslo_concurrency/lockutils.py:543}}
Jun 04 10:15:51.442131 np0000178529 devstack@n-api-meta.service[108335]: INFO dbcounter [None req-b11fe09b-eb9e-472f-97dd-cee9ae8b272f None None] Registered counter for database nova_cell1
Jun 04 10:15:51.442468 np0000178529 devstack@n-api-meta.service[108336]: DEBUG oslo_concurrency.lockutils [None req-beb1b16b-6481-43d6-a279-d7b4854b2384 None None] Acquiring lock "cf0a5e6f-0be2-4a1e-a03f-005f3bff7c5e" by "nova.context.set_target_cell..get_or_set_cached_cell_and_set_connections" {{(pid=108336) inner /opt/stack/data/venv/lib/python3.12/site-packages/oslo_concurrency/lockutils.py:511}}
Jun 04 10:15:51.442618 np0000178529 devstack@n-api-meta.service[108336]: DEBUG oslo_concurrency.lockutils [None req-beb1b16b-6481-43d6-a279-d7b4854b2384 None None] Lock "cf0a5e6f-0be2-4a1e-a03f-005f3bff7c5e" acquired by "nova.context.set_target_cell..get_or_set_cached_cell_and_set_connections" :: waited 0.000s {{(pid=108336) inner /opt/stack/data/venv/lib/python3.12/site-packages/oslo_concurrency/lockutils.py:524}}
Jun 04 10:15:51.443585 np0000178529 devstack@n-api-meta.service[108336]: DEBUG oslo_concurrency.lockutils [None req-beb1b16b-6481-43d6-a279-d7b4854b2384 None None] Lock "cf0a5e6f-0be2-4a1e-a03f-005f3bff7c5e" "released" by "nova.context.set_target_cell..get_or_set_cached_cell_and_set_connections" :: held 0.001s {{(pid=108336) inner /opt/stack/data/venv/lib/python3.12/site-packages/oslo_concurrency/lockutils.py:543}}
Jun 04 10:15:51.446324 np0000178529 devstack@n-api-meta.service[108336]: INFO dbcounter [None req-beb1b16b-6481-43d6-a279-d7b4854b2384 None None] Registered counter for database nova_cell0
Jun 04 10:15:51.453161 np0000178529 devstack@n-api-meta.service[108336]: INFO dbcounter [None req-beb1b16b-6481-43d6-a279-d7b4854b2384 None None] Registered counter for database nova_cell1
Jun 04 10:15:51.522796 np0000178529 devstack@n-api-meta.service[108338]: DEBUG oslo_db.sqlalchemy.engines [None req-5ed0d9d4-03cb-4151-92e6-e421c68b98a9 None None] MySQL server mode set to STRICT_TRANS_TABLES,STRICT_ALL_TABLES,NO_ZERO_IN_DATE,NO_ZERO_DATE,ERROR_FOR_DIVISION_BY_ZERO,TRADITIONAL,NO_ENGINE_SUBSTITUTION {{(pid=108338) _check_effective_sql_mode /opt/stack/data/venv/lib/python3.12/site-packages/oslo_db/sqlalchemy/engines.py:325}}
Jun 04 10:15:51.539786 np0000178529 devstack@n-api-meta.service[108337]: DEBUG dbcounter [-] [108337] Writer thread running {{(pid=108337) stat_writer /opt/stack/data/venv/lib/python3.12/site-packages/dbcounter.py:102}}
Jun 04 10:15:51.539786 np0000178529 devstack@n-api-meta.service[108337]: DEBUG dbcounter [-] [108337] Writer thread running {{(pid=108337) stat_writer /opt/stack/data/venv/lib/python3.12/site-packages/dbcounter.py:102}}
Jun 04 10:15:51.545489 np0000178529 devstack@n-api-meta.service[108338]: DEBUG oslo_db.sqlalchemy.engines [None req-5ed0d9d4-03cb-4151-92e6-e421c68b98a9 None None] MySQL server mode set to STRICT_TRANS_TABLES,STRICT_ALL_TABLES,NO_ZERO_IN_DATE,NO_ZERO_DATE,ERROR_FOR_DIVISION_BY_ZERO,TRADITIONAL,NO_ENGINE_SUBSTITUTION {{(pid=108338) _check_effective_sql_mode /opt/stack/data/venv/lib/python3.12/site-packages/oslo_db/sqlalchemy/engines.py:325}}
Jun 04 10:15:51.551020 np0000178529 devstack@n-api-meta.service[108337]: INFO dbcounter [None req-fdd74697-3a6e-4913-b10b-7c7887730f0a None None] Registered counter for database nova_cell0
Jun 04 10:15:51.555076 np0000178529 devstack@n-api-meta.service[108335]: DEBUG oslo_db.sqlalchemy.engines [None req-b11fe09b-eb9e-472f-97dd-cee9ae8b272f None None] MySQL server mode set to STRICT_TRANS_TABLES,STRICT_ALL_TABLES,NO_ZERO_IN_DATE,NO_ZERO_DATE,ERROR_FOR_DIVISION_BY_ZERO,TRADITIONAL,NO_ENGINE_SUBSTITUTION {{(pid=108335) _check_effective_sql_mode /opt/stack/data/venv/lib/python3.12/site-packages/oslo_db/sqlalchemy/engines.py:325}}
Jun 04 10:15:51.569620 np0000178529 devstack@n-api-meta.service[108336]: DEBUG oslo_db.sqlalchemy.engines [None req-beb1b16b-6481-43d6-a279-d7b4854b2384 None None] MySQL server mode set to STRICT_TRANS_TABLES,STRICT_ALL_TABLES,NO_ZERO_IN_DATE,NO_ZERO_DATE,ERROR_FOR_DIVISION_BY_ZERO,TRADITIONAL,NO_ENGINE_SUBSTITUTION {{(pid=108336) _check_effective_sql_mode /opt/stack/data/venv/lib/python3.12/site-packages/oslo_db/sqlalchemy/engines.py:325}}
Jun 04 10:15:51.573244 np0000178529 devstack@n-api-meta.service[108336]: DEBUG oslo_db.sqlalchemy.engines [None req-beb1b16b-6481-43d6-a279-d7b4854b2384 None None] MySQL server mode set to STRICT_TRANS_TABLES,STRICT_ALL_TABLES,NO_ZERO_IN_DATE,NO_ZERO_DATE,ERROR_FOR_DIVISION_BY_ZERO,TRADITIONAL,NO_ENGINE_SUBSTITUTION {{(pid=108336) _check_effective_sql_mode /opt/stack/data/venv/lib/python3.12/site-packages/oslo_db/sqlalchemy/engines.py:325}}
Jun 04 10:15:51.607116 np0000178529 devstack@n-api-meta.service[108335]: DEBUG oslo_db.sqlalchemy.engines [None req-b11fe09b-eb9e-472f-97dd-cee9ae8b272f None None] MySQL server mode set to STRICT_TRANS_TABLES,STRICT_ALL_TABLES,NO_ZERO_IN_DATE,NO_ZERO_DATE,ERROR_FOR_DIVISION_BY_ZERO,TRADITIONAL,NO_ENGINE_SUBSTITUTION {{(pid=108335) _check_effective_sql_mode /opt/stack/data/venv/lib/python3.12/site-packages/oslo_db/sqlalchemy/engines.py:325}}
Jun 04 10:15:51.617296 np0000178529 devstack@n-api-meta.service[108337]: DEBUG oslo_db.sqlalchemy.engines [None req-fdd74697-3a6e-4913-b10b-7c7887730f0a None None] MySQL server mode set to STRICT_TRANS_TABLES,STRICT_ALL_TABLES,NO_ZERO_IN_DATE,NO_ZERO_DATE,ERROR_FOR_DIVISION_BY_ZERO,TRADITIONAL,NO_ENGINE_SUBSTITUTION {{(pid=108337) _check_effective_sql_mode /opt/stack/data/venv/lib/python3.12/site-packages/oslo_db/sqlalchemy/engines.py:325}}
Jun 04 10:15:51.627116 np0000178529 devstack@n-api-meta.service[108337]: DEBUG dbcounter [-] [108337] Writer thread running {{(pid=108337) stat_writer /opt/stack/data/venv/lib/python3.12/site-packages/dbcounter.py:102}}
Jun 04 10:15:51.650348 np0000178529 devstack@n-api-meta.service[108338]: DEBUG dbcounter [-] [108338] Writer thread running {{(pid=108338) stat_writer /opt/stack/data/venv/lib/python3.12/site-packages/dbcounter.py:102}}
Jun 04 10:15:51.657532 np0000178529 devstack@n-api-meta.service[108338]: DEBUG dbcounter [-] [108338] Writer thread running {{(pid=108338) stat_writer /opt/stack/data/venv/lib/python3.12/site-packages/dbcounter.py:102}}
Jun 04 10:15:51.659599 np0000178529 devstack@n-api-meta.service[108335]: DEBUG dbcounter [-] [108335] Writer thread running {{(pid=108335) stat_writer /opt/stack/data/venv/lib/python3.12/site-packages/dbcounter.py:102}}
Jun 04 10:15:51.662459 np0000178529 devstack@n-api-meta.service[108338]: INFO dbcounter [None req-5ed0d9d4-03cb-4151-92e6-e421c68b98a9 None None] Registered counter for database nova_cell0
Jun 04 10:15:51.667570 np0000178529 devstack@n-api-meta.service[108335]: DEBUG dbcounter [-] [108335] Writer thread running {{(pid=108335) stat_writer /opt/stack/data/venv/lib/python3.12/site-packages/dbcounter.py:102}}
Jun 04 10:15:51.668216 np0000178529 devstack@n-api-meta.service[108336]: DEBUG dbcounter [-] [108336] Writer thread running {{(pid=108336) stat_writer /opt/stack/data/venv/lib/python3.12/site-packages/dbcounter.py:102}}
Jun 04 10:15:51.673491 np0000178529 devstack@n-api-meta.service[108335]: INFO dbcounter [None req-b11fe09b-eb9e-472f-97dd-cee9ae8b272f None None] Registered counter for database nova_cell0
Jun 04 10:15:51.675924 np0000178529 devstack@n-api-meta.service[108336]: DEBUG dbcounter [-] [108336] Writer thread running {{(pid=108336) stat_writer /opt/stack/data/venv/lib/python3.12/site-packages/dbcounter.py:102}}
Jun 04 10:15:51.680926 np0000178529 devstack@n-api-meta.service[108336]: INFO dbcounter [None req-beb1b16b-6481-43d6-a279-d7b4854b2384 None None] Registered counter for database nova_cell0
Jun 04 10:15:51.714544 np0000178529 devstack@n-api-meta.service[108338]: DEBUG oslo_db.sqlalchemy.engines [None req-5ed0d9d4-03cb-4151-92e6-e421c68b98a9 None None] MySQL server mode set to STRICT_TRANS_TABLES,STRICT_ALL_TABLES,NO_ZERO_IN_DATE,NO_ZERO_DATE,ERROR_FOR_DIVISION_BY_ZERO,TRADITIONAL,NO_ENGINE_SUBSTITUTION {{(pid=108338) _check_effective_sql_mode /opt/stack/data/venv/lib/python3.12/site-packages/oslo_db/sqlalchemy/engines.py:325}}
Jun 04 10:15:51.725564 np0000178529 devstack@n-api-meta.service[108338]: DEBUG dbcounter [-] [108338] Writer thread running {{(pid=108338) stat_writer /opt/stack/data/venv/lib/python3.12/site-packages/dbcounter.py:102}}
Jun 04 10:15:51.730886 np0000178529 devstack@n-api-meta.service[108336]: DEBUG oslo_db.sqlalchemy.engines [None req-beb1b16b-6481-43d6-a279-d7b4854b2384 None None] MySQL server mode set to STRICT_TRANS_TABLES,STRICT_ALL_TABLES,NO_ZERO_IN_DATE,NO_ZERO_DATE,ERROR_FOR_DIVISION_BY_ZERO,TRADITIONAL,NO_ENGINE_SUBSTITUTION {{(pid=108336) _check_effective_sql_mode /opt/stack/data/venv/lib/python3.12/site-packages/oslo_db/sqlalchemy/engines.py:325}}
Jun 04 10:15:51.741888 np0000178529 devstack@n-api-meta.service[108336]: DEBUG dbcounter [-] [108336] Writer thread running {{(pid=108336) stat_writer /opt/stack/data/venv/lib/python3.12/site-packages/dbcounter.py:102}}
Jun 04 10:15:51.744374 np0000178529 devstack@n-api-meta.service[108335]: DEBUG oslo_db.sqlalchemy.engines [None req-b11fe09b-eb9e-472f-97dd-cee9ae8b272f None None] MySQL server mode set to STRICT_TRANS_TABLES,STRICT_ALL_TABLES,NO_ZERO_IN_DATE,NO_ZERO_DATE,ERROR_FOR_DIVISION_BY_ZERO,TRADITIONAL,NO_ENGINE_SUBSTITUTION {{(pid=108335) _check_effective_sql_mode /opt/stack/data/venv/lib/python3.12/site-packages/oslo_db/sqlalchemy/engines.py:325}}
Jun 04 10:15:51.758944 np0000178529 devstack@n-api-meta.service[108335]: DEBUG dbcounter [-] [108335] Writer thread running {{(pid=108335) stat_writer /opt/stack/data/venv/lib/python3.12/site-packages/dbcounter.py:102}}
Jun 04 10:15:51.817928 np0000178529 devstack@n-api-meta.service[108337]: WARNING nova.api.metadata.handler [None req-fdd74697-3a6e-4913-b10b-7c7887730f0a None None] metadata_proxy_shared_secret is not configured, the metadata information returned by the proxy cannot be trusted
Jun 04 10:15:51.820485 np0000178529 devstack@n-api-meta.service[108337]: DEBUG nova.api.openstack.wsgi_app [None req-fdd74697-3a6e-4913-b10b-7c7887730f0a None None] ******************************************************************************** {{(pid=108337) log_opt_values /opt/stack/data/venv/lib/python3.12/site-packages/oslo_config/cfg.py:3229}}
Jun 04 10:15:51.820645 np0000178529 devstack@n-api-meta.service[108337]: DEBUG nova.api.openstack.wsgi_app [None req-fdd74697-3a6e-4913-b10b-7c7887730f0a None None] Configuration options gathered from: {{(pid=108337) log_opt_values /opt/stack/data/venv/lib/python3.12/site-packages/oslo_config/cfg.py:3230}}
Jun 04 10:15:51.820778 np0000178529 devstack@n-api-meta.service[108337]: DEBUG nova.api.openstack.wsgi_app [None req-fdd74697-3a6e-4913-b10b-7c7887730f0a None None] command line args: [] {{(pid=108337) log_opt_values /opt/stack/data/venv/lib/python3.12/site-packages/oslo_config/cfg.py:3231}}
Jun 04 10:15:51.820856 np0000178529 devstack@n-api-meta.service[108337]: DEBUG nova.api.openstack.wsgi_app [None req-fdd74697-3a6e-4913-b10b-7c7887730f0a None None] config files: ['/etc/nova/api-paste.ini', '/etc/nova/nova.conf'] {{(pid=108337) log_opt_values /opt/stack/data/venv/lib/python3.12/site-packages/oslo_config/cfg.py:3232}}
Jun 04 10:15:51.820984 np0000178529 devstack@n-api-meta.service[108337]: DEBUG nova.api.openstack.wsgi_app [None req-fdd74697-3a6e-4913-b10b-7c7887730f0a None None] ================================================================================ {{(pid=108337) log_opt_values /opt/stack/data/venv/lib/python3.12/site-packages/oslo_config/cfg.py:3237}}
Jun 04 10:15:51.821146 np0000178529 devstack@n-api-meta.service[108337]: DEBUG nova.api.openstack.wsgi_app [None req-fdd74697-3a6e-4913-b10b-7c7887730f0a None None] allow_resize_to_same_host = True {{(pid=108337) log_opt_values /opt/stack/data/venv/lib/python3.12/site-packages/oslo_config/cfg.py:3245}}
Jun 04 10:15:51.821291 np0000178529 devstack@n-api-meta.service[108337]: DEBUG nova.api.openstack.wsgi_app [None req-fdd74697-3a6e-4913-b10b-7c7887730f0a None None] arq_binding_timeout = 300 {{(pid=108337) log_opt_values /opt/stack/data/venv/lib/python3.12/site-packages/oslo_config/cfg.py:3245}}
Jun 04 10:15:51.821433 np0000178529 devstack@n-api-meta.service[108337]: DEBUG nova.api.openstack.wsgi_app [None req-fdd74697-3a6e-4913-b10b-7c7887730f0a None None] block_device_allocate_retries = 60 {{(pid=108337) log_opt_values /opt/stack/data/venv/lib/python3.12/site-packages/oslo_config/cfg.py:3245}}
Jun 04 10:15:51.821576 np0000178529 devstack@n-api-meta.service[108337]: DEBUG nova.api.openstack.wsgi_app [None req-fdd74697-3a6e-4913-b10b-7c7887730f0a None None] block_device_allocate_retries_interval = 3 {{(pid=108337) log_opt_values /opt/stack/data/venv/lib/python3.12/site-packages/oslo_config/cfg.py:3245}}
Jun 04 10:15:51.821707 np0000178529 devstack@n-api-meta.service[108337]: DEBUG nova.api.openstack.wsgi_app [None req-fdd74697-3a6e-4913-b10b-7c7887730f0a None None] cell_worker_thread_pool_size = 5 {{(pid=108337) log_opt_values /opt/stack/data/venv/lib/python3.12/site-packages/oslo_config/cfg.py:3245}}
Jun 04 10:15:51.821853 np0000178529 devstack@n-api-meta.service[108337]: DEBUG nova.api.openstack.wsgi_app [None req-fdd74697-3a6e-4913-b10b-7c7887730f0a None None] cert = self.pem {{(pid=108337) log_opt_values /opt/stack/data/venv/lib/python3.12/site-packages/oslo_config/cfg.py:3245}}
Jun 04 10:15:51.821990 np0000178529 devstack@n-api-meta.service[108337]: DEBUG nova.api.openstack.wsgi_app [None req-fdd74697-3a6e-4913-b10b-7c7887730f0a None None] compute_driver = libvirt.LibvirtDriver {{(pid=108337) log_opt_values /opt/stack/data/venv/lib/python3.12/site-packages/oslo_config/cfg.py:3245}}
Jun 04 10:15:51.822128 np0000178529 devstack@n-api-meta.service[108337]: DEBUG nova.api.openstack.wsgi_app [None req-fdd74697-3a6e-4913-b10b-7c7887730f0a None None] compute_monitors = [] {{(pid=108337) log_opt_values /opt/stack/data/venv/lib/python3.12/site-packages/oslo_config/cfg.py:3245}}
Jun 04 10:15:51.822263 np0000178529 devstack@n-api-meta.service[108337]: DEBUG nova.api.openstack.wsgi_app [None req-fdd74697-3a6e-4913-b10b-7c7887730f0a None None] config_dir = [] {{(pid=108337) log_opt_values /opt/stack/data/venv/lib/python3.12/site-packages/oslo_config/cfg.py:3245}}
Jun 04 10:15:51.822398 np0000178529 devstack@n-api-meta.service[108337]: DEBUG nova.api.openstack.wsgi_app [None req-fdd74697-3a6e-4913-b10b-7c7887730f0a None None] config_drive_format = iso9660 {{(pid=108337) log_opt_values /opt/stack/data/venv/lib/python3.12/site-packages/oslo_config/cfg.py:3245}}
Jun 04 10:15:51.822506 np0000178529 devstack@n-api-meta.service[108337]: DEBUG nova.api.openstack.wsgi_app [None req-fdd74697-3a6e-4913-b10b-7c7887730f0a None None] config_file = ['/etc/nova/api-paste.ini', '/etc/nova/nova.conf'] {{(pid=108337) log_opt_values /opt/stack/data/venv/lib/python3.12/site-packages/oslo_config/cfg.py:3245}}
Jun 04 10:15:51.822667 np0000178529 devstack@n-api-meta.service[108337]: DEBUG nova.api.openstack.wsgi_app [None req-fdd74697-3a6e-4913-b10b-7c7887730f0a None None] config_source = [] {{(pid=108337) log_opt_values /opt/stack/data/venv/lib/python3.12/site-packages/oslo_config/cfg.py:3245}}
Jun 04 10:15:51.822795 np0000178529 devstack@n-api-meta.service[108337]: DEBUG nova.api.openstack.wsgi_app [None req-fdd74697-3a6e-4913-b10b-7c7887730f0a None None] console_host = np0000178529 {{(pid=108337) log_opt_values /opt/stack/data/venv/lib/python3.12/site-packages/oslo_config/cfg.py:3245}}
Jun 04 10:15:51.822932 np0000178529 devstack@n-api-meta.service[108337]: DEBUG nova.api.openstack.wsgi_app [None req-fdd74697-3a6e-4913-b10b-7c7887730f0a None None] control_exchange = nova {{(pid=108337) log_opt_values /opt/stack/data/venv/lib/python3.12/site-packages/oslo_config/cfg.py:3245}}
Jun 04 10:15:51.823073 np0000178529 devstack@n-api-meta.service[108337]: DEBUG nova.api.openstack.wsgi_app [None req-fdd74697-3a6e-4913-b10b-7c7887730f0a None None] cpu_allocation_ratio = None {{(pid=108337) log_opt_values /opt/stack/data/venv/lib/python3.12/site-packages/oslo_config/cfg.py:3245}}
Jun 04 10:15:51.823213 np0000178529 devstack@n-api-meta.service[108337]: DEBUG nova.api.openstack.wsgi_app [None req-fdd74697-3a6e-4913-b10b-7c7887730f0a None None] daemon = False {{(pid=108337) log_opt_values /opt/stack/data/venv/lib/python3.12/site-packages/oslo_config/cfg.py:3245}}
Jun 04 10:15:51.823353 np0000178529 devstack@n-api-meta.service[108337]: DEBUG nova.api.openstack.wsgi_app [None req-fdd74697-3a6e-4913-b10b-7c7887730f0a None None] debug = True {{(pid=108337) log_opt_values /opt/stack/data/venv/lib/python3.12/site-packages/oslo_config/cfg.py:3245}}
Jun 04 10:15:51.823479 np0000178529 devstack@n-api-meta.service[108337]: DEBUG nova.api.openstack.wsgi_app [None req-fdd74697-3a6e-4913-b10b-7c7887730f0a None None] default_access_ip_network_name = None {{(pid=108337) log_opt_values /opt/stack/data/venv/lib/python3.12/site-packages/oslo_config/cfg.py:3245}}
Jun 04 10:15:51.823646 np0000178529 devstack@n-api-meta.service[108337]: DEBUG nova.api.openstack.wsgi_app [None req-fdd74697-3a6e-4913-b10b-7c7887730f0a None None] default_availability_zone = nova {{(pid=108337) log_opt_values /opt/stack/data/venv/lib/python3.12/site-packages/oslo_config/cfg.py:3245}}
Jun 04 10:15:51.823846 np0000178529 devstack@n-api-meta.service[108337]: DEBUG nova.api.openstack.wsgi_app [None req-fdd74697-3a6e-4913-b10b-7c7887730f0a None None] default_ephemeral_format = ext4 {{(pid=108337) log_opt_values /opt/stack/data/venv/lib/python3.12/site-packages/oslo_config/cfg.py:3245}}
Jun 04 10:15:51.823985 np0000178529 devstack@n-api-meta.service[108337]: DEBUG nova.api.openstack.wsgi_app [None req-fdd74697-3a6e-4913-b10b-7c7887730f0a None None] default_green_pool_size = 1000 {{(pid=108337) log_opt_values /opt/stack/data/venv/lib/python3.12/site-packages/oslo_config/cfg.py:3245}}
Jun 04 10:15:51.824204 np0000178529 devstack@n-api-meta.service[108337]: DEBUG nova.api.openstack.wsgi_app [None req-fdd74697-3a6e-4913-b10b-7c7887730f0a None None] default_log_levels = ['amqp=WARN', 'boto=WARN', 'sqlalchemy=WARN', 'suds=INFO', 'oslo.messaging=INFO', 'oslo_messaging=INFO', 'iso8601=WARN', 'requests.packages.urllib3.connectionpool=WARN', 'urllib3.connectionpool=WARN', 'websocket=WARN', 'requests.packages.urllib3.util.retry=WARN', 'urllib3.util.retry=WARN', 'keystonemiddleware=WARN', 'routes.middleware=WARN', 'stevedore=WARN', 'taskflow=WARN', 'keystoneauth=WARN', 'oslo.cache=INFO', 'oslo_policy=INFO', 'dogpile.core.dogpile=INFO', 'glanceclient=WARN', 'oslo.privsep.daemon=INFO'] {{(pid=108337) log_opt_values /opt/stack/data/venv/lib/python3.12/site-packages/oslo_config/cfg.py:3245}}
Jun 04 10:15:51.824333 np0000178529 devstack@n-api-meta.service[108337]: DEBUG nova.api.openstack.wsgi_app [None req-fdd74697-3a6e-4913-b10b-7c7887730f0a None None] default_schedule_zone = None {{(pid=108337) log_opt_values /opt/stack/data/venv/lib/python3.12/site-packages/oslo_config/cfg.py:3245}}
Jun 04 10:15:51.824463 np0000178529 devstack@n-api-meta.service[108337]: DEBUG nova.api.openstack.wsgi_app [None req-fdd74697-3a6e-4913-b10b-7c7887730f0a None None] default_thread_pool_size = 10 {{(pid=108337) log_opt_values /opt/stack/data/venv/lib/python3.12/site-packages/oslo_config/cfg.py:3245}}
Jun 04 10:15:51.824629 np0000178529 devstack@n-api-meta.service[108337]: DEBUG nova.api.openstack.wsgi_app [None req-fdd74697-3a6e-4913-b10b-7c7887730f0a None None] disk_allocation_ratio = None {{(pid=108337) log_opt_values /opt/stack/data/venv/lib/python3.12/site-packages/oslo_config/cfg.py:3245}}
Jun 04 10:15:51.824765 np0000178529 devstack@n-api-meta.service[108337]: DEBUG nova.api.openstack.wsgi_app [None req-fdd74697-3a6e-4913-b10b-7c7887730f0a None None] enable_new_services = True {{(pid=108337) log_opt_values /opt/stack/data/venv/lib/python3.12/site-packages/oslo_config/cfg.py:3245}}
Jun 04 10:15:51.824892 np0000178529 devstack@n-api-meta.service[108337]: DEBUG nova.api.openstack.wsgi_app [None req-fdd74697-3a6e-4913-b10b-7c7887730f0a None None] flat_injected = False {{(pid=108337) log_opt_values /opt/stack/data/venv/lib/python3.12/site-packages/oslo_config/cfg.py:3245}}
Jun 04 10:15:51.825022 np0000178529 devstack@n-api-meta.service[108337]: DEBUG nova.api.openstack.wsgi_app [None req-fdd74697-3a6e-4913-b10b-7c7887730f0a None None] force_config_drive = False {{(pid=108337) log_opt_values /opt/stack/data/venv/lib/python3.12/site-packages/oslo_config/cfg.py:3245}}
Jun 04 10:15:51.825152 np0000178529 devstack@n-api-meta.service[108337]: DEBUG nova.api.openstack.wsgi_app [None req-fdd74697-3a6e-4913-b10b-7c7887730f0a None None] force_raw_images = True {{(pid=108337) log_opt_values /opt/stack/data/venv/lib/python3.12/site-packages/oslo_config/cfg.py:3245}}
Jun 04 10:15:51.825292 np0000178529 devstack@n-api-meta.service[108337]: DEBUG nova.api.openstack.wsgi_app [None req-fdd74697-3a6e-4913-b10b-7c7887730f0a None None] graceful_shutdown_timeout = 5 {{(pid=108337) log_opt_values /opt/stack/data/venv/lib/python3.12/site-packages/oslo_config/cfg.py:3245}}
Jun 04 10:15:51.825424 np0000178529 devstack@n-api-meta.service[108337]: DEBUG nova.api.openstack.wsgi_app [None req-fdd74697-3a6e-4913-b10b-7c7887730f0a None None] heal_instance_info_cache_interval = -1 {{(pid=108337) log_opt_values /opt/stack/data/venv/lib/python3.12/site-packages/oslo_config/cfg.py:3245}}
Jun 04 10:15:51.825632 np0000178529 devstack@n-api-meta.service[108337]: DEBUG nova.api.openstack.wsgi_app [None req-fdd74697-3a6e-4913-b10b-7c7887730f0a None None] host = np0000178529 {{(pid=108337) log_opt_values /opt/stack/data/venv/lib/python3.12/site-packages/oslo_config/cfg.py:3245}}
Jun 04 10:15:51.825766 np0000178529 devstack@n-api-meta.service[108337]: DEBUG nova.api.openstack.wsgi_app [None req-fdd74697-3a6e-4913-b10b-7c7887730f0a None None] initial_cpu_allocation_ratio = 4.0 {{(pid=108337) log_opt_values /opt/stack/data/venv/lib/python3.12/site-packages/oslo_config/cfg.py:3245}}
Jun 04 10:15:51.825895 np0000178529 devstack@n-api-meta.service[108337]: DEBUG nova.api.openstack.wsgi_app [None req-fdd74697-3a6e-4913-b10b-7c7887730f0a None None] initial_disk_allocation_ratio = 1.0 {{(pid=108337) log_opt_values /opt/stack/data/venv/lib/python3.12/site-packages/oslo_config/cfg.py:3245}}
Jun 04 10:15:51.826024 np0000178529 devstack@n-api-meta.service[108337]: DEBUG nova.api.openstack.wsgi_app [None req-fdd74697-3a6e-4913-b10b-7c7887730f0a None None] initial_ram_allocation_ratio = 1.0 {{(pid=108337) log_opt_values /opt/stack/data/venv/lib/python3.12/site-packages/oslo_config/cfg.py:3245}}
Jun 04 10:15:51.826218 np0000178529 devstack@n-api-meta.service[108337]: DEBUG nova.api.openstack.wsgi_app [None req-fdd74697-3a6e-4913-b10b-7c7887730f0a None None] injected_network_template = /opt/stack/nova/nova/virt/interfaces.template {{(pid=108337) log_opt_values /opt/stack/data/venv/lib/python3.12/site-packages/oslo_config/cfg.py:3245}}
Jun 04 10:15:51.826350 np0000178529 devstack@n-api-meta.service[108337]: DEBUG nova.api.openstack.wsgi_app [None req-fdd74697-3a6e-4913-b10b-7c7887730f0a None None] instance_build_timeout = 0 {{(pid=108337) log_opt_values /opt/stack/data/venv/lib/python3.12/site-packages/oslo_config/cfg.py:3245}}
Jun 04 10:15:51.826479 np0000178529 devstack@n-api-meta.service[108337]: DEBUG nova.api.openstack.wsgi_app [None req-fdd74697-3a6e-4913-b10b-7c7887730f0a None None] instance_delete_interval = 300 {{(pid=108337) log_opt_values /opt/stack/data/venv/lib/python3.12/site-packages/oslo_config/cfg.py:3245}}
Jun 04 10:15:51.826626 np0000178529 devstack@n-api-meta.service[108337]: DEBUG nova.api.openstack.wsgi_app [None req-fdd74697-3a6e-4913-b10b-7c7887730f0a None None] instance_format = [instance: %(uuid)s] {{(pid=108337) log_opt_values /opt/stack/data/venv/lib/python3.12/site-packages/oslo_config/cfg.py:3245}}
Jun 04 10:15:51.826761 np0000178529 devstack@n-api-meta.service[108337]: DEBUG nova.api.openstack.wsgi_app [None req-fdd74697-3a6e-4913-b10b-7c7887730f0a None None] instance_name_template = instance-%08x {{(pid=108337) log_opt_values /opt/stack/data/venv/lib/python3.12/site-packages/oslo_config/cfg.py:3245}}
Jun 04 10:15:51.826891 np0000178529 devstack@n-api-meta.service[108337]: DEBUG nova.api.openstack.wsgi_app [None req-fdd74697-3a6e-4913-b10b-7c7887730f0a None None] instance_usage_audit = False {{(pid=108337) log_opt_values /opt/stack/data/venv/lib/python3.12/site-packages/oslo_config/cfg.py:3245}}
Jun 04 10:15:51.827121 np0000178529 devstack@n-api-meta.service[108337]: DEBUG nova.api.openstack.wsgi_app [None req-fdd74697-3a6e-4913-b10b-7c7887730f0a None None] instance_usage_audit_period = month {{(pid=108337) log_opt_values /opt/stack/data/venv/lib/python3.12/site-packages/oslo_config/cfg.py:3245}}
Jun 04 10:15:51.827270 np0000178529 devstack@n-api-meta.service[108337]: DEBUG nova.api.openstack.wsgi_app [None req-fdd74697-3a6e-4913-b10b-7c7887730f0a None None] instance_uuid_format = [instance: %(uuid)s] {{(pid=108337) log_opt_values /opt/stack/data/venv/lib/python3.12/site-packages/oslo_config/cfg.py:3245}}
Jun 04 10:15:51.827404 np0000178529 devstack@n-api-meta.service[108337]: DEBUG nova.api.openstack.wsgi_app [None req-fdd74697-3a6e-4913-b10b-7c7887730f0a None None] instances_path = /opt/stack/data/nova/instances {{(pid=108337) log_opt_values /opt/stack/data/venv/lib/python3.12/site-packages/oslo_config/cfg.py:3245}}
Jun 04 10:15:51.827570 np0000178529 devstack@n-api-meta.service[108337]: DEBUG nova.api.openstack.wsgi_app [None req-fdd74697-3a6e-4913-b10b-7c7887730f0a None None] internal_service_availability_zone = internal {{(pid=108337) log_opt_values /opt/stack/data/venv/lib/python3.12/site-packages/oslo_config/cfg.py:3245}}
Jun 04 10:15:51.827695 np0000178529 devstack@n-api-meta.service[108337]: DEBUG nova.api.openstack.wsgi_app [None req-fdd74697-3a6e-4913-b10b-7c7887730f0a None None] key = None {{(pid=108337) log_opt_values /opt/stack/data/venv/lib/python3.12/site-packages/oslo_config/cfg.py:3245}}
Jun 04 10:15:51.827823 np0000178529 devstack@n-api-meta.service[108337]: DEBUG nova.api.openstack.wsgi_app [None req-fdd74697-3a6e-4913-b10b-7c7887730f0a None None] live_migration_retry_count = 30 {{(pid=108337) log_opt_values /opt/stack/data/venv/lib/python3.12/site-packages/oslo_config/cfg.py:3245}}
Jun 04 10:15:51.827959 np0000178529 devstack@n-api-meta.service[108337]: DEBUG nova.api.openstack.wsgi_app [None req-fdd74697-3a6e-4913-b10b-7c7887730f0a None None] log_color = False {{(pid=108337) log_opt_values /opt/stack/data/venv/lib/python3.12/site-packages/oslo_config/cfg.py:3245}}
Jun 04 10:15:51.828104 np0000178529 devstack@n-api-meta.service[108337]: DEBUG nova.api.openstack.wsgi_app [None req-fdd74697-3a6e-4913-b10b-7c7887730f0a None None] log_config_append = None {{(pid=108337) log_opt_values /opt/stack/data/venv/lib/python3.12/site-packages/oslo_config/cfg.py:3245}}
Jun 04 10:15:51.828240 np0000178529 devstack@n-api-meta.service[108337]: DEBUG nova.api.openstack.wsgi_app [None req-fdd74697-3a6e-4913-b10b-7c7887730f0a None None] log_date_format = %Y-%m-%d %H:%M:%S {{(pid=108337) log_opt_values /opt/stack/data/venv/lib/python3.12/site-packages/oslo_config/cfg.py:3245}}
Jun 04 10:15:51.828370 np0000178529 devstack@n-api-meta.service[108337]: DEBUG nova.api.openstack.wsgi_app [None req-fdd74697-3a6e-4913-b10b-7c7887730f0a None None] log_dir = None {{(pid=108337) log_opt_values /opt/stack/data/venv/lib/python3.12/site-packages/oslo_config/cfg.py:3245}}
Jun 04 10:15:51.828508 np0000178529 devstack@n-api-meta.service[108337]: DEBUG nova.api.openstack.wsgi_app [None req-fdd74697-3a6e-4913-b10b-7c7887730f0a None None] log_file = None {{(pid=108337) log_opt_values /opt/stack/data/venv/lib/python3.12/site-packages/oslo_config/cfg.py:3245}}
Jun 04 10:15:51.828736 np0000178529 devstack@n-api-meta.service[108337]: DEBUG nova.api.openstack.wsgi_app [None req-fdd74697-3a6e-4913-b10b-7c7887730f0a None None] log_options = True {{(pid=108337) log_opt_values /opt/stack/data/venv/lib/python3.12/site-packages/oslo_config/cfg.py:3245}}
Jun 04 10:15:51.828907 np0000178529 devstack@n-api-meta.service[108337]: DEBUG nova.api.openstack.wsgi_app [None req-fdd74697-3a6e-4913-b10b-7c7887730f0a None None] log_rotate_interval = 1 {{(pid=108337) log_opt_values /opt/stack/data/venv/lib/python3.12/site-packages/oslo_config/cfg.py:3245}}
Jun 04 10:15:51.829051 np0000178529 devstack@n-api-meta.service[108337]: DEBUG nova.api.openstack.wsgi_app [None req-fdd74697-3a6e-4913-b10b-7c7887730f0a None None] log_rotate_interval_type = days {{(pid=108337) log_opt_values /opt/stack/data/venv/lib/python3.12/site-packages/oslo_config/cfg.py:3245}}
Jun 04 10:15:51.829196 np0000178529 devstack@n-api-meta.service[108337]: DEBUG nova.api.openstack.wsgi_app [None req-fdd74697-3a6e-4913-b10b-7c7887730f0a None None] log_rotation_type = none {{(pid=108337) log_opt_values /opt/stack/data/venv/lib/python3.12/site-packages/oslo_config/cfg.py:3245}}
Jun 04 10:15:51.829303 np0000178529 devstack@n-api-meta.service[108337]: DEBUG nova.api.openstack.wsgi_app [None req-fdd74697-3a6e-4913-b10b-7c7887730f0a None None] logging_context_format_string = %(color)s%(levelname)s %(name)s [%(global_request_id)s %(request_id)s %(project_name)s %(user_name)s%(color)s] %(instance)s%(color)s%(message)s {{(pid=108337) log_opt_values /opt/stack/data/venv/lib/python3.12/site-packages/oslo_config/cfg.py:3245}}
