Apr 12 17:50:50.405719 np0000165273 neutron-periodic-workers[106564]: DEBUG cotyledon.oslo_config_glue [-] ml2.overlay_ip_version = 4 {{(pid=106564) log_opt_values /opt/stack/data/venv/lib/python3.12/site-packages/oslo_config/cfg.py:3006}}
Apr 12 17:50:50.405763 np0000165273 neutron-periodic-workers[106564]: DEBUG cotyledon.oslo_config_glue [-] ml2.path_mtu = 0 {{(pid=106564) log_opt_values /opt/stack/data/venv/lib/python3.12/site-packages/oslo_config/cfg.py:3006}}
Apr 12 17:50:50.405803 np0000165273 neutron-periodic-workers[106564]: DEBUG cotyledon.oslo_config_glue [-] ml2.physical_network_mtus = {} {{(pid=106564) log_opt_values /opt/stack/data/venv/lib/python3.12/site-packages/oslo_config/cfg.py:3006}}
Apr 12 17:50:50.405846 np0000165273 neutron-periodic-workers[106564]: DEBUG cotyledon.oslo_config_glue [-] ml2.project_network_types = ['geneve'] {{(pid=106564) log_opt_values /opt/stack/data/venv/lib/python3.12/site-packages/oslo_config/cfg.py:3006}}
Apr 12 17:50:50.405884 np0000165273 neutron-periodic-workers[106564]: DEBUG cotyledon.oslo_config_glue [-] ml2.tunnelled_network_rp_name = rp_tunnelled {{(pid=106564) log_opt_values /opt/stack/data/venv/lib/python3.12/site-packages/oslo_config/cfg.py:3006}}
Apr 12 17:50:50.405929 np0000165273 neutron-periodic-workers[106564]: DEBUG cotyledon.oslo_config_glue [-] ml2.type_drivers = ['local', 'flat', 'vlan', 'geneve'] {{(pid=106564) log_opt_values /opt/stack/data/venv/lib/python3.12/site-packages/oslo_config/cfg.py:3006}}
Apr 12 17:50:50.406007 np0000165273 neutron-periodic-workers[106564]: DEBUG cotyledon.oslo_config_glue [-] ml2_type_flat.flat_networks = ['public'] {{(pid=106564) log_opt_values /opt/stack/data/venv/lib/python3.12/site-packages/oslo_config/cfg.py:3006}}
Apr 12 17:50:50.406049 np0000165273 neutron-periodic-workers[106564]: DEBUG cotyledon.oslo_config_glue [-] ml2_type_geneve.max_header_size = 38 {{(pid=106564) log_opt_values /opt/stack/data/venv/lib/python3.12/site-packages/oslo_config/cfg.py:3006}}
Apr 12 17:50:50.406104 np0000165273 neutron-periodic-workers[106564]: DEBUG cotyledon.oslo_config_glue [-] ml2_type_geneve.vni_ranges = ['1:65536'] {{(pid=106564) log_opt_values /opt/stack/data/venv/lib/python3.12/site-packages/oslo_config/cfg.py:3006}}
Apr 12 17:50:50.406158 np0000165273 neutron-periodic-workers[106564]: DEBUG cotyledon.oslo_config_glue [-] ml2_type_vlan.network_vlan_ranges = ['public'] {{(pid=106564) log_opt_values /opt/stack/data/venv/lib/python3.12/site-packages/oslo_config/cfg.py:3006}}
Apr 12 17:50:50.406219 np0000165273 neutron-periodic-workers[106564]: DEBUG cotyledon.oslo_config_glue [-] network_log.burst_limit = 25 {{(pid=106564) log_opt_values /opt/stack/data/venv/lib/python3.12/site-packages/oslo_config/cfg.py:3006}}
Apr 12 17:50:50.406262 np0000165273 neutron-periodic-workers[106564]: DEBUG cotyledon.oslo_config_glue [-] network_log.local_output_log_base = None {{(pid=106564) log_opt_values /opt/stack/data/venv/lib/python3.12/site-packages/oslo_config/cfg.py:3006}}
Apr 12 17:50:50.406308 np0000165273 neutron-periodic-workers[106564]: DEBUG cotyledon.oslo_config_glue [-] network_log.rate_limit = 100 {{(pid=106564) log_opt_values /opt/stack/data/venv/lib/python3.12/site-packages/oslo_config/cfg.py:3006}}
Apr 12 17:50:50.406363 np0000165273 neutron-periodic-workers[106564]: DEBUG cotyledon.oslo_config_glue [-] database.asyncio_connection = **** {{(pid=106564) log_opt_values /opt/stack/data/venv/lib/python3.12/site-packages/oslo_config/cfg.py:3006}}
Apr 12 17:50:50.406402 np0000165273 neutron-periodic-workers[106564]: DEBUG cotyledon.oslo_config_glue [-] database.asyncio_slave_connection = **** {{(pid=106564) log_opt_values /opt/stack/data/venv/lib/python3.12/site-packages/oslo_config/cfg.py:3006}}
Apr 12 17:50:50.406457 np0000165273 neutron-periodic-workers[106564]: DEBUG cotyledon.oslo_config_glue [-] database.backend = sqlalchemy {{(pid=106564) log_opt_values /opt/stack/data/venv/lib/python3.12/site-packages/oslo_config/cfg.py:3006}}
Apr 12 17:50:50.406538 np0000165273 neutron-periodic-workers[106564]: DEBUG cotyledon.oslo_config_glue [-] database.connection = **** {{(pid=106564) log_opt_values /opt/stack/data/venv/lib/python3.12/site-packages/oslo_config/cfg.py:3006}}
Apr 12 17:50:50.406576 np0000165273 neutron-periodic-workers[106564]: DEBUG cotyledon.oslo_config_glue [-] database.connection_debug = 0 {{(pid=106564) log_opt_values /opt/stack/data/venv/lib/python3.12/site-packages/oslo_config/cfg.py:3006}}
Apr 12 17:50:50.406609 np0000165273 neutron-periodic-workers[106564]: DEBUG cotyledon.oslo_config_glue [-] database.connection_parameters = {{(pid=106564) log_opt_values /opt/stack/data/venv/lib/python3.12/site-packages/oslo_config/cfg.py:3006}}
Apr 12 17:50:50.406652 np0000165273 neutron-periodic-workers[106564]: DEBUG cotyledon.oslo_config_glue [-] database.connection_recycle_time = 3600 {{(pid=106564) log_opt_values /opt/stack/data/venv/lib/python3.12/site-packages/oslo_config/cfg.py:3006}}
Apr 12 17:50:50.406696 np0000165273 neutron-periodic-workers[106564]: DEBUG cotyledon.oslo_config_glue [-] database.connection_trace = False {{(pid=106564) log_opt_values /opt/stack/data/venv/lib/python3.12/site-packages/oslo_config/cfg.py:3006}}
Apr 12 17:50:50.406735 np0000165273 neutron-periodic-workers[106564]: DEBUG cotyledon.oslo_config_glue [-] database.db_inc_retry_interval = True {{(pid=106564) log_opt_values /opt/stack/data/venv/lib/python3.12/site-packages/oslo_config/cfg.py:3006}}
Apr 12 17:50:50.406780 np0000165273 neutron-periodic-workers[106564]: DEBUG cotyledon.oslo_config_glue [-] database.db_max_retries = 20 {{(pid=106564) log_opt_values /opt/stack/data/venv/lib/python3.12/site-packages/oslo_config/cfg.py:3006}}
Apr 12 17:50:50.406820 np0000165273 neutron-periodic-workers[106564]: DEBUG cotyledon.oslo_config_glue [-] database.db_max_retry_interval = 10 {{(pid=106564) log_opt_values /opt/stack/data/venv/lib/python3.12/site-packages/oslo_config/cfg.py:3006}}
Apr 12 17:50:50.406877 np0000165273 neutron-periodic-workers[106564]: DEBUG cotyledon.oslo_config_glue [-] database.db_retry_interval = 1 {{(pid=106564) log_opt_values /opt/stack/data/venv/lib/python3.12/site-packages/oslo_config/cfg.py:3006}}
Apr 12 17:50:50.406905 np0000165273 neutron-periodic-workers[106564]: DEBUG cotyledon.oslo_config_glue [-] database.max_overflow = 50 {{(pid=106564) log_opt_values /opt/stack/data/venv/lib/python3.12/site-packages/oslo_config/cfg.py:3006}}
Apr 12 17:50:50.406934 np0000165273 neutron-periodic-workers[106564]: DEBUG cotyledon.oslo_config_glue [-] database.max_pool_size = 5 {{(pid=106564) log_opt_values /opt/stack/data/venv/lib/python3.12/site-packages/oslo_config/cfg.py:3006}}
Apr 12 17:50:50.406960 np0000165273 neutron-periodic-workers[106564]: DEBUG cotyledon.oslo_config_glue [-] database.max_retries = 10 {{(pid=106564) log_opt_values /opt/stack/data/venv/lib/python3.12/site-packages/oslo_config/cfg.py:3006}}
Apr 12 17:50:50.407007 np0000165273 neutron-periodic-workers[106564]: DEBUG cotyledon.oslo_config_glue [-] database.mysql_sql_mode = TRADITIONAL {{(pid=106564) log_opt_values /opt/stack/data/venv/lib/python3.12/site-packages/oslo_config/cfg.py:3006}}
Apr 12 17:50:50.407044 np0000165273 neutron-periodic-workers[106564]: DEBUG cotyledon.oslo_config_glue [-] database.mysql_wsrep_sync_wait = None {{(pid=106564) log_opt_values /opt/stack/data/venv/lib/python3.12/site-packages/oslo_config/cfg.py:3006}}
Apr 12 17:50:50.407068 np0000165273 neutron-periodic-workers[106564]: DEBUG cotyledon.oslo_config_glue [-] database.pool_timeout = None {{(pid=106564) log_opt_values /opt/stack/data/venv/lib/python3.12/site-packages/oslo_config/cfg.py:3006}}
Apr 12 17:50:50.407114 np0000165273 neutron-periodic-workers[106564]: DEBUG cotyledon.oslo_config_glue [-] database.retry_interval = 10 {{(pid=106564) log_opt_values /opt/stack/data/venv/lib/python3.12/site-packages/oslo_config/cfg.py:3006}}
Apr 12 17:50:50.407150 np0000165273 neutron-periodic-workers[106564]: DEBUG cotyledon.oslo_config_glue [-] database.slave_connection = **** {{(pid=106564) log_opt_values /opt/stack/data/venv/lib/python3.12/site-packages/oslo_config/cfg.py:3006}}
Apr 12 17:50:50.407201 np0000165273 neutron-periodic-workers[106564]: DEBUG cotyledon.oslo_config_glue [-] database.sqlite_synchronous = True {{(pid=106564) log_opt_values /opt/stack/data/venv/lib/python3.12/site-packages/oslo_config/cfg.py:3006}}
Apr 12 17:50:50.407230 np0000165273 neutron-periodic-workers[106564]: DEBUG cotyledon.oslo_config_glue [-] database.synchronous_reader = True {{(pid=106564) log_opt_values /opt/stack/data/venv/lib/python3.12/site-packages/oslo_config/cfg.py:3006}}
Apr 12 17:50:50.407272 np0000165273 neutron-periodic-workers[106564]: DEBUG cotyledon.oslo_config_glue [-] database.use_db_reconnect = False {{(pid=106564) log_opt_values /opt/stack/data/venv/lib/python3.12/site-packages/oslo_config/cfg.py:3006}}
Apr 12 17:50:50.407419 np0000165273 neutron-periodic-workers[106564]: DEBUG cotyledon.oslo_config_glue [-] ovn.bfd_min_rx = 1000 {{(pid=106564) log_opt_values /opt/stack/data/venv/lib/python3.12/site-packages/oslo_config/cfg.py:3006}}
Apr 12 17:50:50.407419 np0000165273 neutron-periodic-workers[106564]: DEBUG cotyledon.oslo_config_glue [-] ovn.bfd_min_tx = 100 {{(pid=106564) log_opt_values /opt/stack/data/venv/lib/python3.12/site-packages/oslo_config/cfg.py:3006}}
Apr 12 17:50:50.407568 np0000165273 neutron-periodic-workers[106564]: DEBUG cotyledon.oslo_config_glue [-] ovn.bfd_mult = 3 {{(pid=106564) log_opt_values /opt/stack/data/venv/lib/python3.12/site-packages/oslo_config/cfg.py:3006}}
Apr 12 17:50:50.407568 np0000165273 neutron-periodic-workers[106564]: DEBUG cotyledon.oslo_config_glue [-] ovn.broadcast_arps_to_all_routers = True {{(pid=106564) log_opt_values /opt/stack/data/venv/lib/python3.12/site-packages/oslo_config/cfg.py:3006}}
Apr 12 17:50:50.407629 np0000165273 neutron-periodic-workers[106564]: DEBUG cotyledon.oslo_config_glue [-] ovn.dhcp_default_lease_time = 43200 {{(pid=106564) log_opt_values /opt/stack/data/venv/lib/python3.12/site-packages/oslo_config/cfg.py:3006}}
Apr 12 17:50:50.407629 np0000165273 neutron-periodic-workers[106564]: DEBUG cotyledon.oslo_config_glue [-] ovn.disable_ovn_dhcp_for_baremetal_ports = False {{(pid=106564) log_opt_values /opt/stack/data/venv/lib/python3.12/site-packages/oslo_config/cfg.py:3006}}
Apr 12 17:50:50.407688 np0000165273 neutron-periodic-workers[106564]: DEBUG cotyledon.oslo_config_glue [-] ovn.dns_records_ovn_owned = False {{(pid=106564) log_opt_values /opt/stack/data/venv/lib/python3.12/site-packages/oslo_config/cfg.py:3006}}
Apr 12 17:50:50.407688 np0000165273 neutron-periodic-workers[106564]: DEBUG cotyledon.oslo_config_glue [-] ovn.dns_servers = [] {{(pid=106564) log_opt_values /opt/stack/data/venv/lib/python3.12/site-packages/oslo_config/cfg.py:3006}}
Apr 12 17:50:50.407739 np0000165273 neutron-periodic-workers[106564]: DEBUG cotyledon.oslo_config_glue [-] ovn.enable_distributed_floating_ip = False {{(pid=106564) log_opt_values /opt/stack/data/venv/lib/python3.12/site-packages/oslo_config/cfg.py:3006}}
Apr 12 17:50:50.407767 np0000165273 neutron-periodic-workers[106564]: DEBUG cotyledon.oslo_config_glue [-] ovn.fdb_age_threshold = 300 {{(pid=106564) log_opt_values /opt/stack/data/venv/lib/python3.12/site-packages/oslo_config/cfg.py:3006}}
Apr 12 17:50:50.407802 np0000165273 neutron-periodic-workers[106564]: DEBUG cotyledon.oslo_config_glue [-] ovn.ha_failover_strategy = normal {{(pid=106564) log_opt_values /opt/stack/data/venv/lib/python3.12/site-packages/oslo_config/cfg.py:3006}}
Apr 12 17:50:50.407846 np0000165273 neutron-periodic-workers[106564]: DEBUG cotyledon.oslo_config_glue [-] ovn.live_migration_activation_strategy = rarp {{(pid=106564) log_opt_values /opt/stack/data/venv/lib/python3.12/site-packages/oslo_config/cfg.py:3006}}
Apr 12 17:50:50.407873 np0000165273 neutron-periodic-workers[106564]: DEBUG cotyledon.oslo_config_glue [-] ovn.localnet_learn_fdb = False {{(pid=106564) log_opt_values /opt/stack/data/venv/lib/python3.12/site-packages/oslo_config/cfg.py:3006}}
Apr 12 17:50:50.407928 np0000165273 neutron-periodic-workers[106564]: DEBUG cotyledon.oslo_config_glue [-] ovn.mac_binding_age_threshold = 300 {{(pid=106564) log_opt_values /opt/stack/data/venv/lib/python3.12/site-packages/oslo_config/cfg.py:3006}}
Apr 12 17:50:50.407965 np0000165273 neutron-periodic-workers[106564]: DEBUG cotyledon.oslo_config_glue [-] ovn.neutron_sync_mode = log {{(pid=106564) log_opt_values /opt/stack/data/venv/lib/python3.12/site-packages/oslo_config/cfg.py:3006}}
Apr 12 17:50:50.408061 np0000165273 neutron-periodic-workers[106564]: DEBUG cotyledon.oslo_config_glue [-] ovn.ovn_dhcp4_global_options = {} {{(pid=106564) log_opt_values /opt/stack/data/venv/lib/python3.12/site-packages/oslo_config/cfg.py:3006}}
Apr 12 17:50:50.408061 np0000165273 neutron-periodic-workers[106564]: DEBUG cotyledon.oslo_config_glue [-] ovn.ovn_dhcp6_global_options = {} {{(pid=106564) log_opt_values /opt/stack/data/venv/lib/python3.12/site-packages/oslo_config/cfg.py:3006}}
Apr 12 17:50:50.408121 np0000165273 neutron-periodic-workers[106564]: DEBUG cotyledon.oslo_config_glue [-] ovn.ovn_l3_scheduler = leastloaded {{(pid=106564) log_opt_values /opt/stack/data/venv/lib/python3.12/site-packages/oslo_config/cfg.py:3006}}
Apr 12 17:50:50.408121 np0000165273 neutron-periodic-workers[106564]: DEBUG cotyledon.oslo_config_glue [-] ovn.ovn_metadata_enabled = True {{(pid=106564) log_opt_values /opt/stack/data/venv/lib/python3.12/site-packages/oslo_config/cfg.py:3006}}
Apr 12 17:50:50.408181 np0000165273 neutron-periodic-workers[106564]: DEBUG cotyledon.oslo_config_glue [-] ovn.ovn_nb_ca_cert = /opt/stack/data/CA/int-ca/ca-chain.pem {{(pid=106564) log_opt_values /opt/stack/data/venv/lib/python3.12/site-packages/oslo_config/cfg.py:3006}}
Apr 12 17:50:50.408243 np0000165273 neutron-periodic-workers[106564]: DEBUG cotyledon.oslo_config_glue [-] ovn.ovn_nb_certificate = /opt/stack/data/CA/int-ca/devstack-cert.crt {{(pid=106564) log_opt_values /opt/stack/data/venv/lib/python3.12/site-packages/oslo_config/cfg.py:3006}}
Apr 12 17:50:50.408284 np0000165273 neutron-periodic-workers[106564]: DEBUG cotyledon.oslo_config_glue [-] ovn.ovn_nb_connection = ['ssl:199.19.213.87:6641'] {{(pid=106564) log_opt_values /opt/stack/data/venv/lib/python3.12/site-packages/oslo_config/cfg.py:3006}}
Apr 12 17:50:50.408337 np0000165273 neutron-periodic-workers[106564]: DEBUG cotyledon.oslo_config_glue [-] ovn.ovn_nb_private_key = /opt/stack/data/CA/int-ca/private/devstack-cert.key {{(pid=106564) log_opt_values /opt/stack/data/venv/lib/python3.12/site-packages/oslo_config/cfg.py:3006}}
Apr 12 17:50:50.408372 np0000165273 neutron-periodic-workers[106564]: DEBUG cotyledon.oslo_config_glue [-] ovn.ovn_router_indirect_snat = False {{(pid=106564) log_opt_values /opt/stack/data/venv/lib/python3.12/site-packages/oslo_config/cfg.py:3006}}
Apr 12 17:50:50.408414 np0000165273 neutron-periodic-workers[106564]: DEBUG cotyledon.oslo_config_glue [-] ovn.ovn_sb_ca_cert = /opt/stack/data/CA/int-ca/ca-chain.pem {{(pid=106564) log_opt_values /opt/stack/data/venv/lib/python3.12/site-packages/oslo_config/cfg.py:3006}}
Apr 12 17:50:50.408452 np0000165273 neutron-periodic-workers[106564]: DEBUG cotyledon.oslo_config_glue [-] ovn.ovn_sb_certificate = /opt/stack/data/CA/int-ca/devstack-cert.crt {{(pid=106564) log_opt_values /opt/stack/data/venv/lib/python3.12/site-packages/oslo_config/cfg.py:3006}}
Apr 12 17:50:50.408494 np0000165273 neutron-periodic-workers[106564]: DEBUG cotyledon.oslo_config_glue [-] ovn.ovn_sb_connection = ['ssl:199.19.213.87:6642'] {{(pid=106564) log_opt_values /opt/stack/data/venv/lib/python3.12/site-packages/oslo_config/cfg.py:3006}}
Apr 12 17:50:50.408610 np0000165273 neutron-periodic-workers[106564]: DEBUG cotyledon.oslo_config_glue [-] ovn.ovn_sb_private_key = /opt/stack/data/CA/int-ca/private/devstack-cert.key {{(pid=106564) log_opt_values /opt/stack/data/venv/lib/python3.12/site-packages/oslo_config/cfg.py:3006}}
Apr 12 17:50:50.408610 np0000165273 neutron-periodic-workers[106564]: DEBUG cotyledon.oslo_config_glue [-] ovn.ovs_create_tap = False {{(pid=106564) log_opt_values /opt/stack/data/venv/lib/python3.12/site-packages/oslo_config/cfg.py:3006}}
Apr 12 17:50:50.408610 np0000165273 neutron-periodic-workers[106564]: DEBUG cotyledon.oslo_config_glue [-] ovn.ovsdb_connection_timeout = 180 {{(pid=106564) log_opt_values /opt/stack/data/venv/lib/python3.12/site-packages/oslo_config/cfg.py:3006}}
Apr 12 17:50:50.408709 np0000165273 neutron-periodic-workers[106564]: DEBUG cotyledon.oslo_config_glue [-] ovn.ovsdb_log_level = INFO {{(pid=106564) log_opt_values /opt/stack/data/venv/lib/python3.12/site-packages/oslo_config/cfg.py:3006}}
Apr 12 17:50:50.408709 np0000165273 neutron-periodic-workers[106564]: DEBUG cotyledon.oslo_config_glue [-] ovn.ovsdb_probe_interval = 60000 {{(pid=106564) log_opt_values /opt/stack/data/venv/lib/python3.12/site-packages/oslo_config/cfg.py:3006}}
Apr 12 17:50:50.408709 np0000165273 neutron-periodic-workers[106564]: DEBUG cotyledon.oslo_config_glue [-] ovn.ovsdb_retry_max_interval = 180 {{(pid=106564) log_opt_values /opt/stack/data/venv/lib/python3.12/site-packages/oslo_config/cfg.py:3006}}
Apr 12 17:50:50.408709 np0000165273 neutron-periodic-workers[106564]: DEBUG cotyledon.oslo_config_glue [-] ovn.stateless_nat_enabled = False {{(pid=106564) log_opt_values /opt/stack/data/venv/lib/python3.12/site-packages/oslo_config/cfg.py:3006}}
Apr 12 17:50:50.408887 np0000165273 neutron-periodic-workers[106564]: DEBUG cotyledon.oslo_config_glue [-] ovn.vhost_sock_dir = /var/run/openvswitch {{(pid=106564) log_opt_values /opt/stack/data/venv/lib/python3.12/site-packages/oslo_config/cfg.py:3006}}
Apr 12 17:50:50.408887 np0000165273 neutron-periodic-workers[106564]: DEBUG cotyledon.oslo_config_glue [-] OVS.bridge_mac_table_size = 50000 {{(pid=106564) log_opt_values /opt/stack/data/venv/lib/python3.12/site-packages/oslo_config/cfg.py:3006}}
Apr 12 17:50:50.408887 np0000165273 neutron-periodic-workers[106564]: DEBUG cotyledon.oslo_config_glue [-] OVS.igmp_flood = False {{(pid=106564) log_opt_values /opt/stack/data/venv/lib/python3.12/site-packages/oslo_config/cfg.py:3006}}
Apr 12 17:50:50.409026 np0000165273 neutron-periodic-workers[106564]: DEBUG cotyledon.oslo_config_glue [-] OVS.igmp_flood_reports = True {{(pid=106564) log_opt_values /opt/stack/data/venv/lib/python3.12/site-packages/oslo_config/cfg.py:3006}}
Apr 12 17:50:50.409026 np0000165273 neutron-periodic-workers[106564]: DEBUG cotyledon.oslo_config_glue [-] OVS.igmp_flood_unregistered = False {{(pid=106564) log_opt_values /opt/stack/data/venv/lib/python3.12/site-packages/oslo_config/cfg.py:3006}}
Apr 12 17:50:50.409026 np0000165273 neutron-periodic-workers[106564]: DEBUG cotyledon.oslo_config_glue [-] OVS.igmp_snooping_enable = False {{(pid=106564) log_opt_values /opt/stack/data/venv/lib/python3.12/site-packages/oslo_config/cfg.py:3006}}
Apr 12 17:50:50.409101 np0000165273 neutron-periodic-workers[106564]: DEBUG cotyledon.oslo_config_glue [-] OVS.ovsdb_timeout = 10 {{(pid=106564) log_opt_values /opt/stack/data/venv/lib/python3.12/site-packages/oslo_config/cfg.py:3006}}
Apr 12 17:50:50.409101 np0000165273 neutron-periodic-workers[106564]: DEBUG cotyledon.oslo_config_glue [-] ovn_nb_global.fdb_removal_limit = 0 {{(pid=106564) log_opt_values /opt/stack/data/venv/lib/python3.12/site-packages/oslo_config/cfg.py:3006}}
Apr 12 17:50:50.409188 np0000165273 neutron-periodic-workers[106564]: DEBUG cotyledon.oslo_config_glue [-] ovn_nb_global.ignore_lsp_down = False {{(pid=106564) log_opt_values /opt/stack/data/venv/lib/python3.12/site-packages/oslo_config/cfg.py:3006}}
Apr 12 17:50:50.409188 np0000165273 neutron-periodic-workers[106564]: DEBUG cotyledon.oslo_config_glue [-] ovn_nb_global.mac_binding_removal_limit = 0 {{(pid=106564) log_opt_values /opt/stack/data/venv/lib/python3.12/site-packages/oslo_config/cfg.py:3006}}
Apr 12 17:50:50.409278 np0000165273 neutron-periodic-workers[106564]: DEBUG cotyledon.oslo_config_glue [-] ******************************************************************************** {{(pid=106564) log_opt_values /opt/stack/data/venv/lib/python3.12/site-packages/oslo_config/cfg.py:3013}}
Apr 12 17:50:50.409369 np0000165273 neutron-periodic-workers[106564]: DEBUG cotyledon._service_worker [-] Run service ServiceWrapper(0) [106564] {{(pid=106564) wait_forever /opt/stack/data/venv/lib/python3.12/site-packages/cotyledon/_service_worker.py:218}}
Apr 12 17:51:00.049917 np0000165273 neutron-periodic-workers[105807]: DEBUG dbcounter [-] [105807] Writing DB stats neutron:SELECT=4 {{(pid=105807) stat_writer /opt/stack/data/venv/lib/python3.12/site-packages/dbcounter.py:115}}
Apr 12 17:51:42.385672 np0000165273 neutron-periodic-workers[106541]: DEBUG oslo_db.sqlalchemy.engines [None req-8572a60f-35b1-457d-aaf6-c4151dd852ae None None] Parent process 105807 forked (106541) with an open database connection, which is being discarded and recreated. {{(pid=106541) checkout /opt/stack/data/venv/lib/python3.12/site-packages/oslo_db/sqlalchemy/engines.py:402}}
Apr 12 17:51:42.397774 np0000165273 neutron-periodic-workers[106541]: DEBUG dbcounter [-] [106541] Writer thread running {{(pid=106541) stat_writer /opt/stack/data/venv/lib/python3.12/site-packages/dbcounter.py:102}}
Apr 12 17:51:42.402145 np0000165273 neutron-periodic-workers[106541]: DEBUG neutron.db.agents_db [None req-8572a60f-35b1-457d-aaf6-c4151dd852ae None None] Agent healthcheck: found 0 active agents {{(pid=106541) agent_health_check /opt/stack/neutron/neutron/db/agents_db.py:317}}
Apr 12 17:51:42.402411 np0000165273 neutron-periodic-workers[106541]: DEBUG oslo.service.backend._threading.loopingcall [None req-8572a60f-35b1-457d-aaf6-c4151dd852ae None None] Fixed interval looping call 'neutron.plugins.ml2.plugin.AgentDbMixin.agent_health_check' sleeping for 36.97 seconds {{(pid=106541) _run_loop /opt/stack/data/venv/lib/python3.12/site-packages/oslo_service/backend/_threading/loopingcall.py:125}}
Apr 12 17:51:52.398424 np0000165273 neutron-periodic-workers[106541]: DEBUG dbcounter [-] [106541] Writing DB stats neutron:SELECT=1 {{(pid=106541) stat_writer /opt/stack/data/venv/lib/python3.12/site-packages/dbcounter.py:115}}
Apr 12 17:51:55.359272 np0000165273 neutron-periodic-workers[106534]: DEBUG dbcounter [-] [106534] Writer thread running {{(pid=106534) stat_writer /opt/stack/data/venv/lib/python3.12/site-packages/dbcounter.py:102}}
Apr 12 17:51:55.368899 np0000165273 neutron-periodic-workers[106534]: DEBUG oslo.service.backend._threading.loopingcall [None req-bf73a972-cd2d-46c9-b1f5-995a433c45a1 None None] Fixed interval looping call 'neutron.plugins.ml2.plugin.DhcpAgentSchedulerDbMixin.remove_networks_from_down_agents' sleeping for 36.98 seconds {{(pid=106534) _run_loop /opt/stack/data/venv/lib/python3.12/site-packages/oslo_service/backend/_threading/loopingcall.py:125}}
Apr 12 17:52:05.367583 np0000165273 neutron-periodic-workers[106534]: DEBUG dbcounter [-] [106534] Writing DB stats neutron:SELECT=3 {{(pid=106534) stat_writer /opt/stack/data/venv/lib/python3.12/site-packages/dbcounter.py:115}}
Apr 12 17:52:19.379123 np0000165273 neutron-periodic-workers[106541]: DEBUG neutron.db.agents_db [None req-8572a60f-35b1-457d-aaf6-c4151dd852ae None None] Agent healthcheck: found 0 active agents {{(pid=106541) agent_health_check /opt/stack/neutron/neutron/db/agents_db.py:317}}
Apr 12 17:52:19.379761 np0000165273 neutron-periodic-workers[106541]: DEBUG oslo.service.backend._threading.loopingcall [None req-8572a60f-35b1-457d-aaf6-c4151dd852ae None None] Fixed interval looping call 'neutron.plugins.ml2.plugin.AgentDbMixin.agent_health_check' sleeping for 36.99 seconds {{(pid=106541) _run_loop /opt/stack/data/venv/lib/python3.12/site-packages/oslo_service/backend/_threading/loopingcall.py:125}}
Apr 12 17:52:29.376969 np0000165273 neutron-periodic-workers[106541]: DEBUG dbcounter [-] [106541] Writing DB stats neutron:SELECT=1 {{(pid=106541) stat_writer /opt/stack/data/venv/lib/python3.12/site-packages/dbcounter.py:115}}
Apr 12 17:52:32.358530 np0000165273 neutron-periodic-workers[106534]: DEBUG oslo.service.backend._threading.loopingcall [None req-bf73a972-cd2d-46c9-b1f5-995a433c45a1 None None] Fixed interval looping call 'neutron.plugins.ml2.plugin.DhcpAgentSchedulerDbMixin.remove_networks_from_down_agents' sleeping for 36.99 seconds {{(pid=106534) _run_loop /opt/stack/data/venv/lib/python3.12/site-packages/oslo_service/backend/_threading/loopingcall.py:125}}
Apr 12 17:52:42.357154 np0000165273 neutron-periodic-workers[106534]: DEBUG dbcounter [-] [106534] Writing DB stats neutron:SELECT=3 {{(pid=106534) stat_writer /opt/stack/data/venv/lib/python3.12/site-packages/dbcounter.py:115}}
Apr 12 17:52:50.400483 np0000165273 neutron-periodic-workers[106555]: DEBUG dbcounter [-] [106555] Writer thread running {{(pid=106555) stat_writer /opt/stack/data/venv/lib/python3.12/site-packages/dbcounter.py:102}}
Apr 12 17:52:50.402761 np0000165273 neutron-periodic-workers[106555]: DEBUG oslo.service.backend._threading.loopingcall [None req-25f39028-e27a-4e85-b55a-a959ffd7fb89 None None] Fixed interval looping call 'neutron.db.quota.driver_nolock.DbQuotaNoLockDriver._remove_expired_reservations' sleeping for 119.98 seconds {{(pid=106555) _run_loop /opt/stack/data/venv/lib/python3.12/site-packages/oslo_service/backend/_threading/loopingcall.py:125}}
Apr 12 17:52:56.375034 np0000165273 neutron-periodic-workers[106541]: DEBUG neutron.db.agents_db [None req-8572a60f-35b1-457d-aaf6-c4151dd852ae None None] Agent healthcheck: found 0 active agents {{(pid=106541) agent_health_check /opt/stack/neutron/neutron/db/agents_db.py:317}}
Apr 12 17:52:56.375618 np0000165273 neutron-periodic-workers[106541]: DEBUG oslo.service.backend._threading.loopingcall [None req-8572a60f-35b1-457d-aaf6-c4151dd852ae None None] Fixed interval looping call 'neutron.plugins.ml2.plugin.AgentDbMixin.agent_health_check' sleeping for 36.99 seconds {{(pid=106541) _run_loop /opt/stack/data/venv/lib/python3.12/site-packages/oslo_service/backend/_threading/loopingcall.py:125}}
Apr 12 17:53:00.401248 np0000165273 neutron-periodic-workers[106555]: DEBUG dbcounter [-] [106555] Writing DB stats neutron:DELETE=1 {{(pid=106555) stat_writer /opt/stack/data/venv/lib/python3.12/site-packages/dbcounter.py:115}}
Apr 12 17:53:06.373337 np0000165273 neutron-periodic-workers[106541]: DEBUG dbcounter [-] [106541] Writing DB stats neutron:SELECT=1 {{(pid=106541) stat_writer /opt/stack/data/venv/lib/python3.12/site-packages/dbcounter.py:115}}
Apr 12 17:53:09.356203 np0000165273 neutron-periodic-workers[106534]: DEBUG oslo.service.backend._threading.loopingcall [None req-bf73a972-cd2d-46c9-b1f5-995a433c45a1 None None] Fixed interval looping call 'neutron.plugins.ml2.plugin.DhcpAgentSchedulerDbMixin.remove_networks_from_down_agents' sleeping for 36.99 seconds {{(pid=106534) _run_loop /opt/stack/data/venv/lib/python3.12/site-packages/oslo_service/backend/_threading/loopingcall.py:125}}
Apr 12 17:53:19.355132 np0000165273 neutron-periodic-workers[106534]: DEBUG dbcounter [-] [106534] Writing DB stats neutron:SELECT=3 {{(pid=106534) stat_writer /opt/stack/data/venv/lib/python3.12/site-packages/dbcounter.py:115}}
Apr 12 17:53:33.370839 np0000165273 neutron-periodic-workers[106541]: DEBUG neutron.db.agents_db [None req-8572a60f-35b1-457d-aaf6-c4151dd852ae None None] Agent healthcheck: found 0 active agents {{(pid=106541) agent_health_check /opt/stack/neutron/neutron/db/agents_db.py:317}}
Apr 12 17:53:33.371464 np0000165273 neutron-periodic-workers[106541]: DEBUG oslo.service.backend._threading.loopingcall [None req-8572a60f-35b1-457d-aaf6-c4151dd852ae None None] Fixed interval looping call 'neutron.plugins.ml2.plugin.AgentDbMixin.agent_health_check' sleeping for 36.99 seconds {{(pid=106541) _run_loop /opt/stack/data/venv/lib/python3.12/site-packages/oslo_service/backend/_threading/loopingcall.py:125}}
Apr 12 17:53:43.369393 np0000165273 neutron-periodic-workers[106541]: DEBUG dbcounter [-] [106541] Writing DB stats neutron:SELECT=1 {{(pid=106541) stat_writer /opt/stack/data/venv/lib/python3.12/site-packages/dbcounter.py:115}}
Apr 12 17:53:46.356597 np0000165273 neutron-periodic-workers[106534]: DEBUG oslo.service.backend._threading.loopingcall [None req-bf73a972-cd2d-46c9-b1f5-995a433c45a1 None None] Fixed interval looping call 'neutron.plugins.ml2.plugin.DhcpAgentSchedulerDbMixin.remove_networks_from_down_agents' sleeping for 36.99 seconds {{(pid=106534) _run_loop /opt/stack/data/venv/lib/python3.12/site-packages/oslo_service/backend/_threading/loopingcall.py:125}}
Apr 12 17:53:56.355681 np0000165273 neutron-periodic-workers[106534]: DEBUG dbcounter [-] [106534] Writing DB stats neutron:SELECT=3 {{(pid=106534) stat_writer /opt/stack/data/venv/lib/python3.12/site-packages/dbcounter.py:115}}
Apr 12 17:54:10.368884 np0000165273 neutron-periodic-workers[106541]: DEBUG neutron.db.agents_db [None req-8572a60f-35b1-457d-aaf6-c4151dd852ae None None] Agent healthcheck: found 0 active agents {{(pid=106541) agent_health_check /opt/stack/neutron/neutron/db/agents_db.py:317}}
Apr 12 17:54:10.369390 np0000165273 neutron-periodic-workers[106541]: DEBUG oslo.service.backend._threading.loopingcall [None req-8572a60f-35b1-457d-aaf6-c4151dd852ae None None] Fixed interval looping call 'neutron.plugins.ml2.plugin.AgentDbMixin.agent_health_check' sleeping for 36.99 seconds {{(pid=106541) _run_loop /opt/stack/data/venv/lib/python3.12/site-packages/oslo_service/backend/_threading/loopingcall.py:125}}
Apr 12 17:54:10.448123 np0000165273 neutron-periodic-workers[106564]: DEBUG dbcounter [-] [106564] Writer thread running {{(pid=106564) stat_writer /opt/stack/data/venv/lib/python3.12/site-packages/dbcounter.py:102}}
Apr 12 17:54:10.458816 np0000165273 neutron-periodic-workers[106564]: DEBUG oslo.service.backend._threading.loopingcall [None req-29a7aaa1-a759-4976-9dd9-7bc15c220383 None None] Fixed interval looping call 'neutron.services.ovn_l3.plugin.L3_NAT_dbonly_mixin._clean_garbage' sleeping for 299.95 seconds {{(pid=106564) _run_loop /opt/stack/data/venv/lib/python3.12/site-packages/oslo_service/backend/_threading/loopingcall.py:125}}
Apr 12 17:54:20.366696 np0000165273 neutron-periodic-workers[106541]: DEBUG dbcounter [-] [106541] Writing DB stats neutron:SELECT=1 {{(pid=106541) stat_writer /opt/stack/data/venv/lib/python3.12/site-packages/dbcounter.py:115}}
Apr 12 17:54:20.448798 np0000165273 neutron-periodic-workers[106564]: DEBUG dbcounter [-] [106564] Writing DB stats neutron:SELECT=1 {{(pid=106564) stat_writer /opt/stack/data/venv/lib/python3.12/site-packages/dbcounter.py:115}}
Apr 12 17:54:23.356582 np0000165273 neutron-periodic-workers[106534]: DEBUG oslo.service.backend._threading.loopingcall [None req-bf73a972-cd2d-46c9-b1f5-995a433c45a1 None None] Fixed interval looping call 'neutron.plugins.ml2.plugin.DhcpAgentSchedulerDbMixin.remove_networks_from_down_agents' sleeping for 36.99 seconds {{(pid=106534) _run_loop /opt/stack/data/venv/lib/python3.12/site-packages/oslo_service/backend/_threading/loopingcall.py:125}}
Apr 12 17:54:33.355090 np0000165273 neutron-periodic-workers[106534]: DEBUG dbcounter [-] [106534] Writing DB stats neutron:SELECT=3 {{(pid=106534) stat_writer /opt/stack/data/venv/lib/python3.12/site-packages/dbcounter.py:115}}
Apr 12 17:54:47.366061 np0000165273 neutron-periodic-workers[106541]: DEBUG neutron.db.agents_db [None req-8572a60f-35b1-457d-aaf6-c4151dd852ae None None] Agent healthcheck: found 0 active agents {{(pid=106541) agent_health_check /opt/stack/neutron/neutron/db/agents_db.py:317}}
Apr 12 17:54:47.366061 np0000165273 neutron-periodic-workers[106541]: DEBUG oslo.service.backend._threading.loopingcall [None req-8572a60f-35b1-457d-aaf6-c4151dd852ae None None] Fixed interval looping call 'neutron.plugins.ml2.plugin.AgentDbMixin.agent_health_check' sleeping for 36.99 seconds {{(pid=106541) _run_loop /opt/stack/data/venv/lib/python3.12/site-packages/oslo_service/backend/_threading/loopingcall.py:125}}
Apr 12 17:54:50.388618 np0000165273 neutron-periodic-workers[106555]: DEBUG oslo.service.backend._threading.loopingcall [None req-25f39028-e27a-4e85-b55a-a959ffd7fb89 None None] Fixed interval looping call 'neutron.db.quota.driver_nolock.DbQuotaNoLockDriver._remove_expired_reservations' sleeping for 119.99 seconds {{(pid=106555) _run_loop /opt/stack/data/venv/lib/python3.12/site-packages/oslo_service/backend/_threading/loopingcall.py:125}}
Apr 12 17:54:57.364875 np0000165273 neutron-periodic-workers[106541]: DEBUG dbcounter [-] [106541] Writing DB stats neutron:SELECT=1 {{(pid=106541) stat_writer /opt/stack/data/venv/lib/python3.12/site-packages/dbcounter.py:115}}
Apr 12 17:55:00.354651 np0000165273 neutron-periodic-workers[106534]: DEBUG oslo.service.backend._threading.loopingcall [None req-bf73a972-cd2d-46c9-b1f5-995a433c45a1 None None] Fixed interval looping call 'neutron.plugins.ml2.plugin.DhcpAgentSchedulerDbMixin.remove_networks_from_down_agents' sleeping for 36.99 seconds {{(pid=106534) _run_loop /opt/stack/data/venv/lib/python3.12/site-packages/oslo_service/backend/_threading/loopingcall.py:125}}
Apr 12 17:55:00.387663 np0000165273 neutron-periodic-workers[106555]: DEBUG dbcounter [-] [106555] Writing DB stats neutron:DELETE=1 {{(pid=106555) stat_writer /opt/stack/data/venv/lib/python3.12/site-packages/dbcounter.py:115}}
Apr 12 17:55:10.353753 np0000165273 neutron-periodic-workers[106534]: DEBUG dbcounter [-] [106534] Writing DB stats neutron:SELECT=3 {{(pid=106534) stat_writer /opt/stack/data/venv/lib/python3.12/site-packages/dbcounter.py:115}}
Apr 12 17:55:24.361405 np0000165273 neutron-periodic-workers[106541]: DEBUG neutron.db.agents_db [None req-8572a60f-35b1-457d-aaf6-c4151dd852ae None None] Agent healthcheck: found 0 active agents {{(pid=106541) agent_health_check /opt/stack/neutron/neutron/db/agents_db.py:317}}
Apr 12 17:55:24.362099 np0000165273 neutron-periodic-workers[106541]: DEBUG oslo.service.backend._threading.loopingcall [None req-8572a60f-35b1-457d-aaf6-c4151dd852ae None None] Fixed interval looping call 'neutron.plugins.ml2.plugin.AgentDbMixin.agent_health_check' sleeping for 36.99 seconds {{(pid=106541) _run_loop /opt/stack/data/venv/lib/python3.12/site-packages/oslo_service/backend/_threading/loopingcall.py:125}}
Apr 12 17:55:34.359912 np0000165273 neutron-periodic-workers[106541]: DEBUG dbcounter [-] [106541] Writing DB stats neutron:SELECT=1 {{(pid=106541) stat_writer /opt/stack/data/venv/lib/python3.12/site-packages/dbcounter.py:115}}
Apr 12 17:55:37.353201 np0000165273 neutron-periodic-workers[106534]: DEBUG oslo.service.backend._threading.loopingcall [None req-bf73a972-cd2d-46c9-b1f5-995a433c45a1 None None] Fixed interval looping call 'neutron.plugins.ml2.plugin.DhcpAgentSchedulerDbMixin.remove_networks_from_down_agents' sleeping for 36.99 seconds {{(pid=106534) _run_loop /opt/stack/data/venv/lib/python3.12/site-packages/oslo_service/backend/_threading/loopingcall.py:125}}
Apr 12 17:55:47.352149 np0000165273 neutron-periodic-workers[106534]: DEBUG dbcounter [-] [106534] Writing DB stats neutron:SELECT=3 {{(pid=106534) stat_writer /opt/stack/data/venv/lib/python3.12/site-packages/dbcounter.py:115}}
Apr 12 17:56:01.356193 np0000165273 neutron-periodic-workers[106541]: DEBUG neutron.db.agents_db [None req-8572a60f-35b1-457d-aaf6-c4151dd852ae None None] Agent healthcheck: found 0 active agents {{(pid=106541) agent_health_check /opt/stack/neutron/neutron/db/agents_db.py:317}}
Apr 12 17:56:01.356624 np0000165273 neutron-periodic-workers[106541]: DEBUG oslo.service.backend._threading.loopingcall [None req-8572a60f-35b1-457d-aaf6-c4151dd852ae None None] Fixed interval looping call 'neutron.plugins.ml2.plugin.AgentDbMixin.agent_health_check' sleeping for 37.00 seconds {{(pid=106541) _run_loop /opt/stack/data/venv/lib/python3.12/site-packages/oslo_service/backend/_threading/loopingcall.py:125}}
Apr 12 17:56:11.355007 np0000165273 neutron-periodic-workers[106541]: DEBUG dbcounter [-] [106541] Writing DB stats neutron:SELECT=1 {{(pid=106541) stat_writer /opt/stack/data/venv/lib/python3.12/site-packages/dbcounter.py:115}}
Apr 12 17:56:14.353310 np0000165273 neutron-periodic-workers[106534]: DEBUG oslo.service.backend._threading.loopingcall [None req-bf73a972-cd2d-46c9-b1f5-995a433c45a1 None None] Fixed interval looping call 'neutron.plugins.ml2.plugin.DhcpAgentSchedulerDbMixin.remove_networks_from_down_agents' sleeping for 36.99 seconds {{(pid=106534) _run_loop /opt/stack/data/venv/lib/python3.12/site-packages/oslo_service/backend/_threading/loopingcall.py:125}}
Apr 12 17:56:24.351810 np0000165273 neutron-periodic-workers[106534]: DEBUG dbcounter [-] [106534] Writing DB stats neutron:SELECT=3 {{(pid=106534) stat_writer /opt/stack/data/venv/lib/python3.12/site-packages/dbcounter.py:115}}
Apr 12 17:56:38.361908 np0000165273 neutron-periodic-workers[106541]: DEBUG neutron.db.agents_db [None req-8572a60f-35b1-457d-aaf6-c4151dd852ae None None] Agent healthcheck: found 0 active agents {{(pid=106541) agent_health_check /opt/stack/neutron/neutron/db/agents_db.py:317}}
Apr 12 17:56:38.362655 np0000165273 neutron-periodic-workers[106541]: DEBUG oslo.service.backend._threading.loopingcall [None req-8572a60f-35b1-457d-aaf6-c4151dd852ae None None] Fixed interval looping call 'neutron.plugins.ml2.plugin.AgentDbMixin.agent_health_check' sleeping for 36.99 seconds {{(pid=106541) _run_loop /opt/stack/data/venv/lib/python3.12/site-packages/oslo_service/backend/_threading/loopingcall.py:125}}
Apr 12 17:56:48.359940 np0000165273 neutron-periodic-workers[106541]: DEBUG dbcounter [-] [106541] Writing DB stats neutron:SELECT=1 {{(pid=106541) stat_writer /opt/stack/data/venv/lib/python3.12/site-packages/dbcounter.py:115}}
Apr 12 17:56:50.381558 np0000165273 neutron-periodic-workers[106555]: DEBUG oslo.service.backend._threading.loopingcall [None req-25f39028-e27a-4e85-b55a-a959ffd7fb89 None None] Fixed interval looping call 'neutron.db.quota.driver_nolock.DbQuotaNoLockDriver._remove_expired_reservations' sleeping for 120.00 seconds {{(pid=106555) _run_loop /opt/stack/data/venv/lib/python3.12/site-packages/oslo_service/backend/_threading/loopingcall.py:125}}
Apr 12 17:56:51.354517 np0000165273 neutron-periodic-workers[106534]: DEBUG oslo.service.backend._threading.loopingcall [None req-bf73a972-cd2d-46c9-b1f5-995a433c45a1 None None] Fixed interval looping call 'neutron.plugins.ml2.plugin.DhcpAgentSchedulerDbMixin.remove_networks_from_down_agents' sleeping for 36.99 seconds {{(pid=106534) _run_loop /opt/stack/data/venv/lib/python3.12/site-packages/oslo_service/backend/_threading/loopingcall.py:125}}
Apr 12 17:57:00.381202 np0000165273 neutron-periodic-workers[106555]: DEBUG dbcounter [-] [106555] Writing DB stats neutron:DELETE=1 {{(pid=106555) stat_writer /opt/stack/data/venv/lib/python3.12/site-packages/dbcounter.py:115}}
Apr 12 17:57:01.353272 np0000165273 neutron-periodic-workers[106534]: DEBUG dbcounter [-] [106534] Writing DB stats neutron:SELECT=3 {{(pid=106534) stat_writer /opt/stack/data/venv/lib/python3.12/site-packages/dbcounter.py:115}}
Apr 12 17:57:15.357751 np0000165273 neutron-periodic-workers[106541]: DEBUG neutron.db.agents_db [None req-8572a60f-35b1-457d-aaf6-c4151dd852ae None None] Agent healthcheck: found 0 active agents {{(pid=106541) agent_health_check /opt/stack/neutron/neutron/db/agents_db.py:317}}
Apr 12 17:57:15.358365 np0000165273 neutron-periodic-workers[106541]: DEBUG oslo.service.backend._threading.loopingcall [None req-8572a60f-35b1-457d-aaf6-c4151dd852ae None None] Fixed interval looping call 'neutron.plugins.ml2.plugin.AgentDbMixin.agent_health_check' sleeping for 37.00 seconds {{(pid=106541) _run_loop /opt/stack/data/venv/lib/python3.12/site-packages/oslo_service/backend/_threading/loopingcall.py:125}}
Apr 12 17:57:25.356110 np0000165273 neutron-periodic-workers[106541]: DEBUG dbcounter [-] [106541] Writing DB stats neutron:SELECT=1 {{(pid=106541) stat_writer /opt/stack/data/venv/lib/python3.12/site-packages/dbcounter.py:115}}
Apr 12 17:57:28.354817 np0000165273 neutron-periodic-workers[106534]: DEBUG oslo.service.backend._threading.loopingcall [None req-bf73a972-cd2d-46c9-b1f5-995a433c45a1 None None] Fixed interval looping call 'neutron.plugins.ml2.plugin.DhcpAgentSchedulerDbMixin.remove_networks_from_down_agents' sleeping for 36.99 seconds {{(pid=106534) _run_loop /opt/stack/data/venv/lib/python3.12/site-packages/oslo_service/backend/_threading/loopingcall.py:125}}
Apr 12 17:57:38.352903 np0000165273 neutron-periodic-workers[106534]: DEBUG dbcounter [-] [106534] Writing DB stats neutron:SELECT=3 {{(pid=106534) stat_writer /opt/stack/data/venv/lib/python3.12/site-packages/dbcounter.py:115}}
Apr 12 17:57:52.363109 np0000165273 neutron-periodic-workers[106541]: DEBUG neutron.db.agents_db [None req-8572a60f-35b1-457d-aaf6-c4151dd852ae None None] Agent healthcheck: found 0 active agents {{(pid=106541) agent_health_check /opt/stack/neutron/neutron/db/agents_db.py:317}}
Apr 12 17:57:52.363938 np0000165273 neutron-periodic-workers[106541]: DEBUG oslo.service.backend._threading.loopingcall [None req-8572a60f-35b1-457d-aaf6-c4151dd852ae None None] Fixed interval looping call 'neutron.plugins.ml2.plugin.AgentDbMixin.agent_health_check' sleeping for 36.99 seconds {{(pid=106541) _run_loop /opt/stack/data/venv/lib/python3.12/site-packages/oslo_service/backend/_threading/loopingcall.py:125}}
Apr 12 17:58:02.361468 np0000165273 neutron-periodic-workers[106541]: DEBUG dbcounter [-] [106541] Writing DB stats neutron:SELECT=1 {{(pid=106541) stat_writer /opt/stack/data/venv/lib/python3.12/site-packages/dbcounter.py:115}}
Apr 12 17:58:05.354057 np0000165273 neutron-periodic-workers[106534]: DEBUG oslo.service.backend._threading.loopingcall [None req-bf73a972-cd2d-46c9-b1f5-995a433c45a1 None None] Fixed interval looping call 'neutron.plugins.ml2.plugin.DhcpAgentSchedulerDbMixin.remove_networks_from_down_agents' sleeping for 36.99 seconds {{(pid=106534) _run_loop /opt/stack/data/venv/lib/python3.12/site-packages/oslo_service/backend/_threading/loopingcall.py:125}}
Apr 12 17:58:15.351872 np0000165273 neutron-periodic-workers[106534]: DEBUG dbcounter [-] [106534] Writing DB stats neutron:SELECT=3 {{(pid=106534) stat_writer /opt/stack/data/venv/lib/python3.12/site-packages/dbcounter.py:115}}
Apr 12 17:58:29.358575 np0000165273 neutron-periodic-workers[106541]: DEBUG neutron.db.agents_db [None req-8572a60f-35b1-457d-aaf6-c4151dd852ae None None] Agent healthcheck: found 0 active agents {{(pid=106541) agent_health_check /opt/stack/neutron/neutron/db/agents_db.py:317}}
Apr 12 17:58:29.359273 np0000165273 neutron-periodic-workers[106541]: DEBUG oslo.service.backend._threading.loopingcall [None req-8572a60f-35b1-457d-aaf6-c4151dd852ae None None] Fixed interval looping call 'neutron.plugins.ml2.plugin.AgentDbMixin.agent_health_check' sleeping for 37.00 seconds {{(pid=106541) _run_loop /opt/stack/data/venv/lib/python3.12/site-packages/oslo_service/backend/_threading/loopingcall.py:125}}
Apr 12 17:58:39.357326 np0000165273 neutron-periodic-workers[106541]: DEBUG dbcounter [-] [106541] Writing DB stats neutron:SELECT=1 {{(pid=106541) stat_writer /opt/stack/data/venv/lib/python3.12/site-packages/dbcounter.py:115}}
Apr 12 17:58:42.354361 np0000165273 neutron-periodic-workers[106534]: DEBUG oslo.service.backend._threading.loopingcall [None req-bf73a972-cd2d-46c9-b1f5-995a433c45a1 None None] Fixed interval looping call 'neutron.plugins.ml2.plugin.DhcpAgentSchedulerDbMixin.remove_networks_from_down_agents' sleeping for 36.99 seconds {{(pid=106534) _run_loop /opt/stack/data/venv/lib/python3.12/site-packages/oslo_service/backend/_threading/loopingcall.py:125}}
Apr 12 17:58:50.384581 np0000165273 neutron-periodic-workers[106555]: DEBUG oslo.service.backend._threading.loopingcall [None req-25f39028-e27a-4e85-b55a-a959ffd7fb89 None None] Fixed interval looping call 'neutron.db.quota.driver_nolock.DbQuotaNoLockDriver._remove_expired_reservations' sleeping for 120.00 seconds {{(pid=106555) _run_loop /opt/stack/data/venv/lib/python3.12/site-packages/oslo_service/backend/_threading/loopingcall.py:125}}
Apr 12 17:58:52.353195 np0000165273 neutron-periodic-workers[106534]: DEBUG dbcounter [-] [106534] Writing DB stats neutron:SELECT=3 {{(pid=106534) stat_writer /opt/stack/data/venv/lib/python3.12/site-packages/dbcounter.py:115}}
Apr 12 17:59:00.384097 np0000165273 neutron-periodic-workers[106555]: DEBUG dbcounter [-] [106555] Writing DB stats neutron:DELETE=1 {{(pid=106555) stat_writer /opt/stack/data/venv/lib/python3.12/site-packages/dbcounter.py:115}}
Apr 12 17:59:06.363694 np0000165273 neutron-periodic-workers[106541]: DEBUG neutron.db.agents_db [None req-8572a60f-35b1-457d-aaf6-c4151dd852ae None None] Agent healthcheck: found 0 active agents {{(pid=106541) agent_health_check /opt/stack/neutron/neutron/db/agents_db.py:317}}
Apr 12 17:59:06.364305 np0000165273 neutron-periodic-workers[106541]: DEBUG oslo.service.backend._threading.loopingcall [None req-8572a60f-35b1-457d-aaf6-c4151dd852ae None None] Fixed interval looping call 'neutron.plugins.ml2.plugin.AgentDbMixin.agent_health_check' sleeping for 37.00 seconds {{(pid=106541) _run_loop /opt/stack/data/venv/lib/python3.12/site-packages/oslo_service/backend/_threading/loopingcall.py:125}}
Apr 12 17:59:10.422399 np0000165273 neutron-periodic-workers[106564]: DEBUG oslo.service.backend._threading.loopingcall [None req-29a7aaa1-a759-4976-9dd9-7bc15c220383 None None] Fixed interval looping call 'neutron.services.ovn_l3.plugin.L3_NAT_dbonly_mixin._clean_garbage' sleeping for 299.99 seconds {{(pid=106564) _run_loop /opt/stack/data/venv/lib/python3.12/site-packages/oslo_service/backend/_threading/loopingcall.py:125}}
Apr 12 17:59:16.361756 np0000165273 neutron-periodic-workers[106541]: DEBUG dbcounter [-] [106541] Writing DB stats neutron:SELECT=1 {{(pid=106541) stat_writer /opt/stack/data/venv/lib/python3.12/site-packages/dbcounter.py:115}}
Apr 12 17:59:19.355286 np0000165273 neutron-periodic-workers[106534]: DEBUG oslo.service.backend._threading.loopingcall [None req-bf73a972-cd2d-46c9-b1f5-995a433c45a1 None None] Fixed interval looping call 'neutron.plugins.ml2.plugin.DhcpAgentSchedulerDbMixin.remove_networks_from_down_agents' sleeping for 36.99 seconds {{(pid=106534) _run_loop /opt/stack/data/venv/lib/python3.12/site-packages/oslo_service/backend/_threading/loopingcall.py:125}}
Apr 12 17:59:20.413526 np0000165273 neutron-periodic-workers[106564]: DEBUG dbcounter [-] [106564] Writing DB stats neutron:SELECT=1 {{(pid=106564) stat_writer /opt/stack/data/venv/lib/python3.12/site-packages/dbcounter.py:115}}
Apr 12 17:59:29.353759 np0000165273 neutron-periodic-workers[106534]: DEBUG dbcounter [-] [106534] Writing DB stats neutron:SELECT=3 {{(pid=106534) stat_writer /opt/stack/data/venv/lib/python3.12/site-packages/dbcounter.py:115}}
Apr 12 17:59:43.370524 np0000165273 neutron-periodic-workers[106541]: DEBUG neutron.db.agents_db [None req-8572a60f-35b1-457d-aaf6-c4151dd852ae None None] Agent healthcheck: found 0 active agents {{(pid=106541) agent_health_check /opt/stack/neutron/neutron/db/agents_db.py:317}}
Apr 12 17:59:43.371199 np0000165273 neutron-periodic-workers[106541]: DEBUG oslo.service.backend._threading.loopingcall [None req-8572a60f-35b1-457d-aaf6-c4151dd852ae None None] Fixed interval looping call 'neutron.plugins.ml2.plugin.AgentDbMixin.agent_health_check' sleeping for 36.99 seconds {{(pid=106541) _run_loop /opt/stack/data/venv/lib/python3.12/site-packages/oslo_service/backend/_threading/loopingcall.py:125}}
Apr 12 17:59:53.368412 np0000165273 neutron-periodic-workers[106541]: DEBUG dbcounter [-] [106541] Writing DB stats neutron:SELECT=1 {{(pid=106541) stat_writer /opt/stack/data/venv/lib/python3.12/site-packages/dbcounter.py:115}}
Apr 12 17:59:56.352834 np0000165273 neutron-periodic-workers[106534]: DEBUG oslo.service.backend._threading.loopingcall [None req-bf73a972-cd2d-46c9-b1f5-995a433c45a1 None None] Fixed interval looping call 'neutron.plugins.ml2.plugin.DhcpAgentSchedulerDbMixin.remove_networks_from_down_agents' sleeping for 36.99 seconds {{(pid=106534) _run_loop /opt/stack/data/venv/lib/python3.12/site-packages/oslo_service/backend/_threading/loopingcall.py:125}}
Apr 12 18:00:06.352643 np0000165273 neutron-periodic-workers[106534]: DEBUG dbcounter [-] [106534] Writing DB stats neutron:SELECT=3 {{(pid=106534) stat_writer /opt/stack/data/venv/lib/python3.12/site-packages/dbcounter.py:115}}
Apr 12 18:00:20.367463 np0000165273 neutron-periodic-workers[106541]: DEBUG neutron.db.agents_db [None req-8572a60f-35b1-457d-aaf6-c4151dd852ae None None] Agent healthcheck: found 0 active agents {{(pid=106541) agent_health_check /opt/stack/neutron/neutron/db/agents_db.py:317}}
Apr 12 18:00:20.368059 np0000165273 neutron-periodic-workers[106541]: DEBUG oslo.service.backend._threading.loopingcall [None req-8572a60f-35b1-457d-aaf6-c4151dd852ae None None] Fixed interval looping call 'neutron.plugins.ml2.plugin.AgentDbMixin.agent_health_check' sleeping for 36.99 seconds {{(pid=106541) _run_loop /opt/stack/data/venv/lib/python3.12/site-packages/oslo_service/backend/_threading/loopingcall.py:125}}
Apr 12 18:00:30.365283 np0000165273 neutron-periodic-workers[106541]: DEBUG dbcounter [-] [106541] Writing DB stats neutron:SELECT=1 {{(pid=106541) stat_writer /opt/stack/data/venv/lib/python3.12/site-packages/dbcounter.py:115}}
Apr 12 18:00:33.352436 np0000165273 neutron-periodic-workers[106534]: DEBUG oslo.service.backend._threading.loopingcall [None req-bf73a972-cd2d-46c9-b1f5-995a433c45a1 None None] Fixed interval looping call 'neutron.plugins.ml2.plugin.DhcpAgentSchedulerDbMixin.remove_networks_from_down_agents' sleeping for 36.99 seconds {{(pid=106534) _run_loop /opt/stack/data/venv/lib/python3.12/site-packages/oslo_service/backend/_threading/loopingcall.py:125}}
