May 16 00:57:07.038326 np0000174371 systemd[1]: Starting devstack@n-api-meta.service - Devstack devstack@n-api-meta.service...
May 16 00:57:07.045373 np0000174371 devstack@n-api-meta.service[108003]: [uWSGI] getting INI configuration from /etc/nova/nova-metadata-uwsgi.ini
May 16 00:57:07.049069 np0000174371 devstack@n-api-meta.service[108003]: *** Starting uWSGI 2.0.24-debian (64bit) on [Sat May 16 00:57:07 2026] ***
May 16 00:57:07.049069 np0000174371 devstack@n-api-meta.service[108003]: compiled with version: 13.2.0 on 17 April 2024 16:23:48
May 16 00:57:07.049069 np0000174371 devstack@n-api-meta.service[108003]: os: Linux-6.8.0-111-generic #111-Ubuntu SMP PREEMPT_DYNAMIC Sat Apr 11 23:16:02 UTC 2026
May 16 00:57:07.049069 np0000174371 devstack@n-api-meta.service[108003]: nodename: np0000174371
May 16 00:57:07.049069 np0000174371 devstack@n-api-meta.service[108003]: machine: x86_64
May 16 00:57:07.049069 np0000174371 devstack@n-api-meta.service[108003]: clock source: unix
May 16 00:57:07.049069 np0000174371 devstack@n-api-meta.service[108003]: pcre jit disabled
May 16 00:57:07.049069 np0000174371 devstack@n-api-meta.service[108003]: detected number of CPU cores: 16
May 16 00:57:07.049069 np0000174371 devstack@n-api-meta.service[108003]: current working directory: /
May 16 00:57:07.049069 np0000174371 devstack@n-api-meta.service[108003]: detected binary path: /usr/bin/uwsgi-core
May 16 00:57:07.049069 np0000174371 devstack@n-api-meta.service[108003]: your processes number limit is 256917
May 16 00:57:07.049069 np0000174371 devstack@n-api-meta.service[108003]: your memory page size is 4096 bytes
May 16 00:57:07.049069 np0000174371 devstack@n-api-meta.service[108003]: detected max file descriptor number: 2048
May 16 00:57:07.049069 np0000174371 devstack@n-api-meta.service[108003]: lock engine: pthread robust mutexes
May 16 00:57:07.049804 np0000174371 devstack@n-api-meta.service[108003]: thunder lock: enabled
May 16 00:57:07.049804 np0000174371 devstack@n-api-meta.service[108003]: uWSGI http bound on 0.0.0.0:8775 fd 5
May 16 00:57:07.049804 np0000174371 devstack@n-api-meta.service[108003]: uwsgi socket 0 bound to TCP address 127.0.0.1:40599 (port auto-assigned) fd 4
May 16 00:57:07.049965 np0000174371 devstack@n-api-meta.service[108003]: Python version: 3.12.3 (main, Mar 23 2026, 19:04:32) [GCC 13.3.0]
May 16 00:57:07.049965 np0000174371 devstack@n-api-meta.service[108003]: PEP 405 virtualenv detected: /opt/stack/data/venv
May 16 00:57:07.049965 np0000174371 devstack@n-api-meta.service[108003]: Set PythonHome to /opt/stack/data/venv
May 16 00:57:07.088017 np0000174371 devstack@n-api-meta.service[108003]: Python main interpreter initialized at 0x77f2c8ea3668
May 16 00:57:07.088017 np0000174371 devstack@n-api-meta.service[108003]: python threads support enabled
May 16 00:57:07.088017 np0000174371 devstack@n-api-meta.service[108003]: your server socket listen backlog is limited to 100 connections
May 16 00:57:07.088017 np0000174371 devstack@n-api-meta.service[108003]: your mercy for graceful operations on workers is 80 seconds
May 16 00:57:07.088638 np0000174371 devstack@n-api-meta.service[108003]: mapped 671795 bytes (656 KB) for 4 cores
May 16 00:57:07.088862 np0000174371 devstack@n-api-meta.service[108003]: *** Operational MODE: preforking ***
May 16 00:57:07.089041 np0000174371 devstack@n-api-meta.service[108003]: *** uWSGI is running in multiple interpreter mode ***
May 16 00:57:07.089041 np0000174371 devstack@n-api-meta.service[108003]: spawned uWSGI master process (pid: 108003)
May 16 00:57:07.089280 np0000174371 systemd[1]: Started devstack@n-api-meta.service - Devstack devstack@n-api-meta.service.
May 16 00:57:07.090039 np0000174371 devstack@n-api-meta.service[108003]: spawned uWSGI worker 1 (pid: 108004, cores: 1)
May 16 00:57:07.090784 np0000174371 devstack@n-api-meta.service[108003]: spawned uWSGI worker 2 (pid: 108005, cores: 1)
May 16 00:57:07.091405 np0000174371 devstack@n-api-meta.service[108003]: spawned uWSGI worker 3 (pid: 108006, cores: 1)
May 16 00:57:07.091963 np0000174371 devstack@n-api-meta.service[108003]: spawned uWSGI worker 4 (pid: 108007, cores: 1)
May 16 00:57:07.092592 np0000174371 devstack@n-api-meta.service[108003]: spawned uWSGI http 1 (pid: 108008)
May 16 00:57:07.092592 np0000174371 devstack@n-api-meta.service[108003]: running "unix_signal:15 gracefully_kill_them_all" (master-start)...
May 16 00:57:07.418827 np0000174371 devstack@n-api-meta.service[108005]: /opt/stack/data/venv/lib/python3.12/site-packages/oslo_concurrency/lockutils.py:41: EventletDeprecationWarning:
May 16 00:57:07.418827 np0000174371 devstack@n-api-meta.service[108005]: Eventlet is deprecated. It is currently being maintained in bugfix mode, and
May 16 00:57:07.418827 np0000174371 devstack@n-api-meta.service[108005]: we strongly recommend against using it for new projects.
May 16 00:57:07.418827 np0000174371 devstack@n-api-meta.service[108005]: If you are already using Eventlet, we recommend migrating to a different
May 16 00:57:07.418827 np0000174371 devstack@n-api-meta.service[108005]: framework. For more detail see
May 16 00:57:07.418827 np0000174371 devstack@n-api-meta.service[108005]: https://eventlet.readthedocs.io/en/latest/asyncio/migration.html
May 16 00:57:07.418827 np0000174371 devstack@n-api-meta.service[108005]: import eventlet
May 16 00:57:07.421691 np0000174371 devstack@n-api-meta.service[108004]: /opt/stack/data/venv/lib/python3.12/site-packages/oslo_concurrency/lockutils.py:41: EventletDeprecationWarning:
May 16 00:57:07.421691 np0000174371 devstack@n-api-meta.service[108004]: Eventlet is deprecated. It is currently being maintained in bugfix mode, and
May 16 00:57:07.421691 np0000174371 devstack@n-api-meta.service[108004]: we strongly recommend against using it for new projects.
May 16 00:57:07.421691 np0000174371 devstack@n-api-meta.service[108004]: If you are already using Eventlet, we recommend migrating to a different
May 16 00:57:07.421691 np0000174371 devstack@n-api-meta.service[108004]: framework. For more detail see
May 16 00:57:07.421691 np0000174371 devstack@n-api-meta.service[108004]: https://eventlet.readthedocs.io/en/latest/asyncio/migration.html
May 16 00:57:07.421691 np0000174371 devstack@n-api-meta.service[108004]: import eventlet
May 16 00:57:07.429298 np0000174371 devstack@n-api-meta.service[108007]: /opt/stack/data/venv/lib/python3.12/site-packages/oslo_concurrency/lockutils.py:41: EventletDeprecationWarning:
May 16 00:57:07.429298 np0000174371 devstack@n-api-meta.service[108007]: Eventlet is deprecated. It is currently being maintained in bugfix mode, and
May 16 00:57:07.429298 np0000174371 devstack@n-api-meta.service[108007]: we strongly recommend against using it for new projects.
May 16 00:57:07.429298 np0000174371 devstack@n-api-meta.service[108007]: If you are already using Eventlet, we recommend migrating to a different
May 16 00:57:07.429298 np0000174371 devstack@n-api-meta.service[108007]: framework. For more detail see
May 16 00:57:07.429298 np0000174371 devstack@n-api-meta.service[108007]: https://eventlet.readthedocs.io/en/latest/asyncio/migration.html
May 16 00:57:07.429298 np0000174371 devstack@n-api-meta.service[108007]: import eventlet
May 16 00:57:07.434319 np0000174371 devstack@n-api-meta.service[108006]: /opt/stack/data/venv/lib/python3.12/site-packages/oslo_concurrency/lockutils.py:41: EventletDeprecationWarning:
May 16 00:57:07.434319 np0000174371 devstack@n-api-meta.service[108006]: Eventlet is deprecated. It is currently being maintained in bugfix mode, and
May 16 00:57:07.434319 np0000174371 devstack@n-api-meta.service[108006]: we strongly recommend against using it for new projects.
May 16 00:57:07.434319 np0000174371 devstack@n-api-meta.service[108006]: If you are already using Eventlet, we recommend migrating to a different
May 16 00:57:07.434319 np0000174371 devstack@n-api-meta.service[108006]: framework. For more detail see
May 16 00:57:07.434319 np0000174371 devstack@n-api-meta.service[108006]: https://eventlet.readthedocs.io/en/latest/asyncio/migration.html
May 16 00:57:07.434319 np0000174371 devstack@n-api-meta.service[108006]: import eventlet
May 16 00:57:08.932383 np0000174371 devstack@n-api-meta.service[108005]: INFO dbcounter [None req-fcd49d2c-cafc-4f7f-bd6d-4466d464136d None None] Registered counter for database nova_api
May 16 00:57:08.949875 np0000174371 devstack@n-api-meta.service[108005]: DEBUG oslo_db.sqlalchemy.engines [None req-fcd49d2c-cafc-4f7f-bd6d-4466d464136d None None] MySQL server mode set to STRICT_TRANS_TABLES,STRICT_ALL_TABLES,NO_ZERO_IN_DATE,NO_ZERO_DATE,ERROR_FOR_DIVISION_BY_ZERO,TRADITIONAL,NO_ENGINE_SUBSTITUTION {{(pid=108005) _check_effective_sql_mode /opt/stack/data/venv/lib/python3.12/site-packages/oslo_db/sqlalchemy/engines.py:325}}
May 16 00:57:08.985348 np0000174371 devstack@n-api-meta.service[108005]: DEBUG dbcounter [-] [108005] Writer thread running {{(pid=108005) stat_writer /opt/stack/data/venv/lib/python3.12/site-packages/dbcounter.py:102}}
May 16 00:57:08.988577 np0000174371 devstack@n-api-meta.service[108005]: DEBUG nova.context [None req-fcd49d2c-cafc-4f7f-bd6d-4466d464136d None None] Found 2 cells: 00000000-0000-0000-0000-000000000000(cell0),7caf6e0f-b147-4adf-a6f9-fe65c0a2d042(cell1) {{(pid=108005) load_cells /opt/stack/nova/nova/context.py:509}}
May 16 00:57:08.988577 np0000174371 devstack@n-api-meta.service[108005]: INFO nova.utils [None req-fcd49d2c-cafc-4f7f-bd6d-4466d464136d None None] The cell worker thread pool MainProcess.cell_worker is initialized
May 16 00:57:08.989940 np0000174371 devstack@n-api-meta.service[108005]: DEBUG oslo_concurrency.lockutils [None req-fcd49d2c-cafc-4f7f-bd6d-4466d464136d None None] Acquiring lock "00000000-0000-0000-0000-000000000000" by "nova.context.set_target_cell..get_or_set_cached_cell_and_set_connections" {{(pid=108005) inner /opt/stack/data/venv/lib/python3.12/site-packages/oslo_concurrency/lockutils.py:506}}
May 16 00:57:08.990096 np0000174371 devstack@n-api-meta.service[108005]: DEBUG oslo_concurrency.lockutils [None req-fcd49d2c-cafc-4f7f-bd6d-4466d464136d None None] Lock "00000000-0000-0000-0000-000000000000" acquired by "nova.context.set_target_cell..get_or_set_cached_cell_and_set_connections" :: waited 0.000s {{(pid=108005) inner /opt/stack/data/venv/lib/python3.12/site-packages/oslo_concurrency/lockutils.py:519}}
May 16 00:57:08.990498 np0000174371 devstack@n-api-meta.service[108005]: DEBUG oslo_concurrency.lockutils [None req-fcd49d2c-cafc-4f7f-bd6d-4466d464136d None None] Lock "00000000-0000-0000-0000-000000000000" "released" by "nova.context.set_target_cell..get_or_set_cached_cell_and_set_connections" :: held 0.000s {{(pid=108005) inner /opt/stack/data/venv/lib/python3.12/site-packages/oslo_concurrency/lockutils.py:538}}
May 16 00:57:08.991364 np0000174371 devstack@n-api-meta.service[108005]: DEBUG oslo_concurrency.lockutils [None req-fcd49d2c-cafc-4f7f-bd6d-4466d464136d None None] Acquiring lock "7caf6e0f-b147-4adf-a6f9-fe65c0a2d042" by "nova.context.set_target_cell..get_or_set_cached_cell_and_set_connections" {{(pid=108005) inner /opt/stack/data/venv/lib/python3.12/site-packages/oslo_concurrency/lockutils.py:506}}
May 16 00:57:08.991570 np0000174371 devstack@n-api-meta.service[108005]: DEBUG oslo_concurrency.lockutils [None req-fcd49d2c-cafc-4f7f-bd6d-4466d464136d None None] Lock "7caf6e0f-b147-4adf-a6f9-fe65c0a2d042" acquired by "nova.context.set_target_cell..get_or_set_cached_cell_and_set_connections" :: waited 0.000s {{(pid=108005) inner /opt/stack/data/venv/lib/python3.12/site-packages/oslo_concurrency/lockutils.py:519}}
May 16 00:57:08.992668 np0000174371 devstack@n-api-meta.service[108005]: DEBUG oslo_concurrency.lockutils [None req-fcd49d2c-cafc-4f7f-bd6d-4466d464136d None None] Lock "7caf6e0f-b147-4adf-a6f9-fe65c0a2d042" "released" by "nova.context.set_target_cell..get_or_set_cached_cell_and_set_connections" :: held 0.001s {{(pid=108005) inner /opt/stack/data/venv/lib/python3.12/site-packages/oslo_concurrency/lockutils.py:538}}
May 16 00:57:08.996019 np0000174371 devstack@n-api-meta.service[108005]: INFO dbcounter [None req-fcd49d2c-cafc-4f7f-bd6d-4466d464136d None None] Registered counter for database nova_cell0
May 16 00:57:08.997322 np0000174371 devstack@n-api-meta.service[108006]: INFO dbcounter [None req-eb00427d-513a-4e91-971d-4ac2785b7d89 None None] Registered counter for database nova_api
May 16 00:57:08.999557 np0000174371 devstack@n-api-meta.service[108005]: INFO dbcounter [None req-fcd49d2c-cafc-4f7f-bd6d-4466d464136d None None] Registered counter for database nova_cell1
May 16 00:57:09.002785 np0000174371 devstack@n-api-meta.service[108004]: INFO dbcounter [None req-38dde9c3-64cd-48a5-8ea6-c92f7f7b0ff2 None None] Registered counter for database nova_api
May 16 00:57:09.010834 np0000174371 devstack@n-api-meta.service[108005]: DEBUG oslo_db.sqlalchemy.engines [None req-fcd49d2c-cafc-4f7f-bd6d-4466d464136d None None] MySQL server mode set to STRICT_TRANS_TABLES,STRICT_ALL_TABLES,NO_ZERO_IN_DATE,NO_ZERO_DATE,ERROR_FOR_DIVISION_BY_ZERO,TRADITIONAL,NO_ENGINE_SUBSTITUTION {{(pid=108005) _check_effective_sql_mode /opt/stack/data/venv/lib/python3.12/site-packages/oslo_db/sqlalchemy/engines.py:325}}
May 16 00:57:09.019511 np0000174371 devstack@n-api-meta.service[108006]: DEBUG oslo_db.sqlalchemy.engines [None req-eb00427d-513a-4e91-971d-4ac2785b7d89 None None] MySQL server mode set to STRICT_TRANS_TABLES,STRICT_ALL_TABLES,NO_ZERO_IN_DATE,NO_ZERO_DATE,ERROR_FOR_DIVISION_BY_ZERO,TRADITIONAL,NO_ENGINE_SUBSTITUTION {{(pid=108006) _check_effective_sql_mode /opt/stack/data/venv/lib/python3.12/site-packages/oslo_db/sqlalchemy/engines.py:325}}
May 16 00:57:09.028782 np0000174371 devstack@n-api-meta.service[108004]: DEBUG oslo_db.sqlalchemy.engines [None req-38dde9c3-64cd-48a5-8ea6-c92f7f7b0ff2 None None] MySQL server mode set to STRICT_TRANS_TABLES,STRICT_ALL_TABLES,NO_ZERO_IN_DATE,NO_ZERO_DATE,ERROR_FOR_DIVISION_BY_ZERO,TRADITIONAL,NO_ENGINE_SUBSTITUTION {{(pid=108004) _check_effective_sql_mode /opt/stack/data/venv/lib/python3.12/site-packages/oslo_db/sqlalchemy/engines.py:325}}
May 16 00:57:09.029709 np0000174371 devstack@n-api-meta.service[108005]: DEBUG oslo_db.sqlalchemy.engines [None req-fcd49d2c-cafc-4f7f-bd6d-4466d464136d None None] MySQL server mode set to STRICT_TRANS_TABLES,STRICT_ALL_TABLES,NO_ZERO_IN_DATE,NO_ZERO_DATE,ERROR_FOR_DIVISION_BY_ZERO,TRADITIONAL,NO_ENGINE_SUBSTITUTION {{(pid=108005) _check_effective_sql_mode /opt/stack/data/venv/lib/python3.12/site-packages/oslo_db/sqlalchemy/engines.py:325}}
May 16 00:57:09.044598 np0000174371 devstack@n-api-meta.service[108007]: INFO dbcounter [None req-9bd7d9a8-d05b-4017-981d-7151952fad02 None None] Registered counter for database nova_api
May 16 00:57:09.057408 np0000174371 devstack@n-api-meta.service[108006]: DEBUG dbcounter [-] [108006] Writer thread running {{(pid=108006) stat_writer /opt/stack/data/venv/lib/python3.12/site-packages/dbcounter.py:102}}
May 16 00:57:09.058079 np0000174371 devstack@n-api-meta.service[108004]: DEBUG dbcounter [-] [108004] Writer thread running {{(pid=108004) stat_writer /opt/stack/data/venv/lib/python3.12/site-packages/dbcounter.py:102}}
May 16 00:57:09.060727 np0000174371 devstack@n-api-meta.service[108006]: DEBUG nova.context [None req-eb00427d-513a-4e91-971d-4ac2785b7d89 None None] Found 2 cells: 00000000-0000-0000-0000-000000000000(cell0),7caf6e0f-b147-4adf-a6f9-fe65c0a2d042(cell1) {{(pid=108006) load_cells /opt/stack/nova/nova/context.py:509}}
May 16 00:57:09.060852 np0000174371 devstack@n-api-meta.service[108004]: DEBUG nova.context [None req-38dde9c3-64cd-48a5-8ea6-c92f7f7b0ff2 None None] Found 2 cells: 00000000-0000-0000-0000-000000000000(cell0),7caf6e0f-b147-4adf-a6f9-fe65c0a2d042(cell1) {{(pid=108004) load_cells /opt/stack/nova/nova/context.py:509}}
May 16 00:57:09.060949 np0000174371 devstack@n-api-meta.service[108004]: INFO nova.utils [None req-38dde9c3-64cd-48a5-8ea6-c92f7f7b0ff2 None None] The cell worker thread pool MainProcess.cell_worker is initialized
May 16 00:57:09.061016 np0000174371 devstack@n-api-meta.service[108006]: INFO nova.utils [None req-eb00427d-513a-4e91-971d-4ac2785b7d89 None None] The cell worker thread pool MainProcess.cell_worker is initialized
May 16 00:57:09.062795 np0000174371 devstack@n-api-meta.service[108004]: DEBUG oslo_concurrency.lockutils [None req-38dde9c3-64cd-48a5-8ea6-c92f7f7b0ff2 None None] Acquiring lock "00000000-0000-0000-0000-000000000000" by "nova.context.set_target_cell..get_or_set_cached_cell_and_set_connections" {{(pid=108004) inner /opt/stack/data/venv/lib/python3.12/site-packages/oslo_concurrency/lockutils.py:506}}
May 16 00:57:09.062924 np0000174371 devstack@n-api-meta.service[108004]: DEBUG oslo_concurrency.lockutils [None req-38dde9c3-64cd-48a5-8ea6-c92f7f7b0ff2 None None] Lock "00000000-0000-0000-0000-000000000000" acquired by "nova.context.set_target_cell..get_or_set_cached_cell_and_set_connections" :: waited 0.000s {{(pid=108004) inner /opt/stack/data/venv/lib/python3.12/site-packages/oslo_concurrency/lockutils.py:519}}
May 16 00:57:09.063111 np0000174371 devstack@n-api-meta.service[108006]: DEBUG oslo_concurrency.lockutils [None req-eb00427d-513a-4e91-971d-4ac2785b7d89 None None] Acquiring lock "00000000-0000-0000-0000-000000000000" by "nova.context.set_target_cell..get_or_set_cached_cell_and_set_connections" {{(pid=108006) inner /opt/stack/data/venv/lib/python3.12/site-packages/oslo_concurrency/lockutils.py:506}}
May 16 00:57:09.063287 np0000174371 devstack@n-api-meta.service[108006]: DEBUG oslo_concurrency.lockutils [None req-eb00427d-513a-4e91-971d-4ac2785b7d89 None None] Lock "00000000-0000-0000-0000-000000000000" acquired by "nova.context.set_target_cell..get_or_set_cached_cell_and_set_connections" :: waited 0.000s {{(pid=108006) inner /opt/stack/data/venv/lib/python3.12/site-packages/oslo_concurrency/lockutils.py:519}}
May 16 00:57:09.063365 np0000174371 devstack@n-api-meta.service[108004]: DEBUG oslo_concurrency.lockutils [None req-38dde9c3-64cd-48a5-8ea6-c92f7f7b0ff2 None None] Lock "00000000-0000-0000-0000-000000000000" "released" by "nova.context.set_target_cell..get_or_set_cached_cell_and_set_connections" :: held 0.000s {{(pid=108004) inner /opt/stack/data/venv/lib/python3.12/site-packages/oslo_concurrency/lockutils.py:538}}
May 16 00:57:09.063679 np0000174371 devstack@n-api-meta.service[108006]: DEBUG oslo_concurrency.lockutils [None req-eb00427d-513a-4e91-971d-4ac2785b7d89 None None] Lock "00000000-0000-0000-0000-000000000000" "released" by "nova.context.set_target_cell..get_or_set_cached_cell_and_set_connections" :: held 0.000s {{(pid=108006) inner /opt/stack/data/venv/lib/python3.12/site-packages/oslo_concurrency/lockutils.py:538}}
May 16 00:57:09.064091 np0000174371 devstack@n-api-meta.service[108007]: DEBUG oslo_db.sqlalchemy.engines [None req-9bd7d9a8-d05b-4017-981d-7151952fad02 None None] MySQL server mode set to STRICT_TRANS_TABLES,STRICT_ALL_TABLES,NO_ZERO_IN_DATE,NO_ZERO_DATE,ERROR_FOR_DIVISION_BY_ZERO,TRADITIONAL,NO_ENGINE_SUBSTITUTION {{(pid=108007) _check_effective_sql_mode /opt/stack/data/venv/lib/python3.12/site-packages/oslo_db/sqlalchemy/engines.py:325}}
May 16 00:57:09.064194 np0000174371 devstack@n-api-meta.service[108004]: DEBUG oslo_concurrency.lockutils [None req-38dde9c3-64cd-48a5-8ea6-c92f7f7b0ff2 None None] Acquiring lock "7caf6e0f-b147-4adf-a6f9-fe65c0a2d042" by "nova.context.set_target_cell..get_or_set_cached_cell_and_set_connections" {{(pid=108004) inner /opt/stack/data/venv/lib/python3.12/site-packages/oslo_concurrency/lockutils.py:506}}
May 16 00:57:09.064328 np0000174371 devstack@n-api-meta.service[108004]: DEBUG oslo_concurrency.lockutils [None req-38dde9c3-64cd-48a5-8ea6-c92f7f7b0ff2 None None] Lock "7caf6e0f-b147-4adf-a6f9-fe65c0a2d042" acquired by "nova.context.set_target_cell..get_or_set_cached_cell_and_set_connections" :: waited 0.000s {{(pid=108004) inner /opt/stack/data/venv/lib/python3.12/site-packages/oslo_concurrency/lockutils.py:519}}
May 16 00:57:09.064680 np0000174371 devstack@n-api-meta.service[108006]: DEBUG oslo_concurrency.lockutils [None req-eb00427d-513a-4e91-971d-4ac2785b7d89 None None] Acquiring lock "7caf6e0f-b147-4adf-a6f9-fe65c0a2d042" by "nova.context.set_target_cell..get_or_set_cached_cell_and_set_connections" {{(pid=108006) inner /opt/stack/data/venv/lib/python3.12/site-packages/oslo_concurrency/lockutils.py:506}}
May 16 00:57:09.064846 np0000174371 devstack@n-api-meta.service[108006]: DEBUG oslo_concurrency.lockutils [None req-eb00427d-513a-4e91-971d-4ac2785b7d89 None None] Lock "7caf6e0f-b147-4adf-a6f9-fe65c0a2d042" acquired by "nova.context.set_target_cell..get_or_set_cached_cell_and_set_connections" :: waited 0.000s {{(pid=108006) inner /opt/stack/data/venv/lib/python3.12/site-packages/oslo_concurrency/lockutils.py:519}}
May 16 00:57:09.065168 np0000174371 devstack@n-api-meta.service[108004]: DEBUG oslo_concurrency.lockutils [None req-38dde9c3-64cd-48a5-8ea6-c92f7f7b0ff2 None None] Lock "7caf6e0f-b147-4adf-a6f9-fe65c0a2d042" "released" by "nova.context.set_target_cell..get_or_set_cached_cell_and_set_connections" :: held 0.001s {{(pid=108004) inner /opt/stack/data/venv/lib/python3.12/site-packages/oslo_concurrency/lockutils.py:538}}
May 16 00:57:09.066008 np0000174371 devstack@n-api-meta.service[108006]: DEBUG oslo_concurrency.lockutils [None req-eb00427d-513a-4e91-971d-4ac2785b7d89 None None] Lock "7caf6e0f-b147-4adf-a6f9-fe65c0a2d042" "released" by "nova.context.set_target_cell..get_or_set_cached_cell_and_set_connections" :: held 0.001s {{(pid=108006) inner /opt/stack/data/venv/lib/python3.12/site-packages/oslo_concurrency/lockutils.py:538}}
May 16 00:57:09.069103 np0000174371 devstack@n-api-meta.service[108004]: INFO dbcounter [None req-38dde9c3-64cd-48a5-8ea6-c92f7f7b0ff2 None None] Registered counter for database nova_cell0
May 16 00:57:09.069684 np0000174371 devstack@n-api-meta.service[108006]: INFO dbcounter [None req-eb00427d-513a-4e91-971d-4ac2785b7d89 None None] Registered counter for database nova_cell0
May 16 00:57:09.074393 np0000174371 devstack@n-api-meta.service[108006]: INFO dbcounter [None req-eb00427d-513a-4e91-971d-4ac2785b7d89 None None] Registered counter for database nova_cell1
May 16 00:57:09.076072 np0000174371 devstack@n-api-meta.service[108004]: INFO dbcounter [None req-38dde9c3-64cd-48a5-8ea6-c92f7f7b0ff2 None None] Registered counter for database nova_cell1
May 16 00:57:09.081984 np0000174371 devstack@n-api-meta.service[108006]: DEBUG oslo_db.sqlalchemy.engines [None req-eb00427d-513a-4e91-971d-4ac2785b7d89 None None] MySQL server mode set to STRICT_TRANS_TABLES,STRICT_ALL_TABLES,NO_ZERO_IN_DATE,NO_ZERO_DATE,ERROR_FOR_DIVISION_BY_ZERO,TRADITIONAL,NO_ENGINE_SUBSTITUTION {{(pid=108006) _check_effective_sql_mode /opt/stack/data/venv/lib/python3.12/site-packages/oslo_db/sqlalchemy/engines.py:325}}
May 16 00:57:09.090418 np0000174371 devstack@n-api-meta.service[108004]: DEBUG oslo_db.sqlalchemy.engines [None req-38dde9c3-64cd-48a5-8ea6-c92f7f7b0ff2 None None] MySQL server mode set to STRICT_TRANS_TABLES,STRICT_ALL_TABLES,NO_ZERO_IN_DATE,NO_ZERO_DATE,ERROR_FOR_DIVISION_BY_ZERO,TRADITIONAL,NO_ENGINE_SUBSTITUTION {{(pid=108004) _check_effective_sql_mode /opt/stack/data/venv/lib/python3.12/site-packages/oslo_db/sqlalchemy/engines.py:325}}
May 16 00:57:09.096692 np0000174371 devstack@n-api-meta.service[108006]: DEBUG oslo_db.sqlalchemy.engines [None req-eb00427d-513a-4e91-971d-4ac2785b7d89 None None] MySQL server mode set to STRICT_TRANS_TABLES,STRICT_ALL_TABLES,NO_ZERO_IN_DATE,NO_ZERO_DATE,ERROR_FOR_DIVISION_BY_ZERO,TRADITIONAL,NO_ENGINE_SUBSTITUTION {{(pid=108006) _check_effective_sql_mode /opt/stack/data/venv/lib/python3.12/site-packages/oslo_db/sqlalchemy/engines.py:325}}
May 16 00:57:09.098534 np0000174371 devstack@n-api-meta.service[108004]: DEBUG oslo_db.sqlalchemy.engines [None req-38dde9c3-64cd-48a5-8ea6-c92f7f7b0ff2 None None] MySQL server mode set to STRICT_TRANS_TABLES,STRICT_ALL_TABLES,NO_ZERO_IN_DATE,NO_ZERO_DATE,ERROR_FOR_DIVISION_BY_ZERO,TRADITIONAL,NO_ENGINE_SUBSTITUTION {{(pid=108004) _check_effective_sql_mode /opt/stack/data/venv/lib/python3.12/site-packages/oslo_db/sqlalchemy/engines.py:325}}
May 16 00:57:09.101120 np0000174371 devstack@n-api-meta.service[108007]: DEBUG dbcounter [-] [108007] Writer thread running {{(pid=108007) stat_writer /opt/stack/data/venv/lib/python3.12/site-packages/dbcounter.py:102}}
May 16 00:57:09.104788 np0000174371 devstack@n-api-meta.service[108007]: DEBUG nova.context [None req-9bd7d9a8-d05b-4017-981d-7151952fad02 None None] Found 2 cells: 00000000-0000-0000-0000-000000000000(cell0),7caf6e0f-b147-4adf-a6f9-fe65c0a2d042(cell1) {{(pid=108007) load_cells /opt/stack/nova/nova/context.py:509}}
May 16 00:57:09.105315 np0000174371 devstack@n-api-meta.service[108007]: INFO nova.utils [None req-9bd7d9a8-d05b-4017-981d-7151952fad02 None None] The cell worker thread pool MainProcess.cell_worker is initialized
May 16 00:57:09.106711 np0000174371 devstack@n-api-meta.service[108005]: DEBUG dbcounter [-] [108005] Writer thread running {{(pid=108005) stat_writer /opt/stack/data/venv/lib/python3.12/site-packages/dbcounter.py:102}}
May 16 00:57:09.110479 np0000174371 devstack@n-api-meta.service[108007]: DEBUG oslo_concurrency.lockutils [None req-9bd7d9a8-d05b-4017-981d-7151952fad02 None None] Acquiring lock "00000000-0000-0000-0000-000000000000" by "nova.context.set_target_cell..get_or_set_cached_cell_and_set_connections" {{(pid=108007) inner /opt/stack/data/venv/lib/python3.12/site-packages/oslo_concurrency/lockutils.py:506}}
May 16 00:57:09.110479 np0000174371 devstack@n-api-meta.service[108007]: DEBUG oslo_concurrency.lockutils [None req-9bd7d9a8-d05b-4017-981d-7151952fad02 None None] Lock "00000000-0000-0000-0000-000000000000" acquired by "nova.context.set_target_cell..get_or_set_cached_cell_and_set_connections" :: waited 0.000s {{(pid=108007) inner /opt/stack/data/venv/lib/python3.12/site-packages/oslo_concurrency/lockutils.py:519}}
May 16 00:57:09.112052 np0000174371 devstack@n-api-meta.service[108007]: DEBUG oslo_concurrency.lockutils [None req-9bd7d9a8-d05b-4017-981d-7151952fad02 None None] Lock "00000000-0000-0000-0000-000000000000" "released" by "nova.context.set_target_cell..get_or_set_cached_cell_and_set_connections" :: held 0.001s {{(pid=108007) inner /opt/stack/data/venv/lib/python3.12/site-packages/oslo_concurrency/lockutils.py:538}}
May 16 00:57:09.112180 np0000174371 devstack@n-api-meta.service[108007]: DEBUG oslo_concurrency.lockutils [None req-9bd7d9a8-d05b-4017-981d-7151952fad02 None None] Acquiring lock "7caf6e0f-b147-4adf-a6f9-fe65c0a2d042" by "nova.context.set_target_cell..get_or_set_cached_cell_and_set_connections" {{(pid=108007) inner /opt/stack/data/venv/lib/python3.12/site-packages/oslo_concurrency/lockutils.py:506}}
May 16 00:57:09.112330 np0000174371 devstack@n-api-meta.service[108007]: DEBUG oslo_concurrency.lockutils [None req-9bd7d9a8-d05b-4017-981d-7151952fad02 None None] Lock "7caf6e0f-b147-4adf-a6f9-fe65c0a2d042" acquired by "nova.context.set_target_cell..get_or_set_cached_cell_and_set_connections" :: waited 0.000s {{(pid=108007) inner /opt/stack/data/venv/lib/python3.12/site-packages/oslo_concurrency/lockutils.py:519}}
May 16 00:57:09.113230 np0000174371 devstack@n-api-meta.service[108007]: DEBUG oslo_concurrency.lockutils [None req-9bd7d9a8-d05b-4017-981d-7151952fad02 None None] Lock "7caf6e0f-b147-4adf-a6f9-fe65c0a2d042" "released" by "nova.context.set_target_cell..get_or_set_cached_cell_and_set_connections" :: held 0.001s {{(pid=108007) inner /opt/stack/data/venv/lib/python3.12/site-packages/oslo_concurrency/lockutils.py:538}}
May 16 00:57:09.115854 np0000174371 devstack@n-api-meta.service[108005]: DEBUG dbcounter [-] [108005] Writer thread running {{(pid=108005) stat_writer /opt/stack/data/venv/lib/python3.12/site-packages/dbcounter.py:102}}
May 16 00:57:09.117118 np0000174371 devstack@n-api-meta.service[108007]: INFO dbcounter [None req-9bd7d9a8-d05b-4017-981d-7151952fad02 None None] Registered counter for database nova_cell0
May 16 00:57:09.120453 np0000174371 devstack@n-api-meta.service[108005]: INFO dbcounter [None req-fcd49d2c-cafc-4f7f-bd6d-4466d464136d None None] Registered counter for database nova_cell0
May 16 00:57:09.123088 np0000174371 devstack@n-api-meta.service[108007]: INFO dbcounter [None req-9bd7d9a8-d05b-4017-981d-7151952fad02 None None] Registered counter for database nova_cell1
May 16 00:57:09.133902 np0000174371 devstack@n-api-meta.service[108007]: DEBUG oslo_db.sqlalchemy.engines [None req-9bd7d9a8-d05b-4017-981d-7151952fad02 None None] MySQL server mode set to STRICT_TRANS_TABLES,STRICT_ALL_TABLES,NO_ZERO_IN_DATE,NO_ZERO_DATE,ERROR_FOR_DIVISION_BY_ZERO,TRADITIONAL,NO_ENGINE_SUBSTITUTION {{(pid=108007) _check_effective_sql_mode /opt/stack/data/venv/lib/python3.12/site-packages/oslo_db/sqlalchemy/engines.py:325}}
May 16 00:57:09.137620 np0000174371 devstack@n-api-meta.service[108005]: DEBUG oslo_db.sqlalchemy.engines [None req-fcd49d2c-cafc-4f7f-bd6d-4466d464136d None None] MySQL server mode set to STRICT_TRANS_TABLES,STRICT_ALL_TABLES,NO_ZERO_IN_DATE,NO_ZERO_DATE,ERROR_FOR_DIVISION_BY_ZERO,TRADITIONAL,NO_ENGINE_SUBSTITUTION {{(pid=108005) _check_effective_sql_mode /opt/stack/data/venv/lib/python3.12/site-packages/oslo_db/sqlalchemy/engines.py:325}}
May 16 00:57:09.147553 np0000174371 devstack@n-api-meta.service[108007]: DEBUG oslo_db.sqlalchemy.engines [None req-9bd7d9a8-d05b-4017-981d-7151952fad02 None None] MySQL server mode set to STRICT_TRANS_TABLES,STRICT_ALL_TABLES,NO_ZERO_IN_DATE,NO_ZERO_DATE,ERROR_FOR_DIVISION_BY_ZERO,TRADITIONAL,NO_ENGINE_SUBSTITUTION {{(pid=108007) _check_effective_sql_mode /opt/stack/data/venv/lib/python3.12/site-packages/oslo_db/sqlalchemy/engines.py:325}}
May 16 00:57:09.148444 np0000174371 devstack@n-api-meta.service[108005]: DEBUG dbcounter [-] [108005] Writer thread running {{(pid=108005) stat_writer /opt/stack/data/venv/lib/python3.12/site-packages/dbcounter.py:102}}
May 16 00:57:09.192475 np0000174371 devstack@n-api-meta.service[108006]: DEBUG dbcounter [-] [108006] Writer thread running {{(pid=108006) stat_writer /opt/stack/data/venv/lib/python3.12/site-packages/dbcounter.py:102}}
May 16 00:57:09.194492 np0000174371 devstack@n-api-meta.service[108006]: DEBUG dbcounter [-] [108006] Writer thread running {{(pid=108006) stat_writer /opt/stack/data/venv/lib/python3.12/site-packages/dbcounter.py:102}}
May 16 00:57:09.200190 np0000174371 devstack@n-api-meta.service[108004]: DEBUG dbcounter [-] [108004] Writer thread running {{(pid=108004) stat_writer /opt/stack/data/venv/lib/python3.12/site-packages/dbcounter.py:102}}
May 16 00:57:09.200377 np0000174371 devstack@n-api-meta.service[108006]: INFO dbcounter [None req-eb00427d-513a-4e91-971d-4ac2785b7d89 None None] Registered counter for database nova_cell0
May 16 00:57:09.203776 np0000174371 devstack@n-api-meta.service[108004]: DEBUG dbcounter [-] [108004] Writer thread running {{(pid=108004) stat_writer /opt/stack/data/venv/lib/python3.12/site-packages/dbcounter.py:102}}
May 16 00:57:09.208929 np0000174371 devstack@n-api-meta.service[108004]: INFO dbcounter [None req-38dde9c3-64cd-48a5-8ea6-c92f7f7b0ff2 None None] Registered counter for database nova_cell0
May 16 00:57:09.210063 np0000174371 devstack@n-api-meta.service[108005]: WARNING nova.api.metadata.handler [None req-fcd49d2c-cafc-4f7f-bd6d-4466d464136d None None] metadata_proxy_shared_secret is not configured, the metadata information returned by the proxy cannot be trusted
May 16 00:57:09.211416 np0000174371 devstack@n-api-meta.service[108006]: DEBUG oslo_db.sqlalchemy.engines [None req-eb00427d-513a-4e91-971d-4ac2785b7d89 None None] MySQL server mode set to STRICT_TRANS_TABLES,STRICT_ALL_TABLES,NO_ZERO_IN_DATE,NO_ZERO_DATE,ERROR_FOR_DIVISION_BY_ZERO,TRADITIONAL,NO_ENGINE_SUBSTITUTION {{(pid=108006) _check_effective_sql_mode /opt/stack/data/venv/lib/python3.12/site-packages/oslo_db/sqlalchemy/engines.py:325}}
May 16 00:57:09.212380 np0000174371 devstack@n-api-meta.service[108005]: DEBUG nova.api.openstack.wsgi_app [None req-fcd49d2c-cafc-4f7f-bd6d-4466d464136d None None] ******************************************************************************** {{(pid=108005) log_opt_values /opt/stack/data/venv/lib/python3.12/site-packages/oslo_config/cfg.py:2979}}
May 16 00:57:09.212497 np0000174371 devstack@n-api-meta.service[108005]: DEBUG nova.api.openstack.wsgi_app [None req-fcd49d2c-cafc-4f7f-bd6d-4466d464136d None None] Configuration options gathered from: {{(pid=108005) log_opt_values /opt/stack/data/venv/lib/python3.12/site-packages/oslo_config/cfg.py:2980}}
May 16 00:57:09.212610 np0000174371 devstack@n-api-meta.service[108005]: DEBUG nova.api.openstack.wsgi_app [None req-fcd49d2c-cafc-4f7f-bd6d-4466d464136d None None] command line args: [] {{(pid=108005) log_opt_values /opt/stack/data/venv/lib/python3.12/site-packages/oslo_config/cfg.py:2981}}
May 16 00:57:09.212782 np0000174371 devstack@n-api-meta.service[108005]: DEBUG nova.api.openstack.wsgi_app [None req-fcd49d2c-cafc-4f7f-bd6d-4466d464136d None None] config files: ['/etc/nova/api-paste.ini', '/etc/nova/nova.conf'] {{(pid=108005) log_opt_values /opt/stack/data/venv/lib/python3.12/site-packages/oslo_config/cfg.py:2982}}
May 16 00:57:09.212881 np0000174371 devstack@n-api-meta.service[108005]: DEBUG nova.api.openstack.wsgi_app [None req-fcd49d2c-cafc-4f7f-bd6d-4466d464136d None None] ================================================================================ {{(pid=108005) log_opt_values /opt/stack/data/venv/lib/python3.12/site-packages/oslo_config/cfg.py:2987}}
May 16 00:57:09.213071 np0000174371 devstack@n-api-meta.service[108005]: DEBUG nova.api.openstack.wsgi_app [None req-fcd49d2c-cafc-4f7f-bd6d-4466d464136d None None] allow_resize_to_same_host = True {{(pid=108005) log_opt_values /opt/stack/data/venv/lib/python3.12/site-packages/oslo_config/cfg.py:2995}}
May 16 00:57:09.213244 np0000174371 devstack@n-api-meta.service[108005]: DEBUG nova.api.openstack.wsgi_app [None req-fcd49d2c-cafc-4f7f-bd6d-4466d464136d None None] arq_binding_timeout = 300 {{(pid=108005) log_opt_values /opt/stack/data/venv/lib/python3.12/site-packages/oslo_config/cfg.py:2995}}
May 16 00:57:09.213379 np0000174371 devstack@n-api-meta.service[108005]: DEBUG nova.api.openstack.wsgi_app [None req-fcd49d2c-cafc-4f7f-bd6d-4466d464136d None None] block_device_allocate_retries = 60 {{(pid=108005) log_opt_values /opt/stack/data/venv/lib/python3.12/site-packages/oslo_config/cfg.py:2995}}
May 16 00:57:09.213512 np0000174371 devstack@n-api-meta.service[108005]: DEBUG nova.api.openstack.wsgi_app [None req-fcd49d2c-cafc-4f7f-bd6d-4466d464136d None None] block_device_allocate_retries_interval = 3 {{(pid=108005) log_opt_values /opt/stack/data/venv/lib/python3.12/site-packages/oslo_config/cfg.py:2995}}
May 16 00:57:09.213639 np0000174371 devstack@n-api-meta.service[108005]: DEBUG nova.api.openstack.wsgi_app [None req-fcd49d2c-cafc-4f7f-bd6d-4466d464136d None None] cell_worker_thread_pool_size = 5 {{(pid=108005) log_opt_values /opt/stack/data/venv/lib/python3.12/site-packages/oslo_config/cfg.py:2995}}
May 16 00:57:09.213798 np0000174371 devstack@n-api-meta.service[108005]: DEBUG nova.api.openstack.wsgi_app [None req-fcd49d2c-cafc-4f7f-bd6d-4466d464136d None None] cert = self.pem {{(pid=108005) log_opt_values /opt/stack/data/venv/lib/python3.12/site-packages/oslo_config/cfg.py:2995}}
May 16 00:57:09.213937 np0000174371 devstack@n-api-meta.service[108005]: DEBUG nova.api.openstack.wsgi_app [None req-fcd49d2c-cafc-4f7f-bd6d-4466d464136d None None] compute_driver = libvirt.LibvirtDriver {{(pid=108005) log_opt_values /opt/stack/data/venv/lib/python3.12/site-packages/oslo_config/cfg.py:2995}}
May 16 00:57:09.214129 np0000174371 devstack@n-api-meta.service[108005]: DEBUG nova.api.openstack.wsgi_app [None req-fcd49d2c-cafc-4f7f-bd6d-4466d464136d None None] compute_monitors = [] {{(pid=108005) log_opt_values /opt/stack/data/venv/lib/python3.12/site-packages/oslo_config/cfg.py:2995}}
May 16 00:57:09.215536 np0000174371 devstack@n-api-meta.service[108005]: DEBUG nova.api.openstack.wsgi_app [None req-fcd49d2c-cafc-4f7f-bd6d-4466d464136d None None] config_dir = [] {{(pid=108005) log_opt_values /opt/stack/data/venv/lib/python3.12/site-packages/oslo_config/cfg.py:2995}}
May 16 00:57:09.215536 np0000174371 devstack@n-api-meta.service[108005]: DEBUG nova.api.openstack.wsgi_app [None req-fcd49d2c-cafc-4f7f-bd6d-4466d464136d None None] config_drive_format = iso9660 {{(pid=108005) log_opt_values /opt/stack/data/venv/lib/python3.12/site-packages/oslo_config/cfg.py:2995}}
May 16 00:57:09.215536 np0000174371 devstack@n-api-meta.service[108005]: DEBUG nova.api.openstack.wsgi_app [None req-fcd49d2c-cafc-4f7f-bd6d-4466d464136d None None] config_file = ['/etc/nova/api-paste.ini', '/etc/nova/nova.conf'] {{(pid=108005) log_opt_values /opt/stack/data/venv/lib/python3.12/site-packages/oslo_config/cfg.py:2995}}
May 16 00:57:09.215536 np0000174371 devstack@n-api-meta.service[108005]: DEBUG nova.api.openstack.wsgi_app [None req-fcd49d2c-cafc-4f7f-bd6d-4466d464136d None None] config_source = [] {{(pid=108005) log_opt_values /opt/stack/data/venv/lib/python3.12/site-packages/oslo_config/cfg.py:2995}}
May 16 00:57:09.215536 np0000174371 devstack@n-api-meta.service[108005]: DEBUG nova.api.openstack.wsgi_app [None req-fcd49d2c-cafc-4f7f-bd6d-4466d464136d None None] console_host = np0000174371 {{(pid=108005) log_opt_values /opt/stack/data/venv/lib/python3.12/site-packages/oslo_config/cfg.py:2995}}
May 16 00:57:09.215536 np0000174371 devstack@n-api-meta.service[108005]: DEBUG nova.api.openstack.wsgi_app [None req-fcd49d2c-cafc-4f7f-bd6d-4466d464136d None None] control_exchange = nova {{(pid=108005) log_opt_values /opt/stack/data/venv/lib/python3.12/site-packages/oslo_config/cfg.py:2995}}
May 16 00:57:09.215536 np0000174371 devstack@n-api-meta.service[108005]: DEBUG nova.api.openstack.wsgi_app [None req-fcd49d2c-cafc-4f7f-bd6d-4466d464136d None None] cpu_allocation_ratio = None {{(pid=108005) log_opt_values /opt/stack/data/venv/lib/python3.12/site-packages/oslo_config/cfg.py:2995}}
May 16 00:57:09.216072 np0000174371 devstack@n-api-meta.service[108005]: DEBUG nova.api.openstack.wsgi_app [None req-fcd49d2c-cafc-4f7f-bd6d-4466d464136d None None] daemon = False {{(pid=108005) log_opt_values /opt/stack/data/venv/lib/python3.12/site-packages/oslo_config/cfg.py:2995}}
May 16 00:57:09.216072 np0000174371 devstack@n-api-meta.service[108005]: DEBUG nova.api.openstack.wsgi_app [None req-fcd49d2c-cafc-4f7f-bd6d-4466d464136d None None] debug = True {{(pid=108005) log_opt_values /opt/stack/data/venv/lib/python3.12/site-packages/oslo_config/cfg.py:2995}}
May 16 00:57:09.216072 np0000174371 devstack@n-api-meta.service[108005]: DEBUG nova.api.openstack.wsgi_app [None req-fcd49d2c-cafc-4f7f-bd6d-4466d464136d None None] default_access_ip_network_name = None {{(pid=108005) log_opt_values /opt/stack/data/venv/lib/python3.12/site-packages/oslo_config/cfg.py:2995}}
May 16 00:57:09.216072 np0000174371 devstack@n-api-meta.service[108005]: DEBUG nova.api.openstack.wsgi_app [None req-fcd49d2c-cafc-4f7f-bd6d-4466d464136d None None] default_availability_zone = nova {{(pid=108005) log_opt_values /opt/stack/data/venv/lib/python3.12/site-packages/oslo_config/cfg.py:2995}}
May 16 00:57:09.216072 np0000174371 devstack@n-api-meta.service[108005]: DEBUG nova.api.openstack.wsgi_app [None req-fcd49d2c-cafc-4f7f-bd6d-4466d464136d None None] default_ephemeral_format = ext4 {{(pid=108005) log_opt_values /opt/stack/data/venv/lib/python3.12/site-packages/oslo_config/cfg.py:2995}}
May 16 00:57:09.216072 np0000174371 devstack@n-api-meta.service[108005]: DEBUG nova.api.openstack.wsgi_app [None req-fcd49d2c-cafc-4f7f-bd6d-4466d464136d None None] default_green_pool_size = 1000 {{(pid=108005) log_opt_values /opt/stack/data/venv/lib/python3.12/site-packages/oslo_config/cfg.py:2995}}
May 16 00:57:09.216450 np0000174371 devstack@n-api-meta.service[108005]: DEBUG nova.api.openstack.wsgi_app [None req-fcd49d2c-cafc-4f7f-bd6d-4466d464136d None None] default_log_levels = ['amqp=WARN', 'boto=WARN', 'sqlalchemy=WARN', 'suds=INFO', 'oslo.messaging=INFO', 'oslo_messaging=INFO', 'iso8601=WARN', 'requests.packages.urllib3.connectionpool=WARN', 'urllib3.connectionpool=WARN', 'websocket=WARN', 'requests.packages.urllib3.util.retry=WARN', 'urllib3.util.retry=WARN', 'keystonemiddleware=WARN', 'routes.middleware=WARN', 'stevedore=WARN', 'taskflow=WARN', 'keystoneauth=WARN', 'oslo.cache=INFO', 'oslo_policy=INFO', 'dogpile.core.dogpile=INFO', 'glanceclient=WARN', 'oslo.privsep.daemon=INFO'] {{(pid=108005) log_opt_values /opt/stack/data/venv/lib/python3.12/site-packages/oslo_config/cfg.py:2995}}
May 16 00:57:09.216450 np0000174371 devstack@n-api-meta.service[108005]: DEBUG nova.api.openstack.wsgi_app [None req-fcd49d2c-cafc-4f7f-bd6d-4466d464136d None None] default_schedule_zone = None {{(pid=108005) log_opt_values /opt/stack/data/venv/lib/python3.12/site-packages/oslo_config/cfg.py:2995}}
May 16 00:57:09.216450 np0000174371 devstack@n-api-meta.service[108005]: DEBUG nova.api.openstack.wsgi_app [None req-fcd49d2c-cafc-4f7f-bd6d-4466d464136d None None] default_thread_pool_size = 10 {{(pid=108005) log_opt_values /opt/stack/data/venv/lib/python3.12/site-packages/oslo_config/cfg.py:2995}}
May 16 00:57:09.216450 np0000174371 devstack@n-api-meta.service[108005]: DEBUG nova.api.openstack.wsgi_app [None req-fcd49d2c-cafc-4f7f-bd6d-4466d464136d None None] disk_allocation_ratio = None {{(pid=108005) log_opt_values /opt/stack/data/venv/lib/python3.12/site-packages/oslo_config/cfg.py:2995}}
May 16 00:57:09.216450 np0000174371 devstack@n-api-meta.service[108005]: DEBUG nova.api.openstack.wsgi_app [None req-fcd49d2c-cafc-4f7f-bd6d-4466d464136d None None] enable_new_services = True {{(pid=108005) log_opt_values /opt/stack/data/venv/lib/python3.12/site-packages/oslo_config/cfg.py:2995}}
May 16 00:57:09.216918 np0000174371 devstack@n-api-meta.service[108005]: DEBUG nova.api.openstack.wsgi_app [None req-fcd49d2c-cafc-4f7f-bd6d-4466d464136d None None] flat_injected = False {{(pid=108005) log_opt_values /opt/stack/data/venv/lib/python3.12/site-packages/oslo_config/cfg.py:2995}}
May 16 00:57:09.216918 np0000174371 devstack@n-api-meta.service[108005]: DEBUG nova.api.openstack.wsgi_app [None req-fcd49d2c-cafc-4f7f-bd6d-4466d464136d None None] force_config_drive = False {{(pid=108005) log_opt_values /opt/stack/data/venv/lib/python3.12/site-packages/oslo_config/cfg.py:2995}}
May 16 00:57:09.216918 np0000174371 devstack@n-api-meta.service[108005]: DEBUG nova.api.openstack.wsgi_app [None req-fcd49d2c-cafc-4f7f-bd6d-4466d464136d None None] force_raw_images = True {{(pid=108005) log_opt_values /opt/stack/data/venv/lib/python3.12/site-packages/oslo_config/cfg.py:2995}}
May 16 00:57:09.217130 np0000174371 devstack@n-api-meta.service[108005]: DEBUG nova.api.openstack.wsgi_app [None req-fcd49d2c-cafc-4f7f-bd6d-4466d464136d None None] graceful_shutdown_timeout = 5 {{(pid=108005) log_opt_values /opt/stack/data/venv/lib/python3.12/site-packages/oslo_config/cfg.py:2995}}
May 16 00:57:09.217130 np0000174371 devstack@n-api-meta.service[108005]: DEBUG nova.api.openstack.wsgi_app [None req-fcd49d2c-cafc-4f7f-bd6d-4466d464136d None None] heal_instance_info_cache_interval = -1 {{(pid=108005) log_opt_values /opt/stack/data/venv/lib/python3.12/site-packages/oslo_config/cfg.py:2995}}
May 16 00:57:09.217299 np0000174371 devstack@n-api-meta.service[108005]: DEBUG nova.api.openstack.wsgi_app [None req-fcd49d2c-cafc-4f7f-bd6d-4466d464136d None None] host = np0000174371 {{(pid=108005) log_opt_values /opt/stack/data/venv/lib/python3.12/site-packages/oslo_config/cfg.py:2995}}
May 16 00:57:09.217405 np0000174371 devstack@n-api-meta.service[108005]: DEBUG nova.api.openstack.wsgi_app [None req-fcd49d2c-cafc-4f7f-bd6d-4466d464136d None None] initial_cpu_allocation_ratio = 4.0 {{(pid=108005) log_opt_values /opt/stack/data/venv/lib/python3.12/site-packages/oslo_config/cfg.py:2995}}
May 16 00:57:09.217538 np0000174371 devstack@n-api-meta.service[108005]: DEBUG nova.api.openstack.wsgi_app [None req-fcd49d2c-cafc-4f7f-bd6d-4466d464136d None None] initial_disk_allocation_ratio = 1.0 {{(pid=108005) log_opt_values /opt/stack/data/venv/lib/python3.12/site-packages/oslo_config/cfg.py:2995}}
May 16 00:57:09.217662 np0000174371 devstack@n-api-meta.service[108005]: DEBUG nova.api.openstack.wsgi_app [None req-fcd49d2c-cafc-4f7f-bd6d-4466d464136d None None] initial_ram_allocation_ratio = 1.0 {{(pid=108005) log_opt_values /opt/stack/data/venv/lib/python3.12/site-packages/oslo_config/cfg.py:2995}}
May 16 00:57:09.217850 np0000174371 devstack@n-api-meta.service[108005]: DEBUG nova.api.openstack.wsgi_app [None req-fcd49d2c-cafc-4f7f-bd6d-4466d464136d None None] injected_network_template = /opt/stack/nova/nova/virt/interfaces.template {{(pid=108005) log_opt_values /opt/stack/data/venv/lib/python3.12/site-packages/oslo_config/cfg.py:2995}}
May 16 00:57:09.217977 np0000174371 devstack@n-api-meta.service[108005]: DEBUG nova.api.openstack.wsgi_app [None req-fcd49d2c-cafc-4f7f-bd6d-4466d464136d None None] instance_build_timeout = 0 {{(pid=108005) log_opt_values /opt/stack/data/venv/lib/python3.12/site-packages/oslo_config/cfg.py:2995}}
May 16 00:57:09.218133 np0000174371 devstack@n-api-meta.service[108005]: DEBUG nova.api.openstack.wsgi_app [None req-fcd49d2c-cafc-4f7f-bd6d-4466d464136d None None] instance_delete_interval = 300 {{(pid=108005) log_opt_values /opt/stack/data/venv/lib/python3.12/site-packages/oslo_config/cfg.py:2995}}
May 16 00:57:09.218275 np0000174371 devstack@n-api-meta.service[108005]: DEBUG nova.api.openstack.wsgi_app [None req-fcd49d2c-cafc-4f7f-bd6d-4466d464136d None None] instance_format = [instance: %(uuid)s] {{(pid=108005) log_opt_values /opt/stack/data/venv/lib/python3.12/site-packages/oslo_config/cfg.py:2995}}
May 16 00:57:09.218393 np0000174371 devstack@n-api-meta.service[108005]: DEBUG nova.api.openstack.wsgi_app [None req-fcd49d2c-cafc-4f7f-bd6d-4466d464136d None None] instance_name_template = instance-%08x {{(pid=108005) log_opt_values /opt/stack/data/venv/lib/python3.12/site-packages/oslo_config/cfg.py:2995}}
May 16 00:57:09.218529 np0000174371 devstack@n-api-meta.service[108005]: DEBUG nova.api.openstack.wsgi_app [None req-fcd49d2c-cafc-4f7f-bd6d-4466d464136d None None] instance_usage_audit = False {{(pid=108005) log_opt_values /opt/stack/data/venv/lib/python3.12/site-packages/oslo_config/cfg.py:2995}}
May 16 00:57:09.218668 np0000174371 devstack@n-api-meta.service[108005]: DEBUG nova.api.openstack.wsgi_app [None req-fcd49d2c-cafc-4f7f-bd6d-4466d464136d None None] instance_usage_audit_period = month {{(pid=108005) log_opt_values /opt/stack/data/venv/lib/python3.12/site-packages/oslo_config/cfg.py:2995}}
May 16 00:57:09.218802 np0000174371 devstack@n-api-meta.service[108005]: DEBUG nova.api.openstack.wsgi_app [None req-fcd49d2c-cafc-4f7f-bd6d-4466d464136d None None] instance_uuid_format = [instance: %(uuid)s] {{(pid=108005) log_opt_values /opt/stack/data/venv/lib/python3.12/site-packages/oslo_config/cfg.py:2995}}
May 16 00:57:09.218942 np0000174371 devstack@n-api-meta.service[108005]: DEBUG nova.api.openstack.wsgi_app [None req-fcd49d2c-cafc-4f7f-bd6d-4466d464136d None None] instances_path = /opt/stack/data/nova/instances {{(pid=108005) log_opt_values /opt/stack/data/venv/lib/python3.12/site-packages/oslo_config/cfg.py:2995}}
May 16 00:57:09.219071 np0000174371 devstack@n-api-meta.service[108005]: DEBUG nova.api.openstack.wsgi_app [None req-fcd49d2c-cafc-4f7f-bd6d-4466d464136d None None] internal_service_availability_zone = internal {{(pid=108005) log_opt_values /opt/stack/data/venv/lib/python3.12/site-packages/oslo_config/cfg.py:2995}}
May 16 00:57:09.219176 np0000174371 devstack@n-api-meta.service[108005]: DEBUG nova.api.openstack.wsgi_app [None req-fcd49d2c-cafc-4f7f-bd6d-4466d464136d None None] key = None {{(pid=108005) log_opt_values /opt/stack/data/venv/lib/python3.12/site-packages/oslo_config/cfg.py:2995}}
May 16 00:57:09.219362 np0000174371 devstack@n-api-meta.service[108005]: DEBUG nova.api.openstack.wsgi_app [None req-fcd49d2c-cafc-4f7f-bd6d-4466d464136d None None] live_migration_retry_count = 30 {{(pid=108005) log_opt_values /opt/stack/data/venv/lib/python3.12/site-packages/oslo_config/cfg.py:2995}}
May 16 00:57:09.219491 np0000174371 devstack@n-api-meta.service[108005]: DEBUG nova.api.openstack.wsgi_app [None req-fcd49d2c-cafc-4f7f-bd6d-4466d464136d None None] log_color = False {{(pid=108005) log_opt_values /opt/stack/data/venv/lib/python3.12/site-packages/oslo_config/cfg.py:2995}}
May 16 00:57:09.219821 np0000174371 devstack@n-api-meta.service[108005]: DEBUG nova.api.openstack.wsgi_app [None req-fcd49d2c-cafc-4f7f-bd6d-4466d464136d None None] log_config_append = None {{(pid=108005) log_opt_values /opt/stack/data/venv/lib/python3.12/site-packages/oslo_config/cfg.py:2995}}
May 16 00:57:09.219876 np0000174371 devstack@n-api-meta.service[108004]: DEBUG oslo_db.sqlalchemy.engines [None req-38dde9c3-64cd-48a5-8ea6-c92f7f7b0ff2 None None] MySQL server mode set to STRICT_TRANS_TABLES,STRICT_ALL_TABLES,NO_ZERO_IN_DATE,NO_ZERO_DATE,ERROR_FOR_DIVISION_BY_ZERO,TRADITIONAL,NO_ENGINE_SUBSTITUTION {{(pid=108004) _check_effective_sql_mode /opt/stack/data/venv/lib/python3.12/site-packages/oslo_db/sqlalchemy/engines.py:325}}
May 16 00:57:09.219937 np0000174371 devstack@n-api-meta.service[108005]: DEBUG nova.api.openstack.wsgi_app [None req-fcd49d2c-cafc-4f7f-bd6d-4466d464136d None None] log_date_format = %Y-%m-%d %H:%M:%S {{(pid=108005) log_opt_values /opt/stack/data/venv/lib/python3.12/site-packages/oslo_config/cfg.py:2995}}
May 16 00:57:09.220067 np0000174371 devstack@n-api-meta.service[108005]: DEBUG nova.api.openstack.wsgi_app [None req-fcd49d2c-cafc-4f7f-bd6d-4466d464136d None None] log_dir = None {{(pid=108005) log_opt_values /opt/stack/data/venv/lib/python3.12/site-packages/oslo_config/cfg.py:2995}}
