2026-05-29 23:03:24.872 9 INFO neutron.db.ovn_revision_numbers_db [req-e317dda6-acfe-480e-bd13-774140d53a0c req-15cd281a-c8f6-43a2-a623-14e3d128a47d ec347fbad4274f6bacdda39c76fa82d4 516f89a5560c4f98b8d68e4ee53608e8 - - default default] Successfully bumped revision number for resource 7456a568-54a0-4864-93fc-8ab1f4a11185 (type: security_group_rules) to 0
2026-05-29 23:03:24.891 9 INFO neutron.wsgi [req-cb1dfd29-c1cf-4008-8583-cd30c34fe2c2 req-1abf7730-8805-44a4-83d0-26aad8b97e3f ee1b4339f7684acc9aa432c14319da8a b5deb3adb45f4a099f87fcbb71ec2c65 - - default default] 10.0.0.86 "GET /v2.0/security-groups/411bd23e-04df-4206-859a-4479aa12a103 HTTP/1.1" status: 200 len: 1822 time: 0.0416188
2026-05-29 23:03:24.912 9 WARNING neutron_lib.context [req-cb1dfd29-c1cf-4008-8583-cd30c34fe2c2 req-178ac13b-2ba5-422a-a507-63bc4c91aa1e ee1b4339f7684acc9aa432c14319da8a b5deb3adb45f4a099f87fcbb71ec2c65 - - default default] Method 'is_advsvc' is deprecated since 2023.2 release (neutron-lib 3.8.0) and will be removed once support for the old RBAC API policies will be removed from Neutron. Please use method 'is_service_role' instead.
2026-05-29 23:03:24.915 9 INFO neutron.db.ovn_revision_numbers_db [req-e317dda6-acfe-480e-bd13-774140d53a0c req-15cd281a-c8f6-43a2-a623-14e3d128a47d ec347fbad4274f6bacdda39c76fa82d4 516f89a5560c4f98b8d68e4ee53608e8 - - default default] Successfully bumped revision number for resource 7e1fba83-c236-421c-9a03-ff018f340a22 (type: security_group_rules) to 0
2026-05-29 23:03:24.948 9 INFO neutron.wsgi [req-e317dda6-acfe-480e-bd13-774140d53a0c req-15cd281a-c8f6-43a2-a623-14e3d128a47d ec347fbad4274f6bacdda39c76fa82d4 516f89a5560c4f98b8d68e4ee53608e8 - - default default] 10.0.0.86 "POST /v2.0/security-groups HTTP/1.1" status: 201 len: 1822 time: 0.3949897
2026-05-29 23:03:25.002 10 WARNING neutron.scheduler.dhcp_agent_scheduler [None req-cb5d5b26-daf0-41fc-8fa8-e9788bd04ad4 6a50422223ed4b9ca3b2ce43192c37d5 a8cec7abc0cf433ebaa538af7a4fd6b0 - - default default] No more DHCP agents
2026-05-29 23:03:25.005 10 WARNING neutron.api.rpc.agentnotifiers.dhcp_rpc_agent_api [None req-cb5d5b26-daf0-41fc-8fa8-e9788bd04ad4 6a50422223ed4b9ca3b2ce43192c37d5 a8cec7abc0cf433ebaa538af7a4fd6b0 - - default default] Unable to schedule network 8e4dbbc2-fbba-404a-99fd-6db7479124aa: no agents available; will retry on subsequent port and subnet creation events.
2026-05-29 23:03:25.068 9 INFO neutron.wsgi [req-c11ec8e5-e06b-4cc6-966c-c41112560811 req-58142136-3281-4b9b-8159-42abf6d0aa4e ec347fbad4274f6bacdda39c76fa82d4 516f89a5560c4f98b8d68e4ee53608e8 - - default default] 10.0.0.86 "GET /v2.0/security-groups?tenant_id=516f89a5560c4f98b8d68e4ee53608e8 HTTP/1.1" status: 200 len: 7793 time: 0.0892694
2026-05-29 23:03:25.121 9 INFO neutron.db.ovn_revision_numbers_db [None req-9e30099e-a3a0-4268-827f-286397480fb4 - - - - - -] Successfully bumped revision number for resource 59770887-6beb-40b6-93c7-11e0b5e7895d (type: ports) to 1
2026-05-29 23:03:25.134 9 INFO neutron.wsgi [req-c11ec8e5-e06b-4cc6-966c-c41112560811 req-68e049d9-722e-486e-a9bf-a4def50d5a66 ec347fbad4274f6bacdda39c76fa82d4 516f89a5560c4f98b8d68e4ee53608e8 - - default default] 10.0.0.86 "GET /v2.0/security-groups/83d268e9-e45f-476b-9c16-b743ec4731e3 HTTP/1.1" status: 200 len: 2994 time: 0.0548596
2026-05-29 23:03:25.168 9 INFO neutron.db.ovn_revision_numbers_db [req-cb1dfd29-c1cf-4008-8583-cd30c34fe2c2 req-178ac13b-2ba5-422a-a507-63bc4c91aa1e ee1b4339f7684acc9aa432c14319da8a b5deb3adb45f4a099f87fcbb71ec2c65 - - default default] Successfully bumped revision number for resource 72de5c3e-7443-4a2b-8835-2194a6373a2d (type: security_group_rules) to 0
2026-05-29 23:03:25.188 10 INFO neutron.db.ovn_revision_numbers_db [None req-cb5d5b26-daf0-41fc-8fa8-e9788bd04ad4 6a50422223ed4b9ca3b2ce43192c37d5 a8cec7abc0cf433ebaa538af7a4fd6b0 - - default default] Successfully bumped revision number for resource 06624dae-c578-4107-8c26-263eaecffb17 (type: ports) to 1
2026-05-29 23:03:25.215 9 INFO neutron.wsgi [req-c11ec8e5-e06b-4cc6-966c-c41112560811 req-c9f878c7-6862-45ed-9bef-af084ddecdc5 ec347fbad4274f6bacdda39c76fa82d4 516f89a5560c4f98b8d68e4ee53608e8 - - default default] 10.0.0.86 "GET /v2.0/security-groups/83d268e9-e45f-476b-9c16-b743ec4731e3 HTTP/1.1" status: 200 len: 2994 time: 0.0648162
2026-05-29 23:03:25.224 9 INFO neutron.wsgi [req-cb1dfd29-c1cf-4008-8583-cd30c34fe2c2 req-178ac13b-2ba5-422a-a507-63bc4c91aa1e ee1b4339f7684acc9aa432c14319da8a b5deb3adb45f4a099f87fcbb71ec2c65 - - default default] 10.0.0.86 "POST /v2.0/security-group-rules HTTP/1.1" status: 201 len: 786 time: 0.3203311
2026-05-29 23:03:25.358 9 INFO neutron.wsgi [req-ea818706-3c66-44dc-9c26-4abbd21ed47b req-1dc6a24b-dc70-4223-91f5-ebbf140440d2 ec347fbad4274f6bacdda39c76fa82d4 516f89a5560c4f98b8d68e4ee53608e8 - - default default] 10.0.0.86 "GET /v2.0/security-groups/93a12046-4934-480e-a9dd-edc349bc7f43 HTTP/1.1" status: 200 len: 1816 time: 0.1090858
2026-05-29 23:03:25.391 9 INFO neutron.wsgi [req-5427bfd6-0ab6-40f6-935e-bb9e6f7010e8 req-707f5664-3352-43c3-b364-68003cbde039 ee1b4339f7684acc9aa432c14319da8a b5deb3adb45f4a099f87fcbb71ec2c65 - - default default] 10.0.0.86 "GET /v2.0/security-groups/411bd23e-04df-4206-859a-4479aa12a103 HTTP/1.1" status: 200 len: 2415 time: 0.1418262
2026-05-29 23:03:25.410 9 WARNING neutron_lib.context [req-5427bfd6-0ab6-40f6-935e-bb9e6f7010e8 req-eb38f027-1f4f-4742-8c26-f00efc5a35de ee1b4339f7684acc9aa432c14319da8a b5deb3adb45f4a099f87fcbb71ec2c65 - - default default] Method 'is_advsvc' is deprecated since 2023.2 release (neutron-lib 3.8.0) and will be removed once support for the old RBAC API policies will be removed from Neutron. Please use method 'is_service_role' instead.
2026-05-29 23:03:25.495 10 INFO neutron.wsgi [None req-4b1d54cc-7131-4ade-a47c-d1d69deb4ccd 9ad25b4e5ac947bbba47d0f234d230d0 73351bb2a15b444bbc3ee59a30de6752 - - default default] 10.0.0.181 "GET /v2.0/extensions HTTP/1.1" status: 200 len: 16975 time: 0.2212548
2026-05-29 23:03:25.506 10 INFO neutron.wsgi [None req-c921c7ac-6931-4a75-adcf-9d4f13b6cf83 9ad25b4e5ac947bbba47d0f234d230d0 73351bb2a15b444bbc3ee59a30de6752 - - default default] 10.0.0.181 "GET /v2.0/extensions/address-group HTTP/1.1" status: 200 len: 353 time: 0.0043800
2026-05-29 23:03:25.518 10 INFO neutron.wsgi [None req-8a2aa972-bb1b-446c-a948-dff880f02485 9ad25b4e5ac947bbba47d0f234d230d0 73351bb2a15b444bbc3ee59a30de6752 - - default default] 10.0.0.181 "GET /v2.0/extensions/address-scope HTTP/1.1" status: 200 len: 357 time: 0.0045233
2026-05-29 23:03:25.532 10 INFO neutron.wsgi [None req-2bb7d987-9daa-47c6-8293-c5f2b1c3069a 9ad25b4e5ac947bbba47d0f234d230d0 73351bb2a15b444bbc3ee59a30de6752 - - default default] 10.0.0.181 "GET /v2.0/extensions/agent HTTP/1.1" status: 200 len: 347 time: 0.0063093
2026-05-29 23:03:25.558 10 INFO neutron.wsgi [None req-07afefdb-20d7-4510-9c84-6225045f79a0 9ad25b4e5ac947bbba47d0f234d230d0 73351bb2a15b444bbc3ee59a30de6752 - - default default] 10.0.0.181 "GET /v2.0/extensions/allowed-address-pairs HTTP/1.1" status: 200 len: 378 time: 0.0191545
2026-05-29 23:03:25.568 10 INFO neutron.wsgi [None req-5bc8a392-7aca-43a9-b2d1-50cfb19e9665 9ad25b4e5ac947bbba47d0f234d230d0 73351bb2a15b444bbc3ee59a30de6752 - - default default] 10.0.0.181 "GET /v2.0/extensions/auto-allocated-topology HTTP/1.1" status: 200 len: 394 time: 0.0040123
2026-05-29 23:03:25.578 10 INFO neutron.wsgi [None req-f5bc2638-dcfb-41c0-a8ae-2867912479bf 9ad25b4e5ac947bbba47d0f234d230d0 73351bb2a15b444bbc3ee59a30de6752 - - default default] 10.0.0.181 "GET /v2.0/extensions/availability_zone HTTP/1.1" status: 200 len: 372 time: 0.0048010
2026-05-29 23:03:25.589 9 INFO neutron.wsgi [None req-4ff018e8-6466-45db-91dd-a8c1d6f1caa3 9ad25b4e5ac947bbba47d0f234d230d0 73351bb2a15b444bbc3ee59a30de6752 - - default default] 10.0.0.181 "GET /v2.0/extensions/default-subnetpools HTTP/1.1" status: 200 len: 405 time: 0.0056047
2026-05-29 23:03:25.592 9 INFO neutron.db.ovn_revision_numbers_db [None req-9e30099e-a3a0-4268-827f-286397480fb4 - - - - - -] Successfully bumped revision number for resource 59770887-6beb-40b6-93c7-11e0b5e7895d (type: router_ports) to 3
2026-05-29 23:03:25.605 10 INFO neutron.wsgi [None req-32964f9d-cd72-400b-84b6-5ed6908b5f53 9ad25b4e5ac947bbba47d0f234d230d0 73351bb2a15b444bbc3ee59a30de6752 - - default default] 10.0.0.181 "GET /v2.0/extensions/dhcp_agent_scheduler HTTP/1.1" status: 200 len: 381 time: 0.0086901
2026-05-29 23:03:25.616 10 INFO neutron.wsgi [None req-e61301c0-6937-4660-8bda-897b1f87e7c2 9ad25b4e5ac947bbba47d0f234d230d0 73351bb2a15b444bbc3ee59a30de6752 - - default default] 10.0.0.181 "GET /v2.0/extensions/dns-integration HTTP/1.1" status: 200 len: 366 time: 0.0051258
2026-05-29 23:03:25.625 9 INFO neutron.wsgi [req-ea818706-3c66-44dc-9c26-4abbd21ed47b req-5c787510-2c7f-4d8c-aeba-3025ef3469ca ec347fbad4274f6bacdda39c76fa82d4 516f89a5560c4f98b8d68e4ee53608e8 - - default default] 10.0.0.86 "DELETE /v2.0/security-groups/93a12046-4934-480e-a9dd-edc349bc7f43 HTTP/1.1" status: 204 len: 173 time: 0.2511401
2026-05-29 23:03:25.630 9 INFO neutron.wsgi [None req-68ee2c71-3ba4-4699-9eca-140d830c1094 9ad25b4e5ac947bbba47d0f234d230d0 73351bb2a15b444bbc3ee59a30de6752 - - default default] 10.0.0.181 "GET /v2.0/extensions/dns-domain-ports HTTP/1.1" status: 200 len: 399 time: 0.0079226
2026-05-29 23:03:25.644 10 INFO neutron.wsgi [None req-999b3a6e-2018-429d-8c45-b80e48f65a0f 9ad25b4e5ac947bbba47d0f234d230d0 73351bb2a15b444bbc3ee59a30de6752 - - default default] 10.0.0.181 "GET /v2.0/extensions/dns-integration-domain-keywords HTTP/1.1" status: 200 len: 477 time: 0.0082071
2026-05-29 23:03:25.662 9 INFO neutron.db.ovn_revision_numbers_db [req-5427bfd6-0ab6-40f6-935e-bb9e6f7010e8 req-eb38f027-1f4f-4742-8c26-f00efc5a35de ee1b4339f7684acc9aa432c14319da8a b5deb3adb45f4a099f87fcbb71ec2c65 - - default default] Successfully bumped revision number for resource c6755a99-816b-42ba-bdab-3b6de20fd35b (type: security_group_rules) to 0
2026-05-29 23:03:25.664 10 INFO neutron.wsgi [None req-29bfa1f2-9000-4962-84bd-cf81ce4e1130 9ad25b4e5ac947bbba47d0f234d230d0 73351bb2a15b444bbc3ee59a30de6752 - - default default] 10.0.0.181 "GET /v2.0/extensions/empty-string-filtering HTTP/1.1" status: 200 len: 413 time: 0.0159221
2026-05-29 23:03:25.671 9 INFO neutron.api.v2.resource [req-b97a3fb8-2199-4fae-877d-f8ae8b0aab21 req-00f83d87-f213-4739-8992-358705789b37 ec347fbad4274f6bacdda39c76fa82d4 516f89a5560c4f98b8d68e4ee53608e8 - - default default] show failed (client error): The resource could not be found.
2026-05-29 23:03:25.672 9 INFO neutron.wsgi [req-b97a3fb8-2199-4fae-877d-f8ae8b0aab21 req-00f83d87-f213-4739-8992-358705789b37 ec347fbad4274f6bacdda39c76fa82d4 516f89a5560c4f98b8d68e4ee53608e8 - - default default] 10.0.0.86 "GET /v2.0/security-groups/93a12046-4934-480e-a9dd-edc349bc7f43 HTTP/1.1" status: 404 len: 352 time: 0.0200491
2026-05-29 23:03:25.675 10 INFO neutron.wsgi [None req-129f54c6-7c69-4b4a-a8dd-9e53f73cc050 9ad25b4e5ac947bbba47d0f234d230d0 73351bb2a15b444bbc3ee59a30de6752 - - default default] 10.0.0.181 "GET /v2.0/extensions/external-net HTTP/1.1" status: 200 len: 394 time: 0.0053227
2026-05-29 23:03:25.685 10 INFO neutron.wsgi [None req-19eb3e33-6cec-4d1c-a6aa-588093fc898e 9ad25b4e5ac947bbba47d0f234d230d0 73351bb2a15b444bbc3ee59a30de6752 - - default default] 10.0.0.181 "GET /v2.0/extensions/extra_dhcp_opt HTTP/1.1" status: 200 len: 498 time: 0.0043225
2026-05-29 23:03:25.696 10 INFO neutron.wsgi [None req-ff37c93b-6432-4c28-94a8-b7a70f0a28eb 9ad25b4e5ac947bbba47d0f234d230d0 73351bb2a15b444bbc3ee59a30de6752 - - default default] 10.0.0.181 "GET /v2.0/extensions/extraroute HTTP/1.1" status: 200 len: 375 time: 0.0055077
2026-05-29 23:03:25.701 9 INFO neutron.wsgi [req-5427bfd6-0ab6-40f6-935e-bb9e6f7010e8 req-eb38f027-1f4f-4742-8c26-f00efc5a35de ee1b4339f7684acc9aa432c14319da8a b5deb3adb45f4a099f87fcbb71ec2c65 - - default default] 10.0.0.86 "POST /v2.0/security-group-rules HTTP/1.1" status: 201 len: 791 time: 0.2984171
2026-05-29 23:03:25.710 10 INFO neutron.wsgi [None req-7d96e620-2701-4298-a886-97a824f5e249 9ad25b4e5ac947bbba47d0f234d230d0 73351bb2a15b444bbc3ee59a30de6752 - - default default] 10.0.0.181 "GET /v2.0/extensions/filter-validation HTTP/1.1" status: 200 len: 392 time: 0.0090816
2026-05-29 23:03:25.727 10 INFO neutron.wsgi [None req-76fc58fb-612c-42ec-ae09-9226a3a5ea91 9ad25b4e5ac947bbba47d0f234d230d0 73351bb2a15b444bbc3ee59a30de6752 - - default default] 10.0.0.181 "GET /v2.0/extensions/floating-ip-port-forwarding-detail HTTP/1.1" status: 200 len: 465 time: 0.0062232
2026-05-29 23:03:25.737 10 INFO neutron.wsgi [None req-b3209e03-cedd-4f4c-9bde-ac04b33ddf64 9ad25b4e5ac947bbba47d0f234d230d0 73351bb2a15b444bbc3ee59a30de6752 - - default default] 10.0.0.181 "GET /v2.0/extensions/fip-port-details HTTP/1.1" status: 200 len: 406 time: 0.0051596
2026-05-29 23:03:25.745 10 INFO neutron.wsgi [None req-9c4270b4-81b9-4093-b40d-a1301285bb65 9ad25b4e5ac947bbba47d0f234d230d0 73351bb2a15b444bbc3ee59a30de6752 - - default default] 10.0.0.181 "GET /v2.0/extensions/flavors HTTP/1.1" status: 200 len: 387 time: 0.0041401
2026-05-29 23:03:25.754 10 INFO neutron.wsgi [None req-f84cfa3f-dae9-4e08-89c0-245ad5dff5c4 9ad25b4e5ac947bbba47d0f234d230d0 73351bb2a15b444bbc3ee59a30de6752 - - default default] 10.0.0.181 "GET /v2.0/extensions/floatingip-pools HTTP/1.1" status: 200 len: 382 time: 0.0048571
2026-05-29 23:03:25.755 10 INFO neutron.db.ovn_revision_numbers_db [None req-cb5d5b26-daf0-41fc-8fa8-e9788bd04ad4 6a50422223ed4b9ca3b2ce43192c37d5 a8cec7abc0cf433ebaa538af7a4fd6b0 - - default default] Successfully bumped revision number for resource 06624dae-c578-4107-8c26-263eaecffb17 (type: router_ports) to 1
2026-05-29 23:03:25.766 10 INFO neutron.wsgi [None req-02ea2182-5257-4c1c-af46-62126fa2fd38 9ad25b4e5ac947bbba47d0f234d230d0 73351bb2a15b444bbc3ee59a30de6752 - - default default] 10.0.0.181 "GET /v2.0/extensions/ip_allocation HTTP/1.1" status: 200 len: 356 time: 0.0085704
2026-05-29 23:03:25.780 10 INFO neutron.wsgi [None req-192e9974-5868-4a87-bf70-6a9ed99ba6e6 9ad25b4e5ac947bbba47d0f234d230d0 73351bb2a15b444bbc3ee59a30de6752 - - default default] 10.0.0.181 "GET /v2.0/extensions/l2_adjacency HTTP/1.1" status: 200 len: 372 time: 0.0083528
2026-05-29 23:03:25.789 10 INFO neutron.wsgi [None req-0c6aa42f-f776-4210-9fb3-f7c0a898218a 9ad25b4e5ac947bbba47d0f234d230d0 73351bb2a15b444bbc3ee59a30de6752 - - default default] 10.0.0.181 "GET /v2.0/extensions/router HTTP/1.1" status: 200 len: 450 time: 0.0047536
2026-05-29 23:03:25.803 10 INFO neutron.wsgi [None req-67f50445-43f2-46cd-a5c4-59c0b4eebd04 9ad25b4e5ac947bbba47d0f234d230d0 73351bb2a15b444bbc3ee59a30de6752 - - default default] 10.0.0.181 "GET /v2.0/extensions/ext-gw-mode HTTP/1.1" status: 200 len: 462 time: 0.0095973
2026-05-29 23:03:25.811 10 INFO neutron.wsgi [None req-30d35a44-e63a-47fb-9cec-a8930f4201e8 9ad25b4e5ac947bbba47d0f234d230d0 73351bb2a15b444bbc3ee59a30de6752 - - default default] 10.0.0.181 "GET /v2.0/extensions/logging HTTP/1.1" status: 200 len: 407 time: 0.0038846
2026-05-29 23:03:25.822 10 INFO neutron.wsgi [None req-2e7e6c28-f88a-4c14-b1be-b508e8414aac 9ad25b4e5ac947bbba47d0f234d230d0 73351bb2a15b444bbc3ee59a30de6752 - - default default] 10.0.0.181 "GET /v2.0/extensions/multi-provider HTTP/1.1" status: 200 len: 406 time: 0.0057604
2026-05-29 23:03:25.830 10 INFO neutron.wsgi [None req-68c3d6be-6b40-429d-b2bf-64510970b0c0 9ad25b4e5ac947bbba47d0f234d230d0 73351bb2a15b444bbc3ee59a30de6752 - - default default] 10.0.0.181 "GET /v2.0/extensions/net-mtu HTTP/1.1" status: 200 len: 370 time: 0.0036404
2026-05-29 23:03:25.840 10 INFO neutron.wsgi [None req-b63fcedb-6b44-4af4-ad8b-d4e614f4ba35 9ad25b4e5ac947bbba47d0f234d230d0 73351bb2a15b444bbc3ee59a30de6752 - - default default] 10.0.0.181 "GET /v2.0/extensions/net-mtu-writable HTTP/1.1" status: 200 len: 401 time: 0.0054014
2026-05-29 23:03:25.848 10 INFO neutron.wsgi [None req-fe44e2fd-725d-40a3-9a8d-a40ac3705c8e 9ad25b4e5ac947bbba47d0f234d230d0 73351bb2a15b444bbc3ee59a30de6752 - - default default] 10.0.0.181 "GET /v2.0/extensions/network_availability_zone HTTP/1.1" status: 200 len: 394 time: 0.0044415
2026-05-29 23:03:25.865 9 INFO neutron.wsgi [None req-dcc5afcf-72a3-422f-b543-403abc0ae148 9ad25b4e5ac947bbba47d0f234d230d0 73351bb2a15b444bbc3ee59a30de6752 - - default default] 10.0.0.181 "GET /v2.0/extensions/network-ip-availability HTTP/1.1" status: 200 len: 410 time: 0.0062449
2026-05-29 23:03:25.876 10 INFO neutron.wsgi [None req-fb6f14bc-01bf-40d5-9480-673e042da69b 9ad25b4e5ac947bbba47d0f234d230d0 73351bb2a15b444bbc3ee59a30de6752 - - default default] 10.0.0.181 "GET /v2.0/extensions/pagination HTTP/1.1" status: 200 len: 386 time: 0.0056021
2026-05-29 23:03:25.886 10 INFO neutron.wsgi [None req-e952345c-e3e6-45b1-84cd-7762c8580206 9ad25b4e5ac947bbba47d0f234d230d0 73351bb2a15b444bbc3ee59a30de6752 - - default default] 10.0.0.181 "GET /v2.0/extensions/port-device-profile HTTP/1.1" status: 200 len: 383 time: 0.0038702
2026-05-29 23:03:25.894 9 INFO neutron.wsgi [req-c6033672-6066-4bbb-9367-02f6bcfd5c43 req-063793ec-dd01-4e6f-b27b-4950bd04765d ec347fbad4274f6bacdda39c76fa82d4 516f89a5560c4f98b8d68e4ee53608e8 - - default default] 10.0.0.86 "GET /v2.0/security-groups/f3a3ee12-9879-4cc1-92f5-d416c7648665 HTTP/1.1" status: 200 len: 1817 time: 0.1970067
2026-05-29 23:03:25.898 10 INFO neutron.wsgi [None req-95fa5389-9e86-4ad2-9f58-95a29e1fe689 9ad25b4e5ac947bbba47d0f234d230d0 73351bb2a15b444bbc3ee59a30de6752 - - default default] 10.0.0.181 "GET /v2.0/extensions/port-mac-address-regenerate HTTP/1.1" status: 200 len: 403 time: 0.0045884
2026-05-29 23:03:25.908 9 INFO neutron.wsgi [req-e3122bfa-adc4-4dec-bae4-69caef1f4123 req-a72627cc-1a76-49cc-bb82-768119958f92 ee1b4339f7684acc9aa432c14319da8a b5deb3adb45f4a099f87fcbb71ec2c65 - - default default] 10.0.0.86 "GET /v2.0/security-groups/411bd23e-04df-4206-859a-4479aa12a103 HTTP/1.1" status: 200 len: 3013 time: 0.0619469
2026-05-29 23:03:25.911 10 INFO neutron.wsgi [None req-5407df80-527e-48f0-a7fc-9741bf7daeed 9ad25b4e5ac947bbba47d0f234d230d0 73351bb2a15b444bbc3ee59a30de6752 - - default default] 10.0.0.181 "GET /v2.0/extensions/port-numa-affinity-policy HTTP/1.1" status: 200 len: 392 time: 0.0063205
2026-05-29 23:03:25.924 10 INFO neutron.wsgi [None req-5198033e-1aa7-49a7-912e-fd636fe37463 9ad25b4e5ac947bbba47d0f234d230d0 73351bb2a15b444bbc3ee59a30de6752 - - default default] 10.0.0.181 "GET /v2.0/extensions/port-resource-request HTTP/1.1" status: 200 len: 379 time: 0.0043428
2026-05-29 23:03:25.934 10 INFO neutron.wsgi [None req-dae81563-7c34-4fa8-a7cc-d7149a38fc5e 9ad25b4e5ac947bbba47d0f234d230d0 73351bb2a15b444bbc3ee59a30de6752 - - default default] 10.0.0.181 "GET /v2.0/extensions/port-resource-request-groups HTTP/1.1" status: 200 len: 465 time: 0.0053177
2026-05-29 23:03:25.943 10 INFO neutron.wsgi [None req-9f2dd9d5-70d5-42f8-be91-12bb2cbec6f5 9ad25b4e5ac947bbba47d0f234d230d0 73351bb2a15b444bbc3ee59a30de6752 - - default default] 10.0.0.181 "GET /v2.0/extensions/binding HTTP/1.1" status: 200 len: 387 time: 0.0046101
2026-05-29 23:03:25.951 10 INFO neutron.wsgi [None req-c68a5d97-c5ad-45a4-96c6-75a21f9068e2 9ad25b4e5ac947bbba47d0f234d230d0 73351bb2a15b444bbc3ee59a30de6752 - - default default] 10.0.0.181 "GET /v2.0/extensions/binding-extended HTTP/1.1" status: 200 len: 406 time: 0.0041983
2026-05-29 23:03:25.959 10 INFO neutron.wsgi [None req-4d751a82-2dd5-4a58-be52-f968aca75dbc 9ad25b4e5ac947bbba47d0f234d230d0 73351bb2a15b444bbc3ee59a30de6752 - - default default] 10.0.0.181 "GET /v2.0/extensions/port-security HTTP/1.1" status: 200 len: 354 time: 0.0033171
2026-05-29 23:03:25.961 9 INFO neutron.wsgi [req-879277e6-cea1-409b-9d2b-f0f54d23398a req-124789bb-e1da-4de6-92a5-79441512d0d8 ee1b4339f7684acc9aa432c14319da8a b5deb3adb45f4a099f87fcbb71ec2c65 - - default default] 10.0.0.86 "GET /v2.0/security-group-rules/c6755a99-816b-42ba-bdab-3b6de20fd35b HTTP/1.1" status: 200 len: 783 time: 0.0217929
2026-05-29 23:03:25.963 9 INFO neutron.db.ovn_revision_numbers_db [None req-9e30099e-a3a0-4268-827f-286397480fb4 - - - - - -] Successfully bumped revision number for resource 59770887-6beb-40b6-93c7-11e0b5e7895d (type: ports) to 2
2026-05-29 23:03:25.964 10 INFO neutron.db.ovn_revision_numbers_db [None req-cb5d5b26-daf0-41fc-8fa8-e9788bd04ad4 6a50422223ed4b9ca3b2ce43192c37d5 a8cec7abc0cf433ebaa538af7a4fd6b0 - - default default] Successfully bumped revision number for resource 06624dae-c578-4107-8c26-263eaecffb17 (type: ports) to 1
2026-05-29 23:03:25.970 10 INFO neutron.wsgi [None req-c7180d5d-4e51-42f0-ac73-0b530a2d8a04 9ad25b4e5ac947bbba47d0f234d230d0 73351bb2a15b444bbc3ee59a30de6752 - - default default] 10.0.0.181 "GET /v2.0/extensions/project-id HTTP/1.1" status: 200 len: 398 time: 0.0072250
2026-05-29 23:03:25.980 10 INFO neutron.wsgi [None req-a1c44360-7ecb-4bf4-b326-92bd03cb7aa3 9ad25b4e5ac947bbba47d0f234d230d0 73351bb2a15b444bbc3ee59a30de6752 - - default default] 10.0.0.181 "GET /v2.0/extensions/provider HTTP/1.1" status: 200 len: 385 time: 0.0055423
2026-05-29 23:03:25.988 10 INFO neutron.wsgi [None req-b7479bab-601c-4839-91c8-53f7ae7d661d 9ad25b4e5ac947bbba47d0f234d230d0 73351bb2a15b444bbc3ee59a30de6752 - - default default] 10.0.0.181 "GET /v2.0/extensions/qos HTTP/1.1" status: 200 len: 360 time: 0.0038495
2026-05-29 23:03:25.999 10 INFO neutron.wsgi [None req-96fa508d-c0d4-44d7-9577-be1026342e24 9ad25b4e5ac947bbba47d0f234d230d0 73351bb2a15b444bbc3ee59a30de6752 - - default default] 10.0.0.181 "GET /v2.0/extensions/qos-bw-limit-direction HTTP/1.1" status: 200 len: 452 time: 0.0060000
2026-05-29 23:03:26.018 10 INFO neutron.wsgi [None req-e6c0c52a-65f7-4e82-a1a3-5326c04ebdf6 9ad25b4e5ac947bbba47d0f234d230d0 73351bb2a15b444bbc3ee59a30de6752 - - default default] 10.0.0.181 "GET /v2.0/extensions/qos-bw-minimum-ingress HTTP/1.1" status: 200 len: 445 time: 0.0135770
2026-05-29 23:03:26.038 10 INFO neutron.wsgi [None req-0b2c707d-bb2f-459a-9aa5-cc2ec86b4e67 9ad25b4e5ac947bbba47d0f234d230d0 73351bb2a15b444bbc3ee59a30de6752 - - default default] 10.0.0.181 "GET /v2.0/extensions/qos-default HTTP/1.1" status: 200 len: 377 time: 0.0085208
2026-05-29 23:03:26.050 10 INFO neutron.wsgi [None req-f57e0ce2-8307-4a0a-9175-c649a71bb9e3 9ad25b4e5ac947bbba47d0f234d230d0 73351bb2a15b444bbc3ee59a30de6752 - - default default] 10.0.0.181 "GET /v2.0/extensions/qos-fip HTTP/1.1" status: 200 len: 372 time: 0.0059338
2026-05-29 23:03:26.051 9 INFO neutron.wsgi [req-879277e6-cea1-409b-9d2b-f0f54d23398a req-35c26bc6-fef6-412d-ad4e-48329637aed5 ee1b4339f7684acc9aa432c14319da8a b5deb3adb45f4a099f87fcbb71ec2c65 - - default default] 10.0.0.86 "GET /v2.0/security-groups/411bd23e-04df-4206-859a-4479aa12a103 HTTP/1.1" status: 200 len: 3013 time: 0.0814893
2026-05-29 23:03:26.067 10 INFO neutron.wsgi [None req-971dcb40-713a-4325-9770-7290ab507090 9ad25b4e5ac947bbba47d0f234d230d0 73351bb2a15b444bbc3ee59a30de6752 - - default default] 10.0.0.181 "GET /v2.0/extensions/qos-gateway-ip HTTP/1.1" status: 200 len: 391 time: 0.0052061
2026-05-29 23:03:26.091 9 INFO neutron.wsgi [None req-64b328f4-5e19-4c99-8da5-d72e83589202 9ad25b4e5ac947bbba47d0f234d230d0 73351bb2a15b444bbc3ee59a30de6752 - - default default] 10.0.0.181 "GET /v2.0/extensions/qos-port-network-policy HTTP/1.1" status: 200 len: 403 time: 0.0068486
2026-05-29 23:03:26.109 9 INFO neutron.wsgi [None req-74b76970-acaa-48a9-ac06-d8282431f8e6 9ad25b4e5ac947bbba47d0f234d230d0 73351bb2a15b444bbc3ee59a30de6752 - - default default] 10.0.0.181 "GET /v2.0/extensions/qos-pps-minimum HTTP/1.1" status: 200 len: 397 time: 0.0102162
2026-05-29 23:03:26.122 9 INFO neutron.wsgi [None req-086ec938-ca49-407b-80cb-c42e5faef04e 9ad25b4e5ac947bbba47d0f234d230d0 73351bb2a15b444bbc3ee59a30de6752 - - default default] 10.0.0.181 "GET /v2.0/extensions/qos-pps-minimum-rule-alias HTTP/1.1" status: 200 len: 471 time: 0.0077217
2026-05-29 23:03:26.148 9 INFO neutron.wsgi [None req-68e74bb9-91d8-46d3-be84-572a64816316 9ad25b4e5ac947bbba47d0f234d230d0 73351bb2a15b444bbc3ee59a30de6752 - - default default] 10.0.0.181 "GET /v2.0/extensions/qos-pps HTTP/1.1" status: 200 len: 389 time: 0.0088935
2026-05-29 23:03:26.157 9 INFO neutron.wsgi [req-c6033672-6066-4bbb-9367-02f6bcfd5c43 req-f340b568-726e-4c6b-9377-b8bbfe8908d5 ec347fbad4274f6bacdda39c76fa82d4 516f89a5560c4f98b8d68e4ee53608e8 - - default default] 10.0.0.86 "DELETE /v2.0/security-groups/f3a3ee12-9879-4cc1-92f5-d416c7648665 HTTP/1.1" status: 204 len: 173 time: 0.2519765
2026-05-29 23:03:26.164 9 INFO neutron.wsgi [None req-297b54c0-5115-47b1-8502-932ba5584945 9ad25b4e5ac947bbba47d0f234d230d0 73351bb2a15b444bbc3ee59a30de6752 - - default default] 10.0.0.181 "GET /v2.0/extensions/qos-rule-type-details HTTP/1.1" status: 200 len: 423 time: 0.0056341
2026-05-29 23:03:26.174 9 INFO neutron.wsgi [None req-c101552b-73ab-406d-9350-227451d42ed9 9ad25b4e5ac947bbba47d0f234d230d0 73351bb2a15b444bbc3ee59a30de6752 - - default default] 10.0.0.181 "GET /v2.0/extensions/qos-rule-type-filter HTTP/1.1" status: 200 len: 567 time: 0.0060959
2026-05-29 23:03:26.188 9 INFO neutron.wsgi [None req-9f9ba305-9e5c-4c72-976d-36ff97ab02e1 9ad25b4e5ac947bbba47d0f234d230d0 73351bb2a15b444bbc3ee59a30de6752 - - default default] 10.0.0.181 "GET /v2.0/extensions/qos-rules-alias HTTP/1.1" status: 200 len: 448 time: 0.0085154
2026-05-29 23:03:26.198 10 INFO neutron.wsgi [None req-337fc7a0-edad-4af6-b62d-f82c16efe483 9ad25b4e5ac947bbba47d0f234d230d0 73351bb2a15b444bbc3ee59a30de6752 - - default default] 10.0.0.181 "GET /v2.0/extensions/quota-check-limit HTTP/1.1" status: 200 len: 420 time: 0.0054805
2026-05-29 23:03:26.199 10 WARNING neutron.scheduler.dhcp_agent_scheduler [None req-cb5d5b26-daf0-41fc-8fa8-e9788bd04ad4 6a50422223ed4b9ca3b2ce43192c37d5 a8cec7abc0cf433ebaa538af7a4fd6b0 - - default default] No more DHCP agents
2026-05-29 23:03:26.201 10 WARNING neutron.api.rpc.agentnotifiers.dhcp_rpc_agent_api [None req-cb5d5b26-daf0-41fc-8fa8-e9788bd04ad4 6a50422223ed4b9ca3b2ce43192c37d5 a8cec7abc0cf433ebaa538af7a4fd6b0 - - default default] Unable to schedule network 8e4dbbc2-fbba-404a-99fd-6db7479124aa: no agents available; will retry on subsequent port and subnet creation events.
2026-05-29 23:03:26.203 9 INFO neutron.api.v2.resource [req-7bbab949-ff37-4329-a9f4-69d63999413a req-4c01b5c2-93dc-4c3b-bb32-9c6926593e1a ec347fbad4274f6bacdda39c76fa82d4 516f89a5560c4f98b8d68e4ee53608e8 - - default default] show failed (client error): The resource could not be found.
2026-05-29 23:03:26.204 9 INFO neutron.wsgi [req-7bbab949-ff37-4329-a9f4-69d63999413a req-4c01b5c2-93dc-4c3b-bb32-9c6926593e1a ec347fbad4274f6bacdda39c76fa82d4 516f89a5560c4f98b8d68e4ee53608e8 - - default default] 10.0.0.86 "GET /v2.0/security-groups/f3a3ee12-9879-4cc1-92f5-d416c7648665 HTTP/1.1" status: 404 len: 352 time: 0.0211315
2026-05-29 23:03:26.217 10 INFO neutron.wsgi [None req-dc5249a4-b276-49b3-adf5-96a2d47f7dc3 9ad25b4e5ac947bbba47d0f234d230d0 73351bb2a15b444bbc3ee59a30de6752 - - default default] 10.0.0.181 "GET /v2.0/extensions/quotas HTTP/1.1" status: 200 len: 386 time: 0.0149033
2026-05-29 23:03:26.227 10 INFO neutron.wsgi [None req-e752fae6-a128-409e-8eaf-b2d3993b77a7 9ad25b4e5ac947bbba47d0f234d230d0 73351bb2a15b444bbc3ee59a30de6752 - - default default] 10.0.0.181 "GET /v2.0/extensions/quota_details HTTP/1.1" status: 200 len: 407 time: 0.0047989
2026-05-29 23:03:26.241 10 INFO neutron.wsgi [None req-889e815d-5b0e-4e66-9e38-c644aba348f7 9ad25b4e5ac947bbba47d0f234d230d0 73351bb2a15b444bbc3ee59a30de6752 - - default default] 10.0.0.181 "GET /v2.0/extensions/rbac-policies HTTP/1.1" status: 200 len: 417 time: 0.0063796
2026-05-29 23:03:26.259 9 INFO neutron.wsgi [None req-8975aa29-224b-4d28-a385-2d81a4e8b3e6 9ad25b4e5ac947bbba47d0f234d230d0 73351bb2a15b444bbc3ee59a30de6752 - - default default] 10.0.0.181 "GET /v2.0/extensions/rbac-address-scope HTTP/1.1" status: 200 len: 384 time: 0.0075784
2026-05-29 23:03:26.274 9 INFO neutron.wsgi [None req-1da1e872-2831-45d1-bdaf-90ffcd4220cf 9ad25b4e5ac947bbba47d0f234d230d0 73351bb2a15b444bbc3ee59a30de6752 - - default default] 10.0.0.181 "GET /v2.0/extensions/rbac-security-groups HTTP/1.1" status: 200 len: 404 time: 0.0086401
2026-05-29 23:03:26.289 9 INFO neutron.wsgi [None req-fdb02728-06bc-4e41-aee6-3368d152db75 9ad25b4e5ac947bbba47d0f234d230d0 73351bb2a15b444bbc3ee59a30de6752 - - default default] 10.0.0.181 "GET /v2.0/extensions/revision-if-match HTTP/1.1" status: 200 len: 441 time: 0.0095227
2026-05-29 23:03:26.300 10 INFO neutron.wsgi [None req-e908acd6-917c-48a2-8067-a6e045bd2051 9ad25b4e5ac947bbba47d0f234d230d0 73351bb2a15b444bbc3ee59a30de6752 - - default default] 10.0.0.181 "GET /v2.0/extensions/standard-attr-revisions HTTP/1.1" status: 200 len: 423 time: 0.0069432
2026-05-29 23:03:26.311 10 INFO neutron.wsgi [None req-c7a290c6-c299-4dea-8c51-8e39de1d1ba3 9ad25b4e5ac947bbba47d0f234d230d0 73351bb2a15b444bbc3ee59a30de6752 - - default default] 10.0.0.181 "GET /v2.0/extensions/router_availability_zone HTTP/1.1" status: 200 len: 391 time: 0.0063536
2026-05-29 23:03:26.312 9 INFO neutron.wsgi [req-d2c6c6c8-8bbb-4b29-9c20-db96d7fe4621 req-87235e11-4814-4839-a7d1-028a6735f077 ec347fbad4274f6bacdda39c76fa82d4 516f89a5560c4f98b8d68e4ee53608e8 - - default default] 10.0.0.86 "GET /v2.0/security-groups/ba25ac5e-5b5b-41a7-b5be-c7fc0c74aaf4 HTTP/1.1" status: 200 len: 1817 time: 0.0814385
2026-05-29 23:03:26.322 10 INFO neutron.wsgi [None req-4c5e6372-22b3-45b7-bf3d-93c35f9d5612 9ad25b4e5ac947bbba47d0f234d230d0 73351bb2a15b444bbc3ee59a30de6752 - - default default] 10.0.0.181 "GET /v2.0/extensions/security-groups-default-rules HTTP/1.1" status: 200 len: 456 time: 0.0056481
2026-05-29 23:03:26.331 10 INFO neutron.wsgi [None req-7888eab5-b2a5-4df2-ba27-2f6df4e5dc26 9ad25b4e5ac947bbba47d0f234d230d0 73351bb2a15b444bbc3ee59a30de6752 - - default default] 10.0.0.181 "GET /v2.0/extensions/security-groups-normalized-cidr HTTP/1.1" status: 200 len: 445 time: 0.0046723
2026-05-29 23:03:26.347 9 INFO neutron.wsgi [None req-dbc8560b-abeb-48b2-9397-da67c6ed1189 9ad25b4e5ac947bbba47d0f234d230d0 73351bb2a15b444bbc3ee59a30de6752 - - default default] 10.0.0.181 "GET /v2.0/extensions/security-groups-remote-address-group HTTP/1.1" status: 200 len: 448 time: 0.0095522
2026-05-29 23:03:26.361 10 INFO neutron.wsgi [None req-a4267738-c03e-45a0-9355-6ff01de1f20d 9ad25b4e5ac947bbba47d0f234d230d0 73351bb2a15b444bbc3ee59a30de6752 - - default default] 10.0.0.181 "GET /v2.0/extensions/security-groups-shared-filtering HTTP/1.1" status: 200 len: 435 time: 0.0095415
2026-05-29 23:03:26.370 10 INFO neutron.wsgi [None req-9d158ec0-b073-4f99-8b8b-dbd64bc8fafb 9ad25b4e5ac947bbba47d0f234d230d0 73351bb2a15b444bbc3ee59a30de6752 - - default default] 10.0.0.181 "GET /v2.0/extensions/security-group HTTP/1.1" status: 200 len: 364 time: 0.0037470
2026-05-29 23:03:26.378 10 INFO neutron.wsgi [None req-9ae5d440-fb9b-4cf5-bb62-158b5684040a 9ad25b4e5ac947bbba47d0f234d230d0 73351bb2a15b444bbc3ee59a30de6752 - - default default] 10.0.0.181 "GET /v2.0/extensions/segment HTTP/1.1" status: 200 len: 339 time: 0.0041716
2026-05-29 23:03:26.389 10 INFO neutron.wsgi [None req-9a7dd177-2372-439e-95e0-462d019c30e4 9ad25b4e5ac947bbba47d0f234d230d0 73351bb2a15b444bbc3ee59a30de6752 - - default default] 10.0.0.181 "GET /v2.0/extensions/segments-peer-subnet-host-routes HTTP/1.1" status: 200 len: 427 time: 0.0069413
2026-05-29 23:03:26.405 9 INFO neutron.wsgi [None req-7e27a22d-4032-4c5f-89ae-e5b6d8318410 9ad25b4e5ac947bbba47d0f234d230d0 73351bb2a15b444bbc3ee59a30de6752 - - default default] 10.0.0.181 "GET /v2.0/extensions/service-type HTTP/1.1" status: 200 len: 415 time: 0.0057003
2026-05-29 23:03:26.416 10 INFO neutron.wsgi [None req-6b0e0818-839e-426f-8fe2-2a1bf8279852 9ad25b4e5ac947bbba47d0f234d230d0 73351bb2a15b444bbc3ee59a30de6752 - - default default] 10.0.0.181 "GET /v2.0/extensions/sorting HTTP/1.1" status: 200 len: 377 time: 0.0051451
2026-05-29 23:03:26.420 9 INFO neutron.wsgi [req-879277e6-cea1-409b-9d2b-f0f54d23398a req-b9600c5c-37ce-438c-a8cb-5055c7aadda4 ee1b4339f7684acc9aa432c14319da8a b5deb3adb45f4a099f87fcbb71ec2c65 - - default default] 10.0.0.86 "DELETE /v2.0/security-group-rules/c6755a99-816b-42ba-bdab-3b6de20fd35b HTTP/1.1" status: 204 len: 173 time: 0.3593311
2026-05-29 23:03:26.440 10 INFO neutron.wsgi [None req-44a266da-92bf-4ca4-bc78-1cb8c5fbaec4 9ad25b4e5ac947bbba47d0f234d230d0 73351bb2a15b444bbc3ee59a30de6752 - - default default] 10.0.0.181 "GET /v2.0/extensions/standard-attr-segment HTTP/1.1" status: 200 len: 406 time: 0.0179477
2026-05-29 23:03:26.450 10 INFO neutron.wsgi [None req-b9ceafe5-10df-4602-b104-ff06aaa5d550 9ad25b4e5ac947bbba47d0f234d230d0 73351bb2a15b444bbc3ee59a30de6752 - - default default] 10.0.0.181 "GET /v2.0/extensions/standard-attr-description HTTP/1.1" status: 200 len: 408 time: 0.0049191
2026-05-29 23:03:26.474 9 INFO neutron.wsgi [None req-0d268b73-c1f6-49a7-b4e7-9e8af135170a 9ad25b4e5ac947bbba47d0f234d230d0 73351bb2a15b444bbc3ee59a30de6752 - - default default] 10.0.0.181 "GET /v2.0/extensions/stateful-security-group HTTP/1.1" status: 200 len: 402 time: 0.0124385
2026-05-29 23:03:26.478 9 INFO neutron.db.ovn_revision_numbers_db [None req-9e30099e-a3a0-4268-827f-286397480fb4 - - - - - -] Successfully bumped revision number for resource 59770887-6beb-40b6-93c7-11e0b5e7895d (type: ports) to 4
2026-05-29 23:03:26.484 10 INFO neutron.wsgi [None req-36966b05-ed34-4757-8712-6f86944693a1 9ad25b4e5ac947bbba47d0f234d230d0 73351bb2a15b444bbc3ee59a30de6752 - - default default] 10.0.0.181 "GET /v2.0/extensions/subnet-dns-publish-fixed-ip HTTP/1.1" status: 200 len: 421 time: 0.0053742
2026-05-29 23:03:26.494 10 INFO neutron.wsgi [None req-a42c5cf9-f422-4d49-9187-a552b83ad28d 9ad25b4e5ac947bbba47d0f234d230d0 73351bb2a15b444bbc3ee59a30de6752 - - default default] 10.0.0.181 "GET /v2.0/extensions/subnet-segmentid-writable HTTP/1.1" status: 200 len: 421 time: 0.0051980
2026-05-29 23:03:26.502 10 INFO neutron.wsgi [None req-93e67e14-e720-4c5d-91c4-fdee4b5125f0 9ad25b4e5ac947bbba47d0f234d230d0 73351bb2a15b444bbc3ee59a30de6752 - - default default] 10.0.0.181 "GET /v2.0/extensions/subnet-service-types HTTP/1.1" status: 200 len: 400 time: 0.0037162
2026-05-29 23:03:26.507 9 INFO neutron.wsgi [req-69f5311b-fc55-40db-8e73-f46409edd031 req-47bcfb13-af04-468f-b5d1-64b756c123b9 ee1b4339f7684acc9aa432c14319da8a b5deb3adb45f4a099f87fcbb71ec2c65 - - default default] 10.0.0.86 "GET /v2.0/security-groups/411bd23e-04df-4206-859a-4479aa12a103 HTTP/1.1" status: 200 len: 2415 time: 0.0609963
2026-05-29 23:03:26.521 9 INFO neutron.wsgi [None req-7f558ec4-5a6e-4641-a293-f6239d75f6d6 9ad25b4e5ac947bbba47d0f234d230d0 73351bb2a15b444bbc3ee59a30de6752 - - default default] 10.0.0.181 "GET /v2.0/extensions/subnet_allocation HTTP/1.1" status: 200 len: 388 time: 0.0112851
2026-05-29 23:03:26.543 9 INFO neutron.wsgi [None req-0babfa8d-33a3-481b-b90f-856ada5991ac 9ad25b4e5ac947bbba47d0f234d230d0 73351bb2a15b444bbc3ee59a30de6752 - - default default] 10.0.0.181 "GET /v2.0/extensions/subnetpool-prefix-ops HTTP/1.1" status: 200 len: 418 time: 0.0158737
2026-05-29 23:03:26.558 10 INFO neutron.wsgi [None req-1705898c-a16b-40d3-b1e8-2956eab13405 9ad25b4e5ac947bbba47d0f234d230d0 73351bb2a15b444bbc3ee59a30de6752 - - default default] 10.0.0.181 "GET /v2.0/extensions/standard-attr-tag HTTP/1.1" status: 200 len: 537 time: 0.0058093
2026-05-29 23:03:26.568 10 INFO neutron.wsgi [None req-b9edef79-e8ae-44b6-b4e9-42a09d6c7c5e 9ad25b4e5ac947bbba47d0f234d230d0 73351bb2a15b444bbc3ee59a30de6752 - - default default] 10.0.0.181 "GET /v2.0/extensions/standard-attr-timestamp HTTP/1.1" status: 200 len: 449 time: 0.0038142
2026-05-29 23:03:26.599 9 INFO neutron.wsgi [None req-5fa76142-e73a-4d3a-94bf-83df0187aab2 9ad25b4e5ac947bbba47d0f234d230d0 73351bb2a15b444bbc3ee59a30de6752 - - default default] 10.0.0.181 "GET /v2.0/extensions/trunk HTTP/1.1" status: 200 len: 358 time: 0.0075085
2026-05-29 23:03:26.608 10 INFO neutron.wsgi [None req-d79d670f-dd1b-4d62-8b47-0b9c204d644a 9ad25b4e5ac947bbba47d0f234d230d0 73351bb2a15b444bbc3ee59a30de6752 - - default default] 10.0.0.181 "GET /v2.0/extensions/trunk-details HTTP/1.1" status: 200 len: 362 time: 0.0044963
2026-05-29 23:03:26.624 9 INFO neutron.wsgi [req-d2c6c6c8-8bbb-4b29-9c20-db96d7fe4621 req-15ceaf16-d71b-4fd9-a56e-80a96a99e156 ec347fbad4274f6bacdda39c76fa82d4 516f89a5560c4f98b8d68e4ee53608e8 - - default default] 10.0.0.86 "DELETE /v2.0/security-groups/ba25ac5e-5b5b-41a7-b5be-c7fc0c74aaf4 HTTP/1.1" status: 204 len: 173 time: 0.3038924
2026-05-29 23:03:26.662 9 INFO neutron.api.v2.resource [req-a2aa8e78-f13b-4b9b-b308-8d722d2d9f2a req-9f61a89b-137f-4d50-b310-edae22245200 ec347fbad4274f6bacdda39c76fa82d4 516f89a5560c4f98b8d68e4ee53608e8 - - default default] show failed (client error): The resource could not be found.
2026-05-29 23:03:26.664 9 INFO neutron.wsgi [req-a2aa8e78-f13b-4b9b-b308-8d722d2d9f2a req-9f61a89b-137f-4d50-b310-edae22245200 ec347fbad4274f6bacdda39c76fa82d4 516f89a5560c4f98b8d68e4ee53608e8 - - default default] 10.0.0.86 "GET /v2.0/security-groups/ba25ac5e-5b5b-41a7-b5be-c7fc0c74aaf4 HTTP/1.1" status: 404 len: 352 time: 0.0224893
2026-05-29 23:03:26.758 9 INFO neutron.wsgi [req-99e6671c-b2bc-44a4-96f4-4f521253efaf req-1ae29308-6c80-48b3-953c-7d92e8303f95 ec347fbad4274f6bacdda39c76fa82d4 516f89a5560c4f98b8d68e4ee53608e8 - - default default] 10.0.0.86 "GET /v2.0/security-groups?tenant_id=516f89a5560c4f98b8d68e4ee53608e8 HTTP/1.1" status: 200 len: 2997 time: 0.0581906
2026-05-29 23:03:26.789 9 INFO neutron.wsgi [req-69f5311b-fc55-40db-8e73-f46409edd031 req-f453e6b7-cad2-4e5d-b47a-00a9d0866d73 ee1b4339f7684acc9aa432c14319da8a b5deb3adb45f4a099f87fcbb71ec2c65 - - default default] 10.0.0.86 "DELETE /v2.0/security-groups/411bd23e-04df-4206-859a-4479aa12a103 HTTP/1.1" status: 204 len: 173 time: 0.2654610
2026-05-29 23:03:26.814 9 INFO neutron.db.ovn_revision_numbers_db [None req-9e30099e-a3a0-4268-827f-286397480fb4 - - - - - -] Successfully bumped revision number for resource 59770887-6beb-40b6-93c7-11e0b5e7895d (type: router_ports) to 4
2026-05-29 23:03:26.830 9 INFO neutron.wsgi [req-99e6671c-b2bc-44a4-96f4-4f521253efaf req-6726e1ff-2211-4e5c-bc05-0729f9b60917 ec347fbad4274f6bacdda39c76fa82d4 516f89a5560c4f98b8d68e4ee53608e8 - - default default] 10.0.0.86 "GET /v2.0/security-groups/83d268e9-e45f-476b-9c16-b743ec4731e3 HTTP/1.1" status: 200 len: 2994 time: 0.0643537
2026-05-29 23:03:26.880 9 INFO neutron.wsgi [req-2671c8dc-af48-4ee2-bc1f-6927dbd3d26f req-61c3b42c-cf36-4b1b-a638-8d11e8fcc0f8 ee1b4339f7684acc9aa432c14319da8a b5deb3adb45f4a099f87fcbb71ec2c65 - - default default] 10.0.0.86 "GET /v2.0/security-groups/e5492a6f-b357-4fa9-8f10-cadbb4aab9f8 HTTP/1.1" status: 200 len: 2414 time: 0.0685062
2026-05-29 23:03:26.884 9 WARNING neutron.plugins.ml2.drivers.ovn.mech_driver.ovsdb.ovn_client [None req-8a4ad773-54c0-43c0-aa9b-a7b756d73871 - - - - - -] No hosting information found for port 52b03ee1-c0a3-449a-a677-e84e164cfc85: RuntimeError: No hosting information found for port 52b03ee1-c0a3-449a-a677-e84e164cfc85
2026-05-29 23:03:26.892 9 INFO neutron.wsgi [req-99e6671c-b2bc-44a4-96f4-4f521253efaf req-db864d83-e0ce-45b2-99be-a2a0a2132ea9 ec347fbad4274f6bacdda39c76fa82d4 516f89a5560c4f98b8d68e4ee53608e8 - - default default] 10.0.0.86 "GET /v2.0/security-groups/83d268e9-e45f-476b-9c16-b743ec4731e3 HTTP/1.1" status: 200 len: 2994 time: 0.0565591
2026-05-29 23:03:26.934 9 INFO neutron.api.v2.resource [req-afa74eef-74d5-438e-8e56-f925b3072a6f req-0a1150a5-a7bd-4afb-aa4f-104e31fc4ae4 ec347fbad4274f6bacdda39c76fa82d4 516f89a5560c4f98b8d68e4ee53608e8 - - default default] show failed (client error): The resource could not be found.
2026-05-29 23:03:26.935 9 INFO neutron.wsgi [req-afa74eef-74d5-438e-8e56-f925b3072a6f req-0a1150a5-a7bd-4afb-aa4f-104e31fc4ae4 ec347fbad4274f6bacdda39c76fa82d4 516f89a5560c4f98b8d68e4ee53608e8 - - default default] 10.0.0.86 "GET /v2.0/security-groups/ba25ac5e-5b5b-41a7-b5be-c7fc0c74aaf4 HTTP/1.1" status: 404 len: 352 time: 0.0149667
2026-05-29 23:03:26.975 9 INFO neutron.api.v2.resource [req-5431bcff-ad56-4ce2-bba1-078eebc2a669 req-87ad390a-f95d-487c-9488-0d05bd49560a ec347fbad4274f6bacdda39c76fa82d4 516f89a5560c4f98b8d68e4ee53608e8 - - default default] show failed (client error): The resource could not be found.
2026-05-29 23:03:26.976 9 INFO neutron.wsgi [req-5431bcff-ad56-4ce2-bba1-078eebc2a669 req-87ad390a-f95d-487c-9488-0d05bd49560a ec347fbad4274f6bacdda39c76fa82d4 516f89a5560c4f98b8d68e4ee53608e8 - - default default] 10.0.0.86 "GET /v2.0/security-groups/f3a3ee12-9879-4cc1-92f5-d416c7648665 HTTP/1.1" status: 404 len: 352 time: 0.0108166
2026-05-29 23:03:26.983 10 INFO neutron.db.ovn_revision_numbers_db [None req-cb5d5b26-daf0-41fc-8fa8-e9788bd04ad4 6a50422223ed4b9ca3b2ce43192c37d5 a8cec7abc0cf433ebaa538af7a4fd6b0 - - default default] Successfully bumped revision number for resource 06624dae-c578-4107-8c26-263eaecffb17 (type: router_ports) to 1
2026-05-29 23:03:26.986 10 INFO neutron.wsgi [None req-cb5d5b26-daf0-41fc-8fa8-e9788bd04ad4 6a50422223ed4b9ca3b2ce43192c37d5 a8cec7abc0cf433ebaa538af7a4fd6b0 - - default default] 10.0.0.181 "PUT /v2.0/routers/e4d98d96-94ce-40ee-9d48-c824177aa364/add_router_interface HTTP/1.1" status: 200 len: 503 time: 2.4807053
2026-05-29 23:03:27.006 9 INFO neutron.api.v2.resource [req-b529bf0c-a5a0-4c97-a4b0-0bb218cd9060 req-439cf2ee-46a5-4cf2-a23e-67dc83474dff ec347fbad4274f6bacdda39c76fa82d4 516f89a5560c4f98b8d68e4ee53608e8 - - default default] show failed (client error): The resource could not be found.
2026-05-29 23:03:27.008 9 INFO neutron.wsgi [req-b529bf0c-a5a0-4c97-a4b0-0bb218cd9060 req-439cf2ee-46a5-4cf2-a23e-67dc83474dff ec347fbad4274f6bacdda39c76fa82d4 516f89a5560c4f98b8d68e4ee53608e8 - - default default] 10.0.0.86 "GET /v2.0/security-groups/93a12046-4934-480e-a9dd-edc349bc7f43 HTTP/1.1" status: 404 len: 352 time: 0.0104711
2026-05-29 23:03:27.023 9 INFO neutron.wsgi [req-2671c8dc-af48-4ee2-bc1f-6927dbd3d26f req-ebb76c92-7767-4405-baf7-1d3b4d79932f ee1b4339f7684acc9aa432c14319da8a b5deb3adb45f4a099f87fcbb71ec2c65 - - default default] 10.0.0.86 "DELETE /v2.0/security-groups/e5492a6f-b357-4fa9-8f10-cadbb4aab9f8 HTTP/1.1" status: 204 len: 173 time: 0.1347675
2026-05-29 23:03:27.404 10 INFO neutron.db.ovn_revision_numbers_db [None req-6cf0a02c-35b3-4f19-ab66-139e9d71a65b 6a50422223ed4b9ca3b2ce43192c37d5 a8cec7abc0cf433ebaa538af7a4fd6b0 - - default default] Successfully bumped revision number for resource 7fb9d910-baca-427f-b576-f0e802bd5e0b (type: security_groups) to 1
2026-05-29 23:03:27.443 10 INFO neutron.db.ovn_revision_numbers_db [None req-6cf0a02c-35b3-4f19-ab66-139e9d71a65b 6a50422223ed4b9ca3b2ce43192c37d5 a8cec7abc0cf433ebaa538af7a4fd6b0 - - default default] Successfully bumped revision number for resource 6f32ab00-ec64-45d8-b279-aa4dded8cf7f (type: security_group_rules) to 0
2026-05-29 23:03:27.462 10 INFO neutron.db.ovn_revision_numbers_db [None req-6cf0a02c-35b3-4f19-ab66-139e9d71a65b 6a50422223ed4b9ca3b2ce43192c37d5 a8cec7abc0cf433ebaa538af7a4fd6b0 - - default default] Successfully bumped revision number for resource a279a12a-e297-4705-9279-38b52efe884d (type: security_group_rules) to 0
2026-05-29 23:03:27.494 10 INFO neutron.db.ovn_revision_numbers_db [None req-6cf0a02c-35b3-4f19-ab66-139e9d71a65b 6a50422223ed4b9ca3b2ce43192c37d5 a8cec7abc0cf433ebaa538af7a4fd6b0 - - default default] Successfully bumped revision number for resource c062c0b1-469e-4ce3-a321-37de605a80f5 (type: security_group_rules) to 0
2026-05-29 23:03:27.620 9 WARNING neutron_lib.context [None req-806ddc30-9d11-4fc7-aee2-45e5af7e9f93 4715338b206144fd80e7d82654883015 5667898c227c4001a334d3f4c4f5c8ac - - default default] Method 'is_advsvc' is deprecated since 2023.2 release (neutron-lib 3.8.0) and will be removed once support for the old RBAC API policies will be removed from Neutron. Please use method 'is_service_role' instead.
2026-05-29 23:03:27.665 10 INFO neutron.db.ovn_revision_numbers_db [None req-6cf0a02c-35b3-4f19-ab66-139e9d71a65b 6a50422223ed4b9ca3b2ce43192c37d5 a8cec7abc0cf433ebaa538af7a4fd6b0 - - default default] Successfully bumped revision number for resource fc34b987-c0c6-49ca-8d66-94f7f96e173a (type: security_group_rules) to 0
2026-05-29 23:03:27.690 10 INFO neutron.wsgi [None req-6cf0a02c-35b3-4f19-ab66-139e9d71a65b 6a50422223ed4b9ca3b2ce43192c37d5 a8cec7abc0cf433ebaa538af7a4fd6b0 - - default default] 10.0.0.181 "GET /v2.0/security-groups?tenant_id=73351bb2a15b444bbc3ee59a30de6752&name=default HTTP/1.1" status: 200 len: 2996 time: 0.5380790
2026-05-29 23:03:27.779 9 INFO neutron.db.ovn_revision_numbers_db [None req-806ddc30-9d11-4fc7-aee2-45e5af7e9f93 4715338b206144fd80e7d82654883015 5667898c227c4001a334d3f4c4f5c8ac - - default default] Successfully bumped revision number for resource 7bdce2c6-e4b4-4d41-82a6-563b812113b1 (type: security_groups) to 1
2026-05-29 23:03:27.799 9 INFO neutron.db.ovn_revision_numbers_db [None req-806ddc30-9d11-4fc7-aee2-45e5af7e9f93 4715338b206144fd80e7d82654883015 5667898c227c4001a334d3f4c4f5c8ac - - default default] Successfully bumped revision number for resource 837b6b3c-6aa3-42ed-b667-19f080e4563f (type: security_group_rules) to 0
2026-05-29 23:03:27.850 9 INFO neutron.db.ovn_revision_numbers_db [None req-806ddc30-9d11-4fc7-aee2-45e5af7e9f93 4715338b206144fd80e7d82654883015 5667898c227c4001a334d3f4c4f5c8ac - - default default] Successfully bumped revision number for resource c393804c-ec25-439b-baee-62de3199da3f (type: security_group_rules) to 0
2026-05-29 23:03:27.876 9 INFO neutron.wsgi [None req-806ddc30-9d11-4fc7-aee2-45e5af7e9f93 4715338b206144fd80e7d82654883015 5667898c227c4001a334d3f4c4f5c8ac - - default default] 10.0.0.181 "POST /v2.0/security-groups HTTP/1.1" status: 201 len: 1796 time: 0.2633195
2026-05-29 23:03:27.888 9 WARNING neutron_lib.context [None req-c873c99c-c1ec-42ae-a467-595678059475 4715338b206144fd80e7d82654883015 5667898c227c4001a334d3f4c4f5c8ac - - default default] Method 'is_advsvc' is deprecated since 2023.2 release (neutron-lib 3.8.0) and will be removed once support for the old RBAC API policies will be removed from Neutron. Please use method 'is_service_role' instead.
2026-05-29 23:03:27.990 10 INFO neutron.wsgi [None req-75559564-3889-4f54-b648-23df2a012363 6a50422223ed4b9ca3b2ce43192c37d5 a8cec7abc0cf433ebaa538af7a4fd6b0 - - default default] 10.0.0.181 "DELETE /v2.0/security-groups/7fb9d910-baca-427f-b576-f0e802bd5e0b HTTP/1.1" status: 204 len: 168 time: 0.2874625
2026-05-29 23:03:28.047 10 WARNING neutron.plugins.ml2.drivers.ovn.mech_driver.ovsdb.ovn_client [None req-122fb077-3377-4ad0-a2ee-7a656287fa79 - - - - - -] No port found with ID d2ae4837-ad9b-42d3-bbcb-ab60c47c0867: RuntimeError: No port found with ID d2ae4837-ad9b-42d3-bbcb-ab60c47c0867
2026-05-29 23:03:28.048 10 INFO neutron.plugins.ml2.drivers.ovn.mech_driver.mech_driver [None req-122fb077-3377-4ad0-a2ee-7a656287fa79 - - - - - -] OVN reports status up for port: 59770887-6beb-40b6-93c7-11e0b5e7895d
2026-05-29 23:03:28.067 10 INFO neutron.plugins.ml2.plugin [None req-122fb077-3377-4ad0-a2ee-7a656287fa79 - - - - - -] Attempt 1 to provision port 59770887-6beb-40b6-93c7-11e0b5e7895d
2026-05-29 23:03:28.129 9 INFO neutron.db.ovn_revision_numbers_db [None req-c873c99c-c1ec-42ae-a467-595678059475 4715338b206144fd80e7d82654883015 5667898c227c4001a334d3f4c4f5c8ac - - default default] Successfully bumped revision number for resource ab34c7d8-17d4-4664-89d7-83793387e5ae (type: security_group_rules) to 0
2026-05-29 23:03:28.180 9 INFO neutron.wsgi [None req-c873c99c-c1ec-42ae-a467-595678059475 4715338b206144fd80e7d82654883015 5667898c227c4001a334d3f4c4f5c8ac - - default default] 10.0.0.181 "POST /v2.0/security-group-rules HTTP/1.1" status: 201 len: 764 time: 0.2965961
2026-05-29 23:03:28.188 9 WARNING neutron_lib.context [None req-9364684b-1c1b-4701-96fe-67732cb4cacf 4715338b206144fd80e7d82654883015 5667898c227c4001a334d3f4c4f5c8ac - - default default] Method 'is_advsvc' is deprecated since 2023.2 release (neutron-lib 3.8.0) and will be removed once support for the old RBAC API policies will be removed from Neutron. Please use method 'is_service_role' instead.
2026-05-29 23:03:28.223 10 INFO neutron.plugins.ml2.drivers.ovn.mech_driver.mech_driver [None req-122fb077-3377-4ad0-a2ee-7a656287fa79 - - - - - -] OVN reports status up for port: 06624dae-c578-4107-8c26-263eaecffb17
2026-05-29 23:03:28.240 10 INFO neutron.plugins.ml2.plugin [None req-122fb077-3377-4ad0-a2ee-7a656287fa79 - - - - - -] Attempt 1 to provision port 06624dae-c578-4107-8c26-263eaecffb17
2026-05-29 23:03:28.432 9 INFO neutron.wsgi [None req-caf7a3ba-1e00-40ca-a9f6-912b952fcb1d 6a50422223ed4b9ca3b2ce43192c37d5 a8cec7abc0cf433ebaa538af7a4fd6b0 - - default default] 10.0.0.181 "PUT /v2.0/routers/52d11129-0969-48ca-90cc-dece30d784ba/remove_router_interface HTTP/1.1" status: 200 len: 503 time: 1.3992741 /var/lib/openstack/lib/python3.10/site-packages/pycadf/identifier.py:71: UserWarning: Invalid uuid: neutron. To ensure interoperability, identifiers should be a valid uuid. warnings.warn(('Invalid uuid: %s. To ensure interoperability, '
2026-05-29 23:03:28.453 10 INFO neutron.wsgi [None req-f6a61d95-d1f9-43a4-9fcc-03c5ee110614 6a50422223ed4b9ca3b2ce43192c37d5 a8cec7abc0cf433ebaa538af7a4fd6b0 - - default default] 10.0.0.181 "PUT /v2.0/routers/edddbda4-fc9e-4183-a972-20fcdda2410d/remove_router_interface HTTP/1.1" status: 200 len: 503 time: 1.4346209 /var/lib/openstack/lib/python3.10/site-packages/pycadf/identifier.py:71: UserWarning: Invalid uuid: neutron. To ensure interoperability, identifiers should be a valid uuid. warnings.warn(('Invalid uuid: %s. To ensure interoperability, '
2026-05-29 23:03:28.534 9 INFO neutron.db.ovn_revision_numbers_db [None req-9364684b-1c1b-4701-96fe-67732cb4cacf 4715338b206144fd80e7d82654883015 5667898c227c4001a334d3f4c4f5c8ac - - default default] Successfully bumped revision number for resource 86760048-b56e-4a49-8b96-aab81a2bc04c (type: security_group_rules) to 0
