2026-05-29 23:06:01.999 10 INFO neutron.wsgi [None req-66a2d76a-e0b6-4b49-a60b-84971417a99c 7a9edd4195c644efbbc67f505ee64cac 0dd93fc707b24a208207eaba13eff438 - - default default] 10.0.0.181 "GET /v2.0/ports?device_id=913ba187-6b0e-4553-9087-b1762be03591 HTTP/1.1" status: 200 len: 205 time: 0.0326214
2026-05-29 23:06:02.022 9 INFO neutron.wsgi [req-38c08cad-942e-4c99-828f-2d78392367cc req-4b8479ad-f864-43c8-a00f-f7208c219756 371d23d8158247a49747d0c4ba0c9963 35a130a03bcb46f494afdf1ccf2af345 - - default default] 199.204.45.30 "GET /v2.0/security-groups?fields=id&fields=name&tenant_id=35a130a03bcb46f494afdf1ccf2af345 HTTP/1.1" status: 200 len: 473 time: 0.0519357
2026-05-29 23:06:02.048 9 WARNING neutron_lib.context [req-38c08cad-942e-4c99-828f-2d78392367cc req-ecfa162b-b125-4608-bfeb-618c61643c0b 371d23d8158247a49747d0c4ba0c9963 35a130a03bcb46f494afdf1ccf2af345 - - default default] Method 'is_advsvc' is deprecated since 2023.2 release (neutron-lib 3.8.0) and will be removed once support for the old RBAC API policies will be removed from Neutron. Please use method 'is_service_role' instead.
2026-05-29 23:06:02.221 9 INFO neutron.wsgi [None req-7cd9aa9b-498a-41df-b646-965e047faff7 372fe864b1c74b888b8f310c0b528f51 f947fb1ed7444856b6f146c5e7b73758 - - default default] 10.0.0.215 "GET /v2.0/extensions HTTP/1.1" status: 200 len: 16980 time: 0.1171565
2026-05-29 23:06:02.300 9 INFO neutron.wsgi [req-1361b6a9-9837-43c8-b74d-c0c0d68af8d6 req-2d25abef-0d39-4d97-8fe4-d917c567a4f9 371d23d8158247a49747d0c4ba0c9963 35a130a03bcb46f494afdf1ccf2af345 - - default default] 10.0.0.86 "GET /v2.0/ports?device_id=91d782c3-080c-4527-83cf-ad45d073e652 HTTP/1.1" status: 200 len: 210 time: 0.0273247
2026-05-29 23:06:02.415 9 INFO neutron.wsgi [None req-77204afb-c931-40b1-a59d-458ef069af21 372fe864b1c74b888b8f310c0b528f51 f947fb1ed7444856b6f146c5e7b73758 - - default default] 10.0.0.215 "GET /v2.0/quotas/f947fb1ed7444856b6f146c5e7b73758/details HTTP/1.1" status: 200 len: 756 time: 0.1775656
2026-05-29 23:06:02.438 9 WARNING neutron.scheduler.dhcp_agent_scheduler [req-38c08cad-942e-4c99-828f-2d78392367cc req-ecfa162b-b125-4608-bfeb-618c61643c0b 371d23d8158247a49747d0c4ba0c9963 35a130a03bcb46f494afdf1ccf2af345 - - default default] No more DHCP agents
2026-05-29 23:06:02.442 9 WARNING neutron.api.rpc.agentnotifiers.dhcp_rpc_agent_api [req-38c08cad-942e-4c99-828f-2d78392367cc req-ecfa162b-b125-4608-bfeb-618c61643c0b 371d23d8158247a49747d0c4ba0c9963 35a130a03bcb46f494afdf1ccf2af345 - - default default] Unable to schedule network 4a4bdc18-f9bf-40bd-a445-94c7869912c7: no agents available; will retry on subsequent port and subnet creation events.
2026-05-29 23:06:02.894 9 INFO neutron.db.ovn_revision_numbers_db [req-38c08cad-942e-4c99-828f-2d78392367cc req-ecfa162b-b125-4608-bfeb-618c61643c0b 371d23d8158247a49747d0c4ba0c9963 35a130a03bcb46f494afdf1ccf2af345 - - default default] Successfully bumped revision number for resource ff45a45d-61bd-4774-8128-9ca3250a34b6 (type: ports) to 1
2026-05-29 23:06:02.921 9 INFO neutron.wsgi [req-38c08cad-942e-4c99-828f-2d78392367cc req-ecfa162b-b125-4608-bfeb-618c61643c0b 371d23d8158247a49747d0c4ba0c9963 35a130a03bcb46f494afdf1ccf2af345 - - default default] 199.204.45.30 "POST /v2.0/ports HTTP/1.1" status: 201 len: 1197 time: 0.8825855 /var/lib/openstack/lib/python3.10/site-packages/pycadf/identifier.py:71: UserWarning: Invalid uuid: neutron. To ensure interoperability, identifiers should be a valid uuid. warnings.warn(('Invalid uuid: %s. To ensure interoperability, '
2026-05-29 23:06:03.004 10 INFO neutron.wsgi [None req-d5041255-df22-426c-a15e-f700c4562934 7a9edd4195c644efbbc67f505ee64cac 0dd93fc707b24a208207eaba13eff438 - - default default] 10.0.0.181 "DELETE /v2.0/routers/913ba187-6b0e-4553-9087-b1762be03591 HTTP/1.1" status: 204 len: 168 time: 1.0002949
2026-05-29 23:06:03.033 10 INFO neutron.wsgi [None req-d093492f-1d54-4acd-a0e9-002bd3e17620 7a9edd4195c644efbbc67f505ee64cac 0dd93fc707b24a208207eaba13eff438 - - default default] 10.0.0.181 "GET /v2.0/ports?device_id=913ba187-6b0e-4553-9087-b1762be03591 HTTP/1.1" status: 200 len: 205 time: 0.0212648
2026-05-29 23:06:03.041 10 INFO neutron.wsgi [-] 10.0.0.85 "GET / HTTP/1.1" status: 200 len: 247 time: 0.0023942
2026-05-29 23:06:03.044 10 INFO neutron.wsgi [-] 10.0.0.85 "GET / HTTP/1.1" status: 200 len: 247 time: 0.0022836
2026-05-29 23:06:03.076 9 INFO neutron.api.v2.resource [None req-0edadd6a-ae77-49b6-b39a-7bf88f24a503 7a9edd4195c644efbbc67f505ee64cac 0dd93fc707b24a208207eaba13eff438 - - default default] delete failed (client error): The resource could not be found.
2026-05-29 23:06:03.077 9 INFO neutron.wsgi [None req-0edadd6a-ae77-49b6-b39a-7bf88f24a503 7a9edd4195c644efbbc67f505ee64cac 0dd93fc707b24a208207eaba13eff438 - - default default] 10.0.0.181 "DELETE /v2.0/routers/913ba187-6b0e-4553-9087-b1762be03591 HTTP/1.1" status: 404 len: 336 time: 0.0341082
2026-05-29 23:06:03.106 10 INFO neutron.wsgi [None req-f53550fb-143f-4f2f-86c3-20440d872a1e 7a9edd4195c644efbbc67f505ee64cac 0dd93fc707b24a208207eaba13eff438 - - default default] 10.0.0.181 "GET /v2.0/ports?device_id=694a171a-929d-4f14-bdd8-0e23bfc477e9 HTTP/1.1" status: 200 len: 205 time: 0.0230355
2026-05-29 23:06:03.142 10 INFO neutron.api.v2.resource [None req-2b3c42e4-1762-46ff-b1d6-a696dbf1f076 7a9edd4195c644efbbc67f505ee64cac 0dd93fc707b24a208207eaba13eff438 - - default default] delete failed (client error): The resource could not be found.
2026-05-29 23:06:03.143 10 INFO neutron.wsgi [None req-2b3c42e4-1762-46ff-b1d6-a696dbf1f076 7a9edd4195c644efbbc67f505ee64cac 0dd93fc707b24a208207eaba13eff438 - - default default] 10.0.0.181 "DELETE /v2.0/routers/694a171a-929d-4f14-bdd8-0e23bfc477e9 HTTP/1.1" status: 404 len: 336 time: 0.0286040
2026-05-29 23:06:03.166 10 INFO neutron.pecan_wsgi.hooks.translation [None req-0c557550-45cd-49ba-96f8-1005e104cebc 7a9edd4195c644efbbc67f505ee64cac 0dd93fc707b24a208207eaba13eff438 - - default default] DELETE failed (client error): The resource could not be found.
2026-05-29 23:06:03.168 10 INFO neutron.wsgi [None req-0c557550-45cd-49ba-96f8-1005e104cebc 7a9edd4195c644efbbc67f505ee64cac 0dd93fc707b24a208207eaba13eff438 - - default default] 10.0.0.181 "DELETE /v2.0/subnets/717fdd8e-6ed3-4a61-bad9-1c7090cbf2a4 HTTP/1.1" status: 404 len: 337 time: 0.0189538
2026-05-29 23:06:03.192 10 INFO neutron.wsgi [None req-525b955f-3750-4e1b-8fb1-74f064eaa6ef 7a9edd4195c644efbbc67f505ee64cac 0dd93fc707b24a208207eaba13eff438 - - default default] 10.0.0.181 "GET /v2.0/ports?device_id=d1c78244-542a-486e-b572-0c77338c4e2e HTTP/1.1" status: 200 len: 205 time: 0.0182290
2026-05-29 23:06:03.223 10 INFO neutron.api.v2.resource [None req-a575683c-dc3b-47d7-b8a8-1df876671a2f 7a9edd4195c644efbbc67f505ee64cac 0dd93fc707b24a208207eaba13eff438 - - default default] delete failed (client error): The resource could not be found.
2026-05-29 23:06:03.224 10 INFO neutron.wsgi [None req-a575683c-dc3b-47d7-b8a8-1df876671a2f 7a9edd4195c644efbbc67f505ee64cac 0dd93fc707b24a208207eaba13eff438 - - default default] 10.0.0.181 "DELETE /v2.0/routers/d1c78244-542a-486e-b572-0c77338c4e2e HTTP/1.1" status: 404 len: 336 time: 0.0261941
2026-05-29 23:06:03.252 9 INFO neutron.pecan_wsgi.hooks.translation [None req-31934920-9672-4f04-a076-aa38bd5b35a1 7a9edd4195c644efbbc67f505ee64cac 0dd93fc707b24a208207eaba13eff438 - - default default] DELETE failed (client error): The resource could not be found.
2026-05-29 23:06:03.254 9 INFO neutron.wsgi [None req-31934920-9672-4f04-a076-aa38bd5b35a1 7a9edd4195c644efbbc67f505ee64cac 0dd93fc707b24a208207eaba13eff438 - - default default] 10.0.0.181 "DELETE /v2.0/subnets/b4f0e4b0-ba72-4ed8-b863-98a6b6a740b2 HTTP/1.1" status: 404 len: 337 time: 0.0232759
2026-05-29 23:06:03.282 10 INFO neutron.wsgi [None req-1085418a-55fe-4736-83eb-45256dbbabee 7a9edd4195c644efbbc67f505ee64cac 0dd93fc707b24a208207eaba13eff438 - - default default] 10.0.0.181 "GET /v2.0/ports?device_id=fe2e126a-faae-4985-92d1-12e1012e3be6 HTTP/1.1" status: 200 len: 205 time: 0.0206721
2026-05-29 23:06:03.322 10 INFO neutron.api.v2.resource [None req-1e0bec2a-491a-4640-9d29-65c98eda877b 7a9edd4195c644efbbc67f505ee64cac 0dd93fc707b24a208207eaba13eff438 - - default default] delete failed (client error): The resource could not be found.
2026-05-29 23:06:03.324 10 INFO neutron.wsgi [None req-1e0bec2a-491a-4640-9d29-65c98eda877b 7a9edd4195c644efbbc67f505ee64cac 0dd93fc707b24a208207eaba13eff438 - - default default] 10.0.0.181 "DELETE /v2.0/routers/fe2e126a-faae-4985-92d1-12e1012e3be6 HTTP/1.1" status: 404 len: 336 time: 0.0340965 /var/lib/openstack/lib/python3.10/site-packages/pycadf/identifier.py:71: UserWarning: Invalid uuid: neutron. To ensure interoperability, identifiers should be a valid uuid. warnings.warn(('Invalid uuid: %s. To ensure interoperability, '
2026-05-29 23:06:03.353 9 INFO neutron.pecan_wsgi.hooks.translation [None req-6b2c0f00-bbff-48e5-a69d-b894e39ab0ab 7a9edd4195c644efbbc67f505ee64cac 0dd93fc707b24a208207eaba13eff438 - - default default] DELETE failed (client error): The resource could not be found.
2026-05-29 23:06:03.358 9 INFO neutron.wsgi [None req-6b2c0f00-bbff-48e5-a69d-b894e39ab0ab 7a9edd4195c644efbbc67f505ee64cac 0dd93fc707b24a208207eaba13eff438 - - default default] 10.0.0.181 "DELETE /v2.0/subnets/0499a90d-fe51-4868-a961-7e120bf7c53c HTTP/1.1" status: 404 len: 337 time: 0.0285227
2026-05-29 23:06:03.398 9 INFO neutron.pecan_wsgi.hooks.translation [None req-fa8dc6ba-9ed9-46ee-813e-88999f6a5fda 7a9edd4195c644efbbc67f505ee64cac 0dd93fc707b24a208207eaba13eff438 - - default default] DELETE failed (client error): The resource could not be found.
2026-05-29 23:06:03.400 9 INFO neutron.wsgi [None req-fa8dc6ba-9ed9-46ee-813e-88999f6a5fda 7a9edd4195c644efbbc67f505ee64cac 0dd93fc707b24a208207eaba13eff438 - - default default] 10.0.0.181 "DELETE /v2.0/subnets/4a255fdc-5bb2-4bac-a523-244031c5cd77 HTTP/1.1" status: 404 len: 337 time: 0.0345638
2026-05-29 23:06:03.450 9 INFO neutron.wsgi [req-682437ec-0da9-484b-8b80-acaaabafbad8 req-0258afe7-2ec5-4173-a93d-f0deaa44d86d 371d23d8158247a49747d0c4ba0c9963 35a130a03bcb46f494afdf1ccf2af345 - - default default] 10.0.0.86 "GET /v2.0/ports?device_id=91d782c3-080c-4527-83cf-ad45d073e652 HTTP/1.1" status: 200 len: 1208 time: 0.0724907
2026-05-29 23:06:03.530 9 INFO neutron.wsgi [req-682437ec-0da9-484b-8b80-acaaabafbad8 req-c97ab0a1-5996-47f4-9644-ca336aa1b52b 371d23d8158247a49747d0c4ba0c9963 35a130a03bcb46f494afdf1ccf2af345 - - default default] 10.0.0.86 "GET /v2.0/security-groups?id=ab477a32-7539-4262-99e1-b542de8a3b4b&id=ee6ff70c-a945-4f45-bb58-43cfefd0b325&fields=id&fields=name HTTP/1.1" status: 200 len: 406 time: 0.0716667
2026-05-29 23:06:03.549 9 INFO neutron.db.ovn_revision_numbers_db [req-38c08cad-942e-4c99-828f-2d78392367cc req-94f9ab2f-2104-46a2-a070-ed6d79c684f8 1b837833910a4dcfb0d1b08241e63654 c313135cd3f649f8b0a2a0ed8c949055 - - 02a142e46f5146a08f42729707b5a95e 02a142e46f5146a08f42729707b5a95e] Successfully bumped revision number for resource ff45a45d-61bd-4774-8128-9ca3250a34b6 (type: ports) to 2
2026-05-29 23:06:03.634 9 INFO neutron.db.ovn_revision_numbers_db [None req-e24c2ea9-591a-475c-b061-3a89330881f3 6a50422223ed4b9ca3b2ce43192c37d5 a8cec7abc0cf433ebaa538af7a4fd6b0 - - default default] Successfully bumped revision number for resource d9f1078e-1e52-430c-99c7-744c5034d993 (type: security_groups) to 1
2026-05-29 23:06:03.655 9 INFO neutron.db.ovn_revision_numbers_db [None req-e24c2ea9-591a-475c-b061-3a89330881f3 6a50422223ed4b9ca3b2ce43192c37d5 a8cec7abc0cf433ebaa538af7a4fd6b0 - - default default] Successfully bumped revision number for resource 0cbdfd30-ecaa-4cc7-9410-51ed82a1067d (type: security_group_rules) to 0
2026-05-29 23:06:03.690 9 INFO neutron.db.ovn_revision_numbers_db [None req-e24c2ea9-591a-475c-b061-3a89330881f3 6a50422223ed4b9ca3b2ce43192c37d5 a8cec7abc0cf433ebaa538af7a4fd6b0 - - default default] Successfully bumped revision number for resource 2e0377ae-391f-4496-8287-ec93dc4606f8 (type: security_group_rules) to 0
2026-05-29 23:06:03.730 9 INFO neutron.db.ovn_revision_numbers_db [None req-e24c2ea9-591a-475c-b061-3a89330881f3 6a50422223ed4b9ca3b2ce43192c37d5 a8cec7abc0cf433ebaa538af7a4fd6b0 - - default default] Successfully bumped revision number for resource bf22abb4-f9ce-4b76-b664-aa0291f8fa50 (type: security_group_rules) to 0
2026-05-29 23:06:03.763 9 INFO neutron.db.ovn_revision_numbers_db [None req-e24c2ea9-591a-475c-b061-3a89330881f3 6a50422223ed4b9ca3b2ce43192c37d5 a8cec7abc0cf433ebaa538af7a4fd6b0 - - default default] Successfully bumped revision number for resource f0af1c87-acaa-44d7-a0f1-af6e8b4daf47 (type: security_group_rules) to 0
2026-05-29 23:06:03.798 9 INFO neutron.wsgi [None req-e24c2ea9-591a-475c-b061-3a89330881f3 6a50422223ed4b9ca3b2ce43192c37d5 a8cec7abc0cf433ebaa538af7a4fd6b0 - - default default] 10.0.0.181 "GET /v2.0/security-groups?tenant_id=dafc9a4958d642a39446c7cbba8fbff3&name=default HTTP/1.1" status: 200 len: 2996 time: 0.6100612 /var/lib/openstack/lib/python3.10/site-packages/pycadf/identifier.py:71: UserWarning: Invalid uuid: neutron. To ensure interoperability, identifiers should be a valid uuid. warnings.warn(('Invalid uuid: %s. To ensure interoperability, '
2026-05-29 23:06:03.862 9 INFO neutron.db.ovn_revision_numbers_db [req-38c08cad-942e-4c99-828f-2d78392367cc req-94f9ab2f-2104-46a2-a070-ed6d79c684f8 1b837833910a4dcfb0d1b08241e63654 c313135cd3f649f8b0a2a0ed8c949055 - - 02a142e46f5146a08f42729707b5a95e 02a142e46f5146a08f42729707b5a95e] Successfully bumped revision number for resource ff45a45d-61bd-4774-8128-9ca3250a34b6 (type: ports) to 2
2026-05-29 23:06:03.890 9 INFO neutron.wsgi [req-38c08cad-942e-4c99-828f-2d78392367cc req-94f9ab2f-2104-46a2-a070-ed6d79c684f8 1b837833910a4dcfb0d1b08241e63654 c313135cd3f649f8b0a2a0ed8c949055 - - 02a142e46f5146a08f42729707b5a95e 02a142e46f5146a08f42729707b5a95e] 199.204.45.30 "PUT /v2.0/ports/ff45a45d-61bd-4774-8128-9ca3250a34b6 HTTP/1.1" status: 200 len: 1415 time: 0.9610379
2026-05-29 23:06:03.938 9 INFO neutron.notifiers.nova [-] Nova event matching ['req-fe7099ca-8c41-4c94-9bbb-4099e0df9d6d'] response: {'name': 'network-changed', 'server_uuid': '91d782c3-080c-4527-83cf-ad45d073e652', 'tag': 'ff45a45d-61bd-4774-8128-9ca3250a34b6', 'status': 'completed', 'code': 200}
2026-05-29 23:06:03.971 9 INFO neutron.wsgi [req-38c08cad-942e-4c99-828f-2d78392367cc req-1eff5192-0554-4440-874b-b4c8dbdc2792 1b837833910a4dcfb0d1b08241e63654 c313135cd3f649f8b0a2a0ed8c949055 - - 02a142e46f5146a08f42729707b5a95e 02a142e46f5146a08f42729707b5a95e] 199.204.45.30 "GET /v2.0/ports?tenant_id=35a130a03bcb46f494afdf1ccf2af345&device_id=91d782c3-080c-4527-83cf-ad45d073e652 HTTP/1.1" status: 200 len: 1446 time: 0.0460768
2026-05-29 23:06:04.007 9 INFO neutron.wsgi [req-38c08cad-942e-4c99-828f-2d78392367cc req-fcc20be4-b53f-4c9d-b2b1-281816dc9311 1b837833910a4dcfb0d1b08241e63654 c313135cd3f649f8b0a2a0ed8c949055 - - 02a142e46f5146a08f42729707b5a95e 02a142e46f5146a08f42729707b5a95e] 199.204.45.30 "GET /v2.0/floatingips?fixed_ip_address=10.100.0.5&port_id=ff45a45d-61bd-4774-8128-9ca3250a34b6 HTTP/1.1" status: 200 len: 217 time: 0.0301027
2026-05-29 23:06:04.055 9 INFO neutron.wsgi [req-38c08cad-942e-4c99-828f-2d78392367cc req-95271370-a974-43ed-9e25-f52345e200e4 1b837833910a4dcfb0d1b08241e63654 c313135cd3f649f8b0a2a0ed8c949055 - - 02a142e46f5146a08f42729707b5a95e 02a142e46f5146a08f42729707b5a95e] 199.204.45.30 "GET /v2.0/subnets?id=aa3def0b-ed15-4d39-a8b8-a4742b7ae4a8 HTTP/1.1" status: 200 len: 866 time: 0.0429163
2026-05-29 23:06:04.101 9 INFO neutron.wsgi [req-38c08cad-942e-4c99-828f-2d78392367cc req-44ccafa5-cd82-4971-abc8-cc0c310e9440 1b837833910a4dcfb0d1b08241e63654 c313135cd3f649f8b0a2a0ed8c949055 - - 02a142e46f5146a08f42729707b5a95e 02a142e46f5146a08f42729707b5a95e] 199.204.45.30 "GET /v2.0/ports?network_id=4a4bdc18-f9bf-40bd-a445-94c7869912c7&device_owner=network%3Adhcp HTTP/1.1" status: 200 len: 210 time: 0.0392241
2026-05-29 23:06:04.136 9 INFO neutron.wsgi [None req-7b8be223-7775-4572-b370-a7ca0d8967b0 6a50422223ed4b9ca3b2ce43192c37d5 a8cec7abc0cf433ebaa538af7a4fd6b0 - - default default] 10.0.0.181 "GET /v2.0/security-groups?tenant_id=0dd93fc707b24a208207eaba13eff438&name=default HTTP/1.1" status: 200 len: 2996 time: 0.1782870
2026-05-29 23:06:04.183 9 INFO neutron.wsgi [None req-276ef4d2-62ca-43fd-be7c-43b0d4c0c431 6a50422223ed4b9ca3b2ce43192c37d5 a8cec7abc0cf433ebaa538af7a4fd6b0 - - default default] 10.0.0.181 "DELETE /v2.0/security-groups/d9f1078e-1e52-430c-99c7-744c5034d993 HTTP/1.1" status: 204 len: 168 time: 0.3782902
2026-05-29 23:06:04.195 9 INFO neutron.wsgi [req-38c08cad-942e-4c99-828f-2d78392367cc req-8df28293-8385-4588-8f08-774971544ea7 1b837833910a4dcfb0d1b08241e63654 c313135cd3f649f8b0a2a0ed8c949055 - - 02a142e46f5146a08f42729707b5a95e 02a142e46f5146a08f42729707b5a95e] 199.204.45.30 "GET /v2.0/networks/4a4bdc18-f9bf-40bd-a445-94c7869912c7?fields=segments HTTP/1.1" status: 200 len: 212 time: 0.0875478
2026-05-29 23:06:04.271 9 INFO neutron.wsgi [req-38c08cad-942e-4c99-828f-2d78392367cc req-df11ab86-2252-4d5d-838e-5a9349f6c66a 1b837833910a4dcfb0d1b08241e63654 c313135cd3f649f8b0a2a0ed8c949055 - - 02a142e46f5146a08f42729707b5a95e 02a142e46f5146a08f42729707b5a95e] 199.204.45.30 "GET /v2.0/networks/4a4bdc18-f9bf-40bd-a445-94c7869912c7?fields=provider%3Aphysical_network&fields=provider%3Anetwork_type HTTP/1.1" status: 200 len: 277 time: 0.0682337
2026-05-29 23:06:04.360 10 INFO neutron.wsgi [None req-cc8b3c63-8af1-40cb-9779-b994049f0ec7 6a50422223ed4b9ca3b2ce43192c37d5 a8cec7abc0cf433ebaa538af7a4fd6b0 - - default default] 10.0.0.181 "DELETE /v2.0/security-groups/97e2392c-066a-4dc6-9a2c-5e50b8be63eb HTTP/1.1" status: 204 len: 168 time: 0.2178338
2026-05-29 23:06:04.378 9 INFO neutron.wsgi [req-7a11d9a9-2a04-4c77-bec3-66b97a62376b req-7c4a744d-5d48-4d80-a7de-8e6ffbb0c8d2 1b837833910a4dcfb0d1b08241e63654 c313135cd3f649f8b0a2a0ed8c949055 - - 02a142e46f5146a08f42729707b5a95e 02a142e46f5146a08f42729707b5a95e] 199.204.45.30 "GET /v2.0/ports?tenant_id=35a130a03bcb46f494afdf1ccf2af345&device_id=91d782c3-080c-4527-83cf-ad45d073e652 HTTP/1.1" status: 200 len: 1446 time: 0.0497074
2026-05-29 23:06:04.480 9 INFO neutron.wsgi [req-7a11d9a9-2a04-4c77-bec3-66b97a62376b req-2d8701b1-78b2-437e-8a1b-635fcc6fc334 1b837833910a4dcfb0d1b08241e63654 c313135cd3f649f8b0a2a0ed8c949055 - - 02a142e46f5146a08f42729707b5a95e 02a142e46f5146a08f42729707b5a95e] 199.204.45.30 "GET /v2.0/networks?id=4a4bdc18-f9bf-40bd-a445-94c7869912c7 HTTP/1.1" status: 200 len: 971 time: 0.0937040
2026-05-29 23:06:04.510 9 INFO neutron.wsgi [req-7a11d9a9-2a04-4c77-bec3-66b97a62376b req-f65149c1-1d9f-496b-9de3-a2258accad96 1b837833910a4dcfb0d1b08241e63654 c313135cd3f649f8b0a2a0ed8c949055 - - 02a142e46f5146a08f42729707b5a95e 02a142e46f5146a08f42729707b5a95e] 199.204.45.30 "GET /v2.0/floatingips?fixed_ip_address=10.100.0.5&port_id=ff45a45d-61bd-4774-8128-9ca3250a34b6 HTTP/1.1" status: 200 len: 217 time: 0.0228267
2026-05-29 23:06:04.532 9 INFO neutron.wsgi [req-07f3cae7-72cb-4653-9d2f-dca511c2a209 req-1658e7fd-2033-4dfe-8d3d-b6c5e2f5d584 1b837833910a4dcfb0d1b08241e63654 c313135cd3f649f8b0a2a0ed8c949055 - - 02a142e46f5146a08f42729707b5a95e 02a142e46f5146a08f42729707b5a95e] 199.204.45.30 "GET /v2.0/ports?device_id=91d782c3-080c-4527-83cf-ad45d073e652 HTTP/1.1" status: 200 len: 1446 time: 0.0712211
2026-05-29 23:06:04.572 9 INFO neutron.wsgi [req-7a11d9a9-2a04-4c77-bec3-66b97a62376b req-b3123b81-f2ef-4559-8dfb-6be6059b8d85 1b837833910a4dcfb0d1b08241e63654 c313135cd3f649f8b0a2a0ed8c949055 - - 02a142e46f5146a08f42729707b5a95e 02a142e46f5146a08f42729707b5a95e] 199.204.45.30 "GET /v2.0/subnets?id=aa3def0b-ed15-4d39-a8b8-a4742b7ae4a8 HTTP/1.1" status: 200 len: 866 time: 0.0541573
2026-05-29 23:06:04.611 9 INFO neutron.wsgi [req-7a11d9a9-2a04-4c77-bec3-66b97a62376b req-cde93e82-0f06-4c6c-b617-02dd529e7749 1b837833910a4dcfb0d1b08241e63654 c313135cd3f649f8b0a2a0ed8c949055 - - 02a142e46f5146a08f42729707b5a95e 02a142e46f5146a08f42729707b5a95e] 199.204.45.30 "GET /v2.0/ports?network_id=4a4bdc18-f9bf-40bd-a445-94c7869912c7&device_owner=network%3Adhcp HTTP/1.1" status: 200 len: 210 time: 0.0306516
2026-05-29 23:06:04.625 9 INFO neutron.wsgi [req-07f3cae7-72cb-4653-9d2f-dca511c2a209 req-c6af0f22-d6ce-4722-a8fe-f63943e78bc5 1b837833910a4dcfb0d1b08241e63654 c313135cd3f649f8b0a2a0ed8c949055 - - 02a142e46f5146a08f42729707b5a95e 02a142e46f5146a08f42729707b5a95e] 199.204.45.30 "GET /v2.0/security-groups?id=ee6ff70c-a945-4f45-bb58-43cfefd0b325&id=ab477a32-7539-4262-99e1-b542de8a3b4b&fields=id&fields=name HTTP/1.1" status: 200 len: 406 time: 0.0798972
2026-05-29 23:06:04.671 9 INFO neutron.wsgi [req-79d4987e-698b-4d53-bc45-89c6515be93b req-497f4992-ecb4-4bcc-b777-f39f1b166f30 371d23d8158247a49747d0c4ba0c9963 35a130a03bcb46f494afdf1ccf2af345 - - default default] 10.0.0.86 "GET /v2.0/ports?device_id=91d782c3-080c-4527-83cf-ad45d073e652 HTTP/1.1" status: 200 len: 1208 time: 0.0568728
2026-05-29 23:06:04.733 9 INFO neutron.wsgi [req-79d4987e-698b-4d53-bc45-89c6515be93b req-2549613d-b5d3-4d4f-a635-a6fcdac2295b 371d23d8158247a49747d0c4ba0c9963 35a130a03bcb46f494afdf1ccf2af345 - - default default] 10.0.0.86 "GET /v2.0/security-groups?id=ab477a32-7539-4262-99e1-b542de8a3b4b&id=ee6ff70c-a945-4f45-bb58-43cfefd0b325&fields=id&fields=name HTTP/1.1" status: 200 len: 406 time: 0.0550995
2026-05-29 23:06:04.738 9 INFO neutron.wsgi [req-7a11d9a9-2a04-4c77-bec3-66b97a62376b req-73732ca4-2c58-46df-9f90-19c8921dfe22 1b837833910a4dcfb0d1b08241e63654 c313135cd3f649f8b0a2a0ed8c949055 - - 02a142e46f5146a08f42729707b5a95e 02a142e46f5146a08f42729707b5a95e] 199.204.45.30 "GET /v2.0/networks/4a4bdc18-f9bf-40bd-a445-94c7869912c7?fields=segments HTTP/1.1" status: 200 len: 212 time: 0.1159227
2026-05-29 23:06:04.810 9 INFO neutron.wsgi [req-7a11d9a9-2a04-4c77-bec3-66b97a62376b req-a2de33a6-97c0-43d1-931d-7a211c434ad7 1b837833910a4dcfb0d1b08241e63654 c313135cd3f649f8b0a2a0ed8c949055 - - 02a142e46f5146a08f42729707b5a95e 02a142e46f5146a08f42729707b5a95e] 199.204.45.30 "GET /v2.0/networks/4a4bdc18-f9bf-40bd-a445-94c7869912c7?fields=provider%3Aphysical_network&fields=provider%3Anetwork_type HTTP/1.1" status: 200 len: 277 time: 0.0627785
2026-05-29 23:06:05.011 10 INFO neutron.wsgi [None req-25f58f54-a748-4e1e-98c4-4d842d4874d2 372fe864b1c74b888b8f310c0b528f51 f947fb1ed7444856b6f146c5e7b73758 - - default default] 10.0.0.215 "GET /v2.0/extensions HTTP/1.1" status: 200 len: 16980 time: 0.0129218
2026-05-29 23:06:05.161 10 INFO neutron.wsgi [None req-b47cc718-feb0-46eb-b48b-07858ad7ae73 372fe864b1c74b888b8f310c0b528f51 f947fb1ed7444856b6f146c5e7b73758 - - default default] 10.0.0.215 "GET /v2.0/quotas/f947fb1ed7444856b6f146c5e7b73758/details HTTP/1.1" status: 200 len: 756 time: 0.1328001
2026-05-29 23:06:05.910 9 INFO neutron.wsgi [req-5407349f-2af7-4e5c-9b9d-b050ced90fbb req-cf6c37e0-1515-4478-ade7-58931eb5cc58 371d23d8158247a49747d0c4ba0c9963 35a130a03bcb46f494afdf1ccf2af345 - - default default] 10.0.0.86 "GET /v2.0/ports?device_id=91d782c3-080c-4527-83cf-ad45d073e652 HTTP/1.1" status: 200 len: 1208 time: 0.1001661
2026-05-29 23:06:05.959 9 INFO neutron.wsgi [req-5407349f-2af7-4e5c-9b9d-b050ced90fbb req-9e5e4150-0c21-491c-ba86-e2ce1da239d1 371d23d8158247a49747d0c4ba0c9963 35a130a03bcb46f494afdf1ccf2af345 - - default default] 10.0.0.86 "GET /v2.0/security-groups?id=ab477a32-7539-4262-99e1-b542de8a3b4b&id=ee6ff70c-a945-4f45-bb58-43cfefd0b325&fields=id&fields=name HTTP/1.1" status: 200 len: 406 time: 0.0436978
2026-05-29 23:06:06.042 9 WARNING neutron.plugins.ml2.drivers.ovn.mech_driver.ovsdb.ovn_client [None req-8a4ad773-54c0-43c0-aa9b-a7b756d73871 - - - - - -] No port found with ID c1425b0b-6ccd-4d20-a1de-e015a4318e74: RuntimeError: No port found with ID c1425b0b-6ccd-4d20-a1de-e015a4318e74
2026-05-29 23:06:06.042 9 INFO neutron.plugins.ml2.drivers.ovn.mech_driver.mech_driver [None req-8a4ad773-54c0-43c0-aa9b-a7b756d73871 - - - - - -] OVN reports status up for port: ff45a45d-61bd-4774-8128-9ca3250a34b6
2026-05-29 23:06:06.054 9 INFO neutron.plugins.ml2.plugin [None req-8a4ad773-54c0-43c0-aa9b-a7b756d73871 - - - - - -] Attempt 1 to provision port ff45a45d-61bd-4774-8128-9ca3250a34b6
2026-05-29 23:06:06.181 9 INFO neutron.notifiers.nova [-] Nova event matching ['req-a3276382-ddad-4a2b-9d18-49746c3014f7'] response: {'server_uuid': '91d782c3-080c-4527-83cf-ad45d073e652', 'name': 'network-vif-plugged', 'status': 'completed', 'tag': 'ff45a45d-61bd-4774-8128-9ca3250a34b6', 'code': 200}
2026-05-29 23:06:06.405 9 INFO neutron.db.ovn_revision_numbers_db [None req-8a4ad773-54c0-43c0-aa9b-a7b756d73871 - - - - - -] Successfully bumped revision number for resource ff45a45d-61bd-4774-8128-9ca3250a34b6 (type: ports) to 4
2026-05-29 23:06:06.577 10 WARNING neutron_lib.context [None req-8d97722a-68e7-4706-a209-3258c710864b df00ca7551c44672b2ca09a52a5f2286 0cee4a526ad840f9870ce6d76d5f7b44 - - default default] Method 'is_advsvc' is deprecated since 2023.2 release (neutron-lib 3.8.0) and will be removed once support for the old RBAC API policies will be removed from Neutron. Please use method 'is_service_role' instead.
2026-05-29 23:06:06.709 10 INFO neutron.db.ovn_revision_numbers_db [None req-8d97722a-68e7-4706-a209-3258c710864b df00ca7551c44672b2ca09a52a5f2286 0cee4a526ad840f9870ce6d76d5f7b44 - - default default] Successfully bumped revision number for resource 643d6a0a-0414-497e-8ecc-98b17273a523 (type: security_groups) to 1
2026-05-29 23:06:06.725 10 INFO neutron.db.ovn_revision_numbers_db [None req-8d97722a-68e7-4706-a209-3258c710864b df00ca7551c44672b2ca09a52a5f2286 0cee4a526ad840f9870ce6d76d5f7b44 - - default default] Successfully bumped revision number for resource 4c80dad7-a23d-44c7-bd08-40c39022d417 (type: security_group_rules) to 0
2026-05-29 23:06:06.743 10 INFO neutron.db.ovn_revision_numbers_db [None req-8d97722a-68e7-4706-a209-3258c710864b df00ca7551c44672b2ca09a52a5f2286 0cee4a526ad840f9870ce6d76d5f7b44 - - default default] Successfully bumped revision number for resource 555fdf59-c928-4340-9ebc-20bac3a7657b (type: security_group_rules) to 0
2026-05-29 23:06:06.765 10 INFO neutron.db.ovn_revision_numbers_db [None req-8d97722a-68e7-4706-a209-3258c710864b df00ca7551c44672b2ca09a52a5f2286 0cee4a526ad840f9870ce6d76d5f7b44 - - default default] Successfully bumped revision number for resource 9dc5d1b9-5101-47aa-8350-07aee52314a1 (type: security_group_rules) to 0
2026-05-29 23:06:06.788 10 INFO neutron.db.ovn_revision_numbers_db [None req-8d97722a-68e7-4706-a209-3258c710864b df00ca7551c44672b2ca09a52a5f2286 0cee4a526ad840f9870ce6d76d5f7b44 - - default default] Successfully bumped revision number for resource f439f82e-0138-4c32-a36d-d8214994b766 (type: security_group_rules) to 0
2026-05-29 23:06:06.842 10 INFO neutron.db.segments_db [None req-8d97722a-68e7-4706-a209-3258c710864b df00ca7551c44672b2ca09a52a5f2286 0cee4a526ad840f9870ce6d76d5f7b44 - - default default] Added segment 2d64d553-5e25-452d-bce4-46ff2827ec94 of type geneve for network 160f5ace-d207-4ed6-aa0a-0781deaca7c1
2026-05-29 23:06:06.988 10 INFO neutron.db.ovn_revision_numbers_db [None req-8d97722a-68e7-4706-a209-3258c710864b df00ca7551c44672b2ca09a52a5f2286 0cee4a526ad840f9870ce6d76d5f7b44 - - default default] Successfully bumped revision number for resource 160f5ace-d207-4ed6-aa0a-0781deaca7c1 (type: networks) to 1 /var/lib/openstack/lib/python3.10/site-packages/pycadf/identifier.py:71: UserWarning: Invalid uuid: neutron. To ensure interoperability, identifiers should be a valid uuid. warnings.warn(('Invalid uuid: %s. To ensure interoperability, '
2026-05-29 23:06:07.084 9 INFO neutron.wsgi [req-a74476c6-543c-463f-8894-03bbe268587c req-195e3a8e-9115-4c12-ae3d-5a1c762e10d1 371d23d8158247a49747d0c4ba0c9963 35a130a03bcb46f494afdf1ccf2af345 - - default default] 10.0.0.86 "GET /v2.0/ports?device_id=91d782c3-080c-4527-83cf-ad45d073e652 HTTP/1.1" status: 200 len: 1210 time: 0.0475123
2026-05-29 23:06:07.131 9 INFO neutron.wsgi [req-a74476c6-543c-463f-8894-03bbe268587c req-9f857d2c-4302-4bb2-b818-d50cd524bb31 371d23d8158247a49747d0c4ba0c9963 35a130a03bcb46f494afdf1ccf2af345 - - default default] 10.0.0.86 "GET /v2.0/security-groups?id=ab477a32-7539-4262-99e1-b542de8a3b4b&id=ee6ff70c-a945-4f45-bb58-43cfefd0b325&fields=id&fields=name HTTP/1.1" status: 200 len: 406 time: 0.0416560
2026-05-29 23:06:07.171 10 WARNING neutron.scheduler.dhcp_agent_scheduler [None req-8d97722a-68e7-4706-a209-3258c710864b df00ca7551c44672b2ca09a52a5f2286 0cee4a526ad840f9870ce6d76d5f7b44 - - default default] No more DHCP agents
2026-05-29 23:06:07.174 10 WARNING neutron.api.rpc.agentnotifiers.dhcp_rpc_agent_api [None req-8d97722a-68e7-4706-a209-3258c710864b df00ca7551c44672b2ca09a52a5f2286 0cee4a526ad840f9870ce6d76d5f7b44 - - default default] Unable to schedule network 160f5ace-d207-4ed6-aa0a-0781deaca7c1: no agents available; will retry on subsequent port and subnet creation events.
2026-05-29 23:06:07.262 9 INFO neutron.wsgi [req-5e6805d2-f8be-4119-ad9b-2d4f897f366e req-9ec088a2-0f77-432d-a4f5-ae9eb8c217b9 371d23d8158247a49747d0c4ba0c9963 35a130a03bcb46f494afdf1ccf2af345 - - default default] 10.0.0.86 "GET /v2.0/ports?device_id=91d782c3-080c-4527-83cf-ad45d073e652 HTTP/1.1" status: 200 len: 1210 time: 0.0512669
2026-05-29 23:06:07.297 10 INFO neutron.db.ovn_revision_numbers_db [None req-8d97722a-68e7-4706-a209-3258c710864b df00ca7551c44672b2ca09a52a5f2286 0cee4a526ad840f9870ce6d76d5f7b44 - - default default] Successfully bumped revision number for resource 8a8d3a52-15a0-4b2a-82e0-7977412cc4ce (type: ports) to 1
2026-05-29 23:06:07.323 10 INFO neutron.wsgi [None req-8d97722a-68e7-4706-a209-3258c710864b df00ca7551c44672b2ca09a52a5f2286 0cee4a526ad840f9870ce6d76d5f7b44 - - default default] 10.0.0.181 "POST /v2.0/networks HTTP/1.1" status: 201 len: 828 time: 0.9412084
2026-05-29 23:06:07.335 10 WARNING neutron_lib.context [None req-a9a8f774-abfa-4878-8b47-4720094e7464 df00ca7551c44672b2ca09a52a5f2286 0cee4a526ad840f9870ce6d76d5f7b44 - - default default] Method 'is_advsvc' is deprecated since 2023.2 release (neutron-lib 3.8.0) and will be removed once support for the old RBAC API policies will be removed from Neutron. Please use method 'is_service_role' instead.
2026-05-29 23:06:07.421 10 INFO neutron.db.segments_db [None req-a9a8f774-abfa-4878-8b47-4720094e7464 df00ca7551c44672b2ca09a52a5f2286 0cee4a526ad840f9870ce6d76d5f7b44 - - default default] Added segment 115ca893-4cc6-4ada-a30f-26cbad8696a9 of type geneve for network a1ba092c-feba-413b-ac6d-381687ff8af2
2026-05-29 23:06:07.564 9 INFO neutron.db.l3_db [None req-b18daa87-34a9-4ad3-b5fb-8220340b1eb8 371d23d8158247a49747d0c4ba0c9963 35a130a03bcb46f494afdf1ccf2af345 - - default default] Floating IP 94f07ae7-b84e-45de-ab10-0a0341006ea7 associated. External IP: 10.96.250.202, port: ff45a45d-61bd-4774-8128-9ca3250a34b6.
2026-05-29 23:06:07.802 10 INFO neutron.db.ovn_revision_numbers_db [None req-a9a8f774-abfa-4878-8b47-4720094e7464 df00ca7551c44672b2ca09a52a5f2286 0cee4a526ad840f9870ce6d76d5f7b44 - - default default] Successfully bumped revision number for resource a1ba092c-feba-413b-ac6d-381687ff8af2 (type: networks) to 1
2026-05-29 23:06:07.826 9 INFO neutron.db.ovn_revision_numbers_db [None req-b18daa87-34a9-4ad3-b5fb-8220340b1eb8 371d23d8158247a49747d0c4ba0c9963 35a130a03bcb46f494afdf1ccf2af345 - - default default] Successfully bumped revision number for resource 94f07ae7-b84e-45de-ab10-0a0341006ea7 (type: floatingips) to 1 /var/lib/openstack/lib/python3.10/site-packages/pycadf/identifier.py:71: UserWarning: Invalid uuid: neutron. To ensure interoperability, identifiers should be a valid uuid. warnings.warn(('Invalid uuid: %s. To ensure interoperability, '
2026-05-29 23:06:07.989 9 INFO neutron.db.ovn_revision_numbers_db [None req-b18daa87-34a9-4ad3-b5fb-8220340b1eb8 371d23d8158247a49747d0c4ba0c9963 35a130a03bcb46f494afdf1ccf2af345 - - default default] Successfully bumped revision number for resource 94f07ae7-b84e-45de-ab10-0a0341006ea7 (type: floatingips) to 2
2026-05-29 23:06:08.023 10 WARNING neutron.scheduler.dhcp_agent_scheduler [None req-a9a8f774-abfa-4878-8b47-4720094e7464 df00ca7551c44672b2ca09a52a5f2286 0cee4a526ad840f9870ce6d76d5f7b44 - - default default] No more DHCP agents
2026-05-29 23:06:08.025 9 INFO neutron.wsgi [None req-b18daa87-34a9-4ad3-b5fb-8220340b1eb8 371d23d8158247a49747d0c4ba0c9963 35a130a03bcb46f494afdf1ccf2af345 - - default default] 10.0.0.181 "PUT /v2.0/floatingips/94f07ae7-b84e-45de-ab10-0a0341006ea7 HTTP/1.1" status: 200 len: 1049 time: 0.7482481
2026-05-29 23:06:08.026 10 WARNING neutron.api.rpc.agentnotifiers.dhcp_rpc_agent_api [None req-a9a8f774-abfa-4878-8b47-4720094e7464 df00ca7551c44672b2ca09a52a5f2286 0cee4a526ad840f9870ce6d76d5f7b44 - - default default] Unable to schedule network a1ba092c-feba-413b-ac6d-381687ff8af2: no agents available; will retry on subsequent port and subnet creation events.
2026-05-29 23:06:08.091 9 INFO neutron.db.ovn_revision_numbers_db [None req-535338a7-13d4-4fe2-a32e-50e713abe2d4 6a50422223ed4b9ca3b2ce43192c37d5 a8cec7abc0cf433ebaa538af7a4fd6b0 - - default default] Successfully bumped revision number for resource 31824866-c8b3-47a3-942e-6ca3c74545f5 (type: security_groups) to 1
2026-05-29 23:06:08.115 9 INFO neutron.db.ovn_revision_numbers_db [None req-535338a7-13d4-4fe2-a32e-50e713abe2d4 6a50422223ed4b9ca3b2ce43192c37d5 a8cec7abc0cf433ebaa538af7a4fd6b0 - - default default] Successfully bumped revision number for resource 3af6d799-0207-4ad4-8959-1d2a960e7536 (type: security_group_rules) to 0
2026-05-29 23:06:08.131 9 INFO neutron.db.ovn_revision_numbers_db [None req-535338a7-13d4-4fe2-a32e-50e713abe2d4 6a50422223ed4b9ca3b2ce43192c37d5 a8cec7abc0cf433ebaa538af7a4fd6b0 - - default default] Successfully bumped revision number for resource 87ecdf4f-f153-4fce-9583-668f761dea7a (type: security_group_rules) to 0
2026-05-29 23:06:08.134 10 INFO neutron.db.ovn_revision_numbers_db [None req-a9a8f774-abfa-4878-8b47-4720094e7464 df00ca7551c44672b2ca09a52a5f2286 0cee4a526ad840f9870ce6d76d5f7b44 - - default default] Successfully bumped revision number for resource 579e926c-dc08-4cf6-943b-0116bd9fbd82 (type: ports) to 1
2026-05-29 23:06:08.146 9 INFO neutron.db.ovn_revision_numbers_db [None req-535338a7-13d4-4fe2-a32e-50e713abe2d4 6a50422223ed4b9ca3b2ce43192c37d5 a8cec7abc0cf433ebaa538af7a4fd6b0 - - default default] Successfully bumped revision number for resource 9a6de089-d6b8-45c6-8ef2-247b56891c38 (type: security_group_rules) to 0
2026-05-29 23:06:08.163 10 INFO neutron.wsgi [None req-a9a8f774-abfa-4878-8b47-4720094e7464 df00ca7551c44672b2ca09a52a5f2286 0cee4a526ad840f9870ce6d76d5f7b44 - - default default] 10.0.0.181 "POST /v2.0/networks HTTP/1.1" status: 201 len: 829 time: 0.8341789
2026-05-29 23:06:08.172 9 WARNING neutron_lib.context [None req-a2616317-6f41-4193-98c8-030cbf4af8c7 df00ca7551c44672b2ca09a52a5f2286 0cee4a526ad840f9870ce6d76d5f7b44 - - default default] Method 'is_advsvc' is deprecated since 2023.2 release (neutron-lib 3.8.0) and will be removed once support for the old RBAC API policies will be removed from Neutron. Please use method 'is_service_role' instead.
2026-05-29 23:06:08.175 9 INFO neutron.db.ovn_revision_numbers_db [None req-535338a7-13d4-4fe2-a32e-50e713abe2d4 6a50422223ed4b9ca3b2ce43192c37d5 a8cec7abc0cf433ebaa538af7a4fd6b0 - - default default] Successfully bumped revision number for resource cf61e68e-1c14-4898-822b-859502d39539 (type: security_group_rules) to 0
2026-05-29 23:06:08.231 9 INFO neutron.wsgi [None req-535338a7-13d4-4fe2-a32e-50e713abe2d4 6a50422223ed4b9ca3b2ce43192c37d5 a8cec7abc0cf433ebaa538af7a4fd6b0 - - default default] 10.0.0.181 "GET /v2.0/security-groups?tenant_id=f947fb1ed7444856b6f146c5e7b73758&name=default HTTP/1.1" status: 200 len: 2996 time: 0.5087876
2026-05-29 23:06:08.252 9 INFO neutron.notifiers.nova [-] Nova event matching ['req-a7ad31da-80f9-4fd9-bc88-4ee60b5e45cd'] response: {'server_uuid': '91d782c3-080c-4527-83cf-ad45d073e652', 'name': 'network-vif-plugged', 'status': 'completed', 'tag': 'ff45a45d-61bd-4774-8128-9ca3250a34b6', 'code': 200}
2026-05-29 23:06:08.252 9 INFO neutron.notifiers.nova [-] Nova event matching ['req-a7ad31da-80f9-4fd9-bc88-4ee60b5e45cd'] response: {'name': 'network-changed', 'server_uuid': '91d782c3-080c-4527-83cf-ad45d073e652', 'tag': 'ff45a45d-61bd-4774-8128-9ca3250a34b6', 'status': 'completed', 'code': 200}
2026-05-29 23:06:08.316 9 INFO neutron.wsgi [req-32c5fe5c-5953-4695-b011-28850f10e57d req-8be4ba01-9afb-4350-8a54-1e8f36f9ac93 1b837833910a4dcfb0d1b08241e63654 c313135cd3f649f8b0a2a0ed8c949055 - - 02a142e46f5146a08f42729707b5a95e 02a142e46f5146a08f42729707b5a95e] 199.204.45.30 "GET /v2.0/ports?tenant_id=35a130a03bcb46f494afdf1ccf2af345&device_id=91d782c3-080c-4527-83cf-ad45d073e652 HTTP/1.1" status: 200 len: 1448 time: 0.0493839
2026-05-29 23:06:08.431 9 INFO neutron.wsgi [req-32c5fe5c-5953-4695-b011-28850f10e57d req-f67eee1b-b959-473c-b2d3-820b2a00a869 1b837833910a4dcfb0d1b08241e63654 c313135cd3f649f8b0a2a0ed8c949055 - - 02a142e46f5146a08f42729707b5a95e 02a142e46f5146a08f42729707b5a95e] 199.204.45.30 "GET /v2.0/networks?id=4a4bdc18-f9bf-40bd-a445-94c7869912c7 HTTP/1.1" status: 200 len: 971 time: 0.0986493
2026-05-29 23:06:08.490 10 INFO neutron.wsgi [None req-a047f90a-0e82-4f49-97dd-7d42fc6d4eea 6a50422223ed4b9ca3b2ce43192c37d5 a8cec7abc0cf433ebaa538af7a4fd6b0 - - default default] 10.0.0.181 "DELETE /v2.0/security-groups/31824866-c8b3-47a3-942e-6ca3c74545f5 HTTP/1.1" status: 204 len: 168 time: 0.2475812
2026-05-29 23:06:08.502 9 INFO neutron.wsgi [req-32c5fe5c-5953-4695-b011-28850f10e57d req-71d600db-ac29-4ed8-a637-356b6279c7d3 1b837833910a4dcfb0d1b08241e63654 c313135cd3f649f8b0a2a0ed8c949055 - - 02a142e46f5146a08f42729707b5a95e 02a142e46f5146a08f42729707b5a95e] 199.204.45.30 "GET /v2.0/floatingips?fixed_ip_address=10.100.0.5&port_id=ff45a45d-61bd-4774-8128-9ca3250a34b6 HTTP/1.1" status: 200 len: 1059 time: 0.0645173
2026-05-29 23:06:08.567 9 INFO neutron.wsgi [req-32c5fe5c-5953-4695-b011-28850f10e57d req-2c598bdd-dfbe-403a-8657-22e26965f628 1b837833910a4dcfb0d1b08241e63654 c313135cd3f649f8b0a2a0ed8c949055 - - 02a142e46f5146a08f42729707b5a95e 02a142e46f5146a08f42729707b5a95e] 199.204.45.30 "GET /v2.0/subnets?id=aa3def0b-ed15-4d39-a8b8-a4742b7ae4a8 HTTP/1.1" status: 200 len: 866 time: 0.0565267
2026-05-29 23:06:08.594 9 WARNING neutron.scheduler.dhcp_agent_scheduler [None req-a2616317-6f41-4193-98c8-030cbf4af8c7 df00ca7551c44672b2ca09a52a5f2286 0cee4a526ad840f9870ce6d76d5f7b44 - - default default] No more DHCP agents
2026-05-29 23:06:08.596 9 WARNING neutron.api.rpc.agentnotifiers.dhcp_rpc_agent_api [None req-a2616317-6f41-4193-98c8-030cbf4af8c7 df00ca7551c44672b2ca09a52a5f2286 0cee4a526ad840f9870ce6d76d5f7b44 - - default default] Unable to schedule network 160f5ace-d207-4ed6-aa0a-0781deaca7c1: no agents available; will retry on subsequent port and subnet creation events.
2026-05-29 23:06:08.599 9 INFO neutron.wsgi [req-32c5fe5c-5953-4695-b011-28850f10e57d req-145581b0-8223-429d-ba87-ac85b8203157 1b837833910a4dcfb0d1b08241e63654 c313135cd3f649f8b0a2a0ed8c949055 - - 02a142e46f5146a08f42729707b5a95e 02a142e46f5146a08f42729707b5a95e] 199.204.45.30 "GET /v2.0/ports?network_id=4a4bdc18-f9bf-40bd-a445-94c7869912c7&device_owner=network%3Adhcp HTTP/1.1" status: 200 len: 210 time: 0.0232544
2026-05-29 23:06:08.692 9 INFO neutron.wsgi [req-32c5fe5c-5953-4695-b011-28850f10e57d req-723ec2a9-6457-44fa-8203-c7a70e434e48 1b837833910a4dcfb0d1b08241e63654 c313135cd3f649f8b0a2a0ed8c949055 - - 02a142e46f5146a08f42729707b5a95e 02a142e46f5146a08f42729707b5a95e] 199.204.45.30 "GET /v2.0/networks/4a4bdc18-f9bf-40bd-a445-94c7869912c7?fields=segments HTTP/1.1" status: 200 len: 212 time: 0.0825012
2026-05-29 23:06:08.776 9 INFO neutron.wsgi [req-32c5fe5c-5953-4695-b011-28850f10e57d req-808de810-944a-454e-8b28-f911e32905d2 1b837833910a4dcfb0d1b08241e63654 c313135cd3f649f8b0a2a0ed8c949055 - - 02a142e46f5146a08f42729707b5a95e 02a142e46f5146a08f42729707b5a95e] 199.204.45.30 "GET /v2.0/networks/4a4bdc18-f9bf-40bd-a445-94c7869912c7?fields=provider%3Aphysical_network&fields=provider%3Anetwork_type HTTP/1.1" status: 200 len: 277 time: 0.0788786
2026-05-29 23:06:09.285 9 INFO neutron.db.ovn_revision_numbers_db [None req-a2616317-6f41-4193-98c8-030cbf4af8c7 df00ca7551c44672b2ca09a52a5f2286 0cee4a526ad840f9870ce6d76d5f7b44 - - default default] Successfully bumped revision number for resource 8a8d3a52-15a0-4b2a-82e0-7977412cc4ce (type: ports) to 2
2026-05-29 23:06:09.326 9 INFO neutron.db.ovn_revision_numbers_db [None req-a2616317-6f41-4193-98c8-030cbf4af8c7 df00ca7551c44672b2ca09a52a5f2286 0cee4a526ad840f9870ce6d76d5f7b44 - - default default] Successfully bumped revision number for resource e932259f-9ca2-40ce-bd5d-cd82be3c3603 (type: subnets) to 0
2026-05-29 23:06:09.349 9 INFO neutron.wsgi [None req-a2616317-6f41-4193-98c8-030cbf4af8c7 df00ca7551c44672b2ca09a52a5f2286 0cee4a526ad840f9870ce6d76d5f7b44 - - default default] 10.0.0.181 "POST /v2.0/subnets HTTP/1.1" status: 201 len: 801 time: 1.1818235
2026-05-29 23:06:09.363 10 INFO neutron.db.ovn_revision_numbers_db [None req-4b2a8f37-4318-4af4-aa4a-ae054059543d f3169e0a8180473d8f967f59dc9b53be 3cbd4fb10c684fafb74c00498894f6c8 - - default default] Successfully bumped revision number for resource 98d7a718-2970-47aa-9b69-4b8143436088 (type: security_groups) to 1
2026-05-29 23:06:09.363 9 WARNING neutron_lib.context [None req-66846329-4007-4f97-93da-dc88b41230e8 df00ca7551c44672b2ca09a52a5f2286 0cee4a526ad840f9870ce6d76d5f7b44 - - default default] Method 'is_advsvc' is deprecated since 2023.2 release (neutron-lib 3.8.0) and will be removed once support for the old RBAC API policies will be removed from Neutron. Please use method 'is_service_role' instead.
2026-05-29 23:06:09.381 10 INFO neutron.db.ovn_revision_numbers_db [None req-4b2a8f37-4318-4af4-aa4a-ae054059543d f3169e0a8180473d8f967f59dc9b53be 3cbd4fb10c684fafb74c00498894f6c8 - - default default] Successfully bumped revision number for resource 7ac23fea-a74a-4033-82dd-1dfb927b35b4 (type: security_group_rules) to 0
2026-05-29 23:06:09.400 10 INFO neutron.db.ovn_revision_numbers_db [None req-4b2a8f37-4318-4af4-aa4a-ae054059543d f3169e0a8180473d8f967f59dc9b53be 3cbd4fb10c684fafb74c00498894f6c8 - - default default] Successfully bumped revision number for resource a9feeded-804c-4628-9aa1-2980f2883350 (type: security_group_rules) to 0
2026-05-29 23:06:09.428 10 INFO neutron.db.ovn_revision_numbers_db [None req-4b2a8f37-4318-4af4-aa4a-ae054059543d f3169e0a8180473d8f967f59dc9b53be 3cbd4fb10c684fafb74c00498894f6c8 - - default default] Successfully bumped revision number for resource c9ebff60-1242-477a-9fc4-e8eeefae0fc9 (type: security_group_rules) to 0
2026-05-29 23:06:09.446 10 INFO neutron.db.ovn_revision_numbers_db [None req-4b2a8f37-4318-4af4-aa4a-ae054059543d f3169e0a8180473d8f967f59dc9b53be 3cbd4fb10c684fafb74c00498894f6c8 - - default default] Successfully bumped revision number for resource f282615d-ac3b-4c5a-a3b4-afb99753f37e (type: security_group_rules) to 0
2026-05-29 23:06:09.519 10 INFO neutron.db.segments_db [None req-4b2a8f37-4318-4af4-aa4a-ae054059543d f3169e0a8180473d8f967f59dc9b53be 3cbd4fb10c684fafb74c00498894f6c8 - - default default] Added segment 81c854a5-15cc-4b39-a120-208af1f37bd2 of type geneve for network fd093e45-113d-4262-9440-6109cc40d44f
2026-05-29 23:06:09.618 9 WARNING neutron.scheduler.dhcp_agent_scheduler [None req-66846329-4007-4f97-93da-dc88b41230e8 df00ca7551c44672b2ca09a52a5f2286 0cee4a526ad840f9870ce6d76d5f7b44 - - default default] No more DHCP agents
2026-05-29 23:06:09.621 9 WARNING neutron.api.rpc.agentnotifiers.dhcp_rpc_agent_api [None req-66846329-4007-4f97-93da-dc88b41230e8 df00ca7551c44672b2ca09a52a5f2286 0cee4a526ad840f9870ce6d76d5f7b44 - - default default] Unable to schedule network a1ba092c-feba-413b-ac6d-381687ff8af2: no agents available; will retry on subsequent port and subnet creation events.
2026-05-29 23:06:09.709 10 INFO neutron.db.ovn_revision_numbers_db [None req-4b2a8f37-4318-4af4-aa4a-ae054059543d f3169e0a8180473d8f967f59dc9b53be 3cbd4fb10c684fafb74c00498894f6c8 - - default default] Successfully bumped revision number for resource fd093e45-113d-4262-9440-6109cc40d44f (type: networks) to 1
2026-05-29 23:06:09.887 10 WARNING neutron.scheduler.dhcp_agent_scheduler [None req-4b2a8f37-4318-4af4-aa4a-ae054059543d f3169e0a8180473d8f967f59dc9b53be 3cbd4fb10c684fafb74c00498894f6c8 - - default default] No more DHCP agents
2026-05-29 23:06:09.890 10 WARNING neutron.api.rpc.agentnotifiers.dhcp_rpc_agent_api [None req-4b2a8f37-4318-4af4-aa4a-ae054059543d f3169e0a8180473d8f967f59dc9b53be 3cbd4fb10c684fafb74c00498894f6c8 - - default default] Unable to schedule network fd093e45-113d-4262-9440-6109cc40d44f: no agents available; will retry on subsequent port and subnet creation events.
2026-05-29 23:06:09.992 10 INFO neutron.db.ovn_revision_numbers_db [None req-4b2a8f37-4318-4af4-aa4a-ae054059543d f3169e0a8180473d8f967f59dc9b53be 3cbd4fb10c684fafb74c00498894f6c8 - - default default] Successfully bumped revision number for resource 879a7325-19c4-4072-996c-d4a24ef6b053 (type: ports) to 1
2026-05-29 23:06:10.019 10 INFO neutron.wsgi [None req-4b2a8f37-4318-4af4-aa4a-ae054059543d f3169e0a8180473d8f967f59dc9b53be 3cbd4fb10c684fafb74c00498894f6c8 - - default default] 10.0.0.181 "POST /v2.0/networks HTTP/1.1" status: 201 len: 928 time: 1.1539860
2026-05-29 23:06:10.561 9 INFO neutron.db.ovn_revision_numbers_db [None req-66846329-4007-4f97-93da-dc88b41230e8 df00ca7551c44672b2ca09a52a5f2286 0cee4a526ad840f9870ce6d76d5f7b44 - - default default] Successfully bumped revision number for resource 579e926c-dc08-4cf6-943b-0116bd9fbd82 (type: ports) to 2
2026-05-29 23:06:10.603 9 WARNING neutron.scheduler.dhcp_agent_scheduler [None req-b1daeb00-f7fa-4560-b3a2-6f066ff35053 f3169e0a8180473d8f967f59dc9b53be 3cbd4fb10c684fafb74c00498894f6c8 - - default default] No more DHCP agents
2026-05-29 23:06:10.607 9 WARNING neutron.api.rpc.agentnotifiers.dhcp_rpc_agent_api [None req-b1daeb00-f7fa-4560-b3a2-6f066ff35053 f3169e0a8180473d8f967f59dc9b53be 3cbd4fb10c684fafb74c00498894f6c8 - - default default] Unable to schedule network fd093e45-113d-4262-9440-6109cc40d44f: no agents available; will retry on subsequent port and subnet creation events.
2026-05-29 23:06:10.628 9 INFO neutron.db.ovn_revision_numbers_db [None req-66846329-4007-4f97-93da-dc88b41230e8 df00ca7551c44672b2ca09a52a5f2286 0cee4a526ad840f9870ce6d76d5f7b44 - - default default] Successfully bumped revision number for resource a3a62248-7a4b-4b38-a89f-208034288f46 (type: subnets) to 0
2026-05-29 23:06:10.646 9 INFO neutron.wsgi [None req-66846329-4007-4f97-93da-dc88b41230e8 df00ca7551c44672b2ca09a52a5f2286 0cee4a526ad840f9870ce6d76d5f7b44 - - default default] 10.0.0.181 "POST /v2.0/subnets HTTP/1.1" status: 201 len: 801 time: 1.2899015
2026-05-29 23:06:10.664 10 WARNING neutron_lib.context [None req-f8ba5725-85bf-4f61-bbb6-2165c7653032 df00ca7551c44672b2ca09a52a5f2286 0cee4a526ad840f9870ce6d76d5f7b44 - - default default] Method 'is_advsvc' is deprecated since 2023.2 release (neutron-lib 3.8.0) and will be removed once support for the old RBAC API policies will be removed from Neutron. Please use method 'is_service_role' instead.
2026-05-29 23:06:10.879 10 INFO neutron.db.ovn_revision_numbers_db [None req-f8ba5725-85bf-4f61-bbb6-2165c7653032 df00ca7551c44672b2ca09a52a5f2286 0cee4a526ad840f9870ce6d76d5f7b44 - - default default] Successfully bumped revision number for resource 436528a3-3562-4f50-8d3c-384a459a1e23 (type: routers) to 1
2026-05-29 23:06:10.907 10 INFO neutron.wsgi [None req-f8ba5725-85bf-4f61-bbb6-2165c7653032 df00ca7551c44672b2ca09a52a5f2286 0cee4a526ad840f9870ce6d76d5f7b44 - - default default] 10.0.0.181 "POST /v2.0/routers HTTP/1.1" status: 201 len: 687 time: 0.2530923
2026-05-29 23:06:10.980 10 INFO neutron.wsgi [None req-1b25bff7-40c3-40ac-b34b-e450ebbbed48 6a50422223ed4b9ca3b2ce43192c37d5 a8cec7abc0cf433ebaa538af7a4fd6b0 - - default default] 10.0.0.122 "GET /v2.0/security-groups HTTP/1.1" status: 200 len: 35759 time: 0.3126235
2026-05-29 23:06:11.014 10 INFO neutron.wsgi [None req-582bab38-c77e-4a02-a597-042c4d446e58 6a50422223ed4b9ca3b2ce43192c37d5 a8cec7abc0cf433ebaa538af7a4fd6b0 - - default default] 10.0.0.122 "GET /v2.0/network-ip-availabilities HTTP/1.1" status: 200 len: 3462 time: 0.0240936
2026-05-29 23:06:11.113 10 INFO neutron.wsgi [None req-88aea423-6de2-4b56-aaab-e99404ee09d8 6a50422223ed4b9ca3b2ce43192c37d5 a8cec7abc0cf433ebaa538af7a4fd6b0 - - default default] 10.0.0.122 "GET /v2.0/subnets HTTP/1.1" status: 200 len: 4575 time: 0.0939586
2026-05-29 23:06:11.128 10 INFO neutron.wsgi [None req-9d7259cb-6e34-40eb-b312-32b22287a37b 6a50422223ed4b9ca3b2ce43192c37d5 a8cec7abc0cf433ebaa538af7a4fd6b0 - - default default] 10.0.0.122 "GET /v2.0/subnetpools HTTP/1.1" status: 200 len: 193 time: 0.0141025
2026-05-29 23:06:11.238 10 INFO neutron.wsgi [None req-4d98e63e-386b-463d-907f-f693693093fe 6a50422223ed4b9ca3b2ce43192c37d5 a8cec7abc0cf433ebaa538af7a4fd6b0 - - default default] 10.0.0.122 "GET /v2.0/ports HTTP/1.1" status: 200 len: 17186 time: 0.1088972
2026-05-29 23:06:11.388 10 INFO neutron.wsgi [None req-bfeeddd2-7594-45b4-972d-6535127270a0 6a50422223ed4b9ca3b2ce43192c37d5 a8cec7abc0cf433ebaa538af7a4fd6b0 - - default default] 10.0.0.122 "GET /v2.0/routers HTTP/1.1" status: 200 len: 2015 time: 0.1294451
2026-05-29 23:06:11.407 10 INFO neutron.wsgi [None req-62f9a90a-d67f-4fc0-b7ed-a4a7d2769e79 6a50422223ed4b9ca3b2ce43192c37d5 a8cec7abc0cf433ebaa538af7a4fd6b0 - - default default] 10.0.0.122 "GET /v2.0/agents?binary=ovn-controller HTTP/1.1" status: 200 len: 591 time: 0.0180779
2026-05-29 23:06:11.426 10 INFO neutron.wsgi [None req-9560e999-6ade-4756-bc4d-977e20c34ab7 6a50422223ed4b9ca3b2ce43192c37d5 a8cec7abc0cf433ebaa538af7a4fd6b0 - - default default] 10.0.0.122 "GET /v2.0/agents HTTP/1.1" status: 200 len: 997 time: 0.0155952
