2026-05-29 23:06:49.341 9 INFO neutron.wsgi [None req-4abb734a-bb05-4a86-979a-dfbdd8a0b56c 518fd9d2513e419caf045e35efe8c329 68ebb48b95fc406099e574c86d67dc3b - - default default] 10.0.0.181 "PUT /v2.0/security-groups/9dc25525-7114-4a31-b2c8-e8ab2aaf70cb/tags HTTP/1.1" status: 200 len: 227 time: 0.0414534
2026-05-29 23:06:49.382 9 INFO neutron.wsgi [None req-c0b25ab1-f733-495c-9331-bd8407aaa8f0 518fd9d2513e419caf045e35efe8c329 68ebb48b95fc406099e574c86d67dc3b - - default default] 10.0.0.181 "PUT /v2.0/security-groups/9e5c995e-fe69-4076-8b75-2db4f3a475f0/tags HTTP/1.1" status: 200 len: 212 time: 0.0341134
2026-05-29 23:06:49.445 9 INFO neutron.wsgi [None req-f94e5978-e76c-44ff-b5be-469c17efda0d 518fd9d2513e419caf045e35efe8c329 68ebb48b95fc406099e574c86d67dc3b - - default default] 10.0.0.181 "GET /v2.0/security-groups?tags=red HTTP/1.1" status: 200 len: 4813 time: 0.0559089
2026-05-29 23:06:49.484 10 WARNING neutron.scheduler.dhcp_agent_scheduler [None req-7b771d25-e5a8-4cfb-ac30-c7a78d33ff97 1614a0649b764af0929851654d19d61d 4169a86ec1e243f09b2d40e685b6ff1f - - default default] No more DHCP agents
2026-05-29 23:06:49.486 10 WARNING neutron.api.rpc.agentnotifiers.dhcp_rpc_agent_api [None req-7b771d25-e5a8-4cfb-ac30-c7a78d33ff97 1614a0649b764af0929851654d19d61d 4169a86ec1e243f09b2d40e685b6ff1f - - default default] Unable to schedule network db78eead-18de-4ff1-97dd-4cb71a5f20b1: no agents available; will retry on subsequent port and subnet creation events.
2026-05-29 23:06:49.500 9 INFO neutron.wsgi [None req-5e533b2e-cd6b-44af-ae05-c4222e6e8ab7 518fd9d2513e419caf045e35efe8c329 68ebb48b95fc406099e574c86d67dc3b - - default default] 10.0.0.181 "GET /v2.0/security-groups?tags=red%2Cblue HTTP/1.1" status: 200 len: 3289 time: 0.0481060
2026-05-29 23:06:49.570 10 INFO neutron.db.ovn_revision_numbers_db [None req-7b771d25-e5a8-4cfb-ac30-c7a78d33ff97 1614a0649b764af0929851654d19d61d 4169a86ec1e243f09b2d40e685b6ff1f - - default default] Successfully bumped revision number for resource ce8c9ecd-d72b-4c3f-92d0-2ad57a7f2b1f (type: ports) to 1
2026-05-29 23:06:49.588 9 INFO neutron.wsgi [None req-44a164dc-c034-45c1-9620-7bf4e63f2fa9 518fd9d2513e419caf045e35efe8c329 68ebb48b95fc406099e574c86d67dc3b - - default default] 10.0.0.181 "GET /v2.0/security-groups?tags-any=blue HTTP/1.1" status: 200 len: 3289 time: 0.0806930
2026-05-29 23:06:49.597 10 INFO neutron.wsgi [None req-7b771d25-e5a8-4cfb-ac30-c7a78d33ff97 1614a0649b764af0929851654d19d61d 4169a86ec1e243f09b2d40e685b6ff1f - - default default] 10.0.0.181 "POST /v2.0/ports HTTP/1.1" status: 201 len: 942 time: 0.4093373 /var/lib/openstack/lib/python3.10/site-packages/pycadf/identifier.py:71: UserWarning: Invalid uuid: neutron. To ensure interoperability, identifiers should be a valid uuid. warnings.warn(('Invalid uuid: %s. To ensure interoperability, '
2026-05-29 23:06:49.606 10 WARNING neutron_lib.context [None req-24938708-bb7c-4549-9297-7ca30ea15d97 1614a0649b764af0929851654d19d61d 4169a86ec1e243f09b2d40e685b6ff1f - - default default] Method 'is_advsvc' is deprecated since 2023.2 release (neutron-lib 3.8.0) and will be removed once support for the old RBAC API policies will be removed from Neutron. Please use method 'is_service_role' instead.
2026-05-29 23:06:49.643 9 INFO neutron.wsgi [None req-230ad39b-0fb9-4d56-b5a8-46b5b8fb99e9 518fd9d2513e419caf045e35efe8c329 68ebb48b95fc406099e574c86d67dc3b - - default default] 10.0.0.181 "GET /v2.0/security-groups?tags-any=red%2Cblue HTTP/1.1" status: 200 len: 4813 time: 0.0478899
2026-05-29 23:06:49.704 10 INFO neutron.db.segments_db [None req-24938708-bb7c-4549-9297-7ca30ea15d97 1614a0649b764af0929851654d19d61d 4169a86ec1e243f09b2d40e685b6ff1f - - default default] Added segment b76b080b-9537-4b6d-89ce-b365cbc982b7 of type geneve for network a007bfcf-3818-4a00-84e5-545311bb0b8f
2026-05-29 23:06:49.709 10 INFO neutron.wsgi [None req-e246a1f4-28cc-4a3d-bf22-19703a84156f 518fd9d2513e419caf045e35efe8c329 68ebb48b95fc406099e574c86d67dc3b - - default default] 10.0.0.181 "GET /v2.0/security-groups?not-tags=red HTTP/1.1" status: 200 len: 6041 time: 0.0594056
2026-05-29 23:06:49.774 9 INFO neutron.wsgi [None req-ea6d1b27-7dfd-46ad-9469-26140cc475ce 518fd9d2513e419caf045e35efe8c329 68ebb48b95fc406099e574c86d67dc3b - - default default] 10.0.0.181 "GET /v2.0/security-groups?not-tags=red%2Cblue HTTP/1.1" status: 200 len: 7565 time: 0.0572846
2026-05-29 23:06:49.866 9 INFO neutron.wsgi [None req-54b19faf-8f72-4f55-9afe-c3b577f4137e 518fd9d2513e419caf045e35efe8c329 68ebb48b95fc406099e574c86d67dc3b - - default default] 10.0.0.181 "GET /v2.0/security-groups?not-tags-any=blue HTTP/1.1" status: 200 len: 7565 time: 0.0862188
2026-05-29 23:06:49.918 9 INFO neutron.wsgi [None req-3ef8d0d4-a07f-45c8-96dd-8a495d773864 518fd9d2513e419caf045e35efe8c329 68ebb48b95fc406099e574c86d67dc3b - - default default] 10.0.0.181 "GET /v2.0/security-groups?not-tags-any=red%2Cblue HTTP/1.1" status: 200 len: 6041 time: 0.0434456
2026-05-29 23:06:49.949 10 INFO neutron.db.ovn_revision_numbers_db [None req-24938708-bb7c-4549-9297-7ca30ea15d97 1614a0649b764af0929851654d19d61d 4169a86ec1e243f09b2d40e685b6ff1f - - default default] Successfully bumped revision number for resource a007bfcf-3818-4a00-84e5-545311bb0b8f (type: networks) to 1
2026-05-29 23:06:50.074 9 INFO neutron.wsgi [None req-ef9f04e6-4694-46ba-ae8e-01988f6cd16b 518fd9d2513e419caf045e35efe8c329 68ebb48b95fc406099e574c86d67dc3b - - default default] 10.0.0.181 "DELETE /v2.0/security-groups/1989b0ba-671c-453a-97d2-3f9f69636c9a HTTP/1.1" status: 204 len: 168 time: 0.1511328
2026-05-29 23:06:50.228 10 WARNING neutron.scheduler.dhcp_agent_scheduler [None req-24938708-bb7c-4549-9297-7ca30ea15d97 1614a0649b764af0929851654d19d61d 4169a86ec1e243f09b2d40e685b6ff1f - - default default] No more DHCP agents
2026-05-29 23:06:50.231 10 WARNING neutron.api.rpc.agentnotifiers.dhcp_rpc_agent_api [None req-24938708-bb7c-4549-9297-7ca30ea15d97 1614a0649b764af0929851654d19d61d 4169a86ec1e243f09b2d40e685b6ff1f - - default default] Unable to schedule network a007bfcf-3818-4a00-84e5-545311bb0b8f: no agents available; will retry on subsequent port and subnet creation events.
2026-05-29 23:06:50.244 9 INFO neutron.wsgi [None req-f1dc5b6e-bd55-4c25-8627-5e466b89cc32 518fd9d2513e419caf045e35efe8c329 68ebb48b95fc406099e574c86d67dc3b - - default default] 10.0.0.181 "DELETE /v2.0/security-groups/6bb72344-db85-495b-8800-74f635246be1 HTTP/1.1" status: 204 len: 168 time: 0.1637418
2026-05-29 23:06:50.330 10 INFO neutron.db.ovn_revision_numbers_db [None req-24938708-bb7c-4549-9297-7ca30ea15d97 1614a0649b764af0929851654d19d61d 4169a86ec1e243f09b2d40e685b6ff1f - - default default] Successfully bumped revision number for resource 76ce22f6-9205-402a-a395-a7adf1fe9f78 (type: ports) to 1
2026-05-29 23:06:50.358 10 INFO neutron.wsgi [None req-24938708-bb7c-4549-9297-7ca30ea15d97 1614a0649b764af0929851654d19d61d 4169a86ec1e243f09b2d40e685b6ff1f - - default default] 10.0.0.181 "POST /v2.0/networks HTTP/1.1" status: 201 len: 831 time: 0.7564220
2026-05-29 23:06:50.370 9 WARNING neutron_lib.context [None req-a8fda698-15a2-4dee-908c-91e5369bc960 1614a0649b764af0929851654d19d61d 4169a86ec1e243f09b2d40e685b6ff1f - - default default] Method 'is_advsvc' is deprecated since 2023.2 release (neutron-lib 3.8.0) and will be removed once support for the old RBAC API policies will be removed from Neutron. Please use method 'is_service_role' instead.
2026-05-29 23:06:50.500 9 INFO neutron.wsgi [None req-7046fdb1-f3eb-4404-84d0-5aede8a631cd 518fd9d2513e419caf045e35efe8c329 68ebb48b95fc406099e574c86d67dc3b - - default default] 10.0.0.181 "DELETE /v2.0/security-groups/9dc25525-7114-4a31-b2c8-e8ab2aaf70cb HTTP/1.1" status: 204 len: 168 time: 0.2513421
2026-05-29 23:06:50.668 10 INFO neutron.wsgi [None req-a9f439d8-707b-451a-a27f-e9d5504611e9 518fd9d2513e419caf045e35efe8c329 68ebb48b95fc406099e574c86d67dc3b - - default default] 10.0.0.181 "DELETE /v2.0/security-groups/9e5c995e-fe69-4076-8b75-2db4f3a475f0 HTTP/1.1" status: 204 len: 168 time: 0.1613226
2026-05-29 23:06:50.688 9 WARNING neutron.scheduler.dhcp_agent_scheduler [None req-a8fda698-15a2-4dee-908c-91e5369bc960 1614a0649b764af0929851654d19d61d 4169a86ec1e243f09b2d40e685b6ff1f - - default default] No more DHCP agents
2026-05-29 23:06:50.691 9 WARNING neutron.api.rpc.agentnotifiers.dhcp_rpc_agent_api [None req-a8fda698-15a2-4dee-908c-91e5369bc960 1614a0649b764af0929851654d19d61d 4169a86ec1e243f09b2d40e685b6ff1f - - default default] Unable to schedule network a007bfcf-3818-4a00-84e5-545311bb0b8f: no agents available; will retry on subsequent port and subnet creation events.
2026-05-29 23:06:50.808 9 INFO neutron.db.ovn_revision_numbers_db [None req-a8fda698-15a2-4dee-908c-91e5369bc960 1614a0649b764af0929851654d19d61d 4169a86ec1e243f09b2d40e685b6ff1f - - default default] Successfully bumped revision number for resource 13188e36-c433-4b87-9110-9779afaffbf1 (type: ports) to 1
2026-05-29 23:06:50.840 10 INFO neutron.wsgi [None req-06ade938-7cdf-4ef5-9cb9-aebff471c505 518fd9d2513e419caf045e35efe8c329 68ebb48b95fc406099e574c86d67dc3b - - default default] 10.0.0.181 "DELETE /v2.0/security-groups/5b249daf-6020-4941-b622-d103c291817f HTTP/1.1" status: 204 len: 168 time: 0.1633916
2026-05-29 23:06:50.846 9 INFO neutron.wsgi [None req-a8fda698-15a2-4dee-908c-91e5369bc960 1614a0649b764af0929851654d19d61d 4169a86ec1e243f09b2d40e685b6ff1f - - default default] 10.0.0.181 "POST /v2.0/ports HTTP/1.1" status: 201 len: 942 time: 0.4833910
2026-05-29 23:06:50.855 10 WARNING neutron_lib.context [None req-26320666-62fc-4d33-9e9e-79719ed0edf1 1614a0649b764af0929851654d19d61d 4169a86ec1e243f09b2d40e685b6ff1f - - default default] Method 'is_advsvc' is deprecated since 2023.2 release (neutron-lib 3.8.0) and will be removed once support for the old RBAC API policies will be removed from Neutron. Please use method 'is_service_role' instead.
2026-05-29 23:06:50.951 10 INFO neutron.db.segments_db [None req-26320666-62fc-4d33-9e9e-79719ed0edf1 1614a0649b764af0929851654d19d61d 4169a86ec1e243f09b2d40e685b6ff1f - - default default] Added segment 890d8ba2-ed9d-4f0d-a9f3-8bf940487c65 of type geneve for network bdc7abd2-4da9-49a3-b14a-e1971db0d3a5
2026-05-29 23:06:51.165 10 INFO neutron.db.ovn_revision_numbers_db [None req-26320666-62fc-4d33-9e9e-79719ed0edf1 1614a0649b764af0929851654d19d61d 4169a86ec1e243f09b2d40e685b6ff1f - - default default] Successfully bumped revision number for resource bdc7abd2-4da9-49a3-b14a-e1971db0d3a5 (type: networks) to 1
2026-05-29 23:06:51.379 10 WARNING neutron.scheduler.dhcp_agent_scheduler [None req-26320666-62fc-4d33-9e9e-79719ed0edf1 1614a0649b764af0929851654d19d61d 4169a86ec1e243f09b2d40e685b6ff1f - - default default] No more DHCP agents
2026-05-29 23:06:51.382 10 WARNING neutron.api.rpc.agentnotifiers.dhcp_rpc_agent_api [None req-26320666-62fc-4d33-9e9e-79719ed0edf1 1614a0649b764af0929851654d19d61d 4169a86ec1e243f09b2d40e685b6ff1f - - default default] Unable to schedule network bdc7abd2-4da9-49a3-b14a-e1971db0d3a5: no agents available; will retry on subsequent port and subnet creation events.
2026-05-29 23:06:51.469 10 INFO neutron.db.ovn_revision_numbers_db [None req-26320666-62fc-4d33-9e9e-79719ed0edf1 1614a0649b764af0929851654d19d61d 4169a86ec1e243f09b2d40e685b6ff1f - - default default] Successfully bumped revision number for resource 2704e704-5bbb-4942-992b-105e50d80624 (type: ports) to 1
2026-05-29 23:06:51.495 10 INFO neutron.wsgi [None req-26320666-62fc-4d33-9e9e-79719ed0edf1 1614a0649b764af0929851654d19d61d 4169a86ec1e243f09b2d40e685b6ff1f - - default default] 10.0.0.181 "POST /v2.0/networks HTTP/1.1" status: 201 len: 830 time: 0.6447065
2026-05-29 23:06:51.504 10 WARNING neutron_lib.context [None req-59b12563-4a87-440f-848c-1d53368ce986 1614a0649b764af0929851654d19d61d 4169a86ec1e243f09b2d40e685b6ff1f - - default default] Method 'is_advsvc' is deprecated since 2023.2 release (neutron-lib 3.8.0) and will be removed once support for the old RBAC API policies will be removed from Neutron. Please use method 'is_service_role' instead.
2026-05-29 23:06:51.775 10 WARNING neutron.scheduler.dhcp_agent_scheduler [None req-59b12563-4a87-440f-848c-1d53368ce986 1614a0649b764af0929851654d19d61d 4169a86ec1e243f09b2d40e685b6ff1f - - default default] No more DHCP agents
2026-05-29 23:06:51.777 10 WARNING neutron.api.rpc.agentnotifiers.dhcp_rpc_agent_api [None req-59b12563-4a87-440f-848c-1d53368ce986 1614a0649b764af0929851654d19d61d 4169a86ec1e243f09b2d40e685b6ff1f - - default default] Unable to schedule network bdc7abd2-4da9-49a3-b14a-e1971db0d3a5: no agents available; will retry on subsequent port and subnet creation events.
2026-05-29 23:06:51.887 10 INFO neutron.db.ovn_revision_numbers_db [None req-59b12563-4a87-440f-848c-1d53368ce986 1614a0649b764af0929851654d19d61d 4169a86ec1e243f09b2d40e685b6ff1f - - default default] Successfully bumped revision number for resource ee563a54-0d6b-49df-937a-f5b0ef62716c (type: ports) to 1
2026-05-29 23:06:51.919 10 INFO neutron.wsgi [None req-59b12563-4a87-440f-848c-1d53368ce986 1614a0649b764af0929851654d19d61d 4169a86ec1e243f09b2d40e685b6ff1f - - default default] 10.0.0.181 "POST /v2.0/ports HTTP/1.1" status: 201 len: 942 time: 0.4198186 /var/lib/openstack/lib/python3.10/site-packages/pycadf/identifier.py:71: UserWarning: Invalid uuid: neutron. To ensure interoperability, identifiers should be a valid uuid. warnings.warn(('Invalid uuid: %s. To ensure interoperability, '
2026-05-29 23:06:51.937 9 WARNING neutron_lib.context [None req-79653545-07a9-47ed-b0f9-d2e84ffee4dd 1614a0649b764af0929851654d19d61d 4169a86ec1e243f09b2d40e685b6ff1f - - default default] Method 'is_advsvc' is deprecated since 2023.2 release (neutron-lib 3.8.0) and will be removed once support for the old RBAC API policies will be removed from Neutron. Please use method 'is_service_role' instead.
2026-05-29 23:06:52.004 9 WARNING neutron.plugins.ml2.drivers.ovn.mech_driver.ovsdb.ovn_client [None req-8a4ad773-54c0-43c0-aa9b-a7b756d73871 - - - - - -] No hosting information found for port 1f11ab28-9117-445f-b760-2480b17fd59d: RuntimeError: No hosting information found for port 1f11ab28-9117-445f-b760-2480b17fd59d
2026-05-29 23:06:52.005 9 INFO neutron.plugins.ml2.drivers.ovn.mech_driver.mech_driver [None req-8a4ad773-54c0-43c0-aa9b-a7b756d73871 - - - - - -] OVN reports status up for port: 9a17e3b5-3347-4777-9481-887d35c38f58
2026-05-29 23:06:52.016 9 INFO neutron.db.segments_db [None req-79653545-07a9-47ed-b0f9-d2e84ffee4dd 1614a0649b764af0929851654d19d61d 4169a86ec1e243f09b2d40e685b6ff1f - - default default] Added segment c6323d3c-3d45-4522-8b29-9ba3c8fc543c of type geneve for network d1bd9c09-2820-4a49-956a-955ced2c3ccd
2026-05-29 23:06:52.026 9 INFO neutron.plugins.ml2.drivers.ovn.mech_driver.mech_driver [None req-8a4ad773-54c0-43c0-aa9b-a7b756d73871 - - - - - -] OVN reports status up for port: 03d12609-b786-42df-bcd6-7d1329297402 /var/lib/openstack/lib/python3.10/site-packages/pycadf/identifier.py:71: UserWarning: Invalid uuid: neutron. To ensure interoperability, identifiers should be a valid uuid. warnings.warn(('Invalid uuid: %s. To ensure interoperability, '
2026-05-29 23:06:52.042 9 INFO neutron.plugins.ml2.plugin [None req-8a4ad773-54c0-43c0-aa9b-a7b756d73871 - - - - - -] Attempt 1 to provision port 03d12609-b786-42df-bcd6-7d1329297402
2026-05-29 23:06:52.154 10 INFO neutron.db.ovn_revision_numbers_db [None req-9ec211a2-341e-45d9-87a9-b85ff6755cc5 6a50422223ed4b9ca3b2ce43192c37d5 a8cec7abc0cf433ebaa538af7a4fd6b0 - - default default] Successfully bumped revision number for resource 0587a91b-51f6-425d-a7b2-33725cf006c4 (type: security_groups) to 1
2026-05-29 23:06:52.173 10 INFO neutron.db.ovn_revision_numbers_db [None req-9ec211a2-341e-45d9-87a9-b85ff6755cc5 6a50422223ed4b9ca3b2ce43192c37d5 a8cec7abc0cf433ebaa538af7a4fd6b0 - - default default] Successfully bumped revision number for resource 09fae511-8daa-4cf6-8307-1386d58a8842 (type: security_group_rules) to 0
2026-05-29 23:06:52.189 10 INFO neutron.db.ovn_revision_numbers_db [None req-9ec211a2-341e-45d9-87a9-b85ff6755cc5 6a50422223ed4b9ca3b2ce43192c37d5 a8cec7abc0cf433ebaa538af7a4fd6b0 - - default default] Successfully bumped revision number for resource 7cd01839-0f53-407e-bade-04fbdcd30bca (type: security_group_rules) to 0
2026-05-29 23:06:52.207 10 INFO neutron.db.ovn_revision_numbers_db [None req-9ec211a2-341e-45d9-87a9-b85ff6755cc5 6a50422223ed4b9ca3b2ce43192c37d5 a8cec7abc0cf433ebaa538af7a4fd6b0 - - default default] Successfully bumped revision number for resource 82920344-fce4-41d6-86c2-9ee7563ae3e7 (type: security_group_rules) to 0
2026-05-29 23:06:52.222 10 INFO neutron.db.ovn_revision_numbers_db [None req-9ec211a2-341e-45d9-87a9-b85ff6755cc5 6a50422223ed4b9ca3b2ce43192c37d5 a8cec7abc0cf433ebaa538af7a4fd6b0 - - default default] Successfully bumped revision number for resource c1b0d92b-80b7-4b90-84fa-9e0977a2b93a (type: security_group_rules) to 0
2026-05-29 23:06:52.246 10 INFO neutron.wsgi [None req-9ec211a2-341e-45d9-87a9-b85ff6755cc5 6a50422223ed4b9ca3b2ce43192c37d5 a8cec7abc0cf433ebaa538af7a4fd6b0 - - default default] 10.0.0.181 "GET /v2.0/security-groups?tenant_id=fa9cd5a658ab454b9f26d4f7af8f2cce&name=default HTTP/1.1" status: 200 len: 2996 time: 0.3237138
2026-05-29 23:06:52.250 9 INFO neutron.db.ovn_revision_numbers_db [None req-79653545-07a9-47ed-b0f9-d2e84ffee4dd 1614a0649b764af0929851654d19d61d 4169a86ec1e243f09b2d40e685b6ff1f - - default default] Successfully bumped revision number for resource d1bd9c09-2820-4a49-956a-955ced2c3ccd (type: networks) to 1
2026-05-29 23:06:52.287 9 INFO neutron.notifiers.nova [-] Nova event matching ['req-d0c8151c-d7dc-41d7-bd89-e109ce2494eb'] response: {'server_uuid': 'e42aa0e4-9cfc-4674-ad42-fa5d55c872dc', 'name': 'network-vif-plugged', 'status': 'completed', 'tag': '03d12609-b786-42df-bcd6-7d1329297402', 'code': 200}
2026-05-29 23:06:52.489 9 INFO neutron.db.ovn_revision_numbers_db [None req-2e5409bc-3f98-42c2-bc12-0b4ea2550e7b 6a50422223ed4b9ca3b2ce43192c37d5 a8cec7abc0cf433ebaa538af7a4fd6b0 - - default default] Successfully bumped revision number for resource b4c1b6fc-fd35-401b-b353-fe1c1362dfdf (type: security_groups) to 1
2026-05-29 23:06:52.557 9 INFO neutron.db.ovn_revision_numbers_db [None req-2e5409bc-3f98-42c2-bc12-0b4ea2550e7b 6a50422223ed4b9ca3b2ce43192c37d5 a8cec7abc0cf433ebaa538af7a4fd6b0 - - default default] Successfully bumped revision number for resource 1c6b2a51-a5d1-4fd3-9838-981635c56584 (type: security_group_rules) to 0
2026-05-29 23:06:52.575 9 INFO neutron.wsgi [req-5240178e-b6b6-4e33-a8da-79df2fe8bdaf req-2297c237-183f-4fcc-9ec2-66559d832c2b 481cd6e504024275a39536412fef3dd8 030232ce9c0d42e193dc0a2cd2a4f169 - - default default] 10.0.0.86 "GET /v2.0/ports?device_id=e42aa0e4-9cfc-4674-ad42-fa5d55c872dc HTTP/1.1" status: 200 len: 1400 time: 0.3059771
2026-05-29 23:06:52.628 9 INFO neutron.db.ovn_revision_numbers_db [None req-2e5409bc-3f98-42c2-bc12-0b4ea2550e7b 6a50422223ed4b9ca3b2ce43192c37d5 a8cec7abc0cf433ebaa538af7a4fd6b0 - - default default] Successfully bumped revision number for resource 303d857b-538d-47bb-bc29-e31f752ca274 (type: security_group_rules) to 0
2026-05-29 23:06:52.669 9 INFO neutron.db.ovn_revision_numbers_db [None req-2e5409bc-3f98-42c2-bc12-0b4ea2550e7b 6a50422223ed4b9ca3b2ce43192c37d5 a8cec7abc0cf433ebaa538af7a4fd6b0 - - default default] Successfully bumped revision number for resource 6969f94f-e91a-4d29-9243-ed0c64e1380a (type: security_group_rules) to 0
2026-05-29 23:06:52.729 9 INFO neutron.db.ovn_revision_numbers_db [None req-2e5409bc-3f98-42c2-bc12-0b4ea2550e7b 6a50422223ed4b9ca3b2ce43192c37d5 a8cec7abc0cf433ebaa538af7a4fd6b0 - - default default] Successfully bumped revision number for resource eee9690c-e675-4983-807b-f73c1d49bef1 (type: security_group_rules) to 0
2026-05-29 23:06:52.752 9 INFO neutron.wsgi [req-5240178e-b6b6-4e33-a8da-79df2fe8bdaf req-b9cc94e1-583c-4cfa-ab05-ac19bd1929af 481cd6e504024275a39536412fef3dd8 030232ce9c0d42e193dc0a2cd2a4f169 - - default default] 10.0.0.86 "GET /v2.0/security-groups?id=d65bf8d4-0332-49c9-a9f6-5c39f6125ffc&fields=id&fields=name HTTP/1.1" status: 200 len: 310 time: 0.1617303
2026-05-29 23:06:52.769 9 WARNING neutron.scheduler.dhcp_agent_scheduler [None req-79653545-07a9-47ed-b0f9-d2e84ffee4dd 1614a0649b764af0929851654d19d61d 4169a86ec1e243f09b2d40e685b6ff1f - - default default] No more DHCP agents
2026-05-29 23:06:52.787 9 INFO neutron.wsgi [None req-2e5409bc-3f98-42c2-bc12-0b4ea2550e7b 6a50422223ed4b9ca3b2ce43192c37d5 a8cec7abc0cf433ebaa538af7a4fd6b0 - - default default] 10.0.0.181 "GET /v2.0/security-groups?tenant_id=2122bd4720324c738858e1737157e77b&name=default HTTP/1.1" status: 200 len: 2996 time: 0.9542375
2026-05-29 23:06:52.787 9 WARNING neutron.api.rpc.agentnotifiers.dhcp_rpc_agent_api [None req-79653545-07a9-47ed-b0f9-d2e84ffee4dd 1614a0649b764af0929851654d19d61d 4169a86ec1e243f09b2d40e685b6ff1f - - default default] Unable to schedule network d1bd9c09-2820-4a49-956a-955ced2c3ccd: no agents available; will retry on subsequent port and subnet creation events.
2026-05-29 23:06:52.874 9 INFO neutron.db.ovn_revision_numbers_db [None req-8a4ad773-54c0-43c0-aa9b-a7b756d73871 - - - - - -] Successfully bumped revision number for resource 03d12609-b786-42df-bcd6-7d1329297402 (type: ports) to 4
2026-05-29 23:06:52.942 9 INFO neutron.db.ovn_revision_numbers_db [None req-79653545-07a9-47ed-b0f9-d2e84ffee4dd 1614a0649b764af0929851654d19d61d 4169a86ec1e243f09b2d40e685b6ff1f - - default default] Successfully bumped revision number for resource 734a2985-ef8e-472a-b03d-edf3f382625e (type: ports) to 1
2026-05-29 23:06:52.968 9 INFO neutron.wsgi [None req-0db5918b-c1e6-4325-b691-d7f567baf633 6a50422223ed4b9ca3b2ce43192c37d5 a8cec7abc0cf433ebaa538af7a4fd6b0 - - default default] 10.0.0.181 "DELETE /v2.0/security-groups/0587a91b-51f6-425d-a7b2-33725cf006c4 HTTP/1.1" status: 204 len: 168 time: 0.7185276
2026-05-29 23:06:53.000 9 INFO neutron.wsgi [None req-79653545-07a9-47ed-b0f9-d2e84ffee4dd 1614a0649b764af0929851654d19d61d 4169a86ec1e243f09b2d40e685b6ff1f - - default default] 10.0.0.181 "POST /v2.0/networks HTTP/1.1" status: 201 len: 831 time: 1.0764868
2026-05-29 23:06:53.013 10 WARNING neutron_lib.context [None req-27dedd91-cec2-4501-ad6f-7084eb45d993 1614a0649b764af0929851654d19d61d 4169a86ec1e243f09b2d40e685b6ff1f - - default default] Method 'is_advsvc' is deprecated since 2023.2 release (neutron-lib 3.8.0) and will be removed once support for the old RBAC API policies will be removed from Neutron. Please use method 'is_service_role' instead.
2026-05-29 23:06:53.045 10 INFO neutron.wsgi [None req-6334100b-7535-4f6a-9b60-43ef5c3b4ec9 6a50422223ed4b9ca3b2ce43192c37d5 a8cec7abc0cf433ebaa538af7a4fd6b0 - - default default] 10.0.0.181 "DELETE /v2.0/security-groups/b4c1b6fc-fd35-401b-b353-fe1c1362dfdf HTTP/1.1" status: 204 len: 168 time: 0.2518122 /var/lib/openstack/lib/python3.10/site-packages/pycadf/identifier.py:71: UserWarning: Invalid uuid: neutron. To ensure interoperability, identifiers should be a valid uuid. warnings.warn(('Invalid uuid: %s. To ensure interoperability, '
2026-05-29 23:06:53.132 9 INFO neutron.wsgi [None req-c39e6e94-49d6-4854-8235-8ef8b8876c0b 6a50422223ed4b9ca3b2ce43192c37d5 a8cec7abc0cf433ebaa538af7a4fd6b0 - - default default] 10.0.0.181 "GET /v2.0/security-groups?tenant_id=68ebb48b95fc406099e574c86d67dc3b&name=default HTTP/1.1" status: 200 len: 2996 time: 0.0371246
2026-05-29 23:06:53.366 10 WARNING neutron.scheduler.dhcp_agent_scheduler [None req-27dedd91-cec2-4501-ad6f-7084eb45d993 1614a0649b764af0929851654d19d61d 4169a86ec1e243f09b2d40e685b6ff1f - - default default] No more DHCP agents
2026-05-29 23:06:53.368 9 INFO neutron.db.ovn_revision_numbers_db [None req-d2da2fe2-f92b-45b5-b1a4-246d3e1fbbf6 6a50422223ed4b9ca3b2ce43192c37d5 a8cec7abc0cf433ebaa538af7a4fd6b0 - - default default] Successfully bumped revision number for resource bf2653e2-c610-482c-a146-746877ef2cfb (type: security_groups) to 1
2026-05-29 23:06:53.373 10 WARNING neutron.api.rpc.agentnotifiers.dhcp_rpc_agent_api [None req-27dedd91-cec2-4501-ad6f-7084eb45d993 1614a0649b764af0929851654d19d61d 4169a86ec1e243f09b2d40e685b6ff1f - - default default] Unable to schedule network d1bd9c09-2820-4a49-956a-955ced2c3ccd: no agents available; will retry on subsequent port and subnet creation events.
2026-05-29 23:06:53.387 9 INFO neutron.db.ovn_revision_numbers_db [None req-d2da2fe2-f92b-45b5-b1a4-246d3e1fbbf6 6a50422223ed4b9ca3b2ce43192c37d5 a8cec7abc0cf433ebaa538af7a4fd6b0 - - default default] Successfully bumped revision number for resource 5d6d3754-0479-4e90-a8c4-1913bbe51f47 (type: security_group_rules) to 0
2026-05-29 23:06:53.406 9 INFO neutron.db.ovn_revision_numbers_db [None req-d2da2fe2-f92b-45b5-b1a4-246d3e1fbbf6 6a50422223ed4b9ca3b2ce43192c37d5 a8cec7abc0cf433ebaa538af7a4fd6b0 - - default default] Successfully bumped revision number for resource 929c74f7-5854-4f27-a00c-34adcd2b4d27 (type: security_group_rules) to 0
2026-05-29 23:06:53.430 9 INFO neutron.db.ovn_revision_numbers_db [None req-d2da2fe2-f92b-45b5-b1a4-246d3e1fbbf6 6a50422223ed4b9ca3b2ce43192c37d5 a8cec7abc0cf433ebaa538af7a4fd6b0 - - default default] Successfully bumped revision number for resource 9a16b07d-5a6a-4351-bfb8-03528926f5cf (type: security_group_rules) to 0
2026-05-29 23:06:53.446 9 INFO neutron.db.ovn_revision_numbers_db [None req-d2da2fe2-f92b-45b5-b1a4-246d3e1fbbf6 6a50422223ed4b9ca3b2ce43192c37d5 a8cec7abc0cf433ebaa538af7a4fd6b0 - - default default] Successfully bumped revision number for resource ca29c037-8211-4d13-bf35-a135df59c70f (type: security_group_rules) to 0
2026-05-29 23:06:53.494 9 INFO neutron.wsgi [None req-d2da2fe2-f92b-45b5-b1a4-246d3e1fbbf6 6a50422223ed4b9ca3b2ce43192c37d5 a8cec7abc0cf433ebaa538af7a4fd6b0 - - default default] 10.0.0.181 "GET /v2.0/security-groups?tenant_id=c4f4e9f169da4a9b8bdd2b5a66d760cf&name=default HTTP/1.1" status: 200 len: 2996 time: 0.2530644
2026-05-29 23:06:53.529 10 INFO neutron.db.ovn_revision_numbers_db [None req-27dedd91-cec2-4501-ad6f-7084eb45d993 1614a0649b764af0929851654d19d61d 4169a86ec1e243f09b2d40e685b6ff1f - - default default] Successfully bumped revision number for resource 8a704e82-942f-498a-8afa-93df9904d5c3 (type: ports) to 1
2026-05-29 23:06:53.555 10 INFO neutron.wsgi [None req-b091b0cf-629c-44d6-843b-450806d1c039 6a50422223ed4b9ca3b2ce43192c37d5 a8cec7abc0cf433ebaa538af7a4fd6b0 - - default default] 10.0.0.181 "DELETE /v2.0/security-groups/b6c791d1-dc3f-4c56-8469-52f7a3a244f5 HTTP/1.1" status: 204 len: 168 time: 0.4163849
2026-05-29 23:06:53.572 10 INFO neutron.wsgi [None req-27dedd91-cec2-4501-ad6f-7084eb45d993 1614a0649b764af0929851654d19d61d 4169a86ec1e243f09b2d40e685b6ff1f - - default default] 10.0.0.181 "POST /v2.0/ports HTTP/1.1" status: 201 len: 942 time: 0.5628290 /var/lib/openstack/lib/python3.10/site-packages/pycadf/identifier.py:71: UserWarning: Invalid uuid: neutron. To ensure interoperability, identifiers should be a valid uuid. warnings.warn(('Invalid uuid: %s. To ensure interoperability, '
2026-05-29 23:06:53.641 10 INFO neutron.wsgi [None req-bb963d27-71bd-42ed-80d1-c9405a275631 1614a0649b764af0929851654d19d61d 4169a86ec1e243f09b2d40e685b6ff1f - - default default] 10.0.0.181 "PUT /v2.0/ports/87786a29-c405-4a63-b435-8b0ee51b8839/tags HTTP/1.1" status: 200 len: 210 time: 0.0639803
2026-05-29 23:06:53.709 9 INFO neutron.wsgi [None req-3d214ce8-2113-4bb4-8b2a-472ce64cc571 6a50422223ed4b9ca3b2ce43192c37d5 a8cec7abc0cf433ebaa538af7a4fd6b0 - - default default] 10.0.0.181 "DELETE /v2.0/security-groups/bf2653e2-c610-482c-a146-746877ef2cfb HTTP/1.1" status: 204 len: 168 time: 0.2104244
2026-05-29 23:06:53.712 10 INFO neutron.wsgi [None req-16cf9ce8-5727-459b-809e-7e45b0573233 1614a0649b764af0929851654d19d61d 4169a86ec1e243f09b2d40e685b6ff1f - - default default] 10.0.0.181 "PUT /v2.0/ports/ce8c9ecd-d72b-4c3f-92d0-2ad57a7f2b1f/tags HTTP/1.1" status: 200 len: 218 time: 0.0635946
2026-05-29 23:06:53.781 10 INFO neutron.wsgi [None req-d576360d-6f52-42b7-81ba-e897d10cdbd3 1614a0649b764af0929851654d19d61d 4169a86ec1e243f09b2d40e685b6ff1f - - default default] 10.0.0.181 "PUT /v2.0/ports/13188e36-c433-4b87-9110-9779afaffbf1/tags HTTP/1.1" status: 200 len: 227 time: 0.0645673
2026-05-29 23:06:53.842 9 INFO neutron.wsgi [None req-7c03878b-6bb4-4aa3-9e7a-c0b060b50660 1614a0649b764af0929851654d19d61d 4169a86ec1e243f09b2d40e685b6ff1f - - default default] 10.0.0.181 "PUT /v2.0/ports/ee563a54-0d6b-49df-937a-f5b0ef62716c/tags HTTP/1.1" status: 200 len: 212 time: 0.0556719
2026-05-29 23:06:53.880 9 INFO neutron.db.ovn_revision_numbers_db [None req-ee20d74f-81cf-4935-b9ad-7fde0030ccef 6a50422223ed4b9ca3b2ce43192c37d5 a8cec7abc0cf433ebaa538af7a4fd6b0 - - default default] Successfully bumped revision number for resource e3c82349-cdf5-4178-a3c2-166cdce6a447 (type: security_groups) to 1
2026-05-29 23:06:53.897 9 INFO neutron.db.ovn_revision_numbers_db [None req-ee20d74f-81cf-4935-b9ad-7fde0030ccef 6a50422223ed4b9ca3b2ce43192c37d5 a8cec7abc0cf433ebaa538af7a4fd6b0 - - default default] Successfully bumped revision number for resource 270f8e1e-1c31-45aa-a10c-8bd4b74f498a (type: security_group_rules) to 0
2026-05-29 23:06:53.940 9 INFO neutron.db.ovn_revision_numbers_db [None req-ee20d74f-81cf-4935-b9ad-7fde0030ccef 6a50422223ed4b9ca3b2ce43192c37d5 a8cec7abc0cf433ebaa538af7a4fd6b0 - - default default] Successfully bumped revision number for resource 293ab588-c865-4c28-8711-0ca784eae850 (type: security_group_rules) to 0
2026-05-29 23:06:53.974 9 INFO neutron.db.ovn_revision_numbers_db [None req-ee20d74f-81cf-4935-b9ad-7fde0030ccef 6a50422223ed4b9ca3b2ce43192c37d5 a8cec7abc0cf433ebaa538af7a4fd6b0 - - default default] Successfully bumped revision number for resource 3d44757b-7a81-4650-85eb-b9da25e95433 (type: security_group_rules) to 0
2026-05-29 23:06:54.000 9 INFO neutron.db.ovn_revision_numbers_db [None req-ee20d74f-81cf-4935-b9ad-7fde0030ccef 6a50422223ed4b9ca3b2ce43192c37d5 a8cec7abc0cf433ebaa538af7a4fd6b0 - - default default] Successfully bumped revision number for resource 691aeaa8-d426-478f-b71e-68908ea4d373 (type: security_group_rules) to 0
2026-05-29 23:06:54.022 9 INFO neutron.wsgi [None req-ee20d74f-81cf-4935-b9ad-7fde0030ccef 6a50422223ed4b9ca3b2ce43192c37d5 a8cec7abc0cf433ebaa538af7a4fd6b0 - - default default] 10.0.0.181 "GET /v2.0/security-groups?tenant_id=2747870c5b0748baa8ae432c1e28d80b&name=default HTTP/1.1" status: 200 len: 2996 time: 0.2908189
2026-05-29 23:06:54.056 10 INFO neutron.wsgi [None req-30a08844-cc79-4311-8435-2f6019ddc298 1614a0649b764af0929851654d19d61d 4169a86ec1e243f09b2d40e685b6ff1f - - default default] 10.0.0.181 "GET /v2.0/ports?tags=red HTTP/1.1" status: 200 len: 2448 time: 0.2069402
2026-05-29 23:06:54.136 10 INFO neutron.wsgi [None req-08180771-db03-43f3-afa5-c747a5d8a163 1614a0649b764af0929851654d19d61d 4169a86ec1e243f09b2d40e685b6ff1f - - default default] 10.0.0.181 "GET /v2.0/ports?tags=red%2Cblue HTTP/1.1" status: 200 len: 1708 time: 0.0756252
2026-05-29 23:06:54.233 10 INFO neutron.wsgi [None req-ff7b631f-f4bf-4a12-8600-76686b7995f2 1614a0649b764af0929851654d19d61d 4169a86ec1e243f09b2d40e685b6ff1f - - default default] 10.0.0.181 "GET /v2.0/ports?tags-any=blue HTTP/1.1" status: 200 len: 1708 time: 0.0749421
2026-05-29 23:06:54.246 9 INFO neutron.wsgi [None req-20706211-e89e-4afb-8fa4-4abb3b945ad4 6a50422223ed4b9ca3b2ce43192c37d5 a8cec7abc0cf433ebaa538af7a4fd6b0 - - default default] 10.0.0.181 "DELETE /v2.0/security-groups/e3c82349-cdf5-4178-a3c2-166cdce6a447 HTTP/1.1" status: 204 len: 168 time: 0.2199006
2026-05-29 23:06:54.293 10 INFO neutron.wsgi [None req-f8650708-813c-4cc5-b569-7c76a20a44db 1614a0649b764af0929851654d19d61d 4169a86ec1e243f09b2d40e685b6ff1f - - default default] 10.0.0.181 "GET /v2.0/ports?tags-any=red%2Cblue HTTP/1.1" status: 200 len: 2448 time: 0.0556033
2026-05-29 23:06:54.340 9 INFO neutron.notifiers.nova [-] Nova event matching ['req-6643465a-6d0f-4c71-af03-754bdc42c00d'] response: {'server_uuid': 'e42aa0e4-9cfc-4674-ad42-fa5d55c872dc', 'name': 'network-vif-plugged', 'status': 'completed', 'tag': '03d12609-b786-42df-bcd6-7d1329297402', 'code': 200}
2026-05-29 23:06:54.825 9 INFO neutron.wsgi [None req-9fbb2d8a-1e73-476b-8fa6-5477c6e73008 1614a0649b764af0929851654d19d61d 4169a86ec1e243f09b2d40e685b6ff1f - - default default] 10.0.0.181 "GET /v2.0/ports?not-tags=red HTTP/1.1" status: 200 len: 5463 time: 0.5256076
2026-05-29 23:06:54.930 9 INFO neutron.wsgi [None req-41a66bed-ff02-48e5-82d1-19a16abe940d 1614a0649b764af0929851654d19d61d 4169a86ec1e243f09b2d40e685b6ff1f - - default default] 10.0.0.181 "GET /v2.0/ports?not-tags=red%2Cblue HTTP/1.1" status: 200 len: 6203 time: 0.0987396
2026-05-29 23:06:55.038 9 INFO neutron.wsgi [None req-1f166710-1f6c-4524-9622-a08d7b2cb6f5 1614a0649b764af0929851654d19d61d 4169a86ec1e243f09b2d40e685b6ff1f - - default default] 10.0.0.181 "GET /v2.0/ports?not-tags-any=blue HTTP/1.1" status: 200 len: 6203 time: 0.1014659
2026-05-29 23:06:55.115 9 INFO neutron.wsgi [None req-9cb170ac-2e72-4935-9a86-f5c039f4133c 1614a0649b764af0929851654d19d61d 4169a86ec1e243f09b2d40e685b6ff1f - - default default] 10.0.0.181 "GET /v2.0/ports?not-tags-any=red%2Cblue HTTP/1.1" status: 200 len: 5463 time: 0.0692666
2026-05-29 23:06:55.430 9 INFO neutron.wsgi [None req-5949dac1-d7ba-42d1-a9f7-1957cdf1aa04 1614a0649b764af0929851654d19d61d 4169a86ec1e243f09b2d40e685b6ff1f - - default default] 10.0.0.181 "DELETE /v2.0/ports/87786a29-c405-4a63-b435-8b0ee51b8839 HTTP/1.1" status: 204 len: 168 time: 0.3090918
2026-05-29 23:06:55.673 9 INFO neutron.wsgi [None req-3f6ee7c4-0848-4976-b501-4e1249e6e7e1 1614a0649b764af0929851654d19d61d 4169a86ec1e243f09b2d40e685b6ff1f - - default default] 10.0.0.181 "DELETE /v2.0/ports/ce8c9ecd-d72b-4c3f-92d0-2ad57a7f2b1f HTTP/1.1" status: 204 len: 168 time: 0.2382576
2026-05-29 23:06:55.941 9 INFO neutron.wsgi [None req-9baddd17-c609-4fd7-a915-e34f67bc799f 1614a0649b764af0929851654d19d61d 4169a86ec1e243f09b2d40e685b6ff1f - - default default] 10.0.0.181 "DELETE /v2.0/ports/13188e36-c433-4b87-9110-9779afaffbf1 HTTP/1.1" status: 204 len: 168 time: 0.2625029
2026-05-29 23:06:56.256 9 INFO neutron.wsgi [None req-fa4ae63b-eeae-4e61-8a67-442bb1e5c36e 1614a0649b764af0929851654d19d61d 4169a86ec1e243f09b2d40e685b6ff1f - - default default] 10.0.0.181 "DELETE /v2.0/ports/ee563a54-0d6b-49df-937a-f5b0ef62716c HTTP/1.1" status: 204 len: 168 time: 0.3103719
2026-05-29 23:06:56.531 9 INFO neutron.wsgi [None req-daf1f8fd-e749-47e4-8c90-870da64c4fb9 1614a0649b764af0929851654d19d61d 4169a86ec1e243f09b2d40e685b6ff1f - - default default] 10.0.0.181 "DELETE /v2.0/ports/8a704e82-942f-498a-8afa-93df9904d5c3 HTTP/1.1" status: 204 len: 168 time: 0.2702048
2026-05-29 23:06:56.993 9 INFO neutron.services.segments.plugin [-] Segment 3ec6c6ae-1bd2-4115-8712-5a4e9aed161a resource provider aggregate not found
2026-05-29 23:06:57.006 9 INFO neutron.services.segments.plugin [-] Segment 3ec6c6ae-1bd2-4115-8712-5a4e9aed161a resource provider aggregate not found
2026-05-29 23:06:57.014 9 INFO neutron.services.segments.plugin [-] Segment 3ec6c6ae-1bd2-4115-8712-5a4e9aed161a resource provider not found; error: Placement Client Error (4xx): {"errors": [{"status": 404, "title": "Not Found", "detail": "The resource could not be found.\n\n No resource provider with uuid 3ec6c6ae-1bd2-4115-8712-5a4e9aed161a found for delete ", "request_id": "req-7e8a84c1-6e94-49e2-9477-c1feb35097f5"}]}
2026-05-29 23:06:57.031 9 INFO neutron.services.segments.plugin [-] Segment 3ec6c6ae-1bd2-4115-8712-5a4e9aed161a resource provider not found; error: Placement Client Error (4xx): {"errors": [{"status": 404, "title": "Not Found", "detail": "The resource could not be found.\n\n No resource provider with uuid 3ec6c6ae-1bd2-4115-8712-5a4e9aed161a found for delete ", "request_id": "req-dec91efd-a732-48f4-85bd-6b00095ea322"}]}
2026-05-29 23:06:57.049 9 INFO neutron.wsgi [None req-fce2ac06-2703-4376-9c28-1e347687a3f9 1614a0649b764af0929851654d19d61d 4169a86ec1e243f09b2d40e685b6ff1f - - default default] 10.0.0.181 "DELETE /v2.0/networks/0d49b437-8a99-47ed-a569-8a0456837d81 HTTP/1.1" status: 204 len: 168 time: 0.5092301
2026-05-29 23:06:57.467 9 INFO neutron.wsgi [None req-8fc8434f-fec7-4277-8ddb-308862b899d1 1614a0649b764af0929851654d19d61d 4169a86ec1e243f09b2d40e685b6ff1f - - default default] 10.0.0.181 "DELETE /v2.0/networks/db78eead-18de-4ff1-97dd-4cb71a5f20b1 HTTP/1.1" status: 204 len: 168 time: 0.4136498
2026-05-29 23:06:57.773 9 WARNING neutron_lib.context [None req-ba6531cc-f7b4-43ca-b569-8caaef121aa9 5ff37cd91c22438481a9d308112c66cb 52a35fe1fac34626a1249b82e5104727 - - default default] Method 'is_advsvc' is deprecated since 2023.2 release (neutron-lib 3.8.0) and will be removed once support for the old RBAC API policies will be removed from Neutron. Please use method 'is_service_role' instead.
2026-05-29 23:06:57.923 10 INFO neutron.services.segments.plugin [-] Segment b76b080b-9537-4b6d-89ce-b365cbc982b7 resource provider aggregate not found
2026-05-29 23:06:57.928 10 INFO neutron.services.segments.plugin [-] Segment b76b080b-9537-4b6d-89ce-b365cbc982b7 resource provider aggregate not found
2026-05-29 23:06:57.943 10 INFO neutron.services.segments.plugin [-] Segment b76b080b-9537-4b6d-89ce-b365cbc982b7 resource provider not found; error: Placement Client Error (4xx): {"errors": [{"status": 404, "title": "Not Found", "detail": "The resource could not be found.\n\n No resource provider with uuid b76b080b-9537-4b6d-89ce-b365cbc982b7 found for delete ", "request_id": "req-2562d847-3ca6-4211-9928-aebf7424b8ea"}]}
2026-05-29 23:06:57.954 10 INFO neutron.services.segments.plugin [-] Segment b76b080b-9537-4b6d-89ce-b365cbc982b7 resource provider not found; error: Placement Client Error (4xx): {"errors": [{"status": 404, "title": "Not Found", "detail": "The resource could not be found.\n\n No resource provider with uuid b76b080b-9537-4b6d-89ce-b365cbc982b7 found for delete ", "request_id": "req-8517b331-fa23-4c99-9584-55f76913d572"}]}
2026-05-29 23:06:57.986 10 INFO neutron.wsgi [None req-54f1fb17-8d7e-4c3a-913d-db97b9d6bb92 1614a0649b764af0929851654d19d61d 4169a86ec1e243f09b2d40e685b6ff1f - - default default] 10.0.0.181 "DELETE /v2.0/networks/a007bfcf-3818-4a00-84e5-545311bb0b8f HTTP/1.1" status: 204 len: 168 time: 0.5126984
2026-05-29 23:06:58.021 9 INFO neutron.wsgi [req-2a848029-f6c0-4184-bc3e-a644c3393cd1 req-3be6e7bd-71bc-4f20-b0a1-e8fad7c986d7 481cd6e504024275a39536412fef3dd8 030232ce9c0d42e193dc0a2cd2a4f169 - - default default] 10.0.0.86 "GET /v2.0/ports?device_id=e42aa0e4-9cfc-4674-ad42-fa5d55c872dc HTTP/1.1" status: 200 len: 1400 time: 0.1946595
2026-05-29 23:06:58.042 9 INFO neutron.db.ovn_revision_numbers_db [None req-7c952279-c57e-4d05-952b-ad6d48761960 6a50422223ed4b9ca3b2ce43192c37d5 a8cec7abc0cf433ebaa538af7a4fd6b0 - - default default] Successfully bumped revision number for resource a42c5cf6-fee8-4128-9d2c-11020792146a (type: security_groups) to 1
2026-05-29 23:06:58.073 9 INFO neutron.db.ovn_revision_numbers_db [None req-7c952279-c57e-4d05-952b-ad6d48761960 6a50422223ed4b9ca3b2ce43192c37d5 a8cec7abc0cf433ebaa538af7a4fd6b0 - - default default] Successfully bumped revision number for resource 01d103e6-bc32-41f9-8eda-28fd5c5eddaf (type: security_group_rules) to 0
2026-05-29 23:06:58.097 9 INFO neutron.wsgi [req-2a848029-f6c0-4184-bc3e-a644c3393cd1 req-d9694f2a-85ab-43cd-84e6-62ad5845dc01 481cd6e504024275a39536412fef3dd8 030232ce9c0d42e193dc0a2cd2a4f169 - - default default] 10.0.0.86 "GET /v2.0/security-groups?id=d65bf8d4-0332-49c9-a9f6-5c39f6125ffc&fields=id&fields=name HTTP/1.1" status: 200 len: 310 time: 0.0704792
2026-05-29 23:06:58.105 9 INFO neutron.db.ovn_revision_numbers_db [None req-7c952279-c57e-4d05-952b-ad6d48761960 6a50422223ed4b9ca3b2ce43192c37d5 a8cec7abc0cf433ebaa538af7a4fd6b0 - - default default] Successfully bumped revision number for resource 09fa5a3b-0fd7-4e3b-9642-b10865295561 (type: security_group_rules) to 0
2026-05-29 23:06:58.135 9 INFO neutron.db.ovn_revision_numbers_db [None req-7c952279-c57e-4d05-952b-ad6d48761960 6a50422223ed4b9ca3b2ce43192c37d5 a8cec7abc0cf433ebaa538af7a4fd6b0 - - default default] Successfully bumped revision number for resource 62babbd2-75ef-42f8-bff7-f65902397e56 (type: security_group_rules) to 0
2026-05-29 23:06:58.191 9 INFO neutron.db.ovn_revision_numbers_db [None req-7c952279-c57e-4d05-952b-ad6d48761960 6a50422223ed4b9ca3b2ce43192c37d5 a8cec7abc0cf433ebaa538af7a4fd6b0 - - default default] Successfully bumped revision number for resource 6f633c2b-a051-4dc8-aa2b-0061921b8ae0 (type: security_group_rules) to 0
2026-05-29 23:06:58.231 9 INFO neutron.wsgi [None req-7c952279-c57e-4d05-952b-ad6d48761960 6a50422223ed4b9ca3b2ce43192c37d5 a8cec7abc0cf433ebaa538af7a4fd6b0 - - default default] 10.0.0.181 "GET /v2.0/security-groups?tenant_id=82cf2e1ee3fe4e0c87db35f1a11b66bc&name=default HTTP/1.1" status: 200 len: 2996 time: 0.5925906
2026-05-29 23:06:58.237 9 INFO neutron.wsgi [None req-34a0dda6-ff4b-49aa-b766-70a10cdf5518 481cd6e504024275a39536412fef3dd8 030232ce9c0d42e193dc0a2cd2a4f169 - - default default] 10.0.0.181 "GET /v2.0/ports?network_id=f6e8960a-d38c-4e93-8118-b0daff4361b9&mac_address=fa%3A16%3A3e%3Aef%3A05%3Aa0 HTTP/1.1" status: 200 len: 1395 time: 0.1107767
2026-05-29 23:06:58.256 10 WARNING neutron_lib.context [None req-7f1629fa-fcab-466e-841f-2b23abd0ee38 481cd6e504024275a39536412fef3dd8 030232ce9c0d42e193dc0a2cd2a4f169 - - default default] Method 'is_advsvc' is deprecated since 2023.2 release (neutron-lib 3.8.0) and will be removed once support for the old RBAC API policies will be removed from Neutron. Please use method 'is_service_role' instead.
2026-05-29 23:06:58.258 9 WARNING neutron.scheduler.dhcp_agent_scheduler [None req-ba6531cc-f7b4-43ca-b569-8caaef121aa9 5ff37cd91c22438481a9d308112c66cb 52a35fe1fac34626a1249b82e5104727 - - default default] No more DHCP agents
2026-05-29 23:06:58.265 9 WARNING neutron.api.rpc.agentnotifiers.dhcp_rpc_agent_api [None req-ba6531cc-f7b4-43ca-b569-8caaef121aa9 5ff37cd91c22438481a9d308112c66cb 52a35fe1fac34626a1249b82e5104727 - - default default] Unable to schedule network a4cff1e2-4940-4526-b541-1829ac593a88: no agents available; will retry on subsequent port and subnet creation events.
2026-05-29 23:06:58.773 10 INFO neutron.wsgi [None req-9be3e5d9-c7ec-4047-9a75-94b57d90cc52 1614a0649b764af0929851654d19d61d 4169a86ec1e243f09b2d40e685b6ff1f - - default default] 10.0.0.181 "DELETE /v2.0/networks/bdc7abd2-4da9-49a3-b14a-e1971db0d3a5 HTTP/1.1" status: 204 len: 168 time: 0.7800674
2026-05-29 23:06:58.958 10 INFO neutron.wsgi [None req-db616579-3ab4-49ab-bb8a-00ab12f3818e 6a50422223ed4b9ca3b2ce43192c37d5 a8cec7abc0cf433ebaa538af7a4fd6b0 - - default default] 10.0.0.181 "DELETE /v2.0/security-groups/a42c5cf6-fee8-4128-9d2c-11020792146a HTTP/1.1" status: 204 len: 168 time: 0.7153196
2026-05-29 23:06:58.961 9 INFO neutron.db.ovn_revision_numbers_db [None req-ba6531cc-f7b4-43ca-b569-8caaef121aa9 5ff37cd91c22438481a9d308112c66cb 52a35fe1fac34626a1249b82e5104727 - - default default] Successfully bumped revision number for resource b7b40251-78b4-4899-9e67-1d4bb89b1ec9 (type: floatingips) to 0
2026-05-29 23:06:58.964 10 WARNING neutron.scheduler.dhcp_agent_scheduler [None req-7f1629fa-fcab-466e-841f-2b23abd0ee38 481cd6e504024275a39536412fef3dd8 030232ce9c0d42e193dc0a2cd2a4f169 - - default default] No more DHCP agents
2026-05-29 23:06:58.966 10 WARNING neutron.api.rpc.agentnotifiers.dhcp_rpc_agent_api [None req-7f1629fa-fcab-466e-841f-2b23abd0ee38 481cd6e504024275a39536412fef3dd8 030232ce9c0d42e193dc0a2cd2a4f169 - - default default] Unable to schedule network a4cff1e2-4940-4526-b541-1829ac593a88: no agents available; will retry on subsequent port and subnet creation events.
2026-05-29 23:06:58.997 9 INFO neutron.wsgi [None req-ba6531cc-f7b4-43ca-b569-8caaef121aa9 5ff37cd91c22438481a9d308112c66cb 52a35fe1fac34626a1249b82e5104727 - - default default] 10.0.0.181 "POST /v2.0/floatingips HTTP/1.1" status: 201 len: 751 time: 1.2810400
2026-05-29 23:06:59.039 9 INFO neutron.services.segments.plugin [-] Segment 3b81609a-f96d-4217-8d0e-475d5f411763 resource provider aggregate not found
2026-05-29 23:06:59.068 9 INFO neutron.services.segments.plugin [-] Segment 3b81609a-f96d-4217-8d0e-475d5f411763 resource provider aggregate not found
2026-05-29 23:06:59.075 10 INFO neutron.wsgi [None req-4bf3ac61-1449-48e2-bde6-7e5c543b8f97 5ff37cd91c22438481a9d308112c66cb 52a35fe1fac34626a1249b82e5104727 - - default default] 10.0.0.181 "PUT /v2.0/floatingips/b7b40251-78b4-4899-9e67-1d4bb89b1ec9/tags HTTP/1.1" status: 200 len: 218 time: 0.0709825
2026-05-29 23:06:59.077 9 INFO neutron.services.segments.plugin [-] Segment 3b81609a-f96d-4217-8d0e-475d5f411763 resource provider not found; error: Placement Client Error (4xx): {"errors": [{"status": 404, "title": "Not Found", "detail": "The resource could not be found.\n\n No resource provider with uuid 3b81609a-f96d-4217-8d0e-475d5f411763 found for delete ", "request_id": "req-37598072-9b76-4a21-ac6b-2bb72f668a4e"}]}
2026-05-29 23:06:59.090 9 INFO neutron.services.segments.plugin [-] Segment 3b81609a-f96d-4217-8d0e-475d5f411763 resource provider not found; error: Placement Client Error (4xx): {"errors": [{"status": 404, "title": "Not Found", "detail": "The resource could not be found.\n\n No resource provider with uuid 3b81609a-f96d-4217-8d0e-475d5f411763 found for delete ", "request_id": "req-70226515-ab66-4fa0-a924-3b1be09b2cd8"}]}
2026-05-29 23:06:59.144 9 INFO neutron.wsgi [None req-65367471-d860-446e-a41f-4d401ad2a68b 5ff37cd91c22438481a9d308112c66cb 52a35fe1fac34626a1249b82e5104727 - - default default] 10.0.0.181 "GET /v2.0/floatingips/b7b40251-78b4-4899-9e67-1d4bb89b1ec9/tags HTTP/1.1" status: 200 len: 218 time: 0.0616844
2026-05-29 23:06:59.266 10 INFO neutron.wsgi [None req-6fbd3393-96bb-45fb-b36e-3794716eb8a6 5ff37cd91c22438481a9d308112c66cb 52a35fe1fac34626a1249b82e5104727 - - default default] 10.0.0.181 "PUT /v2.0/floatingips/b7b40251-78b4-4899-9e67-1d4bb89b1ec9/tags/green HTTP/1.1" status: 201 len: 201 time: 0.1101778
2026-05-29 23:06:59.343 9 INFO neutron.wsgi [None req-d4ecce55-1045-46bb-9d2e-76545308e7c8 5ff37cd91c22438481a9d308112c66cb 52a35fe1fac34626a1249b82e5104727 - - default default] 10.0.0.181 "GET /v2.0/floatingips/b7b40251-78b4-4899-9e67-1d4bb89b1ec9/tags HTTP/1.1" status: 200 len: 227 time: 0.0688412
2026-05-29 23:06:59.404 9 INFO neutron.wsgi [None req-d742ac3c-fb6e-478b-87f2-34ffcc572455 5ff37cd91c22438481a9d308112c66cb 52a35fe1fac34626a1249b82e5104727 - - default default] 10.0.0.181 "PUT /v2.0/floatingips/b7b40251-78b4-4899-9e67-1d4bb89b1ec9/tags/red HTTP/1.1" status: 201 len: 201 time: 0.0532236
2026-05-29 23:06:59.442 9 INFO neutron.wsgi [None req-20cbd236-a7cf-44e4-a1c4-7c5306c105c4 5ff37cd91c22438481a9d308112c66cb 52a35fe1fac34626a1249b82e5104727 - - default default] 10.0.0.181 "GET /v2.0/floatingips/b7b40251-78b4-4899-9e67-1d4bb89b1ec9/tags HTTP/1.1" status: 200 len: 227 time: 0.0317485
2026-05-29 23:06:59.450 9 INFO neutron.wsgi [None req-9906a33a-c5db-431e-9ceb-dc330a876f3e 1614a0649b764af0929851654d19d61d 4169a86ec1e243f09b2d40e685b6ff1f - - default default] 10.0.0.181 "DELETE /v2.0/networks/d1bd9c09-2820-4a49-956a-955ced2c3ccd HTTP/1.1" status: 204 len: 168 time: 0.6680682
2026-05-29 23:06:59.520 10 INFO neutron.wsgi [None req-08b31f59-ed30-459f-9644-37a679042c60 5ff37cd91c22438481a9d308112c66cb 52a35fe1fac34626a1249b82e5104727 - - default default] 10.0.0.181 "PUT /v2.0/floatingips/b7b40251-78b4-4899-9e67-1d4bb89b1ec9/tags/black.or.white HTTP/1.1" status: 201 len: 201 time: 0.0701823
2026-05-29 23:06:59.562 9 INFO neutron.wsgi [None req-cc9e738d-04cf-4457-8705-dc0cc2a63d05 5ff37cd91c22438481a9d308112c66cb 52a35fe1fac34626a1249b82e5104727 - - default default] 10.0.0.181 "GET /v2.0/floatingips/b7b40251-78b4-4899-9e67-1d4bb89b1ec9/tags HTTP/1.1" status: 200 len: 245 time: 0.0347002
2026-05-29 23:06:59.643 9 INFO neutron.wsgi [None req-bb9071b7-e4fd-4a39-b246-608cb4cad3f4 5ff37cd91c22438481a9d308112c66cb 52a35fe1fac34626a1249b82e5104727 - - default default] 10.0.0.181 "PUT /v2.0/floatingips/b7b40251-78b4-4899-9e67-1d4bb89b1ec9/tags HTTP/1.1" status: 200 len: 230 time: 0.0722322
2026-05-29 23:06:59.650 10 INFO neutron.db.l3_db [None req-7f1629fa-fcab-466e-841f-2b23abd0ee38 481cd6e504024275a39536412fef3dd8 030232ce9c0d42e193dc0a2cd2a4f169 - - default default] Floating IP 5a038766-d975-41f7-b648-c867a4c0e58d associated. External IP: 10.96.250.203, port: 03d12609-b786-42df-bcd6-7d1329297402.
2026-05-29 23:06:59.710 9 INFO neutron.wsgi [None req-4a012e48-5e2a-4c51-84e2-457b0bce34a0 5ff37cd91c22438481a9d308112c66cb 52a35fe1fac34626a1249b82e5104727 - - default default] 10.0.0.181 "GET /v2.0/floatingips/b7b40251-78b4-4899-9e67-1d4bb89b1ec9/tags HTTP/1.1" status: 200 len: 230 time: 0.0614350
2026-05-29 23:06:59.760 10 INFO neutron.wsgi [None req-e0103b3f-b379-4045-a157-f15b8cb9a57b 5ff37cd91c22438481a9d308112c66cb 52a35fe1fac34626a1249b82e5104727 - - default default] 10.0.0.181 "GET /v2.0/floatingips/b7b40251-78b4-4899-9e67-1d4bb89b1ec9/tags/red HTTP/1.1" status: 204 len: 168 time: 0.0448287
2026-05-29 23:06:59.811 10 INFO neutron.api.v2.resource [None req-ec742ef3-73bc-4038-993c-d4770ea90fc6 5ff37cd91c22438481a9d308112c66cb 52a35fe1fac34626a1249b82e5104727 - - default default] show failed (client error): The resource could not be found.
2026-05-29 23:06:59.812 10 INFO neutron.wsgi [None req-ec742ef3-73bc-4038-993c-d4770ea90fc6 5ff37cd91c22438481a9d308112c66cb 52a35fe1fac34626a1249b82e5104727 - - default default] 10.0.0.181 "GET /v2.0/floatingips/b7b40251-78b4-4899-9e67-1d4bb89b1ec9/tags/green HTTP/1.1" status: 404 len: 299 time: 0.0461643
2026-05-29 23:06:59.873 9 INFO neutron.wsgi [None req-b75a2193-4d5e-4a11-bcc8-45d486116d86 5ff37cd91c22438481a9d308112c66cb 52a35fe1fac34626a1249b82e5104727 - - default default] 10.0.0.181 "DELETE /v2.0/floatingips/b7b40251-78b4-4899-9e67-1d4bb89b1ec9/tags/red HTTP/1.1" status: 204 len: 168 time: 0.0552261
