2026-05-29 23:04:39.118 10 WARNING neutron_lib.context [None req-92852932-2d00-4b12-812b-b2fd49928c81 6cb7ab7bac0e4f7895da0ba510486992 86982ab26c014fb6a8a45833ab4e26fa - - default default] Method 'is_advsvc' is deprecated since 2023.2 release (neutron-lib 3.8.0) and will be removed once support for the old RBAC API policies will be removed from Neutron. Please use method 'is_service_role' instead.
2026-05-29 23:04:39.173 9 INFO neutron.notifiers.nova [-] Nova event matching ['req-9534676d-6757-4657-9306-8092bb28cad4'] response: {'server_uuid': '0cc07978-0dff-452e-895f-c481297a0530', 'name': 'network-vif-unplugged', 'status': 'completed', 'tag': '33c67cc9-490b-40cf-9060-de77f5822715', 'code': 200}
2026-05-29 23:04:39.248 9 WARNING neutron.scheduler.dhcp_agent_scheduler [None req-affc7bbb-1ee1-4593-80f1-f345613a45e4 6a50422223ed4b9ca3b2ce43192c37d5 a8cec7abc0cf433ebaa538af7a4fd6b0 - - default default] No more DHCP agents
2026-05-29 23:04:39.254 9 WARNING neutron.api.rpc.agentnotifiers.dhcp_rpc_agent_api [None req-affc7bbb-1ee1-4593-80f1-f345613a45e4 6a50422223ed4b9ca3b2ce43192c37d5 a8cec7abc0cf433ebaa538af7a4fd6b0 - - default default] Unable to schedule network a4cff1e2-4940-4526-b541-1829ac593a88: no agents available; will retry on subsequent port and subnet creation events.
2026-05-29 23:04:39.331 10 INFO neutron.db.ovn_revision_numbers_db [None req-92852932-2d00-4b12-812b-b2fd49928c81 6cb7ab7bac0e4f7895da0ba510486992 86982ab26c014fb6a8a45833ab4e26fa - - default default] Successfully bumped revision number for resource 14329ba6-b407-4578-ac6d-3dc4e84c95d4 (type: security_groups) to 1
2026-05-29 23:04:39.343 9 INFO neutron.wsgi [req-8ca5a6f0-1bea-4113-bcfe-b4fda43ffa79 req-7efc4d28-8cb5-4f23-85fa-f4ecaaecf982 cd65aaf00e384a95b12860a06e44abb3 573f8c8de29744e5b6fa45416c6fe655 - - default default] 199.204.45.30 "GET /v2.0/ports?device_id=0cc07978-0dff-452e-895f-c481297a0530 HTTP/1.1" status: 200 len: 1168 time: 0.0534093
2026-05-29 23:04:39.353 10 INFO neutron.db.ovn_revision_numbers_db [None req-92852932-2d00-4b12-812b-b2fd49928c81 6cb7ab7bac0e4f7895da0ba510486992 86982ab26c014fb6a8a45833ab4e26fa - - default default] Successfully bumped revision number for resource 9f43007e-7e8a-4153-bc79-4ff2d2b9cefd (type: security_group_rules) to 0
2026-05-29 23:04:39.372 10 INFO neutron.db.ovn_revision_numbers_db [None req-92852932-2d00-4b12-812b-b2fd49928c81 6cb7ab7bac0e4f7895da0ba510486992 86982ab26c014fb6a8a45833ab4e26fa - - default default] Successfully bumped revision number for resource c4e8dfe2-6cfb-406a-912f-c3acde1e85c2 (type: security_group_rules) to 0
2026-05-29 23:04:39.401 10 INFO neutron.wsgi [None req-92852932-2d00-4b12-812b-b2fd49928c81 6cb7ab7bac0e4f7895da0ba510486992 86982ab26c014fb6a8a45833ab4e26fa - - default default] 10.0.0.181 "POST /v2.0/security-groups HTTP/1.1" status: 201 len: 1811 time: 0.2874696
2026-05-29 23:04:39.411 10 WARNING neutron_lib.context [None req-50a8fc85-f2d8-4686-af88-fa261283f1ed 6cb7ab7bac0e4f7895da0ba510486992 86982ab26c014fb6a8a45833ab4e26fa - - default default] Method 'is_advsvc' is deprecated since 2023.2 release (neutron-lib 3.8.0) and will be removed once support for the old RBAC API policies will be removed from Neutron. Please use method 'is_service_role' instead.
2026-05-29 23:04:39.555 10 INFO neutron.db.ovn_revision_numbers_db [None req-50a8fc85-f2d8-4686-af88-fa261283f1ed 6cb7ab7bac0e4f7895da0ba510486992 86982ab26c014fb6a8a45833ab4e26fa - - default default] Successfully bumped revision number for resource 7581023e-16c2-4473-8ce7-29c9f26e7927 (type: security_group_rules) to 0
2026-05-29 23:04:39.582 10 INFO neutron.wsgi [None req-50a8fc85-f2d8-4686-af88-fa261283f1ed 6cb7ab7bac0e4f7895da0ba510486992 86982ab26c014fb6a8a45833ab4e26fa - - default default] 10.0.0.181 "POST /v2.0/security-group-rules HTTP/1.1" status: 201 len: 764 time: 0.1753249
2026-05-29 23:04:39.598 10 WARNING neutron_lib.context [None req-b1f5a3b4-30bc-4da0-b427-0d11ea28bf49 6cb7ab7bac0e4f7895da0ba510486992 86982ab26c014fb6a8a45833ab4e26fa - - default default] Method 'is_advsvc' is deprecated since 2023.2 release (neutron-lib 3.8.0) and will be removed once support for the old RBAC API policies will be removed from Neutron. Please use method 'is_service_role' instead.
2026-05-29 23:04:39.728 10 INFO neutron.db.ovn_revision_numbers_db [None req-b1f5a3b4-30bc-4da0-b427-0d11ea28bf49 6cb7ab7bac0e4f7895da0ba510486992 86982ab26c014fb6a8a45833ab4e26fa - - default default] Successfully bumped revision number for resource 98d3f936-126a-4537-a97c-c6bce824a9b0 (type: security_group_rules) to 0
2026-05-29 23:04:39.759 10 INFO neutron.wsgi [None req-b1f5a3b4-30bc-4da0-b427-0d11ea28bf49 6cb7ab7bac0e4f7895da0ba510486992 86982ab26c014fb6a8a45833ab4e26fa - - default default] 10.0.0.181 "POST /v2.0/security-group-rules HTTP/1.1" status: 201 len: 763 time: 0.1712694
2026-05-29 23:04:39.770 10 WARNING neutron_lib.context [None req-4b28727c-b3bf-4386-96a8-ebc429c40974 6cb7ab7bac0e4f7895da0ba510486992 86982ab26c014fb6a8a45833ab4e26fa - - default default] Method 'is_advsvc' is deprecated since 2023.2 release (neutron-lib 3.8.0) and will be removed once support for the old RBAC API policies will be removed from Neutron. Please use method 'is_service_role' instead.
2026-05-29 23:04:39.815 9 INFO neutron.db.ovn_revision_numbers_db [None req-8a4ad773-54c0-43c0-aa9b-a7b756d73871 - - - - - -] Successfully bumped revision number for resource 33c67cc9-490b-40cf-9060-de77f5822715 (type: ports) to 5
2026-05-29 23:04:39.889 10 INFO neutron.db.ovn_revision_numbers_db [None req-4b28727c-b3bf-4386-96a8-ebc429c40974 6cb7ab7bac0e4f7895da0ba510486992 86982ab26c014fb6a8a45833ab4e26fa - - default default] Successfully bumped revision number for resource 3e4522fc-c366-4034-98f1-85ca7e256e59 (type: security_group_rules) to 0
2026-05-29 23:04:39.941 10 INFO neutron.wsgi [None req-4b28727c-b3bf-4386-96a8-ebc429c40974 6cb7ab7bac0e4f7895da0ba510486992 86982ab26c014fb6a8a45833ab4e26fa - - default default] 10.0.0.181 "POST /v2.0/security-group-rules HTTP/1.1" status: 201 len: 769 time: 0.1760383
2026-05-29 23:04:39.944 9 INFO neutron.db.ovn_revision_numbers_db [None req-affc7bbb-1ee1-4593-80f1-f345613a45e4 6a50422223ed4b9ca3b2ce43192c37d5 a8cec7abc0cf433ebaa538af7a4fd6b0 - - default default] Successfully bumped revision number for resource e4fcd687-2a46-45fc-b390-2a69863ea484 (type: ports) to 1
2026-05-29 23:04:39.954 10 WARNING neutron_lib.context [None req-fea76106-3e39-43c5-a209-ec11d27f5cc1 6cb7ab7bac0e4f7895da0ba510486992 86982ab26c014fb6a8a45833ab4e26fa - - default default] Method 'is_advsvc' is deprecated since 2023.2 release (neutron-lib 3.8.0) and will be removed once support for the old RBAC API policies will be removed from Neutron. Please use method 'is_service_role' instead.
2026-05-29 23:04:40.072 10 INFO neutron.db.ovn_revision_numbers_db [None req-fea76106-3e39-43c5-a209-ec11d27f5cc1 6cb7ab7bac0e4f7895da0ba510486992 86982ab26c014fb6a8a45833ab4e26fa - - default default] Successfully bumped revision number for resource 2695a21f-dace-48b5-9aad-32912f7ccd8b (type: security_group_rules) to 0
2026-05-29 23:04:40.097 10 INFO neutron.wsgi [None req-fea76106-3e39-43c5-a209-ec11d27f5cc1 6cb7ab7bac0e4f7895da0ba510486992 86982ab26c014fb6a8a45833ab4e26fa - - default default] 10.0.0.181 "POST /v2.0/security-group-rules HTTP/1.1" status: 201 len: 768 time: 0.1483471
2026-05-29 23:04:40.106 10 WARNING neutron_lib.context [None req-d835dcf0-9d53-4ca7-9866-6e5099177c7a 6cb7ab7bac0e4f7895da0ba510486992 86982ab26c014fb6a8a45833ab4e26fa - - default default] Method 'is_advsvc' is deprecated since 2023.2 release (neutron-lib 3.8.0) and will be removed once support for the old RBAC API policies will be removed from Neutron. Please use method 'is_service_role' instead. /var/lib/openstack/lib/python3.10/site-packages/pycadf/identifier.py:71: UserWarning: Invalid uuid: neutron. To ensure interoperability, identifiers should be a valid uuid. warnings.warn(('Invalid uuid: %s. To ensure interoperability, '
2026-05-29 23:04:40.128 10 INFO neutron.db.securitygroups_db [None req-d835dcf0-9d53-4ca7-9866-6e5099177c7a 6cb7ab7bac0e4f7895da0ba510486992 86982ab26c014fb6a8a45833ab4e26fa - - default default] Project 86982ab26c014fb6a8a45833ab4e26fa added a security group rule with legacy IPv6 ICMP protocol name icmp, ipv6-icmp should be used instead. It was automatically converted.
2026-05-29 23:04:40.204 9 INFO neutron.wsgi [req-3d6d98b4-0902-469e-b953-a49a17d1a98c req-36ab7d16-0f2a-4154-a603-8da20b4a178d cd65aaf00e384a95b12860a06e44abb3 573f8c8de29744e5b6fa45416c6fe655 - - default default] 10.0.0.86 "GET /v2.0/ports?device_id=0cc07978-0dff-452e-895f-c481297a0530 HTTP/1.1" status: 200 len: 1168 time: 0.0957093
2026-05-29 23:04:40.227 10 INFO neutron.db.ovn_revision_numbers_db [None req-d835dcf0-9d53-4ca7-9866-6e5099177c7a 6cb7ab7bac0e4f7895da0ba510486992 86982ab26c014fb6a8a45833ab4e26fa - - default default] Successfully bumped revision number for resource 14a83363-8450-46f8-b4ff-846c699334d9 (type: security_group_rules) to 0
2026-05-29 23:04:40.251 10 INFO neutron.wsgi [None req-d835dcf0-9d53-4ca7-9866-6e5099177c7a 6cb7ab7bac0e4f7895da0ba510486992 86982ab26c014fb6a8a45833ab4e26fa - - default default] 10.0.0.181 "POST /v2.0/security-group-rules HTTP/1.1" status: 201 len: 774 time: 0.1496234
2026-05-29 23:04:40.261 10 WARNING neutron_lib.context [None req-2224c28c-b368-4547-b1bb-78f779c28449 6cb7ab7bac0e4f7895da0ba510486992 86982ab26c014fb6a8a45833ab4e26fa - - default default] Method 'is_advsvc' is deprecated since 2023.2 release (neutron-lib 3.8.0) and will be removed once support for the old RBAC API policies will be removed from Neutron. Please use method 'is_service_role' instead.
2026-05-29 23:04:40.290 10 INFO neutron.db.securitygroups_db [None req-2224c28c-b368-4547-b1bb-78f779c28449 6cb7ab7bac0e4f7895da0ba510486992 86982ab26c014fb6a8a45833ab4e26fa - - default default] Project 86982ab26c014fb6a8a45833ab4e26fa added a security group rule with legacy IPv6 ICMP protocol name icmp, ipv6-icmp should be used instead. It was automatically converted.
2026-05-29 23:04:40.314 9 INFO neutron.wsgi [req-3d6d98b4-0902-469e-b953-a49a17d1a98c req-bba3bccc-c78a-4577-8309-d52450ecb3c5 cd65aaf00e384a95b12860a06e44abb3 573f8c8de29744e5b6fa45416c6fe655 - - default default] 10.0.0.86 "GET /v2.0/security-groups?id=5aa80aea-f06b-4886-aeaa-c59869065ce2&fields=id&fields=name HTTP/1.1" status: 200 len: 286 time: 0.1010430
2026-05-29 23:04:40.325 9 INFO neutron.wsgi [req-8ca5a6f0-1bea-4113-bcfe-b4fda43ffa79 req-8178deae-3b79-417b-aa0f-26e63d1bb66f cd65aaf00e384a95b12860a06e44abb3 573f8c8de29744e5b6fa45416c6fe655 - - default default] 199.204.45.30 "DELETE /v2.0/ports/33c67cc9-490b-40cf-9060-de77f5822715 HTTP/1.1" status: 204 len: 173 time: 0.9738495
2026-05-29 23:04:40.440 10 INFO neutron.db.ovn_revision_numbers_db [None req-2224c28c-b368-4547-b1bb-78f779c28449 6cb7ab7bac0e4f7895da0ba510486992 86982ab26c014fb6a8a45833ab4e26fa - - default default] Successfully bumped revision number for resource 1885ab51-ff95-4f18-85d0-cbdc7541c4a6 (type: security_group_rules) to 0
2026-05-29 23:04:40.478 10 INFO neutron.wsgi [None req-2224c28c-b368-4547-b1bb-78f779c28449 6cb7ab7bac0e4f7895da0ba510486992 86982ab26c014fb6a8a45833ab4e26fa - - default default] 10.0.0.181 "POST /v2.0/security-group-rules HTTP/1.1" status: 201 len: 773 time: 0.2219489
2026-05-29 23:04:40.684 10 INFO neutron.db.ovn_revision_numbers_db [None req-78e1e972-0d84-4ec5-954d-ad4d11273692 6a50422223ed4b9ca3b2ce43192c37d5 a8cec7abc0cf433ebaa538af7a4fd6b0 - - default default] Successfully bumped revision number for resource 7862f643-c6e7-42e9-b2b9-db68eb56b718 (type: security_groups) to 1
2026-05-29 23:04:40.700 10 INFO neutron.db.ovn_revision_numbers_db [None req-78e1e972-0d84-4ec5-954d-ad4d11273692 6a50422223ed4b9ca3b2ce43192c37d5 a8cec7abc0cf433ebaa538af7a4fd6b0 - - default default] Successfully bumped revision number for resource 085b3818-6646-4d72-ab11-de259aa047ed (type: security_group_rules) to 0
2026-05-29 23:04:40.715 10 INFO neutron.db.ovn_revision_numbers_db [None req-78e1e972-0d84-4ec5-954d-ad4d11273692 6a50422223ed4b9ca3b2ce43192c37d5 a8cec7abc0cf433ebaa538af7a4fd6b0 - - default default] Successfully bumped revision number for resource 147dffdd-04ca-4d7f-8230-7eca66daf40f (type: security_group_rules) to 0
2026-05-29 23:04:40.730 10 INFO neutron.db.ovn_revision_numbers_db [None req-78e1e972-0d84-4ec5-954d-ad4d11273692 6a50422223ed4b9ca3b2ce43192c37d5 a8cec7abc0cf433ebaa538af7a4fd6b0 - - default default] Successfully bumped revision number for resource 79b1f052-5594-449b-a4a4-e73ff4b2d270 (type: security_group_rules) to 0
2026-05-29 23:04:40.750 10 INFO neutron.db.ovn_revision_numbers_db [None req-78e1e972-0d84-4ec5-954d-ad4d11273692 6a50422223ed4b9ca3b2ce43192c37d5 a8cec7abc0cf433ebaa538af7a4fd6b0 - - default default] Successfully bumped revision number for resource b87b6999-5993-4ebf-93e3-7ab2f82fa28e (type: security_group_rules) to 0
2026-05-29 23:04:40.785 9 INFO neutron.plugins.ml2.drivers.ovn.mech_driver.mech_driver [None req-8a4ad773-54c0-43c0-aa9b-a7b756d73871 - - - - - -] OVN reports status up for port: e4fcd687-2a46-45fc-b390-2a69863ea484
2026-05-29 23:04:40.791 10 INFO neutron.wsgi [None req-78e1e972-0d84-4ec5-954d-ad4d11273692 6a50422223ed4b9ca3b2ce43192c37d5 a8cec7abc0cf433ebaa538af7a4fd6b0 - - default default] 10.0.0.181 "GET /v2.0/security-groups?tenant_id=4012bad690f747789bef3083794bbe8b&name=default HTTP/1.1" status: 200 len: 2996 time: 0.4519780
2026-05-29 23:04:40.796 10 INFO neutron.plugins.ml2.drivers.ovn.mech_driver.ovsdb.ovsdb_monitor [None req-d3b9149d-b377-471b-a93c-2ff810a85d9c - - - - - -] Router 178f0ef1-5aa1-4d81-bf15-f3b3da9cbee5 is bound to host instance
2026-05-29 23:04:40.806 9 INFO neutron.plugins.ml2.plugin [None req-8a4ad773-54c0-43c0-aa9b-a7b756d73871 - - - - - -] Attempt 1 to provision port e4fcd687-2a46-45fc-b390-2a69863ea484
2026-05-29 23:04:40.826 9 INFO neutron.db.ovn_revision_numbers_db [None req-affc7bbb-1ee1-4593-80f1-f345613a45e4 6a50422223ed4b9ca3b2ce43192c37d5 a8cec7abc0cf433ebaa538af7a4fd6b0 - - default default] Successfully bumped revision number for resource e4fcd687-2a46-45fc-b390-2a69863ea484 (type: router_ports) to 1
2026-05-29 23:04:40.912 9 INFO neutron.db.ovn_revision_numbers_db [None req-affc7bbb-1ee1-4593-80f1-f345613a45e4 6a50422223ed4b9ca3b2ce43192c37d5 a8cec7abc0cf433ebaa538af7a4fd6b0 - - default default] Successfully bumped revision number for resource 178f0ef1-5aa1-4d81-bf15-f3b3da9cbee5 (type: routers) to 2
2026-05-29 23:04:40.927 9 INFO neutron.wsgi [None req-affc7bbb-1ee1-4593-80f1-f345613a45e4 6a50422223ed4b9ca3b2ce43192c37d5 a8cec7abc0cf433ebaa538af7a4fd6b0 - - default default] 10.0.0.181 "POST /v2.0/routers HTTP/1.1" status: 201 len: 876 time: 2.3694174
2026-05-29 23:04:41.023 10 INFO neutron.wsgi [None req-25a05b59-39f1-4565-a68a-7aae0f1154c5 6cb7ab7bac0e4f7895da0ba510486992 86982ab26c014fb6a8a45833ab4e26fa - - default default] 10.0.0.181 "GET /v2.0/networks HTTP/1.1" status: 200 len: 1493 time: 0.1661649
2026-05-29 23:04:41.190 10 INFO neutron.wsgi [None req-807ca4b7-a35d-488f-b52e-bd793ca34dbd 6a50422223ed4b9ca3b2ce43192c37d5 a8cec7abc0cf433ebaa538af7a4fd6b0 - - default default] 10.0.0.181 "DELETE /v2.0/security-groups/7862f643-c6e7-42e9-b2b9-db68eb56b718 HTTP/1.1" status: 204 len: 168 time: 0.3921194
2026-05-29 23:04:41.196 9 INFO neutron.wsgi [req-7a78329d-35b2-482b-8883-9a435d6b998d req-1e6bc1d2-8196-4c5d-b4b6-1bb83e999824 6cb7ab7bac0e4f7895da0ba510486992 86982ab26c014fb6a8a45833ab4e26fa - - default default] 10.0.0.86 "GET /v2.0/security-groups?name=tempest-secgroup-smoke-1394440966&fields=id&tenant_id=86982ab26c014fb6a8a45833ab4e26fa HTTP/1.1" status: 200 len: 267 time: 0.0814962
2026-05-29 23:04:41.218 9 INFO neutron.notifiers.nova [-] Nova event matching ['req-d9a847f8-9a87-4db3-a79b-1c96da78cbe5'] response: {'server_uuid': '0cc07978-0dff-452e-895f-c481297a0530', 'name': 'network-vif-plugged', 'status': 'completed', 'tag': '33c67cc9-490b-40cf-9060-de77f5822715', 'code': 200}
2026-05-29 23:04:41.218 9 INFO neutron.notifiers.nova [-] Nova event matching ['req-d9a847f8-9a87-4db3-a79b-1c96da78cbe5'] response: {'server_uuid': '0cc07978-0dff-452e-895f-c481297a0530', 'name': 'network-vif-deleted', 'tag': '33c67cc9-490b-40cf-9060-de77f5822715', 'status': 'completed', 'code': 200}
2026-05-29 23:04:41.320 9 INFO neutron.wsgi [req-7a78329d-35b2-482b-8883-9a435d6b998d req-39f9f63b-5615-48b9-b316-1e4871970d04 6cb7ab7bac0e4f7895da0ba510486992 86982ab26c014fb6a8a45833ab4e26fa - - default default] 10.0.0.86 "GET /v2.0/networks?id=6fc97c85-3d1e-415f-b612-f3589c036623 HTTP/1.1" status: 200 len: 860 time: 0.1157436
2026-05-29 23:04:41.357 9 INFO neutron.wsgi [req-7a78329d-35b2-482b-8883-9a435d6b998d req-176a8a55-148e-4f09-ab46-2d6091556845 6cb7ab7bac0e4f7895da0ba510486992 86982ab26c014fb6a8a45833ab4e26fa - - default default] 10.0.0.86 "GET /v2.0/quotas/86982ab26c014fb6a8a45833ab4e26fa HTTP/1.1" status: 200 len: 386 time: 0.0211034
2026-05-29 23:04:41.491 9 INFO neutron.wsgi [req-7a78329d-35b2-482b-8883-9a435d6b998d req-19a6e41d-b57f-4cac-a8bd-e4bcfed3b685 6cb7ab7bac0e4f7895da0ba510486992 86982ab26c014fb6a8a45833ab4e26fa - - default default] 10.0.0.86 "GET /v2.0/ports?tenant_id=86982ab26c014fb6a8a45833ab4e26fa&fields=id HTTP/1.1" status: 200 len: 302 time: 0.1264248
2026-05-29 23:04:41.612 9 INFO neutron.wsgi [req-7a78329d-35b2-482b-8883-9a435d6b998d req-cbad53ef-06d0-4548-8a80-ea5c5549e38e 1b837833910a4dcfb0d1b08241e63654 c313135cd3f649f8b0a2a0ed8c949055 - - 02a142e46f5146a08f42729707b5a95e 02a142e46f5146a08f42729707b5a95e] 10.0.0.86 "GET /v2.0/networks/6fc97c85-3d1e-415f-b612-f3589c036623?fields=segments HTTP/1.1" status: 200 len: 212 time: 0.0901134
2026-05-29 23:04:41.620 10 INFO neutron.db.ovn_revision_numbers_db [None req-d3b9149d-b377-471b-a93c-2ff810a85d9c - - - - - -] Successfully bumped revision number for resource e4fcd687-2a46-45fc-b390-2a69863ea484 (type: ports) to 1
2026-05-29 23:04:41.651 10 INFO neutron.db.ovn_revision_numbers_db [None req-2f696b02-f58c-4864-830b-b51bb540266e 6a50422223ed4b9ca3b2ce43192c37d5 a8cec7abc0cf433ebaa538af7a4fd6b0 - - default default] Successfully bumped revision number for resource 20988246-5c36-4e5b-909f-16a9def7b55c (type: security_groups) to 1
2026-05-29 23:04:41.666 9 WARNING neutron.scheduler.dhcp_agent_scheduler [None req-92de4664-f447-4f0a-bfe8-a92bac50f501 6a50422223ed4b9ca3b2ce43192c37d5 a8cec7abc0cf433ebaa538af7a4fd6b0 - - default default] No more DHCP agents
2026-05-29 23:04:41.670 9 WARNING neutron.api.rpc.agentnotifiers.dhcp_rpc_agent_api [None req-92de4664-f447-4f0a-bfe8-a92bac50f501 6a50422223ed4b9ca3b2ce43192c37d5 a8cec7abc0cf433ebaa538af7a4fd6b0 - - default default] Unable to schedule network 1dab0b3f-ae51-4352-81ec-cead00490620: no agents available; will retry on subsequent port and subnet creation events.
2026-05-29 23:04:41.684 10 INFO neutron.db.ovn_revision_numbers_db [None req-2f696b02-f58c-4864-830b-b51bb540266e 6a50422223ed4b9ca3b2ce43192c37d5 a8cec7abc0cf433ebaa538af7a4fd6b0 - - default default] Successfully bumped revision number for resource 0a717497-3b67-4461-9298-8dc974fd2e37 (type: security_group_rules) to 0
2026-05-29 23:04:41.699 9 INFO neutron.wsgi [req-7a78329d-35b2-482b-8883-9a435d6b998d req-da4b75e4-8042-4119-9e03-dc570d97ff34 1b837833910a4dcfb0d1b08241e63654 c313135cd3f649f8b0a2a0ed8c949055 - - 02a142e46f5146a08f42729707b5a95e 02a142e46f5146a08f42729707b5a95e] 10.0.0.86 "GET /v2.0/networks/6fc97c85-3d1e-415f-b612-f3589c036623?fields=provider%3Aphysical_network&fields=provider%3Anetwork_type HTTP/1.1" status: 200 len: 277 time: 0.0808432
2026-05-29 23:04:41.728 10 INFO neutron.db.ovn_revision_numbers_db [None req-2f696b02-f58c-4864-830b-b51bb540266e 6a50422223ed4b9ca3b2ce43192c37d5 a8cec7abc0cf433ebaa538af7a4fd6b0 - - default default] Successfully bumped revision number for resource 19d43349-6e19-4400-8eed-5a2b7f6dbff2 (type: security_group_rules) to 0
2026-05-29 23:04:41.756 10 INFO neutron.db.ovn_revision_numbers_db [None req-2f696b02-f58c-4864-830b-b51bb540266e 6a50422223ed4b9ca3b2ce43192c37d5 a8cec7abc0cf433ebaa538af7a4fd6b0 - - default default] Successfully bumped revision number for resource 3557447c-1fb1-4c7d-9bef-867215943c15 (type: security_group_rules) to 0
2026-05-29 23:04:41.799 10 INFO neutron.db.ovn_revision_numbers_db [None req-2f696b02-f58c-4864-830b-b51bb540266e 6a50422223ed4b9ca3b2ce43192c37d5 a8cec7abc0cf433ebaa538af7a4fd6b0 - - default default] Successfully bumped revision number for resource 40ddddd1-3e10-49eb-aba0-141d8ff7ab78 (type: security_group_rules) to 0
2026-05-29 23:04:41.882 9 INFO neutron.wsgi [req-12a3c938-1d20-4a4f-9d42-0b064a91f40f req-a48c8aa9-9c4e-494c-afe7-6141f10b1701 6cb7ab7bac0e4f7895da0ba510486992 86982ab26c014fb6a8a45833ab4e26fa - - default default] 10.0.0.86 "GET /v2.0/ports?device_id=4b90674b-7c98-4425-9d5d-aec9d4cfb8e1 HTTP/1.1" status: 200 len: 210 time: 0.0293899
2026-05-29 23:04:41.882 9 INFO neutron.db.ovn_revision_numbers_db [None req-92de4664-f447-4f0a-bfe8-a92bac50f501 6a50422223ed4b9ca3b2ce43192c37d5 a8cec7abc0cf433ebaa538af7a4fd6b0 - - default default] Successfully bumped revision number for resource cfa6e95e-11b8-4d07-b7fc-dc3ce8879d91 (type: ports) to 1
2026-05-29 23:04:41.890 10 INFO neutron.wsgi [None req-2f696b02-f58c-4864-830b-b51bb540266e 6a50422223ed4b9ca3b2ce43192c37d5 a8cec7abc0cf433ebaa538af7a4fd6b0 - - default default] 10.0.0.181 "GET /v2.0/security-groups?tenant_id=fa3d62a3202a422c83730577ee31086f&name=default HTTP/1.1" status: 200 len: 2996 time: 0.5814836
2026-05-29 23:04:42.287 10 INFO neutron.db.ovn_revision_numbers_db [None req-d3b9149d-b377-471b-a93c-2ff810a85d9c - - - - - -] Successfully bumped revision number for resource e4fcd687-2a46-45fc-b390-2a69863ea484 (type: router_ports) to 3
2026-05-29 23:04:42.336 9 INFO neutron.db.ovn_revision_numbers_db [None req-92de4664-f447-4f0a-bfe8-a92bac50f501 6a50422223ed4b9ca3b2ce43192c37d5 a8cec7abc0cf433ebaa538af7a4fd6b0 - - default default] Successfully bumped revision number for resource cfa6e95e-11b8-4d07-b7fc-dc3ce8879d91 (type: router_ports) to 1
2026-05-29 23:04:42.520 9 INFO neutron.db.ovn_revision_numbers_db [None req-92de4664-f447-4f0a-bfe8-a92bac50f501 6a50422223ed4b9ca3b2ce43192c37d5 a8cec7abc0cf433ebaa538af7a4fd6b0 - - default default] Successfully bumped revision number for resource cfa6e95e-11b8-4d07-b7fc-dc3ce8879d91 (type: ports) to 1
2026-05-29 23:04:42.586 10 INFO neutron.db.ovn_revision_numbers_db [None req-d3b9149d-b377-471b-a93c-2ff810a85d9c - - - - - -] Successfully bumped revision number for resource e4fcd687-2a46-45fc-b390-2a69863ea484 (type: ports) to 2
2026-05-29 23:04:42.594 10 INFO neutron.wsgi [None req-f60c21a4-2447-49e6-aa28-28b6a8a403c3 6a50422223ed4b9ca3b2ce43192c37d5 a8cec7abc0cf433ebaa538af7a4fd6b0 - - default default] 10.0.0.181 "DELETE /v2.0/security-groups/20988246-5c36-4e5b-909f-16a9def7b55c HTTP/1.1" status: 204 len: 168 time: 0.6985106
2026-05-29 23:04:42.654 9 WARNING neutron.scheduler.dhcp_agent_scheduler [None req-92de4664-f447-4f0a-bfe8-a92bac50f501 6a50422223ed4b9ca3b2ce43192c37d5 a8cec7abc0cf433ebaa538af7a4fd6b0 - - default default] No more DHCP agents
2026-05-29 23:04:42.657 9 WARNING neutron.api.rpc.agentnotifiers.dhcp_rpc_agent_api [None req-92de4664-f447-4f0a-bfe8-a92bac50f501 6a50422223ed4b9ca3b2ce43192c37d5 a8cec7abc0cf433ebaa538af7a4fd6b0 - - default default] Unable to schedule network 1dab0b3f-ae51-4352-81ec-cead00490620: no agents available; will retry on subsequent port and subnet creation events.
2026-05-29 23:04:42.714 9 INFO neutron.wsgi [req-7a78329d-35b2-482b-8883-9a435d6b998d req-e89724e8-e789-436d-aee0-ef41c75c6d63 6cb7ab7bac0e4f7895da0ba510486992 86982ab26c014fb6a8a45833ab4e26fa - - default default] 199.204.45.30 "GET /v2.0/networks?id=6fc97c85-3d1e-415f-b612-f3589c036623 HTTP/1.1" status: 200 len: 860 time: 0.1278009
2026-05-29 23:04:42.796 9 INFO neutron.wsgi [req-7a78329d-35b2-482b-8883-9a435d6b998d req-a333ec9f-f0f7-482c-af34-4fbab820e36e 6cb7ab7bac0e4f7895da0ba510486992 86982ab26c014fb6a8a45833ab4e26fa - - default default] 199.204.45.30 "GET /v2.0/security-groups?fields=id&fields=name&tenant_id=86982ab26c014fb6a8a45833ab4e26fa HTTP/1.1" status: 200 len: 380 time: 0.0754671
2026-05-29 23:04:42.809 9 WARNING neutron_lib.context [req-7a78329d-35b2-482b-8883-9a435d6b998d req-5b942764-c481-47c7-a3fc-410b4b1007da 6cb7ab7bac0e4f7895da0ba510486992 86982ab26c014fb6a8a45833ab4e26fa - - default default] Method 'is_advsvc' is deprecated since 2023.2 release (neutron-lib 3.8.0) and will be removed once support for the old RBAC API policies will be removed from Neutron. Please use method 'is_service_role' instead.
2026-05-29 23:04:42.988 9 INFO neutron.wsgi [req-02b0c42c-1bc0-4643-aa5f-a19e16c39591 req-26bb9393-a7d5-4ca1-956f-bc1d678865bf 6cb7ab7bac0e4f7895da0ba510486992 86982ab26c014fb6a8a45833ab4e26fa - - default default] 10.0.0.86 "GET /v2.0/ports?device_id=4b90674b-7c98-4425-9d5d-aec9d4cfb8e1 HTTP/1.1" status: 200 len: 210 time: 0.0375462
2026-05-29 23:04:43.027 10 INFO neutron.db.ovn_revision_numbers_db [None req-d3b9149d-b377-471b-a93c-2ff810a85d9c - - - - - -] Successfully bumped revision number for resource e4fcd687-2a46-45fc-b390-2a69863ea484 (type: ports) to 4
2026-05-29 23:04:43.344 10 INFO neutron.db.ovn_revision_numbers_db [None req-d3b9149d-b377-471b-a93c-2ff810a85d9c - - - - - -] Successfully bumped revision number for resource e4fcd687-2a46-45fc-b390-2a69863ea484 (type: router_ports) to 4
2026-05-29 23:04:43.527 9 WARNING neutron.scheduler.dhcp_agent_scheduler [req-7a78329d-35b2-482b-8883-9a435d6b998d req-5b942764-c481-47c7-a3fc-410b4b1007da 6cb7ab7bac0e4f7895da0ba510486992 86982ab26c014fb6a8a45833ab4e26fa - - default default] No more DHCP agents
2026-05-29 23:04:43.531 9 WARNING neutron.api.rpc.agentnotifiers.dhcp_rpc_agent_api [req-7a78329d-35b2-482b-8883-9a435d6b998d req-5b942764-c481-47c7-a3fc-410b4b1007da 6cb7ab7bac0e4f7895da0ba510486992 86982ab26c014fb6a8a45833ab4e26fa - - default default] Unable to schedule network 6fc97c85-3d1e-415f-b612-f3589c036623: no agents available; will retry on subsequent port and subnet creation events.
2026-05-29 23:04:43.596 10 INFO neutron.wsgi [None req-75571877-2f58-435b-9963-40924a442b53 6a50422223ed4b9ca3b2ce43192c37d5 a8cec7abc0cf433ebaa538af7a4fd6b0 - - default default] 10.0.0.181 "PUT /v2.0/routers/847faf6b-5396-44e7-a82a-f4a1c6252edf/remove_router_interface HTTP/1.1" status: 200 len: 503 time: 2.1980360 /var/lib/openstack/lib/python3.10/site-packages/pycadf/identifier.py:71: UserWarning: Invalid uuid: neutron. To ensure interoperability, identifiers should be a valid uuid. warnings.warn(('Invalid uuid: %s. To ensure interoperability, '
2026-05-29 23:04:43.770 9 INFO neutron.db.ovn_revision_numbers_db [req-7a78329d-35b2-482b-8883-9a435d6b998d req-5b942764-c481-47c7-a3fc-410b4b1007da 6cb7ab7bac0e4f7895da0ba510486992 86982ab26c014fb6a8a45833ab4e26fa - - default default] Successfully bumped revision number for resource 422e5fbb-a253-4e9c-966d-a257c8c2eb23 (type: ports) to 1
2026-05-29 23:04:43.776 9 INFO neutron.db.ovn_revision_numbers_db [None req-92de4664-f447-4f0a-bfe8-a92bac50f501 6a50422223ed4b9ca3b2ce43192c37d5 a8cec7abc0cf433ebaa538af7a4fd6b0 - - default default] Successfully bumped revision number for resource cfa6e95e-11b8-4d07-b7fc-dc3ce8879d91 (type: router_ports) to 1
2026-05-29 23:04:43.778 9 INFO neutron.wsgi [None req-92de4664-f447-4f0a-bfe8-a92bac50f501 6a50422223ed4b9ca3b2ce43192c37d5 a8cec7abc0cf433ebaa538af7a4fd6b0 - - default default] 10.0.0.181 "PUT /v2.0/routers/178f0ef1-5aa1-4d81-bf15-f3b3da9cbee5/add_router_interface HTTP/1.1" status: 200 len: 503 time: 2.8465166
2026-05-29 23:04:43.796 9 INFO neutron.wsgi [req-7a78329d-35b2-482b-8883-9a435d6b998d req-5b942764-c481-47c7-a3fc-410b4b1007da 6cb7ab7bac0e4f7895da0ba510486992 86982ab26c014fb6a8a45833ab4e26fa - - default default] 199.204.45.30 "POST /v2.0/ports HTTP/1.1" status: 201 len: 1158 time: 0.9923489
2026-05-29 23:04:43.803 10 WARNING neutron.plugins.ml2.drivers.ovn.mech_driver.ovsdb.ovn_client [None req-122fb077-3377-4ad0-a2ee-7a656287fa79 - - - - - -] No hosting information found for port a2dd010f-bff1-4ecb-bbbd-09dffd81add7: RuntimeError: No hosting information found for port a2dd010f-bff1-4ecb-bbbd-09dffd81add7
2026-05-29 23:04:43.803 10 INFO neutron.plugins.ml2.drivers.ovn.mech_driver.mech_driver [None req-122fb077-3377-4ad0-a2ee-7a656287fa79 - - - - - -] OVN reports status up for port: cfa6e95e-11b8-4d07-b7fc-dc3ce8879d91 /var/lib/openstack/lib/python3.10/site-packages/pycadf/identifier.py:71: UserWarning: Invalid uuid: neutron. To ensure interoperability, identifiers should be a valid uuid. warnings.warn(('Invalid uuid: %s. To ensure interoperability, '
2026-05-29 23:04:43.826 10 INFO neutron.plugins.ml2.plugin [None req-122fb077-3377-4ad0-a2ee-7a656287fa79 - - - - - -] Attempt 1 to provision port cfa6e95e-11b8-4d07-b7fc-dc3ce8879d91
2026-05-29 23:04:44.116 9 INFO neutron.wsgi [req-155687f2-da99-43ee-9207-8cf69f442ccc req-c0c165f0-c2c5-448c-b300-e8d349721295 6cb7ab7bac0e4f7895da0ba510486992 86982ab26c014fb6a8a45833ab4e26fa - - default default] 10.0.0.86 "GET /v2.0/ports?device_id=4b90674b-7c98-4425-9d5d-aec9d4cfb8e1 HTTP/1.1" status: 200 len: 1156 time: 0.0500209 /var/lib/openstack/lib/python3.10/site-packages/pycadf/identifier.py:71: UserWarning: Invalid uuid: neutron. To ensure interoperability, identifiers should be a valid uuid. warnings.warn(('Invalid uuid: %s. To ensure interoperability, '
2026-05-29 23:04:44.177 9 INFO neutron.wsgi [req-155687f2-da99-43ee-9207-8cf69f442ccc req-c5633d2e-b206-4cf6-89ba-da046f94c5c0 6cb7ab7bac0e4f7895da0ba510486992 86982ab26c014fb6a8a45833ab4e26fa - - default default] 10.0.0.86 "GET /v2.0/security-groups?id=14329ba6-b407-4578-ac6d-3dc4e84c95d4&fields=id&fields=name HTTP/1.1" status: 200 len: 313 time: 0.0533025
2026-05-29 23:04:44.273 10 INFO neutron.db.ovn_revision_numbers_db [None req-122fb077-3377-4ad0-a2ee-7a656287fa79 - - - - - -] Successfully bumped revision number for resource cfa6e95e-11b8-4d07-b7fc-dc3ce8879d91 (type: ports) to 2
2026-05-29 23:04:44.299 9 INFO neutron.db.ovn_revision_numbers_db [req-7a78329d-35b2-482b-8883-9a435d6b998d req-c7458af2-61b6-4db9-a4af-4343f92bb075 1b837833910a4dcfb0d1b08241e63654 c313135cd3f649f8b0a2a0ed8c949055 - - 02a142e46f5146a08f42729707b5a95e 02a142e46f5146a08f42729707b5a95e] Successfully bumped revision number for resource 422e5fbb-a253-4e9c-966d-a257c8c2eb23 (type: ports) to 2
2026-05-29 23:04:44.380 10 INFO neutron.db.ovn_revision_numbers_db [None req-122fb077-3377-4ad0-a2ee-7a656287fa79 - - - - - -] Successfully bumped revision number for resource cfa6e95e-11b8-4d07-b7fc-dc3ce8879d91 (type: router_ports) to 2
2026-05-29 23:04:44.508 9 INFO neutron.db.ovn_revision_numbers_db [req-7a78329d-35b2-482b-8883-9a435d6b998d req-c7458af2-61b6-4db9-a4af-4343f92bb075 1b837833910a4dcfb0d1b08241e63654 c313135cd3f649f8b0a2a0ed8c949055 - - 02a142e46f5146a08f42729707b5a95e 02a142e46f5146a08f42729707b5a95e] Successfully bumped revision number for resource 422e5fbb-a253-4e9c-966d-a257c8c2eb23 (type: ports) to 2
2026-05-29 23:04:44.534 9 INFO neutron.wsgi [req-7a78329d-35b2-482b-8883-9a435d6b998d req-c7458af2-61b6-4db9-a4af-4343f92bb075 1b837833910a4dcfb0d1b08241e63654 c313135cd3f649f8b0a2a0ed8c949055 - - 02a142e46f5146a08f42729707b5a95e 02a142e46f5146a08f42729707b5a95e] 199.204.45.30 "PUT /v2.0/ports/422e5fbb-a253-4e9c-966d-a257c8c2eb23 HTTP/1.1" status: 200 len: 1376 time: 0.7272344 /var/lib/openstack/lib/python3.10/site-packages/pycadf/identifier.py:71: UserWarning: Invalid uuid: neutron. To ensure interoperability, identifiers should be a valid uuid. warnings.warn(('Invalid uuid: %s. To ensure interoperability, '
2026-05-29 23:04:44.564 9 WARNING neutron_lib.context [None req-aebe26f5-19b3-4035-b33b-d9b6e0627b12 d0572d8f15734e3e8982605b4c29e8c7 d5d6d60ff91e4a0fa7b02ef95d9ea17e - - default default] Method 'is_advsvc' is deprecated since 2023.2 release (neutron-lib 3.8.0) and will be removed once support for the old RBAC API policies will be removed from Neutron. Please use method 'is_service_role' instead.
2026-05-29 23:04:44.606 9 INFO neutron.notifiers.nova [-] Nova event matching ['req-08799c04-052c-498c-be36-b382592e3c63'] response: {'name': 'network-changed', 'server_uuid': '4b90674b-7c98-4425-9d5d-aec9d4cfb8e1', 'tag': '422e5fbb-a253-4e9c-966d-a257c8c2eb23', 'status': 'completed', 'code': 200}
2026-05-29 23:04:44.641 9 INFO neutron.wsgi [req-7a78329d-35b2-482b-8883-9a435d6b998d req-92de3f77-07f8-403b-9235-8fa563d2399f 1b837833910a4dcfb0d1b08241e63654 c313135cd3f649f8b0a2a0ed8c949055 - - 02a142e46f5146a08f42729707b5a95e 02a142e46f5146a08f42729707b5a95e] 199.204.45.30 "GET /v2.0/ports?tenant_id=86982ab26c014fb6a8a45833ab4e26fa&device_id=4b90674b-7c98-4425-9d5d-aec9d4cfb8e1 HTTP/1.1" status: 200 len: 1407 time: 0.0484617
2026-05-29 23:04:44.671 9 INFO neutron.wsgi [req-7a78329d-35b2-482b-8883-9a435d6b998d req-4b8f34d3-11eb-4c26-96ef-4ec85e55cae0 1b837833910a4dcfb0d1b08241e63654 c313135cd3f649f8b0a2a0ed8c949055 - - 02a142e46f5146a08f42729707b5a95e 02a142e46f5146a08f42729707b5a95e] 199.204.45.30 "GET /v2.0/floatingips?fixed_ip_address=10.100.0.5&port_id=422e5fbb-a253-4e9c-966d-a257c8c2eb23 HTTP/1.1" status: 200 len: 217 time: 0.0236068
2026-05-29 23:04:44.723 9 INFO neutron.wsgi [req-7a78329d-35b2-482b-8883-9a435d6b998d req-dd9b40fe-4262-4dd7-abe3-a289ca27ebcf 1b837833910a4dcfb0d1b08241e63654 c313135cd3f649f8b0a2a0ed8c949055 - - 02a142e46f5146a08f42729707b5a95e 02a142e46f5146a08f42729707b5a95e] 199.204.45.30 "GET /v2.0/subnets?id=98731998-3cb6-4eb1-a639-12899751d172 HTTP/1.1" status: 200 len: 853 time: 0.0433021
2026-05-29 23:04:44.754 9 INFO neutron.wsgi [req-7a78329d-35b2-482b-8883-9a435d6b998d req-d55651d3-d796-4080-84d7-0b40ed4e33d2 1b837833910a4dcfb0d1b08241e63654 c313135cd3f649f8b0a2a0ed8c949055 - - 02a142e46f5146a08f42729707b5a95e 02a142e46f5146a08f42729707b5a95e] 199.204.45.30 "GET /v2.0/ports?network_id=6fc97c85-3d1e-415f-b612-f3589c036623&device_owner=network%3Adhcp HTTP/1.1" status: 200 len: 210 time: 0.0212588
2026-05-29 23:04:44.782 9 INFO neutron.db.ovn_revision_numbers_db [None req-aebe26f5-19b3-4035-b33b-d9b6e0627b12 d0572d8f15734e3e8982605b4c29e8c7 d5d6d60ff91e4a0fa7b02ef95d9ea17e - - default default] Successfully bumped revision number for resource 632ccd46-4145-4fb9-b8b4-5bf908a301f4 (type: security_groups) to 1
2026-05-29 23:04:44.806 9 INFO neutron.db.ovn_revision_numbers_db [None req-aebe26f5-19b3-4035-b33b-d9b6e0627b12 d0572d8f15734e3e8982605b4c29e8c7 d5d6d60ff91e4a0fa7b02ef95d9ea17e - - default default] Successfully bumped revision number for resource 62d7baff-6c52-4ecd-bd04-e4e967839978 (type: security_group_rules) to 0
2026-05-29 23:04:44.822 9 INFO neutron.wsgi [req-7a78329d-35b2-482b-8883-9a435d6b998d req-930661fa-6f08-4273-95fb-7d5acb7fb880 1b837833910a4dcfb0d1b08241e63654 c313135cd3f649f8b0a2a0ed8c949055 - - 02a142e46f5146a08f42729707b5a95e 02a142e46f5146a08f42729707b5a95e] 199.204.45.30 "GET /v2.0/networks/6fc97c85-3d1e-415f-b612-f3589c036623?fields=segments HTTP/1.1" status: 200 len: 212 time: 0.0593479
2026-05-29 23:04:44.823 9 INFO neutron.db.ovn_revision_numbers_db [None req-aebe26f5-19b3-4035-b33b-d9b6e0627b12 d0572d8f15734e3e8982605b4c29e8c7 d5d6d60ff91e4a0fa7b02ef95d9ea17e - - default default] Successfully bumped revision number for resource b8ee3682-6048-4480-995e-71c1aa40fd0c (type: security_group_rules) to 0
2026-05-29 23:04:44.853 9 INFO neutron.wsgi [None req-aebe26f5-19b3-4035-b33b-d9b6e0627b12 d0572d8f15734e3e8982605b4c29e8c7 d5d6d60ff91e4a0fa7b02ef95d9ea17e - - default default] 10.0.0.181 "POST /v2.0/security-groups HTTP/1.1" status: 201 len: 1797 time: 0.3012919
2026-05-29 23:04:44.868 9 WARNING neutron_lib.context [None req-91b2c766-e49b-49f9-8c88-cca0513e2537 d0572d8f15734e3e8982605b4c29e8c7 d5d6d60ff91e4a0fa7b02ef95d9ea17e - - default default] Method 'is_advsvc' is deprecated since 2023.2 release (neutron-lib 3.8.0) and will be removed once support for the old RBAC API policies will be removed from Neutron. Please use method 'is_service_role' instead.
2026-05-29 23:04:44.910 10 INFO neutron.wsgi [None req-78096fdb-8b82-4f59-9a84-222f56f9945e 6a50422223ed4b9ca3b2ce43192c37d5 a8cec7abc0cf433ebaa538af7a4fd6b0 - - default default] 10.0.0.181 "DELETE /v2.0/routers/847faf6b-5396-44e7-a82a-f4a1c6252edf HTTP/1.1" status: 204 len: 168 time: 1.3065269
2026-05-29 23:04:44.915 9 INFO neutron.wsgi [req-7a78329d-35b2-482b-8883-9a435d6b998d req-dd9e86f7-a589-42b6-8faa-7484ea9c4237 1b837833910a4dcfb0d1b08241e63654 c313135cd3f649f8b0a2a0ed8c949055 - - 02a142e46f5146a08f42729707b5a95e 02a142e46f5146a08f42729707b5a95e] 199.204.45.30 "GET /v2.0/networks/6fc97c85-3d1e-415f-b612-f3589c036623?fields=provider%3Aphysical_network&fields=provider%3Anetwork_type HTTP/1.1" status: 200 len: 277 time: 0.0842912
2026-05-29 23:04:45.046 9 INFO neutron.wsgi [req-2247294d-b05b-45fc-a061-fc3b9270bfc9 req-54ad639f-28f1-4ce4-b346-460218c7668e 1b837833910a4dcfb0d1b08241e63654 c313135cd3f649f8b0a2a0ed8c949055 - - 02a142e46f5146a08f42729707b5a95e 02a142e46f5146a08f42729707b5a95e] 199.204.45.30 "GET /v2.0/ports?tenant_id=86982ab26c014fb6a8a45833ab4e26fa&device_id=4b90674b-7c98-4425-9d5d-aec9d4cfb8e1 HTTP/1.1" status: 200 len: 1407 time: 0.0818977
2026-05-29 23:04:45.230 9 INFO neutron.wsgi [req-2247294d-b05b-45fc-a061-fc3b9270bfc9 req-f272ba1f-ab03-4f29-94c3-a75b857772c8 1b837833910a4dcfb0d1b08241e63654 c313135cd3f649f8b0a2a0ed8c949055 - - 02a142e46f5146a08f42729707b5a95e 02a142e46f5146a08f42729707b5a95e] 199.204.45.30 "GET /v2.0/networks?id=6fc97c85-3d1e-415f-b612-f3589c036623 HTTP/1.1" status: 200 len: 959 time: 0.1731236
2026-05-29 23:04:45.287 9 INFO neutron.wsgi [req-2247294d-b05b-45fc-a061-fc3b9270bfc9 req-80a48aec-7c6a-4566-aadd-6a8657726a13 1b837833910a4dcfb0d1b08241e63654 c313135cd3f649f8b0a2a0ed8c949055 - - 02a142e46f5146a08f42729707b5a95e 02a142e46f5146a08f42729707b5a95e] 199.204.45.30 "GET /v2.0/floatingips?fixed_ip_address=10.100.0.5&port_id=422e5fbb-a253-4e9c-966d-a257c8c2eb23 HTTP/1.1" status: 200 len: 217 time: 0.0456777
2026-05-29 23:04:45.374 9 INFO neutron.wsgi [req-57f544e0-9cbf-4930-9f80-8cb4d226a8b5 req-ad2ddfec-7fa7-455e-94d1-96773d2e0db6 6cb7ab7bac0e4f7895da0ba510486992 86982ab26c014fb6a8a45833ab4e26fa - - default default] 10.0.0.86 "GET /v2.0/ports?device_id=4b90674b-7c98-4425-9d5d-aec9d4cfb8e1 HTTP/1.1" status: 200 len: 1168 time: 0.0932026
2026-05-29 23:04:45.378 9 INFO neutron.db.ovn_revision_numbers_db [None req-91b2c766-e49b-49f9-8c88-cca0513e2537 d0572d8f15734e3e8982605b4c29e8c7 d5d6d60ff91e4a0fa7b02ef95d9ea17e - - default default] Successfully bumped revision number for resource 41c8f529-d1b8-4f37-bef0-36ffe8d026eb (type: security_group_rules) to 0
2026-05-29 23:04:45.399 9 INFO neutron.wsgi [req-2247294d-b05b-45fc-a061-fc3b9270bfc9 req-d7f2ef56-2736-488a-8229-2424703ad506 1b837833910a4dcfb0d1b08241e63654 c313135cd3f649f8b0a2a0ed8c949055 - - 02a142e46f5146a08f42729707b5a95e 02a142e46f5146a08f42729707b5a95e] 199.204.45.30 "GET /v2.0/subnets?id=98731998-3cb6-4eb1-a639-12899751d172 HTTP/1.1" status: 200 len: 853 time: 0.0957060
2026-05-29 23:04:45.443 9 INFO neutron.wsgi [req-2247294d-b05b-45fc-a061-fc3b9270bfc9 req-be4241f1-0ff3-4679-8e9f-d7a21be322f9 1b837833910a4dcfb0d1b08241e63654 c313135cd3f649f8b0a2a0ed8c949055 - - 02a142e46f5146a08f42729707b5a95e 02a142e46f5146a08f42729707b5a95e] 199.204.45.30 "GET /v2.0/ports?network_id=6fc97c85-3d1e-415f-b612-f3589c036623&device_owner=network%3Adhcp HTTP/1.1" status: 200 len: 210 time: 0.0377781
2026-05-29 23:04:45.458 9 INFO neutron.wsgi [None req-91b2c766-e49b-49f9-8c88-cca0513e2537 d0572d8f15734e3e8982605b4c29e8c7 d5d6d60ff91e4a0fa7b02ef95d9ea17e - - default default] 10.0.0.181 "POST /v2.0/security-group-rules HTTP/1.1" status: 201 len: 764 time: 0.6003406
2026-05-29 23:04:45.468 10 WARNING neutron_lib.context [None req-01184289-2efc-4e30-9c45-552cce8110c5 d0572d8f15734e3e8982605b4c29e8c7 d5d6d60ff91e4a0fa7b02ef95d9ea17e - - default default] Method 'is_advsvc' is deprecated since 2023.2 release (neutron-lib 3.8.0) and will be removed once support for the old RBAC API policies will be removed from Neutron. Please use method 'is_service_role' instead.
2026-05-29 23:04:45.480 9 INFO neutron.wsgi [None req-9f5c8c18-9e59-44f9-b5e1-4117a8c1fb76 6a50422223ed4b9ca3b2ce43192c37d5 a8cec7abc0cf433ebaa538af7a4fd6b0 - - default default] 10.0.0.181 "DELETE /v2.0/subnets/803f7a65-0667-4373-b44f-512672cd4adc HTTP/1.1" status: 204 len: 168 time: 0.5508649
2026-05-29 23:04:45.487 9 INFO neutron.wsgi [req-57f544e0-9cbf-4930-9f80-8cb4d226a8b5 req-efcd7904-5225-4a68-b654-4526ab903d67 6cb7ab7bac0e4f7895da0ba510486992 86982ab26c014fb6a8a45833ab4e26fa - - default default] 10.0.0.86 "GET /v2.0/security-groups?id=14329ba6-b407-4578-ac6d-3dc4e84c95d4&fields=id&fields=name HTTP/1.1" status: 200 len: 313 time: 0.1041729
2026-05-29 23:04:45.538 9 INFO neutron.wsgi [req-2247294d-b05b-45fc-a061-fc3b9270bfc9 req-89188b1d-4f58-49f8-8b33-0c185bea4373 1b837833910a4dcfb0d1b08241e63654 c313135cd3f649f8b0a2a0ed8c949055 - - 02a142e46f5146a08f42729707b5a95e 02a142e46f5146a08f42729707b5a95e] 199.204.45.30 "GET /v2.0/networks/6fc97c85-3d1e-415f-b612-f3589c036623?fields=segments HTTP/1.1" status: 200 len: 212 time: 0.0827026
2026-05-29 23:04:45.629 9 INFO neutron.wsgi [req-2247294d-b05b-45fc-a061-fc3b9270bfc9 req-1fd509e4-3677-4287-accd-eee89014fcae 1b837833910a4dcfb0d1b08241e63654 c313135cd3f649f8b0a2a0ed8c949055 - - 02a142e46f5146a08f42729707b5a95e 02a142e46f5146a08f42729707b5a95e] 199.204.45.30 "GET /v2.0/networks/6fc97c85-3d1e-415f-b612-f3589c036623?fields=provider%3Aphysical_network&fields=provider%3Anetwork_type HTTP/1.1" status: 200 len: 277 time: 0.0840127
2026-05-29 23:04:45.731 10 INFO neutron.db.ovn_revision_numbers_db [None req-01184289-2efc-4e30-9c45-552cce8110c5 d0572d8f15734e3e8982605b4c29e8c7 d5d6d60ff91e4a0fa7b02ef95d9ea17e - - default default] Successfully bumped revision number for resource d639c994-2dff-401f-a748-3e9bd025c9a4 (type: security_group_rules) to 0
2026-05-29 23:04:45.773 10 INFO neutron.wsgi [None req-01184289-2efc-4e30-9c45-552cce8110c5 d0572d8f15734e3e8982605b4c29e8c7 d5d6d60ff91e4a0fa7b02ef95d9ea17e - - default default] 10.0.0.181 "POST /v2.0/security-group-rules HTTP/1.1" status: 201 len: 769 time: 0.3104506
2026-05-29 23:04:45.782 10 WARNING neutron_lib.context [None req-1318363c-28cf-42d3-9657-8cd5c712d9a8 d0572d8f15734e3e8982605b4c29e8c7 d5d6d60ff91e4a0fa7b02ef95d9ea17e - - default default] Method 'is_advsvc' is deprecated since 2023.2 release (neutron-lib 3.8.0) and will be removed once support for the old RBAC API policies will be removed from Neutron. Please use method 'is_service_role' instead.
2026-05-29 23:04:46.034 10 INFO neutron.services.segments.plugin [-] Segment 22169d63-670c-494a-80ea-a9a5969840fd resource provider aggregate not found
2026-05-29 23:04:46.039 10 INFO neutron.services.segments.plugin [-] Segment 22169d63-670c-494a-80ea-a9a5969840fd resource provider aggregate not found
2026-05-29 23:04:46.072 10 INFO neutron.services.segments.plugin [-] Segment 22169d63-670c-494a-80ea-a9a5969840fd resource provider not found; error: Placement Client Error (4xx): {"errors": [{"status": 404, "title": "Not Found", "detail": "The resource could not be found.\n\n No resource provider with uuid 22169d63-670c-494a-80ea-a9a5969840fd found for delete ", "request_id": "req-c7476891-c10b-4cf3-a8dd-3a64a586d5c4"}]}
2026-05-29 23:04:46.073 10 INFO neutron.services.segments.plugin [-] Segment 22169d63-670c-494a-80ea-a9a5969840fd resource provider not found; error: Placement Client Error (4xx): {"errors": [{"status": 404, "title": "Not Found", "detail": "The resource could not be found.\n\n No resource provider with uuid 22169d63-670c-494a-80ea-a9a5969840fd found for delete ", "request_id": "req-79368510-eb97-40b7-88a9-053240ca9fb6"}]}
2026-05-29 23:04:46.110 10 INFO neutron.wsgi [None req-42f8ba8e-7d67-4175-9cf0-a0d3401fc7f0 6a50422223ed4b9ca3b2ce43192c37d5 a8cec7abc0cf433ebaa538af7a4fd6b0 - - default default] 10.0.0.181 "DELETE /v2.0/networks/9e6008d6-f8e1-4f3f-8ce0-03bc872ee47a HTTP/1.1" status: 204 len: 168 time: 0.6260450
2026-05-29 23:04:46.202 10 WARNING neutron.scheduler.dhcp_agent_scheduler [None req-1318363c-28cf-42d3-9657-8cd5c712d9a8 d0572d8f15734e3e8982605b4c29e8c7 d5d6d60ff91e4a0fa7b02ef95d9ea17e - - default default] No more DHCP agents
2026-05-29 23:04:46.204 10 WARNING neutron.api.rpc.agentnotifiers.dhcp_rpc_agent_api [None req-1318363c-28cf-42d3-9657-8cd5c712d9a8 d0572d8f15734e3e8982605b4c29e8c7 d5d6d60ff91e4a0fa7b02ef95d9ea17e - - default default] Unable to schedule network a4cff1e2-4940-4526-b541-1829ac593a88: no agents available; will retry on subsequent port and subnet creation events.
2026-05-29 23:04:46.364 10 INFO neutron.wsgi [None req-6df2ca6d-658d-4013-ab26-fca2189fd808 6a50422223ed4b9ca3b2ce43192c37d5 a8cec7abc0cf433ebaa538af7a4fd6b0 - - default default] 10.0.0.181 "GET /v2.0/security-groups?tenant_id=573f8c8de29744e5b6fa45416c6fe655&name=default HTTP/1.1" status: 200 len: 2996 time: 0.0420034
2026-05-29 23:04:46.572 10 INFO neutron.db.ovn_revision_numbers_db [None req-1318363c-28cf-42d3-9657-8cd5c712d9a8 d0572d8f15734e3e8982605b4c29e8c7 d5d6d60ff91e4a0fa7b02ef95d9ea17e - - default default] Successfully bumped revision number for resource 49c334b7-5286-42bb-8020-c9af9e87c001 (type: floatingips) to 0
2026-05-29 23:04:46.603 9 INFO neutron.wsgi [None req-9d7aba9d-dc04-496d-8638-2a873b557f9a 6a50422223ed4b9ca3b2ce43192c37d5 a8cec7abc0cf433ebaa538af7a4fd6b0 - - default default] 10.0.0.181 "DELETE /v2.0/security-groups/5aa80aea-f06b-4886-aeaa-c59869065ce2 HTTP/1.1" status: 204 len: 168 time: 0.2316053
2026-05-29 23:04:46.605 10 INFO neutron.wsgi [None req-1318363c-28cf-42d3-9657-8cd5c712d9a8 d0572d8f15734e3e8982605b4c29e8c7 d5d6d60ff91e4a0fa7b02ef95d9ea17e - - default default] 10.0.0.181 "POST /v2.0/floatingips HTTP/1.1" status: 201 len: 751 time: 0.8279762
2026-05-29 23:04:46.663 9 INFO neutron.wsgi [req-6e918f6a-ae43-4da2-8c4a-51477c436425 req-7420a580-fed1-4e5b-b3a9-b2764d861c59 6cb7ab7bac0e4f7895da0ba510486992 86982ab26c014fb6a8a45833ab4e26fa - - default default] 10.0.0.86 "GET /v2.0/ports?device_id=4b90674b-7c98-4425-9d5d-aec9d4cfb8e1 HTTP/1.1" status: 200 len: 1168 time: 0.1086760
2026-05-29 23:04:46.710 9 INFO neutron.wsgi [req-6e918f6a-ae43-4da2-8c4a-51477c436425 req-dc363c46-b04a-4d89-8925-90fc412f5eac 6cb7ab7bac0e4f7895da0ba510486992 86982ab26c014fb6a8a45833ab4e26fa - - default default] 10.0.0.86 "GET /v2.0/security-groups?id=14329ba6-b407-4578-ac6d-3dc4e84c95d4&fields=id&fields=name HTTP/1.1" status: 200 len: 313 time: 0.0412140
2026-05-29 23:04:47.089 9 INFO neutron.wsgi [req-23091c07-806e-4691-bd14-6b18970342b6 req-bc515cc5-f502-428f-b5af-21d097bbe444 d0572d8f15734e3e8982605b4c29e8c7 d5d6d60ff91e4a0fa7b02ef95d9ea17e - - default default] 10.0.0.86 "GET /v2.0/security-groups?name=tempest-securitygroup--1987463487&fields=id&tenant_id=d5d6d60ff91e4a0fa7b02ef95d9ea17e HTTP/1.1" status: 200 len: 267 time: 0.0404389
2026-05-29 23:04:47.168 9 INFO neutron.wsgi [req-23091c07-806e-4691-bd14-6b18970342b6 req-3aeb3d64-d891-4f3e-9348-e18a2588e350 d0572d8f15734e3e8982605b4c29e8c7 d5d6d60ff91e4a0fa7b02ef95d9ea17e - - default default] 10.0.0.86 "GET /v2.0/networks?id=1dab0b3f-ae51-4352-81ec-cead00490620 HTTP/1.1" status: 200 len: 874 time: 0.0709803
2026-05-29 23:04:47.186 9 INFO neutron.wsgi [req-23091c07-806e-4691-bd14-6b18970342b6 req-5070a845-406d-44be-b98c-7e54172f1cb6 d0572d8f15734e3e8982605b4c29e8c7 d5d6d60ff91e4a0fa7b02ef95d9ea17e - - default default] 10.0.0.86 "GET /v2.0/quotas/d5d6d60ff91e4a0fa7b02ef95d9ea17e HTTP/1.1" status: 200 len: 386 time: 0.0127025
2026-05-29 23:04:47.341 9 INFO neutron.wsgi [req-23091c07-806e-4691-bd14-6b18970342b6 req-b36024d5-290e-45ab-b717-684530c5eb00 d0572d8f15734e3e8982605b4c29e8c7 d5d6d60ff91e4a0fa7b02ef95d9ea17e - - default default] 10.0.0.86 "GET /v2.0/ports?tenant_id=d5d6d60ff91e4a0fa7b02ef95d9ea17e&fields=id HTTP/1.1" status: 200 len: 302 time: 0.1440308
2026-05-29 23:04:47.441 9 INFO neutron.wsgi [req-23091c07-806e-4691-bd14-6b18970342b6 req-ee140e40-8aeb-49b0-bffb-10679134c6ab 1b837833910a4dcfb0d1b08241e63654 c313135cd3f649f8b0a2a0ed8c949055 - - 02a142e46f5146a08f42729707b5a95e 02a142e46f5146a08f42729707b5a95e] 10.0.0.86 "GET /v2.0/networks/1dab0b3f-ae51-4352-81ec-cead00490620?fields=segments HTTP/1.1" status: 200 len: 212 time: 0.0808730
2026-05-29 23:04:47.514 9 INFO neutron.wsgi [req-23091c07-806e-4691-bd14-6b18970342b6 req-dd957dc2-b39d-4b7c-901e-07dbf745ab13 1b837833910a4dcfb0d1b08241e63654 c313135cd3f649f8b0a2a0ed8c949055 - - 02a142e46f5146a08f42729707b5a95e 02a142e46f5146a08f42729707b5a95e] 10.0.0.86 "GET /v2.0/networks/1dab0b3f-ae51-4352-81ec-cead00490620?fields=provider%3Aphysical_network&fields=provider%3Anetwork_type HTTP/1.1" status: 200 len: 277 time: 0.0667713
2026-05-29 23:04:47.713 9 INFO neutron.wsgi [req-2e3a3f2d-7f7a-4b75-af36-e64f23efcf9f req-9c786c68-2ff9-41e2-b8f2-9242b7d02fec d0572d8f15734e3e8982605b4c29e8c7 d5d6d60ff91e4a0fa7b02ef95d9ea17e - - default default] 10.0.0.86 "GET /v2.0/ports?device_id=b14f9305-d9e3-40a9-948f-c03dd8744a4b HTTP/1.1" status: 200 len: 210 time: 0.0266440
2026-05-29 23:04:47.844 9 INFO neutron.wsgi [req-e3e173df-136f-43cf-884e-3b899837f896 req-11ea4d2e-0da7-4ec1-8868-65e92a9cd8ba 6cb7ab7bac0e4f7895da0ba510486992 86982ab26c014fb6a8a45833ab4e26fa - - default default] 10.0.0.86 "GET /v2.0/ports?device_id=4b90674b-7c98-4425-9d5d-aec9d4cfb8e1 HTTP/1.1" status: 200 len: 1168 time: 0.0404804
2026-05-29 23:04:47.896 9 INFO neutron.wsgi [req-e3e173df-136f-43cf-884e-3b899837f896 req-6d820b7e-f2df-46c3-8dc0-66b5990eb6f3 6cb7ab7bac0e4f7895da0ba510486992 86982ab26c014fb6a8a45833ab4e26fa - - default default] 10.0.0.86 "GET /v2.0/security-groups?id=14329ba6-b407-4578-ac6d-3dc4e84c95d4&fields=id&fields=name HTTP/1.1" status: 200 len: 313 time: 0.0425656
2026-05-29 23:04:48.040 9 INFO neutron.wsgi [-] 10.0.0.85 "GET / HTTP/1.1" status: 200 len: 247 time: 0.0020361
