2026-05-29 23:06:11.430 9 INFO neutron.db.ovn_revision_numbers_db [None req-b1daeb00-f7fa-4560-b3a2-6f066ff35053 f3169e0a8180473d8f967f59dc9b53be 3cbd4fb10c684fafb74c00498894f6c8 - - default default] Successfully bumped revision number for resource 879a7325-19c4-4072-996c-d4a24ef6b053 (type: ports) to 2
2026-05-29 23:06:11.489 9 INFO neutron.db.ovn_revision_numbers_db [None req-b1daeb00-f7fa-4560-b3a2-6f066ff35053 f3169e0a8180473d8f967f59dc9b53be 3cbd4fb10c684fafb74c00498894f6c8 - - default default] Successfully bumped revision number for resource eea6a69a-7953-442f-b713-07cd541c2121 (type: subnets) to 0
2026-05-29 23:06:11.498 10 INFO neutron.wsgi [None req-2729175b-91df-4e64-aa6e-7b844bc39ab2 6a50422223ed4b9ca3b2ce43192c37d5 a8cec7abc0cf433ebaa538af7a4fd6b0 - - default default] 10.0.0.122 "GET /v2.0/floatingips HTTP/1.1" status: 200 len: 1035 time: 0.0709450
2026-05-29 23:06:11.514 9 INFO neutron.wsgi [None req-b1daeb00-f7fa-4560-b3a2-6f066ff35053 f3169e0a8180473d8f967f59dc9b53be 3cbd4fb10c684fafb74c00498894f6c8 - - default default] 10.0.0.181 "POST /v2.0/subnets HTTP/1.1" status: 201 len: 819 time: 1.4905405
2026-05-29 23:06:11.524 9 WARNING neutron.scheduler.dhcp_agent_scheduler [None req-4d711af6-d42e-4924-a582-303c90866fcb df00ca7551c44672b2ca09a52a5f2286 0cee4a526ad840f9870ce6d76d5f7b44 - - default default] No more DHCP agents
2026-05-29 23:06:11.526 9 WARNING neutron.api.rpc.agentnotifiers.dhcp_rpc_agent_api [None req-4d711af6-d42e-4924-a582-303c90866fcb df00ca7551c44672b2ca09a52a5f2286 0cee4a526ad840f9870ce6d76d5f7b44 - - default default] Unable to schedule network 160f5ace-d207-4ed6-aa0a-0781deaca7c1: no agents available; will retry on subsequent port and subnet creation events.
2026-05-29 23:06:11.527 10 WARNING neutron.api.v2.base [None req-abd2cbd8-47de-41d9-8f42-fb8aaf19efa5 f3169e0a8180473d8f967f59dc9b53be 3cbd4fb10c684fafb74c00498894f6c8 - - default default] An exception happened while processing the request body. The exception message is [Invalid input for target_tenant. Reason: 'None' is not a valid string.].: webob.exc.HTTPBadRequest: Invalid input for target_tenant. Reason: 'None' is not a valid string.
2026-05-29 23:06:11.527 10 INFO neutron.api.v2.resource [None req-abd2cbd8-47de-41d9-8f42-fb8aaf19efa5 f3169e0a8180473d8f967f59dc9b53be 3cbd4fb10c684fafb74c00498894f6c8 - - default default] create failed (client error): Invalid input for target_tenant. Reason: 'None' is not a valid string.
2026-05-29 23:06:11.528 10 INFO neutron.wsgi [None req-abd2cbd8-47de-41d9-8f42-fb8aaf19efa5 f3169e0a8180473d8f967f59dc9b53be 3cbd4fb10c684fafb74c00498894f6c8 - - default default] 10.0.0.181 "POST /v2.0/rbac-policies HTTP/1.1" status: 400 len: 346 time: 0.0081506
2026-05-29 23:06:11.619 10 INFO neutron.wsgi [None req-c8e59a80-8fcc-4844-830e-fcfc510f3419 6a50422223ed4b9ca3b2ce43192c37d5 a8cec7abc0cf433ebaa538af7a4fd6b0 - - default default] 10.0.0.122 "GET /v2.0/networks HTTP/1.1" status: 200 len: 6092 time: 0.1194508
2026-05-29 23:06:11.679 10 INFO neutron.wsgi [None req-7af16614-f05e-481d-a7b9-d8017143653b 6a50422223ed4b9ca3b2ce43192c37d5 a8cec7abc0cf433ebaa538af7a4fd6b0 - - default default] 10.0.0.122 "GET /v2.0/subnets HTTP/1.1" status: 200 len: 4575 time: 0.0547612
2026-05-29 23:06:11.700 9 INFO neutron.db.ovn_revision_numbers_db [None req-4d711af6-d42e-4924-a582-303c90866fcb df00ca7551c44672b2ca09a52a5f2286 0cee4a526ad840f9870ce6d76d5f7b44 - - default default] Successfully bumped revision number for resource ca436e5b-2489-4b01-8f75-735eb717f9b1 (type: ports) to 1
2026-05-29 23:06:12.101 10 INFO neutron.plugins.ml2.drivers.ovn.mech_driver.mech_driver [None req-122fb077-3377-4ad0-a2ee-7a656287fa79 - - - - - -] OVN reports status up for port: ca436e5b-2489-4b01-8f75-735eb717f9b1
2026-05-29 23:06:12.121 9 INFO neutron.db.ovn_revision_numbers_db [None req-4d711af6-d42e-4924-a582-303c90866fcb df00ca7551c44672b2ca09a52a5f2286 0cee4a526ad840f9870ce6d76d5f7b44 - - default default] Successfully bumped revision number for resource ca436e5b-2489-4b01-8f75-735eb717f9b1 (type: router_ports) to 1
2026-05-29 23:06:12.127 10 INFO neutron.plugins.ml2.plugin [None req-122fb077-3377-4ad0-a2ee-7a656287fa79 - - - - - -] Attempt 1 to provision port ca436e5b-2489-4b01-8f75-735eb717f9b1
2026-05-29 23:06:12.243 10 INFO neutron.services.segments.plugin [-] Segment 81c854a5-15cc-4b39-a120-208af1f37bd2 resource provider aggregate not found
2026-05-29 23:06:12.250 10 INFO neutron.services.segments.plugin [-] Segment 81c854a5-15cc-4b39-a120-208af1f37bd2 resource provider aggregate not found
2026-05-29 23:06:12.270 10 INFO neutron.services.segments.plugin [-] Segment 81c854a5-15cc-4b39-a120-208af1f37bd2 resource provider not found; error: Placement Client Error (4xx): {"errors": [{"status": 404, "title": "Not Found", "detail": "The resource could not be found.\n\n No resource provider with uuid 81c854a5-15cc-4b39-a120-208af1f37bd2 found for delete ", "request_id": "req-1ef7717c-b344-42a3-8f18-4c362aab994c"}]}
2026-05-29 23:06:12.274 10 INFO neutron.services.segments.plugin [-] Segment 81c854a5-15cc-4b39-a120-208af1f37bd2 resource provider not found; error: Placement Client Error (4xx): {"errors": [{"status": 404, "title": "Not Found", "detail": "The resource could not be found.\n\n No resource provider with uuid 81c854a5-15cc-4b39-a120-208af1f37bd2 found for delete ", "request_id": "req-eedc944c-cb0d-4cc1-acec-c333c0c9cd8a"}]}
2026-05-29 23:06:12.306 9 INFO neutron.db.ovn_revision_numbers_db [None req-4d711af6-d42e-4924-a582-303c90866fcb df00ca7551c44672b2ca09a52a5f2286 0cee4a526ad840f9870ce6d76d5f7b44 - - default default] Successfully bumped revision number for resource ca436e5b-2489-4b01-8f75-735eb717f9b1 (type: ports) to 1
2026-05-29 23:06:12.379 9 WARNING neutron.scheduler.dhcp_agent_scheduler [None req-4d711af6-d42e-4924-a582-303c90866fcb df00ca7551c44672b2ca09a52a5f2286 0cee4a526ad840f9870ce6d76d5f7b44 - - default default] No more DHCP agents
2026-05-29 23:06:12.380 9 WARNING neutron.api.rpc.agentnotifiers.dhcp_rpc_agent_api [None req-4d711af6-d42e-4924-a582-303c90866fcb df00ca7551c44672b2ca09a52a5f2286 0cee4a526ad840f9870ce6d76d5f7b44 - - default default] Unable to schedule network 160f5ace-d207-4ed6-aa0a-0781deaca7c1: no agents available; will retry on subsequent port and subnet creation events.
2026-05-29 23:06:12.506 10 INFO neutron.wsgi [None req-b442684a-4d89-43d1-9db5-46a629d67adc f3169e0a8180473d8f967f59dc9b53be 3cbd4fb10c684fafb74c00498894f6c8 - - default default] 10.0.0.181 "DELETE /v2.0/networks/fd093e45-113d-4262-9440-6109cc40d44f HTTP/1.1" status: 204 len: 168 time: 0.9700093
2026-05-29 23:06:12.530 9 INFO neutron.db.ovn_revision_numbers_db [None req-4d711af6-d42e-4924-a582-303c90866fcb df00ca7551c44672b2ca09a52a5f2286 0cee4a526ad840f9870ce6d76d5f7b44 - - default default] Successfully bumped revision number for resource ca436e5b-2489-4b01-8f75-735eb717f9b1 (type: router_ports) to 1
2026-05-29 23:06:12.533 9 INFO neutron.wsgi [None req-4d711af6-d42e-4924-a582-303c90866fcb df00ca7551c44672b2ca09a52a5f2286 0cee4a526ad840f9870ce6d76d5f7b44 - - default default] 10.0.0.181 "PUT /v2.0/routers/436528a3-3562-4f50-8d3c-384a459a1e23/add_router_interface HTTP/1.1" status: 200 len: 503 time: 1.6165037
2026-05-29 23:06:12.585 9 INFO neutron.wsgi [None req-f2d3a6f1-c4fb-4d6e-8353-ef219cb8eedb df00ca7551c44672b2ca09a52a5f2286 0cee4a526ad840f9870ce6d76d5f7b44 - - default default] 10.0.0.181 "GET /v2.0/ports/ca436e5b-2489-4b01-8f75-735eb717f9b1 HTTP/1.1" status: 200 len: 1137 time: 0.0454233
2026-05-29 23:06:12.623 10 INFO neutron.db.segments_db [None req-1854516a-7fda-4168-acbd-06a4e87a4ebf f3169e0a8180473d8f967f59dc9b53be 3cbd4fb10c684fafb74c00498894f6c8 - - default default] Added segment a3c7b4fc-e359-421a-ab12-997443347c32 of type geneve for network 4ada2931-1228-4a60-942e-c6e2aadf3db0
2026-05-29 23:06:12.735 10 INFO neutron.db.ovn_revision_numbers_db [None req-122fb077-3377-4ad0-a2ee-7a656287fa79 - - - - - -] Successfully bumped revision number for resource ca436e5b-2489-4b01-8f75-735eb717f9b1 (type: ports) to 2
2026-05-29 23:06:12.822 10 INFO neutron.db.ovn_revision_numbers_db [None req-1854516a-7fda-4168-acbd-06a4e87a4ebf f3169e0a8180473d8f967f59dc9b53be 3cbd4fb10c684fafb74c00498894f6c8 - - default default] Successfully bumped revision number for resource 4ada2931-1228-4a60-942e-c6e2aadf3db0 (type: networks) to 1
2026-05-29 23:06:12.889 10 INFO neutron.db.ovn_revision_numbers_db [None req-122fb077-3377-4ad0-a2ee-7a656287fa79 - - - - - -] Successfully bumped revision number for resource ca436e5b-2489-4b01-8f75-735eb717f9b1 (type: router_ports) to 2
2026-05-29 23:06:13.025 10 WARNING neutron.scheduler.dhcp_agent_scheduler [None req-1854516a-7fda-4168-acbd-06a4e87a4ebf f3169e0a8180473d8f967f59dc9b53be 3cbd4fb10c684fafb74c00498894f6c8 - - default default] No more DHCP agents
2026-05-29 23:06:13.026 10 WARNING neutron.api.rpc.agentnotifiers.dhcp_rpc_agent_api [None req-1854516a-7fda-4168-acbd-06a4e87a4ebf f3169e0a8180473d8f967f59dc9b53be 3cbd4fb10c684fafb74c00498894f6c8 - - default default] Unable to schedule network 4ada2931-1228-4a60-942e-c6e2aadf3db0: no agents available; will retry on subsequent port and subnet creation events.
2026-05-29 23:06:13.126 10 INFO neutron.db.ovn_revision_numbers_db [None req-1854516a-7fda-4168-acbd-06a4e87a4ebf f3169e0a8180473d8f967f59dc9b53be 3cbd4fb10c684fafb74c00498894f6c8 - - default default] Successfully bumped revision number for resource 762eaed0-9e85-4eaa-9e3e-6a23cb47393c (type: ports) to 1
2026-05-29 23:06:13.154 10 INFO neutron.wsgi [None req-1854516a-7fda-4168-acbd-06a4e87a4ebf f3169e0a8180473d8f967f59dc9b53be 3cbd4fb10c684fafb74c00498894f6c8 - - default default] 10.0.0.181 "POST /v2.0/networks HTTP/1.1" status: 201 len: 929 time: 0.6415379
2026-05-29 23:06:13.176 9 WARNING neutron.scheduler.dhcp_agent_scheduler [None req-5efb4461-0762-46fa-aee0-a5b68df59101 df00ca7551c44672b2ca09a52a5f2286 0cee4a526ad840f9870ce6d76d5f7b44 - - default default] No more DHCP agents
2026-05-29 23:06:13.180 9 WARNING neutron.api.rpc.agentnotifiers.dhcp_rpc_agent_api [None req-5efb4461-0762-46fa-aee0-a5b68df59101 df00ca7551c44672b2ca09a52a5f2286 0cee4a526ad840f9870ce6d76d5f7b44 - - default default] Unable to schedule network a1ba092c-feba-413b-ac6d-381687ff8af2: no agents available; will retry on subsequent port and subnet creation events.
2026-05-29 23:06:13.448 9 WARNING neutron.scheduler.dhcp_agent_scheduler [None req-0acd15c2-ed54-44e3-850e-b5696c36800c f3169e0a8180473d8f967f59dc9b53be 3cbd4fb10c684fafb74c00498894f6c8 - - default default] No more DHCP agents
2026-05-29 23:06:13.450 9 WARNING neutron.api.rpc.agentnotifiers.dhcp_rpc_agent_api [None req-0acd15c2-ed54-44e3-850e-b5696c36800c f3169e0a8180473d8f967f59dc9b53be 3cbd4fb10c684fafb74c00498894f6c8 - - default default] Unable to schedule network 4ada2931-1228-4a60-942e-c6e2aadf3db0: no agents available; will retry on subsequent port and subnet creation events.
2026-05-29 23:06:13.505 9 INFO neutron.db.ovn_revision_numbers_db [None req-5efb4461-0762-46fa-aee0-a5b68df59101 df00ca7551c44672b2ca09a52a5f2286 0cee4a526ad840f9870ce6d76d5f7b44 - - default default] Successfully bumped revision number for resource 508a7376-2f9f-4636-9f42-fa254af50a06 (type: ports) to 1
2026-05-29 23:06:14.437 9 INFO neutron.plugins.ml2.drivers.ovn.mech_driver.mech_driver [None req-8a4ad773-54c0-43c0-aa9b-a7b756d73871 - - - - - -] OVN reports status up for port: 508a7376-2f9f-4636-9f42-fa254af50a06
2026-05-29 23:06:14.447 15 INFO neutron.plugins.ml2.drivers.ovn.mech_driver.ovsdb.maintenance [None req-4ff9d0c4-7ba9-4840-8a73-4d125521f709 - - - - - -] Maintenance task: Synchronization finished (took 1.71 seconds)
2026-05-29 23:06:14.463 9 INFO neutron.plugins.ml2.plugin [None req-8a4ad773-54c0-43c0-aa9b-a7b756d73871 - - - - - -] Attempt 1 to provision port 508a7376-2f9f-4636-9f42-fa254af50a06
2026-05-29 23:06:14.487 9 INFO neutron.db.ovn_revision_numbers_db [None req-5efb4461-0762-46fa-aee0-a5b68df59101 df00ca7551c44672b2ca09a52a5f2286 0cee4a526ad840f9870ce6d76d5f7b44 - - default default] Successfully bumped revision number for resource 508a7376-2f9f-4636-9f42-fa254af50a06 (type: router_ports) to 1
2026-05-29 23:06:14.611 9 INFO neutron.db.ovn_revision_numbers_db [None req-0acd15c2-ed54-44e3-850e-b5696c36800c f3169e0a8180473d8f967f59dc9b53be 3cbd4fb10c684fafb74c00498894f6c8 - - default default] Successfully bumped revision number for resource 762eaed0-9e85-4eaa-9e3e-6a23cb47393c (type: ports) to 2
2026-05-29 23:06:14.680 9 INFO neutron.db.ovn_revision_numbers_db [None req-0acd15c2-ed54-44e3-850e-b5696c36800c f3169e0a8180473d8f967f59dc9b53be 3cbd4fb10c684fafb74c00498894f6c8 - - default default] Successfully bumped revision number for resource dce271c5-a773-43a1-9c74-96690cc4cc68 (type: subnets) to 0
2026-05-29 23:06:14.713 9 INFO neutron.wsgi [None req-0acd15c2-ed54-44e3-850e-b5696c36800c f3169e0a8180473d8f967f59dc9b53be 3cbd4fb10c684fafb74c00498894f6c8 - - default default] 10.0.0.181 "POST /v2.0/subnets HTTP/1.1" status: 201 len: 822 time: 1.5527513
2026-05-29 23:06:14.725 10 WARNING neutron.api.v2.base [None req-73ed948f-aee0-4c77-a903-260e7a137dbf f3169e0a8180473d8f967f59dc9b53be 3cbd4fb10c684fafb74c00498894f6c8 - - default default] An exception happened while processing the request body. The exception message is [Invalid input for target_tenant. Reason: '1234123412341234123412341234123412341234123412341234123412341234123412341234123412341234123412341234123412341234123412341234123412341234123412341234123412341234123412341234123412341234123412341234123412341234123412341234123412341234123412341234123412341234123412341234123412341234123412341234123412341234123412341234123412341234123412341234123412341234123412341234123412341234123412341234123412341234' exceeds maximum length of 255.].: webob.exc.HTTPBadRequest: Invalid input for target_tenant. Reason: '1234123412341234123412341234123412341234123412341234123412341234123412341234123412341234123412341234123412341234123412341234123412341234123412341234123412341234123412341234123412341234123412341234123412341234123412341234123412341234123412341234123412341234123412341234123412341234123412341234123412341234123412341234123412341234123412341234123412341234123412341234123412341234123412341234123412341234' exceeds maximum length of 255.
2026-05-29 23:06:14.726 10 INFO neutron.api.v2.resource [None req-73ed948f-aee0-4c77-a903-260e7a137dbf f3169e0a8180473d8f967f59dc9b53be 3cbd4fb10c684fafb74c00498894f6c8 - - default default] create failed (client error): Invalid input for target_tenant. Reason: '1234123412341234123412341234123412341234123412341234123412341234123412341234123412341234123412341234123412341234123412341234123412341234123412341234123412341234123412341234123412341234123412341234123412341234123412341234123412341234123412341234123412341234123412341234123412341234123412341234123412341234123412341234123412341234123412341234123412341234123412341234123412341234123412341234123412341234' exceeds maximum length of 255.
2026-05-29 23:06:14.727 10 INFO neutron.wsgi [None req-73ed948f-aee0-4c77-a903-260e7a137dbf f3169e0a8180473d8f967f59dc9b53be 3cbd4fb10c684fafb74c00498894f6c8 - - default default] 10.0.0.181 "POST /v2.0/rbac-policies HTTP/1.1" status: 400 len: 750 time: 0.0074682
2026-05-29 23:06:14.744 9 INFO neutron.db.ovn_revision_numbers_db [None req-5efb4461-0762-46fa-aee0-a5b68df59101 df00ca7551c44672b2ca09a52a5f2286 0cee4a526ad840f9870ce6d76d5f7b44 - - default default] Successfully bumped revision number for resource 508a7376-2f9f-4636-9f42-fa254af50a06 (type: ports) to 1
2026-05-29 23:06:14.844 9 WARNING neutron.scheduler.dhcp_agent_scheduler [None req-5efb4461-0762-46fa-aee0-a5b68df59101 df00ca7551c44672b2ca09a52a5f2286 0cee4a526ad840f9870ce6d76d5f7b44 - - default default] No more DHCP agents
2026-05-29 23:06:14.849 9 WARNING neutron.api.rpc.agentnotifiers.dhcp_rpc_agent_api [None req-5efb4461-0762-46fa-aee0-a5b68df59101 df00ca7551c44672b2ca09a52a5f2286 0cee4a526ad840f9870ce6d76d5f7b44 - - default default] Unable to schedule network a1ba092c-feba-413b-ac6d-381687ff8af2: no agents available; will retry on subsequent port and subnet creation events.
2026-05-29 23:06:14.907 9 INFO neutron.db.ovn_revision_numbers_db [None req-8a4ad773-54c0-43c0-aa9b-a7b756d73871 - - - - - -] Successfully bumped revision number for resource 508a7376-2f9f-4636-9f42-fa254af50a06 (type: ports) to 2
2026-05-29 23:06:15.037 9 INFO neutron.db.ovn_revision_numbers_db [None req-8a4ad773-54c0-43c0-aa9b-a7b756d73871 - - - - - -] Successfully bumped revision number for resource 508a7376-2f9f-4636-9f42-fa254af50a06 (type: router_ports) to 2
2026-05-29 23:06:15.052 9 INFO neutron.db.ovn_revision_numbers_db [None req-5efb4461-0762-46fa-aee0-a5b68df59101 df00ca7551c44672b2ca09a52a5f2286 0cee4a526ad840f9870ce6d76d5f7b44 - - default default] Successfully bumped revision number for resource 508a7376-2f9f-4636-9f42-fa254af50a06 (type: router_ports) to 2
2026-05-29 23:06:15.054 9 INFO neutron.wsgi [None req-5efb4461-0762-46fa-aee0-a5b68df59101 df00ca7551c44672b2ca09a52a5f2286 0cee4a526ad840f9870ce6d76d5f7b44 - - default default] 10.0.0.181 "PUT /v2.0/routers/436528a3-3562-4f50-8d3c-384a459a1e23/add_router_interface HTTP/1.1" status: 200 len: 503 time: 2.4642196
2026-05-29 23:06:15.158 9 INFO neutron.wsgi [None req-c9c8035c-a6f0-43c2-b088-e4c7d9c3a5e2 df00ca7551c44672b2ca09a52a5f2286 0cee4a526ad840f9870ce6d76d5f7b44 - - default default] 10.0.0.181 "GET /v2.0/ports/508a7376-2f9f-4636-9f42-fa254af50a06 HTTP/1.1" status: 200 len: 1137 time: 0.0945418
2026-05-29 23:06:15.201 9 INFO neutron.wsgi [None req-2396a281-9534-4d70-b752-dcbf11217aec df00ca7551c44672b2ca09a52a5f2286 0cee4a526ad840f9870ce6d76d5f7b44 - - default default] 10.0.0.181 "GET /v2.0/ports/508a7376-2f9f-4636-9f42-fa254af50a06 HTTP/1.1" status: 200 len: 1137 time: 0.0372396
2026-05-29 23:06:15.338 10 INFO neutron.services.segments.plugin [-] Segment a3c7b4fc-e359-421a-ab12-997443347c32 resource provider aggregate not found
2026-05-29 23:06:15.344 10 INFO neutron.services.segments.plugin [-] Segment a3c7b4fc-e359-421a-ab12-997443347c32 resource provider aggregate not found
2026-05-29 23:06:15.358 10 INFO neutron.services.segments.plugin [-] Segment a3c7b4fc-e359-421a-ab12-997443347c32 resource provider not found; error: Placement Client Error (4xx): {"errors": [{"status": 404, "title": "Not Found", "detail": "The resource could not be found.\n\n No resource provider with uuid a3c7b4fc-e359-421a-ab12-997443347c32 found for delete ", "request_id": "req-bad1ddc3-2f19-49d7-879f-9cdfd6dc62b3"}]}
2026-05-29 23:06:15.366 10 INFO neutron.services.segments.plugin [-] Segment a3c7b4fc-e359-421a-ab12-997443347c32 resource provider not found; error: Placement Client Error (4xx): {"errors": [{"status": 404, "title": "Not Found", "detail": "The resource could not be found.\n\n No resource provider with uuid a3c7b4fc-e359-421a-ab12-997443347c32 found for delete ", "request_id": "req-f29bbfcc-180b-4890-b94e-79d9bd44575d"}]}
2026-05-29 23:06:15.395 10 INFO neutron.wsgi [None req-660c014f-8ab0-4275-95c9-ab157504c25b f3169e0a8180473d8f967f59dc9b53be 3cbd4fb10c684fafb74c00498894f6c8 - - default default] 10.0.0.181 "DELETE /v2.0/networks/4ada2931-1228-4a60-942e-c6e2aadf3db0 HTTP/1.1" status: 204 len: 168 time: 0.6621790
2026-05-29 23:06:15.505 10 INFO neutron.db.segments_db [None req-cb7fb946-a69f-4801-835b-c7983ad77eaf f3169e0a8180473d8f967f59dc9b53be 3cbd4fb10c684fafb74c00498894f6c8 - - default default] Added segment 9223d3d6-a953-49b3-9b71-873a06cc7ef3 of type geneve for network 45f19048-9fd2-4f93-9c09-413cb51187d8
2026-05-29 23:06:15.672 10 INFO neutron.db.ovn_revision_numbers_db [None req-cb7fb946-a69f-4801-835b-c7983ad77eaf f3169e0a8180473d8f967f59dc9b53be 3cbd4fb10c684fafb74c00498894f6c8 - - default default] Successfully bumped revision number for resource 45f19048-9fd2-4f93-9c09-413cb51187d8 (type: networks) to 1
2026-05-29 23:06:15.884 10 WARNING neutron.scheduler.dhcp_agent_scheduler [None req-cb7fb946-a69f-4801-835b-c7983ad77eaf f3169e0a8180473d8f967f59dc9b53be 3cbd4fb10c684fafb74c00498894f6c8 - - default default] No more DHCP agents
2026-05-29 23:06:15.887 10 WARNING neutron.api.rpc.agentnotifiers.dhcp_rpc_agent_api [None req-cb7fb946-a69f-4801-835b-c7983ad77eaf f3169e0a8180473d8f967f59dc9b53be 3cbd4fb10c684fafb74c00498894f6c8 - - default default] Unable to schedule network 45f19048-9fd2-4f93-9c09-413cb51187d8: no agents available; will retry on subsequent port and subnet creation events.
2026-05-29 23:06:16.003 10 INFO neutron.db.ovn_revision_numbers_db [None req-cb7fb946-a69f-4801-835b-c7983ad77eaf f3169e0a8180473d8f967f59dc9b53be 3cbd4fb10c684fafb74c00498894f6c8 - - default default] Successfully bumped revision number for resource 689a524f-f627-4c33-aeb9-f0419c439392 (type: ports) to 1
2026-05-29 23:06:16.042 9 INFO neutron.wsgi [None req-2b1a076f-49e0-44a4-a6e1-f884faaf7695 df00ca7551c44672b2ca09a52a5f2286 0cee4a526ad840f9870ce6d76d5f7b44 - - default default] 10.0.0.181 "PUT /v2.0/routers/436528a3-3562-4f50-8d3c-384a459a1e23/remove_router_interface HTTP/1.1" status: 200 len: 503 time: 0.8339043
2026-05-29 23:06:16.048 10 INFO neutron.wsgi [None req-cb7fb946-a69f-4801-835b-c7983ad77eaf f3169e0a8180473d8f967f59dc9b53be 3cbd4fb10c684fafb74c00498894f6c8 - - default default] 10.0.0.181 "POST /v2.0/networks HTTP/1.1" status: 201 len: 928 time: 0.6422813 /var/lib/openstack/lib/python3.10/site-packages/pycadf/identifier.py:71: UserWarning: Invalid uuid: neutron. To ensure interoperability, identifiers should be a valid uuid. warnings.warn(('Invalid uuid: %s. To ensure interoperability, '
2026-05-29 23:06:16.214 9 INFO neutron.wsgi [None req-3427299e-ce57-471a-aa40-86d0736da485 df00ca7551c44672b2ca09a52a5f2286 0cee4a526ad840f9870ce6d76d5f7b44 - - default default] 10.0.0.181 "GET /v2.0/ports/ca436e5b-2489-4b01-8f75-735eb717f9b1 HTTP/1.1" status: 200 len: 1137 time: 0.1661577
2026-05-29 23:06:16.278 10 WARNING neutron.scheduler.dhcp_agent_scheduler [None req-522d4cb8-960d-4105-a1af-39e51ece3352 f3169e0a8180473d8f967f59dc9b53be 3cbd4fb10c684fafb74c00498894f6c8 - - default default] No more DHCP agents
2026-05-29 23:06:16.281 10 WARNING neutron.api.rpc.agentnotifiers.dhcp_rpc_agent_api [None req-522d4cb8-960d-4105-a1af-39e51ece3352 f3169e0a8180473d8f967f59dc9b53be 3cbd4fb10c684fafb74c00498894f6c8 - - default default] Unable to schedule network 45f19048-9fd2-4f93-9c09-413cb51187d8: no agents available; will retry on subsequent port and subnet creation events.
2026-05-29 23:06:16.858 10 INFO neutron.db.ovn_revision_numbers_db [None req-522d4cb8-960d-4105-a1af-39e51ece3352 f3169e0a8180473d8f967f59dc9b53be 3cbd4fb10c684fafb74c00498894f6c8 - - default default] Successfully bumped revision number for resource 689a524f-f627-4c33-aeb9-f0419c439392 (type: ports) to 2
2026-05-29 23:06:16.901 10 INFO neutron.db.ovn_revision_numbers_db [None req-522d4cb8-960d-4105-a1af-39e51ece3352 f3169e0a8180473d8f967f59dc9b53be 3cbd4fb10c684fafb74c00498894f6c8 - - default default] Successfully bumped revision number for resource 4f4c2b07-cd6f-48a1-8c39-f7be9aa1cf3c (type: subnets) to 0
2026-05-29 23:06:16.917 10 INFO neutron.wsgi [None req-522d4cb8-960d-4105-a1af-39e51ece3352 f3169e0a8180473d8f967f59dc9b53be 3cbd4fb10c684fafb74c00498894f6c8 - - default default] 10.0.0.181 "POST /v2.0/subnets HTTP/1.1" status: 201 len: 822 time: 0.8627150
2026-05-29 23:06:17.039 9 INFO neutron.wsgi [None req-076cc9ef-5d19-43f6-b34b-22637ae17fe3 df00ca7551c44672b2ca09a52a5f2286 0cee4a526ad840f9870ce6d76d5f7b44 - - default default] 10.0.0.181 "PUT /v2.0/routers/436528a3-3562-4f50-8d3c-384a459a1e23/remove_router_interface HTTP/1.1" status: 200 len: 503 time: 0.8177385 /var/lib/openstack/lib/python3.10/site-packages/pycadf/identifier.py:71: UserWarning: Invalid uuid: neutron. To ensure interoperability, identifiers should be a valid uuid. warnings.warn(('Invalid uuid: %s. To ensure interoperability, '
2026-05-29 23:06:17.072 9 INFO neutron.wsgi [None req-705457a6-a878-4268-abff-650ad62f15e8 df00ca7551c44672b2ca09a52a5f2286 0cee4a526ad840f9870ce6d76d5f7b44 - - default default] 10.0.0.181 "GET /v2.0/ports?device_id=436528a3-3562-4f50-8d3c-384a459a1e23 HTTP/1.1" status: 200 len: 205 time: 0.0272198
2026-05-29 23:06:17.302 10 INFO neutron.wsgi [None req-65cc28c2-639c-458b-9047-e59fe39a4cd8 f3169e0a8180473d8f967f59dc9b53be 3cbd4fb10c684fafb74c00498894f6c8 - - default default] 10.0.0.181 "POST /v2.0/rbac-policies HTTP/1.1" status: 201 len: 523 time: 0.3799772
2026-05-29 23:06:17.404 9 INFO neutron.wsgi [None req-500e82b0-bae7-4c34-b145-c7b5d3b57dbb df00ca7551c44672b2ca09a52a5f2286 0cee4a526ad840f9870ce6d76d5f7b44 - - default default] 10.0.0.181 "DELETE /v2.0/routers/436528a3-3562-4f50-8d3c-384a459a1e23 HTTP/1.1" status: 204 len: 168 time: 0.3276131
2026-05-29 23:06:17.661 9 INFO neutron.wsgi [None req-6966df9e-0dc7-477a-96a1-73b60a6b0ea8 df00ca7551c44672b2ca09a52a5f2286 0cee4a526ad840f9870ce6d76d5f7b44 - - default default] 10.0.0.181 "DELETE /v2.0/subnets/a3a62248-7a4b-4b38-a89f-208034288f46 HTTP/1.1" status: 204 len: 168 time: 0.2505598
2026-05-29 23:06:17.913 10 INFO neutron.wsgi [None req-d98d8a5e-7d45-4dd9-bad8-989bf8039e5f df00ca7551c44672b2ca09a52a5f2286 0cee4a526ad840f9870ce6d76d5f7b44 - - default default] 10.0.0.181 "DELETE /v2.0/subnets/e932259f-9ca2-40ce-bd5d-cd82be3c3603 HTTP/1.1" status: 204 len: 168 time: 0.2473295
2026-05-29 23:06:17.946 10 INFO neutron.wsgi [None req-e078156c-c28c-43a7-b857-b98b4a9fffed 52b4f25e8317475b994cb10378e52a66 91dd3c0388084f899e998d24e3e755cd - - default default] 10.0.0.181 "GET /v2.0/networks/45f19048-9fd2-4f93-9c09-413cb51187d8 HTTP/1.1" status: 200 len: 848 time: 0.2517984
2026-05-29 23:06:18.041 9 INFO neutron.wsgi [-] 10.0.0.85 "GET / HTTP/1.1" status: 200 len: 247 time: 0.0019736
2026-05-29 23:06:18.041 10 INFO neutron.wsgi [-] 10.0.0.85 "GET / HTTP/1.1" status: 200 len: 247 time: 0.0021484
2026-05-29 23:06:18.217 10 WARNING neutron.plugins.ml2.drivers.ovn.mech_driver.ovsdb.ovn_client [None req-122fb077-3377-4ad0-a2ee-7a656287fa79 - - - - - -] No port found with ID ca436e5b-2489-4b01-8f75-735eb717f9b1: RuntimeError: No port found with ID ca436e5b-2489-4b01-8f75-735eb717f9b1
2026-05-29 23:06:18.359 9 INFO neutron.services.segments.plugin [-] Segment 115ca893-4cc6-4ada-a30f-26cbad8696a9 resource provider aggregate not found
2026-05-29 23:06:18.365 9 INFO neutron.services.segments.plugin [-] Segment 115ca893-4cc6-4ada-a30f-26cbad8696a9 resource provider aggregate not found
2026-05-29 23:06:18.381 10 INFO neutron.pecan_wsgi.hooks.translation [None req-081426e8-2f0f-485c-8820-b6ea97e6144b 2606eac449204fc88514081ce32ebe3d 816066df0fcf48158c5f8bcd03318b76 - - default default] GET failed (client error): The resource could not be found.
2026-05-29 23:06:18.383 10 INFO neutron.wsgi [None req-081426e8-2f0f-485c-8820-b6ea97e6144b 2606eac449204fc88514081ce32ebe3d 816066df0fcf48158c5f8bcd03318b76 - - default default] 10.0.0.181 "GET /v2.0/networks/45f19048-9fd2-4f93-9c09-413cb51187d8 HTTP/1.1" status: 404 len: 339 time: 0.0678065
2026-05-29 23:06:18.389 9 INFO neutron.services.segments.plugin [-] Segment 115ca893-4cc6-4ada-a30f-26cbad8696a9 resource provider not found; error: Placement Client Error (4xx): {"errors": [{"status": 404, "title": "Not Found", "detail": "The resource could not be found.\n\n No resource provider with uuid 115ca893-4cc6-4ada-a30f-26cbad8696a9 found for delete ", "request_id": "req-89cf713d-2073-40c6-9243-964e9f1758df"}]}
2026-05-29 23:06:18.390 10 WARNING neutron_lib.context [None req-c8766c73-2d9c-4c8d-8bc2-dc8d37cd3a2b 481cd6e504024275a39536412fef3dd8 030232ce9c0d42e193dc0a2cd2a4f169 - - default default] Method 'is_advsvc' is deprecated since 2023.2 release (neutron-lib 3.8.0) and will be removed once support for the old RBAC API policies will be removed from Neutron. Please use method 'is_service_role' instead.
2026-05-29 23:06:18.390 9 INFO neutron.services.segments.plugin [-] Segment 115ca893-4cc6-4ada-a30f-26cbad8696a9 resource provider not found; error: Placement Client Error (4xx): {"errors": [{"status": 404, "title": "Not Found", "detail": "The resource could not be found.\n\n No resource provider with uuid 115ca893-4cc6-4ada-a30f-26cbad8696a9 found for delete ", "request_id": "req-40edbe90-0345-4a3a-a95e-32b2c549fd4d"}]}
2026-05-29 23:06:18.427 9 INFO neutron.wsgi [None req-ab03da00-abb7-4a1f-8c6e-dd078003080a df00ca7551c44672b2ca09a52a5f2286 0cee4a526ad840f9870ce6d76d5f7b44 - - default default] 10.0.0.181 "DELETE /v2.0/networks/a1ba092c-feba-413b-ac6d-381687ff8af2 HTTP/1.1" status: 204 len: 168 time: 0.5092149
2026-05-29 23:06:18.593 10 INFO neutron.db.ovn_revision_numbers_db [None req-c8766c73-2d9c-4c8d-8bc2-dc8d37cd3a2b 481cd6e504024275a39536412fef3dd8 030232ce9c0d42e193dc0a2cd2a4f169 - - default default] Successfully bumped revision number for resource 44853fb4-dd74-4353-990c-7c1158d32dd0 (type: security_groups) to 1
2026-05-29 23:06:18.631 10 INFO neutron.db.ovn_revision_numbers_db [None req-c8766c73-2d9c-4c8d-8bc2-dc8d37cd3a2b 481cd6e504024275a39536412fef3dd8 030232ce9c0d42e193dc0a2cd2a4f169 - - default default] Successfully bumped revision number for resource 6ebafe76-bc97-4137-93cd-5eb84168ea59 (type: security_group_rules) to 0
2026-05-29 23:06:18.645 10 INFO neutron.db.ovn_revision_numbers_db [None req-c8766c73-2d9c-4c8d-8bc2-dc8d37cd3a2b 481cd6e504024275a39536412fef3dd8 030232ce9c0d42e193dc0a2cd2a4f169 - - default default] Successfully bumped revision number for resource 747db1fe-132c-4a6b-b3a4-399d195abc2e (type: security_group_rules) to 0
2026-05-29 23:06:18.662 10 INFO neutron.db.ovn_revision_numbers_db [None req-c8766c73-2d9c-4c8d-8bc2-dc8d37cd3a2b 481cd6e504024275a39536412fef3dd8 030232ce9c0d42e193dc0a2cd2a4f169 - - default default] Successfully bumped revision number for resource 8d43b67e-46b5-4d91-b358-6776ee97ef4f (type: security_group_rules) to 0
2026-05-29 23:06:18.687 10 INFO neutron.db.ovn_revision_numbers_db [None req-c8766c73-2d9c-4c8d-8bc2-dc8d37cd3a2b 481cd6e504024275a39536412fef3dd8 030232ce9c0d42e193dc0a2cd2a4f169 - - default default] Successfully bumped revision number for resource a2cef996-a67b-4cb6-a9c3-9955e606b8bb (type: security_group_rules) to 0
2026-05-29 23:06:18.753 10 INFO neutron.db.segments_db [None req-c8766c73-2d9c-4c8d-8bc2-dc8d37cd3a2b 481cd6e504024275a39536412fef3dd8 030232ce9c0d42e193dc0a2cd2a4f169 - - default default] Added segment 1ccfd5cc-3975-45c9-a4c3-cd4c18144a78 of type geneve for network 9ec9f3e5-c8a0-41d9-9c55-14ae97961e19
2026-05-29 23:06:18.880 10 INFO neutron.services.segments.plugin [-] Segment 2d64d553-5e25-452d-bce4-46ff2827ec94 resource provider aggregate not found
2026-05-29 23:06:18.886 10 INFO neutron.services.segments.plugin [-] Segment 2d64d553-5e25-452d-bce4-46ff2827ec94 resource provider aggregate not found
2026-05-29 23:06:18.911 10 INFO neutron.services.segments.plugin [-] Segment 2d64d553-5e25-452d-bce4-46ff2827ec94 resource provider not found; error: Placement Client Error (4xx): {"errors": [{"status": 404, "title": "Not Found", "detail": "The resource could not be found.\n\n No resource provider with uuid 2d64d553-5e25-452d-bce4-46ff2827ec94 found for delete ", "request_id": "req-818852e6-2c7f-49cb-84e7-f69424b9a730"}]}
2026-05-29 23:06:18.915 10 INFO neutron.services.segments.plugin [-] Segment 2d64d553-5e25-452d-bce4-46ff2827ec94 resource provider not found; error: Placement Client Error (4xx): {"errors": [{"status": 404, "title": "Not Found", "detail": "The resource could not be found.\n\n No resource provider with uuid 2d64d553-5e25-452d-bce4-46ff2827ec94 found for delete ", "request_id": "req-fd096e9e-7c12-4de1-b1ca-e07b289e9306"}]}
2026-05-29 23:06:18.977 10 INFO neutron.wsgi [None req-14993f52-6dd6-4b31-95c4-9ddfe1588138 df00ca7551c44672b2ca09a52a5f2286 0cee4a526ad840f9870ce6d76d5f7b44 - - default default] 10.0.0.181 "DELETE /v2.0/networks/160f5ace-d207-4ed6-aa0a-0781deaca7c1 HTTP/1.1" status: 204 len: 168 time: 0.5440757
2026-05-29 23:06:18.991 10 WARNING neutron_lib.context [None req-e79e986a-f9a9-45e2-af31-69beaa47e204 df00ca7551c44672b2ca09a52a5f2286 0cee4a526ad840f9870ce6d76d5f7b44 - - default default] Method 'is_advsvc' is deprecated since 2023.2 release (neutron-lib 3.8.0) and will be removed once support for the old RBAC API policies will be removed from Neutron. Please use method 'is_service_role' instead.
2026-05-29 23:06:19.001 10 INFO neutron.db.ovn_revision_numbers_db [None req-c8766c73-2d9c-4c8d-8bc2-dc8d37cd3a2b 481cd6e504024275a39536412fef3dd8 030232ce9c0d42e193dc0a2cd2a4f169 - - default default] Successfully bumped revision number for resource 9ec9f3e5-c8a0-41d9-9c55-14ae97961e19 (type: networks) to 1
2026-05-29 23:06:19.108 10 INFO neutron.db.segments_db [None req-e79e986a-f9a9-45e2-af31-69beaa47e204 df00ca7551c44672b2ca09a52a5f2286 0cee4a526ad840f9870ce6d76d5f7b44 - - default default] Added segment d3343bd1-61bc-4401-bcc1-d75a64f1f0ef of type geneve for network db3c19b3-d11b-4206-a613-c5073dcad265
2026-05-29 23:06:19.264 10 WARNING neutron.scheduler.dhcp_agent_scheduler [None req-c8766c73-2d9c-4c8d-8bc2-dc8d37cd3a2b 481cd6e504024275a39536412fef3dd8 030232ce9c0d42e193dc0a2cd2a4f169 - - default default] No more DHCP agents
2026-05-29 23:06:19.266 10 WARNING neutron.api.rpc.agentnotifiers.dhcp_rpc_agent_api [None req-c8766c73-2d9c-4c8d-8bc2-dc8d37cd3a2b 481cd6e504024275a39536412fef3dd8 030232ce9c0d42e193dc0a2cd2a4f169 - - default default] Unable to schedule network 9ec9f3e5-c8a0-41d9-9c55-14ae97961e19: no agents available; will retry on subsequent port and subnet creation events.
2026-05-29 23:06:19.371 10 INFO neutron.db.ovn_revision_numbers_db [None req-e79e986a-f9a9-45e2-af31-69beaa47e204 df00ca7551c44672b2ca09a52a5f2286 0cee4a526ad840f9870ce6d76d5f7b44 - - default default] Successfully bumped revision number for resource db3c19b3-d11b-4206-a613-c5073dcad265 (type: networks) to 1
2026-05-29 23:06:19.404 9 INFO neutron.wsgi [None req-e675560d-b7be-4034-9b5e-b540c76c3420 f3169e0a8180473d8f967f59dc9b53be 3cbd4fb10c684fafb74c00498894f6c8 - - default default] 10.0.0.181 "DELETE /v2.0/networks/45f19048-9fd2-4f93-9c09-413cb51187d8 HTTP/1.1" status: 204 len: 168 time: 1.0127525
2026-05-29 23:06:19.429 10 INFO neutron.db.ovn_revision_numbers_db [None req-c8766c73-2d9c-4c8d-8bc2-dc8d37cd3a2b 481cd6e504024275a39536412fef3dd8 030232ce9c0d42e193dc0a2cd2a4f169 - - default default] Successfully bumped revision number for resource 02cce15f-8a23-4237-be12-016140d37158 (type: ports) to 1
2026-05-29 23:06:19.436 9 INFO neutron.pecan_wsgi.hooks.translation [None req-715b6f34-c22b-4f50-908e-3e22c15261ef f3169e0a8180473d8f967f59dc9b53be 3cbd4fb10c684fafb74c00498894f6c8 - - default default] DELETE failed (client error): The resource could not be found.
2026-05-29 23:06:19.438 9 INFO neutron.wsgi [None req-715b6f34-c22b-4f50-908e-3e22c15261ef f3169e0a8180473d8f967f59dc9b53be 3cbd4fb10c684fafb74c00498894f6c8 - - default default] 10.0.0.181 "DELETE /v2.0/subnets/eea6a69a-7953-442f-b713-07cd541c2121 HTTP/1.1" status: 404 len: 337 time: 0.0254221
2026-05-29 23:06:19.465 9 INFO neutron.pecan_wsgi.hooks.translation [None req-52b0b222-afd8-449d-89aa-c4d816e5670f f3169e0a8180473d8f967f59dc9b53be 3cbd4fb10c684fafb74c00498894f6c8 - - default default] DELETE failed (client error): The resource could not be found.
2026-05-29 23:06:19.467 10 INFO neutron.wsgi [None req-c8766c73-2d9c-4c8d-8bc2-dc8d37cd3a2b 481cd6e504024275a39536412fef3dd8 030232ce9c0d42e193dc0a2cd2a4f169 - - default default] 10.0.0.181 "POST /v2.0/networks HTTP/1.1" status: 201 len: 838 time: 1.2007287
2026-05-29 23:06:19.468 9 INFO neutron.wsgi [None req-52b0b222-afd8-449d-89aa-c4d816e5670f f3169e0a8180473d8f967f59dc9b53be 3cbd4fb10c684fafb74c00498894f6c8 - - default default] 10.0.0.181 "DELETE /v2.0/subnets/dce271c5-a773-43a1-9c74-96690cc4cc68 HTTP/1.1" status: 404 len: 337 time: 0.0253973
2026-05-29 23:06:19.478 9 WARNING neutron_lib.context [None req-ebad7574-0c6b-43a2-8641-18e6f08960ce 481cd6e504024275a39536412fef3dd8 030232ce9c0d42e193dc0a2cd2a4f169 - - default default] Method 'is_advsvc' is deprecated since 2023.2 release (neutron-lib 3.8.0) and will be removed once support for the old RBAC API policies will be removed from Neutron. Please use method 'is_service_role' instead.
2026-05-29 23:06:19.498 9 INFO neutron.pecan_wsgi.hooks.translation [None req-a2273651-7439-4e45-8149-8b31123b8af8 f3169e0a8180473d8f967f59dc9b53be 3cbd4fb10c684fafb74c00498894f6c8 - - default default] DELETE failed (client error): The resource could not be found.
2026-05-29 23:06:19.500 9 INFO neutron.wsgi [None req-a2273651-7439-4e45-8149-8b31123b8af8 f3169e0a8180473d8f967f59dc9b53be 3cbd4fb10c684fafb74c00498894f6c8 - - default default] 10.0.0.181 "DELETE /v2.0/subnets/4f4c2b07-cd6f-48a1-8c39-f7be9aa1cf3c HTTP/1.1" status: 404 len: 337 time: 0.0265944
2026-05-29 23:06:19.773 9 WARNING neutron.scheduler.dhcp_agent_scheduler [None req-ebad7574-0c6b-43a2-8641-18e6f08960ce 481cd6e504024275a39536412fef3dd8 030232ce9c0d42e193dc0a2cd2a4f169 - - default default] No more DHCP agents
2026-05-29 23:06:19.775 9 WARNING neutron.api.rpc.agentnotifiers.dhcp_rpc_agent_api [None req-ebad7574-0c6b-43a2-8641-18e6f08960ce 481cd6e504024275a39536412fef3dd8 030232ce9c0d42e193dc0a2cd2a4f169 - - default default] Unable to schedule network 9ec9f3e5-c8a0-41d9-9c55-14ae97961e19: no agents available; will retry on subsequent port and subnet creation events.
2026-05-29 23:06:19.786 10 WARNING neutron.scheduler.dhcp_agent_scheduler [None req-e79e986a-f9a9-45e2-af31-69beaa47e204 df00ca7551c44672b2ca09a52a5f2286 0cee4a526ad840f9870ce6d76d5f7b44 - - default default] No more DHCP agents
2026-05-29 23:06:19.789 10 WARNING neutron.api.rpc.agentnotifiers.dhcp_rpc_agent_api [None req-e79e986a-f9a9-45e2-af31-69beaa47e204 df00ca7551c44672b2ca09a52a5f2286 0cee4a526ad840f9870ce6d76d5f7b44 - - default default] Unable to schedule network db3c19b3-d11b-4206-a613-c5073dcad265: no agents available; will retry on subsequent port and subnet creation events.
2026-05-29 23:06:19.910 10 INFO neutron.db.ovn_revision_numbers_db [None req-e79e986a-f9a9-45e2-af31-69beaa47e204 df00ca7551c44672b2ca09a52a5f2286 0cee4a526ad840f9870ce6d76d5f7b44 - - default default] Successfully bumped revision number for resource d10aa453-26b3-480b-bd6f-f339952161e5 (type: ports) to 1
2026-05-29 23:06:19.962 10 INFO neutron.wsgi [None req-e79e986a-f9a9-45e2-af31-69beaa47e204 df00ca7551c44672b2ca09a52a5f2286 0cee4a526ad840f9870ce6d76d5f7b44 - - default default] 10.0.0.181 "POST /v2.0/networks HTTP/1.1" status: 201 len: 829 time: 0.9767807
2026-05-29 23:06:19.973 10 WARNING neutron_lib.context [None req-43afcebf-6a0b-4f27-a690-4372bf3318fa df00ca7551c44672b2ca09a52a5f2286 0cee4a526ad840f9870ce6d76d5f7b44 - - default default] Method 'is_advsvc' is deprecated since 2023.2 release (neutron-lib 3.8.0) and will be removed once support for the old RBAC API policies will be removed from Neutron. Please use method 'is_service_role' instead.
2026-05-29 23:06:20.316 10 WARNING neutron.scheduler.dhcp_agent_scheduler [None req-43afcebf-6a0b-4f27-a690-4372bf3318fa df00ca7551c44672b2ca09a52a5f2286 0cee4a526ad840f9870ce6d76d5f7b44 - - default default] No more DHCP agents
2026-05-29 23:06:20.318 10 WARNING neutron.api.rpc.agentnotifiers.dhcp_rpc_agent_api [None req-43afcebf-6a0b-4f27-a690-4372bf3318fa df00ca7551c44672b2ca09a52a5f2286 0cee4a526ad840f9870ce6d76d5f7b44 - - default default] Unable to schedule network db3c19b3-d11b-4206-a613-c5073dcad265: no agents available; will retry on subsequent port and subnet creation events.
2026-05-29 23:06:20.388 9 INFO neutron.db.ovn_revision_numbers_db [None req-ebad7574-0c6b-43a2-8641-18e6f08960ce 481cd6e504024275a39536412fef3dd8 030232ce9c0d42e193dc0a2cd2a4f169 - - default default] Successfully bumped revision number for resource 02cce15f-8a23-4237-be12-016140d37158 (type: ports) to 2
2026-05-29 23:06:20.417 9 INFO neutron.services.segments.plugin [-] Segment 9223d3d6-a953-49b3-9b71-873a06cc7ef3 resource provider aggregate not found
2026-05-29 23:06:20.422 9 INFO neutron.services.segments.plugin [-] Segment 9223d3d6-a953-49b3-9b71-873a06cc7ef3 resource provider aggregate not found
2026-05-29 23:06:20.440 9 INFO neutron.services.segments.plugin [-] Segment 9223d3d6-a953-49b3-9b71-873a06cc7ef3 resource provider not found; error: Placement Client Error (4xx): {"errors": [{"status": 404, "title": "Not Found", "detail": "The resource could not be found.\n\n No resource provider with uuid 9223d3d6-a953-49b3-9b71-873a06cc7ef3 found for delete ", "request_id": "req-ed19aa36-1936-453e-8e98-e8e52885c5af"}]}
2026-05-29 23:06:20.442 9 INFO neutron.services.segments.plugin [-] Segment 9223d3d6-a953-49b3-9b71-873a06cc7ef3 resource provider not found; error: Placement Client Error (4xx): {"errors": [{"status": 404, "title": "Not Found", "detail": "The resource could not be found.\n\n No resource provider with uuid 9223d3d6-a953-49b3-9b71-873a06cc7ef3 found for delete ", "request_id": "req-a11f5202-cdf6-450b-b211-fbbdac7a33e4"}]}
2026-05-29 23:06:20.467 9 INFO neutron.db.ovn_revision_numbers_db [None req-ebad7574-0c6b-43a2-8641-18e6f08960ce 481cd6e504024275a39536412fef3dd8 030232ce9c0d42e193dc0a2cd2a4f169 - - default default] Successfully bumped revision number for resource 80e0c2e3-a894-446a-bd32-fb321e818309 (type: subnets) to 0
2026-05-29 23:06:20.492 9 INFO neutron.wsgi [None req-ebad7574-0c6b-43a2-8641-18e6f08960ce 481cd6e504024275a39536412fef3dd8 030232ce9c0d42e193dc0a2cd2a4f169 - - default default] 10.0.0.181 "POST /v2.0/subnets HTTP/1.1" status: 201 len: 833 time: 1.0192745
2026-05-29 23:06:20.561 9 WARNING neutron.plugins.ml2.drivers.ovn.mech_driver.ovsdb.ovn_client [None req-8a4ad773-54c0-43c0-aa9b-a7b756d73871 - - - - - -] No port found with ID 508a7376-2f9f-4636-9f42-fa254af50a06: RuntimeError: No port found with ID 508a7376-2f9f-4636-9f42-fa254af50a06
2026-05-29 23:06:20.801 9 INFO neutron.wsgi [None req-eb00d950-7e3e-401f-973b-b0fc71fde179 2186e69d23f6404db1aabe19058d72d4 8b4d9940ca0d4f98a6e02bdb20d0781b - - default default] 10.0.0.181 "GET /v2.0/subnetpools?name=shared-default-subnetpool-v6 HTTP/1.1" status: 200 len: 212 time: 0.3005559
2026-05-29 23:06:20.810 9 WARNING neutron_lib.context [None req-0c5e41b5-67aa-4bde-8bbb-55dd0a326936 481cd6e504024275a39536412fef3dd8 030232ce9c0d42e193dc0a2cd2a4f169 - - default default] Method 'is_advsvc' is deprecated since 2023.2 release (neutron-lib 3.8.0) and will be removed once support for the old RBAC API policies will be removed from Neutron. Please use method 'is_service_role' instead.
2026-05-29 23:06:20.859 9 INFO neutron.db.ovn_revision_numbers_db [None req-2aff05d4-4cee-4beb-a45d-d5fe8d6718c1 6a50422223ed4b9ca3b2ce43192c37d5 a8cec7abc0cf433ebaa538af7a4fd6b0 - - default default] Successfully bumped revision number for resource 9256eea0-b1fd-4635-bacd-c985dc08f766 (type: security_groups) to 1
2026-05-29 23:06:20.880 9 INFO neutron.db.ovn_revision_numbers_db [None req-2aff05d4-4cee-4beb-a45d-d5fe8d6718c1 6a50422223ed4b9ca3b2ce43192c37d5 a8cec7abc0cf433ebaa538af7a4fd6b0 - - default default] Successfully bumped revision number for resource 4b60eefc-ff78-4e1a-a767-b61ca44327f9 (type: security_group_rules) to 0
2026-05-29 23:06:20.903 9 INFO neutron.db.ovn_revision_numbers_db [None req-2aff05d4-4cee-4beb-a45d-d5fe8d6718c1 6a50422223ed4b9ca3b2ce43192c37d5 a8cec7abc0cf433ebaa538af7a4fd6b0 - - default default] Successfully bumped revision number for resource a161f074-dc05-42b9-b6c4-c29cdbc24f3c (type: security_group_rules) to 0
2026-05-29 23:06:20.928 10 INFO neutron.db.ovn_revision_numbers_db [None req-43afcebf-6a0b-4f27-a690-4372bf3318fa df00ca7551c44672b2ca09a52a5f2286 0cee4a526ad840f9870ce6d76d5f7b44 - - default default] Successfully bumped revision number for resource d10aa453-26b3-480b-bd6f-f339952161e5 (type: ports) to 2
2026-05-29 23:06:20.934 9 INFO neutron.db.ovn_revision_numbers_db [None req-2aff05d4-4cee-4beb-a45d-d5fe8d6718c1 6a50422223ed4b9ca3b2ce43192c37d5 a8cec7abc0cf433ebaa538af7a4fd6b0 - - default default] Successfully bumped revision number for resource ab29b7f0-da6c-4244-8482-cf5b9a085a88 (type: security_group_rules) to 0
2026-05-29 23:06:20.962 9 INFO neutron.db.ovn_revision_numbers_db [None req-2aff05d4-4cee-4beb-a45d-d5fe8d6718c1 6a50422223ed4b9ca3b2ce43192c37d5 a8cec7abc0cf433ebaa538af7a4fd6b0 - - default default] Successfully bumped revision number for resource d7b8717a-e8bf-4382-bcf4-5c69dca6baac (type: security_group_rules) to 0
2026-05-29 23:06:20.973 10 INFO neutron.db.ovn_revision_numbers_db [None req-43afcebf-6a0b-4f27-a690-4372bf3318fa df00ca7551c44672b2ca09a52a5f2286 0cee4a526ad840f9870ce6d76d5f7b44 - - default default] Successfully bumped revision number for resource 9fd7efea-48db-4590-8974-1a780a15faf2 (type: subnets) to 0
2026-05-29 23:06:20.989 9 INFO neutron.wsgi [None req-2aff05d4-4cee-4beb-a45d-d5fe8d6718c1 6a50422223ed4b9ca3b2ce43192c37d5 a8cec7abc0cf433ebaa538af7a4fd6b0 - - default default] 10.0.0.181 "GET /v2.0/security-groups?tenant_id=816066df0fcf48158c5f8bcd03318b76&name=default HTTP/1.1" status: 200 len: 2996 time: 0.4158244
2026-05-29 23:06:20.992 10 INFO neutron.wsgi [None req-43afcebf-6a0b-4f27-a690-4372bf3318fa df00ca7551c44672b2ca09a52a5f2286 0cee4a526ad840f9870ce6d76d5f7b44 - - default default] 10.0.0.181 "POST /v2.0/subnets HTTP/1.1" status: 201 len: 801 time: 1.0232811
2026-05-29 23:06:21.002 9 WARNING neutron_lib.context [None req-bfe8377d-3f4f-43b4-bbc3-39f385796fa3 df00ca7551c44672b2ca09a52a5f2286 0cee4a526ad840f9870ce6d76d5f7b44 - - default default] Method 'is_advsvc' is deprecated since 2023.2 release (neutron-lib 3.8.0) and will be removed once support for the old RBAC API policies will be removed from Neutron. Please use method 'is_service_role' instead.
2026-05-29 23:06:21.177 9 WARNING neutron.scheduler.dhcp_agent_scheduler [None req-0c5e41b5-67aa-4bde-8bbb-55dd0a326936 481cd6e504024275a39536412fef3dd8 030232ce9c0d42e193dc0a2cd2a4f169 - - default default] No more DHCP agents
2026-05-29 23:06:21.180 9 WARNING neutron.api.rpc.agentnotifiers.dhcp_rpc_agent_api [None req-0c5e41b5-67aa-4bde-8bbb-55dd0a326936 481cd6e504024275a39536412fef3dd8 030232ce9c0d42e193dc0a2cd2a4f169 - - default default] Unable to schedule network 9ec9f3e5-c8a0-41d9-9c55-14ae97961e19: no agents available; will retry on subsequent port and subnet creation events.
2026-05-29 23:06:21.220 9 INFO neutron.db.ovn_revision_numbers_db [None req-bfe8377d-3f4f-43b4-bbc3-39f385796fa3 df00ca7551c44672b2ca09a52a5f2286 0cee4a526ad840f9870ce6d76d5f7b44 - - default default] Successfully bumped revision number for resource 924da447-079d-4ab2-8003-4d62d1e4f214 (type: routers) to 1
2026-05-29 23:06:21.225 10 INFO neutron.wsgi [None req-44b0d9c0-1416-47c7-929b-ced2aa9e4587 6a50422223ed4b9ca3b2ce43192c37d5 a8cec7abc0cf433ebaa538af7a4fd6b0 - - default default] 10.0.0.181 "DELETE /v2.0/security-groups/9256eea0-b1fd-4635-bacd-c985dc08f766 HTTP/1.1" status: 204 len: 168 time: 0.2307723
2026-05-29 23:06:21.251 9 INFO neutron.wsgi [None req-bfe8377d-3f4f-43b4-bbc3-39f385796fa3 df00ca7551c44672b2ca09a52a5f2286 0cee4a526ad840f9870ce6d76d5f7b44 - - default default] 10.0.0.181 "POST /v2.0/routers HTTP/1.1" status: 201 len: 686 time: 0.2541199
2026-05-29 23:06:21.252 9 INFO neutron.db.ovn_revision_numbers_db [None req-0c5e41b5-67aa-4bde-8bbb-55dd0a326936 481cd6e504024275a39536412fef3dd8 030232ce9c0d42e193dc0a2cd2a4f169 - - default default] Successfully bumped revision number for resource c8df828f-7f9c-4030-afb1-502885da6854 (type: subnets) to 0
2026-05-29 23:06:21.263 10 WARNING neutron_lib.context [None req-0d2b055f-7961-4e77-ae5a-a4386f8dd112 df00ca7551c44672b2ca09a52a5f2286 0cee4a526ad840f9870ce6d76d5f7b44 - - default default] Method 'is_advsvc' is deprecated since 2023.2 release (neutron-lib 3.8.0) and will be removed once support for the old RBAC API policies will be removed from Neutron. Please use method 'is_service_role' instead.
2026-05-29 23:06:21.269 9 INFO neutron.wsgi [None req-0c5e41b5-67aa-4bde-8bbb-55dd0a326936 481cd6e504024275a39536412fef3dd8 030232ce9c0d42e193dc0a2cd2a4f169 - - default default] 10.0.0.181 "POST /v2.0/subnets HTTP/1.1" status: 201 len: 907 time: 0.4631071
2026-05-29 23:06:21.281 9 WARNING neutron_lib.context [None req-e52073aa-4d1c-4101-9ef4-659b4e6dcfcf 481cd6e504024275a39536412fef3dd8 030232ce9c0d42e193dc0a2cd2a4f169 - - default default] Method 'is_advsvc' is deprecated since 2023.2 release (neutron-lib 3.8.0) and will be removed once support for the old RBAC API policies will be removed from Neutron. Please use method 'is_service_role' instead.
2026-05-29 23:06:21.366 9 INFO neutron.db.segments_db [None req-e52073aa-4d1c-4101-9ef4-659b4e6dcfcf 481cd6e504024275a39536412fef3dd8 030232ce9c0d42e193dc0a2cd2a4f169 - - default default] Added segment 1698c36f-368a-4861-93ba-9c4f1455b8d9 of type geneve for network f6e8960a-d38c-4e93-8118-b0daff4361b9
2026-05-29 23:06:21.563 9 INFO neutron.db.ovn_revision_numbers_db [None req-e52073aa-4d1c-4101-9ef4-659b4e6dcfcf 481cd6e504024275a39536412fef3dd8 030232ce9c0d42e193dc0a2cd2a4f169 - - default default] Successfully bumped revision number for resource f6e8960a-d38c-4e93-8118-b0daff4361b9 (type: networks) to 1
2026-05-29 23:06:21.569 9 INFO neutron.db.ovn_revision_numbers_db [None req-41319245-e3e6-48ff-b1ab-264809438d83 6a50422223ed4b9ca3b2ce43192c37d5 a8cec7abc0cf433ebaa538af7a4fd6b0 - - default default] Successfully bumped revision number for resource f7b7135e-7ccc-4822-a34f-2ee2a3d74968 (type: security_groups) to 1
2026-05-29 23:06:21.607 9 INFO neutron.db.ovn_revision_numbers_db [None req-41319245-e3e6-48ff-b1ab-264809438d83 6a50422223ed4b9ca3b2ce43192c37d5 a8cec7abc0cf433ebaa538af7a4fd6b0 - - default default] Successfully bumped revision number for resource 3346e436-edf0-4f18-8cbf-6dd5b8c3adc6 (type: security_group_rules) to 0
