2026-05-29 23:04:48.045 10 INFO neutron.wsgi [-] 10.0.0.85 "GET / HTTP/1.1" status: 200 len: 247 time: 0.0054502
2026-05-29 23:04:48.553 9 INFO neutron.wsgi [req-23091c07-806e-4691-bd14-6b18970342b6 req-50711fc1-082c-4e7e-bffc-db3ae15975af d0572d8f15734e3e8982605b4c29e8c7 d5d6d60ff91e4a0fa7b02ef95d9ea17e - - default default] 199.204.45.30 "GET /v2.0/networks?id=1dab0b3f-ae51-4352-81ec-cead00490620 HTTP/1.1" status: 200 len: 874 time: 0.0776410
2026-05-29 23:04:48.624 9 INFO neutron.wsgi [req-23091c07-806e-4691-bd14-6b18970342b6 req-3960ae51-909f-47b3-87d8-a6b011e48819 d0572d8f15734e3e8982605b4c29e8c7 d5d6d60ff91e4a0fa7b02ef95d9ea17e - - default default] 199.204.45.30 "GET /v2.0/security-groups?fields=id&fields=name&tenant_id=d5d6d60ff91e4a0fa7b02ef95d9ea17e HTTP/1.1" status: 200 len: 380 time: 0.0588000
2026-05-29 23:04:48.632 9 WARNING neutron_lib.context [req-23091c07-806e-4691-bd14-6b18970342b6 req-ddcaf121-2e0c-46df-977f-aa24369f7d1c d0572d8f15734e3e8982605b4c29e8c7 d5d6d60ff91e4a0fa7b02ef95d9ea17e - - default default] Method 'is_advsvc' is deprecated since 2023.2 release (neutron-lib 3.8.0) and will be removed once support for the old RBAC API policies will be removed from Neutron. Please use method 'is_service_role' instead.
2026-05-29 23:04:48.828 9 INFO neutron.wsgi [req-9abd20ca-55a9-4693-8610-26ca4b1a4685 req-a6762b29-5561-4cf6-9b6b-506a6ca58895 d0572d8f15734e3e8982605b4c29e8c7 d5d6d60ff91e4a0fa7b02ef95d9ea17e - - default default] 10.0.0.86 "GET /v2.0/ports?device_id=b14f9305-d9e3-40a9-948f-c03dd8744a4b HTTP/1.1" status: 200 len: 210 time: 0.0425811
2026-05-29 23:04:49.015 9 INFO neutron.wsgi [req-d349dae2-5122-4d1c-964e-24997fa0ae4f req-10e3e998-8192-4bac-95d8-bb2067efd6e0 6cb7ab7bac0e4f7895da0ba510486992 86982ab26c014fb6a8a45833ab4e26fa - - default default] 10.0.0.86 "GET /v2.0/ports?device_id=4b90674b-7c98-4425-9d5d-aec9d4cfb8e1 HTTP/1.1" status: 200 len: 1168 time: 0.0477977
2026-05-29 23:04:49.080 9 INFO neutron.wsgi [req-d349dae2-5122-4d1c-964e-24997fa0ae4f req-f9252fb4-244b-49e3-8762-2709f4d3f9e5 6cb7ab7bac0e4f7895da0ba510486992 86982ab26c014fb6a8a45833ab4e26fa - - default default] 10.0.0.86 "GET /v2.0/security-groups?id=14329ba6-b407-4578-ac6d-3dc4e84c95d4&fields=id&fields=name HTTP/1.1" status: 200 len: 313 time: 0.0592039
2026-05-29 23:04:49.101 9 WARNING neutron.scheduler.dhcp_agent_scheduler [req-23091c07-806e-4691-bd14-6b18970342b6 req-ddcaf121-2e0c-46df-977f-aa24369f7d1c d0572d8f15734e3e8982605b4c29e8c7 d5d6d60ff91e4a0fa7b02ef95d9ea17e - - default default] No more DHCP agents
2026-05-29 23:04:49.103 9 WARNING neutron.api.rpc.agentnotifiers.dhcp_rpc_agent_api [req-23091c07-806e-4691-bd14-6b18970342b6 req-ddcaf121-2e0c-46df-977f-aa24369f7d1c d0572d8f15734e3e8982605b4c29e8c7 d5d6d60ff91e4a0fa7b02ef95d9ea17e - - default default] Unable to schedule network 1dab0b3f-ae51-4352-81ec-cead00490620: no agents available; will retry on subsequent port and subnet creation events.
2026-05-29 23:04:49.376 9 INFO neutron.db.ovn_revision_numbers_db [req-23091c07-806e-4691-bd14-6b18970342b6 req-ddcaf121-2e0c-46df-977f-aa24369f7d1c d0572d8f15734e3e8982605b4c29e8c7 d5d6d60ff91e4a0fa7b02ef95d9ea17e - - default default] Successfully bumped revision number for resource 4caa2b27-c796-4092-9dcf-a1b35162dbaf (type: ports) to 1
2026-05-29 23:04:49.406 9 INFO neutron.wsgi [req-23091c07-806e-4691-bd14-6b18970342b6 req-ddcaf121-2e0c-46df-977f-aa24369f7d1c d0572d8f15734e3e8982605b4c29e8c7 d5d6d60ff91e4a0fa7b02ef95d9ea17e - - default default] 199.204.45.30 "POST /v2.0/ports HTTP/1.1" status: 201 len: 1158 time: 0.7777627 /var/lib/openstack/lib/python3.10/site-packages/pycadf/identifier.py:71: UserWarning: Invalid uuid: neutron. To ensure interoperability, identifiers should be a valid uuid. warnings.warn(('Invalid uuid: %s. To ensure interoperability, '
2026-05-29 23:04:49.705 10 WARNING neutron.plugins.ml2.drivers.ovn.mech_driver.ovsdb.ovn_client [None req-122fb077-3377-4ad0-a2ee-7a656287fa79 - - - - - -] No hosting information found for port cfa6e95e-11b8-4d07-b7fc-dc3ce8879d91: RuntimeError: No hosting information found for port cfa6e95e-11b8-4d07-b7fc-dc3ce8879d91
2026-05-29 23:04:49.706 10 INFO neutron.plugins.ml2.drivers.ovn.mech_driver.mech_driver [None req-122fb077-3377-4ad0-a2ee-7a656287fa79 - - - - - -] OVN reports status up for port: 422e5fbb-a253-4e9c-966d-a257c8c2eb23
2026-05-29 23:04:49.719 10 INFO neutron.plugins.ml2.plugin [None req-122fb077-3377-4ad0-a2ee-7a656287fa79 - - - - - -] Attempt 1 to provision port 422e5fbb-a253-4e9c-966d-a257c8c2eb23
2026-05-29 23:04:49.859 10 INFO neutron.notifiers.nova [-] Nova event matching ['req-6fdc8f05-9720-4333-8bf9-5ae2acad3a93'] response: {'server_uuid': '4b90674b-7c98-4425-9d5d-aec9d4cfb8e1', 'name': 'network-vif-plugged', 'status': 'completed', 'tag': '422e5fbb-a253-4e9c-966d-a257c8c2eb23', 'code': 200}
2026-05-29 23:04:49.896 9 INFO neutron.db.ovn_revision_numbers_db [req-23091c07-806e-4691-bd14-6b18970342b6 req-869a7fa4-5eea-46ca-b825-cb9a97fb78c1 1b837833910a4dcfb0d1b08241e63654 c313135cd3f649f8b0a2a0ed8c949055 - - 02a142e46f5146a08f42729707b5a95e 02a142e46f5146a08f42729707b5a95e] Successfully bumped revision number for resource 4caa2b27-c796-4092-9dcf-a1b35162dbaf (type: ports) to 2 /var/lib/openstack/lib/python3.10/site-packages/pycadf/identifier.py:71: UserWarning: Invalid uuid: neutron. To ensure interoperability, identifiers should be a valid uuid. warnings.warn(('Invalid uuid: %s. To ensure interoperability, '
2026-05-29 23:04:49.959 9 INFO neutron.wsgi [req-da24f8e5-6032-4af4-97ac-4c352689cc4b req-ec6dab1a-c475-46d1-8778-250098382914 d0572d8f15734e3e8982605b4c29e8c7 d5d6d60ff91e4a0fa7b02ef95d9ea17e - - default default] 10.0.0.86 "GET /v2.0/ports?device_id=b14f9305-d9e3-40a9-948f-c03dd8744a4b HTTP/1.1" status: 200 len: 1168 time: 0.0567853
2026-05-29 23:04:50.039 9 INFO neutron.wsgi [req-da24f8e5-6032-4af4-97ac-4c352689cc4b req-5412bc03-926d-442a-86e0-24cda5f408ec d0572d8f15734e3e8982605b4c29e8c7 d5d6d60ff91e4a0fa7b02ef95d9ea17e - - default default] 10.0.0.86 "GET /v2.0/security-groups?id=632ccd46-4145-4fb9-b8b4-5bf908a301f4&fields=id&fields=name HTTP/1.1" status: 200 len: 313 time: 0.0726993
2026-05-29 23:04:50.134 10 INFO neutron.db.ovn_revision_numbers_db [None req-122fb077-3377-4ad0-a2ee-7a656287fa79 - - - - - -] Successfully bumped revision number for resource 422e5fbb-a253-4e9c-966d-a257c8c2eb23 (type: ports) to 4 /var/lib/openstack/lib/python3.10/site-packages/pycadf/identifier.py:71: UserWarning: Invalid uuid: neutron. To ensure interoperability, identifiers should be a valid uuid. warnings.warn(('Invalid uuid: %s. To ensure interoperability, '
2026-05-29 23:04:50.251 9 INFO neutron.wsgi [req-07d3416a-3b3f-46c6-a6e9-abae495b25a4 req-3b706ee2-9edf-4f6a-b7e7-f0072a69881d 6cb7ab7bac0e4f7895da0ba510486992 86982ab26c014fb6a8a45833ab4e26fa - - default default] 10.0.0.86 "GET /v2.0/ports?device_id=4b90674b-7c98-4425-9d5d-aec9d4cfb8e1 HTTP/1.1" status: 200 len: 1170 time: 0.0910623
2026-05-29 23:04:50.273 9 INFO neutron.db.ovn_revision_numbers_db [None req-d079f8bd-1aae-4ac3-8837-1bda1896f85f 6a50422223ed4b9ca3b2ce43192c37d5 a8cec7abc0cf433ebaa538af7a4fd6b0 - - default default] Successfully bumped revision number for resource 8fa4286a-6a0f-4854-b6ff-0bbc0d60748d (type: security_groups) to 1
2026-05-29 23:04:50.311 10 INFO neutron.db.ovn_revision_numbers_db [None req-bee1190d-2098-4e33-addb-80bd61064806 6a50422223ed4b9ca3b2ce43192c37d5 a8cec7abc0cf433ebaa538af7a4fd6b0 - - default default] Successfully bumped revision number for resource 97c7e403-3b3f-49c2-92b1-1ddbdf66b1bd (type: security_groups) to 1
2026-05-29 23:04:50.313 9 INFO neutron.db.ovn_revision_numbers_db [None req-d079f8bd-1aae-4ac3-8837-1bda1896f85f 6a50422223ed4b9ca3b2ce43192c37d5 a8cec7abc0cf433ebaa538af7a4fd6b0 - - default default] Successfully bumped revision number for resource 2aa3423e-9e19-40e4-a53b-c99a6fbf62aa (type: security_group_rules) to 0
2026-05-29 23:04:50.329 10 INFO neutron.db.ovn_revision_numbers_db [None req-bee1190d-2098-4e33-addb-80bd61064806 6a50422223ed4b9ca3b2ce43192c37d5 a8cec7abc0cf433ebaa538af7a4fd6b0 - - default default] Successfully bumped revision number for resource 82fa10e5-e28a-46ea-8084-9107f0e219b8 (type: security_group_rules) to 0
2026-05-29 23:04:50.338 9 INFO neutron.wsgi [req-07d3416a-3b3f-46c6-a6e9-abae495b25a4 req-4f4ea563-9647-478c-bdde-7e42d4dc19eb 6cb7ab7bac0e4f7895da0ba510486992 86982ab26c014fb6a8a45833ab4e26fa - - default default] 10.0.0.86 "GET /v2.0/security-groups?id=14329ba6-b407-4578-ac6d-3dc4e84c95d4&fields=id&fields=name HTTP/1.1" status: 200 len: 313 time: 0.0787938
2026-05-29 23:04:50.345 9 INFO neutron.db.ovn_revision_numbers_db [None req-d079f8bd-1aae-4ac3-8837-1bda1896f85f 6a50422223ed4b9ca3b2ce43192c37d5 a8cec7abc0cf433ebaa538af7a4fd6b0 - - default default] Successfully bumped revision number for resource 99620adc-a843-4bd0-95e3-4d016f7b6703 (type: security_group_rules) to 0
2026-05-29 23:04:50.347 10 INFO neutron.db.ovn_revision_numbers_db [None req-bee1190d-2098-4e33-addb-80bd61064806 6a50422223ed4b9ca3b2ce43192c37d5 a8cec7abc0cf433ebaa538af7a4fd6b0 - - default default] Successfully bumped revision number for resource c2624b4c-b45d-4bda-9f84-981eafb2a045 (type: security_group_rules) to 0
2026-05-29 23:04:50.356 9 INFO neutron.db.ovn_revision_numbers_db [req-23091c07-806e-4691-bd14-6b18970342b6 req-869a7fa4-5eea-46ca-b825-cb9a97fb78c1 1b837833910a4dcfb0d1b08241e63654 c313135cd3f649f8b0a2a0ed8c949055 - - 02a142e46f5146a08f42729707b5a95e 02a142e46f5146a08f42729707b5a95e] Successfully bumped revision number for resource 4caa2b27-c796-4092-9dcf-a1b35162dbaf (type: ports) to 2
2026-05-29 23:04:50.362 10 INFO neutron.db.ovn_revision_numbers_db [None req-bee1190d-2098-4e33-addb-80bd61064806 6a50422223ed4b9ca3b2ce43192c37d5 a8cec7abc0cf433ebaa538af7a4fd6b0 - - default default] Successfully bumped revision number for resource c681c9f5-33ea-41ca-b21f-152136030e88 (type: security_group_rules) to 0
2026-05-29 23:04:50.365 9 INFO neutron.db.ovn_revision_numbers_db [None req-d079f8bd-1aae-4ac3-8837-1bda1896f85f 6a50422223ed4b9ca3b2ce43192c37d5 a8cec7abc0cf433ebaa538af7a4fd6b0 - - default default] Successfully bumped revision number for resource d42ae41b-44a7-417e-a4e4-9ccb196b524e (type: security_group_rules) to 0
2026-05-29 23:04:50.376 9 INFO neutron.wsgi [req-23091c07-806e-4691-bd14-6b18970342b6 req-869a7fa4-5eea-46ca-b825-cb9a97fb78c1 1b837833910a4dcfb0d1b08241e63654 c313135cd3f649f8b0a2a0ed8c949055 - - 02a142e46f5146a08f42729707b5a95e 02a142e46f5146a08f42729707b5a95e] 199.204.45.30 "PUT /v2.0/ports/4caa2b27-c796-4092-9dcf-a1b35162dbaf HTTP/1.1" status: 200 len: 1376 time: 0.9635139
2026-05-29 23:04:50.383 10 INFO neutron.db.ovn_revision_numbers_db [None req-bee1190d-2098-4e33-addb-80bd61064806 6a50422223ed4b9ca3b2ce43192c37d5 a8cec7abc0cf433ebaa538af7a4fd6b0 - - default default] Successfully bumped revision number for resource dd8c2121-846f-460a-a73f-5b06961844c4 (type: security_group_rules) to 0
2026-05-29 23:04:50.391 9 INFO neutron.db.ovn_revision_numbers_db [None req-d079f8bd-1aae-4ac3-8837-1bda1896f85f 6a50422223ed4b9ca3b2ce43192c37d5 a8cec7abc0cf433ebaa538af7a4fd6b0 - - default default] Successfully bumped revision number for resource f67699d8-d5fa-493d-8683-cc7510e9160e (type: security_group_rules) to 0
2026-05-29 23:04:50.417 10 INFO neutron.wsgi [None req-bee1190d-2098-4e33-addb-80bd61064806 6a50422223ed4b9ca3b2ce43192c37d5 a8cec7abc0cf433ebaa538af7a4fd6b0 - - default default] 10.0.0.181 "GET /v2.0/security-groups?tenant_id=ea62b3cc7d8f402095fdd2b50902e75a&name=default HTTP/1.1" status: 200 len: 2996 time: 0.3438251
2026-05-29 23:04:50.418 9 INFO neutron.wsgi [None req-d079f8bd-1aae-4ac3-8837-1bda1896f85f 6a50422223ed4b9ca3b2ce43192c37d5 a8cec7abc0cf433ebaa538af7a4fd6b0 - - default default] 10.0.0.181 "GET /v2.0/security-groups?tenant_id=0a35efeaf4954422b0f5e831fb97eed1&name=default HTTP/1.1" status: 200 len: 2996 time: 0.7423012 /var/lib/openstack/lib/python3.10/site-packages/pycadf/identifier.py:71: UserWarning: Invalid uuid: neutron. To ensure interoperability, identifiers should be a valid uuid. warnings.warn(('Invalid uuid: %s. To ensure interoperability, '
2026-05-29 23:04:50.442 9 INFO neutron.notifiers.nova [-] Nova event matching ['req-a26c28c9-3049-49fb-80d6-13faa7d33af3'] response: {'name': 'network-changed', 'server_uuid': 'b14f9305-d9e3-40a9-948f-c03dd8744a4b', 'tag': '4caa2b27-c796-4092-9dcf-a1b35162dbaf', 'status': 'completed', 'code': 200}
2026-05-29 23:04:50.490 9 INFO neutron.wsgi [req-23091c07-806e-4691-bd14-6b18970342b6 req-c8412bbc-bf6a-4cbe-8042-9910887f804d 1b837833910a4dcfb0d1b08241e63654 c313135cd3f649f8b0a2a0ed8c949055 - - 02a142e46f5146a08f42729707b5a95e 02a142e46f5146a08f42729707b5a95e] 199.204.45.30 "GET /v2.0/ports?tenant_id=d5d6d60ff91e4a0fa7b02ef95d9ea17e&device_id=b14f9305-d9e3-40a9-948f-c03dd8744a4b HTTP/1.1" status: 200 len: 1407 time: 0.0619831
2026-05-29 23:04:50.497 9 INFO neutron.wsgi [req-f7e594fc-b9d0-4851-bcf5-8a7e714e2f9c req-e79a1548-9feb-4083-9629-d055287ad07e 6cb7ab7bac0e4f7895da0ba510486992 86982ab26c014fb6a8a45833ab4e26fa - - default default] 10.0.0.86 "GET /v2.0/ports?device_id=4b90674b-7c98-4425-9d5d-aec9d4cfb8e1 HTTP/1.1" status: 200 len: 1170 time: 0.0676296
2026-05-29 23:04:50.524 9 INFO neutron.wsgi [req-23091c07-806e-4691-bd14-6b18970342b6 req-79eb9b77-87fa-40f3-ba65-3f1d32155dfe 1b837833910a4dcfb0d1b08241e63654 c313135cd3f649f8b0a2a0ed8c949055 - - 02a142e46f5146a08f42729707b5a95e 02a142e46f5146a08f42729707b5a95e] 199.204.45.30 "GET /v2.0/floatingips?fixed_ip_address=10.100.0.5&port_id=4caa2b27-c796-4092-9dcf-a1b35162dbaf HTTP/1.1" status: 200 len: 217 time: 0.0256364
2026-05-29 23:04:50.580 9 INFO neutron.wsgi [req-f7e594fc-b9d0-4851-bcf5-8a7e714e2f9c req-3f42bab6-f3ba-4e92-9fa7-e7640150c977 6cb7ab7bac0e4f7895da0ba510486992 86982ab26c014fb6a8a45833ab4e26fa - - default default] 10.0.0.86 "GET /v2.0/security-groups?id=14329ba6-b407-4578-ac6d-3dc4e84c95d4&fields=id&fields=name HTTP/1.1" status: 200 len: 313 time: 0.0745556
2026-05-29 23:04:50.585 9 INFO neutron.wsgi [req-23091c07-806e-4691-bd14-6b18970342b6 req-4ad5d4df-2cd8-4bf5-9cf8-865ef7bbf6e2 1b837833910a4dcfb0d1b08241e63654 c313135cd3f649f8b0a2a0ed8c949055 - - 02a142e46f5146a08f42729707b5a95e 02a142e46f5146a08f42729707b5a95e] 199.204.45.30 "GET /v2.0/subnets?id=44c2a3df-026a-4c09-a7ed-939d37e19829 HTTP/1.1" status: 200 len: 868 time: 0.0511496
2026-05-29 23:04:50.625 9 INFO neutron.wsgi [req-23091c07-806e-4691-bd14-6b18970342b6 req-64ee1bcc-69c0-48fc-8882-dbf33d5f6732 1b837833910a4dcfb0d1b08241e63654 c313135cd3f649f8b0a2a0ed8c949055 - - 02a142e46f5146a08f42729707b5a95e 02a142e46f5146a08f42729707b5a95e] 199.204.45.30 "GET /v2.0/ports?network_id=1dab0b3f-ae51-4352-81ec-cead00490620&device_owner=network%3Adhcp HTTP/1.1" status: 200 len: 210 time: 0.0310662
2026-05-29 23:04:50.643 10 INFO neutron.wsgi [None req-a9a537c8-af20-4647-8b93-fc97e9ce5cef 6a50422223ed4b9ca3b2ce43192c37d5 a8cec7abc0cf433ebaa538af7a4fd6b0 - - default default] 10.0.0.181 "DELETE /v2.0/security-groups/8fa4286a-6a0f-4854-b6ff-0bbc0d60748d HTTP/1.1" status: 204 len: 168 time: 0.2204540
2026-05-29 23:04:50.888 10 INFO neutron.db.ovn_revision_numbers_db [None req-4e2a5034-8405-44a8-8cd3-d1813e2c1a3d 6a50422223ed4b9ca3b2ce43192c37d5 a8cec7abc0cf433ebaa538af7a4fd6b0 - - default default] Successfully bumped revision number for resource 3ed5a893-a66d-4c82-8802-afd85adf6d9c (type: security_groups) to 1
2026-05-29 23:04:50.905 9 INFO neutron.wsgi [None req-cdbea531-a4af-49bd-b918-dbcf2057c667 64bdbdbc0d454b6b8d0e6c34ead40cd3 b2d7f7afe0cd4c60b52b8b9997171872 - - default default] 10.0.0.181 "GET /v2.0/ports?device_id=4b90674b-7c98-4425-9d5d-aec9d4cfb8e1 HTTP/1.1" status: 200 len: 1404 time: 0.2900178
2026-05-29 23:04:50.906 10 INFO neutron.db.ovn_revision_numbers_db [None req-4e2a5034-8405-44a8-8cd3-d1813e2c1a3d 6a50422223ed4b9ca3b2ce43192c37d5 a8cec7abc0cf433ebaa538af7a4fd6b0 - - default default] Successfully bumped revision number for resource 35910756-a12b-42e9-841b-dd1682cf72a3 (type: security_group_rules) to 0
2026-05-29 23:04:50.921 10 WARNING neutron_lib.context [None req-2c80b0bd-a78a-419b-8f78-6fa313929ab9 6cb7ab7bac0e4f7895da0ba510486992 86982ab26c014fb6a8a45833ab4e26fa - - default default] Method 'is_advsvc' is deprecated since 2023.2 release (neutron-lib 3.8.0) and will be removed once support for the old RBAC API policies will be removed from Neutron. Please use method 'is_service_role' instead.
2026-05-29 23:04:50.933 10 INFO neutron.db.ovn_revision_numbers_db [None req-4e2a5034-8405-44a8-8cd3-d1813e2c1a3d 6a50422223ed4b9ca3b2ce43192c37d5 a8cec7abc0cf433ebaa538af7a4fd6b0 - - default default] Successfully bumped revision number for resource 985d205c-138f-4758-866e-758188f26282 (type: security_group_rules) to 0
2026-05-29 23:04:50.946 9 INFO neutron.wsgi [req-23091c07-806e-4691-bd14-6b18970342b6 req-99ed9f6d-c8df-4f4d-b5d4-5e7fc1928ef4 1b837833910a4dcfb0d1b08241e63654 c313135cd3f649f8b0a2a0ed8c949055 - - 02a142e46f5146a08f42729707b5a95e 02a142e46f5146a08f42729707b5a95e] 199.204.45.30 "GET /v2.0/networks/1dab0b3f-ae51-4352-81ec-cead00490620?fields=segments HTTP/1.1" status: 200 len: 212 time: 0.3113225
2026-05-29 23:04:50.950 10 INFO neutron.db.ovn_revision_numbers_db [None req-4e2a5034-8405-44a8-8cd3-d1813e2c1a3d 6a50422223ed4b9ca3b2ce43192c37d5 a8cec7abc0cf433ebaa538af7a4fd6b0 - - default default] Successfully bumped revision number for resource b6b98078-75de-4813-bb2e-8d54414114b0 (type: security_group_rules) to 0
2026-05-29 23:04:50.974 10 INFO neutron.db.ovn_revision_numbers_db [None req-4e2a5034-8405-44a8-8cd3-d1813e2c1a3d 6a50422223ed4b9ca3b2ce43192c37d5 a8cec7abc0cf433ebaa538af7a4fd6b0 - - default default] Successfully bumped revision number for resource b97dc4b2-bfa0-4a2f-874c-951621217ed6 (type: security_group_rules) to 0
2026-05-29 23:04:51.002 10 INFO neutron.wsgi [None req-4e2a5034-8405-44a8-8cd3-d1813e2c1a3d 6a50422223ed4b9ca3b2ce43192c37d5 a8cec7abc0cf433ebaa538af7a4fd6b0 - - default default] 10.0.0.181 "GET /v2.0/security-groups?tenant_id=721cac358d164834b6b84182320fa763&name=default HTTP/1.1" status: 200 len: 2996 time: 0.2301662
2026-05-29 23:04:51.023 9 INFO neutron.wsgi [req-23091c07-806e-4691-bd14-6b18970342b6 req-d8a67dc9-5f23-4f90-9809-f41b55886880 1b837833910a4dcfb0d1b08241e63654 c313135cd3f649f8b0a2a0ed8c949055 - - 02a142e46f5146a08f42729707b5a95e 02a142e46f5146a08f42729707b5a95e] 199.204.45.30 "GET /v2.0/networks/1dab0b3f-ae51-4352-81ec-cead00490620?fields=provider%3Aphysical_network&fields=provider%3Anetwork_type HTTP/1.1" status: 200 len: 277 time: 0.0689731
2026-05-29 23:04:51.048 9 INFO neutron.wsgi [None req-3f25a1fe-623e-4af1-8f15-cad605d97c28 6a50422223ed4b9ca3b2ce43192c37d5 a8cec7abc0cf433ebaa538af7a4fd6b0 - - default default] 10.0.0.181 "DELETE /v2.0/security-groups/97c7e403-3b3f-49c2-92b1-1ddbdf66b1bd HTTP/1.1" status: 204 len: 168 time: 0.6249781
2026-05-29 23:04:51.123 9 INFO neutron.wsgi [req-aa886424-1d99-417d-8aef-8e22561d34ad req-0515963d-dfc6-49f2-80d5-23150bf765ba 1b837833910a4dcfb0d1b08241e63654 c313135cd3f649f8b0a2a0ed8c949055 - - 02a142e46f5146a08f42729707b5a95e 02a142e46f5146a08f42729707b5a95e] 199.204.45.30 "GET /v2.0/ports?tenant_id=d5d6d60ff91e4a0fa7b02ef95d9ea17e&device_id=b14f9305-d9e3-40a9-948f-c03dd8744a4b HTTP/1.1" status: 200 len: 1407 time: 0.0486302
2026-05-29 23:04:51.191 9 INFO neutron.wsgi [req-027b239b-2952-4873-ba30-bebc16228e1d req-50f97dc7-e33f-4870-a982-5e9e4fad6ede d0572d8f15734e3e8982605b4c29e8c7 d5d6d60ff91e4a0fa7b02ef95d9ea17e - - default default] 10.0.0.86 "GET /v2.0/ports?device_id=b14f9305-d9e3-40a9-948f-c03dd8744a4b HTTP/1.1" status: 200 len: 1168 time: 0.0807998
2026-05-29 23:04:51.232 10 INFO neutron.plugins.ml2.drivers.ovn.mech_driver.mech_driver [None req-122fb077-3377-4ad0-a2ee-7a656287fa79 - - - - - -] OVN reports status up for port: 4caa2b27-c796-4092-9dcf-a1b35162dbaf
2026-05-29 23:04:51.247 9 INFO neutron.wsgi [req-aa886424-1d99-417d-8aef-8e22561d34ad req-cc77222a-0096-46bf-afaf-51cdbf887ab0 1b837833910a4dcfb0d1b08241e63654 c313135cd3f649f8b0a2a0ed8c949055 - - 02a142e46f5146a08f42729707b5a95e 02a142e46f5146a08f42729707b5a95e] 199.204.45.30 "GET /v2.0/networks?id=1dab0b3f-ae51-4352-81ec-cead00490620 HTTP/1.1" status: 200 len: 973 time: 0.1159751
2026-05-29 23:04:51.255 9 INFO neutron.wsgi [req-027b239b-2952-4873-ba30-bebc16228e1d req-3f7ed473-1d72-4ef8-b157-b8dd66dc29eb d0572d8f15734e3e8982605b4c29e8c7 d5d6d60ff91e4a0fa7b02ef95d9ea17e - - default default] 10.0.0.86 "GET /v2.0/security-groups?id=632ccd46-4145-4fb9-b8b4-5bf908a301f4&fields=id&fields=name HTTP/1.1" status: 200 len: 313 time: 0.0583279
2026-05-29 23:04:51.278 9 INFO neutron.wsgi [req-aa886424-1d99-417d-8aef-8e22561d34ad req-c6e68263-2ed2-4abf-9704-1e956daed728 1b837833910a4dcfb0d1b08241e63654 c313135cd3f649f8b0a2a0ed8c949055 - - 02a142e46f5146a08f42729707b5a95e 02a142e46f5146a08f42729707b5a95e] 199.204.45.30 "GET /v2.0/floatingips?fixed_ip_address=10.100.0.5&port_id=4caa2b27-c796-4092-9dcf-a1b35162dbaf HTTP/1.1" status: 200 len: 217 time: 0.0228198
2026-05-29 23:04:51.287 10 INFO neutron.plugins.ml2.plugin [None req-122fb077-3377-4ad0-a2ee-7a656287fa79 - - - - - -] Attempt 1 to provision port 4caa2b27-c796-4092-9dcf-a1b35162dbaf
2026-05-29 23:04:51.320 9 INFO neutron.wsgi [req-aa886424-1d99-417d-8aef-8e22561d34ad req-95594f53-4c58-47b2-8d32-0e167bc8acd9 1b837833910a4dcfb0d1b08241e63654 c313135cd3f649f8b0a2a0ed8c949055 - - 02a142e46f5146a08f42729707b5a95e 02a142e46f5146a08f42729707b5a95e] 199.204.45.30 "GET /v2.0/subnets?id=44c2a3df-026a-4c09-a7ed-939d37e19829 HTTP/1.1" status: 200 len: 868 time: 0.0368354
2026-05-29 23:04:51.323 10 WARNING neutron.scheduler.dhcp_agent_scheduler [None req-2c80b0bd-a78a-419b-8f78-6fa313929ab9 6cb7ab7bac0e4f7895da0ba510486992 86982ab26c014fb6a8a45833ab4e26fa - - default default] No more DHCP agents
2026-05-29 23:04:51.327 10 WARNING neutron.api.rpc.agentnotifiers.dhcp_rpc_agent_api [None req-2c80b0bd-a78a-419b-8f78-6fa313929ab9 6cb7ab7bac0e4f7895da0ba510486992 86982ab26c014fb6a8a45833ab4e26fa - - default default] Unable to schedule network a4cff1e2-4940-4526-b541-1829ac593a88: no agents available; will retry on subsequent port and subnet creation events.
2026-05-29 23:04:51.347 9 INFO neutron.wsgi [req-aa886424-1d99-417d-8aef-8e22561d34ad req-94f1ab65-c8a4-4c02-b49c-ed9bb784dda5 1b837833910a4dcfb0d1b08241e63654 c313135cd3f649f8b0a2a0ed8c949055 - - 02a142e46f5146a08f42729707b5a95e 02a142e46f5146a08f42729707b5a95e] 199.204.45.30 "GET /v2.0/ports?network_id=1dab0b3f-ae51-4352-81ec-cead00490620&device_owner=network%3Adhcp HTTP/1.1" status: 200 len: 210 time: 0.0200438
2026-05-29 23:04:51.413 9 INFO neutron.wsgi [None req-ef9757f5-53c9-4dad-8806-cb2c9f36351f 6a50422223ed4b9ca3b2ce43192c37d5 a8cec7abc0cf433ebaa538af7a4fd6b0 - - default default] 10.0.0.181 "DELETE /v2.0/security-groups/3ed5a893-a66d-4c82-8802-afd85adf6d9c HTTP/1.1" status: 204 len: 168 time: 0.4048607
2026-05-29 23:04:51.438 9 INFO neutron.wsgi [req-aa886424-1d99-417d-8aef-8e22561d34ad req-caa6bd20-71c1-4f15-9f24-9e6db5907e71 1b837833910a4dcfb0d1b08241e63654 c313135cd3f649f8b0a2a0ed8c949055 - - 02a142e46f5146a08f42729707b5a95e 02a142e46f5146a08f42729707b5a95e] 199.204.45.30 "GET /v2.0/networks/1dab0b3f-ae51-4352-81ec-cead00490620?fields=segments HTTP/1.1" status: 200 len: 212 time: 0.0850430
2026-05-29 23:04:51.509 9 INFO neutron.wsgi [req-aa886424-1d99-417d-8aef-8e22561d34ad req-4bdbffac-d4a5-4ed1-955e-5c1b8552f364 1b837833910a4dcfb0d1b08241e63654 c313135cd3f649f8b0a2a0ed8c949055 - - 02a142e46f5146a08f42729707b5a95e 02a142e46f5146a08f42729707b5a95e] 199.204.45.30 "GET /v2.0/networks/1dab0b3f-ae51-4352-81ec-cead00490620?fields=provider%3Aphysical_network&fields=provider%3Anetwork_type HTTP/1.1" status: 200 len: 277 time: 0.0578485
2026-05-29 23:04:51.787 10 INFO neutron.db.ovn_revision_numbers_db [None req-122fb077-3377-4ad0-a2ee-7a656287fa79 - - - - - -] Successfully bumped revision number for resource 4caa2b27-c796-4092-9dcf-a1b35162dbaf (type: ports) to 4
2026-05-29 23:04:51.898 10 INFO neutron.db.l3_db [None req-2c80b0bd-a78a-419b-8f78-6fa313929ab9 6cb7ab7bac0e4f7895da0ba510486992 86982ab26c014fb6a8a45833ab4e26fa - - default default] Floating IP bc003b65-d683-437d-b1b0-f50ef07b950b associated. External IP: 10.96.250.208, port: 422e5fbb-a253-4e9c-966d-a257c8c2eb23.
2026-05-29 23:04:51.902 10 INFO neutron.notifiers.nova [-] Nova event matching ['req-c37e7030-bc25-4a32-9e6d-5b603b2e7e95'] response: {'server_uuid': '4b90674b-7c98-4425-9d5d-aec9d4cfb8e1', 'name': 'network-vif-plugged', 'status': 'completed', 'tag': '422e5fbb-a253-4e9c-966d-a257c8c2eb23', 'code': 200}
2026-05-29 23:04:51.902 10 INFO neutron.notifiers.nova [-] Nova event matching ['req-c37e7030-bc25-4a32-9e6d-5b603b2e7e95'] response: {'server_uuid': 'b14f9305-d9e3-40a9-948f-c03dd8744a4b', 'name': 'network-vif-plugged', 'status': 'completed', 'tag': '4caa2b27-c796-4092-9dcf-a1b35162dbaf', 'code': 200}
2026-05-29 23:04:51.902 10 INFO neutron.notifiers.nova [-] Nova event matching ['req-c37e7030-bc25-4a32-9e6d-5b603b2e7e95'] response: {'server_uuid': 'b14f9305-d9e3-40a9-948f-c03dd8744a4b', 'name': 'network-vif-plugged', 'status': 'completed', 'tag': '4caa2b27-c796-4092-9dcf-a1b35162dbaf', 'code': 200}
2026-05-29 23:04:52.106 10 INFO neutron.db.ovn_revision_numbers_db [None req-2c80b0bd-a78a-419b-8f78-6fa313929ab9 6cb7ab7bac0e4f7895da0ba510486992 86982ab26c014fb6a8a45833ab4e26fa - - default default] Successfully bumped revision number for resource bc003b65-d683-437d-b1b0-f50ef07b950b (type: floatingips) to 0
2026-05-29 23:04:52.218 10 INFO neutron.db.ovn_revision_numbers_db [None req-2c80b0bd-a78a-419b-8f78-6fa313929ab9 6cb7ab7bac0e4f7895da0ba510486992 86982ab26c014fb6a8a45833ab4e26fa - - default default] Successfully bumped revision number for resource bc003b65-d683-437d-b1b0-f50ef07b950b (type: floatingips) to 1
2026-05-29 23:04:52.251 10 INFO neutron.wsgi [None req-2c80b0bd-a78a-419b-8f78-6fa313929ab9 6cb7ab7bac0e4f7895da0ba510486992 86982ab26c014fb6a8a45833ab4e26fa - - default default] 10.0.0.181 "POST /v2.0/floatingips HTTP/1.1" status: 201 len: 1054 time: 1.3402746 /var/lib/openstack/lib/python3.10/site-packages/pycadf/identifier.py:71: UserWarning: Invalid uuid: neutron. To ensure interoperability, identifiers should be a valid uuid. warnings.warn(('Invalid uuid: %s. To ensure interoperability, '
2026-05-29 23:04:52.317 10 INFO neutron.wsgi [None req-e11aaceb-0bb5-4a2c-9f21-4c16a2a77d3c 6cb7ab7bac0e4f7895da0ba510486992 86982ab26c014fb6a8a45833ab4e26fa - - default default] 10.0.0.181 "GET /v2.0/floatingips/bc003b65-d683-437d-b1b0-f50ef07b950b HTTP/1.1" status: 200 len: 1051 time: 0.0591388 /var/lib/openstack/lib/python3.10/site-packages/pycadf/identifier.py:71: UserWarning: Invalid uuid: neutron. To ensure interoperability, identifiers should be a valid uuid. warnings.warn(('Invalid uuid: %s. To ensure interoperability, '
2026-05-29 23:04:52.462 9 INFO neutron.wsgi [req-23682ca9-407d-4129-af27-d0de57d33944 req-037b266f-2700-459a-93e5-4505542bc140 d0572d8f15734e3e8982605b4c29e8c7 d5d6d60ff91e4a0fa7b02ef95d9ea17e - - default default] 10.0.0.86 "GET /v2.0/ports?device_id=b14f9305-d9e3-40a9-948f-c03dd8744a4b HTTP/1.1" status: 200 len: 1170 time: 0.1254764
2026-05-29 23:04:52.508 9 INFO neutron.wsgi [req-23682ca9-407d-4129-af27-d0de57d33944 req-d615e93a-e0c0-4013-bf44-374536e99f82 d0572d8f15734e3e8982605b4c29e8c7 d5d6d60ff91e4a0fa7b02ef95d9ea17e - - default default] 10.0.0.86 "GET /v2.0/security-groups?id=632ccd46-4145-4fb9-b8b4-5bf908a301f4&fields=id&fields=name HTTP/1.1" status: 200 len: 313 time: 0.0375113
2026-05-29 23:04:52.611 9 INFO neutron.wsgi [req-94273f8a-0ff1-4f14-98e7-ac1edb4e4e1c req-4a56c286-ecc3-43fa-8635-5b180526420e d0572d8f15734e3e8982605b4c29e8c7 d5d6d60ff91e4a0fa7b02ef95d9ea17e - - default default] 10.0.0.86 "GET /v2.0/ports?device_id=b14f9305-d9e3-40a9-948f-c03dd8744a4b HTTP/1.1" status: 200 len: 1170 time: 0.0401068
2026-05-29 23:04:52.893 9 INFO neutron.db.l3_db [None req-4441a209-6c5d-44cc-a41d-80cdeec31c76 d0572d8f15734e3e8982605b4c29e8c7 d5d6d60ff91e4a0fa7b02ef95d9ea17e - - default default] Floating IP 49c334b7-5286-42bb-8020-c9af9e87c001 associated. External IP: 10.96.250.201, port: 4caa2b27-c796-4092-9dcf-a1b35162dbaf.
2026-05-29 23:04:53.164 9 INFO neutron.db.ovn_revision_numbers_db [None req-4441a209-6c5d-44cc-a41d-80cdeec31c76 d0572d8f15734e3e8982605b4c29e8c7 d5d6d60ff91e4a0fa7b02ef95d9ea17e - - default default] Successfully bumped revision number for resource 49c334b7-5286-42bb-8020-c9af9e87c001 (type: floatingips) to 1
2026-05-29 23:04:53.312 9 INFO neutron.db.ovn_revision_numbers_db [None req-4441a209-6c5d-44cc-a41d-80cdeec31c76 d0572d8f15734e3e8982605b4c29e8c7 d5d6d60ff91e4a0fa7b02ef95d9ea17e - - default default] Successfully bumped revision number for resource 49c334b7-5286-42bb-8020-c9af9e87c001 (type: floatingips) to 2
2026-05-29 23:04:53.339 9 INFO neutron.wsgi [None req-4441a209-6c5d-44cc-a41d-80cdeec31c76 d0572d8f15734e3e8982605b4c29e8c7 d5d6d60ff91e4a0fa7b02ef95d9ea17e - - default default] 10.0.0.181 "PUT /v2.0/floatingips/49c334b7-5286-42bb-8020-c9af9e87c001 HTTP/1.1" status: 200 len: 1049 time: 0.7130094
2026-05-29 23:04:53.379 9 INFO neutron.notifiers.nova [-] Nova event matching ['req-d5144154-665f-43b7-9d8f-f64ee047dae3'] response: {'name': 'network-changed', 'server_uuid': 'b14f9305-d9e3-40a9-948f-c03dd8744a4b', 'tag': '4caa2b27-c796-4092-9dcf-a1b35162dbaf', 'status': 'completed', 'code': 200} /var/lib/openstack/lib/python3.10/site-packages/pycadf/identifier.py:71: UserWarning: Invalid uuid: neutron. To ensure interoperability, identifiers should be a valid uuid. warnings.warn(('Invalid uuid: %s. To ensure interoperability, '
2026-05-29 23:04:53.447 9 INFO neutron.wsgi [req-6e013eb9-a76b-40bf-ab6f-e6ad760c258a req-121096e5-cf8a-4440-bda1-97ee6686bb51 d0572d8f15734e3e8982605b4c29e8c7 d5d6d60ff91e4a0fa7b02ef95d9ea17e - - default default] 10.0.0.86 "GET /v2.0/ports?device_id=b14f9305-d9e3-40a9-948f-c03dd8744a4b HTTP/1.1" status: 200 len: 1170 time: 0.0592744
2026-05-29 23:04:53.466 9 INFO neutron.wsgi [req-90f922f9-c498-4a73-840a-2b75cbd48457 req-b0154d86-ac52-4573-b2fa-7b49212e1cd7 1b837833910a4dcfb0d1b08241e63654 c313135cd3f649f8b0a2a0ed8c949055 - - 02a142e46f5146a08f42729707b5a95e 02a142e46f5146a08f42729707b5a95e] 199.204.45.30 "GET /v2.0/ports?tenant_id=d5d6d60ff91e4a0fa7b02ef95d9ea17e&device_id=b14f9305-d9e3-40a9-948f-c03dd8744a4b HTTP/1.1" status: 200 len: 1409 time: 0.0574801
2026-05-29 23:04:53.528 9 INFO neutron.wsgi [req-6e013eb9-a76b-40bf-ab6f-e6ad760c258a req-f463daea-b216-4071-93b1-06e7c1d156eb d0572d8f15734e3e8982605b4c29e8c7 d5d6d60ff91e4a0fa7b02ef95d9ea17e - - default default] 10.0.0.86 "GET /v2.0/security-groups?id=632ccd46-4145-4fb9-b8b4-5bf908a301f4&fields=id&fields=name HTTP/1.1" status: 200 len: 313 time: 0.0742753
2026-05-29 23:04:53.548 9 INFO neutron.wsgi [req-90f922f9-c498-4a73-840a-2b75cbd48457 req-a52d5899-c03b-4291-8a4f-e2867f799ad5 1b837833910a4dcfb0d1b08241e63654 c313135cd3f649f8b0a2a0ed8c949055 - - 02a142e46f5146a08f42729707b5a95e 02a142e46f5146a08f42729707b5a95e] 199.204.45.30 "GET /v2.0/networks?id=1dab0b3f-ae51-4352-81ec-cead00490620 HTTP/1.1" status: 200 len: 973 time: 0.0720372
2026-05-29 23:04:53.603 9 INFO neutron.wsgi [req-90f922f9-c498-4a73-840a-2b75cbd48457 req-759435ba-45b3-4eb9-9b1b-cee41d528ddc 1b837833910a4dcfb0d1b08241e63654 c313135cd3f649f8b0a2a0ed8c949055 - - 02a142e46f5146a08f42729707b5a95e 02a142e46f5146a08f42729707b5a95e] 199.204.45.30 "GET /v2.0/floatingips?fixed_ip_address=10.100.0.5&port_id=4caa2b27-c796-4092-9dcf-a1b35162dbaf HTTP/1.1" status: 200 len: 1059 time: 0.0476098
2026-05-29 23:04:53.647 9 INFO neutron.wsgi [req-90f922f9-c498-4a73-840a-2b75cbd48457 req-f6122dcc-4034-4a32-8b50-92540b5d8289 1b837833910a4dcfb0d1b08241e63654 c313135cd3f649f8b0a2a0ed8c949055 - - 02a142e46f5146a08f42729707b5a95e 02a142e46f5146a08f42729707b5a95e] 199.204.45.30 "GET /v2.0/subnets?id=44c2a3df-026a-4c09-a7ed-939d37e19829 HTTP/1.1" status: 200 len: 868 time: 0.0337410
2026-05-29 23:04:53.676 9 INFO neutron.wsgi [req-90f922f9-c498-4a73-840a-2b75cbd48457 req-adea25d9-62f8-4431-83b6-42512f630f76 1b837833910a4dcfb0d1b08241e63654 c313135cd3f649f8b0a2a0ed8c949055 - - 02a142e46f5146a08f42729707b5a95e 02a142e46f5146a08f42729707b5a95e] 199.204.45.30 "GET /v2.0/ports?network_id=1dab0b3f-ae51-4352-81ec-cead00490620&device_owner=network%3Adhcp HTTP/1.1" status: 200 len: 210 time: 0.0216026
2026-05-29 23:04:53.755 9 INFO neutron.wsgi [req-90f922f9-c498-4a73-840a-2b75cbd48457 req-1388144b-be36-4403-a108-afaf66fee9f8 1b837833910a4dcfb0d1b08241e63654 c313135cd3f649f8b0a2a0ed8c949055 - - 02a142e46f5146a08f42729707b5a95e 02a142e46f5146a08f42729707b5a95e] 199.204.45.30 "GET /v2.0/networks/1dab0b3f-ae51-4352-81ec-cead00490620?fields=segments HTTP/1.1" status: 200 len: 212 time: 0.0723236
2026-05-29 23:04:53.848 10 INFO neutron.plugins.ml2.drivers.ovn.mech_driver.mech_driver [None req-122fb077-3377-4ad0-a2ee-7a656287fa79 - - - - - -] OVN reports status down for port: 4caa2b27-c796-4092-9dcf-a1b35162dbaf
2026-05-29 23:04:53.868 9 INFO neutron.wsgi [req-6e013224-8bef-406b-b154-fdf5a131800e req-4b23c704-93ba-40d2-9f09-4f3d0ebccaca d0572d8f15734e3e8982605b4c29e8c7 d5d6d60ff91e4a0fa7b02ef95d9ea17e - - default default] 10.0.0.86 "GET /v2.0/ports?device_id=b14f9305-d9e3-40a9-948f-c03dd8744a4b HTTP/1.1" status: 200 len: 1170 time: 0.0646646
2026-05-29 23:04:53.871 9 INFO neutron.wsgi [req-90f922f9-c498-4a73-840a-2b75cbd48457 req-eb033ceb-f687-405f-ae01-5e39de1bc608 1b837833910a4dcfb0d1b08241e63654 c313135cd3f649f8b0a2a0ed8c949055 - - 02a142e46f5146a08f42729707b5a95e 02a142e46f5146a08f42729707b5a95e] 199.204.45.30 "GET /v2.0/networks/1dab0b3f-ae51-4352-81ec-cead00490620?fields=provider%3Aphysical_network&fields=provider%3Anetwork_type HTTP/1.1" status: 200 len: 277 time: 0.1103740
2026-05-29 23:04:53.939 9 INFO neutron.wsgi [req-6e013224-8bef-406b-b154-fdf5a131800e req-3d33affe-2ab9-432e-83c8-e476ba9044ca d0572d8f15734e3e8982605b4c29e8c7 d5d6d60ff91e4a0fa7b02ef95d9ea17e - - default default] 10.0.0.86 "GET /v2.0/security-groups?id=632ccd46-4145-4fb9-b8b4-5bf908a301f4&fields=id&fields=name HTTP/1.1" status: 200 len: 313 time: 0.0641677
2026-05-29 23:04:53.958 10 INFO neutron.notifiers.nova [-] Nova event matching ['req-90518e2f-beb3-4881-904e-8c34b4815de0'] response: {'name': 'network-changed', 'server_uuid': '4b90674b-7c98-4425-9d5d-aec9d4cfb8e1', 'tag': '422e5fbb-a253-4e9c-966d-a257c8c2eb23', 'status': 'completed', 'code': 200}
2026-05-29 23:04:54.032 9 INFO neutron.wsgi [req-e0a79519-04f6-4ab3-abe6-f9dd028d723c req-2c91b46d-f5be-49bb-b730-2d77d8e81c25 1b837833910a4dcfb0d1b08241e63654 c313135cd3f649f8b0a2a0ed8c949055 - - 02a142e46f5146a08f42729707b5a95e 02a142e46f5146a08f42729707b5a95e] 199.204.45.30 "GET /v2.0/ports?tenant_id=86982ab26c014fb6a8a45833ab4e26fa&device_id=4b90674b-7c98-4425-9d5d-aec9d4cfb8e1 HTTP/1.1" status: 200 len: 1409 time: 0.0514987
2026-05-29 23:04:54.139 9 INFO neutron.wsgi [req-e0a79519-04f6-4ab3-abe6-f9dd028d723c req-14484943-5ee4-4cb8-9976-7e6395fbd499 1b837833910a4dcfb0d1b08241e63654 c313135cd3f649f8b0a2a0ed8c949055 - - 02a142e46f5146a08f42729707b5a95e 02a142e46f5146a08f42729707b5a95e] 199.204.45.30 "GET /v2.0/networks?id=6fc97c85-3d1e-415f-b612-f3589c036623 HTTP/1.1" status: 200 len: 959 time: 0.1000366
2026-05-29 23:04:54.213 10 INFO neutron.db.ovn_revision_numbers_db [None req-122fb077-3377-4ad0-a2ee-7a656287fa79 - - - - - -] Successfully bumped revision number for resource 4caa2b27-c796-4092-9dcf-a1b35162dbaf (type: ports) to 5
2026-05-29 23:04:54.217 9 INFO neutron.wsgi [req-e0a79519-04f6-4ab3-abe6-f9dd028d723c req-6993d710-c303-43ed-8620-88c254cdd649 1b837833910a4dcfb0d1b08241e63654 c313135cd3f649f8b0a2a0ed8c949055 - - 02a142e46f5146a08f42729707b5a95e 02a142e46f5146a08f42729707b5a95e] 199.204.45.30 "GET /v2.0/floatingips?fixed_ip_address=10.100.0.5&port_id=422e5fbb-a253-4e9c-966d-a257c8c2eb23 HTTP/1.1" status: 200 len: 1059 time: 0.0720162
2026-05-29 23:04:54.224 9 INFO neutron.wsgi [req-66ce3288-88ec-47fe-a952-9ff98a30fc2d req-34c572c0-0bbb-42b8-934e-2b1a7da344f9 d0572d8f15734e3e8982605b4c29e8c7 d5d6d60ff91e4a0fa7b02ef95d9ea17e - - default default] 199.204.45.30 "GET /v2.0/ports?device_id=b14f9305-d9e3-40a9-948f-c03dd8744a4b HTTP/1.1" status: 200 len: 1168 time: 0.0697377
2026-05-29 23:04:54.284 9 INFO neutron.wsgi [req-e0a79519-04f6-4ab3-abe6-f9dd028d723c req-e5bdadac-dc8e-4183-a0cd-806635bf8c0a 1b837833910a4dcfb0d1b08241e63654 c313135cd3f649f8b0a2a0ed8c949055 - - 02a142e46f5146a08f42729707b5a95e 02a142e46f5146a08f42729707b5a95e] 199.204.45.30 "GET /v2.0/subnets?id=98731998-3cb6-4eb1-a639-12899751d172 HTTP/1.1" status: 200 len: 853 time: 0.0586164
2026-05-29 23:04:54.322 9 INFO neutron.wsgi [req-e0a79519-04f6-4ab3-abe6-f9dd028d723c req-dca01069-813b-4aaa-a4b2-bc5bd7646a54 1b837833910a4dcfb0d1b08241e63654 c313135cd3f649f8b0a2a0ed8c949055 - - 02a142e46f5146a08f42729707b5a95e 02a142e46f5146a08f42729707b5a95e] 199.204.45.30 "GET /v2.0/ports?network_id=6fc97c85-3d1e-415f-b612-f3589c036623&device_owner=network%3Adhcp HTTP/1.1" status: 200 len: 210 time: 0.0330892
2026-05-29 23:04:54.426 9 INFO neutron.wsgi [req-e0a79519-04f6-4ab3-abe6-f9dd028d723c req-c1dc60d2-336a-4547-9a3b-c87033124987 1b837833910a4dcfb0d1b08241e63654 c313135cd3f649f8b0a2a0ed8c949055 - - 02a142e46f5146a08f42729707b5a95e 02a142e46f5146a08f42729707b5a95e] 199.204.45.30 "GET /v2.0/networks/6fc97c85-3d1e-415f-b612-f3589c036623?fields=segments HTTP/1.1" status: 200 len: 212 time: 0.0965853
2026-05-29 23:04:54.574 9 INFO neutron.wsgi [req-e0a79519-04f6-4ab3-abe6-f9dd028d723c req-fdc2e9b0-4e6c-4f92-9d39-7531d8539fd3 1b837833910a4dcfb0d1b08241e63654 c313135cd3f649f8b0a2a0ed8c949055 - - 02a142e46f5146a08f42729707b5a95e 02a142e46f5146a08f42729707b5a95e] 199.204.45.30 "GET /v2.0/networks/6fc97c85-3d1e-415f-b612-f3589c036623?fields=provider%3Aphysical_network&fields=provider%3Anetwork_type HTTP/1.1" status: 200 len: 277 time: 0.1391463
2026-05-29 23:04:54.644 9 INFO neutron.db.ovn_revision_numbers_db [None req-b61f4885-82d7-4282-a7fd-fffdd43b638f 6a50422223ed4b9ca3b2ce43192c37d5 a8cec7abc0cf433ebaa538af7a4fd6b0 - - default default] Successfully bumped revision number for resource 6cb3629d-3bca-4c0e-b073-0810f15d3efe (type: security_groups) to 1
2026-05-29 23:04:54.676 9 INFO neutron.db.ovn_revision_numbers_db [None req-b61f4885-82d7-4282-a7fd-fffdd43b638f 6a50422223ed4b9ca3b2ce43192c37d5 a8cec7abc0cf433ebaa538af7a4fd6b0 - - default default] Successfully bumped revision number for resource 1acb816a-a57d-4e79-b664-a292db099847 (type: security_group_rules) to 0
2026-05-29 23:04:54.715 9 INFO neutron.db.l3_db [req-66ce3288-88ec-47fe-a952-9ff98a30fc2d req-ab98fb9c-d088-4315-aab7-6c4475261242 d0572d8f15734e3e8982605b4c29e8c7 d5d6d60ff91e4a0fa7b02ef95d9ea17e - - default default] Floating IP 49c334b7-5286-42bb-8020-c9af9e87c001 disassociated. External IP: 10.96.250.201, port: 4caa2b27-c796-4092-9dcf-a1b35162dbaf.
2026-05-29 23:04:54.745 9 INFO neutron.db.ovn_revision_numbers_db [None req-b61f4885-82d7-4282-a7fd-fffdd43b638f 6a50422223ed4b9ca3b2ce43192c37d5 a8cec7abc0cf433ebaa538af7a4fd6b0 - - default default] Successfully bumped revision number for resource 29f635e1-8760-4592-847f-2421b4f5ce85 (type: security_group_rules) to 0
2026-05-29 23:04:54.796 9 INFO neutron.db.ovn_revision_numbers_db [None req-b61f4885-82d7-4282-a7fd-fffdd43b638f 6a50422223ed4b9ca3b2ce43192c37d5 a8cec7abc0cf433ebaa538af7a4fd6b0 - - default default] Successfully bumped revision number for resource 46cb4d7b-3683-492e-b11b-d895d945824a (type: security_group_rules) to 0
2026-05-29 23:04:54.824 9 INFO neutron.db.ovn_revision_numbers_db [None req-b61f4885-82d7-4282-a7fd-fffdd43b638f 6a50422223ed4b9ca3b2ce43192c37d5 a8cec7abc0cf433ebaa538af7a4fd6b0 - - default default] Successfully bumped revision number for resource 97322666-7005-4176-88e2-308a7459963d (type: security_group_rules) to 0
2026-05-29 23:04:54.854 9 INFO neutron.wsgi [None req-b61f4885-82d7-4282-a7fd-fffdd43b638f 6a50422223ed4b9ca3b2ce43192c37d5 a8cec7abc0cf433ebaa538af7a4fd6b0 - - default default] 10.0.0.181 "GET /v2.0/security-groups?tenant_id=5e53019f9bc1466da2a8826b7add58ea&name=default HTTP/1.1" status: 200 len: 2996 time: 0.7916710 /var/lib/openstack/lib/python3.10/site-packages/pycadf/identifier.py:71: UserWarning: Invalid uuid: neutron. To ensure interoperability, identifiers should be a valid uuid. warnings.warn(('Invalid uuid: %s. To ensure interoperability, '
2026-05-29 23:04:54.959 9 INFO neutron.wsgi [req-66ce3288-88ec-47fe-a952-9ff98a30fc2d req-ab98fb9c-d088-4315-aab7-6c4475261242 d0572d8f15734e3e8982605b4c29e8c7 d5d6d60ff91e4a0fa7b02ef95d9ea17e - - default default] 199.204.45.30 "DELETE /v2.0/ports/4caa2b27-c796-4092-9dcf-a1b35162dbaf HTTP/1.1" status: 204 len: 173 time: 0.7279222 /var/lib/openstack/lib/python3.10/site-packages/pycadf/identifier.py:71: UserWarning: Invalid uuid: neutron. To ensure interoperability, identifiers should be a valid uuid. warnings.warn(('Invalid uuid: %s. To ensure interoperability, '
2026-05-29 23:04:55.058 9 INFO neutron.wsgi [req-4b4fca6f-beca-4a97-8370-5bdd5ba0e14a req-1f64880b-0e0b-4a08-9c93-968f26bc2e6b d0572d8f15734e3e8982605b4c29e8c7 d5d6d60ff91e4a0fa7b02ef95d9ea17e - - default default] 10.0.0.86 "GET /v2.0/ports?device_id=b14f9305-d9e3-40a9-948f-c03dd8744a4b HTTP/1.1" status: 200 len: 210 time: 0.0281632
2026-05-29 23:04:55.103 10 INFO neutron.wsgi [None req-6eda8ecd-9f0f-4264-84a2-02ab37cc1ac4 6a50422223ed4b9ca3b2ce43192c37d5 a8cec7abc0cf433ebaa538af7a4fd6b0 - - default default] 10.0.0.181 "DELETE /v2.0/security-groups/6cb3629d-3bca-4c0e-b073-0810f15d3efe HTTP/1.1" status: 204 len: 168 time: 0.2411630
2026-05-29 23:04:55.431 9 INFO neutron.notifiers.nova [-] Nova event matching ['req-b59d77bf-2cd5-4aef-b216-eebb27f5a2f0'] response: {'server_uuid': 'b14f9305-d9e3-40a9-948f-c03dd8744a4b', 'name': 'network-vif-deleted', 'tag': '4caa2b27-c796-4092-9dcf-a1b35162dbaf', 'status': 'completed', 'code': 200}
2026-05-29 23:04:55.997 10 INFO neutron.notifiers.nova [-] Nova event matching ['req-43253655-47ae-44fd-b0dd-99cb8f70a3e1'] response: {'server_uuid': 'b14f9305-d9e3-40a9-948f-c03dd8744a4b', 'name': 'network-vif-unplugged', 'status': 'completed', 'tag': '4caa2b27-c796-4092-9dcf-a1b35162dbaf', 'code': 200}
2026-05-29 23:04:55.997 10 INFO neutron.notifiers.nova [-] Nova event matching ['req-43253655-47ae-44fd-b0dd-99cb8f70a3e1'] response: {'server_uuid': 'b14f9305-d9e3-40a9-948f-c03dd8744a4b', 'name': 'network-vif-plugged', 'status': 'completed', 'tag': '4caa2b27-c796-4092-9dcf-a1b35162dbaf', 'code': 200}
2026-05-29 23:04:56.293 10 INFO neutron.wsgi [None req-d703111e-b558-4877-9dd0-62f0983ea4ef d0572d8f15734e3e8982605b4c29e8c7 d5d6d60ff91e4a0fa7b02ef95d9ea17e - - default default] 10.0.0.181 "DELETE /v2.0/security-groups/632ccd46-4145-4fb9-b8b4-5bf908a301f4 HTTP/1.1" status: 204 len: 168 time: 0.1346290
2026-05-29 23:04:56.307 10 INFO neutron.api.v2.resource [None req-6d317d15-29dc-42c6-ac2f-0adb34c711e9 d0572d8f15734e3e8982605b4c29e8c7 d5d6d60ff91e4a0fa7b02ef95d9ea17e - - default default] show failed (client error): The resource could not be found.
2026-05-29 23:04:56.309 10 INFO neutron.wsgi [None req-6d317d15-29dc-42c6-ac2f-0adb34c711e9 d0572d8f15734e3e8982605b4c29e8c7 d5d6d60ff91e4a0fa7b02ef95d9ea17e - - default default] 10.0.0.181 "GET /v2.0/security-groups/632ccd46-4145-4fb9-b8b4-5bf908a301f4 HTTP/1.1" status: 404 len: 347 time: 0.0103755
2026-05-29 23:04:56.928 10 INFO neutron.wsgi [None req-3d979534-82ed-4412-9b8a-9282ac363668 d0572d8f15734e3e8982605b4c29e8c7 d5d6d60ff91e4a0fa7b02ef95d9ea17e - - default default] 10.0.0.181 "DELETE /v2.0/floatingips/49c334b7-5286-42bb-8020-c9af9e87c001 HTTP/1.1" status: 204 len: 168 time: 0.6150267
2026-05-29 23:04:57.722 9 WARNING neutron_lib.context [None req-de01cf2d-5625-4f71-9bb1-4c1ad05492f4 b5f5cea5f2604c87a505be678479d3d2 bc37abeb78634259bf492a88d71ea730 - - default default] Method 'is_advsvc' is deprecated since 2023.2 release (neutron-lib 3.8.0) and will be removed once support for the old RBAC API policies will be removed from Neutron. Please use method 'is_service_role' instead.
2026-05-29 23:04:57.866 9 INFO neutron.db.ovn_revision_numbers_db [None req-de01cf2d-5625-4f71-9bb1-4c1ad05492f4 b5f5cea5f2604c87a505be678479d3d2 bc37abeb78634259bf492a88d71ea730 - - default default] Successfully bumped revision number for resource 49280fc4-ae17-4757-ac81-3bee69582a17 (type: security_groups) to 1
2026-05-29 23:04:57.881 9 INFO neutron.db.ovn_revision_numbers_db [None req-de01cf2d-5625-4f71-9bb1-4c1ad05492f4 b5f5cea5f2604c87a505be678479d3d2 bc37abeb78634259bf492a88d71ea730 - - default default] Successfully bumped revision number for resource 12556890-135c-4c8e-b60a-713d7bf4c235 (type: security_group_rules) to 0
2026-05-29 23:04:57.903 9 INFO neutron.db.ovn_revision_numbers_db [None req-de01cf2d-5625-4f71-9bb1-4c1ad05492f4 b5f5cea5f2604c87a505be678479d3d2 bc37abeb78634259bf492a88d71ea730 - - default default] Successfully bumped revision number for resource 6cd7fea7-28de-4581-a563-f36a39baf065 (type: security_group_rules) to 0
2026-05-29 23:04:57.926 9 INFO neutron.db.ovn_revision_numbers_db [None req-de01cf2d-5625-4f71-9bb1-4c1ad05492f4 b5f5cea5f2604c87a505be678479d3d2 bc37abeb78634259bf492a88d71ea730 - - default default] Successfully bumped revision number for resource 6f941c49-b451-412c-9521-9c96d39f559b (type: security_group_rules) to 0
2026-05-29 23:04:57.946 9 INFO neutron.db.ovn_revision_numbers_db [None req-de01cf2d-5625-4f71-9bb1-4c1ad05492f4 b5f5cea5f2604c87a505be678479d3d2 bc37abeb78634259bf492a88d71ea730 - - default default] Successfully bumped revision number for resource d8ace9e2-2d67-4a6e-9f9e-4a0a311d114d (type: security_group_rules) to 0
2026-05-29 23:04:58.012 9 INFO neutron.db.segments_db [None req-de01cf2d-5625-4f71-9bb1-4c1ad05492f4 b5f5cea5f2604c87a505be678479d3d2 bc37abeb78634259bf492a88d71ea730 - - default default] Added segment d0491b35-4894-4dbd-be5d-ce6349ad2591 of type geneve for network 1aaf1dc6-b546-4df7-aa2c-d3ea3145a76a
2026-05-29 23:04:58.129 10 INFO neutron.wsgi [None req-39e6d28d-677c-43a0-8d9a-ef4f26d53a82 6a50422223ed4b9ca3b2ce43192c37d5 a8cec7abc0cf433ebaa538af7a4fd6b0 - - default default] 10.0.0.181 "PUT /v2.0/routers/178f0ef1-5aa1-4d81-bf15-f3b3da9cbee5/remove_router_interface HTTP/1.1" status: 200 len: 503 time: 1.1955442 /var/lib/openstack/lib/python3.10/site-packages/pycadf/identifier.py:71: UserWarning: Invalid uuid: neutron. To ensure interoperability, identifiers should be a valid uuid. warnings.warn(('Invalid uuid: %s. To ensure interoperability, '
2026-05-29 23:04:58.171 9 INFO neutron.db.ovn_revision_numbers_db [None req-de01cf2d-5625-4f71-9bb1-4c1ad05492f4 b5f5cea5f2604c87a505be678479d3d2 bc37abeb78634259bf492a88d71ea730 - - default default] Successfully bumped revision number for resource 1aaf1dc6-b546-4df7-aa2c-d3ea3145a76a (type: networks) to 1
2026-05-29 23:04:58.457 9 WARNING neutron.scheduler.dhcp_agent_scheduler [None req-de01cf2d-5625-4f71-9bb1-4c1ad05492f4 b5f5cea5f2604c87a505be678479d3d2 bc37abeb78634259bf492a88d71ea730 - - default default] No more DHCP agents
2026-05-29 23:04:58.459 9 WARNING neutron.api.rpc.agentnotifiers.dhcp_rpc_agent_api [None req-de01cf2d-5625-4f71-9bb1-4c1ad05492f4 b5f5cea5f2604c87a505be678479d3d2 bc37abeb78634259bf492a88d71ea730 - - default default] Unable to schedule network 1aaf1dc6-b546-4df7-aa2c-d3ea3145a76a: no agents available; will retry on subsequent port and subnet creation events.
2026-05-29 23:04:58.506 9 INFO neutron.db.ovn_revision_numbers_db [None req-4ebfd3f4-4d6d-4911-9674-345ecd1742b8 6a50422223ed4b9ca3b2ce43192c37d5 a8cec7abc0cf433ebaa538af7a4fd6b0 - - default default] Successfully bumped revision number for resource 234679a9-ab8a-4875-b541-931a93a95ff1 (type: security_groups) to 1
2026-05-29 23:04:58.537 9 INFO neutron.db.ovn_revision_numbers_db [None req-4ebfd3f4-4d6d-4911-9674-345ecd1742b8 6a50422223ed4b9ca3b2ce43192c37d5 a8cec7abc0cf433ebaa538af7a4fd6b0 - - default default] Successfully bumped revision number for resource 14d34976-3106-4ddb-a3d8-c721b341e756 (type: security_group_rules) to 0
2026-05-29 23:04:58.560 9 INFO neutron.db.ovn_revision_numbers_db [None req-4ebfd3f4-4d6d-4911-9674-345ecd1742b8 6a50422223ed4b9ca3b2ce43192c37d5 a8cec7abc0cf433ebaa538af7a4fd6b0 - - default default] Successfully bumped revision number for resource d87895fd-8b0c-4f09-af9d-60b7e1351c19 (type: security_group_rules) to 0
2026-05-29 23:04:58.566 9 INFO neutron.db.ovn_revision_numbers_db [None req-de01cf2d-5625-4f71-9bb1-4c1ad05492f4 b5f5cea5f2604c87a505be678479d3d2 bc37abeb78634259bf492a88d71ea730 - - default default] Successfully bumped revision number for resource 822c3d0b-14ca-4d06-be9d-eb53c707e847 (type: ports) to 1
2026-05-29 23:04:58.588 9 INFO neutron.wsgi [None req-de01cf2d-5625-4f71-9bb1-4c1ad05492f4 b5f5cea5f2604c87a505be678479d3d2 bc37abeb78634259bf492a88d71ea730 - - default default] 10.0.0.181 "POST /v2.0/networks HTTP/1.1" status: 201 len: 848 time: 1.1543331
2026-05-29 23:04:58.598 9 INFO neutron.db.ovn_revision_numbers_db [None req-4ebfd3f4-4d6d-4911-9674-345ecd1742b8 6a50422223ed4b9ca3b2ce43192c37d5 a8cec7abc0cf433ebaa538af7a4fd6b0 - - default default] Successfully bumped revision number for resource db9b1c2a-f512-4cc6-9ebe-23dafa7f5ec8 (type: security_group_rules) to 0
2026-05-29 23:04:58.600 10 WARNING neutron_lib.context [None req-3a23615e-532f-4d89-be40-61bed88269ec b5f5cea5f2604c87a505be678479d3d2 bc37abeb78634259bf492a88d71ea730 - - default default] Method 'is_advsvc' is deprecated since 2023.2 release (neutron-lib 3.8.0) and will be removed once support for the old RBAC API policies will be removed from Neutron. Please use method 'is_service_role' instead.
