2026-05-29 23:07:34.249 10 INFO neutron.wsgi [None req-9c7adb9b-c219-4691-9a78-223a45b5b58d bd8c6036ae4d452689ab1c6fe7b17f07 123bbaea367b401db66009b51a28c950 - - default default] 10.0.0.181 "DELETE /v2.0/trunks/b71dcfb5-e4b0-412a-a37e-41b45c4d1c6b/tags HTTP/1.1" status: 204 len: 168 time: 0.0348406
2026-05-29 23:07:34.254 10 INFO neutron.wsgi [None req-efa8bcb4-a862-411d-9088-e191b0a6e64e 1276613918a14398b478b94cac638142 f90be29372464d99a4c81633e8fb9b54 - - default default] 10.0.0.181 "POST /v2.0/floatingips HTTP/1.1" status: 201 len: 751 time: 1.1583381
2026-05-29 23:07:34.300 10 INFO neutron.wsgi [None req-39fe36b6-889a-4534-8696-4fc81de482ca bd8c6036ae4d452689ab1c6fe7b17f07 123bbaea367b401db66009b51a28c950 - - default default] 10.0.0.181 "GET /v2.0/trunks/b71dcfb5-e4b0-412a-a37e-41b45c4d1c6b/tags HTTP/1.1" status: 200 len: 205 time: 0.0394044
2026-05-29 23:07:34.303 10 INFO neutron.wsgi [None req-0cc9bb85-b2e9-403a-b876-1b7c0f4afd8a 1276613918a14398b478b94cac638142 f90be29372464d99a4c81633e8fb9b54 - - default default] 10.0.0.181 "PUT /v2.0/floatingips/2d652996-bfd7-4d6c-8ce9-cc6aead9de67/tags HTTP/1.1" status: 200 len: 210 time: 0.0415211
2026-05-29 23:07:34.338 9 INFO neutron.wsgi [None req-7750c80d-68b9-4c8f-a90c-3692c956f3a0 bd8c6036ae4d452689ab1c6fe7b17f07 123bbaea367b401db66009b51a28c950 - - default default] 10.0.0.181 "GET /v2.0/trunks/b71dcfb5-e4b0-412a-a37e-41b45c4d1c6b HTTP/1.1" status: 200 len: 603 time: 0.0199418
2026-05-29 23:07:34.354 10 INFO neutron.wsgi [None req-6f46ef16-1e5d-47c9-a20f-e5bb5d50714e 1276613918a14398b478b94cac638142 f90be29372464d99a4c81633e8fb9b54 - - default default] 10.0.0.181 "PUT /v2.0/floatingips/81cbd95b-c3a0-4729-9add-88f6cd94ce49/tags HTTP/1.1" status: 200 len: 218 time: 0.0444715
2026-05-29 23:07:34.406 10 INFO neutron.wsgi [None req-189e9bc7-0e41-40a5-9e2b-3bb1db01da62 1276613918a14398b478b94cac638142 f90be29372464d99a4c81633e8fb9b54 - - default default] 10.0.0.181 "PUT /v2.0/floatingips/e4d3dc5e-b6b8-4b27-989d-80ba1c088983/tags HTTP/1.1" status: 200 len: 227 time: 0.0466957
2026-05-29 23:07:34.415 9 INFO neutron.wsgi [None req-8e6f4f4c-0054-4efd-a35c-31232913b182 f8aea979df294238b298aa1a469b3159 4f9304e3d2874747a8c0b6e137a6424b - - default default] 10.0.0.181 "POST /v2.0/trunks HTTP/1.1" status: 201 len: 608 time: 0.2799714
2026-05-29 23:07:34.425 9 WARNING neutron_lib.context [None req-dbe5a1d3-8a23-439d-965d-dc3a172f60c6 f8aea979df294238b298aa1a469b3159 4f9304e3d2874747a8c0b6e137a6424b - - default default] Method 'is_advsvc' is deprecated since 2023.2 release (neutron-lib 3.8.0) and will be removed once support for the old RBAC API policies will be removed from Neutron. Please use method 'is_service_role' instead.
2026-05-29 23:07:34.459 9 INFO neutron.wsgi [None req-09b401ae-1525-45a1-98cb-0f2570e3c099 bd8c6036ae4d452689ab1c6fe7b17f07 123bbaea367b401db66009b51a28c950 - - default default] 10.0.0.181 "GET /v2.0/ports/5859b99d-dd96-4cba-81f4-1c54951b302a HTTP/1.1" status: 200 len: 1020 time: 0.1159799
2026-05-29 23:07:34.464 10 INFO neutron.wsgi [None req-d31a1c87-d884-41a3-87b1-bdcf5090a0fb 1276613918a14398b478b94cac638142 f90be29372464d99a4c81633e8fb9b54 - - default default] 10.0.0.181 "PUT /v2.0/floatingips/f56e9b2a-f784-4b91-a1ec-b408e0142551/tags HTTP/1.1" status: 200 len: 212 time: 0.0486743
2026-05-29 23:07:34.521 10 INFO neutron.wsgi [None req-19f37aa5-a83f-4d42-b7c4-39373dfa396b 1276613918a14398b478b94cac638142 f90be29372464d99a4c81633e8fb9b54 - - default default] 10.0.0.181 "GET /v2.0/floatingips?tags=red HTTP/1.1" status: 200 len: 1866 time: 0.0471497
2026-05-29 23:07:34.525 9 INFO neutron.db.segments_db [None req-dbe5a1d3-8a23-439d-965d-dc3a172f60c6 f8aea979df294238b298aa1a469b3159 4f9304e3d2874747a8c0b6e137a6424b - - default default] Added segment 60d2d5ee-6458-40e7-8658-e4b544c63379 of type geneve for network db1eca66-6f8f-42b1-afb7-148d0cc09498
2026-05-29 23:07:34.584 9 INFO neutron.wsgi [None req-ac9d0e4c-72c9-45fd-900f-cbe8fd0bd946 1276613918a14398b478b94cac638142 f90be29372464d99a4c81633e8fb9b54 - - default default] 10.0.0.181 "GET /v2.0/floatingips?tags=red%2Cblue HTTP/1.1" status: 200 len: 1323 time: 0.0576544
2026-05-29 23:07:34.635 10 INFO neutron.wsgi [None req-779a25d5-eee6-430e-8a69-41a450de030d 1276613918a14398b478b94cac638142 f90be29372464d99a4c81633e8fb9b54 - - default default] 10.0.0.181 "GET /v2.0/floatingips?tags-any=blue HTTP/1.1" status: 200 len: 1323 time: 0.0450888
2026-05-29 23:07:34.638 10 INFO neutron.wsgi [None req-ba3d28a6-fcc5-47dd-86b4-49d723c6a4c5 bd8c6036ae4d452689ab1c6fe7b17f07 123bbaea367b401db66009b51a28c950 - - default default] 10.0.0.181 "DELETE /v2.0/trunks/b71dcfb5-e4b0-412a-a37e-41b45c4d1c6b HTTP/1.1" status: 204 len: 168 time: 0.1728532
2026-05-29 23:07:34.688 10 INFO neutron.wsgi [None req-4f5c2612-8bd5-4801-935e-8f78cb19175b 1276613918a14398b478b94cac638142 f90be29372464d99a4c81633e8fb9b54 - - default default] 10.0.0.181 "GET /v2.0/floatingips?tags-any=red%2Cblue HTTP/1.1" status: 200 len: 1866 time: 0.0475261
2026-05-29 23:07:34.704 9 INFO neutron.db.ovn_revision_numbers_db [None req-dbe5a1d3-8a23-439d-965d-dc3a172f60c6 f8aea979df294238b298aa1a469b3159 4f9304e3d2874747a8c0b6e137a6424b - - default default] Successfully bumped revision number for resource db1eca66-6f8f-42b1-afb7-148d0cc09498 (type: networks) to 1
2026-05-29 23:07:34.752 10 INFO neutron.wsgi [None req-e3c3f96a-fa9d-4bf0-85fa-63bf61e5dab5 1276613918a14398b478b94cac638142 f90be29372464d99a4c81633e8fb9b54 - - default default] 10.0.0.181 "GET /v2.0/floatingips?not-tags=red HTTP/1.1" status: 200 len: 1295 time: 0.0566337
2026-05-29 23:07:34.808 10 INFO neutron.wsgi [None req-a6a37052-4e2a-46fe-9845-cd28b8eb8689 1276613918a14398b478b94cac638142 f90be29372464d99a4c81633e8fb9b54 - - default default] 10.0.0.181 "GET /v2.0/floatingips?not-tags=red%2Cblue HTTP/1.1" status: 200 len: 1838 time: 0.0492640
2026-05-29 23:07:34.860 9 INFO neutron.wsgi [None req-333985ff-88bc-410a-9b26-01b74bdeae31 1276613918a14398b478b94cac638142 f90be29372464d99a4c81633e8fb9b54 - - default default] 10.0.0.181 "GET /v2.0/floatingips?not-tags-any=blue HTTP/1.1" status: 200 len: 1838 time: 0.0443759
2026-05-29 23:07:34.894 9 INFO neutron.wsgi [None req-7613b038-5e9a-4003-8bff-3585651f670e 1276613918a14398b478b94cac638142 f90be29372464d99a4c81633e8fb9b54 - - default default] 10.0.0.181 "GET /v2.0/floatingips?not-tags-any=red%2Cblue HTTP/1.1" status: 200 len: 1295 time: 0.0267110
2026-05-29 23:07:34.966 9 WARNING neutron.scheduler.dhcp_agent_scheduler [None req-dbe5a1d3-8a23-439d-965d-dc3a172f60c6 f8aea979df294238b298aa1a469b3159 4f9304e3d2874747a8c0b6e137a6424b - - default default] No more DHCP agents
2026-05-29 23:07:34.969 9 WARNING neutron.api.rpc.agentnotifiers.dhcp_rpc_agent_api [None req-dbe5a1d3-8a23-439d-965d-dc3a172f60c6 f8aea979df294238b298aa1a469b3159 4f9304e3d2874747a8c0b6e137a6424b - - default default] Unable to schedule network db1eca66-6f8f-42b1-afb7-148d0cc09498: no agents available; will retry on subsequent port and subnet creation events.
2026-05-29 23:07:34.985 10 INFO neutron.wsgi [None req-1e8c55d9-e961-4cc1-ba71-bbdccb2811e3 bd8c6036ae4d452689ab1c6fe7b17f07 123bbaea367b401db66009b51a28c950 - - default default] 10.0.0.181 "DELETE /v2.0/ports/5859b99d-dd96-4cba-81f4-1c54951b302a HTTP/1.1" status: 204 len: 168 time: 0.3389454
2026-05-29 23:07:35.072 9 INFO neutron.db.ovn_revision_numbers_db [None req-dbe5a1d3-8a23-439d-965d-dc3a172f60c6 f8aea979df294238b298aa1a469b3159 4f9304e3d2874747a8c0b6e137a6424b - - default default] Successfully bumped revision number for resource 15dc7e4c-e76d-4fba-af09-0ea2ab9d9b64 (type: ports) to 1
2026-05-29 23:07:35.099 9 INFO neutron.wsgi [None req-dbe5a1d3-8a23-439d-965d-dc3a172f60c6 f8aea979df294238b298aa1a469b3159 4f9304e3d2874747a8c0b6e137a6424b - - default default] 10.0.0.181 "POST /v2.0/networks HTTP/1.1" status: 201 len: 830 time: 0.6793599
2026-05-29 23:07:35.109 10 WARNING neutron_lib.context [None req-96654738-5845-4e09-8319-e5c277b63d29 f8aea979df294238b298aa1a469b3159 4f9304e3d2874747a8c0b6e137a6424b - - default default] Method 'is_advsvc' is deprecated since 2023.2 release (neutron-lib 3.8.0) and will be removed once support for the old RBAC API policies will be removed from Neutron. Please use method 'is_service_role' instead.
2026-05-29 23:07:35.281 9 INFO neutron.wsgi [None req-71127fa0-6178-4939-a3eb-47a07ead954c 1276613918a14398b478b94cac638142 f90be29372464d99a4c81633e8fb9b54 - - default default] 10.0.0.181 "DELETE /v2.0/floatingips/2d652996-bfd7-4d6c-8ce9-cc6aead9de67 HTTP/1.1" status: 204 len: 168 time: 0.3796334
2026-05-29 23:07:35.439 10 WARNING neutron.scheduler.dhcp_agent_scheduler [None req-96654738-5845-4e09-8319-e5c277b63d29 f8aea979df294238b298aa1a469b3159 4f9304e3d2874747a8c0b6e137a6424b - - default default] No more DHCP agents
2026-05-29 23:07:35.443 10 WARNING neutron.api.rpc.agentnotifiers.dhcp_rpc_agent_api [None req-96654738-5845-4e09-8319-e5c277b63d29 f8aea979df294238b298aa1a469b3159 4f9304e3d2874747a8c0b6e137a6424b - - default default] Unable to schedule network db1eca66-6f8f-42b1-afb7-148d0cc09498: no agents available; will retry on subsequent port and subnet creation events.
2026-05-29 23:07:35.522 10 INFO neutron.services.segments.plugin [-] Segment ba6ae5df-06a8-47c3-afc9-051890490608 resource provider aggregate not found
2026-05-29 23:07:35.530 10 INFO neutron.services.segments.plugin [-] Segment ba6ae5df-06a8-47c3-afc9-051890490608 resource provider aggregate not found
2026-05-29 23:07:35.550 10 INFO neutron.services.segments.plugin [-] Segment ba6ae5df-06a8-47c3-afc9-051890490608 resource provider not found; error: Placement Client Error (4xx): {"errors": [{"status": 404, "title": "Not Found", "detail": "The resource could not be found.\n\n No resource provider with uuid ba6ae5df-06a8-47c3-afc9-051890490608 found for delete ", "request_id": "req-c565613e-48ed-4065-9aae-01d3f588d10d"}]}
2026-05-29 23:07:35.553 10 INFO neutron.services.segments.plugin [-] Segment ba6ae5df-06a8-47c3-afc9-051890490608 resource provider not found; error: Placement Client Error (4xx): {"errors": [{"status": 404, "title": "Not Found", "detail": "The resource could not be found.\n\n No resource provider with uuid ba6ae5df-06a8-47c3-afc9-051890490608 found for delete ", "request_id": "req-8b1fd593-07aa-4f7e-8ce1-1ec2953176cd"}]}
2026-05-29 23:07:35.590 10 INFO neutron.wsgi [None req-8b2aa9fe-38d7-4d0a-821b-9f8a1244b7b6 bd8c6036ae4d452689ab1c6fe7b17f07 123bbaea367b401db66009b51a28c950 - - default default] 10.0.0.181 "DELETE /v2.0/networks/8884c236-99c0-4893-babd-37449cc2bc6e HTTP/1.1" status: 204 len: 168 time: 0.6000865
2026-05-29 23:07:35.614 10 INFO neutron.db.ovn_revision_numbers_db [None req-96654738-5845-4e09-8319-e5c277b63d29 f8aea979df294238b298aa1a469b3159 4f9304e3d2874747a8c0b6e137a6424b - - default default] Successfully bumped revision number for resource 3592dd19-a48a-44a7-beb8-4169fb3d3a0f (type: ports) to 1
2026-05-29 23:07:35.641 10 INFO neutron.wsgi [None req-96654738-5845-4e09-8319-e5c277b63d29 f8aea979df294238b298aa1a469b3159 4f9304e3d2874747a8c0b6e137a6424b - - default default] 10.0.0.181 "POST /v2.0/ports HTTP/1.1" status: 201 len: 942 time: 0.5362229 /var/lib/openstack/lib/python3.10/site-packages/pycadf/identifier.py:71: UserWarning: Invalid uuid: neutron. To ensure interoperability, identifiers should be a valid uuid. warnings.warn(('Invalid uuid: %s. To ensure interoperability, '
2026-05-29 23:07:35.654 10 WARNING neutron_lib.context [None req-390fa8fb-6943-4c40-9e6d-183481147634 f8aea979df294238b298aa1a469b3159 4f9304e3d2874747a8c0b6e137a6424b - - default default] Method 'is_advsvc' is deprecated since 2023.2 release (neutron-lib 3.8.0) and will be removed once support for the old RBAC API policies will be removed from Neutron. Please use method 'is_service_role' instead.
2026-05-29 23:07:35.672 9 INFO neutron.wsgi [None req-9941672e-4ca6-44b2-b741-17611f87639a 1276613918a14398b478b94cac638142 f90be29372464d99a4c81633e8fb9b54 - - default default] 10.0.0.181 "DELETE /v2.0/floatingips/81cbd95b-c3a0-4729-9add-88f6cd94ce49 HTTP/1.1" status: 204 len: 168 time: 0.3847919
2026-05-29 23:07:36.011 10 INFO neutron.wsgi [None req-390fa8fb-6943-4c40-9e6d-183481147634 f8aea979df294238b298aa1a469b3159 4f9304e3d2874747a8c0b6e137a6424b - - default default] 10.0.0.181 "POST /v2.0/trunks HTTP/1.1" status: 201 len: 608 time: 0.3633916
2026-05-29 23:07:36.023 10 WARNING neutron_lib.context [None req-ddf47409-c50e-421f-8992-7750efc0faee f8aea979df294238b298aa1a469b3159 4f9304e3d2874747a8c0b6e137a6424b - - default default] Method 'is_advsvc' is deprecated since 2023.2 release (neutron-lib 3.8.0) and will be removed once support for the old RBAC API policies will be removed from Neutron. Please use method 'is_service_role' instead.
2026-05-29 23:07:36.122 10 INFO neutron.db.segments_db [None req-ddf47409-c50e-421f-8992-7750efc0faee f8aea979df294238b298aa1a469b3159 4f9304e3d2874747a8c0b6e137a6424b - - default default] Added segment e356360c-3c52-41f6-93db-12729d8baf52 of type geneve for network 5b49deba-e37b-4bff-8e38-aed8d173b4ef
2026-05-29 23:07:36.181 10 INFO neutron.wsgi [None req-f4b54ca1-2c27-44c0-b93e-45bdf30fae99 1276613918a14398b478b94cac638142 f90be29372464d99a4c81633e8fb9b54 - - default default] 10.0.0.181 "DELETE /v2.0/floatingips/e4d3dc5e-b6b8-4b27-989d-80ba1c088983 HTTP/1.1" status: 204 len: 168 time: 0.5035820
2026-05-29 23:07:36.323 10 INFO neutron.db.ovn_revision_numbers_db [None req-ddf47409-c50e-421f-8992-7750efc0faee f8aea979df294238b298aa1a469b3159 4f9304e3d2874747a8c0b6e137a6424b - - default default] Successfully bumped revision number for resource 5b49deba-e37b-4bff-8e38-aed8d173b4ef (type: networks) to 1
2026-05-29 23:07:36.405 9 INFO neutron.wsgi [req-bf84f0e7-3cc0-440e-a537-bd9ff6e7caf8 req-c059efc3-bc02-415e-a69e-5aa78ec57ada 6a50422223ed4b9ca3b2ce43192c37d5 a8cec7abc0cf433ebaa538af7a4fd6b0 - - default default] 10.0.0.86 "GET /v2.0/security-groups?id=dff89851-6d30-42ef-94e5-3d878fb270fd&fields=id HTTP/1.1" status: 200 len: 267 time: 0.0466120
2026-05-29 23:07:36.421 10 INFO neutron.wsgi [None req-944dbefb-fc4f-4494-8b0a-0a92f9dc0740 6a50422223ed4b9ca3b2ce43192c37d5 a8cec7abc0cf433ebaa538af7a4fd6b0 - - default default] 10.0.0.181 "GET /v2.0/security-groups?tenant_id=123bbaea367b401db66009b51a28c950&name=default HTTP/1.1" status: 200 len: 2996 time: 0.1865110
2026-05-29 23:07:36.508 9 INFO neutron.wsgi [req-bf84f0e7-3cc0-440e-a537-bd9ff6e7caf8 req-1768accb-04f9-4dc6-af06-b2391eeadb04 6a50422223ed4b9ca3b2ce43192c37d5 a8cec7abc0cf433ebaa538af7a4fd6b0 - - default default] 10.0.0.86 "GET /v2.0/networks?id=50941c95-90ba-48d9-938b-a193c4b09b4e HTTP/1.1" status: 200 len: 936 time: 0.0775142
2026-05-29 23:07:36.534 9 INFO neutron.wsgi [req-bf84f0e7-3cc0-440e-a537-bd9ff6e7caf8 req-ff29fb64-28e8-4508-840b-0b87c0fb14d0 6a50422223ed4b9ca3b2ce43192c37d5 a8cec7abc0cf433ebaa538af7a4fd6b0 - - default default] 10.0.0.86 "GET /v2.0/quotas/a8cec7abc0cf433ebaa538af7a4fd6b0 HTTP/1.1" status: 200 len: 385 time: 0.0167530
2026-05-29 23:07:36.538 10 WARNING neutron.scheduler.dhcp_agent_scheduler [None req-ddf47409-c50e-421f-8992-7750efc0faee f8aea979df294238b298aa1a469b3159 4f9304e3d2874747a8c0b6e137a6424b - - default default] No more DHCP agents
2026-05-29 23:07:36.545 10 WARNING neutron.api.rpc.agentnotifiers.dhcp_rpc_agent_api [None req-ddf47409-c50e-421f-8992-7750efc0faee f8aea979df294238b298aa1a469b3159 4f9304e3d2874747a8c0b6e137a6424b - - default default] Unable to schedule network 5b49deba-e37b-4bff-8e38-aed8d173b4ef: no agents available; will retry on subsequent port and subnet creation events.
2026-05-29 23:07:36.622 9 INFO neutron.wsgi [req-bf84f0e7-3cc0-440e-a537-bd9ff6e7caf8 req-ac33e241-dbfd-479d-ac42-b379c8bfacea 6a50422223ed4b9ca3b2ce43192c37d5 a8cec7abc0cf433ebaa538af7a4fd6b0 - - default default] 10.0.0.86 "GET /v2.0/ports?tenant_id=a8cec7abc0cf433ebaa538af7a4fd6b0&fields=id HTTP/1.1" status: 200 len: 348 time: 0.0782855
2026-05-29 23:07:36.639 10 INFO neutron.db.ovn_revision_numbers_db [None req-ddf47409-c50e-421f-8992-7750efc0faee f8aea979df294238b298aa1a469b3159 4f9304e3d2874747a8c0b6e137a6424b - - default default] Successfully bumped revision number for resource 22f6b2dc-ac68-4b21-99de-741746b600d0 (type: ports) to 1
2026-05-29 23:07:36.666 10 INFO neutron.wsgi [None req-ddf47409-c50e-421f-8992-7750efc0faee f8aea979df294238b298aa1a469b3159 4f9304e3d2874747a8c0b6e137a6424b - - default default] 10.0.0.181 "POST /v2.0/networks HTTP/1.1" status: 201 len: 830 time: 0.6499791
2026-05-29 23:07:36.675 10 WARNING neutron_lib.context [None req-755f2c75-e96d-4c58-975c-0bf5534fd2fa f8aea979df294238b298aa1a469b3159 4f9304e3d2874747a8c0b6e137a6424b - - default default] Method 'is_advsvc' is deprecated since 2023.2 release (neutron-lib 3.8.0) and will be removed once support for the old RBAC API policies will be removed from Neutron. Please use method 'is_service_role' instead.
2026-05-29 23:07:36.722 10 INFO neutron.wsgi [None req-7cc063b1-b0f3-4f71-a6b4-1d5d8df95ba1 6a50422223ed4b9ca3b2ce43192c37d5 a8cec7abc0cf433ebaa538af7a4fd6b0 - - default default] 10.0.0.181 "DELETE /v2.0/security-groups/00fa0825-7ecb-4418-845e-9aa7c624a116 HTTP/1.1" status: 204 len: 168 time: 0.2926285
2026-05-29 23:07:36.729 9 INFO neutron.wsgi [req-bf84f0e7-3cc0-440e-a537-bd9ff6e7caf8 req-df4a2435-12e5-4b2f-84b9-d96482400c87 1b837833910a4dcfb0d1b08241e63654 c313135cd3f649f8b0a2a0ed8c949055 - - 02a142e46f5146a08f42729707b5a95e 02a142e46f5146a08f42729707b5a95e] 10.0.0.86 "GET /v2.0/networks/50941c95-90ba-48d9-938b-a193c4b09b4e?fields=segments HTTP/1.1" status: 200 len: 212 time: 0.0926437
2026-05-29 23:07:36.810 9 INFO neutron.wsgi [None req-e924bd93-4069-4ca7-9d10-6fd3df425d47 1276613918a14398b478b94cac638142 f90be29372464d99a4c81633e8fb9b54 - - default default] 10.0.0.181 "DELETE /v2.0/floatingips/f56e9b2a-f784-4b91-a1ec-b408e0142551 HTTP/1.1" status: 204 len: 168 time: 0.6218827
2026-05-29 23:07:36.847 9 INFO neutron.wsgi [req-bf84f0e7-3cc0-440e-a537-bd9ff6e7caf8 req-6f55f642-5806-4a05-bf9e-08ca87d5915e 1b837833910a4dcfb0d1b08241e63654 c313135cd3f649f8b0a2a0ed8c949055 - - 02a142e46f5146a08f42729707b5a95e 02a142e46f5146a08f42729707b5a95e] 10.0.0.86 "GET /v2.0/networks/50941c95-90ba-48d9-938b-a193c4b09b4e?fields=provider%3Aphysical_network&fields=provider%3Anetwork_type HTTP/1.1" status: 200 len: 277 time: 0.1104410
2026-05-29 23:07:37.017 10 WARNING neutron.scheduler.dhcp_agent_scheduler [None req-755f2c75-e96d-4c58-975c-0bf5534fd2fa f8aea979df294238b298aa1a469b3159 4f9304e3d2874747a8c0b6e137a6424b - - default default] No more DHCP agents
2026-05-29 23:07:37.021 10 WARNING neutron.api.rpc.agentnotifiers.dhcp_rpc_agent_api [None req-755f2c75-e96d-4c58-975c-0bf5534fd2fa f8aea979df294238b298aa1a469b3159 4f9304e3d2874747a8c0b6e137a6424b - - default default] Unable to schedule network 5b49deba-e37b-4bff-8e38-aed8d173b4ef: no agents available; will retry on subsequent port and subnet creation events.
2026-05-29 23:07:37.021 9 INFO neutron.db.ovn_revision_numbers_db [None req-c08b3ce0-79a0-4bd0-89c3-7f65d8d922ca 6a50422223ed4b9ca3b2ce43192c37d5 a8cec7abc0cf433ebaa538af7a4fd6b0 - - default default] Successfully bumped revision number for resource 11dccd51-4dc5-46be-90d0-9132969b0b52 (type: security_groups) to 1
2026-05-29 23:07:37.035 9 INFO neutron.db.ovn_revision_numbers_db [None req-c08b3ce0-79a0-4bd0-89c3-7f65d8d922ca 6a50422223ed4b9ca3b2ce43192c37d5 a8cec7abc0cf433ebaa538af7a4fd6b0 - - default default] Successfully bumped revision number for resource 522aed03-5068-4c7c-879e-a3ec98fa8991 (type: security_group_rules) to 0
2026-05-29 23:07:37.055 9 INFO neutron.db.ovn_revision_numbers_db [None req-c08b3ce0-79a0-4bd0-89c3-7f65d8d922ca 6a50422223ed4b9ca3b2ce43192c37d5 a8cec7abc0cf433ebaa538af7a4fd6b0 - - default default] Successfully bumped revision number for resource 810466cb-3046-404b-8efb-3972aaa569b6 (type: security_group_rules) to 0
2026-05-29 23:07:37.113 9 INFO neutron.db.ovn_revision_numbers_db [None req-c08b3ce0-79a0-4bd0-89c3-7f65d8d922ca 6a50422223ed4b9ca3b2ce43192c37d5 a8cec7abc0cf433ebaa538af7a4fd6b0 - - default default] Successfully bumped revision number for resource a7cbe196-443a-4a98-bac5-46508ee440c7 (type: security_group_rules) to 0
2026-05-29 23:07:37.131 9 INFO neutron.db.ovn_revision_numbers_db [None req-c08b3ce0-79a0-4bd0-89c3-7f65d8d922ca 6a50422223ed4b9ca3b2ce43192c37d5 a8cec7abc0cf433ebaa538af7a4fd6b0 - - default default] Successfully bumped revision number for resource f199f77d-4615-447f-ac9a-1792e9f49a79 (type: security_group_rules) to 0
2026-05-29 23:07:37.144 10 INFO neutron.db.ovn_revision_numbers_db [None req-755f2c75-e96d-4c58-975c-0bf5534fd2fa f8aea979df294238b298aa1a469b3159 4f9304e3d2874747a8c0b6e137a6424b - - default default] Successfully bumped revision number for resource e906c699-b6cb-4ff0-8e91-584e5f495841 (type: ports) to 1
2026-05-29 23:07:37.156 9 INFO neutron.wsgi [None req-c08b3ce0-79a0-4bd0-89c3-7f65d8d922ca 6a50422223ed4b9ca3b2ce43192c37d5 a8cec7abc0cf433ebaa538af7a4fd6b0 - - default default] 10.0.0.181 "GET /v2.0/security-groups?tenant_id=40443785dfd34a3db984ac7cf52ba3e1&name=default HTTP/1.1" status: 200 len: 3000 time: 0.2846367
2026-05-29 23:07:37.170 10 INFO neutron.wsgi [None req-755f2c75-e96d-4c58-975c-0bf5534fd2fa f8aea979df294238b298aa1a469b3159 4f9304e3d2874747a8c0b6e137a6424b - - default default] 10.0.0.181 "POST /v2.0/ports HTTP/1.1" status: 201 len: 942 time: 0.4998400
2026-05-29 23:07:37.185 9 WARNING neutron_lib.context [None req-b5a418c7-96f2-44a8-bd88-6d6fbf5b9676 f8aea979df294238b298aa1a469b3159 4f9304e3d2874747a8c0b6e137a6424b - - default default] Method 'is_advsvc' is deprecated since 2023.2 release (neutron-lib 3.8.0) and will be removed once support for the old RBAC API policies will be removed from Neutron. Please use method 'is_service_role' instead.
2026-05-29 23:07:37.290 10 INFO neutron.wsgi [None req-236ade16-d944-471b-b01c-9cfbfea186a4 1276613918a14398b478b94cac638142 f90be29372464d99a4c81633e8fb9b54 - - default default] 10.0.0.181 "DELETE /v2.0/floatingips/f5138a07-8de8-4eeb-9af2-6ae89290cee9 HTTP/1.1" status: 204 len: 168 time: 0.4575114
2026-05-29 23:07:37.732 9 INFO neutron.wsgi [req-1f6da905-53fc-4472-a879-fcde91dcb937 req-61a5c334-fe58-486e-813a-08dd5a1a9157 6a50422223ed4b9ca3b2ce43192c37d5 a8cec7abc0cf433ebaa538af7a4fd6b0 - - default default] 10.0.0.86 "GET /v2.0/ports?device_id=99706765-a996-43ed-bec5-5d5e9008dd8b HTTP/1.1" status: 200 len: 210 time: 0.0327892
2026-05-29 23:07:37.853 9 INFO neutron.wsgi [req-552af869-1540-4e48-9a86-607b786754ab req-59002905-8329-45a0-856d-8b93eba92ad3 6a50422223ed4b9ca3b2ce43192c37d5 a8cec7abc0cf433ebaa538af7a4fd6b0 - - default default] 10.0.0.86 "GET /v2.0/ports?device_id=99706765-a996-43ed-bec5-5d5e9008dd8b HTTP/1.1" status: 200 len: 210 time: 0.0367208
2026-05-29 23:07:37.956 9 INFO neutron.wsgi [None req-b5a418c7-96f2-44a8-bd88-6d6fbf5b9676 f8aea979df294238b298aa1a469b3159 4f9304e3d2874747a8c0b6e137a6424b - - default default] 10.0.0.181 "POST /v2.0/trunks HTTP/1.1" status: 201 len: 608 time: 0.7768970
2026-05-29 23:07:38.004 9 INFO neutron.wsgi [None req-eb617a0c-affc-4c2d-bb57-6b304b752da3 f8aea979df294238b298aa1a469b3159 4f9304e3d2874747a8c0b6e137a6424b - - default default] 10.0.0.181 "PUT /v2.0/trunks/00fc4cc5-41e7-4307-8522-14881cdb616e/tags HTTP/1.1" status: 200 len: 210 time: 0.0386312
2026-05-29 23:07:38.009 9 INFO neutron.wsgi [None req-9a1ee59b-3e81-47f8-9822-83580b56fd4a 6a50422223ed4b9ca3b2ce43192c37d5 a8cec7abc0cf433ebaa538af7a4fd6b0 - - default default] 10.0.0.181 "DELETE /v2.0/security-groups/11dccd51-4dc5-46be-90d0-9132969b0b52 HTTP/1.1" status: 204 len: 168 time: 0.8467813 /var/lib/openstack/lib/python3.10/site-packages/pycadf/identifier.py:71: UserWarning: Invalid uuid: neutron. To ensure interoperability, identifiers should be a valid uuid. warnings.warn(('Invalid uuid: %s. To ensure interoperability, '
2026-05-29 23:07:38.048 10 INFO neutron.wsgi [None req-3b847555-5435-49f5-88fd-9ab1384f2694 f8aea979df294238b298aa1a469b3159 4f9304e3d2874747a8c0b6e137a6424b - - default default] 10.0.0.181 "PUT /v2.0/trunks/c8720b05-0211-4840-9926-6709c6b697e6/tags HTTP/1.1" status: 200 len: 218 time: 0.0379484
2026-05-29 23:07:38.086 10 INFO neutron.wsgi [None req-98563094-525a-480b-b4d1-4129b7158164 f8aea979df294238b298aa1a469b3159 4f9304e3d2874747a8c0b6e137a6424b - - default default] 10.0.0.181 "PUT /v2.0/trunks/d3b92a8b-727d-4b63-892f-08107e71656a/tags HTTP/1.1" status: 200 len: 227 time: 0.0330336
2026-05-29 23:07:38.127 10 INFO neutron.wsgi [None req-802afe65-a763-4c7d-9ebd-26f4dd549443 f8aea979df294238b298aa1a469b3159 4f9304e3d2874747a8c0b6e137a6424b - - default default] 10.0.0.181 "PUT /v2.0/trunks/03de6b2f-064b-4155-ab40-2ff00e171f68/tags HTTP/1.1" status: 200 len: 212 time: 0.0358937
2026-05-29 23:07:38.152 9 INFO neutron.wsgi [req-bf84f0e7-3cc0-440e-a537-bd9ff6e7caf8 req-3d00a14f-67ce-44a9-9d23-75713140d271 6a50422223ed4b9ca3b2ce43192c37d5 a8cec7abc0cf433ebaa538af7a4fd6b0 - - default default] 199.204.45.30 "GET /v2.0/networks?id=50941c95-90ba-48d9-938b-a193c4b09b4e HTTP/1.1" status: 200 len: 936 time: 0.0814133
2026-05-29 23:07:38.165 10 INFO neutron.wsgi [None req-6cbe5ea7-cced-4fcc-abbd-b4814b2de701 f8aea979df294238b298aa1a469b3159 4f9304e3d2874747a8c0b6e137a6424b - - default default] 10.0.0.181 "GET /v2.0/trunks?tags=red HTTP/1.1" status: 200 len: 1447 time: 0.0275826
2026-05-29 23:07:38.214 10 INFO neutron.wsgi [None req-4489e920-6ea1-4adc-9577-5750518194db f8aea979df294238b298aa1a469b3159 4f9304e3d2874747a8c0b6e137a6424b - - default default] 10.0.0.181 "GET /v2.0/trunks?tags=red%2Cblue HTTP/1.1" status: 200 len: 1041 time: 0.0430951
2026-05-29 23:07:38.223 9 INFO neutron.wsgi [req-bf84f0e7-3cc0-440e-a537-bd9ff6e7caf8 req-9ccc9f96-d127-4650-8a4e-e2a2ff014f9f 6a50422223ed4b9ca3b2ce43192c37d5 a8cec7abc0cf433ebaa538af7a4fd6b0 - - default default] 199.204.45.30 "GET /v2.0/security-groups?fields=id&fields=name&tenant_id=a8cec7abc0cf433ebaa538af7a4fd6b0 HTTP/1.1" status: 200 len: 542 time: 0.0636728
2026-05-29 23:07:38.246 10 INFO neutron.wsgi [None req-cabd7733-131b-4e17-846c-18bc8297245e f8aea979df294238b298aa1a469b3159 4f9304e3d2874747a8c0b6e137a6424b - - default default] 10.0.0.181 "GET /v2.0/trunks?tags-any=blue HTTP/1.1" status: 200 len: 1041 time: 0.0273569
2026-05-29 23:07:38.286 9 INFO neutron.wsgi [None req-d06fa76a-c868-4f87-bc49-f592caf1ec94 f8aea979df294238b298aa1a469b3159 4f9304e3d2874747a8c0b6e137a6424b - - default default] 10.0.0.181 "GET /v2.0/trunks?tags-any=red%2Cblue HTTP/1.1" status: 200 len: 1447 time: 0.0341859
2026-05-29 23:07:38.316 10 INFO neutron.wsgi [None req-18aee017-3d89-4b8f-9c01-0071d84916f6 f8aea979df294238b298aa1a469b3159 4f9304e3d2874747a8c0b6e137a6424b - - default default] 10.0.0.181 "GET /v2.0/trunks?not-tags=red HTTP/1.1" status: 200 len: 1013 time: 0.0242581
2026-05-29 23:07:38.358 10 INFO neutron.wsgi [None req-1a8db026-925e-434b-a574-b1ca6b7f6e79 f8aea979df294238b298aa1a469b3159 4f9304e3d2874747a8c0b6e137a6424b - - default default] 10.0.0.181 "GET /v2.0/trunks?not-tags=red%2Cblue HTTP/1.1" status: 200 len: 1419 time: 0.0332115
2026-05-29 23:07:38.400 9 INFO neutron.wsgi [None req-6f4ede82-fc9f-4cae-94ca-2d35b6a06109 f8aea979df294238b298aa1a469b3159 4f9304e3d2874747a8c0b6e137a6424b - - default default] 10.0.0.181 "GET /v2.0/trunks?not-tags-any=blue HTTP/1.1" status: 200 len: 1419 time: 0.0364864
2026-05-29 23:07:38.451 9 INFO neutron.wsgi [None req-e38abab1-1855-4eee-b1b8-02bc77aae768 f8aea979df294238b298aa1a469b3159 4f9304e3d2874747a8c0b6e137a6424b - - default default] 10.0.0.181 "GET /v2.0/trunks?not-tags-any=red%2Cblue HTTP/1.1" status: 200 len: 1013 time: 0.0434389
2026-05-29 23:07:38.484 10 INFO neutron.wsgi [None req-799cad69-ef05-43d0-88a7-88f8f1d90e22 f8aea979df294238b298aa1a469b3159 4f9304e3d2874747a8c0b6e137a6424b - - default default] 10.0.0.181 "GET /v2.0/trunks/00fc4cc5-41e7-4307-8522-14881cdb616e HTTP/1.1" status: 200 len: 608 time: 0.0264015
2026-05-29 23:07:38.591 10 INFO neutron.wsgi [None req-33154ab9-120f-492f-97bd-5f0361c2527f f8aea979df294238b298aa1a469b3159 4f9304e3d2874747a8c0b6e137a6424b - - default default] 10.0.0.181 "GET /v2.0/ports/15b0f2ca-5242-4f8e-906b-a5ec99de1d67 HTTP/1.1" status: 200 len: 1020 time: 0.1042862
2026-05-29 23:07:38.600 9 WARNING neutron.scheduler.dhcp_agent_scheduler [req-bf84f0e7-3cc0-440e-a537-bd9ff6e7caf8 req-8031c373-6e6f-4b95-afd5-697249f350a4 6a50422223ed4b9ca3b2ce43192c37d5 a8cec7abc0cf433ebaa538af7a4fd6b0 - - default default] No more DHCP agents
2026-05-29 23:07:38.606 9 WARNING neutron.api.rpc.agentnotifiers.dhcp_rpc_agent_api [req-bf84f0e7-3cc0-440e-a537-bd9ff6e7caf8 req-8031c373-6e6f-4b95-afd5-697249f350a4 6a50422223ed4b9ca3b2ce43192c37d5 a8cec7abc0cf433ebaa538af7a4fd6b0 - - default default] Unable to schedule network 50941c95-90ba-48d9-938b-a193c4b09b4e: no agents available; will retry on subsequent port and subnet creation events.
2026-05-29 23:07:38.692 10 INFO neutron.wsgi [None req-2fbdffc8-db3d-40e4-b13a-481783b9ac05 f8aea979df294238b298aa1a469b3159 4f9304e3d2874747a8c0b6e137a6424b - - default default] 10.0.0.181 "DELETE /v2.0/trunks/00fc4cc5-41e7-4307-8522-14881cdb616e HTTP/1.1" status: 204 len: 168 time: 0.0961499
2026-05-29 23:07:38.722 10 INFO neutron.wsgi [None req-0c7626e2-83c9-4a71-be6c-b740b18869b3 f8aea979df294238b298aa1a469b3159 4f9304e3d2874747a8c0b6e137a6424b - - default default] 10.0.0.181 "GET /v2.0/trunks/c8720b05-0211-4840-9926-6709c6b697e6 HTTP/1.1" status: 200 len: 616 time: 0.0255730
2026-05-29 23:07:38.808 9 INFO neutron.db.ovn_revision_numbers_db [req-bf84f0e7-3cc0-440e-a537-bd9ff6e7caf8 req-8031c373-6e6f-4b95-afd5-697249f350a4 6a50422223ed4b9ca3b2ce43192c37d5 a8cec7abc0cf433ebaa538af7a4fd6b0 - - default default] Successfully bumped revision number for resource dd78817e-6acc-45a2-8a37-bbf3c69d286d (type: ports) to 1
2026-05-29 23:07:38.836 9 INFO neutron.wsgi [req-bf84f0e7-3cc0-440e-a537-bd9ff6e7caf8 req-8031c373-6e6f-4b95-afd5-697249f350a4 6a50422223ed4b9ca3b2ce43192c37d5 a8cec7abc0cf433ebaa538af7a4fd6b0 - - default default] 199.204.45.30 "POST /v2.0/ports HTTP/1.1" status: 201 len: 1283 time: 0.6033771 /var/lib/openstack/lib/python3.10/site-packages/pycadf/identifier.py:71: UserWarning: Invalid uuid: neutron. To ensure interoperability, identifiers should be a valid uuid. warnings.warn(('Invalid uuid: %s. To ensure interoperability, '
2026-05-29 23:07:39.186 10 INFO neutron.wsgi [None req-4946a36f-e918-448a-812e-a85a3eec4b2d f8aea979df294238b298aa1a469b3159 4f9304e3d2874747a8c0b6e137a6424b - - default default] 10.0.0.181 "GET /v2.0/ports/1b9ae182-e153-4e2a-ba56-ba8d6a2c1429 HTTP/1.1" status: 200 len: 1020 time: 0.4571929
2026-05-29 23:07:39.227 10 INFO neutron.db.ovn_revision_numbers_db [None req-e98fdf25-1ea6-4394-97f1-40a0e834ed22 6a50422223ed4b9ca3b2ce43192c37d5 a8cec7abc0cf433ebaa538af7a4fd6b0 - - default default] Successfully bumped revision number for resource 612cb2d7-0994-4eb5-a593-6888790a1e86 (type: security_groups) to 1
2026-05-29 23:07:39.261 10 INFO neutron.db.ovn_revision_numbers_db [None req-e98fdf25-1ea6-4394-97f1-40a0e834ed22 6a50422223ed4b9ca3b2ce43192c37d5 a8cec7abc0cf433ebaa538af7a4fd6b0 - - default default] Successfully bumped revision number for resource 0ad125f5-0b80-4925-988b-97bb3e6c5153 (type: security_group_rules) to 0
2026-05-29 23:07:39.300 10 INFO neutron.db.ovn_revision_numbers_db [None req-e98fdf25-1ea6-4394-97f1-40a0e834ed22 6a50422223ed4b9ca3b2ce43192c37d5 a8cec7abc0cf433ebaa538af7a4fd6b0 - - default default] Successfully bumped revision number for resource 1e5f8958-07e4-4cd1-9117-ebbf686add74 (type: security_group_rules) to 0
2026-05-29 23:07:39.310 10 INFO neutron.wsgi [None req-292aa32c-3f70-46dc-b297-700ac3d83573 f8aea979df294238b298aa1a469b3159 4f9304e3d2874747a8c0b6e137a6424b - - default default] 10.0.0.181 "DELETE /v2.0/trunks/c8720b05-0211-4840-9926-6709c6b697e6 HTTP/1.1" status: 204 len: 168 time: 0.1196008
2026-05-29 23:07:39.331 10 INFO neutron.db.ovn_revision_numbers_db [None req-e98fdf25-1ea6-4394-97f1-40a0e834ed22 6a50422223ed4b9ca3b2ce43192c37d5 a8cec7abc0cf433ebaa538af7a4fd6b0 - - default default] Successfully bumped revision number for resource 5324c2dd-b313-4393-ba12-d5f602ff831a (type: security_group_rules) to 0
2026-05-29 23:07:39.338 10 INFO neutron.wsgi [None req-07b47174-1ba1-4c3f-a274-ccab0dee0e2b f8aea979df294238b298aa1a469b3159 4f9304e3d2874747a8c0b6e137a6424b - - default default] 10.0.0.181 "GET /v2.0/trunks/d3b92a8b-727d-4b63-892f-08107e71656a HTTP/1.1" status: 200 len: 625 time: 0.0219727
2026-05-29 23:07:39.363 10 INFO neutron.db.ovn_revision_numbers_db [None req-e98fdf25-1ea6-4394-97f1-40a0e834ed22 6a50422223ed4b9ca3b2ce43192c37d5 a8cec7abc0cf433ebaa538af7a4fd6b0 - - default default] Successfully bumped revision number for resource eb1bc4b3-c0c2-40e3-bfe9-d938fa85a2c0 (type: security_group_rules) to 0
2026-05-29 23:07:39.398 9 INFO neutron.db.ovn_revision_numbers_db [req-bf84f0e7-3cc0-440e-a537-bd9ff6e7caf8 req-04bb2322-6655-4b58-b5ec-febdfac0716d 1b837833910a4dcfb0d1b08241e63654 c313135cd3f649f8b0a2a0ed8c949055 - - 02a142e46f5146a08f42729707b5a95e 02a142e46f5146a08f42729707b5a95e] Successfully bumped revision number for resource dd78817e-6acc-45a2-8a37-bbf3c69d286d (type: ports) to 2
2026-05-29 23:07:39.400 10 INFO neutron.wsgi [None req-e98fdf25-1ea6-4394-97f1-40a0e834ed22 6a50422223ed4b9ca3b2ce43192c37d5 a8cec7abc0cf433ebaa538af7a4fd6b0 - - default default] 10.0.0.181 "GET /v2.0/security-groups?tenant_id=5923ca3026b44b38956928c02fcbbde0&name=default HTTP/1.1" status: 200 len: 3000 time: 0.9869630 /var/lib/openstack/lib/python3.10/site-packages/pycadf/identifier.py:71: UserWarning: Invalid uuid: neutron. To ensure interoperability, identifiers should be a valid uuid. warnings.warn(('Invalid uuid: %s. To ensure interoperability, '
2026-05-29 23:07:39.442 10 INFO neutron.wsgi [None req-f50a7a55-1428-44c4-9879-fa2a369ecda5 f8aea979df294238b298aa1a469b3159 4f9304e3d2874747a8c0b6e137a6424b - - default default] 10.0.0.181 "GET /v2.0/ports/f938ae86-511b-422e-b637-7dcbcac93d8b HTTP/1.1" status: 200 len: 1020 time: 0.0998423
2026-05-29 23:07:39.530 10 INFO neutron.wsgi [None req-caac7929-3917-494f-b3c4-237224872829 f8aea979df294238b298aa1a469b3159 4f9304e3d2874747a8c0b6e137a6424b - - default default] 10.0.0.181 "DELETE /v2.0/trunks/d3b92a8b-727d-4b63-892f-08107e71656a HTTP/1.1" status: 204 len: 168 time: 0.0836279
2026-05-29 23:07:39.554 10 INFO neutron.wsgi [None req-90feb71b-b458-4022-8655-2158c5b2039f f8aea979df294238b298aa1a469b3159 4f9304e3d2874747a8c0b6e137a6424b - - default default] 10.0.0.181 "GET /v2.0/trunks/03de6b2f-064b-4155-ab40-2ff00e171f68 HTTP/1.1" status: 200 len: 610 time: 0.0192161
2026-05-29 23:07:39.652 10 INFO neutron.wsgi [None req-39e7c6ce-175d-47c2-9144-4badafa947b1 f8aea979df294238b298aa1a469b3159 4f9304e3d2874747a8c0b6e137a6424b - - default default] 10.0.0.181 "GET /v2.0/ports/3592dd19-a48a-44a7-beb8-4169fb3d3a0f HTTP/1.1" status: 200 len: 1020 time: 0.0941756
2026-05-29 23:07:39.700 9 INFO neutron.db.ovn_revision_numbers_db [req-bf84f0e7-3cc0-440e-a537-bd9ff6e7caf8 req-04bb2322-6655-4b58-b5ec-febdfac0716d 1b837833910a4dcfb0d1b08241e63654 c313135cd3f649f8b0a2a0ed8c949055 - - 02a142e46f5146a08f42729707b5a95e 02a142e46f5146a08f42729707b5a95e] Successfully bumped revision number for resource dd78817e-6acc-45a2-8a37-bbf3c69d286d (type: ports) to 2
2026-05-29 23:07:39.723 9 INFO neutron.wsgi [req-bf84f0e7-3cc0-440e-a537-bd9ff6e7caf8 req-04bb2322-6655-4b58-b5ec-febdfac0716d 1b837833910a4dcfb0d1b08241e63654 c313135cd3f649f8b0a2a0ed8c949055 - - 02a142e46f5146a08f42729707b5a95e 02a142e46f5146a08f42729707b5a95e] 199.204.45.30 "PUT /v2.0/ports/dd78817e-6acc-45a2-8a37-bbf3c69d286d HTTP/1.1" status: 200 len: 1380 time: 0.8809671
2026-05-29 23:07:39.744 9 INFO neutron.wsgi [None req-1d5b7bec-1d08-4f56-b187-e04b225529e9 6a50422223ed4b9ca3b2ce43192c37d5 a8cec7abc0cf433ebaa538af7a4fd6b0 - - default default] 10.0.0.181 "DELETE /v2.0/security-groups/612cb2d7-0994-4eb5-a593-6888790a1e86 HTTP/1.1" status: 204 len: 168 time: 0.3383000
2026-05-29 23:07:39.756 10 INFO neutron.wsgi [None req-4c2bed33-f0eb-4611-bd44-4848912e32c2 f8aea979df294238b298aa1a469b3159 4f9304e3d2874747a8c0b6e137a6424b - - default default] 10.0.0.181 "DELETE /v2.0/trunks/03de6b2f-064b-4155-ab40-2ff00e171f68 HTTP/1.1" status: 204 len: 168 time: 0.0993886
2026-05-29 23:07:39.765 9 INFO neutron.notifiers.nova [-] Nova event matching ['req-57b3335c-73be-4540-a686-5c6ac80463aa'] response: {'name': 'network-changed', 'server_uuid': '99706765-a996-43ed-bec5-5d5e9008dd8b', 'tag': 'dd78817e-6acc-45a2-8a37-bbf3c69d286d', 'status': 'completed', 'code': 200} /var/lib/openstack/lib/python3.10/site-packages/pycadf/identifier.py:71: UserWarning: Invalid uuid: neutron. To ensure interoperability, identifiers should be a valid uuid. warnings.warn(('Invalid uuid: %s. To ensure interoperability, '
2026-05-29 23:07:39.779 10 INFO neutron.wsgi [None req-cddfa9ef-cd4e-42d0-bc11-78501b020250 f8aea979df294238b298aa1a469b3159 4f9304e3d2874747a8c0b6e137a6424b - - default default] 10.0.0.181 "GET /v2.0/trunks/2453beb5-a909-451b-b504-201a1ad9967e HTTP/1.1" status: 200 len: 603 time: 0.0179822
2026-05-29 23:07:39.814 9 INFO neutron.wsgi [req-bf84f0e7-3cc0-440e-a537-bd9ff6e7caf8 req-2b43ee1e-1c21-4320-b914-2324d1e15d48 1b837833910a4dcfb0d1b08241e63654 c313135cd3f649f8b0a2a0ed8c949055 - - 02a142e46f5146a08f42729707b5a95e 02a142e46f5146a08f42729707b5a95e] 199.204.45.30 "GET /v2.0/ports?tenant_id=a8cec7abc0cf433ebaa538af7a4fd6b0&device_id=99706765-a996-43ed-bec5-5d5e9008dd8b HTTP/1.1" status: 200 len: 1411 time: 0.0518963
2026-05-29 23:07:39.844 9 INFO neutron.wsgi [req-bf84f0e7-3cc0-440e-a537-bd9ff6e7caf8 req-4f06aeba-a41f-47e4-8c2f-5d7b9d857b52 1b837833910a4dcfb0d1b08241e63654 c313135cd3f649f8b0a2a0ed8c949055 - - 02a142e46f5146a08f42729707b5a95e 02a142e46f5146a08f42729707b5a95e] 199.204.45.30 "GET /v2.0/floatingips?fixed_ip_address=172.24.3.91&port_id=dd78817e-6acc-45a2-8a37-bbf3c69d286d HTTP/1.1" status: 200 len: 217 time: 0.0235682
2026-05-29 23:07:39.880 10 INFO neutron.wsgi [None req-085f2b62-2412-4b4d-80a5-d5a0bd06ec25 f8aea979df294238b298aa1a469b3159 4f9304e3d2874747a8c0b6e137a6424b - - default default] 10.0.0.181 "GET /v2.0/ports/e906c699-b6cb-4ff0-8e91-584e5f495841 HTTP/1.1" status: 200 len: 1020 time: 0.0976477
2026-05-29 23:07:39.888 9 INFO neutron.wsgi [req-bf84f0e7-3cc0-440e-a537-bd9ff6e7caf8 req-f4561e79-04d2-4d7f-ada8-4810b8110e76 1b837833910a4dcfb0d1b08241e63654 c313135cd3f649f8b0a2a0ed8c949055 - - 02a142e46f5146a08f42729707b5a95e 02a142e46f5146a08f42729707b5a95e] 199.204.45.30 "GET /v2.0/subnets?id=f378bbb7-dce6-482f-971b-ed68b8973eaa HTTP/1.1" status: 200 len: 829 time: 0.0366940
2026-05-29 23:07:39.916 9 INFO neutron.wsgi [req-bf84f0e7-3cc0-440e-a537-bd9ff6e7caf8 req-b2a6ee54-4343-4bc9-a0bb-9c9a6a59cf39 1b837833910a4dcfb0d1b08241e63654 c313135cd3f649f8b0a2a0ed8c949055 - - 02a142e46f5146a08f42729707b5a95e 02a142e46f5146a08f42729707b5a95e] 199.204.45.30 "GET /v2.0/ports?network_id=50941c95-90ba-48d9-938b-a193c4b09b4e&device_owner=network%3Adhcp HTTP/1.1" status: 200 len: 210 time: 0.0208068
2026-05-29 23:07:39.974 10 INFO neutron.wsgi [None req-cc067ad5-886f-41d6-8120-0d9e33eb95fe f8aea979df294238b298aa1a469b3159 4f9304e3d2874747a8c0b6e137a6424b - - default default] 10.0.0.181 "DELETE /v2.0/trunks/2453beb5-a909-451b-b504-201a1ad9967e HTTP/1.1" status: 204 len: 168 time: 0.0897951
2026-05-29 23:07:40.003 10 INFO neutron.db.ovn_revision_numbers_db [None req-0786d069-0c85-449f-86ba-dc41490c3675 6a50422223ed4b9ca3b2ce43192c37d5 a8cec7abc0cf433ebaa538af7a4fd6b0 - - default default] Successfully bumped revision number for resource 600ae24c-c5b9-4ed6-b690-65ab1ef2694a (type: security_groups) to 1
2026-05-29 23:07:40.005 9 INFO neutron.wsgi [req-bf84f0e7-3cc0-440e-a537-bd9ff6e7caf8 req-1e6e3e38-5528-458c-b1ab-3ac461852f88 1b837833910a4dcfb0d1b08241e63654 c313135cd3f649f8b0a2a0ed8c949055 - - 02a142e46f5146a08f42729707b5a95e 02a142e46f5146a08f42729707b5a95e] 199.204.45.30 "GET /v2.0/networks/50941c95-90ba-48d9-938b-a193c4b09b4e?fields=segments HTTP/1.1" status: 200 len: 212 time: 0.0821321
2026-05-29 23:07:40.022 10 INFO neutron.db.ovn_revision_numbers_db [None req-0786d069-0c85-449f-86ba-dc41490c3675 6a50422223ed4b9ca3b2ce43192c37d5 a8cec7abc0cf433ebaa538af7a4fd6b0 - - default default] Successfully bumped revision number for resource 24314d1c-bdf8-430e-87b6-9cccd1f7848f (type: security_group_rules) to 0
2026-05-29 23:07:40.037 10 INFO neutron.db.ovn_revision_numbers_db [None req-0786d069-0c85-449f-86ba-dc41490c3675 6a50422223ed4b9ca3b2ce43192c37d5 a8cec7abc0cf433ebaa538af7a4fd6b0 - - default default] Successfully bumped revision number for resource 42eea5f7-9774-4444-80a2-763d0f7a63a9 (type: security_group_rules) to 0
2026-05-29 23:07:40.053 10 INFO neutron.db.ovn_revision_numbers_db [None req-0786d069-0c85-449f-86ba-dc41490c3675 6a50422223ed4b9ca3b2ce43192c37d5 a8cec7abc0cf433ebaa538af7a4fd6b0 - - default default] Successfully bumped revision number for resource 4c8a0fd2-fe25-4075-bae7-c5e89e05f88d (type: security_group_rules) to 0
2026-05-29 23:07:40.069 10 INFO neutron.db.ovn_revision_numbers_db [None req-0786d069-0c85-449f-86ba-dc41490c3675 6a50422223ed4b9ca3b2ce43192c37d5 a8cec7abc0cf433ebaa538af7a4fd6b0 - - default default] Successfully bumped revision number for resource b9eff609-9c65-492c-8254-b68fc2cd8c70 (type: security_group_rules) to 0
2026-05-29 23:07:40.094 9 INFO neutron.wsgi [req-bf84f0e7-3cc0-440e-a537-bd9ff6e7caf8 req-bc65dd48-f4eb-4e11-842f-a604649ce83c 1b837833910a4dcfb0d1b08241e63654 c313135cd3f649f8b0a2a0ed8c949055 - - 02a142e46f5146a08f42729707b5a95e 02a142e46f5146a08f42729707b5a95e] 199.204.45.30 "GET /v2.0/networks/50941c95-90ba-48d9-938b-a193c4b09b4e?fields=provider%3Aphysical_network&fields=provider%3Anetwork_type HTTP/1.1" status: 200 len: 277 time: 0.0792649
2026-05-29 23:07:40.100 10 INFO neutron.wsgi [None req-0786d069-0c85-449f-86ba-dc41490c3675 6a50422223ed4b9ca3b2ce43192c37d5 a8cec7abc0cf433ebaa538af7a4fd6b0 - - default default] 10.0.0.181 "GET /v2.0/security-groups?tenant_id=6b6fa7ec8a2a4eb98b4e73d216825c35&name=default HTTP/1.1" status: 200 len: 3000 time: 0.2624512
2026-05-29 23:07:40.212 9 INFO neutron.wsgi [req-a5c9635b-674a-4b6a-8a01-cc36a0dd9940 req-ceca2e32-0659-4b96-86ff-2ffd57f9da4c 1b837833910a4dcfb0d1b08241e63654 c313135cd3f649f8b0a2a0ed8c949055 - - 02a142e46f5146a08f42729707b5a95e 02a142e46f5146a08f42729707b5a95e] 199.204.45.30 "GET /v2.0/ports?tenant_id=a8cec7abc0cf433ebaa538af7a4fd6b0&device_id=99706765-a996-43ed-bec5-5d5e9008dd8b HTTP/1.1" status: 200 len: 1411 time: 0.0561655
2026-05-29 23:07:40.325 9 INFO neutron.wsgi [req-a5c9635b-674a-4b6a-8a01-cc36a0dd9940 req-cf927ec0-c473-4fa1-9c2c-9e3150bd5fa2 1b837833910a4dcfb0d1b08241e63654 c313135cd3f649f8b0a2a0ed8c949055 - - 02a142e46f5146a08f42729707b5a95e 02a142e46f5146a08f42729707b5a95e] 199.204.45.30 "GET /v2.0/networks?id=50941c95-90ba-48d9-938b-a193c4b09b4e HTTP/1.1" status: 200 len: 936 time: 0.1029789
2026-05-29 23:07:40.330 10 INFO neutron.wsgi [None req-d6589686-777f-4e95-905a-a12e01ec6058 6a50422223ed4b9ca3b2ce43192c37d5 a8cec7abc0cf433ebaa538af7a4fd6b0 - - default default] 10.0.0.181 "DELETE /v2.0/security-groups/600ae24c-c5b9-4ed6-b690-65ab1ef2694a HTTP/1.1" status: 204 len: 168 time: 0.2247097
2026-05-29 23:07:40.334 9 INFO neutron.wsgi [req-01990c86-ed6d-455d-903d-dc0c13476015 req-33c471e4-7d0a-41bb-886e-5fb21a121a1e 1b837833910a4dcfb0d1b08241e63654 c313135cd3f649f8b0a2a0ed8c949055 - - 02a142e46f5146a08f42729707b5a95e 02a142e46f5146a08f42729707b5a95e] 199.204.45.30 "GET /v2.0/ports?device_id=99706765-a996-43ed-bec5-5d5e9008dd8b HTTP/1.1" status: 200 len: 1411 time: 0.0628285
2026-05-29 23:07:40.343 9 INFO neutron.wsgi [None req-52218473-80fc-4bd1-a2b9-03541861a9a5 f8aea979df294238b298aa1a469b3159 4f9304e3d2874747a8c0b6e137a6424b - - default default] 10.0.0.181 "DELETE /v2.0/ports/15b0f2ca-5242-4f8e-906b-a5ec99de1d67 HTTP/1.1" status: 204 len: 168 time: 0.3639326
2026-05-29 23:07:40.363 9 INFO neutron.wsgi [req-a5c9635b-674a-4b6a-8a01-cc36a0dd9940 req-a9a462a2-02a7-479d-aca4-2e55f51259aa 1b837833910a4dcfb0d1b08241e63654 c313135cd3f649f8b0a2a0ed8c949055 - - 02a142e46f5146a08f42729707b5a95e 02a142e46f5146a08f42729707b5a95e] 199.204.45.30 "GET /v2.0/floatingips?fixed_ip_address=172.24.3.91&port_id=dd78817e-6acc-45a2-8a37-bbf3c69d286d HTTP/1.1" status: 200 len: 217 time: 0.0281837
2026-05-29 23:07:40.404 9 INFO neutron.wsgi [req-01990c86-ed6d-455d-903d-dc0c13476015 req-c1624623-2c9a-45fe-b016-46aba31efb76 1b837833910a4dcfb0d1b08241e63654 c313135cd3f649f8b0a2a0ed8c949055 - - 02a142e46f5146a08f42729707b5a95e 02a142e46f5146a08f42729707b5a95e] 199.204.45.30 "GET /v2.0/security-groups?id=dff89851-6d30-42ef-94e5-3d878fb270fd&fields=id&fields=name HTTP/1.1" status: 200 len: 294 time: 0.0600917
2026-05-29 23:07:40.407 9 INFO neutron.wsgi [req-a5c9635b-674a-4b6a-8a01-cc36a0dd9940 req-47f2e71c-3d6e-4d54-9b85-15eec0761c53 1b837833910a4dcfb0d1b08241e63654 c313135cd3f649f8b0a2a0ed8c949055 - - 02a142e46f5146a08f42729707b5a95e 02a142e46f5146a08f42729707b5a95e] 199.204.45.30 "GET /v2.0/subnets?id=f378bbb7-dce6-482f-971b-ed68b8973eaa HTTP/1.1" status: 200 len: 829 time: 0.0374722
2026-05-29 23:07:40.477 9 INFO neutron.wsgi [req-a5c9635b-674a-4b6a-8a01-cc36a0dd9940 req-07ecfb17-0286-46ed-a86f-e79b066791c5 1b837833910a4dcfb0d1b08241e63654 c313135cd3f649f8b0a2a0ed8c949055 - - 02a142e46f5146a08f42729707b5a95e 02a142e46f5146a08f42729707b5a95e] 199.204.45.30 "GET /v2.0/ports?network_id=50941c95-90ba-48d9-938b-a193c4b09b4e&device_owner=network%3Adhcp HTTP/1.1" status: 200 len: 210 time: 0.0414658
2026-05-29 23:07:40.522 9 INFO neutron.plugins.ml2.drivers.ovn.mech_driver.mech_driver [None req-8a4ad773-54c0-43c0-aa9b-a7b756d73871 - - - - - -] OVN reports status up for port: dd78817e-6acc-45a2-8a37-bbf3c69d286d
2026-05-29 23:07:40.545 9 INFO neutron.plugins.ml2.plugin [None req-8a4ad773-54c0-43c0-aa9b-a7b756d73871 - - - - - -] Attempt 1 to provision port dd78817e-6acc-45a2-8a37-bbf3c69d286d
2026-05-29 23:07:40.616 9 INFO neutron.wsgi [req-a5c9635b-674a-4b6a-8a01-cc36a0dd9940 req-ad1822f8-4994-4819-be13-afe0a9b0c0fc 1b837833910a4dcfb0d1b08241e63654 c313135cd3f649f8b0a2a0ed8c949055 - - 02a142e46f5146a08f42729707b5a95e 02a142e46f5146a08f42729707b5a95e] 199.204.45.30 "GET /v2.0/networks/50941c95-90ba-48d9-938b-a193c4b09b4e?fields=segments HTTP/1.1" status: 200 len: 212 time: 0.1284063
2026-05-29 23:07:40.621 10 INFO neutron.wsgi [None req-50e6b846-9e00-44ba-a776-40a123ef0e83 f8aea979df294238b298aa1a469b3159 4f9304e3d2874747a8c0b6e137a6424b - - default default] 10.0.0.181 "DELETE /v2.0/ports/1b9ae182-e153-4e2a-ba56-ba8d6a2c1429 HTTP/1.1" status: 204 len: 168 time: 0.2704871
2026-05-29 23:07:40.719 9 INFO neutron.wsgi [req-a5c9635b-674a-4b6a-8a01-cc36a0dd9940 req-353de835-2255-42c0-baf0-bf4f118d3f74 1b837833910a4dcfb0d1b08241e63654 c313135cd3f649f8b0a2a0ed8c949055 - - 02a142e46f5146a08f42729707b5a95e 02a142e46f5146a08f42729707b5a95e] 199.204.45.30 "GET /v2.0/networks/50941c95-90ba-48d9-938b-a193c4b09b4e?fields=provider%3Aphysical_network&fields=provider%3Anetwork_type HTTP/1.1" status: 200 len: 277 time: 0.0979767
2026-05-29 23:07:40.789 9 INFO neutron.db.ovn_revision_numbers_db [None req-4d556259-4a57-4ecc-b4cd-cae6565d85a8 6a50422223ed4b9ca3b2ce43192c37d5 a8cec7abc0cf433ebaa538af7a4fd6b0 - - default default] Successfully bumped revision number for resource 058fcd47-dca5-4f9d-bf28-2ae5466752b7 (type: security_groups) to 1
2026-05-29 23:07:40.804 9 INFO neutron.db.ovn_revision_numbers_db [None req-4d556259-4a57-4ecc-b4cd-cae6565d85a8 6a50422223ed4b9ca3b2ce43192c37d5 a8cec7abc0cf433ebaa538af7a4fd6b0 - - default default] Successfully bumped revision number for resource 196b42c0-a287-4b8b-baa5-b3e62f49af88 (type: security_group_rules) to 0
2026-05-29 23:07:40.822 9 INFO neutron.db.ovn_revision_numbers_db [None req-4d556259-4a57-4ecc-b4cd-cae6565d85a8 6a50422223ed4b9ca3b2ce43192c37d5 a8cec7abc0cf433ebaa538af7a4fd6b0 - - default default] Successfully bumped revision number for resource a49334b1-633e-4cca-aa33-b307268ffc76 (type: security_group_rules) to 0
2026-05-29 23:07:40.867 9 INFO neutron.db.ovn_revision_numbers_db [None req-4d556259-4a57-4ecc-b4cd-cae6565d85a8 6a50422223ed4b9ca3b2ce43192c37d5 a8cec7abc0cf433ebaa538af7a4fd6b0 - - default default] Successfully bumped revision number for resource be7ff0cd-fb3b-414d-91f5-eb16504ba71a (type: security_group_rules) to 0
2026-05-29 23:07:40.889 10 INFO neutron.wsgi [None req-140e787f-4dcd-4dab-a31f-cd9364f0a22b f8aea979df294238b298aa1a469b3159 4f9304e3d2874747a8c0b6e137a6424b - - default default] 10.0.0.181 "DELETE /v2.0/ports/f938ae86-511b-422e-b637-7dcbcac93d8b HTTP/1.1" status: 204 len: 168 time: 0.2603712
2026-05-29 23:07:40.894 9 INFO neutron.db.ovn_revision_numbers_db [None req-4d556259-4a57-4ecc-b4cd-cae6565d85a8 6a50422223ed4b9ca3b2ce43192c37d5 a8cec7abc0cf433ebaa538af7a4fd6b0 - - default default] Successfully bumped revision number for resource c518fec3-74b5-4739-9842-3cf9ff651d55 (type: security_group_rules) to 0
2026-05-29 23:07:40.961 9 INFO neutron.wsgi [None req-4d556259-4a57-4ecc-b4cd-cae6565d85a8 6a50422223ed4b9ca3b2ce43192c37d5 a8cec7abc0cf433ebaa538af7a4fd6b0 - - default default] 10.0.0.181 "GET /v2.0/security-groups?tenant_id=f90be29372464d99a4c81633e8fb9b54&name=default HTTP/1.1" status: 200 len: 3000 time: 0.4132638
2026-05-29 23:07:40.977 9 INFO neutron.wsgi [req-23f527ed-63c7-4aff-a5d1-256932db19f4 req-b2bee650-d2ec-4fb2-b23f-c1ab7eddc660 6a50422223ed4b9ca3b2ce43192c37d5 a8cec7abc0cf433ebaa538af7a4fd6b0 - - default default] 10.0.0.86 "GET /v2.0/ports?device_id=99706765-a996-43ed-bec5-5d5e9008dd8b HTTP/1.1" status: 200 len: 1413 time: 0.0714843
2026-05-29 23:07:41.033 9 INFO neutron.db.ovn_revision_numbers_db [None req-8a4ad773-54c0-43c0-aa9b-a7b756d73871 - - - - - -] Successfully bumped revision number for resource dd78817e-6acc-45a2-8a37-bbf3c69d286d (type: ports) to 4
