2026-05-29 22:31:19.213 10 INFO neutron.db.ovn_revision_numbers_db [None req-757c3bf2-bcc8-4258-a7e8-a685a5014ff7 6a50422223ed4b9ca3b2ce43192c37d5 a8cec7abc0cf433ebaa538af7a4fd6b0 - - default default] Successfully bumped revision number for resource d3687026-ebdc-4bbf-bc01-4f4d9ea460d4 (type: ports) to 2
2026-05-29 22:31:19.252 10 INFO neutron.db.ovn_revision_numbers_db [None req-757c3bf2-bcc8-4258-a7e8-a685a5014ff7 6a50422223ed4b9ca3b2ce43192c37d5 a8cec7abc0cf433ebaa538af7a4fd6b0 - - default default] Successfully bumped revision number for resource 4c8f5bd6-d787-4e3d-8066-0feaca75c21c (type: subnets) to 0
2026-05-29 22:31:19.292 10 INFO neutron.wsgi [None req-757c3bf2-bcc8-4258-a7e8-a685a5014ff7 6a50422223ed4b9ca3b2ce43192c37d5 a8cec7abc0cf433ebaa538af7a4fd6b0 - - default default] 199.204.45.30,10.0.0.85 "POST /v2.0/subnets HTTP/1.1" status: 201 len: 821 time: 0.8872619
2026-05-29 22:31:22.953 15 INFO neutron.plugins.ml2.drivers.ovn.mech_driver.ovsdb.extensions.qos [None req-47d3e1ab-481a-4a3d-a039-681a03dbdde7 - - - - - -] Starting OVNClientQosExtension
2026-05-29 22:31:22.971 15 INFO neutron.plugins.ml2.drivers.ovn.mech_driver.ovsdb.extensions.qos [None req-47d3e1ab-481a-4a3d-a039-681a03dbdde7 - - - - - -] Starting OVNClientQosExtension
2026-05-29 22:31:33.042 9 INFO neutron.wsgi [-] 10.0.0.85 "GET / HTTP/1.1" status: 200 len: 247 time: 0.0031140
2026-05-29 22:31:48.041 10 INFO neutron.wsgi [-] 10.0.0.85 "GET / HTTP/1.1" status: 200 len: 247 time: 0.0024056
2026-05-29 22:32:03.041 10 INFO neutron.wsgi [-] 10.0.0.85 "GET / HTTP/1.1" status: 200 len: 247 time: 0.0025663
2026-05-29 22:32:18.041 10 INFO neutron.wsgi [-] 10.0.0.85 "GET / HTTP/1.1" status: 200 len: 247 time: 0.0023291
2026-05-29 22:32:18.041 9 INFO neutron.wsgi [-] 10.0.0.85 "GET / HTTP/1.1" status: 200 len: 247 time: 0.0028570
2026-05-29 22:32:33.040 10 INFO neutron.wsgi [-] 10.0.0.85 "GET / HTTP/1.1" status: 200 len: 247 time: 0.0016541
2026-05-29 22:32:33.041 9 INFO neutron.wsgi [-] 10.0.0.85 "GET / HTTP/1.1" status: 200 len: 247 time: 0.0024400
2026-05-29 22:32:48.041 9 INFO neutron.wsgi [-] 10.0.0.85 "GET / HTTP/1.1" status: 200 len: 247 time: 0.0023417
2026-05-29 22:32:48.043 10 INFO neutron.wsgi [-] 10.0.0.85 "GET / HTTP/1.1" status: 200 len: 247 time: 0.0045602
2026-05-29 22:33:03.041 10 INFO neutron.wsgi [-] 10.0.0.85 "GET / HTTP/1.1" status: 200 len: 247 time: 0.0017347
2026-05-29 22:33:03.043 9 INFO neutron.wsgi [-] 10.0.0.85 "GET / HTTP/1.1" status: 200 len: 247 time: 0.0032823
2026-05-29 22:33:18.040 10 INFO neutron.wsgi [-] 10.0.0.85 "GET / HTTP/1.1" status: 200 len: 247 time: 0.0023501
2026-05-29 22:33:18.044 10 INFO neutron.wsgi [-] 10.0.0.85 "GET / HTTP/1.1" status: 200 len: 247 time: 0.0026882
2026-05-29 22:33:33.043 10 INFO neutron.wsgi [-] 10.0.0.85 "GET / HTTP/1.1" status: 200 len: 247 time: 0.0043628
2026-05-29 22:33:33.045 10 INFO neutron.wsgi [-] 10.0.0.85 "GET / HTTP/1.1" status: 200 len: 247 time: 0.0013170
2026-05-29 22:33:48.041 10 INFO neutron.wsgi [-] 10.0.0.85 "GET / HTTP/1.1" status: 200 len: 247 time: 0.0025949
2026-05-29 22:33:48.042 9 INFO neutron.wsgi [-] 10.0.0.85 "GET / HTTP/1.1" status: 200 len: 247 time: 0.0037510
2026-05-29 22:34:03.041 9 INFO neutron.wsgi [-] 10.0.0.85 "GET / HTTP/1.1" status: 200 len: 247 time: 0.0022099
2026-05-29 22:34:03.044 10 INFO neutron.wsgi [-] 10.0.0.85 "GET / HTTP/1.1" status: 200 len: 247 time: 0.0047905
2026-05-29 22:34:18.041 9 INFO neutron.wsgi [-] 10.0.0.85 "GET / HTTP/1.1" status: 200 len: 247 time: 0.0026963
2026-05-29 22:34:18.042 10 INFO neutron.wsgi [-] 10.0.0.85 "GET / HTTP/1.1" status: 200 len: 247 time: 0.0028572
2026-05-29 22:34:33.042 9 INFO neutron.wsgi [-] 10.0.0.85 "GET / HTTP/1.1" status: 200 len: 247 time: 0.0026233
2026-05-29 22:34:33.045 9 INFO neutron.wsgi [-] 10.0.0.85 "GET / HTTP/1.1" status: 200 len: 247 time: 0.0019250
2026-05-29 22:34:48.041 10 INFO neutron.wsgi [-] 10.0.0.85 "GET / HTTP/1.1" status: 200 len: 247 time: 0.0024047
2026-05-29 22:34:48.042 9 INFO neutron.wsgi [-] 10.0.0.85 "GET / HTTP/1.1" status: 200 len: 247 time: 0.0025632
2026-05-29 22:35:03.041 10 INFO neutron.wsgi [-] 10.0.0.85 "GET / HTTP/1.1" status: 200 len: 247 time: 0.0022981
2026-05-29 22:35:03.043 10 INFO neutron.wsgi [-] 10.0.0.85 "GET / HTTP/1.1" status: 200 len: 247 time: 0.0013382
2026-05-29 22:35:18.041 10 INFO neutron.wsgi [-] 10.0.0.85 "GET / HTTP/1.1" status: 200 len: 247 time: 0.0026288
2026-05-29 22:35:18.041 9 INFO neutron.wsgi [-] 10.0.0.85 "GET / HTTP/1.1" status: 200 len: 247 time: 0.0026996
2026-05-29 22:35:33.041 10 INFO neutron.wsgi [-] 10.0.0.85 "GET / HTTP/1.1" status: 200 len: 247 time: 0.0027685
2026-05-29 22:35:33.043 9 INFO neutron.wsgi [-] 10.0.0.85 "GET / HTTP/1.1" status: 200 len: 247 time: 0.0039089 /var/lib/openstack/lib/python3.10/site-packages/memcache.py:1303: SyntaxWarning: "is" with a literal. Did you mean "=="? if key is '': /var/lib/openstack/lib/python3.10/site-packages/memcache.py:1304: SyntaxWarning: "is" with a literal. Did you mean "=="? if key_extra_len is 0: /var/lib/openstack/lib/python3.10/site-packages/pycadf/identifier.py:71: UserWarning: Invalid uuid: unknown. To ensure interoperability, identifiers should be a valid uuid. warnings.warn(('Invalid uuid: %s. To ensure interoperability, '
2026-05-29 22:35:43.544 9 INFO neutron.pecan_wsgi.hooks.translation [None req-24461cb1-e327-4429-97c1-47544822dc21 6a50422223ed4b9ca3b2ce43192c37d5 a8cec7abc0cf433ebaa538af7a4fd6b0 - - default default] GET failed (client error): The resource could not be found.
2026-05-29 22:35:43.546 9 INFO neutron.wsgi [None req-24461cb1-e327-4429-97c1-47544822dc21 6a50422223ed4b9ca3b2ce43192c37d5 a8cec7abc0cf433ebaa538af7a4fd6b0 - - default default] 199.204.45.30,10.0.0.85 "GET /v2.0/networks/lb-mgmt-net HTTP/1.1" status: 404 len: 295 time: 0.6086290
2026-05-29 22:35:43.566 9 INFO neutron.wsgi [None req-d2af8ed2-d04c-4beb-a4e6-6e4465456469 6a50422223ed4b9ca3b2ce43192c37d5 a8cec7abc0cf433ebaa538af7a4fd6b0 - - default default] 199.204.45.30,10.0.0.85 "GET /v2.0/networks?name=lb-mgmt-net HTTP/1.1" status: 200 len: 189 time: 0.0152729
2026-05-29 22:35:43.694 9 WARNING oslo_policy.policy [None req-4ff676cf-d709-4860-b9cd-e3b102902eb7 6a50422223ed4b9ca3b2ce43192c37d5 a8cec7abc0cf433ebaa538af7a4fd6b0 - - default default] Policies ['get_subnets_tags'] reference a rule that is not defined.
2026-05-29 22:35:43.767 9 INFO neutron.db.segments_db [None req-4ff676cf-d709-4860-b9cd-e3b102902eb7 6a50422223ed4b9ca3b2ce43192c37d5 a8cec7abc0cf433ebaa538af7a4fd6b0 - - default default] Added segment 762031d6-0334-4f64-bd23-eabb57276766 of type geneve for network 50941c95-90ba-48d9-938b-a193c4b09b4e
2026-05-29 22:35:43.866 9 INFO neutron.plugins.ml2.drivers.ovn.mech_driver.ovsdb.extensions.qos [None req-4ff676cf-d709-4860-b9cd-e3b102902eb7 6a50422223ed4b9ca3b2ce43192c37d5 a8cec7abc0cf433ebaa538af7a4fd6b0 - - default default] Starting OVNClientQosExtension
2026-05-29 22:35:43.866 9 INFO neutron.plugins.ml2.drivers.ovn.mech_driver.ovsdb.extensions.placement [None req-4ff676cf-d709-4860-b9cd-e3b102902eb7 6a50422223ed4b9ca3b2ce43192c37d5 a8cec7abc0cf433ebaa538af7a4fd6b0 - - default default] Starting OVNClientPlacementExtension
2026-05-29 22:35:43.990 9 INFO neutron.db.ovn_revision_numbers_db [None req-4ff676cf-d709-4860-b9cd-e3b102902eb7 6a50422223ed4b9ca3b2ce43192c37d5 a8cec7abc0cf433ebaa538af7a4fd6b0 - - default default] Successfully bumped revision number for resource 50941c95-90ba-48d9-938b-a193c4b09b4e (type: networks) to 1
2026-05-29 22:35:44.230 9 WARNING neutron.scheduler.dhcp_agent_scheduler [None req-4ff676cf-d709-4860-b9cd-e3b102902eb7 6a50422223ed4b9ca3b2ce43192c37d5 a8cec7abc0cf433ebaa538af7a4fd6b0 - - default default] No more DHCP agents
2026-05-29 22:35:44.232 9 WARNING neutron.api.rpc.agentnotifiers.dhcp_rpc_agent_api [None req-4ff676cf-d709-4860-b9cd-e3b102902eb7 6a50422223ed4b9ca3b2ce43192c37d5 a8cec7abc0cf433ebaa538af7a4fd6b0 - - default default] Unable to schedule network 50941c95-90ba-48d9-938b-a193c4b09b4e: no agents available; will retry on subsequent port and subnet creation events.
2026-05-29 22:35:44.337 9 INFO neutron.db.ovn_revision_numbers_db [None req-4ff676cf-d709-4860-b9cd-e3b102902eb7 6a50422223ed4b9ca3b2ce43192c37d5 a8cec7abc0cf433ebaa538af7a4fd6b0 - - default default] Successfully bumped revision number for resource c545055b-c94a-48f0-a1b3-b478c1a75a20 (type: ports) to 1
2026-05-29 22:35:44.358 9 INFO neutron.wsgi [None req-4ff676cf-d709-4860-b9cd-e3b102902eb7 6a50422223ed4b9ca3b2ce43192c37d5 a8cec7abc0cf433ebaa538af7a4fd6b0 - - default default] 199.204.45.30,10.0.0.85 "POST /v2.0/networks HTTP/1.1" status: 201 len: 889 time: 0.7863121
2026-05-29 22:35:45.255 9 INFO neutron.pecan_wsgi.hooks.translation [None req-ceea5a78-9f15-4330-98e5-62fbbd186a8c 6a50422223ed4b9ca3b2ce43192c37d5 a8cec7abc0cf433ebaa538af7a4fd6b0 - - default default] GET failed (client error): The resource could not be found.
2026-05-29 22:35:45.257 9 INFO neutron.wsgi [None req-ceea5a78-9f15-4330-98e5-62fbbd186a8c 6a50422223ed4b9ca3b2ce43192c37d5 a8cec7abc0cf433ebaa538af7a4fd6b0 - - default default] 199.204.45.30,10.0.0.85 "GET /v2.0/networks/lb-mgmt-net HTTP/1.1" status: 404 len: 295 time: 0.0519946
2026-05-29 22:35:45.316 9 INFO neutron.wsgi [None req-72370454-0761-46b0-895d-8a5c6cc7c2a8 6a50422223ed4b9ca3b2ce43192c37d5 a8cec7abc0cf433ebaa538af7a4fd6b0 - - default default] 199.204.45.30,10.0.0.85 "GET /v2.0/networks?name=lb-mgmt-net HTTP/1.1" status: 200 len: 874 time: 0.0550787
2026-05-29 22:35:45.346 9 INFO neutron.pecan_wsgi.hooks.translation [None req-70f2bf14-0865-42fe-9fd2-043d5a714362 6a50422223ed4b9ca3b2ce43192c37d5 a8cec7abc0cf433ebaa538af7a4fd6b0 - - default default] GET failed (client error): The resource could not be found.
2026-05-29 22:35:45.347 9 INFO neutron.wsgi [None req-70f2bf14-0865-42fe-9fd2-043d5a714362 6a50422223ed4b9ca3b2ce43192c37d5 a8cec7abc0cf433ebaa538af7a4fd6b0 - - default default] 199.204.45.30,10.0.0.85 "GET /v2.0/subnets/lb-mgmt-subnet?network_id=50941c95-90ba-48d9-938b-a193c4b09b4e HTTP/1.1" status: 404 len: 296 time: 0.0209548
2026-05-29 22:35:45.367 9 INFO neutron.wsgi [None req-cdbfd0b1-2259-4087-85fe-8fe9427427f3 6a50422223ed4b9ca3b2ce43192c37d5 a8cec7abc0cf433ebaa538af7a4fd6b0 - - default default] 199.204.45.30,10.0.0.85 "GET /v2.0/subnets?name=lb-mgmt-subnet&network_id=50941c95-90ba-48d9-938b-a193c4b09b4e HTTP/1.1" status: 200 len: 188 time: 0.0154018
2026-05-29 22:35:45.524 9 WARNING neutron.scheduler.dhcp_agent_scheduler [None req-443a3b51-234c-4357-b016-f2a9bdc62b80 6a50422223ed4b9ca3b2ce43192c37d5 a8cec7abc0cf433ebaa538af7a4fd6b0 - - default default] No more DHCP agents
2026-05-29 22:35:45.526 9 WARNING neutron.api.rpc.agentnotifiers.dhcp_rpc_agent_api [None req-443a3b51-234c-4357-b016-f2a9bdc62b80 6a50422223ed4b9ca3b2ce43192c37d5 a8cec7abc0cf433ebaa538af7a4fd6b0 - - default default] Unable to schedule network 50941c95-90ba-48d9-938b-a193c4b09b4e: no agents available; will retry on subsequent port and subnet creation events.
2026-05-29 22:35:46.100 9 INFO neutron.db.ovn_revision_numbers_db [None req-443a3b51-234c-4357-b016-f2a9bdc62b80 6a50422223ed4b9ca3b2ce43192c37d5 a8cec7abc0cf433ebaa538af7a4fd6b0 - - default default] Successfully bumped revision number for resource c545055b-c94a-48f0-a1b3-b478c1a75a20 (type: ports) to 2
2026-05-29 22:35:46.139 9 INFO neutron.db.ovn_revision_numbers_db [None req-443a3b51-234c-4357-b016-f2a9bdc62b80 6a50422223ed4b9ca3b2ce43192c37d5 a8cec7abc0cf433ebaa538af7a4fd6b0 - - default default] Successfully bumped revision number for resource f378bbb7-dce6-482f-971b-ed68b8973eaa (type: subnets) to 0
2026-05-29 22:35:46.155 9 INFO neutron.wsgi [None req-443a3b51-234c-4357-b016-f2a9bdc62b80 6a50422223ed4b9ca3b2ce43192c37d5 a8cec7abc0cf433ebaa538af7a4fd6b0 - - default default] 199.204.45.30,10.0.0.85 "POST /v2.0/subnets HTTP/1.1" status: 201 len: 807 time: 0.7812939
2026-05-29 22:35:47.136 9 INFO neutron.api.v2.resource [None req-8e4f4980-5c72-4b40-a8e4-85a6b6b94416 6a50422223ed4b9ca3b2ce43192c37d5 a8cec7abc0cf433ebaa538af7a4fd6b0 - - default default] show failed (client error): The resource could not be found.
2026-05-29 22:35:47.137 9 INFO neutron.wsgi [None req-8e4f4980-5c72-4b40-a8e4-85a6b6b94416 6a50422223ed4b9ca3b2ce43192c37d5 a8cec7abc0cf433ebaa538af7a4fd6b0 - - default default] 199.204.45.30,10.0.0.85 "GET /v2.0/security-groups/lb-health-mgr-sec-grp HTTP/1.1" status: 404 len: 313 time: 0.0681074
2026-05-29 22:35:47.167 9 INFO neutron.wsgi [None req-77c5ca1b-95f0-4f4b-ab05-3dd03fac0e0d 6a50422223ed4b9ca3b2ce43192c37d5 a8cec7abc0cf433ebaa538af7a4fd6b0 - - default default] 199.204.45.30,10.0.0.85 "GET /v2.0/security-groups?name=lb-health-mgr-sec-grp HTTP/1.1" status: 200 len: 197 time: 0.0269778
2026-05-29 22:35:47.311 9 INFO neutron.db.ovn_revision_numbers_db [None req-ef64061d-1d50-4193-a5b0-f3cec1e7d342 6a50422223ed4b9ca3b2ce43192c37d5 a8cec7abc0cf433ebaa538af7a4fd6b0 - - default default] Successfully bumped revision number for resource 43073dcf-6344-4a87-8985-2db8aceb2d33 (type: security_groups) to 1
2026-05-29 22:35:47.336 9 INFO neutron.db.ovn_revision_numbers_db [None req-ef64061d-1d50-4193-a5b0-f3cec1e7d342 6a50422223ed4b9ca3b2ce43192c37d5 a8cec7abc0cf433ebaa538af7a4fd6b0 - - default default] Successfully bumped revision number for resource b47f3e16-ff48-4bc8-a843-abeb7b26151c (type: security_group_rules) to 0
2026-05-29 22:35:47.359 9 INFO neutron.db.ovn_revision_numbers_db [None req-ef64061d-1d50-4193-a5b0-f3cec1e7d342 6a50422223ed4b9ca3b2ce43192c37d5 a8cec7abc0cf433ebaa538af7a4fd6b0 - - default default] Successfully bumped revision number for resource ee179120-e5f0-419f-ad8e-cc328113e5cb (type: security_group_rules) to 0
2026-05-29 22:35:47.379 9 INFO neutron.wsgi [None req-ef64061d-1d50-4193-a5b0-f3cec1e7d342 6a50422223ed4b9ca3b2ce43192c37d5 a8cec7abc0cf433ebaa538af7a4fd6b0 - - default default] 199.204.45.30,10.0.0.85 "POST /v2.0/security-groups HTTP/1.1" status: 201 len: 1733 time: 0.2053897
2026-05-29 22:35:48.040 10 INFO neutron.wsgi [-] 10.0.0.85 "GET / HTTP/1.1" status: 200 len: 247 time: 0.0013874
2026-05-29 22:35:48.042 9 INFO neutron.wsgi [-] 10.0.0.85 "GET / HTTP/1.1" status: 200 len: 247 time: 0.0024483
2026-05-29 22:35:48.369 9 INFO neutron.wsgi [None req-7309d93a-8371-471a-91b6-25ad365f07af 6a50422223ed4b9ca3b2ce43192c37d5 a8cec7abc0cf433ebaa538af7a4fd6b0 - - default default] 199.204.45.30,10.0.0.85 "GET /v2.0/security-groups/43073dcf-6344-4a87-8985-2db8aceb2d33 HTTP/1.1" status: 200 len: 1728 time: 0.0730479
2026-05-29 22:35:48.416 9 INFO neutron.wsgi [None req-154952cd-2ece-467c-89ad-84bad0b6400d 6a50422223ed4b9ca3b2ce43192c37d5 a8cec7abc0cf433ebaa538af7a4fd6b0 - - default default] 199.204.45.30,10.0.0.85 "GET /v2.0/security-groups/43073dcf-6344-4a87-8985-2db8aceb2d33 HTTP/1.1" status: 200 len: 1728 time: 0.0394902
2026-05-29 22:35:48.455 9 INFO neutron.wsgi [None req-07e3f336-6396-4697-9cb4-1207692daaa7 6a50422223ed4b9ca3b2ce43192c37d5 a8cec7abc0cf433ebaa538af7a4fd6b0 - - default default] 199.204.45.30,10.0.0.85 "GET /v2.0/security-groups/43073dcf-6344-4a87-8985-2db8aceb2d33 HTTP/1.1" status: 200 len: 1728 time: 0.0326600
2026-05-29 22:35:48.567 9 INFO neutron.db.ovn_revision_numbers_db [None req-faa54f7f-96cc-43bc-9f58-c14c64877024 6a50422223ed4b9ca3b2ce43192c37d5 a8cec7abc0cf433ebaa538af7a4fd6b0 - - default default] Successfully bumped revision number for resource 53a16cd6-1ac9-40bf-a5a9-38dfdca81a1b (type: security_group_rules) to 0
2026-05-29 22:35:48.598 9 INFO neutron.wsgi [None req-faa54f7f-96cc-43bc-9f58-c14c64877024 6a50422223ed4b9ca3b2ce43192c37d5 a8cec7abc0cf433ebaa538af7a4fd6b0 - - default default] 199.204.45.30,10.0.0.85 "POST /v2.0/security-group-rules HTTP/1.1" status: 201 len: 749 time: 0.1383603
2026-05-29 22:35:49.460 9 INFO neutron.wsgi [None req-47c03b60-1a2f-43d0-995c-b4f2712e2526 6a50422223ed4b9ca3b2ce43192c37d5 a8cec7abc0cf433ebaa538af7a4fd6b0 - - default default] 199.204.45.30,10.0.0.85 "GET /v2.0/security-groups/43073dcf-6344-4a87-8985-2db8aceb2d33 HTTP/1.1" status: 200 len: 2310 time: 0.0653768
2026-05-29 22:35:49.498 9 INFO neutron.wsgi [None req-14a23321-a910-4ea0-bdaa-c5669f1d90a2 6a50422223ed4b9ca3b2ce43192c37d5 a8cec7abc0cf433ebaa538af7a4fd6b0 - - default default] 199.204.45.30,10.0.0.85 "GET /v2.0/security-groups/43073dcf-6344-4a87-8985-2db8aceb2d33 HTTP/1.1" status: 200 len: 2310 time: 0.0299411
2026-05-29 22:35:49.539 9 INFO neutron.wsgi [None req-79d8b810-eeb8-4648-80cb-98fa7d7a6805 6a50422223ed4b9ca3b2ce43192c37d5 a8cec7abc0cf433ebaa538af7a4fd6b0 - - default default] 199.204.45.30,10.0.0.85 "GET /v2.0/security-groups/43073dcf-6344-4a87-8985-2db8aceb2d33 HTTP/1.1" status: 200 len: 2310 time: 0.0338879
2026-05-29 22:35:49.670 9 INFO neutron.db.ovn_revision_numbers_db [None req-21126809-5b07-446e-a6de-0e651ce5625f 6a50422223ed4b9ca3b2ce43192c37d5 a8cec7abc0cf433ebaa538af7a4fd6b0 - - default default] Successfully bumped revision number for resource cbd40f1d-3425-4507-b151-0be3899ed13f (type: security_group_rules) to 0
2026-05-29 22:35:49.702 9 INFO neutron.wsgi [None req-21126809-5b07-446e-a6de-0e651ce5625f 6a50422223ed4b9ca3b2ce43192c37d5 a8cec7abc0cf433ebaa538af7a4fd6b0 - - default default] 199.204.45.30,10.0.0.85 "POST /v2.0/security-group-rules HTTP/1.1" status: 201 len: 751 time: 0.1560154
2026-05-29 22:35:50.535 9 INFO neutron.wsgi [None req-1b486ab0-c814-4c05-a4ba-d8a1dbc18758 6a50422223ed4b9ca3b2ce43192c37d5 a8cec7abc0cf433ebaa538af7a4fd6b0 - - default default] 199.204.45.30,10.0.0.85 "GET /v2.0/security-groups/43073dcf-6344-4a87-8985-2db8aceb2d33 HTTP/1.1" status: 200 len: 2894 time: 0.0711706
2026-05-29 22:35:50.570 9 INFO neutron.wsgi [None req-3b6c2a15-7cac-4416-acc6-4ca80975fa45 6a50422223ed4b9ca3b2ce43192c37d5 a8cec7abc0cf433ebaa538af7a4fd6b0 - - default default] 199.204.45.30,10.0.0.85 "GET /v2.0/security-groups/43073dcf-6344-4a87-8985-2db8aceb2d33 HTTP/1.1" status: 200 len: 2894 time: 0.0279150
2026-05-29 22:35:50.605 9 INFO neutron.wsgi [None req-4fe215a8-a1e2-47df-a576-1d55c0357ac9 6a50422223ed4b9ca3b2ce43192c37d5 a8cec7abc0cf433ebaa538af7a4fd6b0 - - default default] 199.204.45.30,10.0.0.85 "GET /v2.0/security-groups/43073dcf-6344-4a87-8985-2db8aceb2d33 HTTP/1.1" status: 200 len: 2894 time: 0.0283542
2026-05-29 22:35:50.725 9 INFO neutron.db.ovn_revision_numbers_db [None req-a9b49fb5-d192-4b94-8c81-119067e3f54e 6a50422223ed4b9ca3b2ce43192c37d5 a8cec7abc0cf433ebaa538af7a4fd6b0 - - default default] Successfully bumped revision number for resource 996194b4-bacb-4c9e-a2f8-cce2749ea6a2 (type: security_group_rules) to 0
2026-05-29 22:35:50.746 9 INFO neutron.wsgi [None req-a9b49fb5-d192-4b94-8c81-119067e3f54e 6a50422223ed4b9ca3b2ce43192c37d5 a8cec7abc0cf433ebaa538af7a4fd6b0 - - default default] 199.204.45.30,10.0.0.85 "POST /v2.0/security-group-rules HTTP/1.1" status: 201 len: 751 time: 0.1326697
2026-05-29 22:35:51.572 9 INFO neutron.wsgi [None req-ecc2ec2a-d466-45ce-af2a-7956f31a249f 6a50422223ed4b9ca3b2ce43192c37d5 a8cec7abc0cf433ebaa538af7a4fd6b0 - - default default] 199.204.45.30,10.0.0.85 "GET /v2.0/security-groups/43073dcf-6344-4a87-8985-2db8aceb2d33 HTTP/1.1" status: 200 len: 3478 time: 0.0609975
2026-05-29 22:35:51.608 9 INFO neutron.wsgi [None req-fa3eb26a-85fb-4f16-ade4-4fa3b20a92c7 6a50422223ed4b9ca3b2ce43192c37d5 a8cec7abc0cf433ebaa538af7a4fd6b0 - - default default] 199.204.45.30,10.0.0.85 "GET /v2.0/security-groups/43073dcf-6344-4a87-8985-2db8aceb2d33 HTTP/1.1" status: 200 len: 3478 time: 0.0292532
2026-05-29 22:35:51.641 9 INFO neutron.wsgi [None req-7a6e3edc-be7c-4179-b140-69d4656d03ad 6a50422223ed4b9ca3b2ce43192c37d5 a8cec7abc0cf433ebaa538af7a4fd6b0 - - default default] 199.204.45.30,10.0.0.85 "GET /v2.0/security-groups/43073dcf-6344-4a87-8985-2db8aceb2d33 HTTP/1.1" status: 200 len: 3478 time: 0.0245309
2026-05-29 22:35:51.756 9 INFO neutron.db.ovn_revision_numbers_db [None req-aa052f39-1135-49c1-9f26-5b3d57878a50 6a50422223ed4b9ca3b2ce43192c37d5 a8cec7abc0cf433ebaa538af7a4fd6b0 - - default default] Successfully bumped revision number for resource 2f774bc9-9eb9-4f89-8d95-03e1e8a9d316 (type: security_group_rules) to 0
2026-05-29 22:35:51.782 9 INFO neutron.wsgi [None req-aa052f39-1135-49c1-9f26-5b3d57878a50 6a50422223ed4b9ca3b2ce43192c37d5 a8cec7abc0cf433ebaa538af7a4fd6b0 - - default default] 199.204.45.30,10.0.0.85 "POST /v2.0/security-group-rules HTTP/1.1" status: 201 len: 751 time: 0.1328075
2026-05-29 22:35:52.629 9 INFO neutron.wsgi [None req-aa774c42-e272-4747-a183-e3a00347ed0c 6a50422223ed4b9ca3b2ce43192c37d5 a8cec7abc0cf433ebaa538af7a4fd6b0 - - default default] 199.204.45.30,10.0.0.85 "GET /v2.0/security-groups/43073dcf-6344-4a87-8985-2db8aceb2d33 HTTP/1.1" status: 200 len: 4062 time: 0.0522511
2026-05-29 22:35:52.656 9 INFO neutron.wsgi [None req-5bfd1118-9c8d-403f-930c-72ed7ed2111c 6a50422223ed4b9ca3b2ce43192c37d5 a8cec7abc0cf433ebaa538af7a4fd6b0 - - default default] 199.204.45.30,10.0.0.85 "GET /v2.0/security-groups/43073dcf-6344-4a87-8985-2db8aceb2d33 HTTP/1.1" status: 200 len: 4062 time: 0.0219703
2026-05-29 22:35:52.688 9 INFO neutron.wsgi [None req-f6226bed-3063-4fee-b4f4-6b84902000a8 6a50422223ed4b9ca3b2ce43192c37d5 a8cec7abc0cf433ebaa538af7a4fd6b0 - - default default] 199.204.45.30,10.0.0.85 "GET /v2.0/security-groups/43073dcf-6344-4a87-8985-2db8aceb2d33 HTTP/1.1" status: 200 len: 4062 time: 0.0281920
2026-05-29 22:35:52.793 9 INFO neutron.db.ovn_revision_numbers_db [None req-e7c0a685-da9c-48b6-9a99-db69bac54f3d 6a50422223ed4b9ca3b2ce43192c37d5 a8cec7abc0cf433ebaa538af7a4fd6b0 - - default default] Successfully bumped revision number for resource 60d5612e-0137-4aea-afc0-59dd7549bda2 (type: security_group_rules) to 0
2026-05-29 22:35:52.813 9 INFO neutron.wsgi [None req-e7c0a685-da9c-48b6-9a99-db69bac54f3d 6a50422223ed4b9ca3b2ce43192c37d5 a8cec7abc0cf433ebaa538af7a4fd6b0 - - default default] 199.204.45.30,10.0.0.85 "POST /v2.0/security-group-rules HTTP/1.1" status: 201 len: 751 time: 0.1213615
2026-05-29 22:35:53.870 9 INFO neutron.wsgi [None req-e50b7d23-5e67-4f27-8477-b13ef1511d44 6a50422223ed4b9ca3b2ce43192c37d5 a8cec7abc0cf433ebaa538af7a4fd6b0 - - default default] 199.204.45.30,10.0.0.85 "GET /v2.0/networks/50941c95-90ba-48d9-938b-a193c4b09b4e HTTP/1.1" status: 200 len: 909 time: 0.0912697
2026-05-29 22:35:53.892 9 INFO neutron.pecan_wsgi.hooks.translation [None req-52b3fc72-5602-4eae-98e0-a66cb1d68cbe 6a50422223ed4b9ca3b2ce43192c37d5 a8cec7abc0cf433ebaa538af7a4fd6b0 - - default default] GET failed (client error): The resource could not be found.
2026-05-29 22:35:53.893 9 INFO neutron.wsgi [None req-52b3fc72-5602-4eae-98e0-a66cb1d68cbe 6a50422223ed4b9ca3b2ce43192c37d5 a8cec7abc0cf433ebaa538af7a4fd6b0 - - default default] 199.204.45.30,10.0.0.85 "GET /v2.0/ports/octavia-health-manager-port-instance?network_id=50941c95-90ba-48d9-938b-a193c4b09b4e HTTP/1.1" status: 404 len: 314 time: 0.0148220
2026-05-29 22:35:53.922 9 INFO neutron.wsgi [None req-287da611-1dc1-4eb3-98a4-94d432e9768d 6a50422223ed4b9ca3b2ce43192c37d5 a8cec7abc0cf433ebaa538af7a4fd6b0 - - default default] 199.204.45.30,10.0.0.85 "GET /v2.0/ports?name=octavia-health-manager-port-instance&network_id=50941c95-90ba-48d9-938b-a193c4b09b4e HTTP/1.1" status: 200 len: 186 time: 0.0260322
2026-05-29 22:35:53.958 9 INFO neutron.wsgi [None req-b4dcf7e4-68fb-4377-8f05-2b184c758d86 6a50422223ed4b9ca3b2ce43192c37d5 a8cec7abc0cf433ebaa538af7a4fd6b0 - - default default] 199.204.45.30,10.0.0.85 "GET /v2.0/security-groups/43073dcf-6344-4a87-8985-2db8aceb2d33 HTTP/1.1" status: 200 len: 4646 time: 0.0305219
2026-05-29 22:35:54.257 9 WARNING neutron.scheduler.dhcp_agent_scheduler [None req-e0de40ae-9a4d-4eba-a2ba-26ab9b62bde1 6a50422223ed4b9ca3b2ce43192c37d5 a8cec7abc0cf433ebaa538af7a4fd6b0 - - default default] No more DHCP agents
2026-05-29 22:35:54.261 9 WARNING neutron.api.rpc.agentnotifiers.dhcp_rpc_agent_api [None req-e0de40ae-9a4d-4eba-a2ba-26ab9b62bde1 6a50422223ed4b9ca3b2ce43192c37d5 a8cec7abc0cf433ebaa538af7a4fd6b0 - - default default] Unable to schedule network 50941c95-90ba-48d9-938b-a193c4b09b4e: no agents available; will retry on subsequent port and subnet creation events.
2026-05-29 22:35:54.371 9 INFO neutron.db.ovn_revision_numbers_db [None req-e0de40ae-9a4d-4eba-a2ba-26ab9b62bde1 6a50422223ed4b9ca3b2ce43192c37d5 a8cec7abc0cf433ebaa538af7a4fd6b0 - - default default] Successfully bumped revision number for resource af2aacf6-5961-4d3f-ac51-1989ea64795b (type: ports) to 1
2026-05-29 22:35:54.391 9 INFO neutron.wsgi [None req-e0de40ae-9a4d-4eba-a2ba-26ab9b62bde1 6a50422223ed4b9ca3b2ce43192c37d5 a8cec7abc0cf433ebaa538af7a4fd6b0 - - default default] 199.204.45.30,10.0.0.85 "POST /v2.0/ports HTTP/1.1" status: 201 len: 1281 time: 0.4251380 /var/lib/openstack/lib/python3.10/site-packages/pycadf/identifier.py:71: UserWarning: Invalid uuid: unknown. To ensure interoperability, identifiers should be a valid uuid. warnings.warn(('Invalid uuid: %s. To ensure interoperability, '
2026-05-29 22:35:59.648 9 INFO neutron.pecan_wsgi.hooks.translation [None req-7b9f19b3-aa38-491d-b932-8196caed2265 6a50422223ed4b9ca3b2ce43192c37d5 a8cec7abc0cf433ebaa538af7a4fd6b0 - - default default] GET failed (client error): The resource could not be found.
2026-05-29 22:35:59.649 9 INFO neutron.wsgi [None req-7b9f19b3-aa38-491d-b932-8196caed2265 6a50422223ed4b9ca3b2ce43192c37d5 a8cec7abc0cf433ebaa538af7a4fd6b0 - - default default] 199.204.45.30,10.0.0.85 "GET /v2.0/ports/octavia-health-manager-port-instance HTTP/1.1" status: 404 len: 314 time: 0.0550508
2026-05-29 22:35:59.699 9 INFO neutron.wsgi [None req-5366f47c-3408-4dcb-9db5-0a1d5226e8f1 6a50422223ed4b9ca3b2ce43192c37d5 a8cec7abc0cf433ebaa538af7a4fd6b0 - - default default] 199.204.45.30,10.0.0.85 "GET /v2.0/ports?name=octavia-health-manager-port-instance HTTP/1.1" status: 200 len: 1279 time: 0.0456929
2026-05-29 22:36:00.108 9 INFO neutron.db.ovn_revision_numbers_db [None req-6de46fe0-77d3-495d-86b9-b1963b57cd27 6a50422223ed4b9ca3b2ce43192c37d5 a8cec7abc0cf433ebaa538af7a4fd6b0 - - default default] Successfully bumped revision number for resource af2aacf6-5961-4d3f-ac51-1989ea64795b (type: ports) to 1
2026-05-29 22:36:00.357 9 INFO neutron.db.ovn_revision_numbers_db [None req-6de46fe0-77d3-495d-86b9-b1963b57cd27 6a50422223ed4b9ca3b2ce43192c37d5 a8cec7abc0cf433ebaa538af7a4fd6b0 - - default default] Successfully bumped revision number for resource af2aacf6-5961-4d3f-ac51-1989ea64795b (type: ports) to 2
2026-05-29 22:36:00.377 9 INFO neutron.wsgi [None req-6de46fe0-77d3-495d-86b9-b1963b57cd27 6a50422223ed4b9ca3b2ce43192c37d5 a8cec7abc0cf433ebaa538af7a4fd6b0 - - default default] 199.204.45.30,10.0.0.85 "PUT /v2.0/ports/af2aacf6-5961-4d3f-ac51-1989ea64795b HTTP/1.1" status: 200 len: 1366 time: 0.6686802 /var/lib/openstack/lib/python3.10/site-packages/pycadf/identifier.py:71: UserWarning: Invalid uuid: unknown. To ensure interoperability, identifiers should be a valid uuid. warnings.warn(('Invalid uuid: %s. To ensure interoperability, '
2026-05-29 22:36:01.814 9 INFO neutron.wsgi [None req-d618b322-53b0-4c5f-b351-20abad4b9f51 6a50422223ed4b9ca3b2ce43192c37d5 a8cec7abc0cf433ebaa538af7a4fd6b0 - - default default] 199.204.45.30,10.0.0.85 "GET /v2.0/ports HTTP/1.1" status: 200 len: 3511 time: 0.1091573
2026-05-29 22:36:02.808 9 INFO neutron.api.v2.resource [None req-2b7fa6f9-a494-4e47-ad47-bf2d9f9a1b6b 6a50422223ed4b9ca3b2ce43192c37d5 a8cec7abc0cf433ebaa538af7a4fd6b0 - - default default] show failed (client error): The resource could not be found.
2026-05-29 22:36:02.809 9 INFO neutron.wsgi [None req-2b7fa6f9-a494-4e47-ad47-bf2d9f9a1b6b 6a50422223ed4b9ca3b2ce43192c37d5 a8cec7abc0cf433ebaa538af7a4fd6b0 - - default default] 199.204.45.30,10.0.0.85 "GET /v2.0/security-groups/lb-mgmt-sec-grp HTTP/1.1" status: 404 len: 307 time: 0.0502532
2026-05-29 22:36:02.836 9 INFO neutron.wsgi [None req-59812d3a-56f2-454d-9ae7-870651cd8ded 6a50422223ed4b9ca3b2ce43192c37d5 a8cec7abc0cf433ebaa538af7a4fd6b0 - - default default] 199.204.45.30,10.0.0.85 "GET /v2.0/security-groups?name=lb-mgmt-sec-grp HTTP/1.1" status: 200 len: 197 time: 0.0209482
2026-05-29 22:36:02.950 9 INFO neutron.db.ovn_revision_numbers_db [None req-62eeed55-a1ef-4c77-95fe-479b114f1617 6a50422223ed4b9ca3b2ce43192c37d5 a8cec7abc0cf433ebaa538af7a4fd6b0 - - default default] Successfully bumped revision number for resource dff89851-6d30-42ef-94e5-3d878fb270fd (type: security_groups) to 1
2026-05-29 22:36:02.962 9 INFO neutron.db.ovn_revision_numbers_db [None req-62eeed55-a1ef-4c77-95fe-479b114f1617 6a50422223ed4b9ca3b2ce43192c37d5 a8cec7abc0cf433ebaa538af7a4fd6b0 - - default default] Successfully bumped revision number for resource 0fd5a190-1ba3-4bbf-af46-cf38004450c7 (type: security_group_rules) to 0
2026-05-29 22:36:02.975 9 INFO neutron.db.ovn_revision_numbers_db [None req-62eeed55-a1ef-4c77-95fe-479b114f1617 6a50422223ed4b9ca3b2ce43192c37d5 a8cec7abc0cf433ebaa538af7a4fd6b0 - - default default] Successfully bumped revision number for resource 40fa3fcf-5c21-4acd-ac3c-a0683e532a47 (type: security_group_rules) to 0
2026-05-29 22:36:02.992 9 INFO neutron.wsgi [None req-62eeed55-a1ef-4c77-95fe-479b114f1617 6a50422223ed4b9ca3b2ce43192c37d5 a8cec7abc0cf433ebaa538af7a4fd6b0 - - default default] 199.204.45.30,10.0.0.85 "POST /v2.0/security-groups HTTP/1.1" status: 201 len: 1727 time: 0.1493032
2026-05-29 22:36:03.041 10 INFO neutron.wsgi [-] 10.0.0.85 "GET / HTTP/1.1" status: 200 len: 247 time: 0.0024445
2026-05-29 22:36:03.042 9 INFO neutron.wsgi [-] 10.0.0.85 "GET / HTTP/1.1" status: 200 len: 247 time: 0.0033805
2026-05-29 22:36:03.905 9 INFO neutron.wsgi [None req-1a033cf9-f1a9-4284-9976-8ff7d37a74fb 6a50422223ed4b9ca3b2ce43192c37d5 a8cec7abc0cf433ebaa538af7a4fd6b0 - - default default] 199.204.45.30,10.0.0.85 "GET /v2.0/security-groups/dff89851-6d30-42ef-94e5-3d878fb270fd HTTP/1.1" status: 200 len: 1722 time: 0.0621815
2026-05-29 22:36:03.945 9 INFO neutron.wsgi [None req-c4b12cdd-175d-45ad-aee6-337c5d31d215 6a50422223ed4b9ca3b2ce43192c37d5 a8cec7abc0cf433ebaa538af7a4fd6b0 - - default default] 199.204.45.30,10.0.0.85 "GET /v2.0/security-groups/dff89851-6d30-42ef-94e5-3d878fb270fd HTTP/1.1" status: 200 len: 1722 time: 0.0326843
2026-05-29 22:36:03.978 9 INFO neutron.wsgi [None req-fa58f690-52ee-4845-b50a-4057005df523 6a50422223ed4b9ca3b2ce43192c37d5 a8cec7abc0cf433ebaa538af7a4fd6b0 - - default default] 199.204.45.30,10.0.0.85 "GET /v2.0/security-groups/dff89851-6d30-42ef-94e5-3d878fb270fd HTTP/1.1" status: 200 len: 1722 time: 0.0250249
2026-05-29 22:36:04.095 9 INFO neutron.db.ovn_revision_numbers_db [None req-d3163545-f34e-4396-a516-9d0921d83b5a 6a50422223ed4b9ca3b2ce43192c37d5 a8cec7abc0cf433ebaa538af7a4fd6b0 - - default default] Successfully bumped revision number for resource 71ab2b3f-d30d-4186-8601-dbe4ff42f5c0 (type: security_group_rules) to 0
2026-05-29 22:36:04.116 9 INFO neutron.wsgi [None req-d3163545-f34e-4396-a516-9d0921d83b5a 6a50422223ed4b9ca3b2ce43192c37d5 a8cec7abc0cf433ebaa538af7a4fd6b0 - - default default] 199.204.45.30,10.0.0.85 "POST /v2.0/security-group-rules HTTP/1.1" status: 201 len: 771 time: 0.1307063
2026-05-29 22:36:04.992 9 INFO neutron.wsgi [None req-ed3628b9-8442-4ee6-b331-467b78f81a90 6a50422223ed4b9ca3b2ce43192c37d5 a8cec7abc0cf433ebaa538af7a4fd6b0 - - default default] 199.204.45.30,10.0.0.85 "GET /v2.0/security-groups/dff89851-6d30-42ef-94e5-3d878fb270fd HTTP/1.1" status: 200 len: 2326 time: 0.0655391
2026-05-29 22:36:05.033 9 INFO neutron.wsgi [None req-45c7bbd6-27ff-4c2f-b9b5-38a7ad14c15f 6a50422223ed4b9ca3b2ce43192c37d5 a8cec7abc0cf433ebaa538af7a4fd6b0 - - default default] 199.204.45.30,10.0.0.85 "GET /v2.0/security-groups/dff89851-6d30-42ef-94e5-3d878fb270fd HTTP/1.1" status: 200 len: 2326 time: 0.0336523
2026-05-29 22:36:05.072 9 INFO neutron.wsgi [None req-d02d8b06-aa3c-4bcc-adbc-da6fa15418a7 6a50422223ed4b9ca3b2ce43192c37d5 a8cec7abc0cf433ebaa538af7a4fd6b0 - - default default] 199.204.45.30,10.0.0.85 "GET /v2.0/security-groups/dff89851-6d30-42ef-94e5-3d878fb270fd HTTP/1.1" status: 200 len: 2326 time: 0.0324872
2026-05-29 22:36:05.210 9 INFO neutron.db.ovn_revision_numbers_db [None req-ba647640-b412-4e75-ab8f-bd6fad4c0368 6a50422223ed4b9ca3b2ce43192c37d5 a8cec7abc0cf433ebaa538af7a4fd6b0 - - default default] Successfully bumped revision number for resource 25749029-693e-41ac-9150-b311036cbf4e (type: security_group_rules) to 0
2026-05-29 22:36:05.231 9 INFO neutron.wsgi [None req-ba647640-b412-4e75-ab8f-bd6fad4c0368 6a50422223ed4b9ca3b2ce43192c37d5 a8cec7abc0cf433ebaa538af7a4fd6b0 - - default default] 199.204.45.30,10.0.0.85 "POST /v2.0/security-group-rules HTTP/1.1" status: 201 len: 775 time: 0.1506667
2026-05-29 22:36:12.796 15 INFO neutron.db.ovn_revision_numbers_db [None req-4ff9d0c4-7ba9-4840-8a73-4d125521f709 - - - - - -] Successfully bumped revision number for resource a4cff1e2-4940-4526-b541-1829ac593a88 (type: networks) to 2
2026-05-29 22:36:12.797 15 INFO neutron.plugins.ml2.drivers.ovn.mech_driver.ovsdb.maintenance [None req-4ff9d0c4-7ba9-4840-8a73-4d125521f709 - - - - - -] Maintenance task: Synchronization finished (took 0.13 seconds)
2026-05-29 22:36:18.041 9 INFO neutron.wsgi [-] 10.0.0.85 "GET / HTTP/1.1" status: 200 len: 247 time: 0.0022719
2026-05-29 22:36:18.041 10 INFO neutron.wsgi [-] 10.0.0.85 "GET / HTTP/1.1" status: 200 len: 247 time: 0.0024579
2026-05-29 22:36:33.041 9 INFO neutron.wsgi [-] 10.0.0.85 "GET / HTTP/1.1" status: 200 len: 247 time: 0.0022244
2026-05-29 22:36:33.041 10 INFO neutron.wsgi [-] 10.0.0.85 "GET / HTTP/1.1" status: 200 len: 247 time: 0.0024352
2026-05-29 22:36:48.041 9 INFO neutron.wsgi [-] 10.0.0.85 "GET / HTTP/1.1" status: 200 len: 247 time: 0.0016463
2026-05-29 22:36:48.041 10 INFO neutron.wsgi [-] 10.0.0.85 "GET / HTTP/1.1" status: 200 len: 247 time: 0.0023980
2026-05-29 22:37:03.042 10 INFO neutron.wsgi [-] 10.0.0.85 "GET / HTTP/1.1" status: 200 len: 247 time: 0.0034294
2026-05-29 22:37:03.042 9 INFO neutron.wsgi [-] 10.0.0.85 "GET / HTTP/1.1" status: 200 len: 247 time: 0.0037184
2026-05-29 22:37:08.551 10 INFO neutron.wsgi [None req-0d363b27-3deb-47a3-90cb-1c599e2703a1 6a50422223ed4b9ca3b2ce43192c37d5 a8cec7abc0cf433ebaa538af7a4fd6b0 - - default default] 199.204.45.30,10.0.0.85 "GET /v2.0/quotas/a8cec7abc0cf433ebaa538af7a4fd6b0 HTTP/1.1" status: 200 len: 362 time: 0.0119522 /var/lib/openstack/lib/python3.10/site-packages/neutron/extensions/quotasv2.py:139: UserWarning: Neutron quota engine will require "--force" parameter to set a quota limit without checking the resource usage. warnings.warn('Neutron quota engine will require "--force" '
2026-05-29 22:37:08.946 10 INFO neutron.wsgi [None req-c2d7f85c-e378-495e-9ce1-8a56f658ea31 6a50422223ed4b9ca3b2ce43192c37d5 a8cec7abc0cf433ebaa538af7a4fd6b0 - - default default] 199.204.45.30,10.0.0.85 "PUT /v2.0/quotas/a8cec7abc0cf433ebaa538af7a4fd6b0 HTTP/1.1" status: 200 len: 361 time: 0.0279806
2026-05-29 22:37:18.039 10 INFO neutron.wsgi [-] 10.0.0.85 "GET / HTTP/1.1" status: 200 len: 247 time: 0.0014627
2026-05-29 22:37:18.040 9 INFO neutron.wsgi [-] 10.0.0.85 "GET / HTTP/1.1" status: 200 len: 247 time: 0.0017171
2026-05-29 22:37:33.041 9 INFO neutron.wsgi [-] 10.0.0.85 "GET / HTTP/1.1" status: 200 len: 247 time: 0.0025818
2026-05-29 22:37:33.042 10 INFO neutron.wsgi [-] 10.0.0.85 "GET / HTTP/1.1" status: 200 len: 247 time: 0.0037632
2026-05-29 22:37:48.040 10 INFO neutron.wsgi [-] 10.0.0.85 "GET / HTTP/1.1" status: 200 len: 247 time: 0.0019817
2026-05-29 22:37:48.040 9 INFO neutron.wsgi [-] 10.0.0.85 "GET / HTTP/1.1" status: 200 len: 247 time: 0.0021787
2026-05-29 22:38:03.039 10 INFO neutron.wsgi [-] 10.0.0.85 "GET / HTTP/1.1" status: 200 len: 247 time: 0.0012686
2026-05-29 22:38:03.041 9 INFO neutron.wsgi [-] 10.0.0.85 "GET / HTTP/1.1" status: 200 len: 247 time: 0.0027764
2026-05-29 22:38:18.041 10 INFO neutron.wsgi [-] 10.0.0.85 "GET / HTTP/1.1" status: 200 len: 247 time: 0.0016291
2026-05-29 22:38:18.042 10 INFO neutron.wsgi [-] 10.0.0.85 "GET / HTTP/1.1" status: 200 len: 247 time: 0.0010171
2026-05-29 22:38:33.042 10 INFO neutron.wsgi [-] 10.0.0.85 "GET / HTTP/1.1" status: 200 len: 247 time: 0.0028841
2026-05-29 22:38:33.044 9 INFO neutron.wsgi [-] 10.0.0.85 "GET / HTTP/1.1" status: 200 len: 247 time: 0.0049393
2026-05-29 22:38:48.041 10 INFO neutron.wsgi [-] 10.0.0.85 "GET / HTTP/1.1" status: 200 len: 247 time: 0.0026507
2026-05-29 22:38:48.042 9 INFO neutron.wsgi [-] 10.0.0.85 "GET / HTTP/1.1" status: 200 len: 247 time: 0.0033882
2026-05-29 22:39:03.041 10 INFO neutron.wsgi [-] 10.0.0.85 "GET / HTTP/1.1" status: 200 len: 247 time: 0.0022209
2026-05-29 22:39:03.044 10 INFO neutron.wsgi [-] 10.0.0.85 "GET / HTTP/1.1" status: 200 len: 247 time: 0.0019898 /var/lib/openstack/lib/python3.10/site-packages/pycadf/identifier.py:71: UserWarning: Invalid uuid: neutron. To ensure interoperability, identifiers should be a valid uuid. warnings.warn(('Invalid uuid: %s. To ensure interoperability, '
2026-05-29 22:39:17.792 10 INFO neutron.pecan_wsgi.hooks.translation [None req-25fbe893-c37c-4d17-9533-041c54e301a9 6a50422223ed4b9ca3b2ce43192c37d5 a8cec7abc0cf433ebaa538af7a4fd6b0 - - default default] GET failed (client error): The resource could not be found.
2026-05-29 22:39:17.795 10 INFO neutron.wsgi [None req-25fbe893-c37c-4d17-9533-041c54e301a9 6a50422223ed4b9ca3b2ce43192c37d5 a8cec7abc0cf433ebaa538af7a4fd6b0 - - default default] 199.204.45.30 "GET /v2.0/ports/octavia-health-manager-port-instance HTTP/1.1" status: 404 len: 338 time: 0.2706356
2026-05-29 22:39:17.878 10 INFO neutron.wsgi [None req-727e457e-fa6a-4b4b-aea5-20096ecd7e1b 6a50422223ed4b9ca3b2ce43192c37d5 a8cec7abc0cf433ebaa538af7a4fd6b0 - - default default] 199.204.45.30 "GET /v2.0/ports?name=octavia-health-manager-port-instance HTTP/1.1" status: 200 len: 1421 time: 0.0770502
2026-05-29 22:39:18.041 9 INFO neutron.wsgi [-] 10.0.0.85 "GET / HTTP/1.1" status: 200 len: 247 time: 0.0020368
2026-05-29 22:39:18.041 10 INFO neutron.wsgi [-] 10.0.0.85 "GET / HTTP/1.1" status: 200 len: 247 time: 0.0018394
2026-05-29 22:39:19.643 10 INFO neutron.pecan_wsgi.hooks.translation [None req-a4358000-0c28-4f0a-ae17-a752df687c37 6a50422223ed4b9ca3b2ce43192c37d5 a8cec7abc0cf433ebaa538af7a4fd6b0 - - default default] GET failed (client error): The resource could not be found.
2026-05-29 22:39:19.645 10 INFO neutron.wsgi [None req-a4358000-0c28-4f0a-ae17-a752df687c37 6a50422223ed4b9ca3b2ce43192c37d5 a8cec7abc0cf433ebaa538af7a4fd6b0 - - default default] 199.204.45.30 "GET /v2.0/ports/octavia-health-manager-port-instance HTTP/1.1" status: 404 len: 338 time: 0.0821574
2026-05-29 22:39:19.689 10 INFO neutron.wsgi [None req-93b78951-6d5c-4705-a9e1-31123b0cdd11 6a50422223ed4b9ca3b2ce43192c37d5 a8cec7abc0cf433ebaa538af7a4fd6b0 - - default default] 199.204.45.30 "GET /v2.0/ports?name=octavia-health-manager-port-instance HTTP/1.1" status: 200 len: 1421 time: 0.0398750
2026-05-29 22:39:20.625 9 INFO neutron.plugins.ml2.drivers.ovn.mech_driver.mech_driver [-] OVN reports status up for port: af2aacf6-5961-4d3f-ac51-1989ea64795b
2026-05-29 22:39:20.641 9 INFO neutron.plugins.ml2.plugin [None req-8a4ad773-54c0-43c0-aa9b-a7b756d73871 - - - - - -] Attempt 1 to provision port af2aacf6-5961-4d3f-ac51-1989ea64795b
2026-05-29 22:39:20.993 9 INFO neutron.db.ovn_revision_numbers_db [None req-8a4ad773-54c0-43c0-aa9b-a7b756d73871 - - - - - -] Successfully bumped revision number for resource af2aacf6-5961-4d3f-ac51-1989ea64795b (type: ports) to 4
2026-05-29 22:39:33.041 10 INFO neutron.wsgi [-] 10.0.0.85 "GET / HTTP/1.1" status: 200 len: 247 time: 0.0023510
2026-05-29 22:39:33.042 9 INFO neutron.wsgi [-] 10.0.0.85 "GET / HTTP/1.1" status: 200 len: 247 time: 0.0024562
2026-05-29 22:39:48.041 9 INFO neutron.wsgi [-] 10.0.0.85 "GET / HTTP/1.1" status: 200 len: 247 time: 0.0024650
2026-05-29 22:39:48.043 9 INFO neutron.wsgi [-] 10.0.0.85 "GET / HTTP/1.1" status: 200 len: 247 time: 0.0013754
2026-05-29 22:40:03.041 9 INFO neutron.wsgi [-] 10.0.0.85 "GET / HTTP/1.1" status: 200 len: 247 time: 0.0021310
2026-05-29 22:40:03.041 10 INFO neutron.wsgi [-] 10.0.0.85 "GET / HTTP/1.1" status: 200 len: 247 time: 0.0022156
2026-05-29 22:40:18.043 10 INFO neutron.wsgi [-] 10.0.0.85 "GET / HTTP/1.1" status: 200 len: 247 time: 0.0036232
2026-05-29 22:40:18.045 10 INFO neutron.wsgi [-] 10.0.0.85 "GET / HTTP/1.1" status: 200 len: 247 time: 0.0013828
2026-05-29 22:40:33.039 10 INFO neutron.wsgi [-] 10.0.0.85 "GET / HTTP/1.1" status: 200 len: 247 time: 0.0012956
2026-05-29 22:40:33.040 10 INFO neutron.wsgi [-] 10.0.0.85 "GET / HTTP/1.1" status: 200 len: 247 time: 0.0008936
2026-05-29 22:40:48.040 10 INFO neutron.wsgi [-] 10.0.0.85 "GET / HTTP/1.1" status: 200 len: 247 time: 0.0019925
2026-05-29 22:40:48.041 9 INFO neutron.wsgi [-] 10.0.0.85 "GET / HTTP/1.1" status: 200 len: 247 time: 0.0024376
2026-05-29 22:41:03.041 9 INFO neutron.wsgi [-] 10.0.0.85 "GET / HTTP/1.1" status: 200 len: 247 time: 0.0022800
2026-05-29 22:41:03.042 10 INFO neutron.wsgi [-] 10.0.0.85 "GET / HTTP/1.1" status: 200 len: 247 time: 0.0024717
2026-05-29 22:41:12.831 15 INFO neutron.db.ovn_revision_numbers_db [None req-4ff9d0c4-7ba9-4840-8a73-4d125521f709 - - - - - -] Successfully bumped revision number for resource 50941c95-90ba-48d9-938b-a193c4b09b4e (type: networks) to 2
2026-05-29 22:41:12.887 15 INFO neutron.db.ovn_revision_numbers_db [None req-4ff9d0c4-7ba9-4840-8a73-4d125521f709 - - - - - -] Successfully bumped revision number for resource 43073dcf-6344-4a87-8985-2db8aceb2d33 (type: security_groups) to 6
2026-05-29 22:41:12.948 15 INFO neutron.db.ovn_revision_numbers_db [None req-4ff9d0c4-7ba9-4840-8a73-4d125521f709 - - - - - -] Successfully bumped revision number for resource dff89851-6d30-42ef-94e5-3d878fb270fd (type: security_groups) to 3
2026-05-29 22:41:12.949 15 INFO neutron.plugins.ml2.drivers.ovn.mech_driver.ovsdb.maintenance [None req-4ff9d0c4-7ba9-4840-8a73-4d125521f709 - - - - - -] Maintenance task: Synchronization finished (took 0.25 seconds)
2026-05-29 22:41:18.040 9 INFO neutron.wsgi [-] 10.0.0.85 "GET / HTTP/1.1" status: 200 len: 247 time: 0.0015740
2026-05-29 22:41:18.040 10 INFO neutron.wsgi [-] 10.0.0.85 "GET / HTTP/1.1" status: 200 len: 247 time: 0.0014625
2026-05-29 22:41:33.041 9 INFO neutron.wsgi [-] 10.0.0.85 "GET / HTTP/1.1" status: 200 len: 247 time: 0.0025375
2026-05-29 22:41:33.042 10 INFO neutron.wsgi [-] 10.0.0.85 "GET / HTTP/1.1" status: 200 len: 247 time: 0.0032246
2026-05-29 22:41:48.040 10 INFO neutron.wsgi [-] 10.0.0.85 "GET / HTTP/1.1" status: 200 len: 247 time: 0.0017462
2026-05-29 22:41:48.040 9 INFO neutron.wsgi [-] 10.0.0.85 "GET / HTTP/1.1" status: 200 len: 247 time: 0.0021665
2026-05-29 22:42:03.041 10 INFO neutron.wsgi [-] 10.0.0.85 "GET / HTTP/1.1" status: 200 len: 247 time: 0.0026309
2026-05-29 22:42:03.041 9 INFO neutron.wsgi [-] 10.0.0.85 "GET / HTTP/1.1" status: 200 len: 247 time: 0.0022762
2026-05-29 22:42:18.041 10 INFO neutron.wsgi [-] 10.0.0.85 "GET / HTTP/1.1" status: 200 len: 247 time: 0.0022099
2026-05-29 22:42:18.042 9 INFO neutron.wsgi [-] 10.0.0.85 "GET / HTTP/1.1" status: 200 len: 247 time: 0.0028594
2026-05-29 22:42:33.041 10 INFO neutron.wsgi [-] 10.0.0.85 "GET / HTTP/1.1" status: 200 len: 247 time: 0.0026717
2026-05-29 22:42:33.041 9 INFO neutron.wsgi [-] 10.0.0.85 "GET / HTTP/1.1" status: 200 len: 247 time: 0.0025649
2026-05-29 22:42:48.041 9 INFO neutron.wsgi [-] 10.0.0.85 "GET / HTTP/1.1" status: 200 len: 247 time: 0.0025778
2026-05-29 22:42:48.042 10 INFO neutron.wsgi [-] 10.0.0.85 "GET / HTTP/1.1" status: 200 len: 247 time: 0.0027049
2026-05-29 22:43:03.043 10 INFO neutron.wsgi [-] 10.0.0.85 "GET / HTTP/1.1" status: 200 len: 247 time: 0.0044358
2026-05-29 22:43:03.046 10 INFO neutron.wsgi [-] 10.0.0.85 "GET / HTTP/1.1" status: 200 len: 247 time: 0.0016932
2026-05-29 22:43:18.041 10 INFO neutron.wsgi [-] 10.0.0.85 "GET / HTTP/1.1" status: 200 len: 247 time: 0.0025036
2026-05-29 22:43:18.041 9 INFO neutron.wsgi [-] 10.0.0.85 "GET / HTTP/1.1" status: 200 len: 247 time: 0.0026462
2026-05-29 22:43:33.039 10 INFO neutron.wsgi [-] 10.0.0.85 "GET / HTTP/1.1" status: 200 len: 247 time: 0.0013797
2026-05-29 22:43:33.044 9 INFO neutron.wsgi [-] 10.0.0.85 "GET / HTTP/1.1" status: 200 len: 247 time: 0.0051847
2026-05-29 22:43:48.042 10 INFO neutron.wsgi [-] 10.0.0.85 "GET / HTTP/1.1" status: 200 len: 247 time: 0.0029538
2026-05-29 22:43:48.046 9 INFO neutron.wsgi [-] 10.0.0.85 "GET / HTTP/1.1" status: 200 len: 247 time: 0.0072985
2026-05-29 22:44:03.041 10 INFO neutron.wsgi [-] 10.0.0.85 "GET / HTTP/1.1" status: 200 len: 247 time: 0.0024705
2026-05-29 22:44:03.044 9 INFO neutron.wsgi [-] 10.0.0.85 "GET / HTTP/1.1" status: 200 len: 247 time: 0.0053835
2026-05-29 22:44:18.040 10 INFO neutron.wsgi [-] 10.0.0.85 "GET / HTTP/1.1" status: 200 len: 247 time: 0.0024672
2026-05-29 22:44:18.042 9 INFO neutron.wsgi [-] 10.0.0.85 "GET / HTTP/1.1" status: 200 len: 247 time: 0.0034008
2026-05-29 22:44:33.040 9 INFO neutron.wsgi [-] 10.0.0.85 "GET / HTTP/1.1" status: 200 len: 247 time: 0.0016139
2026-05-29 22:44:33.042 10 INFO neutron.wsgi [-] 10.0.0.85 "GET / HTTP/1.1" status: 200 len: 247 time: 0.0031035
2026-05-29 22:44:48.041 9 INFO neutron.wsgi [-] 10.0.0.85 "GET / HTTP/1.1" status: 200 len: 247 time: 0.0022328
2026-05-29 22:44:48.041 10 INFO neutron.wsgi [-] 10.0.0.85 "GET / HTTP/1.1" status: 200 len: 247 time: 0.0024052
2026-05-29 22:44:59.039 10 INFO neutron.api.v2.resource [None req-51f52414-31a6-40f3-8fc7-ebf79a2b902e 6a50422223ed4b9ca3b2ce43192c37d5 a8cec7abc0cf433ebaa538af7a4fd6b0 - - default default] show failed (client error): The resource could not be found.
2026-05-29 22:44:59.042 10 INFO neutron.wsgi [None req-51f52414-31a6-40f3-8fc7-ebf79a2b902e 6a50422223ed4b9ca3b2ce43192c37d5 a8cec7abc0cf433ebaa538af7a4fd6b0 - - default default] 199.204.45.30,10.0.0.85 "GET /v2.0/security-groups/manila-service-security-group?project_id=c313135cd3f649f8b0a2a0ed8c949055 HTTP/1.1" status: 404 len: 321 time: 0.1851385
2026-05-29 22:44:59.182 10 INFO neutron.db.ovn_revision_numbers_db [None req-3d5264b1-f423-4076-8e03-e68cebb971bb 6a50422223ed4b9ca3b2ce43192c37d5 a8cec7abc0cf433ebaa538af7a4fd6b0 - - default default] Successfully bumped revision number for resource e9643c92-11de-4a15-81de-3a239f331a7f (type: security_groups) to 1
2026-05-29 22:44:59.196 10 INFO neutron.db.ovn_revision_numbers_db [None req-3d5264b1-f423-4076-8e03-e68cebb971bb 6a50422223ed4b9ca3b2ce43192c37d5 a8cec7abc0cf433ebaa538af7a4fd6b0 - - default default] Successfully bumped revision number for resource 5170564e-5fca-4893-a7cb-487e209a1d79 (type: security_group_rules) to 0
2026-05-29 22:44:59.209 10 INFO neutron.db.ovn_revision_numbers_db [None req-3d5264b1-f423-4076-8e03-e68cebb971bb 6a50422223ed4b9ca3b2ce43192c37d5 a8cec7abc0cf433ebaa538af7a4fd6b0 - - default default] Successfully bumped revision number for resource 73fb67ac-7f5c-4e84-bea4-56820a7bf89b (type: security_group_rules) to 0
2026-05-29 22:44:59.223 10 INFO neutron.db.ovn_revision_numbers_db [None req-3d5264b1-f423-4076-8e03-e68cebb971bb 6a50422223ed4b9ca3b2ce43192c37d5 a8cec7abc0cf433ebaa538af7a4fd6b0 - - default default] Successfully bumped revision number for resource 8e2d9bb5-46ff-4ef6-89c0-412741d52606 (type: security_group_rules) to 0
2026-05-29 22:44:59.238 10 INFO neutron.db.ovn_revision_numbers_db [None req-3d5264b1-f423-4076-8e03-e68cebb971bb 6a50422223ed4b9ca3b2ce43192c37d5 a8cec7abc0cf433ebaa538af7a4fd6b0 - - default default] Successfully bumped revision number for resource d63f4917-d525-4b54-bb85-4ea772be6a21 (type: security_group_rules) to 0
2026-05-29 22:44:59.250 10 INFO neutron.wsgi [None req-3d5264b1-f423-4076-8e03-e68cebb971bb 6a50422223ed4b9ca3b2ce43192c37d5 a8cec7abc0cf433ebaa538af7a4fd6b0 - - default default] 199.204.45.30,10.0.0.85 "GET /v2.0/security-groups?name=manila-service-security-group&project_id=c313135cd3f649f8b0a2a0ed8c949055 HTTP/1.1" status: 200 len: 197 time: 0.2050900
2026-05-29 22:44:59.468 10 INFO neutron.db.ovn_revision_numbers_db [None req-56664283-9db3-41fd-9f7c-592d7fcd6b01 6a50422223ed4b9ca3b2ce43192c37d5 a8cec7abc0cf433ebaa538af7a4fd6b0 - - default default] Successfully bumped revision number for resource e0b9500f-2292-41b8-96ec-47ad18da342e (type: security_groups) to 1
2026-05-29 22:44:59.483 10 INFO neutron.db.ovn_revision_numbers_db [None req-56664283-9db3-41fd-9f7c-592d7fcd6b01 6a50422223ed4b9ca3b2ce43192c37d5 a8cec7abc0cf433ebaa538af7a4fd6b0 - - default default] Successfully bumped revision number for resource 24989baf-3956-480a-9d1e-78d49fbf40a0 (type: security_group_rules) to 0
2026-05-29 22:44:59.499 10 INFO neutron.db.ovn_revision_numbers_db [None req-56664283-9db3-41fd-9f7c-592d7fcd6b01 6a50422223ed4b9ca3b2ce43192c37d5 a8cec7abc0cf433ebaa538af7a4fd6b0 - - default default] Successfully bumped revision number for resource d8d4ab6c-744f-42b8-b9e7-28c5e6aad938 (type: security_group_rules) to 0
2026-05-29 22:44:59.521 10 INFO neutron.wsgi [None req-56664283-9db3-41fd-9f7c-592d7fcd6b01 6a50422223ed4b9ca3b2ce43192c37d5 a8cec7abc0cf433ebaa538af7a4fd6b0 - - default default] 199.204.45.30,10.0.0.85 "POST /v2.0/security-groups HTTP/1.1" status: 201 len: 1741 time: 0.1900260 /var/lib/openstack/lib/python3.10/site-packages/pycadf/identifier.py:71: UserWarning: Invalid uuid: unknown. To ensure interoperability, identifiers should be a valid uuid. warnings.warn(('Invalid uuid: %s. To ensure interoperability, '
2026-05-29 22:45:00.672 9 INFO neutron.wsgi [None req-a6bfb960-7f87-48b7-a54b-72d64b3cec23 6a50422223ed4b9ca3b2ce43192c37d5 a8cec7abc0cf433ebaa538af7a4fd6b0 - - default default] 199.204.45.30,10.0.0.85 "GET /v2.0/security-groups/e0b9500f-2292-41b8-96ec-47ad18da342e?project_id=c313135cd3f649f8b0a2a0ed8c949055 HTTP/1.1" status: 200 len: 1736 time: 0.0822446
2026-05-29 22:45:00.712 9 INFO neutron.wsgi [None req-5c7ec00f-cea3-444a-977c-a0735978503d 6a50422223ed4b9ca3b2ce43192c37d5 a8cec7abc0cf433ebaa538af7a4fd6b0 - - default default] 199.204.45.30,10.0.0.85 "GET /v2.0/security-groups/e0b9500f-2292-41b8-96ec-47ad18da342e HTTP/1.1" status: 200 len: 1736 time: 0.0343156
