Feb 17 02:16:28.584745 np0000155872 nova-scheduler[108734]: DEBUG cotyledon.oslo_config_glue [-] vnc.auth_schemes = ['none'] {{(pid=108734) log_opt_values /opt/stack/data/venv/lib/python3.12/site-packages/oslo_config/cfg.py:2824}}
Feb 17 02:16:28.584745 np0000155872 nova-scheduler[108734]: DEBUG cotyledon.oslo_config_glue [-] vnc.enabled = True {{(pid=108734) log_opt_values /opt/stack/data/venv/lib/python3.12/site-packages/oslo_config/cfg.py:2824}}
Feb 17 02:16:28.584745 np0000155872 nova-scheduler[108734]: DEBUG cotyledon.oslo_config_glue [-] vnc.novncproxy_base_url = http://127.0.0.1:6080/vnc_auto.html {{(pid=108734) log_opt_values /opt/stack/data/venv/lib/python3.12/site-packages/oslo_config/cfg.py:2824}}
Feb 17 02:16:28.584745 np0000155872 nova-scheduler[108734]: DEBUG cotyledon.oslo_config_glue [-] vnc.novncproxy_host = 0.0.0.0 {{(pid=108734) log_opt_values /opt/stack/data/venv/lib/python3.12/site-packages/oslo_config/cfg.py:2824}}
Feb 17 02:16:28.584745 np0000155872 nova-scheduler[108734]: DEBUG cotyledon.oslo_config_glue [-] vnc.novncproxy_port = 6080 {{(pid=108734) log_opt_values /opt/stack/data/venv/lib/python3.12/site-packages/oslo_config/cfg.py:2824}}
Feb 17 02:16:28.584745 np0000155872 nova-scheduler[108734]: DEBUG cotyledon.oslo_config_glue [-] vnc.server_listen = 127.0.0.1 {{(pid=108734) log_opt_values /opt/stack/data/venv/lib/python3.12/site-packages/oslo_config/cfg.py:2824}}
Feb 17 02:16:28.584745 np0000155872 nova-scheduler[108734]: DEBUG cotyledon.oslo_config_glue [-] vnc.server_proxyclient_address = 127.0.0.1 {{(pid=108734) log_opt_values /opt/stack/data/venv/lib/python3.12/site-packages/oslo_config/cfg.py:2824}}
Feb 17 02:16:28.585019 np0000155872 nova-scheduler[108734]: DEBUG cotyledon.oslo_config_glue [-] vnc.vencrypt_ca_certs = None {{(pid=108734) log_opt_values /opt/stack/data/venv/lib/python3.12/site-packages/oslo_config/cfg.py:2824}}
Feb 17 02:16:28.585019 np0000155872 nova-scheduler[108734]: DEBUG cotyledon.oslo_config_glue [-] vnc.vencrypt_client_cert = None {{(pid=108734) log_opt_values /opt/stack/data/venv/lib/python3.12/site-packages/oslo_config/cfg.py:2824}}
Feb 17 02:16:28.585019 np0000155872 nova-scheduler[108734]: DEBUG cotyledon.oslo_config_glue [-] vnc.vencrypt_client_key = None {{(pid=108734) log_opt_values /opt/stack/data/venv/lib/python3.12/site-packages/oslo_config/cfg.py:2824}}
Feb 17 02:16:28.585104 np0000155872 nova-scheduler[108724]: DEBUG oslo_db.sqlalchemy.engines [None req-cace93bb-c0f0-42c5-8a72-2e1425ce1458 None None] MySQL server mode set to STRICT_TRANS_TABLES,STRICT_ALL_TABLES,NO_ZERO_IN_DATE,NO_ZERO_DATE,ERROR_FOR_DIVISION_BY_ZERO,TRADITIONAL,NO_ENGINE_SUBSTITUTION {{(pid=108724) _check_effective_sql_mode /opt/stack/data/venv/lib/python3.12/site-packages/oslo_db/sqlalchemy/engines.py:325}}
Feb 17 02:16:28.585136 np0000155872 nova-scheduler[108734]: DEBUG cotyledon.oslo_config_glue [-] workarounds.disable_compute_service_check_for_ffu = False {{(pid=108734) log_opt_values /opt/stack/data/venv/lib/python3.12/site-packages/oslo_config/cfg.py:2824}}
Feb 17 02:16:28.585136 np0000155872 nova-scheduler[108734]: DEBUG cotyledon.oslo_config_glue [-] workarounds.disable_deep_image_inspection = False {{(pid=108734) log_opt_values /opt/stack/data/venv/lib/python3.12/site-packages/oslo_config/cfg.py:2824}}
Feb 17 02:16:28.585136 np0000155872 nova-scheduler[108734]: DEBUG cotyledon.oslo_config_glue [-] workarounds.disable_fallback_pcpu_query = False {{(pid=108734) log_opt_values /opt/stack/data/venv/lib/python3.12/site-packages/oslo_config/cfg.py:2824}}
Feb 17 02:16:28.585136 np0000155872 nova-scheduler[108734]: DEBUG cotyledon.oslo_config_glue [-] workarounds.disable_group_policy_check_upcall = False {{(pid=108734) log_opt_values /opt/stack/data/venv/lib/python3.12/site-packages/oslo_config/cfg.py:2824}}
Feb 17 02:16:28.585136 np0000155872 nova-scheduler[108734]: DEBUG cotyledon.oslo_config_glue [-] workarounds.disable_libvirt_livesnapshot = False {{(pid=108734) log_opt_values /opt/stack/data/venv/lib/python3.12/site-packages/oslo_config/cfg.py:2824}}
Feb 17 02:16:28.585136 np0000155872 nova-scheduler[108734]: DEBUG cotyledon.oslo_config_glue [-] workarounds.disable_rootwrap = False {{(pid=108734) log_opt_values /opt/stack/data/venv/lib/python3.12/site-packages/oslo_config/cfg.py:2824}}
Feb 17 02:16:28.585136 np0000155872 nova-scheduler[108734]: DEBUG cotyledon.oslo_config_glue [-] workarounds.enable_numa_live_migration = False {{(pid=108734) log_opt_values /opt/stack/data/venv/lib/python3.12/site-packages/oslo_config/cfg.py:2824}}
Feb 17 02:16:28.585136 np0000155872 nova-scheduler[108734]: DEBUG cotyledon.oslo_config_glue [-] workarounds.enable_qemu_monitor_announce_self = False {{(pid=108734) log_opt_values /opt/stack/data/venv/lib/python3.12/site-packages/oslo_config/cfg.py:2824}}
Feb 17 02:16:28.585136 np0000155872 nova-scheduler[108734]: DEBUG cotyledon.oslo_config_glue [-] workarounds.ensure_libvirt_rbd_instance_dir_cleanup = False {{(pid=108734) log_opt_values /opt/stack/data/venv/lib/python3.12/site-packages/oslo_config/cfg.py:2824}}
Feb 17 02:16:28.585363 np0000155872 nova-scheduler[108734]: DEBUG cotyledon.oslo_config_glue [-] workarounds.handle_virt_lifecycle_events = True {{(pid=108734) log_opt_values /opt/stack/data/venv/lib/python3.12/site-packages/oslo_config/cfg.py:2824}}
Feb 17 02:16:28.585363 np0000155872 nova-scheduler[108734]: DEBUG cotyledon.oslo_config_glue [-] workarounds.libvirt_disable_apic = False {{(pid=108734) log_opt_values /opt/stack/data/venv/lib/python3.12/site-packages/oslo_config/cfg.py:2824}}
Feb 17 02:16:28.585363 np0000155872 nova-scheduler[108734]: DEBUG cotyledon.oslo_config_glue [-] workarounds.never_download_image_if_on_rbd = False {{(pid=108734) log_opt_values /opt/stack/data/venv/lib/python3.12/site-packages/oslo_config/cfg.py:2824}}
Feb 17 02:16:28.585363 np0000155872 nova-scheduler[108734]: DEBUG cotyledon.oslo_config_glue [-] workarounds.qemu_monitor_announce_self_count = 3 {{(pid=108734) log_opt_values /opt/stack/data/venv/lib/python3.12/site-packages/oslo_config/cfg.py:2824}}
Feb 17 02:16:28.585363 np0000155872 nova-scheduler[108734]: DEBUG cotyledon.oslo_config_glue [-] workarounds.qemu_monitor_announce_self_interval = 1 {{(pid=108734) log_opt_values /opt/stack/data/venv/lib/python3.12/site-packages/oslo_config/cfg.py:2824}}
Feb 17 02:16:28.585363 np0000155872 nova-scheduler[108734]: DEBUG cotyledon.oslo_config_glue [-] workarounds.reserve_disk_resource_for_image_cache = False {{(pid=108734) log_opt_values /opt/stack/data/venv/lib/python3.12/site-packages/oslo_config/cfg.py:2824}}
Feb 17 02:16:28.585363 np0000155872 nova-scheduler[108734]: DEBUG cotyledon.oslo_config_glue [-] workarounds.skip_cpu_compare_at_startup = False {{(pid=108734) log_opt_values /opt/stack/data/venv/lib/python3.12/site-packages/oslo_config/cfg.py:2824}}
Feb 17 02:16:28.585363 np0000155872 nova-scheduler[108734]: DEBUG cotyledon.oslo_config_glue [-] workarounds.skip_cpu_compare_on_dest = False {{(pid=108734) log_opt_values /opt/stack/data/venv/lib/python3.12/site-packages/oslo_config/cfg.py:2824}}
Feb 17 02:16:28.585363 np0000155872 nova-scheduler[108734]: DEBUG cotyledon.oslo_config_glue [-] workarounds.skip_hypervisor_version_check_on_lm = False {{(pid=108734) log_opt_values /opt/stack/data/venv/lib/python3.12/site-packages/oslo_config/cfg.py:2824}}
Feb 17 02:16:28.585581 np0000155872 nova-scheduler[108734]: DEBUG cotyledon.oslo_config_glue [-] workarounds.skip_reserve_in_use_ironic_nodes = False {{(pid=108734) log_opt_values /opt/stack/data/venv/lib/python3.12/site-packages/oslo_config/cfg.py:2824}}
Feb 17 02:16:28.585581 np0000155872 nova-scheduler[108734]: DEBUG cotyledon.oslo_config_glue [-] workarounds.unified_limits_count_pcpu_as_vcpu = False {{(pid=108734) log_opt_values /opt/stack/data/venv/lib/python3.12/site-packages/oslo_config/cfg.py:2824}}
Feb 17 02:16:28.585581 np0000155872 nova-scheduler[108734]: DEBUG cotyledon.oslo_config_glue [-] workarounds.wait_for_vif_plugged_event_during_hard_reboot = [] {{(pid=108734) log_opt_values /opt/stack/data/venv/lib/python3.12/site-packages/oslo_config/cfg.py:2824}}
Feb 17 02:16:28.585581 np0000155872 nova-scheduler[108734]: DEBUG cotyledon.oslo_config_glue [-] wsgi.api_paste_config = /etc/nova/api-paste.ini {{(pid=108734) log_opt_values /opt/stack/data/venv/lib/python3.12/site-packages/oslo_config/cfg.py:2824}}
Feb 17 02:16:28.585692 np0000155872 nova-scheduler[108717]: DEBUG dbcounter [-] [108717] Writer thread running {{(pid=108717) stat_writer /opt/stack/data/venv/lib/python3.12/site-packages/dbcounter.py:102}}
Feb 17 02:16:28.585722 np0000155872 nova-scheduler[108734]: DEBUG cotyledon.oslo_config_glue [-] wsgi.secure_proxy_ssl_header = None {{(pid=108734) log_opt_values /opt/stack/data/venv/lib/python3.12/site-packages/oslo_config/cfg.py:2824}}
Feb 17 02:16:28.585722 np0000155872 nova-scheduler[108734]: DEBUG cotyledon.oslo_config_glue [-] zvm.ca_file = None {{(pid=108734) log_opt_values /opt/stack/data/venv/lib/python3.12/site-packages/oslo_config/cfg.py:2824}}
Feb 17 02:16:28.585722 np0000155872 nova-scheduler[108734]: DEBUG cotyledon.oslo_config_glue [-] zvm.cloud_connector_url = None {{(pid=108734) log_opt_values /opt/stack/data/venv/lib/python3.12/site-packages/oslo_config/cfg.py:2824}}
Feb 17 02:16:28.585722 np0000155872 nova-scheduler[108734]: DEBUG cotyledon.oslo_config_glue [-] zvm.image_tmp_path = /opt/stack/data/nova/images {{(pid=108734) log_opt_values /opt/stack/data/venv/lib/python3.12/site-packages/oslo_config/cfg.py:2824}}
Feb 17 02:16:28.585722 np0000155872 nova-scheduler[108734]: DEBUG cotyledon.oslo_config_glue [-] zvm.reachable_timeout = 300 {{(pid=108734) log_opt_values /opt/stack/data/venv/lib/python3.12/site-packages/oslo_config/cfg.py:2824}}
Feb 17 02:16:28.585722 np0000155872 nova-scheduler[108734]: DEBUG cotyledon.oslo_config_glue [-] oslo_versionedobjects.fatal_exception_format_errors = False {{(pid=108734) log_opt_values /opt/stack/data/venv/lib/python3.12/site-packages/oslo_config/cfg.py:2824}}
Feb 17 02:16:28.585722 np0000155872 nova-scheduler[108734]: DEBUG cotyledon.oslo_config_glue [-] oslo_middleware.http_basic_auth_user_file = /etc/htpasswd {{(pid=108734) log_opt_values /opt/stack/data/venv/lib/python3.12/site-packages/oslo_config/cfg.py:2824}}
Feb 17 02:16:28.585722 np0000155872 nova-scheduler[108734]: DEBUG cotyledon.oslo_config_glue [-] oslo_messaging_metrics.metrics_buffer_size = 1000 {{(pid=108734) log_opt_values /opt/stack/data/venv/lib/python3.12/site-packages/oslo_config/cfg.py:2824}}
Feb 17 02:16:28.585722 np0000155872 nova-scheduler[108734]: DEBUG cotyledon.oslo_config_glue [-] oslo_messaging_metrics.metrics_enabled = False {{(pid=108734) log_opt_values /opt/stack/data/venv/lib/python3.12/site-packages/oslo_config/cfg.py:2824}}
Feb 17 02:16:28.585931 np0000155872 nova-scheduler[108734]: DEBUG cotyledon.oslo_config_glue [-] oslo_messaging_metrics.metrics_process_name = {{(pid=108734) log_opt_values /opt/stack/data/venv/lib/python3.12/site-packages/oslo_config/cfg.py:2824}}
Feb 17 02:16:28.585931 np0000155872 nova-scheduler[108734]: DEBUG cotyledon.oslo_config_glue [-] oslo_messaging_metrics.metrics_socket_file = /var/tmp/metrics_collector.sock {{(pid=108734) log_opt_values /opt/stack/data/venv/lib/python3.12/site-packages/oslo_config/cfg.py:2824}}
Feb 17 02:16:28.585931 np0000155872 nova-scheduler[108734]: DEBUG cotyledon.oslo_config_glue [-] oslo_messaging_metrics.metrics_thread_stop_timeout = 10 {{(pid=108734) log_opt_values /opt/stack/data/venv/lib/python3.12/site-packages/oslo_config/cfg.py:2824}}
Feb 17 02:16:28.585931 np0000155872 nova-scheduler[108734]: DEBUG cotyledon.oslo_config_glue [-] profiler.connection_string = messaging:// {{(pid=108734) log_opt_values /opt/stack/data/venv/lib/python3.12/site-packages/oslo_config/cfg.py:2824}}
Feb 17 02:16:28.585931 np0000155872 nova-scheduler[108734]: DEBUG cotyledon.oslo_config_glue [-] profiler.enabled = False {{(pid=108734) log_opt_values /opt/stack/data/venv/lib/python3.12/site-packages/oslo_config/cfg.py:2824}}
Feb 17 02:16:28.585931 np0000155872 nova-scheduler[108734]: DEBUG cotyledon.oslo_config_glue [-] profiler.es_doc_type = notification {{(pid=108734) log_opt_values /opt/stack/data/venv/lib/python3.12/site-packages/oslo_config/cfg.py:2824}}
Feb 17 02:16:28.585931 np0000155872 nova-scheduler[108734]: DEBUG cotyledon.oslo_config_glue [-] profiler.es_scroll_size = 10000 {{(pid=108734) log_opt_values /opt/stack/data/venv/lib/python3.12/site-packages/oslo_config/cfg.py:2824}}
Feb 17 02:16:28.585931 np0000155872 nova-scheduler[108734]: DEBUG cotyledon.oslo_config_glue [-] profiler.es_scroll_time = 2m {{(pid=108734) log_opt_values /opt/stack/data/venv/lib/python3.12/site-packages/oslo_config/cfg.py:2824}}
Feb 17 02:16:28.585931 np0000155872 nova-scheduler[108734]: DEBUG cotyledon.oslo_config_glue [-] profiler.filter_error_trace = False {{(pid=108734) log_opt_values /opt/stack/data/venv/lib/python3.12/site-packages/oslo_config/cfg.py:2824}}
Feb 17 02:16:28.586139 np0000155872 nova-scheduler[108734]: DEBUG cotyledon.oslo_config_glue [-] profiler.hmac_keys = **** {{(pid=108734) log_opt_values /opt/stack/data/venv/lib/python3.12/site-packages/oslo_config/cfg.py:2824}}
Feb 17 02:16:28.586139 np0000155872 nova-scheduler[108734]: DEBUG cotyledon.oslo_config_glue [-] profiler.sentinel_service_name = mymaster {{(pid=108734) log_opt_values /opt/stack/data/venv/lib/python3.12/site-packages/oslo_config/cfg.py:2824}}
Feb 17 02:16:28.586139 np0000155872 nova-scheduler[108734]: DEBUG cotyledon.oslo_config_glue [-] profiler.socket_timeout = 0.1 {{(pid=108734) log_opt_values /opt/stack/data/venv/lib/python3.12/site-packages/oslo_config/cfg.py:2824}}
Feb 17 02:16:28.586139 np0000155872 nova-scheduler[108734]: DEBUG cotyledon.oslo_config_glue [-] profiler.trace_requests = False {{(pid=108734) log_opt_values /opt/stack/data/venv/lib/python3.12/site-packages/oslo_config/cfg.py:2824}}
Feb 17 02:16:28.586139 np0000155872 nova-scheduler[108734]: DEBUG cotyledon.oslo_config_glue [-] profiler.trace_sqlalchemy = False {{(pid=108734) log_opt_values /opt/stack/data/venv/lib/python3.12/site-packages/oslo_config/cfg.py:2824}}
Feb 17 02:16:28.586139 np0000155872 nova-scheduler[108734]: DEBUG cotyledon.oslo_config_glue [-] profiler_jaeger.process_tags = {} {{(pid=108734) log_opt_values /opt/stack/data/venv/lib/python3.12/site-packages/oslo_config/cfg.py:2824}}
Feb 17 02:16:28.586139 np0000155872 nova-scheduler[108734]: DEBUG cotyledon.oslo_config_glue [-] profiler_jaeger.service_name_prefix = None {{(pid=108734) log_opt_values /opt/stack/data/venv/lib/python3.12/site-packages/oslo_config/cfg.py:2824}}
Feb 17 02:16:28.586139 np0000155872 nova-scheduler[108734]: DEBUG cotyledon.oslo_config_glue [-] profiler_otlp.service_name_prefix = None {{(pid=108734) log_opt_values /opt/stack/data/venv/lib/python3.12/site-packages/oslo_config/cfg.py:2824}}
Feb 17 02:16:28.586139 np0000155872 nova-scheduler[108734]: DEBUG cotyledon.oslo_config_glue [-] oslo_messaging_rabbit.amqp_auto_delete = False {{(pid=108734) log_opt_values /opt/stack/data/venv/lib/python3.12/site-packages/oslo_config/cfg.py:2824}}
Feb 17 02:16:28.586358 np0000155872 nova-scheduler[108734]: DEBUG cotyledon.oslo_config_glue [-] oslo_messaging_rabbit.amqp_durable_queues = False {{(pid=108734) log_opt_values /opt/stack/data/venv/lib/python3.12/site-packages/oslo_config/cfg.py:2824}}
Feb 17 02:16:28.586358 np0000155872 nova-scheduler[108734]: DEBUG cotyledon.oslo_config_glue [-] oslo_messaging_rabbit.conn_pool_min_size = 2 {{(pid=108734) log_opt_values /opt/stack/data/venv/lib/python3.12/site-packages/oslo_config/cfg.py:2824}}
Feb 17 02:16:28.586358 np0000155872 nova-scheduler[108734]: DEBUG cotyledon.oslo_config_glue [-] oslo_messaging_rabbit.conn_pool_ttl = 1200 {{(pid=108734) log_opt_values /opt/stack/data/venv/lib/python3.12/site-packages/oslo_config/cfg.py:2824}}
Feb 17 02:16:28.586358 np0000155872 nova-scheduler[108734]: DEBUG cotyledon.oslo_config_glue [-] oslo_messaging_rabbit.direct_mandatory_flag = True {{(pid=108734) log_opt_values /opt/stack/data/venv/lib/python3.12/site-packages/oslo_config/cfg.py:2824}}
Feb 17 02:16:28.586358 np0000155872 nova-scheduler[108734]: DEBUG cotyledon.oslo_config_glue [-] oslo_messaging_rabbit.enable_cancel_on_failover = False {{(pid=108734) log_opt_values /opt/stack/data/venv/lib/python3.12/site-packages/oslo_config/cfg.py:2824}}
Feb 17 02:16:28.586358 np0000155872 nova-scheduler[108734]: DEBUG cotyledon.oslo_config_glue [-] oslo_messaging_rabbit.heartbeat_in_pthread = False {{(pid=108734) log_opt_values /opt/stack/data/venv/lib/python3.12/site-packages/oslo_config/cfg.py:2824}}
Feb 17 02:16:28.586358 np0000155872 nova-scheduler[108734]: DEBUG cotyledon.oslo_config_glue [-] oslo_messaging_rabbit.heartbeat_rate = 3 {{(pid=108734) log_opt_values /opt/stack/data/venv/lib/python3.12/site-packages/oslo_config/cfg.py:2824}}
Feb 17 02:16:28.586358 np0000155872 nova-scheduler[108734]: DEBUG cotyledon.oslo_config_glue [-] oslo_messaging_rabbit.heartbeat_timeout_threshold = 60 {{(pid=108734) log_opt_values /opt/stack/data/venv/lib/python3.12/site-packages/oslo_config/cfg.py:2824}}
Feb 17 02:16:28.586358 np0000155872 nova-scheduler[108734]: DEBUG cotyledon.oslo_config_glue [-] oslo_messaging_rabbit.hostname = np0000155872 {{(pid=108734) log_opt_values /opt/stack/data/venv/lib/python3.12/site-packages/oslo_config/cfg.py:2824}}
Feb 17 02:16:28.586572 np0000155872 nova-scheduler[108734]: DEBUG cotyledon.oslo_config_glue [-] oslo_messaging_rabbit.kombu_compression = None {{(pid=108734) log_opt_values /opt/stack/data/venv/lib/python3.12/site-packages/oslo_config/cfg.py:2824}}
Feb 17 02:16:28.586572 np0000155872 nova-scheduler[108734]: DEBUG cotyledon.oslo_config_glue [-] oslo_messaging_rabbit.kombu_failover_strategy = round-robin {{(pid=108734) log_opt_values /opt/stack/data/venv/lib/python3.12/site-packages/oslo_config/cfg.py:2824}}
Feb 17 02:16:28.586572 np0000155872 nova-scheduler[108734]: DEBUG cotyledon.oslo_config_glue [-] oslo_messaging_rabbit.kombu_missing_consumer_retry_timeout = 60 {{(pid=108734) log_opt_values /opt/stack/data/venv/lib/python3.12/site-packages/oslo_config/cfg.py:2824}}
Feb 17 02:16:28.586572 np0000155872 nova-scheduler[108734]: DEBUG cotyledon.oslo_config_glue [-] oslo_messaging_rabbit.kombu_reconnect_delay = 1.0 {{(pid=108734) log_opt_values /opt/stack/data/venv/lib/python3.12/site-packages/oslo_config/cfg.py:2824}}
Feb 17 02:16:28.586572 np0000155872 nova-scheduler[108734]: DEBUG cotyledon.oslo_config_glue [-] oslo_messaging_rabbit.kombu_reconnect_splay = 0.0 {{(pid=108734) log_opt_values /opt/stack/data/venv/lib/python3.12/site-packages/oslo_config/cfg.py:2824}}
Feb 17 02:16:28.586572 np0000155872 nova-scheduler[108734]: DEBUG cotyledon.oslo_config_glue [-] oslo_messaging_rabbit.processname = nova-scheduler {{(pid=108734) log_opt_values /opt/stack/data/venv/lib/python3.12/site-packages/oslo_config/cfg.py:2824}}
Feb 17 02:16:28.586572 np0000155872 nova-scheduler[108734]: DEBUG cotyledon.oslo_config_glue [-] oslo_messaging_rabbit.rabbit_ha_queues = False {{(pid=108734) log_opt_values /opt/stack/data/venv/lib/python3.12/site-packages/oslo_config/cfg.py:2824}}
Feb 17 02:16:28.586572 np0000155872 nova-scheduler[108734]: DEBUG cotyledon.oslo_config_glue [-] oslo_messaging_rabbit.rabbit_interval_max = 30 {{(pid=108734) log_opt_values /opt/stack/data/venv/lib/python3.12/site-packages/oslo_config/cfg.py:2824}}
Feb 17 02:16:28.586769 np0000155872 nova-scheduler[108734]: DEBUG cotyledon.oslo_config_glue [-] oslo_messaging_rabbit.rabbit_login_method = AMQPLAIN {{(pid=108734) log_opt_values /opt/stack/data/venv/lib/python3.12/site-packages/oslo_config/cfg.py:2824}}
Feb 17 02:16:28.586769 np0000155872 nova-scheduler[108734]: DEBUG cotyledon.oslo_config_glue [-] oslo_messaging_rabbit.rabbit_qos_prefetch_count = 0 {{(pid=108734) log_opt_values /opt/stack/data/venv/lib/python3.12/site-packages/oslo_config/cfg.py:2824}}
Feb 17 02:16:28.586769 np0000155872 nova-scheduler[108734]: DEBUG cotyledon.oslo_config_glue [-] oslo_messaging_rabbit.rabbit_quorum_delivery_limit = 0 {{(pid=108734) log_opt_values /opt/stack/data/venv/lib/python3.12/site-packages/oslo_config/cfg.py:2824}}
Feb 17 02:16:28.586769 np0000155872 nova-scheduler[108734]: DEBUG cotyledon.oslo_config_glue [-] oslo_messaging_rabbit.rabbit_quorum_max_memory_bytes = 0 {{(pid=108734) log_opt_values /opt/stack/data/venv/lib/python3.12/site-packages/oslo_config/cfg.py:2824}}
Feb 17 02:16:28.586769 np0000155872 nova-scheduler[108734]: DEBUG cotyledon.oslo_config_glue [-] oslo_messaging_rabbit.rabbit_quorum_max_memory_length = 0 {{(pid=108734) log_opt_values /opt/stack/data/venv/lib/python3.12/site-packages/oslo_config/cfg.py:2824}}
Feb 17 02:16:28.586769 np0000155872 nova-scheduler[108734]: DEBUG cotyledon.oslo_config_glue [-] oslo_messaging_rabbit.rabbit_quorum_queue = False {{(pid=108734) log_opt_values /opt/stack/data/venv/lib/python3.12/site-packages/oslo_config/cfg.py:2824}}
Feb 17 02:16:28.586769 np0000155872 nova-scheduler[108734]: DEBUG cotyledon.oslo_config_glue [-] oslo_messaging_rabbit.rabbit_retry_backoff = 2 {{(pid=108734) log_opt_values /opt/stack/data/venv/lib/python3.12/site-packages/oslo_config/cfg.py:2824}}
Feb 17 02:16:28.586769 np0000155872 nova-scheduler[108734]: DEBUG cotyledon.oslo_config_glue [-] oslo_messaging_rabbit.rabbit_retry_interval = 1 {{(pid=108734) log_opt_values /opt/stack/data/venv/lib/python3.12/site-packages/oslo_config/cfg.py:2824}}
Feb 17 02:16:28.587049 np0000155872 nova-scheduler[108734]: DEBUG cotyledon.oslo_config_glue [-] oslo_messaging_rabbit.rabbit_stream_fanout = False {{(pid=108734) log_opt_values /opt/stack/data/venv/lib/python3.12/site-packages/oslo_config/cfg.py:2824}}
Feb 17 02:16:28.587049 np0000155872 nova-scheduler[108734]: DEBUG cotyledon.oslo_config_glue [-] oslo_messaging_rabbit.rabbit_transient_queues_ttl = 1800 {{(pid=108734) log_opt_values /opt/stack/data/venv/lib/python3.12/site-packages/oslo_config/cfg.py:2824}}
Feb 17 02:16:28.587049 np0000155872 nova-scheduler[108734]: DEBUG cotyledon.oslo_config_glue [-] oslo_messaging_rabbit.rabbit_transient_quorum_queue = False {{(pid=108734) log_opt_values /opt/stack/data/venv/lib/python3.12/site-packages/oslo_config/cfg.py:2824}}
Feb 17 02:16:28.587049 np0000155872 nova-scheduler[108734]: DEBUG cotyledon.oslo_config_glue [-] oslo_messaging_rabbit.rpc_conn_pool_size = 30 {{(pid=108734) log_opt_values /opt/stack/data/venv/lib/python3.12/site-packages/oslo_config/cfg.py:2824}}
Feb 17 02:16:28.587049 np0000155872 nova-scheduler[108734]: DEBUG cotyledon.oslo_config_glue [-] oslo_messaging_rabbit.ssl = False {{(pid=108734) log_opt_values /opt/stack/data/venv/lib/python3.12/site-packages/oslo_config/cfg.py:2824}}
Feb 17 02:16:28.587049 np0000155872 nova-scheduler[108734]: DEBUG cotyledon.oslo_config_glue [-] oslo_messaging_rabbit.ssl_ca_file = {{(pid=108734) log_opt_values /opt/stack/data/venv/lib/python3.12/site-packages/oslo_config/cfg.py:2824}}
Feb 17 02:16:28.587049 np0000155872 nova-scheduler[108734]: DEBUG cotyledon.oslo_config_glue [-] oslo_messaging_rabbit.ssl_cert_file = {{(pid=108734) log_opt_values /opt/stack/data/venv/lib/python3.12/site-packages/oslo_config/cfg.py:2824}}
Feb 17 02:16:28.587049 np0000155872 nova-scheduler[108734]: DEBUG cotyledon.oslo_config_glue [-] oslo_messaging_rabbit.ssl_enforce_fips_mode = False {{(pid=108734) log_opt_values /opt/stack/data/venv/lib/python3.12/site-packages/oslo_config/cfg.py:2824}}
Feb 17 02:16:28.587049 np0000155872 nova-scheduler[108734]: DEBUG cotyledon.oslo_config_glue [-] oslo_messaging_rabbit.ssl_key_file = {{(pid=108734) log_opt_values /opt/stack/data/venv/lib/python3.12/site-packages/oslo_config/cfg.py:2824}}
Feb 17 02:16:28.587284 np0000155872 nova-scheduler[108734]: DEBUG cotyledon.oslo_config_glue [-] oslo_messaging_rabbit.ssl_version = {{(pid=108734) log_opt_values /opt/stack/data/venv/lib/python3.12/site-packages/oslo_config/cfg.py:2824}}
Feb 17 02:16:28.587284 np0000155872 nova-scheduler[108734]: DEBUG cotyledon.oslo_config_glue [-] oslo_messaging_rabbit.use_queue_manager = False {{(pid=108734) log_opt_values /opt/stack/data/venv/lib/python3.12/site-packages/oslo_config/cfg.py:2824}}
Feb 17 02:16:28.587284 np0000155872 nova-scheduler[108734]: DEBUG cotyledon.oslo_config_glue [-] oslo_messaging_notifications.driver = ['messagingv2'] {{(pid=108734) log_opt_values /opt/stack/data/venv/lib/python3.12/site-packages/oslo_config/cfg.py:2824}}
Feb 17 02:16:28.587284 np0000155872 nova-scheduler[108734]: DEBUG cotyledon.oslo_config_glue [-] oslo_messaging_notifications.retry = -1 {{(pid=108734) log_opt_values /opt/stack/data/venv/lib/python3.12/site-packages/oslo_config/cfg.py:2824}}
Feb 17 02:16:28.587284 np0000155872 nova-scheduler[108734]: DEBUG cotyledon.oslo_config_glue [-] oslo_messaging_notifications.topics = ['notifications'] {{(pid=108734) log_opt_values /opt/stack/data/venv/lib/python3.12/site-packages/oslo_config/cfg.py:2824}}
Feb 17 02:16:28.587284 np0000155872 nova-scheduler[108734]: DEBUG cotyledon.oslo_config_glue [-] oslo_messaging_notifications.transport_url = **** {{(pid=108734) log_opt_values /opt/stack/data/venv/lib/python3.12/site-packages/oslo_config/cfg.py:2824}}
Feb 17 02:16:28.587284 np0000155872 nova-scheduler[108734]: DEBUG cotyledon.oslo_config_glue [-] oslo_limit.auth_section = None {{(pid=108734) log_opt_values /opt/stack/data/venv/lib/python3.12/site-packages/oslo_config/cfg.py:2824}}
Feb 17 02:16:28.587284 np0000155872 nova-scheduler[108734]: DEBUG cotyledon.oslo_config_glue [-] oslo_limit.auth_type = None {{(pid=108734) log_opt_values /opt/stack/data/venv/lib/python3.12/site-packages/oslo_config/cfg.py:2824}}
Feb 17 02:16:28.587284 np0000155872 nova-scheduler[108734]: DEBUG cotyledon.oslo_config_glue [-] oslo_limit.cafile = None {{(pid=108734) log_opt_values /opt/stack/data/venv/lib/python3.12/site-packages/oslo_config/cfg.py:2824}}
Feb 17 02:16:28.587507 np0000155872 nova-scheduler[108734]: DEBUG cotyledon.oslo_config_glue [-] oslo_limit.certfile = None {{(pid=108734) log_opt_values /opt/stack/data/venv/lib/python3.12/site-packages/oslo_config/cfg.py:2824}}
Feb 17 02:16:28.587507 np0000155872 nova-scheduler[108734]: DEBUG cotyledon.oslo_config_glue [-] oslo_limit.collect_timing = False {{(pid=108734) log_opt_values /opt/stack/data/venv/lib/python3.12/site-packages/oslo_config/cfg.py:2824}}
Feb 17 02:16:28.587507 np0000155872 nova-scheduler[108734]: DEBUG cotyledon.oslo_config_glue [-] oslo_limit.connect_retries = None {{(pid=108734) log_opt_values /opt/stack/data/venv/lib/python3.12/site-packages/oslo_config/cfg.py:2824}}
Feb 17 02:16:28.587507 np0000155872 nova-scheduler[108734]: DEBUG cotyledon.oslo_config_glue [-] oslo_limit.connect_retry_delay = None {{(pid=108734) log_opt_values /opt/stack/data/venv/lib/python3.12/site-packages/oslo_config/cfg.py:2824}}
Feb 17 02:16:28.587507 np0000155872 nova-scheduler[108734]: DEBUG cotyledon.oslo_config_glue [-] oslo_limit.endpoint_id = None {{(pid=108734) log_opt_values /opt/stack/data/venv/lib/python3.12/site-packages/oslo_config/cfg.py:2824}}
Feb 17 02:16:28.587507 np0000155872 nova-scheduler[108734]: DEBUG cotyledon.oslo_config_glue [-] oslo_limit.endpoint_interface = publicURL {{(pid=108734) log_opt_values /opt/stack/data/venv/lib/python3.12/site-packages/oslo_config/cfg.py:2824}}
Feb 17 02:16:28.587507 np0000155872 nova-scheduler[108734]: DEBUG cotyledon.oslo_config_glue [-] oslo_limit.endpoint_override = None {{(pid=108734) log_opt_values /opt/stack/data/venv/lib/python3.12/site-packages/oslo_config/cfg.py:2824}}
Feb 17 02:16:28.587507 np0000155872 nova-scheduler[108734]: DEBUG cotyledon.oslo_config_glue [-] oslo_limit.endpoint_region_name = None {{(pid=108734) log_opt_values /opt/stack/data/venv/lib/python3.12/site-packages/oslo_config/cfg.py:2824}}
Feb 17 02:16:28.587507 np0000155872 nova-scheduler[108734]: DEBUG cotyledon.oslo_config_glue [-] oslo_limit.endpoint_service_name = None {{(pid=108734) log_opt_values /opt/stack/data/venv/lib/python3.12/site-packages/oslo_config/cfg.py:2824}}
Feb 17 02:16:28.587738 np0000155872 nova-scheduler[108734]: DEBUG cotyledon.oslo_config_glue [-] oslo_limit.endpoint_service_type = None {{(pid=108734) log_opt_values /opt/stack/data/venv/lib/python3.12/site-packages/oslo_config/cfg.py:2824}}
Feb 17 02:16:28.587738 np0000155872 nova-scheduler[108734]: DEBUG cotyledon.oslo_config_glue [-] oslo_limit.insecure = False {{(pid=108734) log_opt_values /opt/stack/data/venv/lib/python3.12/site-packages/oslo_config/cfg.py:2824}}
Feb 17 02:16:28.587738 np0000155872 nova-scheduler[108734]: DEBUG cotyledon.oslo_config_glue [-] oslo_limit.keyfile = None {{(pid=108734) log_opt_values /opt/stack/data/venv/lib/python3.12/site-packages/oslo_config/cfg.py:2824}}
Feb 17 02:16:28.587738 np0000155872 nova-scheduler[108734]: DEBUG cotyledon.oslo_config_glue [-] oslo_limit.max_version = None {{(pid=108734) log_opt_values /opt/stack/data/venv/lib/python3.12/site-packages/oslo_config/cfg.py:2824}}
Feb 17 02:16:28.587841 np0000155872 nova-scheduler[108710]: DEBUG dbcounter [-] [108710] Writer thread running {{(pid=108710) stat_writer /opt/stack/data/venv/lib/python3.12/site-packages/dbcounter.py:102}}
Feb 17 02:16:28.587872 np0000155872 nova-scheduler[108734]: DEBUG cotyledon.oslo_config_glue [-] oslo_limit.min_version = None {{(pid=108734) log_opt_values /opt/stack/data/venv/lib/python3.12/site-packages/oslo_config/cfg.py:2824}}
Feb 17 02:16:28.587872 np0000155872 nova-scheduler[108734]: DEBUG cotyledon.oslo_config_glue [-] oslo_limit.region_name = None {{(pid=108734) log_opt_values /opt/stack/data/venv/lib/python3.12/site-packages/oslo_config/cfg.py:2824}}
Feb 17 02:16:28.587872 np0000155872 nova-scheduler[108734]: DEBUG cotyledon.oslo_config_glue [-] oslo_limit.retriable_status_codes = None {{(pid=108734) log_opt_values /opt/stack/data/venv/lib/python3.12/site-packages/oslo_config/cfg.py:2824}}
Feb 17 02:16:28.587872 np0000155872 nova-scheduler[108734]: DEBUG cotyledon.oslo_config_glue [-] oslo_limit.service_name = None {{(pid=108734) log_opt_values /opt/stack/data/venv/lib/python3.12/site-packages/oslo_config/cfg.py:2824}}
Feb 17 02:16:28.587872 np0000155872 nova-scheduler[108734]: DEBUG cotyledon.oslo_config_glue [-] oslo_limit.service_type = None {{(pid=108734) log_opt_values /opt/stack/data/venv/lib/python3.12/site-packages/oslo_config/cfg.py:2824}}
Feb 17 02:16:28.587872 np0000155872 nova-scheduler[108734]: DEBUG cotyledon.oslo_config_glue [-] oslo_limit.split_loggers = False {{(pid=108734) log_opt_values /opt/stack/data/venv/lib/python3.12/site-packages/oslo_config/cfg.py:2824}}
Feb 17 02:16:28.587872 np0000155872 nova-scheduler[108734]: DEBUG cotyledon.oslo_config_glue [-] oslo_limit.status_code_retries = None {{(pid=108734) log_opt_values /opt/stack/data/venv/lib/python3.12/site-packages/oslo_config/cfg.py:2824}}
Feb 17 02:16:28.587872 np0000155872 nova-scheduler[108734]: DEBUG cotyledon.oslo_config_glue [-] oslo_limit.status_code_retry_delay = None {{(pid=108734) log_opt_values /opt/stack/data/venv/lib/python3.12/site-packages/oslo_config/cfg.py:2824}}
Feb 17 02:16:28.587872 np0000155872 nova-scheduler[108734]: DEBUG cotyledon.oslo_config_glue [-] oslo_limit.timeout = None {{(pid=108734) log_opt_values /opt/stack/data/venv/lib/python3.12/site-packages/oslo_config/cfg.py:2824}}
Feb 17 02:16:28.588085 np0000155872 nova-scheduler[108734]: DEBUG cotyledon.oslo_config_glue [-] oslo_limit.valid_interfaces = None {{(pid=108734) log_opt_values /opt/stack/data/venv/lib/python3.12/site-packages/oslo_config/cfg.py:2824}}
Feb 17 02:16:28.588085 np0000155872 nova-scheduler[108734]: DEBUG cotyledon.oslo_config_glue [-] oslo_limit.version = None {{(pid=108734) log_opt_values /opt/stack/data/venv/lib/python3.12/site-packages/oslo_config/cfg.py:2824}}
Feb 17 02:16:28.588085 np0000155872 nova-scheduler[108734]: DEBUG cotyledon.oslo_config_glue [-] oslo_reports.file_event_handler = None {{(pid=108734) log_opt_values /opt/stack/data/venv/lib/python3.12/site-packages/oslo_config/cfg.py:2824}}
Feb 17 02:16:28.588085 np0000155872 nova-scheduler[108734]: DEBUG cotyledon.oslo_config_glue [-] oslo_reports.file_event_handler_interval = 1 {{(pid=108734) log_opt_values /opt/stack/data/venv/lib/python3.12/site-packages/oslo_config/cfg.py:2824}}
Feb 17 02:16:28.588085 np0000155872 nova-scheduler[108734]: DEBUG cotyledon.oslo_config_glue [-] oslo_reports.log_dir = None {{(pid=108734) log_opt_values /opt/stack/data/venv/lib/python3.12/site-packages/oslo_config/cfg.py:2824}}
Feb 17 02:16:28.588085 np0000155872 nova-scheduler[108734]: DEBUG cotyledon.oslo_config_glue [-] ******************************************************************************** {{(pid=108734) log_opt_values /opt/stack/data/venv/lib/python3.12/site-packages/oslo_config/cfg.py:2828}}
Feb 17 02:16:28.588085 np0000155872 nova-scheduler[108734]: DEBUG cotyledon._service_worker [-] Run service ServiceWrapper(3) [108734] {{(pid=108734) wait_forever /opt/stack/data/venv/lib/python3.12/site-packages/cotyledon/_service_worker.py:218}}
Feb 17 02:16:28.588085 np0000155872 nova-scheduler[108734]: INFO nova.service [-] Starting scheduler node (version 32.1.0)
Feb 17 02:16:28.588085 np0000155872 nova-scheduler[108734]: INFO dbcounter [None req-ae53bb54-1e72-4288-a58c-3a22b5b69acf None None] Registered counter for database nova_cell0
Feb 17 02:16:28.588292 np0000155872 nova-scheduler[108724]: DEBUG dbcounter [-] [108724] Writer thread running {{(pid=108724) stat_writer /opt/stack/data/venv/lib/python3.12/site-packages/dbcounter.py:102}}
Feb 17 02:16:28.588322 np0000155872 nova-scheduler[108734]: DEBUG oslo_db.sqlalchemy.engines [None req-ae53bb54-1e72-4288-a58c-3a22b5b69acf None None] MySQL server mode set to STRICT_TRANS_TABLES,STRICT_ALL_TABLES,NO_ZERO_IN_DATE,NO_ZERO_DATE,ERROR_FOR_DIVISION_BY_ZERO,TRADITIONAL,NO_ENGINE_SUBSTITUTION {{(pid=108734) _check_effective_sql_mode /opt/stack/data/venv/lib/python3.12/site-packages/oslo_db/sqlalchemy/engines.py:325}}
Feb 17 02:16:28.588352 np0000155872 nova-scheduler[108710]: DEBUG nova.service [None req-fe808624-4567-47b5-bbd1-18f6d194e426 None None] Creating RPC server for service scheduler {{(pid=108710) start /opt/stack/nova/nova/service.py:177}}
Feb 17 02:16:28.588380 np0000155872 nova-scheduler[108717]: DEBUG nova.service [None req-a1beef52-4afe-40db-8010-a20d7eb4682c None None] Creating RPC server for service scheduler {{(pid=108717) start /opt/stack/nova/nova/service.py:177}}
Feb 17 02:16:28.588409 np0000155872 nova-scheduler[108734]: DEBUG dbcounter [-] [108734] Writer thread running {{(pid=108734) stat_writer /opt/stack/data/venv/lib/python3.12/site-packages/dbcounter.py:102}}
Feb 17 02:16:28.588440 np0000155872 nova-scheduler[108724]: DEBUG nova.service [None req-cace93bb-c0f0-42c5-8a72-2e1425ce1458 None None] Creating RPC server for service scheduler {{(pid=108724) start /opt/stack/nova/nova/service.py:177}}
Feb 17 02:16:28.589532 np0000155872 nova-scheduler[108734]: DEBUG nova.service [None req-ae53bb54-1e72-4288-a58c-3a22b5b69acf None None] Creating RPC server for service scheduler {{(pid=108734) start /opt/stack/nova/nova/service.py:177}}
Feb 17 02:16:28.608555 np0000155872 nova-scheduler[108734]: DEBUG nova.service [None req-ae53bb54-1e72-4288-a58c-3a22b5b69acf None None] Join ServiceGroup membership for this service scheduler {{(pid=108734) start /opt/stack/nova/nova/service.py:194}}
Feb 17 02:16:28.608950 np0000155872 nova-scheduler[108734]: DEBUG nova.servicegroup.drivers.db [None req-ae53bb54-1e72-4288-a58c-3a22b5b69acf None None] DB_Driver: join new ServiceGroup member np0000155872 to the scheduler group, service = {{(pid=108734) join /opt/stack/nova/nova/servicegroup/drivers/db.py:44}}
Feb 17 02:16:28.610166 np0000155872 nova-scheduler[108724]: DEBUG nova.service [None req-cace93bb-c0f0-42c5-8a72-2e1425ce1458 None None] Join ServiceGroup membership for this service scheduler {{(pid=108724) start /opt/stack/nova/nova/service.py:194}}
Feb 17 02:16:28.610480 np0000155872 nova-scheduler[108724]: DEBUG nova.servicegroup.drivers.db [None req-cace93bb-c0f0-42c5-8a72-2e1425ce1458 None None] DB_Driver: join new ServiceGroup member np0000155872 to the scheduler group, service = {{(pid=108724) join /opt/stack/nova/nova/servicegroup/drivers/db.py:44}}
Feb 17 02:16:28.618275 np0000155872 nova-scheduler[108710]: DEBUG nova.service [None req-fe808624-4567-47b5-bbd1-18f6d194e426 None None] Join ServiceGroup membership for this service scheduler {{(pid=108710) start /opt/stack/nova/nova/service.py:194}}
Feb 17 02:16:28.618508 np0000155872 nova-scheduler[108710]: DEBUG nova.servicegroup.drivers.db [None req-fe808624-4567-47b5-bbd1-18f6d194e426 None None] DB_Driver: join new ServiceGroup member np0000155872 to the scheduler group, service = {{(pid=108710) join /opt/stack/nova/nova/servicegroup/drivers/db.py:44}}
Feb 17 02:16:28.624023 np0000155872 nova-scheduler[108717]: DEBUG nova.service [None req-a1beef52-4afe-40db-8010-a20d7eb4682c None None] Join ServiceGroup membership for this service scheduler {{(pid=108717) start /opt/stack/nova/nova/service.py:194}}
Feb 17 02:16:28.624175 np0000155872 nova-scheduler[108717]: DEBUG nova.servicegroup.drivers.db [None req-a1beef52-4afe-40db-8010-a20d7eb4682c None None] DB_Driver: join new ServiceGroup member np0000155872 to the scheduler group, service = {{(pid=108717) join /opt/stack/nova/nova/servicegroup/drivers/db.py:44}}
Feb 17 02:16:30.613406 np0000155872 nova-scheduler[108724]: DEBUG oslo.service.backend._threading.loopingcall [None req-de2e64af-3c5c-42b8-b504-52623db50c22 None None] Dynamic interval looping call 'nova.service.Service.periodic_tasks' sleeping for 60.00 seconds {{(pid=108724) _run_loop /opt/stack/data/venv/lib/python3.12/site-packages/oslo_service/backend/_threading/loopingcall.py:125}}
Feb 17 02:16:33.633539 np0000155872 nova-scheduler[108734]: DEBUG oslo.service.backend._threading.loopingcall [-] Fixed interval looping call 'nova.servicegroup.drivers.db.DbDriver._report_state' sleeping for 119.98 seconds {{(pid=108734) _run_loop /opt/stack/data/venv/lib/python3.12/site-packages/oslo_service/backend/_threading/loopingcall.py:125}}
Feb 17 02:16:33.634693 np0000155872 nova-scheduler[108724]: DEBUG oslo.service.backend._threading.loopingcall [-] Fixed interval looping call 'nova.servicegroup.drivers.db.DbDriver._report_state' sleeping for 119.98 seconds {{(pid=108724) _run_loop /opt/stack/data/venv/lib/python3.12/site-packages/oslo_service/backend/_threading/loopingcall.py:125}}
Feb 17 02:16:33.635127 np0000155872 nova-scheduler[108710]: DEBUG oslo.service.backend._threading.loopingcall [-] Fixed interval looping call 'nova.servicegroup.drivers.db.DbDriver._report_state' sleeping for 119.99 seconds {{(pid=108710) _run_loop /opt/stack/data/venv/lib/python3.12/site-packages/oslo_service/backend/_threading/loopingcall.py:125}}
Feb 17 02:16:33.637894 np0000155872 nova-scheduler[108717]: DEBUG oslo.service.backend._threading.loopingcall [-] Fixed interval looping call 'nova.servicegroup.drivers.db.DbDriver._report_state' sleeping for 119.99 seconds {{(pid=108717) _run_loop /opt/stack/data/venv/lib/python3.12/site-packages/oslo_service/backend/_threading/loopingcall.py:125}}
Feb 17 02:16:37.152022 np0000155872 nova-scheduler[107969]: DEBUG dbcounter [-] [107969] Writing DB stats nova_api:SELECT=3 {{(pid=107969) stat_writer /opt/stack/data/venv/lib/python3.12/site-packages/dbcounter.py:115}}
Feb 17 02:16:37.260132 np0000155872 nova-scheduler[107969]: DEBUG dbcounter [-] [107969] Writing DB stats nova_cell0:SELECT=1 {{(pid=107969) stat_writer /opt/stack/data/venv/lib/python3.12/site-packages/dbcounter.py:115}}
Feb 17 02:16:37.265193 np0000155872 nova-scheduler[107969]: DEBUG dbcounter [-] [107969] Writing DB stats nova_cell1:SELECT=1 {{(pid=107969) stat_writer /opt/stack/data/venv/lib/python3.12/site-packages/dbcounter.py:115}}
Feb 17 02:16:41.613100 np0000155872 nova-scheduler[108734]: DEBUG oslo.service.backend._threading.loopingcall [None req-98b20a3f-ed32-4962-9348-a7ad721c292b None None] Dynamic interval looping call 'nova.service.Service.periodic_tasks' sleeping for 60.00 seconds {{(pid=108734) _run_loop /opt/stack/data/venv/lib/python3.12/site-packages/oslo_service/backend/_threading/loopingcall.py:125}}
Feb 17 02:16:43.625617 np0000155872 nova-scheduler[108734]: DEBUG dbcounter [-] [108734] Writing DB stats nova_cell0:SELECT=3,nova_cell0:UPDATE=1 {{(pid=108734) stat_writer /opt/stack/data/venv/lib/python3.12/site-packages/dbcounter.py:115}}
Feb 17 02:16:43.626317 np0000155872 nova-scheduler[108724]: DEBUG dbcounter [-] [108724] Writing DB stats nova_cell0:SELECT=5,nova_cell0:INSERT=1,nova_cell0:UPDATE=1 {{(pid=108724) stat_writer /opt/stack/data/venv/lib/python3.12/site-packages/dbcounter.py:115}}
Feb 17 02:16:43.632318 np0000155872 nova-scheduler[108710]: DEBUG dbcounter [-] [108710] Writing DB stats nova_cell0:SELECT=4,nova_cell0:INSERT=1,nova_cell0:UPDATE=1 {{(pid=108710) stat_writer /opt/stack/data/venv/lib/python3.12/site-packages/dbcounter.py:115}}
Feb 17 02:16:43.635263 np0000155872 nova-scheduler[108717]: DEBUG dbcounter [-] [108717] Writing DB stats nova_cell0:SELECT=5,nova_cell0:INSERT=1 {{(pid=108717) stat_writer /opt/stack/data/venv/lib/python3.12/site-packages/dbcounter.py:115}}
Feb 17 02:17:04.629363 np0000155872 nova-scheduler[108717]: DEBUG oslo.service.backend._threading.loopingcall [None req-92f0e231-b724-49fb-bf89-95da74204f71 None None] Dynamic interval looping call 'nova.service.Service.periodic_tasks' sleeping for 60.00 seconds {{(pid=108717) _run_loop /opt/stack/data/venv/lib/python3.12/site-packages/oslo_service/backend/_threading/loopingcall.py:125}}
Feb 17 02:17:28.624207 np0000155872 nova-scheduler[108710]: DEBUG oslo.service.backend._threading.loopingcall [None req-517de8eb-4fff-4b98-b046-fffbfad20c4e None None] Dynamic interval looping call 'nova.service.Service.periodic_tasks' sleeping for 60.00 seconds {{(pid=108710) _run_loop /opt/stack/data/venv/lib/python3.12/site-packages/oslo_service/backend/_threading/loopingcall.py:125}}
Feb 17 02:17:30.614230 np0000155872 nova-scheduler[108724]: DEBUG oslo.service.backend._threading.loopingcall [None req-de2e64af-3c5c-42b8-b504-52623db50c22 None None] Dynamic interval looping call 'nova.service.Service.periodic_tasks' sleeping for 60.00 seconds {{(pid=108724) _run_loop /opt/stack/data/venv/lib/python3.12/site-packages/oslo_service/backend/_threading/loopingcall.py:125}}
Feb 17 02:17:41.613948 np0000155872 nova-scheduler[108734]: DEBUG oslo.service.backend._threading.loopingcall [None req-98b20a3f-ed32-4962-9348-a7ad721c292b None None] Dynamic interval looping call 'nova.service.Service.periodic_tasks' sleeping for 60.00 seconds {{(pid=108734) _run_loop /opt/stack/data/venv/lib/python3.12/site-packages/oslo_service/backend/_threading/loopingcall.py:125}}
Feb 17 02:18:04.630082 np0000155872 nova-scheduler[108717]: DEBUG oslo.service.backend._threading.loopingcall [None req-92f0e231-b724-49fb-bf89-95da74204f71 None None] Dynamic interval looping call 'nova.service.Service.periodic_tasks' sleeping for 60.00 seconds {{(pid=108717) _run_loop /opt/stack/data/venv/lib/python3.12/site-packages/oslo_service/backend/_threading/loopingcall.py:125}}
Feb 17 02:18:28.625235 np0000155872 nova-scheduler[108710]: DEBUG oslo.service.backend._threading.loopingcall [None req-517de8eb-4fff-4b98-b046-fffbfad20c4e None None] Dynamic interval looping call 'nova.service.Service.periodic_tasks' sleeping for 60.00 seconds {{(pid=108710) _run_loop /opt/stack/data/venv/lib/python3.12/site-packages/oslo_service/backend/_threading/loopingcall.py:125}}
Feb 17 02:18:30.614940 np0000155872 nova-scheduler[108724]: DEBUG oslo.service.backend._threading.loopingcall [None req-de2e64af-3c5c-42b8-b504-52623db50c22 None None] Dynamic interval looping call 'nova.service.Service.periodic_tasks' sleeping for 60.00 seconds {{(pid=108724) _run_loop /opt/stack/data/venv/lib/python3.12/site-packages/oslo_service/backend/_threading/loopingcall.py:125}}
Feb 17 02:18:33.650433 np0000155872 nova-scheduler[108734]: DEBUG oslo.service.backend._threading.loopingcall [-] Fixed interval looping call 'nova.servicegroup.drivers.db.DbDriver._report_state' sleeping for 119.96 seconds {{(pid=108734) _run_loop /opt/stack/data/venv/lib/python3.12/site-packages/oslo_service/backend/_threading/loopingcall.py:125}}
Feb 17 02:18:33.652115 np0000155872 nova-scheduler[108724]: DEBUG oslo.service.backend._threading.loopingcall [-] Fixed interval looping call 'nova.servicegroup.drivers.db.DbDriver._report_state' sleeping for 119.96 seconds {{(pid=108724) _run_loop /opt/stack/data/venv/lib/python3.12/site-packages/oslo_service/backend/_threading/loopingcall.py:125}}
Feb 17 02:18:33.652821 np0000155872 nova-scheduler[108710]: DEBUG oslo.service.backend._threading.loopingcall [-] Fixed interval looping call 'nova.servicegroup.drivers.db.DbDriver._report_state' sleeping for 119.97 seconds {{(pid=108710) _run_loop /opt/stack/data/venv/lib/python3.12/site-packages/oslo_service/backend/_threading/loopingcall.py:125}}
Feb 17 02:18:33.653437 np0000155872 nova-scheduler[108717]: DEBUG oslo.service.backend._threading.loopingcall [-] Fixed interval looping call 'nova.servicegroup.drivers.db.DbDriver._report_state' sleeping for 119.97 seconds {{(pid=108717) _run_loop /opt/stack/data/venv/lib/python3.12/site-packages/oslo_service/backend/_threading/loopingcall.py:125}}
Feb 17 02:18:41.614765 np0000155872 nova-scheduler[108734]: DEBUG oslo.service.backend._threading.loopingcall [None req-98b20a3f-ed32-4962-9348-a7ad721c292b None None] Dynamic interval looping call 'nova.service.Service.periodic_tasks' sleeping for 60.00 seconds {{(pid=108734) _run_loop /opt/stack/data/venv/lib/python3.12/site-packages/oslo_service/backend/_threading/loopingcall.py:125}}
Feb 17 02:18:43.619097 np0000155872 nova-scheduler[108734]: DEBUG dbcounter [-] [108734] Writing DB stats nova_cell0:SELECT=1,nova_cell0:UPDATE=1 {{(pid=108734) stat_writer /opt/stack/data/venv/lib/python3.12/site-packages/dbcounter.py:115}}
Feb 17 02:18:43.620409 np0000155872 nova-scheduler[108724]: DEBUG dbcounter [-] [108724] Writing DB stats nova_cell0:SELECT=1,nova_cell0:UPDATE=1 {{(pid=108724) stat_writer /opt/stack/data/venv/lib/python3.12/site-packages/dbcounter.py:115}}
Feb 17 02:18:43.630139 np0000155872 nova-scheduler[108710]: DEBUG dbcounter [-] [108710] Writing DB stats nova_cell0:SELECT=1,nova_cell0:UPDATE=1 {{(pid=108710) stat_writer /opt/stack/data/venv/lib/python3.12/site-packages/dbcounter.py:115}}
Feb 17 02:18:43.635438 np0000155872 nova-scheduler[108717]: DEBUG dbcounter [-] [108717] Writing DB stats nova_cell0:SELECT=1,nova_cell0:UPDATE=1 {{(pid=108717) stat_writer /opt/stack/data/venv/lib/python3.12/site-packages/dbcounter.py:115}}
Feb 17 02:19:04.630856 np0000155872 nova-scheduler[108717]: DEBUG oslo.service.backend._threading.loopingcall [None req-92f0e231-b724-49fb-bf89-95da74204f71 None None] Dynamic interval looping call 'nova.service.Service.periodic_tasks' sleeping for 60.00 seconds {{(pid=108717) _run_loop /opt/stack/data/venv/lib/python3.12/site-packages/oslo_service/backend/_threading/loopingcall.py:125}}
Feb 17 02:19:28.626230 np0000155872 nova-scheduler[108710]: DEBUG oslo.service.backend._threading.loopingcall [None req-517de8eb-4fff-4b98-b046-fffbfad20c4e None None] Dynamic interval looping call 'nova.service.Service.periodic_tasks' sleeping for 60.00 seconds {{(pid=108710) _run_loop /opt/stack/data/venv/lib/python3.12/site-packages/oslo_service/backend/_threading/loopingcall.py:125}}
Feb 17 02:19:30.615896 np0000155872 nova-scheduler[108724]: DEBUG oslo.service.backend._threading.loopingcall [None req-de2e64af-3c5c-42b8-b504-52623db50c22 None None] Dynamic interval looping call 'nova.service.Service.periodic_tasks' sleeping for 60.00 seconds {{(pid=108724) _run_loop /opt/stack/data/venv/lib/python3.12/site-packages/oslo_service/backend/_threading/loopingcall.py:125}}
Feb 17 02:19:41.615627 np0000155872 nova-scheduler[108734]: DEBUG oslo.service.backend._threading.loopingcall [None req-98b20a3f-ed32-4962-9348-a7ad721c292b None None] Dynamic interval looping call 'nova.service.Service.periodic_tasks' sleeping for 60.00 seconds {{(pid=108734) _run_loop /opt/stack/data/venv/lib/python3.12/site-packages/oslo_service/backend/_threading/loopingcall.py:125}}
Feb 17 02:20:04.631522 np0000155872 nova-scheduler[108717]: DEBUG oslo.service.backend._threading.loopingcall [None req-92f0e231-b724-49fb-bf89-95da74204f71 None None] Dynamic interval looping call 'nova.service.Service.periodic_tasks' sleeping for 60.00 seconds {{(pid=108717) _run_loop /opt/stack/data/venv/lib/python3.12/site-packages/oslo_service/backend/_threading/loopingcall.py:125}}
Feb 17 02:20:25.733590 np0000155872 nova-scheduler[108734]: DEBUG nova.scheduler.manager [None req-bd70ff46-68de-4e3e-95fe-b2a8cd42ce45 demo demo] Starting to schedule for instances: ['e22d117f-3ad7-49ae-ac9c-96220aada8be'] {{(pid=108734) select_destinations /opt/stack/nova/nova/scheduler/manager.py:187}}
Feb 17 02:20:25.736489 np0000155872 nova-scheduler[108734]: DEBUG oslo_db.sqlalchemy.engines [None req-bd70ff46-68de-4e3e-95fe-b2a8cd42ce45 demo demo] Parent process 107969 forked (108734) with an open database connection, which is being discarded and recreated. {{(pid=108734) checkout /opt/stack/data/venv/lib/python3.12/site-packages/oslo_db/sqlalchemy/engines.py:402}}
Feb 17 02:20:25.744381 np0000155872 nova-scheduler[108734]: DEBUG dbcounter [-] [108734] Writer thread running {{(pid=108734) stat_writer /opt/stack/data/venv/lib/python3.12/site-packages/dbcounter.py:102}}
Feb 17 02:20:25.746452 np0000155872 nova-scheduler[108734]: DEBUG nova.scheduler.request_filter [None req-bd70ff46-68de-4e3e-95fe-b2a8cd42ce45 demo demo] Request filter 'map_az_to_placement_aggregate' took 0.0 seconds {{(pid=108734) wrapper /opt/stack/nova/nova/scheduler/request_filter.py:46}}
