Feb 17 02:26:00.237678 np0000155886 neutron-periodic-workers[105396]: DEBUG cotyledon.oslo_config_glue [-] ml2.tunnelled_network_rp_name = rp_tunnelled {{(pid=105396) log_opt_values /opt/stack/data/venv/lib/python3.12/site-packages/oslo_config/cfg.py:2824}}
Feb 17 02:26:00.237731 np0000155886 neutron-periodic-workers[105396]: DEBUG cotyledon.oslo_config_glue [-] ml2.type_drivers = ['local', 'flat', 'vlan', 'geneve'] {{(pid=105396) log_opt_values /opt/stack/data/venv/lib/python3.12/site-packages/oslo_config/cfg.py:2824}}
Feb 17 02:26:00.237822 np0000155886 neutron-periodic-workers[105396]: DEBUG cotyledon.oslo_config_glue [-] ml2_type_flat.flat_networks = ['public'] {{(pid=105396) log_opt_values /opt/stack/data/venv/lib/python3.12/site-packages/oslo_config/cfg.py:2824}}
Feb 17 02:26:00.237981 np0000155886 neutron-periodic-workers[105396]: DEBUG cotyledon.oslo_config_glue [-] ml2_type_geneve.max_header_size = 38 {{(pid=105396) log_opt_values /opt/stack/data/venv/lib/python3.12/site-packages/oslo_config/cfg.py:2824}}
Feb 17 02:26:00.238067 np0000155886 neutron-periodic-workers[105396]: DEBUG cotyledon.oslo_config_glue [-] ml2_type_geneve.vni_ranges = ['1:65536'] {{(pid=105396) log_opt_values /opt/stack/data/venv/lib/python3.12/site-packages/oslo_config/cfg.py:2824}}
Feb 17 02:26:00.238174 np0000155886 neutron-periodic-workers[105396]: DEBUG cotyledon.oslo_config_glue [-] ml2_type_vlan.network_vlan_ranges = ['public'] {{(pid=105396) log_opt_values /opt/stack/data/venv/lib/python3.12/site-packages/oslo_config/cfg.py:2824}}
Feb 17 02:26:00.238267 np0000155886 neutron-periodic-workers[105396]: DEBUG cotyledon.oslo_config_glue [-] network_log.burst_limit = 25 {{(pid=105396) log_opt_values /opt/stack/data/venv/lib/python3.12/site-packages/oslo_config/cfg.py:2824}}
Feb 17 02:26:00.238372 np0000155886 neutron-periodic-workers[105396]: DEBUG cotyledon.oslo_config_glue [-] network_log.local_output_log_base = None {{(pid=105396) log_opt_values /opt/stack/data/venv/lib/python3.12/site-packages/oslo_config/cfg.py:2824}}
Feb 17 02:26:00.238436 np0000155886 neutron-periodic-workers[105396]: DEBUG cotyledon.oslo_config_glue [-] network_log.rate_limit = 100 {{(pid=105396) log_opt_values /opt/stack/data/venv/lib/python3.12/site-packages/oslo_config/cfg.py:2824}}
Feb 17 02:26:00.238525 np0000155886 neutron-periodic-workers[105396]: DEBUG cotyledon.oslo_config_glue [-] database.asyncio_connection = **** {{(pid=105396) log_opt_values /opt/stack/data/venv/lib/python3.12/site-packages/oslo_config/cfg.py:2824}}
Feb 17 02:26:00.238574 np0000155886 neutron-periodic-workers[105396]: DEBUG cotyledon.oslo_config_glue [-] database.asyncio_slave_connection = **** {{(pid=105396) log_opt_values /opt/stack/data/venv/lib/python3.12/site-packages/oslo_config/cfg.py:2824}}
Feb 17 02:26:00.238654 np0000155886 neutron-periodic-workers[105396]: DEBUG cotyledon.oslo_config_glue [-] database.backend = sqlalchemy {{(pid=105396) log_opt_values /opt/stack/data/venv/lib/python3.12/site-packages/oslo_config/cfg.py:2824}}
Feb 17 02:26:00.238720 np0000155886 neutron-periodic-workers[105396]: DEBUG cotyledon.oslo_config_glue [-] database.connection = **** {{(pid=105396) log_opt_values /opt/stack/data/venv/lib/python3.12/site-packages/oslo_config/cfg.py:2824}}
Feb 17 02:26:00.238785 np0000155886 neutron-periodic-workers[105396]: DEBUG cotyledon.oslo_config_glue [-] database.connection_debug = 0 {{(pid=105396) log_opt_values /opt/stack/data/venv/lib/python3.12/site-packages/oslo_config/cfg.py:2824}}
Feb 17 02:26:00.238939 np0000155886 neutron-periodic-workers[105396]: DEBUG cotyledon.oslo_config_glue [-] database.connection_parameters = {{(pid=105396) log_opt_values /opt/stack/data/venv/lib/python3.12/site-packages/oslo_config/cfg.py:2824}}
Feb 17 02:26:00.238979 np0000155886 neutron-periodic-workers[105396]: DEBUG cotyledon.oslo_config_glue [-] database.connection_recycle_time = 3600 {{(pid=105396) log_opt_values /opt/stack/data/venv/lib/python3.12/site-packages/oslo_config/cfg.py:2824}}
Feb 17 02:26:00.239014 np0000155886 neutron-periodic-workers[105396]: DEBUG cotyledon.oslo_config_glue [-] database.connection_trace = False {{(pid=105396) log_opt_values /opt/stack/data/venv/lib/python3.12/site-packages/oslo_config/cfg.py:2824}}
Feb 17 02:26:00.239143 np0000155886 neutron-periodic-workers[105396]: DEBUG cotyledon.oslo_config_glue [-] database.db_inc_retry_interval = True {{(pid=105396) log_opt_values /opt/stack/data/venv/lib/python3.12/site-packages/oslo_config/cfg.py:2824}}
Feb 17 02:26:00.239143 np0000155886 neutron-periodic-workers[105396]: DEBUG cotyledon.oslo_config_glue [-] database.db_max_retries = 20 {{(pid=105396) log_opt_values /opt/stack/data/venv/lib/python3.12/site-packages/oslo_config/cfg.py:2824}}
Feb 17 02:26:00.239271 np0000155886 neutron-periodic-workers[105396]: DEBUG cotyledon.oslo_config_glue [-] database.db_max_retry_interval = 10 {{(pid=105396) log_opt_values /opt/stack/data/venv/lib/python3.12/site-packages/oslo_config/cfg.py:2824}}
Feb 17 02:26:00.239271 np0000155886 neutron-periodic-workers[105396]: DEBUG cotyledon.oslo_config_glue [-] database.db_retry_interval = 1 {{(pid=105396) log_opt_values /opt/stack/data/venv/lib/python3.12/site-packages/oslo_config/cfg.py:2824}}
Feb 17 02:26:00.239271 np0000155886 neutron-periodic-workers[105396]: DEBUG cotyledon.oslo_config_glue [-] database.max_overflow = 50 {{(pid=105396) log_opt_values /opt/stack/data/venv/lib/python3.12/site-packages/oslo_config/cfg.py:2824}}
Feb 17 02:26:00.239536 np0000155886 neutron-periodic-workers[105396]: DEBUG cotyledon.oslo_config_glue [-] database.max_pool_size = 5 {{(pid=105396) log_opt_values /opt/stack/data/venv/lib/python3.12/site-packages/oslo_config/cfg.py:2824}}
Feb 17 02:26:00.239536 np0000155886 neutron-periodic-workers[105396]: DEBUG cotyledon.oslo_config_glue [-] database.max_retries = 10 {{(pid=105396) log_opt_values /opt/stack/data/venv/lib/python3.12/site-packages/oslo_config/cfg.py:2824}}
Feb 17 02:26:00.239536 np0000155886 neutron-periodic-workers[105396]: DEBUG cotyledon.oslo_config_glue [-] database.mysql_sql_mode = TRADITIONAL {{(pid=105396) log_opt_values /opt/stack/data/venv/lib/python3.12/site-packages/oslo_config/cfg.py:2824}}
Feb 17 02:26:00.239536 np0000155886 neutron-periodic-workers[105396]: DEBUG cotyledon.oslo_config_glue [-] database.mysql_wsrep_sync_wait = None {{(pid=105396) log_opt_values /opt/stack/data/venv/lib/python3.12/site-packages/oslo_config/cfg.py:2824}}
Feb 17 02:26:00.239536 np0000155886 neutron-periodic-workers[105396]: DEBUG cotyledon.oslo_config_glue [-] database.pool_timeout = None {{(pid=105396) log_opt_values /opt/stack/data/venv/lib/python3.12/site-packages/oslo_config/cfg.py:2824}}
Feb 17 02:26:00.239536 np0000155886 neutron-periodic-workers[105396]: DEBUG cotyledon.oslo_config_glue [-] database.retry_interval = 10 {{(pid=105396) log_opt_values /opt/stack/data/venv/lib/python3.12/site-packages/oslo_config/cfg.py:2824}}
Feb 17 02:26:00.239840 np0000155886 neutron-periodic-workers[105396]: DEBUG cotyledon.oslo_config_glue [-] database.slave_connection = **** {{(pid=105396) log_opt_values /opt/stack/data/venv/lib/python3.12/site-packages/oslo_config/cfg.py:2824}}
Feb 17 02:26:00.239840 np0000155886 neutron-periodic-workers[105396]: DEBUG cotyledon.oslo_config_glue [-] database.sqlite_synchronous = True {{(pid=105396) log_opt_values /opt/stack/data/venv/lib/python3.12/site-packages/oslo_config/cfg.py:2824}}
Feb 17 02:26:00.239840 np0000155886 neutron-periodic-workers[105396]: DEBUG cotyledon.oslo_config_glue [-] database.synchronous_reader = True {{(pid=105396) log_opt_values /opt/stack/data/venv/lib/python3.12/site-packages/oslo_config/cfg.py:2824}}
Feb 17 02:26:00.239840 np0000155886 neutron-periodic-workers[105396]: DEBUG cotyledon.oslo_config_glue [-] database.use_db_reconnect = False {{(pid=105396) log_opt_values /opt/stack/data/venv/lib/python3.12/site-packages/oslo_config/cfg.py:2824}}
Feb 17 02:26:00.239840 np0000155886 neutron-periodic-workers[105396]: DEBUG cotyledon.oslo_config_glue [-] ovn.broadcast_arps_to_all_routers = True {{(pid=105396) log_opt_values /opt/stack/data/venv/lib/python3.12/site-packages/oslo_config/cfg.py:2824}}
Feb 17 02:26:00.240163 np0000155886 neutron-periodic-workers[105396]: DEBUG cotyledon.oslo_config_glue [-] ovn.dhcp_default_lease_time = 43200 {{(pid=105396) log_opt_values /opt/stack/data/venv/lib/python3.12/site-packages/oslo_config/cfg.py:2824}}
Feb 17 02:26:00.240163 np0000155886 neutron-periodic-workers[105396]: DEBUG cotyledon.oslo_config_glue [-] ovn.disable_ovn_dhcp_for_baremetal_ports = False {{(pid=105396) log_opt_values /opt/stack/data/venv/lib/python3.12/site-packages/oslo_config/cfg.py:2824}}
Feb 17 02:26:00.240163 np0000155886 neutron-periodic-workers[105396]: DEBUG cotyledon.oslo_config_glue [-] ovn.dns_records_ovn_owned = False {{(pid=105396) log_opt_values /opt/stack/data/venv/lib/python3.12/site-packages/oslo_config/cfg.py:2824}}
Feb 17 02:26:00.240163 np0000155886 neutron-periodic-workers[105396]: DEBUG cotyledon.oslo_config_glue [-] ovn.dns_servers = [] {{(pid=105396) log_opt_values /opt/stack/data/venv/lib/python3.12/site-packages/oslo_config/cfg.py:2824}}
Feb 17 02:26:00.240369 np0000155886 neutron-periodic-workers[105396]: DEBUG cotyledon.oslo_config_glue [-] ovn.enable_distributed_floating_ip = False {{(pid=105396) log_opt_values /opt/stack/data/venv/lib/python3.12/site-packages/oslo_config/cfg.py:2824}}
Feb 17 02:26:00.240435 np0000155886 neutron-periodic-workers[105396]: DEBUG cotyledon.oslo_config_glue [-] ovn.fdb_age_threshold = 0 {{(pid=105396) log_opt_values /opt/stack/data/venv/lib/python3.12/site-packages/oslo_config/cfg.py:2824}}
Feb 17 02:26:00.240503 np0000155886 neutron-periodic-workers[105396]: DEBUG cotyledon.oslo_config_glue [-] ovn.live_migration_activation_strategy = rarp {{(pid=105396) log_opt_values /opt/stack/data/venv/lib/python3.12/site-packages/oslo_config/cfg.py:2824}}
Feb 17 02:26:00.240567 np0000155886 neutron-periodic-workers[105396]: DEBUG cotyledon.oslo_config_glue [-] ovn.localnet_learn_fdb = False {{(pid=105396) log_opt_values /opt/stack/data/venv/lib/python3.12/site-packages/oslo_config/cfg.py:2824}}
Feb 17 02:26:00.240629 np0000155886 neutron-periodic-workers[105396]: DEBUG cotyledon.oslo_config_glue [-] ovn.mac_binding_age_threshold = 0 {{(pid=105396) log_opt_values /opt/stack/data/venv/lib/python3.12/site-packages/oslo_config/cfg.py:2824}}
Feb 17 02:26:00.240690 np0000155886 neutron-periodic-workers[105396]: DEBUG cotyledon.oslo_config_glue [-] ovn.neutron_sync_mode = log {{(pid=105396) log_opt_values /opt/stack/data/venv/lib/python3.12/site-packages/oslo_config/cfg.py:2824}}
Feb 17 02:26:00.240751 np0000155886 neutron-periodic-workers[105396]: DEBUG cotyledon.oslo_config_glue [-] ovn.ovn_dhcp4_global_options = {} {{(pid=105396) log_opt_values /opt/stack/data/venv/lib/python3.12/site-packages/oslo_config/cfg.py:2824}}
Feb 17 02:26:00.240811 np0000155886 neutron-periodic-workers[105396]: DEBUG cotyledon.oslo_config_glue [-] ovn.ovn_dhcp6_global_options = {} {{(pid=105396) log_opt_values /opt/stack/data/venv/lib/python3.12/site-packages/oslo_config/cfg.py:2824}}
Feb 17 02:26:00.240870 np0000155886 neutron-periodic-workers[105396]: DEBUG cotyledon.oslo_config_glue [-] ovn.ovn_l3_scheduler = leastloaded {{(pid=105396) log_opt_values /opt/stack/data/venv/lib/python3.12/site-packages/oslo_config/cfg.py:2824}}
Feb 17 02:26:00.240937 np0000155886 neutron-periodic-workers[105396]: DEBUG cotyledon.oslo_config_glue [-] ovn.ovn_metadata_enabled = True {{(pid=105396) log_opt_values /opt/stack/data/venv/lib/python3.12/site-packages/oslo_config/cfg.py:2824}}
Feb 17 02:26:00.240999 np0000155886 neutron-periodic-workers[105396]: DEBUG cotyledon.oslo_config_glue [-] ovn.ovn_nb_ca_cert = /opt/stack/data/CA/int-ca/ca-chain.pem {{(pid=105396) log_opt_values /opt/stack/data/venv/lib/python3.12/site-packages/oslo_config/cfg.py:2824}}
Feb 17 02:26:00.241082 np0000155886 neutron-periodic-workers[105396]: DEBUG cotyledon.oslo_config_glue [-] ovn.ovn_nb_certificate = /opt/stack/data/CA/int-ca/devstack-cert.crt {{(pid=105396) log_opt_values /opt/stack/data/venv/lib/python3.12/site-packages/oslo_config/cfg.py:2824}}
Feb 17 02:26:00.241175 np0000155886 neutron-periodic-workers[105396]: DEBUG cotyledon.oslo_config_glue [-] ovn.ovn_nb_connection = ['ssl:199.204.45.210:6641'] {{(pid=105396) log_opt_values /opt/stack/data/venv/lib/python3.12/site-packages/oslo_config/cfg.py:2824}}
Feb 17 02:26:00.241175 np0000155886 neutron-periodic-workers[105396]: DEBUG cotyledon.oslo_config_glue [-] ovn.ovn_nb_private_key = /opt/stack/data/CA/int-ca/private/devstack-cert.key {{(pid=105396) log_opt_values /opt/stack/data/venv/lib/python3.12/site-packages/oslo_config/cfg.py:2824}}
Feb 17 02:26:00.241257 np0000155886 neutron-periodic-workers[105396]: DEBUG cotyledon.oslo_config_glue [-] ovn.ovn_router_indirect_snat = False {{(pid=105396) log_opt_values /opt/stack/data/venv/lib/python3.12/site-packages/oslo_config/cfg.py:2824}}
Feb 17 02:26:00.241325 np0000155886 neutron-periodic-workers[105396]: DEBUG cotyledon.oslo_config_glue [-] ovn.ovn_sb_ca_cert = /opt/stack/data/CA/int-ca/ca-chain.pem {{(pid=105396) log_opt_values /opt/stack/data/venv/lib/python3.12/site-packages/oslo_config/cfg.py:2824}}
Feb 17 02:26:00.241390 np0000155886 neutron-periodic-workers[105396]: DEBUG cotyledon.oslo_config_glue [-] ovn.ovn_sb_certificate = /opt/stack/data/CA/int-ca/devstack-cert.crt {{(pid=105396) log_opt_values /opt/stack/data/venv/lib/python3.12/site-packages/oslo_config/cfg.py:2824}}
Feb 17 02:26:00.241458 np0000155886 neutron-periodic-workers[105396]: DEBUG cotyledon.oslo_config_glue [-] ovn.ovn_sb_connection = ['ssl:199.204.45.210:6642'] {{(pid=105396) log_opt_values /opt/stack/data/venv/lib/python3.12/site-packages/oslo_config/cfg.py:2824}}
Feb 17 02:26:00.241530 np0000155886 neutron-periodic-workers[105396]: DEBUG cotyledon.oslo_config_glue [-] ovn.ovn_sb_private_key = /opt/stack/data/CA/int-ca/private/devstack-cert.key {{(pid=105396) log_opt_values /opt/stack/data/venv/lib/python3.12/site-packages/oslo_config/cfg.py:2824}}
Feb 17 02:26:00.241609 np0000155886 neutron-periodic-workers[105396]: DEBUG cotyledon.oslo_config_glue [-] ovn.ovs_create_tap = False {{(pid=105396) log_opt_values /opt/stack/data/venv/lib/python3.12/site-packages/oslo_config/cfg.py:2824}}
Feb 17 02:26:00.241678 np0000155886 neutron-periodic-workers[105396]: DEBUG cotyledon.oslo_config_glue [-] ovn.ovsdb_connection_timeout = 180 {{(pid=105396) log_opt_values /opt/stack/data/venv/lib/python3.12/site-packages/oslo_config/cfg.py:2824}}
Feb 17 02:26:00.241746 np0000155886 neutron-periodic-workers[105396]: DEBUG cotyledon.oslo_config_glue [-] ovn.ovsdb_log_level = INFO {{(pid=105396) log_opt_values /opt/stack/data/venv/lib/python3.12/site-packages/oslo_config/cfg.py:2824}}
Feb 17 02:26:00.241814 np0000155886 neutron-periodic-workers[105396]: DEBUG cotyledon.oslo_config_glue [-] ovn.ovsdb_probe_interval = 60000 {{(pid=105396) log_opt_values /opt/stack/data/venv/lib/python3.12/site-packages/oslo_config/cfg.py:2824}}
Feb 17 02:26:00.241884 np0000155886 neutron-periodic-workers[105396]: DEBUG cotyledon.oslo_config_glue [-] ovn.ovsdb_retry_max_interval = 180 {{(pid=105396) log_opt_values /opt/stack/data/venv/lib/python3.12/site-packages/oslo_config/cfg.py:2824}}
Feb 17 02:26:00.241954 np0000155886 neutron-periodic-workers[105396]: DEBUG cotyledon.oslo_config_glue [-] ovn.stateless_nat_enabled = False {{(pid=105396) log_opt_values /opt/stack/data/venv/lib/python3.12/site-packages/oslo_config/cfg.py:2824}}
Feb 17 02:26:00.242064 np0000155886 neutron-periodic-workers[105396]: DEBUG cotyledon.oslo_config_glue [-] ovn.vhost_sock_dir = /var/run/openvswitch {{(pid=105396) log_opt_values /opt/stack/data/venv/lib/python3.12/site-packages/oslo_config/cfg.py:2824}}
Feb 17 02:26:00.242158 np0000155886 neutron-periodic-workers[105396]: DEBUG cotyledon.oslo_config_glue [-] OVS.bridge_mac_table_size = 50000 {{(pid=105396) log_opt_values /opt/stack/data/venv/lib/python3.12/site-packages/oslo_config/cfg.py:2824}}
Feb 17 02:26:00.242230 np0000155886 neutron-periodic-workers[105396]: DEBUG cotyledon.oslo_config_glue [-] OVS.igmp_flood = False {{(pid=105396) log_opt_values /opt/stack/data/venv/lib/python3.12/site-packages/oslo_config/cfg.py:2824}}
Feb 17 02:26:00.242230 np0000155886 neutron-periodic-workers[105396]: DEBUG cotyledon.oslo_config_glue [-] OVS.igmp_flood_reports = True {{(pid=105396) log_opt_values /opt/stack/data/venv/lib/python3.12/site-packages/oslo_config/cfg.py:2824}}
Feb 17 02:26:00.242288 np0000155886 neutron-periodic-workers[105396]: DEBUG cotyledon.oslo_config_glue [-] OVS.igmp_flood_unregistered = False {{(pid=105396) log_opt_values /opt/stack/data/venv/lib/python3.12/site-packages/oslo_config/cfg.py:2824}}
Feb 17 02:26:00.242348 np0000155886 neutron-periodic-workers[105396]: DEBUG cotyledon.oslo_config_glue [-] OVS.igmp_snooping_enable = False {{(pid=105396) log_opt_values /opt/stack/data/venv/lib/python3.12/site-packages/oslo_config/cfg.py:2824}}
Feb 17 02:26:00.242414 np0000155886 neutron-periodic-workers[105396]: DEBUG cotyledon.oslo_config_glue [-] OVS.ovsdb_timeout = 10 {{(pid=105396) log_opt_values /opt/stack/data/venv/lib/python3.12/site-packages/oslo_config/cfg.py:2824}}
Feb 17 02:26:00.242498 np0000155886 neutron-periodic-workers[105396]: DEBUG cotyledon.oslo_config_glue [-] ovn_nb_global.fdb_removal_limit = 0 {{(pid=105396) log_opt_values /opt/stack/data/venv/lib/python3.12/site-packages/oslo_config/cfg.py:2824}}
Feb 17 02:26:00.242609 np0000155886 neutron-periodic-workers[105396]: DEBUG cotyledon.oslo_config_glue [-] ovn_nb_global.ignore_lsp_down = False {{(pid=105396) log_opt_values /opt/stack/data/venv/lib/python3.12/site-packages/oslo_config/cfg.py:2824}}
Feb 17 02:26:00.242609 np0000155886 neutron-periodic-workers[105396]: DEBUG cotyledon.oslo_config_glue [-] ovn_nb_global.mac_binding_removal_limit = 0 {{(pid=105396) log_opt_values /opt/stack/data/venv/lib/python3.12/site-packages/oslo_config/cfg.py:2824}}
Feb 17 02:26:00.242702 np0000155886 neutron-periodic-workers[105396]: DEBUG cotyledon.oslo_config_glue [-] ******************************************************************************** {{(pid=105396) log_opt_values /opt/stack/data/venv/lib/python3.12/site-packages/oslo_config/cfg.py:2828}}
Feb 17 02:26:00.242927 np0000155886 neutron-periodic-workers[105396]: DEBUG cotyledon._service_worker [-] Run service ServiceWrapper(0) [105396] {{(pid=105396) wait_forever /opt/stack/data/venv/lib/python3.12/site-packages/cotyledon/_service_worker.py:218}}
Feb 17 02:26:09.832016 np0000155886 neutron-periodic-workers[104657]: DEBUG dbcounter [-] [104657] Writing DB stats neutron:SELECT=4 {{(pid=104657) stat_writer /opt/stack/data/venv/lib/python3.12/site-packages/dbcounter.py:115}}
Feb 17 02:26:58.174462 np0000155886 neutron-periodic-workers[105358]: DEBUG oslo_db.sqlalchemy.engines [None req-80d1a79c-371c-4a59-aa85-ca217c139bd8 None None] Parent process 104657 forked (105358) with an open database connection, which is being discarded and recreated. {{(pid=105358) checkout /opt/stack/data/venv/lib/python3.12/site-packages/oslo_db/sqlalchemy/engines.py:402}}
Feb 17 02:26:58.182374 np0000155886 neutron-periodic-workers[105358]: DEBUG dbcounter [-] [105358] Writer thread running {{(pid=105358) stat_writer /opt/stack/data/venv/lib/python3.12/site-packages/dbcounter.py:102}}
Feb 17 02:26:58.197938 np0000155886 neutron-periodic-workers[105358]: DEBUG oslo.service.backend._threading.loopingcall [None req-80d1a79c-371c-4a59-aa85-ca217c139bd8 None None] Fixed interval looping call 'neutron.plugins.ml2.plugin.DhcpAgentSchedulerDbMixin.remove_networks_from_down_agents' sleeping for 36.97 seconds {{(pid=105358) _run_loop /opt/stack/data/venv/lib/python3.12/site-packages/oslo_service/backend/_threading/loopingcall.py:125}}
Feb 17 02:27:03.199874 np0000155886 neutron-periodic-workers[105369]: DEBUG dbcounter [-] [105369] Writer thread running {{(pid=105369) stat_writer /opt/stack/data/venv/lib/python3.12/site-packages/dbcounter.py:102}}
Feb 17 02:27:03.205269 np0000155886 neutron-periodic-workers[105369]: DEBUG neutron.db.agents_db [None req-ca96a740-b3da-40ee-adf6-08ba64115054 None None] Agent healthcheck: found 0 active agents {{(pid=105369) agent_health_check /opt/stack/neutron/neutron/db/agents_db.py:317}}
Feb 17 02:27:03.205269 np0000155886 neutron-periodic-workers[105369]: DEBUG oslo.service.backend._threading.loopingcall [None req-ca96a740-b3da-40ee-adf6-08ba64115054 None None] Fixed interval looping call 'neutron.plugins.ml2.plugin.AgentDbMixin.agent_health_check' sleeping for 36.98 seconds {{(pid=105369) _run_loop /opt/stack/data/venv/lib/python3.12/site-packages/oslo_service/backend/_threading/loopingcall.py:125}}
Feb 17 02:27:08.196460 np0000155886 neutron-periodic-workers[105358]: DEBUG dbcounter [-] [105358] Writing DB stats neutron:SELECT=3 {{(pid=105358) stat_writer /opt/stack/data/venv/lib/python3.12/site-packages/dbcounter.py:115}}
Feb 17 02:27:13.200760 np0000155886 neutron-periodic-workers[105369]: DEBUG dbcounter [-] [105369] Writing DB stats neutron:SELECT=1 {{(pid=105369) stat_writer /opt/stack/data/venv/lib/python3.12/site-packages/dbcounter.py:115}}
Feb 17 02:27:35.179609 np0000155886 neutron-periodic-workers[105358]: DEBUG oslo.service.backend._threading.loopingcall [None req-80d1a79c-371c-4a59-aa85-ca217c139bd8 None None] Fixed interval looping call 'neutron.plugins.ml2.plugin.DhcpAgentSchedulerDbMixin.remove_networks_from_down_agents' sleeping for 36.99 seconds {{(pid=105358) _run_loop /opt/stack/data/venv/lib/python3.12/site-packages/oslo_service/backend/_threading/loopingcall.py:125}}
Feb 17 02:27:40.325635 np0000155886 neutron-periodic-workers[105369]: DEBUG neutron.db.agents_db [None req-ca96a740-b3da-40ee-adf6-08ba64115054 None None] Agent healthcheck: found 0 active agents {{(pid=105369) agent_health_check /opt/stack/neutron/neutron/db/agents_db.py:317}}
Feb 17 02:27:40.325635 np0000155886 neutron-periodic-workers[105369]: DEBUG oslo.service.backend._threading.loopingcall [None req-ca96a740-b3da-40ee-adf6-08ba64115054 None None] Fixed interval looping call 'neutron.plugins.ml2.plugin.AgentDbMixin.agent_health_check' sleeping for 36.99 seconds {{(pid=105369) _run_loop /opt/stack/data/venv/lib/python3.12/site-packages/oslo_service/backend/_threading/loopingcall.py:125}}
Feb 17 02:27:45.177985 np0000155886 neutron-periodic-workers[105358]: DEBUG dbcounter [-] [105358] Writing DB stats neutron:SELECT=3 {{(pid=105358) stat_writer /opt/stack/data/venv/lib/python3.12/site-packages/dbcounter.py:115}}
Feb 17 02:27:50.222879 np0000155886 neutron-periodic-workers[105369]: DEBUG dbcounter [-] [105369] Writing DB stats neutron:SELECT=1 {{(pid=105369) stat_writer /opt/stack/data/venv/lib/python3.12/site-packages/dbcounter.py:115}}
Feb 17 02:28:00.231727 np0000155886 neutron-periodic-workers[105381]: DEBUG dbcounter [-] [105381] Writer thread running {{(pid=105381) stat_writer /opt/stack/data/venv/lib/python3.12/site-packages/dbcounter.py:102}}
Feb 17 02:28:00.233450 np0000155886 neutron-periodic-workers[105381]: DEBUG oslo.service.backend._threading.loopingcall [None req-11742020-c6a1-4a0f-b534-918413589d8d None None] Fixed interval looping call 'neutron.db.quota.driver_nolock.DbQuotaNoLockDriver._remove_expired_reservations' sleeping for 119.98 seconds {{(pid=105381) _run_loop /opt/stack/data/venv/lib/python3.12/site-packages/oslo_service/backend/_threading/loopingcall.py:125}}
Feb 17 02:28:10.232728 np0000155886 neutron-periodic-workers[105381]: DEBUG dbcounter [-] [105381] Writing DB stats neutron:DELETE=1 {{(pid=105381) stat_writer /opt/stack/data/venv/lib/python3.12/site-packages/dbcounter.py:115}}
Feb 17 02:28:12.177752 np0000155886 neutron-periodic-workers[105358]: DEBUG oslo.service.backend._threading.loopingcall [None req-80d1a79c-371c-4a59-aa85-ca217c139bd8 None None] Fixed interval looping call 'neutron.plugins.ml2.plugin.DhcpAgentSchedulerDbMixin.remove_networks_from_down_agents' sleeping for 36.99 seconds {{(pid=105358) _run_loop /opt/stack/data/venv/lib/python3.12/site-packages/oslo_service/backend/_threading/loopingcall.py:125}}
Feb 17 02:28:17.186233 np0000155886 neutron-periodic-workers[105369]: DEBUG neutron.db.agents_db [None req-ca96a740-b3da-40ee-adf6-08ba64115054 None None] Agent healthcheck: found 0 active agents {{(pid=105369) agent_health_check /opt/stack/neutron/neutron/db/agents_db.py:317}}
Feb 17 02:28:17.186947 np0000155886 neutron-periodic-workers[105369]: DEBUG oslo.service.backend._threading.loopingcall [None req-ca96a740-b3da-40ee-adf6-08ba64115054 None None] Fixed interval looping call 'neutron.plugins.ml2.plugin.AgentDbMixin.agent_health_check' sleeping for 36.99 seconds {{(pid=105369) _run_loop /opt/stack/data/venv/lib/python3.12/site-packages/oslo_service/backend/_threading/loopingcall.py:125}}
Feb 17 02:28:22.176874 np0000155886 neutron-periodic-workers[105358]: DEBUG dbcounter [-] [105358] Writing DB stats neutron:SELECT=3 {{(pid=105358) stat_writer /opt/stack/data/venv/lib/python3.12/site-packages/dbcounter.py:115}}
Feb 17 02:28:27.184538 np0000155886 neutron-periodic-workers[105369]: DEBUG dbcounter [-] [105369] Writing DB stats neutron:SELECT=1 {{(pid=105369) stat_writer /opt/stack/data/venv/lib/python3.12/site-packages/dbcounter.py:115}}
Feb 17 02:28:49.181075 np0000155886 neutron-periodic-workers[105358]: DEBUG oslo.service.backend._threading.loopingcall [None req-80d1a79c-371c-4a59-aa85-ca217c139bd8 None None] Fixed interval looping call 'neutron.plugins.ml2.plugin.DhcpAgentSchedulerDbMixin.remove_networks_from_down_agents' sleeping for 36.99 seconds {{(pid=105358) _run_loop /opt/stack/data/venv/lib/python3.12/site-packages/oslo_service/backend/_threading/loopingcall.py:125}}
Feb 17 02:28:54.182389 np0000155886 neutron-periodic-workers[105369]: DEBUG neutron.db.agents_db [None req-ca96a740-b3da-40ee-adf6-08ba64115054 None None] Agent healthcheck: found 0 active agents {{(pid=105369) agent_health_check /opt/stack/neutron/neutron/db/agents_db.py:317}}
Feb 17 02:28:54.183326 np0000155886 neutron-periodic-workers[105369]: DEBUG oslo.service.backend._threading.loopingcall [None req-ca96a740-b3da-40ee-adf6-08ba64115054 None None] Fixed interval looping call 'neutron.plugins.ml2.plugin.AgentDbMixin.agent_health_check' sleeping for 36.99 seconds {{(pid=105369) _run_loop /opt/stack/data/venv/lib/python3.12/site-packages/oslo_service/backend/_threading/loopingcall.py:125}}
Feb 17 02:28:59.178794 np0000155886 neutron-periodic-workers[105358]: DEBUG dbcounter [-] [105358] Writing DB stats neutron:SELECT=3 {{(pid=105358) stat_writer /opt/stack/data/venv/lib/python3.12/site-packages/dbcounter.py:115}}
Feb 17 02:29:04.181206 np0000155886 neutron-periodic-workers[105369]: DEBUG dbcounter [-] [105369] Writing DB stats neutron:SELECT=1 {{(pid=105369) stat_writer /opt/stack/data/venv/lib/python3.12/site-packages/dbcounter.py:115}}
Feb 17 02:29:16.282332 np0000155886 neutron-periodic-workers[105396]: DEBUG dbcounter [-] [105396] Writer thread running {{(pid=105396) stat_writer /opt/stack/data/venv/lib/python3.12/site-packages/dbcounter.py:102}}
Feb 17 02:29:16.298355 np0000155886 neutron-periodic-workers[105396]: DEBUG oslo.service.backend._threading.loopingcall [None req-4f711410-ee66-467f-b4e6-a23d53957370 None None] Fixed interval looping call 'neutron.services.ovn_l3.plugin.L3_NAT_dbonly_mixin._clean_garbage' sleeping for 299.95 seconds {{(pid=105396) _run_loop /opt/stack/data/venv/lib/python3.12/site-packages/oslo_service/backend/_threading/loopingcall.py:125}}
Feb 17 02:29:26.180970 np0000155886 neutron-periodic-workers[105358]: DEBUG oslo.service.backend._threading.loopingcall [None req-80d1a79c-371c-4a59-aa85-ca217c139bd8 None None] Fixed interval looping call 'neutron.plugins.ml2.plugin.DhcpAgentSchedulerDbMixin.remove_networks_from_down_agents' sleeping for 36.99 seconds {{(pid=105358) _run_loop /opt/stack/data/venv/lib/python3.12/site-packages/oslo_service/backend/_threading/loopingcall.py:125}}
Feb 17 02:29:26.283040 np0000155886 neutron-periodic-workers[105396]: DEBUG dbcounter [-] [105396] Writing DB stats neutron:SELECT=1 {{(pid=105396) stat_writer /opt/stack/data/venv/lib/python3.12/site-packages/dbcounter.py:115}}
Feb 17 02:29:31.180801 np0000155886 neutron-periodic-workers[105369]: DEBUG neutron.db.agents_db [None req-ca96a740-b3da-40ee-adf6-08ba64115054 None None] Agent healthcheck: found 0 active agents {{(pid=105369) agent_health_check /opt/stack/neutron/neutron/db/agents_db.py:317}}
Feb 17 02:29:31.181639 np0000155886 neutron-periodic-workers[105369]: DEBUG oslo.service.backend._threading.loopingcall [None req-ca96a740-b3da-40ee-adf6-08ba64115054 None None] Fixed interval looping call 'neutron.plugins.ml2.plugin.AgentDbMixin.agent_health_check' sleeping for 36.99 seconds {{(pid=105369) _run_loop /opt/stack/data/venv/lib/python3.12/site-packages/oslo_service/backend/_threading/loopingcall.py:125}}
Feb 17 02:29:36.179868 np0000155886 neutron-periodic-workers[105358]: DEBUG dbcounter [-] [105358] Writing DB stats neutron:SELECT=3 {{(pid=105358) stat_writer /opt/stack/data/venv/lib/python3.12/site-packages/dbcounter.py:115}}
Feb 17 02:29:41.177517 np0000155886 neutron-periodic-workers[105369]: DEBUG dbcounter [-] [105369] Writing DB stats neutron:SELECT=1 {{(pid=105369) stat_writer /opt/stack/data/venv/lib/python3.12/site-packages/dbcounter.py:115}}
Feb 17 02:30:00.219615 np0000155886 neutron-periodic-workers[105381]: DEBUG oslo.service.backend._threading.loopingcall [None req-11742020-c6a1-4a0f-b534-918413589d8d None None] Fixed interval looping call 'neutron.db.quota.driver_nolock.DbQuotaNoLockDriver._remove_expired_reservations' sleeping for 119.99 seconds {{(pid=105381) _run_loop /opt/stack/data/venv/lib/python3.12/site-packages/oslo_service/backend/_threading/loopingcall.py:125}}
Feb 17 02:30:03.182854 np0000155886 neutron-periodic-workers[105358]: DEBUG oslo.service.backend._threading.loopingcall [None req-80d1a79c-371c-4a59-aa85-ca217c139bd8 None None] Fixed interval looping call 'neutron.plugins.ml2.plugin.DhcpAgentSchedulerDbMixin.remove_networks_from_down_agents' sleeping for 36.99 seconds {{(pid=105358) _run_loop /opt/stack/data/venv/lib/python3.12/site-packages/oslo_service/backend/_threading/loopingcall.py:125}}
Feb 17 02:30:08.176501 np0000155886 neutron-periodic-workers[105369]: DEBUG neutron.db.agents_db [None req-ca96a740-b3da-40ee-adf6-08ba64115054 None None] Agent healthcheck: found 0 active agents {{(pid=105369) agent_health_check /opt/stack/neutron/neutron/db/agents_db.py:317}}
Feb 17 02:30:08.177281 np0000155886 neutron-periodic-workers[105369]: DEBUG oslo.service.backend._threading.loopingcall [None req-ca96a740-b3da-40ee-adf6-08ba64115054 None None] Fixed interval looping call 'neutron.plugins.ml2.plugin.AgentDbMixin.agent_health_check' sleeping for 36.99 seconds {{(pid=105369) _run_loop /opt/stack/data/venv/lib/python3.12/site-packages/oslo_service/backend/_threading/loopingcall.py:125}}
Feb 17 02:30:10.218347 np0000155886 neutron-periodic-workers[105381]: DEBUG dbcounter [-] [105381] Writing DB stats neutron:DELETE=1 {{(pid=105381) stat_writer /opt/stack/data/venv/lib/python3.12/site-packages/dbcounter.py:115}}
Feb 17 02:30:13.181367 np0000155886 neutron-periodic-workers[105358]: DEBUG dbcounter [-] [105358] Writing DB stats neutron:SELECT=3 {{(pid=105358) stat_writer /opt/stack/data/venv/lib/python3.12/site-packages/dbcounter.py:115}}
Feb 17 02:30:18.175379 np0000155886 neutron-periodic-workers[105369]: DEBUG dbcounter [-] [105369] Writing DB stats neutron:SELECT=1 {{(pid=105369) stat_writer /opt/stack/data/venv/lib/python3.12/site-packages/dbcounter.py:115}}
Feb 17 02:30:40.179942 np0000155886 neutron-periodic-workers[105358]: DEBUG oslo.service.backend._threading.loopingcall [None req-80d1a79c-371c-4a59-aa85-ca217c139bd8 None None] Fixed interval looping call 'neutron.plugins.ml2.plugin.DhcpAgentSchedulerDbMixin.remove_networks_from_down_agents' sleeping for 36.99 seconds {{(pid=105358) _run_loop /opt/stack/data/venv/lib/python3.12/site-packages/oslo_service/backend/_threading/loopingcall.py:125}}
Feb 17 02:30:45.172360 np0000155886 neutron-periodic-workers[105369]: DEBUG neutron.db.agents_db [None req-ca96a740-b3da-40ee-adf6-08ba64115054 None None] Agent healthcheck: found 0 active agents {{(pid=105369) agent_health_check /opt/stack/neutron/neutron/db/agents_db.py:317}}
Feb 17 02:30:45.173319 np0000155886 neutron-periodic-workers[105369]: DEBUG oslo.service.backend._threading.loopingcall [None req-ca96a740-b3da-40ee-adf6-08ba64115054 None None] Fixed interval looping call 'neutron.plugins.ml2.plugin.AgentDbMixin.agent_health_check' sleeping for 36.99 seconds {{(pid=105369) _run_loop /opt/stack/data/venv/lib/python3.12/site-packages/oslo_service/backend/_threading/loopingcall.py:125}}
Feb 17 02:30:50.179078 np0000155886 neutron-periodic-workers[105358]: DEBUG dbcounter [-] [105358] Writing DB stats neutron:SELECT=3 {{(pid=105358) stat_writer /opt/stack/data/venv/lib/python3.12/site-packages/dbcounter.py:115}}
Feb 17 02:30:55.170642 np0000155886 neutron-periodic-workers[105369]: DEBUG dbcounter [-] [105369] Writing DB stats neutron:SELECT=1 {{(pid=105369) stat_writer /opt/stack/data/venv/lib/python3.12/site-packages/dbcounter.py:115}}
Feb 17 02:31:17.179844 np0000155886 neutron-periodic-workers[105358]: DEBUG oslo.service.backend._threading.loopingcall [None req-80d1a79c-371c-4a59-aa85-ca217c139bd8 None None] Fixed interval looping call 'neutron.plugins.ml2.plugin.DhcpAgentSchedulerDbMixin.remove_networks_from_down_agents' sleeping for 36.99 seconds {{(pid=105358) _run_loop /opt/stack/data/venv/lib/python3.12/site-packages/oslo_service/backend/_threading/loopingcall.py:125}}
Feb 17 02:31:22.168473 np0000155886 neutron-periodic-workers[105369]: DEBUG neutron.db.agents_db [None req-ca96a740-b3da-40ee-adf6-08ba64115054 None None] Agent healthcheck: found 0 active agents {{(pid=105369) agent_health_check /opt/stack/neutron/neutron/db/agents_db.py:317}}
Feb 17 02:31:22.169265 np0000155886 neutron-periodic-workers[105369]: DEBUG oslo.service.backend._threading.loopingcall [None req-ca96a740-b3da-40ee-adf6-08ba64115054 None None] Fixed interval looping call 'neutron.plugins.ml2.plugin.AgentDbMixin.agent_health_check' sleeping for 36.99 seconds {{(pid=105369) _run_loop /opt/stack/data/venv/lib/python3.12/site-packages/oslo_service/backend/_threading/loopingcall.py:125}}
Feb 17 02:31:27.178333 np0000155886 neutron-periodic-workers[105358]: DEBUG dbcounter [-] [105358] Writing DB stats neutron:SELECT=3 {{(pid=105358) stat_writer /opt/stack/data/venv/lib/python3.12/site-packages/dbcounter.py:115}}
Feb 17 02:31:32.166434 np0000155886 neutron-periodic-workers[105369]: DEBUG dbcounter [-] [105369] Writing DB stats neutron:SELECT=1 {{(pid=105369) stat_writer /opt/stack/data/venv/lib/python3.12/site-packages/dbcounter.py:115}}
Feb 17 02:31:54.180305 np0000155886 neutron-periodic-workers[105358]: DEBUG oslo.service.backend._threading.loopingcall [None req-80d1a79c-371c-4a59-aa85-ca217c139bd8 None None] Fixed interval looping call 'neutron.plugins.ml2.plugin.DhcpAgentSchedulerDbMixin.remove_networks_from_down_agents' sleeping for 36.99 seconds {{(pid=105358) _run_loop /opt/stack/data/venv/lib/python3.12/site-packages/oslo_service/backend/_threading/loopingcall.py:125}}
Feb 17 02:31:59.164865 np0000155886 neutron-periodic-workers[105369]: DEBUG neutron.db.agents_db [None req-ca96a740-b3da-40ee-adf6-08ba64115054 None None] Agent healthcheck: found 0 active agents {{(pid=105369) agent_health_check /opt/stack/neutron/neutron/db/agents_db.py:317}}
Feb 17 02:31:59.165445 np0000155886 neutron-periodic-workers[105369]: DEBUG oslo.service.backend._threading.loopingcall [None req-ca96a740-b3da-40ee-adf6-08ba64115054 None None] Fixed interval looping call 'neutron.plugins.ml2.plugin.AgentDbMixin.agent_health_check' sleeping for 36.99 seconds {{(pid=105369) _run_loop /opt/stack/data/venv/lib/python3.12/site-packages/oslo_service/backend/_threading/loopingcall.py:125}}
Feb 17 02:32:00.213472 np0000155886 neutron-periodic-workers[105381]: DEBUG oslo.service.backend._threading.loopingcall [None req-11742020-c6a1-4a0f-b534-918413589d8d None None] Fixed interval looping call 'neutron.db.quota.driver_nolock.DbQuotaNoLockDriver._remove_expired_reservations' sleeping for 120.00 seconds {{(pid=105381) _run_loop /opt/stack/data/venv/lib/python3.12/site-packages/oslo_service/backend/_threading/loopingcall.py:125}}
Feb 17 02:32:04.186381 np0000155886 neutron-periodic-workers[105358]: DEBUG dbcounter [-] [105358] Writing DB stats neutron:SELECT=3 {{(pid=105358) stat_writer /opt/stack/data/venv/lib/python3.12/site-packages/dbcounter.py:115}}
Feb 17 02:32:09.162910 np0000155886 neutron-periodic-workers[105369]: DEBUG dbcounter [-] [105369] Writing DB stats neutron:SELECT=1 {{(pid=105369) stat_writer /opt/stack/data/venv/lib/python3.12/site-packages/dbcounter.py:115}}
Feb 17 02:32:10.212769 np0000155886 neutron-periodic-workers[105381]: DEBUG dbcounter [-] [105381] Writing DB stats neutron:DELETE=1 {{(pid=105381) stat_writer /opt/stack/data/venv/lib/python3.12/site-packages/dbcounter.py:115}}
Feb 17 02:32:31.181284 np0000155886 neutron-periodic-workers[105358]: DEBUG oslo.service.backend._threading.loopingcall [None req-80d1a79c-371c-4a59-aa85-ca217c139bd8 None None] Fixed interval looping call 'neutron.plugins.ml2.plugin.DhcpAgentSchedulerDbMixin.remove_networks_from_down_agents' sleeping for 36.99 seconds {{(pid=105358) _run_loop /opt/stack/data/venv/lib/python3.12/site-packages/oslo_service/backend/_threading/loopingcall.py:125}}
Feb 17 02:32:36.161514 np0000155886 neutron-periodic-workers[105369]: DEBUG neutron.db.agents_db [None req-ca96a740-b3da-40ee-adf6-08ba64115054 None None] Agent healthcheck: found 0 active agents {{(pid=105369) agent_health_check /opt/stack/neutron/neutron/db/agents_db.py:317}}
Feb 17 02:32:36.162333 np0000155886 neutron-periodic-workers[105369]: DEBUG oslo.service.backend._threading.loopingcall [None req-ca96a740-b3da-40ee-adf6-08ba64115054 None None] Fixed interval looping call 'neutron.plugins.ml2.plugin.AgentDbMixin.agent_health_check' sleeping for 36.99 seconds {{(pid=105369) _run_loop /opt/stack/data/venv/lib/python3.12/site-packages/oslo_service/backend/_threading/loopingcall.py:125}}
Feb 17 02:32:41.180436 np0000155886 neutron-periodic-workers[105358]: DEBUG dbcounter [-] [105358] Writing DB stats neutron:SELECT=3 {{(pid=105358) stat_writer /opt/stack/data/venv/lib/python3.12/site-packages/dbcounter.py:115}}
Feb 17 02:32:46.160290 np0000155886 neutron-periodic-workers[105369]: DEBUG dbcounter [-] [105369] Writing DB stats neutron:SELECT=1 {{(pid=105369) stat_writer /opt/stack/data/venv/lib/python3.12/site-packages/dbcounter.py:115}}
Feb 17 02:33:08.179448 np0000155886 neutron-periodic-workers[105358]: DEBUG oslo.service.backend._threading.loopingcall [None req-80d1a79c-371c-4a59-aa85-ca217c139bd8 None None] Fixed interval looping call 'neutron.plugins.ml2.plugin.DhcpAgentSchedulerDbMixin.remove_networks_from_down_agents' sleeping for 36.99 seconds {{(pid=105358) _run_loop /opt/stack/data/venv/lib/python3.12/site-packages/oslo_service/backend/_threading/loopingcall.py:125}}
Feb 17 02:33:13.157342 np0000155886 neutron-periodic-workers[105369]: DEBUG neutron.db.agents_db [None req-ca96a740-b3da-40ee-adf6-08ba64115054 None None] Agent healthcheck: found 0 active agents {{(pid=105369) agent_health_check /opt/stack/neutron/neutron/db/agents_db.py:317}}
Feb 17 02:33:13.158385 np0000155886 neutron-periodic-workers[105369]: DEBUG oslo.service.backend._threading.loopingcall [None req-ca96a740-b3da-40ee-adf6-08ba64115054 None None] Fixed interval looping call 'neutron.plugins.ml2.plugin.AgentDbMixin.agent_health_check' sleeping for 36.99 seconds {{(pid=105369) _run_loop /opt/stack/data/venv/lib/python3.12/site-packages/oslo_service/backend/_threading/loopingcall.py:125}}
Feb 17 02:33:18.178622 np0000155886 neutron-periodic-workers[105358]: DEBUG dbcounter [-] [105358] Writing DB stats neutron:SELECT=3 {{(pid=105358) stat_writer /opt/stack/data/venv/lib/python3.12/site-packages/dbcounter.py:115}}
Feb 17 02:33:23.155685 np0000155886 neutron-periodic-workers[105369]: DEBUG dbcounter [-] [105369] Writing DB stats neutron:SELECT=1 {{(pid=105369) stat_writer /opt/stack/data/venv/lib/python3.12/site-packages/dbcounter.py:115}}
Feb 17 02:33:45.174983 np0000155886 neutron-periodic-workers[105358]: DEBUG oslo.service.backend._threading.loopingcall [None req-80d1a79c-371c-4a59-aa85-ca217c139bd8 None None] Fixed interval looping call 'neutron.plugins.ml2.plugin.DhcpAgentSchedulerDbMixin.remove_networks_from_down_agents' sleeping for 36.99 seconds {{(pid=105358) _run_loop /opt/stack/data/venv/lib/python3.12/site-packages/oslo_service/backend/_threading/loopingcall.py:125}}
Feb 17 02:33:50.154425 np0000155886 neutron-periodic-workers[105369]: DEBUG neutron.db.agents_db [None req-ca96a740-b3da-40ee-adf6-08ba64115054 None None] Agent healthcheck: found 0 active agents {{(pid=105369) agent_health_check /opt/stack/neutron/neutron/db/agents_db.py:317}}
Feb 17 02:33:50.155570 np0000155886 neutron-periodic-workers[105369]: DEBUG oslo.service.backend._threading.loopingcall [None req-ca96a740-b3da-40ee-adf6-08ba64115054 None None] Fixed interval looping call 'neutron.plugins.ml2.plugin.AgentDbMixin.agent_health_check' sleeping for 36.99 seconds {{(pid=105369) _run_loop /opt/stack/data/venv/lib/python3.12/site-packages/oslo_service/backend/_threading/loopingcall.py:125}}
Feb 17 02:33:55.174860 np0000155886 neutron-periodic-workers[105358]: DEBUG dbcounter [-] [105358] Writing DB stats neutron:SELECT=3 {{(pid=105358) stat_writer /opt/stack/data/venv/lib/python3.12/site-packages/dbcounter.py:115}}
Feb 17 02:34:00.152469 np0000155886 neutron-periodic-workers[105369]: DEBUG dbcounter [-] [105369] Writing DB stats neutron:SELECT=1 {{(pid=105369) stat_writer /opt/stack/data/venv/lib/python3.12/site-packages/dbcounter.py:115}}
Feb 17 02:34:00.218441 np0000155886 neutron-periodic-workers[105381]: DEBUG oslo.service.backend._threading.loopingcall [None req-11742020-c6a1-4a0f-b534-918413589d8d None None] Fixed interval looping call 'neutron.db.quota.driver_nolock.DbQuotaNoLockDriver._remove_expired_reservations' sleeping for 120.00 seconds {{(pid=105381) _run_loop /opt/stack/data/venv/lib/python3.12/site-packages/oslo_service/backend/_threading/loopingcall.py:125}}
Feb 17 02:34:10.217342 np0000155886 neutron-periodic-workers[105381]: DEBUG dbcounter [-] [105381] Writing DB stats neutron:DELETE=1 {{(pid=105381) stat_writer /opt/stack/data/venv/lib/python3.12/site-packages/dbcounter.py:115}}
Feb 17 02:34:16.263078 np0000155886 neutron-periodic-workers[105396]: DEBUG oslo.service.backend._threading.loopingcall [None req-4f711410-ee66-467f-b4e6-a23d53957370 None None] Fixed interval looping call 'neutron.services.ovn_l3.plugin.L3_NAT_dbonly_mixin._clean_garbage' sleeping for 299.99 seconds {{(pid=105396) _run_loop /opt/stack/data/venv/lib/python3.12/site-packages/oslo_service/backend/_threading/loopingcall.py:125}}
Feb 17 02:34:22.175754 np0000155886 neutron-periodic-workers[105358]: DEBUG oslo.service.backend._threading.loopingcall [None req-80d1a79c-371c-4a59-aa85-ca217c139bd8 None None] Fixed interval looping call 'neutron.plugins.ml2.plugin.DhcpAgentSchedulerDbMixin.remove_networks_from_down_agents' sleeping for 36.99 seconds {{(pid=105358) _run_loop /opt/stack/data/venv/lib/python3.12/site-packages/oslo_service/backend/_threading/loopingcall.py:125}}
Feb 17 02:34:26.253107 np0000155886 neutron-periodic-workers[105396]: DEBUG dbcounter [-] [105396] Writing DB stats neutron:SELECT=1 {{(pid=105396) stat_writer /opt/stack/data/venv/lib/python3.12/site-packages/dbcounter.py:115}}
Feb 17 02:34:27.151394 np0000155886 neutron-periodic-workers[105369]: DEBUG neutron.db.agents_db [None req-ca96a740-b3da-40ee-adf6-08ba64115054 None None] Agent healthcheck: found 0 active agents {{(pid=105369) agent_health_check /opt/stack/neutron/neutron/db/agents_db.py:317}}
Feb 17 02:34:27.152097 np0000155886 neutron-periodic-workers[105369]: DEBUG oslo.service.backend._threading.loopingcall [None req-ca96a740-b3da-40ee-adf6-08ba64115054 None None] Fixed interval looping call 'neutron.plugins.ml2.plugin.AgentDbMixin.agent_health_check' sleeping for 36.99 seconds {{(pid=105369) _run_loop /opt/stack/data/venv/lib/python3.12/site-packages/oslo_service/backend/_threading/loopingcall.py:125}}
Feb 17 02:34:32.174696 np0000155886 neutron-periodic-workers[105358]: DEBUG dbcounter [-] [105358] Writing DB stats neutron:SELECT=3 {{(pid=105358) stat_writer /opt/stack/data/venv/lib/python3.12/site-packages/dbcounter.py:115}}
Feb 17 02:34:37.149824 np0000155886 neutron-periodic-workers[105369]: DEBUG dbcounter [-] [105369] Writing DB stats neutron:SELECT=1 {{(pid=105369) stat_writer /opt/stack/data/venv/lib/python3.12/site-packages/dbcounter.py:115}}
Feb 17 02:34:59.178374 np0000155886 neutron-periodic-workers[105358]: DEBUG oslo.service.backend._threading.loopingcall [None req-80d1a79c-371c-4a59-aa85-ca217c139bd8 None None] Fixed interval looping call 'neutron.plugins.ml2.plugin.DhcpAgentSchedulerDbMixin.remove_networks_from_down_agents' sleeping for 36.99 seconds {{(pid=105358) _run_loop /opt/stack/data/venv/lib/python3.12/site-packages/oslo_service/backend/_threading/loopingcall.py:125}}
Feb 17 02:35:04.147880 np0000155886 neutron-periodic-workers[105369]: DEBUG neutron.db.agents_db [None req-ca96a740-b3da-40ee-adf6-08ba64115054 None None] Agent healthcheck: found 0 active agents {{(pid=105369) agent_health_check /opt/stack/neutron/neutron/db/agents_db.py:317}}
Feb 17 02:35:04.148524 np0000155886 neutron-periodic-workers[105369]: DEBUG oslo.service.backend._threading.loopingcall [None req-ca96a740-b3da-40ee-adf6-08ba64115054 None None] Fixed interval looping call 'neutron.plugins.ml2.plugin.AgentDbMixin.agent_health_check' sleeping for 36.99 seconds {{(pid=105369) _run_loop /opt/stack/data/venv/lib/python3.12/site-packages/oslo_service/backend/_threading/loopingcall.py:125}}
Feb 17 02:35:09.176950 np0000155886 neutron-periodic-workers[105358]: DEBUG dbcounter [-] [105358] Writing DB stats neutron:SELECT=3 {{(pid=105358) stat_writer /opt/stack/data/venv/lib/python3.12/site-packages/dbcounter.py:115}}
Feb 17 02:35:14.146129 np0000155886 neutron-periodic-workers[105369]: DEBUG dbcounter [-] [105369] Writing DB stats neutron:SELECT=1 {{(pid=105369) stat_writer /opt/stack/data/venv/lib/python3.12/site-packages/dbcounter.py:115}}
Feb 17 02:35:36.179684 np0000155886 neutron-periodic-workers[105358]: DEBUG oslo.service.backend._threading.loopingcall [None req-80d1a79c-371c-4a59-aa85-ca217c139bd8 None None] Fixed interval looping call 'neutron.plugins.ml2.plugin.DhcpAgentSchedulerDbMixin.remove_networks_from_down_agents' sleeping for 36.99 seconds {{(pid=105358) _run_loop /opt/stack/data/venv/lib/python3.12/site-packages/oslo_service/backend/_threading/loopingcall.py:125}}
Feb 17 02:35:41.142725 np0000155886 neutron-periodic-workers[105369]: DEBUG neutron.db.agents_db [None req-ca96a740-b3da-40ee-adf6-08ba64115054 None None] Agent healthcheck: found 0 active agents {{(pid=105369) agent_health_check /opt/stack/neutron/neutron/db/agents_db.py:317}}
Feb 17 02:35:41.142725 np0000155886 neutron-periodic-workers[105369]: DEBUG oslo.service.backend._threading.loopingcall [None req-ca96a740-b3da-40ee-adf6-08ba64115054 None None] Fixed interval looping call 'neutron.plugins.ml2.plugin.AgentDbMixin.agent_health_check' sleeping for 37.00 seconds {{(pid=105369) _run_loop /opt/stack/data/venv/lib/python3.12/site-packages/oslo_service/backend/_threading/loopingcall.py:125}}
Feb 17 02:35:46.177514 np0000155886 neutron-periodic-workers[105358]: DEBUG dbcounter [-] [105358] Writing DB stats neutron:SELECT=3 {{(pid=105358) stat_writer /opt/stack/data/venv/lib/python3.12/site-packages/dbcounter.py:115}}
Feb 17 02:35:51.141920 np0000155886 neutron-periodic-workers[105369]: DEBUG dbcounter [-] [105369] Writing DB stats neutron:SELECT=1 {{(pid=105369) stat_writer /opt/stack/data/venv/lib/python3.12/site-packages/dbcounter.py:115}}
Feb 17 02:36:00.224521 np0000155886 neutron-periodic-workers[105381]: DEBUG oslo.service.backend._threading.loopingcall [None req-11742020-c6a1-4a0f-b534-918413589d8d None None] Fixed interval looping call 'neutron.db.quota.driver_nolock.DbQuotaNoLockDriver._remove_expired_reservations' sleeping for 119.99 seconds {{(pid=105381) _run_loop /opt/stack/data/venv/lib/python3.12/site-packages/oslo_service/backend/_threading/loopingcall.py:125}}
Feb 17 02:36:10.223215 np0000155886 neutron-periodic-workers[105381]: DEBUG dbcounter [-] [105381] Writing DB stats neutron:DELETE=1 {{(pid=105381) stat_writer /opt/stack/data/venv/lib/python3.12/site-packages/dbcounter.py:115}}
Feb 17 02:36:13.177416 np0000155886 neutron-periodic-workers[105358]: DEBUG oslo.service.backend._threading.loopingcall [None req-80d1a79c-371c-4a59-aa85-ca217c139bd8 None None] Fixed interval looping call 'neutron.plugins.ml2.plugin.DhcpAgentSchedulerDbMixin.remove_networks_from_down_agents' sleeping for 36.99 seconds {{(pid=105358) _run_loop /opt/stack/data/venv/lib/python3.12/site-packages/oslo_service/backend/_threading/loopingcall.py:125}}
Feb 17 02:36:18.149671 np0000155886 neutron-periodic-workers[105369]: DEBUG neutron.db.agents_db [None req-ca96a740-b3da-40ee-adf6-08ba64115054 None None] Agent healthcheck: found 0 active agents {{(pid=105369) agent_health_check /opt/stack/neutron/neutron/db/agents_db.py:317}}
