2026-03-31 21:42:48.248 7 WARNING neutron.scheduler.dhcp_agent_scheduler [None req-217eb884-eb22-449e-812a-7281b9703f76 331a309d9a324119b49655e4685a77cc b500836244564c47b7b1cb074f9df848 - - default default] No more DHCP agents
2026-03-31 21:42:48.251 7 WARNING neutron.api.rpc.agentnotifiers.dhcp_rpc_agent_api [None req-217eb884-eb22-449e-812a-7281b9703f76 331a309d9a324119b49655e4685a77cc b500836244564c47b7b1cb074f9df848 - - default default] Unable to schedule network 4b1315f1-7d2d-429f-9dcb-806b3cc1ba78: no agents available; will retry on subsequent port and subnet creation events.
2026-03-31 21:42:48.303 8 INFO neutron.services.segments.plugin [-] Segment 28ce4cd7-6bda-4d78-9cab-11ebff7a2135 resource provider aggregate not found
2026-03-31 21:42:48.304 8 INFO neutron.services.segments.plugin [-] Segment 28ce4cd7-6bda-4d78-9cab-11ebff7a2135 resource provider aggregate not found
2026-03-31 21:42:48.325 8 INFO neutron.services.segments.plugin [-] Segment 28ce4cd7-6bda-4d78-9cab-11ebff7a2135 resource provider not found; error: Placement Client Error (4xx): {"errors": [{"status": 404, "title": "Not Found", "detail": "The resource could not be found.\n\n No resource provider with uuid 28ce4cd7-6bda-4d78-9cab-11ebff7a2135 found for delete ", "request_id": "req-f4709fdd-003f-4f8b-8e69-18cdf850a770"}]}
2026-03-31 21:42:48.328 8 INFO neutron.services.segments.plugin [-] Segment 28ce4cd7-6bda-4d78-9cab-11ebff7a2135 resource provider not found; error: Placement Client Error (4xx): {"errors": [{"status": 404, "title": "Not Found", "detail": "The resource could not be found.\n\n No resource provider with uuid 28ce4cd7-6bda-4d78-9cab-11ebff7a2135 found for delete ", "request_id": "req-41db6730-26f7-4098-99d1-739a7f530154"}]} [pid: 8|app: 0|req: 1125/2253] 10.0.0.209 () {32 vars in 725 bytes} [Tue Mar 31 21:42:47 2026] DELETE /v2.0/networks/9b45c633-2c72-4c0e-8c57-2c74dc95868b => generated 0 bytes in 403 msecs (HTTP/1.1 204) 3 headers in 131 bytes (1 switches on core 0) [pid: 8|app: 0|req: 1126/2254] 10.0.0.180 () {34 vars in 989 bytes} [Tue Mar 31 21:42:48 2026] GET /v2.0/ports?device_id=38f79f50-fe67-4ffb-8333-69e5b6e7e3ce => generated 1012 bytes in 86 msecs (HTTP/1.1 200) 4 headers in 158 bytes (1 switches on core 0)
2026-03-31 21:42:48.530 8 INFO neutron.db.segments_db [None req-158056e0-dd9c-4ed8-93b7-5238b3bd0b66 46e096274b3c49d686f2bb7be9473a92 f5ad729ebdc64ab2ba6ca23dcbf070db - - default default] Added segment 8cb553ca-2088-451f-bed2-68c849ea06eb of type geneve for network 84516221-a464-48c4-b9d8-635071493243
2026-03-31 21:42:48.658 8 INFO neutron.db.ovn_revision_numbers_db [None req-158056e0-dd9c-4ed8-93b7-5238b3bd0b66 46e096274b3c49d686f2bb7be9473a92 f5ad729ebdc64ab2ba6ca23dcbf070db - - default default] Successfully bumped revision number for resource 84516221-a464-48c4-b9d8-635071493243 (type: networks) to 1
2026-03-31 21:42:48.710 7 INFO neutron.db.ovn_revision_numbers_db [None req-3fe4140e-a29f-42af-9258-468bf668154a - - - - - -] Successfully bumped revision number for resource 1d4106c1-0bb6-46e3-b934-1bbfc68efeca (type: ports) to 2
2026-03-31 21:42:48.741 7 INFO neutron.db.ovn_revision_numbers_db [None req-3fe4140e-a29f-42af-9258-468bf668154a - - - - - -] Successfully bumped revision number for resource 6e1e9ef4-23b5-47ca-b7dc-c6a40619abd2 (type: subnets) to 0 [pid: 7|app: 0|req: 1129/2255] 10.0.0.209 () {34 vars in 668 bytes} [Tue Mar 31 21:42:48 2026] POST /v2.0/subnets => generated 629 bytes in 695 msecs (HTTP/1.1 201) 4 headers in 162 bytes (1 switches on core 0) [pid: 7|app: 0|req: 1130/2256] 10.0.0.180 () {34 vars in 1119 bytes} [Tue Mar 31 21:42:48 2026] GET /v2.0/security-groups?id=d82da10c-98ca-436e-8e39-4ebbedc0dea3&id=82d3d0d9-49c6-487f-83dc-5b68743ccc44&fields=id&fields=name => generated 206 bytes in 33 msecs (HTTP/1.1 200) 4 headers in 157 bytes (1 switches on core 0) [pid: 7|app: 0|req: 1131/2257] 199.204.45.57 () {34 vars in 992 bytes} [Tue Mar 31 21:42:48 2026] GET /v2.0/ports?device_id=38f79f50-fe67-4ffb-8333-69e5b6e7e3ce => generated 1250 bytes in 37 msecs (HTTP/1.1 200) 4 headers in 158 bytes (1 switches on core 0)
2026-03-31 21:42:48.863 8 WARNING neutron.scheduler.dhcp_agent_scheduler [None req-158056e0-dd9c-4ed8-93b7-5238b3bd0b66 46e096274b3c49d686f2bb7be9473a92 f5ad729ebdc64ab2ba6ca23dcbf070db - - default default] No more DHCP agents
2026-03-31 21:42:48.864 8 WARNING neutron.api.rpc.agentnotifiers.dhcp_rpc_agent_api [None req-158056e0-dd9c-4ed8-93b7-5238b3bd0b66 46e096274b3c49d686f2bb7be9473a92 f5ad729ebdc64ab2ba6ca23dcbf070db - - default default] Unable to schedule network 84516221-a464-48c4-b9d8-635071493243: no agents available; will retry on subsequent port and subnet creation events.
2026-03-31 21:42:48.938 8 INFO neutron.db.ovn_revision_numbers_db [None req-158056e0-dd9c-4ed8-93b7-5238b3bd0b66 46e096274b3c49d686f2bb7be9473a92 f5ad729ebdc64ab2ba6ca23dcbf070db - - default default] Successfully bumped revision number for resource 63ed9c12-8392-48ab-8fd9-7e53c591baa4 (type: ports) to 1
2026-03-31 21:42:48.946 7 INFO neutron.plugins.ml2.drivers.ovn.mech_driver.mech_driver [None req-1250526e-6ab6-4d9e-8fa7-47fcfba4fbcb - - - - - -] OVN reports status down for port: 63ed9c12-8392-48ab-8fd9-7e53c591baa4 [pid: 8|app: 0|req: 1127/2258] 10.0.0.209 () {34 vars in 669 bytes} [Tue Mar 31 21:42:48 2026] POST /v2.0/networks => generated 647 bytes in 519 msecs (HTTP/1.1 201) 4 headers in 162 bytes (1 switches on core 0) [pid: 8|app: 0|req: 1128/2259] 199.204.45.57 () {34 vars in 1122 bytes} [Tue Mar 31 21:42:48 2026] GET /v2.0/security-groups?id=82d3d0d9-49c6-487f-83dc-5b68743ccc44&id=d82da10c-98ca-436e-8e39-4ebbedc0dea3&fields=id&fields=name => generated 206 bytes in 38 msecs (HTTP/1.1 200) 4 headers in 157 bytes (1 switches on core 0)
2026-03-31 21:42:49.253 8 WARNING neutron.scheduler.dhcp_agent_scheduler [None req-152fa6ae-8a1f-4cfa-8cbb-bd6f833dfdc5 46e096274b3c49d686f2bb7be9473a92 f5ad729ebdc64ab2ba6ca23dcbf070db - - default default] No more DHCP agents
2026-03-31 21:42:49.254 8 WARNING neutron.api.rpc.agentnotifiers.dhcp_rpc_agent_api [None req-152fa6ae-8a1f-4cfa-8cbb-bd6f833dfdc5 46e096274b3c49d686f2bb7be9473a92 f5ad729ebdc64ab2ba6ca23dcbf070db - - default default] Unable to schedule network 84516221-a464-48c4-b9d8-635071493243: no agents available; will retry on subsequent port and subnet creation events.
2026-03-31 21:42:49.653 7 INFO neutron.plugins.ml2.drivers.ovn.mech_driver.mech_driver [None req-1250526e-6ab6-4d9e-8fa7-47fcfba4fbcb - - - - - -] OVN reports status up for port: 109ef87f-43c4-48b6-a05d-252c51a132ec
2026-03-31 21:42:49.683 7 INFO neutron.plugins.ml2.plugin [None req-1250526e-6ab6-4d9e-8fa7-47fcfba4fbcb - - - - - -] Attempt 1 to provision port 109ef87f-43c4-48b6-a05d-252c51a132ec
2026-03-31 21:42:49.764 8 INFO neutron.db.ovn_revision_numbers_db [None req-ed55307a-b257-4194-b212-57a7b4b4b25c - - - - - -] Successfully bumped revision number for resource 63ed9c12-8392-48ab-8fd9-7e53c591baa4 (type: ports) to 2
2026-03-31 21:42:49.825 8 INFO neutron.db.ovn_revision_numbers_db [None req-ed55307a-b257-4194-b212-57a7b4b4b25c - - - - - -] Successfully bumped revision number for resource 157ffdb3-c998-4990-936e-6d710081cb8f (type: subnets) to 0 [pid: 8|app: 0|req: 1129/2260] 10.0.0.209 () {34 vars in 668 bytes} [Tue Mar 31 21:42:49 2026] POST /v2.0/subnets => generated 626 bytes in 845 msecs (HTTP/1.1 201) 4 headers in 162 bytes (1 switches on core 0)
2026-03-31 21:42:49.897 7 INFO neutron.notifiers.nova [-] Nova event matching ['req-f8d95465-1b01-4386-b0f0-96db049b8a0a'] response: {'server_uuid': '38f79f50-fe67-4ffb-8333-69e5b6e7e3ce', 'name': 'network-vif-plugged', 'status': 'completed', 'tag': '109ef87f-43c4-48b6-a05d-252c51a132ec', 'code': 200}
2026-03-31 21:42:50.019 8 INFO neutron.db.ovn_revision_numbers_db [None req-cd012072-f657-472e-8261-23268df70175 46e096274b3c49d686f2bb7be9473a92 f5ad729ebdc64ab2ba6ca23dcbf070db - - default default] Successfully bumped revision number for resource a10b699e-e110-4b8f-8f0a-922eb74e0c89 (type: routers) to 1 [pid: 8|app: 0|req: 1130/2261] 10.0.0.209 () {34 vars in 668 bytes} [Tue Mar 31 21:42:49 2026] POST /v2.0/routers => generated 603 bytes in 182 msecs (HTTP/1.1 201) 4 headers in 162 bytes (1 switches on core 0)
2026-03-31 21:42:50.076 7 WARNING neutron.scheduler.dhcp_agent_scheduler [None req-a9615dfb-d33c-4c53-b319-8ddaee0683be 331a309d9a324119b49655e4685a77cc b500836244564c47b7b1cb074f9df848 - - default default] No more DHCP agents
2026-03-31 21:42:50.091 7 WARNING neutron.api.rpc.agentnotifiers.dhcp_rpc_agent_api [None req-a9615dfb-d33c-4c53-b319-8ddaee0683be 331a309d9a324119b49655e4685a77cc b500836244564c47b7b1cb074f9df848 - - default default] Unable to schedule network 928ae8c5-9c55-4859-ae29-092d73131164: no agents available; will retry on subsequent port and subnet creation events. [pid: 8|app: 0|req: 1131/2262] 10.0.0.180 () {34 vars in 989 bytes} [Tue Mar 31 21:42:50 2026] GET /v2.0/ports?device_id=38f79f50-fe67-4ffb-8333-69e5b6e7e3ce => generated 1014 bytes in 59 msecs (HTTP/1.1 200) 4 headers in 158 bytes (1 switches on core 0)
2026-03-31 21:42:50.126 7 INFO neutron.db.ovn_revision_numbers_db [None req-1250526e-6ab6-4d9e-8fa7-47fcfba4fbcb - - - - - -] Successfully bumped revision number for resource 109ef87f-43c4-48b6-a05d-252c51a132ec (type: ports) to 5
2026-03-31 21:42:50.283 7 INFO neutron.plugins.ml2.drivers.ovn.mech_driver.mech_driver [None req-683d8948-7344-4955-a965-74dd92738786 - - - - - -] OVN reports status down for port: fb1d974b-f689-4163-959e-17c6c058a58d
2026-03-31 21:42:50.364 7 INFO neutron.db.ovn_revision_numbers_db [None req-a9615dfb-d33c-4c53-b319-8ddaee0683be 331a309d9a324119b49655e4685a77cc b500836244564c47b7b1cb074f9df848 - - default default] Successfully bumped revision number for resource fb1d974b-f689-4163-959e-17c6c058a58d (type: ports) to 1
2026-03-31 21:42:50.518 8 WARNING neutron.scheduler.dhcp_agent_scheduler [None req-4c8d2111-037d-490f-b13f-88a92fda7b43 46e096274b3c49d686f2bb7be9473a92 f5ad729ebdc64ab2ba6ca23dcbf070db - - default default] No more DHCP agents
2026-03-31 21:42:50.520 8 WARNING neutron.api.rpc.agentnotifiers.dhcp_rpc_agent_api [None req-4c8d2111-037d-490f-b13f-88a92fda7b43 46e096274b3c49d686f2bb7be9473a92 f5ad729ebdc64ab2ba6ca23dcbf070db - - default default] Unable to schedule network 84516221-a464-48c4-b9d8-635071493243: no agents available; will retry on subsequent port and subnet creation events.
2026-03-31 21:42:50.549 8 WARNING neutron.plugins.ml2.drivers.ovn.mech_driver.ovsdb.ovn_client [None req-caf34f81-1065-47fd-9c10-dce293a1c309 - - - - - -] No port found with ID 8eb0fc9b-7b4a-4f3a-94be-9fab9d4fb888: RuntimeError: No port found with ID 8eb0fc9b-7b4a-4f3a-94be-9fab9d4fb888
2026-03-31 21:42:50.692 8 INFO neutron.plugins.ml2.drivers.ovn.mech_driver.mech_driver [None req-caf34f81-1065-47fd-9c10-dce293a1c309 - - - - - -] OVN reports status down for port: 286fde59-c08d-4805-bd70-10d5917df45e
2026-03-31 21:42:50.754 8 INFO neutron.db.ovn_revision_numbers_db [None req-4c8d2111-037d-490f-b13f-88a92fda7b43 46e096274b3c49d686f2bb7be9473a92 f5ad729ebdc64ab2ba6ca23dcbf070db - - default default] Successfully bumped revision number for resource 286fde59-c08d-4805-bd70-10d5917df45e (type: ports) to 1
2026-03-31 21:42:51.121 7 INFO neutron.plugins.ml2.drivers.ovn.mech_driver.ovsdb.commands [None req-727fde0f-c72d-43b7-9591-899989fd64bc - - - - - -] Schedule LRP lrp-fb1d974b-f689-4163-959e-17c6c058a58d on gateway c555bb73-fa4c-4669-ae3b-08ba401c6f22 with priority 1
2026-03-31 21:42:51.155 7 INFO neutron.plugins.ml2.drivers.ovn.mech_driver.mech_driver [None req-683d8948-7344-4955-a965-74dd92738786 - - - - - -] OVN reports status up for port: fb1d974b-f689-4163-959e-17c6c058a58d
2026-03-31 21:42:51.189 7 INFO neutron.plugins.ml2.plugin [None req-683d8948-7344-4955-a965-74dd92738786 - - - - - -] Attempt 1 to provision port fb1d974b-f689-4163-959e-17c6c058a58d
2026-03-31 21:42:51.209 7 INFO neutron.db.ovn_revision_numbers_db [None req-a9615dfb-d33c-4c53-b319-8ddaee0683be 331a309d9a324119b49655e4685a77cc b500836244564c47b7b1cb074f9df848 - - default default] Successfully bumped revision number for resource fb1d974b-f689-4163-959e-17c6c058a58d (type: router_ports) to 1
2026-03-31 21:42:51.301 7 INFO neutron.db.ovn_revision_numbers_db [None req-a9615dfb-d33c-4c53-b319-8ddaee0683be 331a309d9a324119b49655e4685a77cc b500836244564c47b7b1cb074f9df848 - - default default] Successfully bumped revision number for resource fb4ca894-629b-4860-8844-1e6da8b03eee (type: routers) to 2 [pid: 7|app: 0|req: 1132/2263] 10.0.0.209 () {34 vars in 668 bytes} [Tue Mar 31 21:42:48 2026] POST /v2.0/routers => generated 937 bytes in 2511 msecs (HTTP/1.1 201) 4 headers in 162 bytes (1 switches on core 0) /var/lib/openstack/lib/python3.12/site-packages/pycadf/identifier.py:70: UserWarning: Invalid uuid: neutron. To ensure interoperability, identifiers should be a valid uuid. warnings.warn(('Invalid uuid: %s. To ensure interoperability, ' [pid: 7|app: 0|req: 1133/2264] 10.0.0.180 () {34 vars in 1119 bytes} [Tue Mar 31 21:42:51 2026] GET /v2.0/security-groups?id=d82da10c-98ca-436e-8e39-4ebbedc0dea3&id=82d3d0d9-49c6-487f-83dc-5b68743ccc44&fields=id&fields=name => generated 206 bytes in 31 msecs (HTTP/1.1 200) 4 headers in 157 bytes (1 switches on core 0)
2026-03-31 21:42:51.400 8 INFO neutron.plugins.ml2.drivers.ovn.mech_driver.mech_driver [None req-caf34f81-1065-47fd-9c10-dce293a1c309 - - - - - -] OVN reports status up for port: 286fde59-c08d-4805-bd70-10d5917df45e
2026-03-31 21:42:51.426 8 INFO neutron.plugins.ml2.plugin [None req-caf34f81-1065-47fd-9c10-dce293a1c309 - - - - - -] Attempt 1 to provision port 286fde59-c08d-4805-bd70-10d5917df45e
2026-03-31 21:42:51.523 8 WARNING neutron.scheduler.dhcp_agent_scheduler [None req-4c8d2111-037d-490f-b13f-88a92fda7b43 46e096274b3c49d686f2bb7be9473a92 f5ad729ebdc64ab2ba6ca23dcbf070db - - default default] No more DHCP agents
2026-03-31 21:42:51.525 8 WARNING neutron.api.rpc.agentnotifiers.dhcp_rpc_agent_api [None req-4c8d2111-037d-490f-b13f-88a92fda7b43 46e096274b3c49d686f2bb7be9473a92 f5ad729ebdc64ab2ba6ca23dcbf070db - - default default] Unable to schedule network 84516221-a464-48c4-b9d8-635071493243: no agents available; will retry on subsequent port and subnet creation events.
2026-03-31 21:42:51.734 7 INFO neutron.db.ovn_revision_numbers_db [None req-cf46b5fc-fb54-4831-aaf8-692da3309cf6 bad0bc2204824493820f9a11bb52c736 fc64fa29bdc44d88bebf4461bd805051 - - default default] Successfully bumped revision number for resource 1d91c1c7-b8b5-4aa7-ae59-9c2f8295cb08 (type: security_groups) to 1
2026-03-31 21:42:51.749 7 INFO neutron.db.ovn_revision_numbers_db [None req-cf46b5fc-fb54-4831-aaf8-692da3309cf6 bad0bc2204824493820f9a11bb52c736 fc64fa29bdc44d88bebf4461bd805051 - - default default] Successfully bumped revision number for resource 78fbc1d4-ca7f-4078-8160-fdde5fcd3ee6 (type: security_group_rules) to 0
2026-03-31 21:42:51.763 7 INFO neutron.db.ovn_revision_numbers_db [None req-cf46b5fc-fb54-4831-aaf8-692da3309cf6 bad0bc2204824493820f9a11bb52c736 fc64fa29bdc44d88bebf4461bd805051 - - default default] Successfully bumped revision number for resource 91ecceca-2cc5-49ef-b138-44ecc3aecb33 (type: security_group_rules) to 0
2026-03-31 21:42:51.776 7 INFO neutron.db.ovn_revision_numbers_db [None req-cf46b5fc-fb54-4831-aaf8-692da3309cf6 bad0bc2204824493820f9a11bb52c736 fc64fa29bdc44d88bebf4461bd805051 - - default default] Successfully bumped revision number for resource cb696738-43b0-4179-92ce-0ba8afdd0a86 (type: security_group_rules) to 0
2026-03-31 21:42:51.786 7 INFO neutron.db.ovn_revision_numbers_db [None req-cf46b5fc-fb54-4831-aaf8-692da3309cf6 bad0bc2204824493820f9a11bb52c736 fc64fa29bdc44d88bebf4461bd805051 - - default default] Successfully bumped revision number for resource e4b27675-9f88-429c-9de9-3076545a5e01 (type: security_group_rules) to 0 [pid: 7|app: 0|req: 1134/2265] 10.0.0.209 () {32 vars in 773 bytes} [Tue Mar 31 21:42:51 2026] GET /v2.0/security-groups?tenant_id=5d680af5dc2c470cb21e9b77bf94f203&name=default => generated 2925 bytes in 448 msecs (HTTP/1.1 200) 4 headers in 158 bytes (1 switches on core 0)
2026-03-31 21:42:51.946 7 INFO neutron.notifiers.nova [-] Nova event matching ['req-954092a9-df6b-4024-a446-05da959e8d4a'] response: {'server_uuid': '38f79f50-fe67-4ffb-8333-69e5b6e7e3ce', 'name': 'network-vif-plugged', 'status': 'completed', 'tag': '109ef87f-43c4-48b6-a05d-252c51a132ec', 'code': 200}
2026-03-31 21:42:51.982 8 INFO neutron.db.ovn_revision_numbers_db [None req-4c8d2111-037d-490f-b13f-88a92fda7b43 46e096274b3c49d686f2bb7be9473a92 f5ad729ebdc64ab2ba6ca23dcbf070db - - default default] Successfully bumped revision number for resource 286fde59-c08d-4805-bd70-10d5917df45e (type: router_ports) to 1 [pid: 8|app: 0|req: 1132/2268] 10.0.0.209 () {34 vars in 782 bytes} [Tue Mar 31 21:42:50 2026] PUT /v2.0/routers/a10b699e-e110-4b8f-8f0a-922eb74e0c89/add_router_interface => generated 309 bytes in 1893 msecs (HTTP/1.1 200) 4 headers in 157 bytes (1 switches on core 0)
2026-03-31 21:42:52.195 8 INFO neutron.db.ovn_revision_numbers_db [None req-caf34f81-1065-47fd-9c10-dce293a1c309 - - - - - -] Successfully bumped revision number for resource 286fde59-c08d-4805-bd70-10d5917df45e (type: ports) to 2
2026-03-31 21:42:52.353 7 WARNING neutron.scheduler.dhcp_agent_scheduler [None req-010e3f93-bb92-48ac-a707-f618b6c555f0 331a309d9a324119b49655e4685a77cc b500836244564c47b7b1cb074f9df848 - - default default] No more DHCP agents
2026-03-31 21:42:52.354 7 WARNING neutron.api.rpc.agentnotifiers.dhcp_rpc_agent_api [None req-010e3f93-bb92-48ac-a707-f618b6c555f0 331a309d9a324119b49655e4685a77cc b500836244564c47b7b1cb074f9df848 - - default default] Unable to schedule network 4b1315f1-7d2d-429f-9dcb-806b3cc1ba78: no agents available; will retry on subsequent port and subnet creation events. [pid: 8|app: 0|req: 1133/2269] 10.0.0.209 () {32 vars in 739 bytes} [Tue Mar 31 21:42:51 2026] DELETE /v2.0/security-groups/1d91c1c7-b8b5-4aa7-ae59-9c2f8295cb08 => generated 0 bytes in 392 msecs (HTTP/1.1 204) 2 headers in 112 bytes (1 switches on core 0) [pid: 8|app: 0|req: 1134/2270] 10.0.0.209 () {32 vars in 716 bytes} [Tue Mar 31 21:42:52 2026] GET /v2.0/ports/286fde59-c08d-4805-bd70-10d5917df45e => generated 943 bytes in 34 msecs (HTTP/1.1 200) 4 headers in 157 bytes (1 switches on core 0) [pid: 8|app: 0|req: 1135/2271] 10.0.0.209 () {32 vars in 716 bytes} [Tue Mar 31 21:42:52 2026] GET /v2.0/ports/286fde59-c08d-4805-bd70-10d5917df45e => generated 943 bytes in 48 msecs (HTTP/1.1 200) 4 headers in 157 bytes (1 switches on core 0)
2026-03-31 21:42:52.487 7 INFO neutron.db.ovn_revision_numbers_db [None req-010e3f93-bb92-48ac-a707-f618b6c555f0 331a309d9a324119b49655e4685a77cc b500836244564c47b7b1cb074f9df848 - - default default] Successfully bumped revision number for resource cbd0e31a-0054-463a-9e5d-d190cdc8c9cd (type: ports) to 1 [pid: 8|app: 0|req: 1136/2272] 10.0.0.180 () {34 vars in 989 bytes} [Tue Mar 31 21:42:52 2026] GET /v2.0/ports?device_id=38f79f50-fe67-4ffb-8333-69e5b6e7e3ce => generated 1014 bytes in 44 msecs (HTTP/1.1 200) 4 headers in 158 bytes (1 switches on core 0)
2026-03-31 21:42:52.788 8 INFO neutron_taas.services.taas.taas_plugin [None req-e13a966b-3ec7-41e6-83a2-1d892a9a3634 46e096274b3c49d686f2bb7be9473a92 f5ad729ebdc64ab2ba6ca23dcbf070db - - default default] TaaS: Handle Delete Port: 286fde59-c08d-4805-bd70-10d5917df45e
2026-03-31 21:42:52.791 8 INFO neutron_taas.services.taas.tap_mirror_plugin [None req-e13a966b-3ec7-41e6-83a2-1d892a9a3634 46e096274b3c49d686f2bb7be9473a92 f5ad729ebdc64ab2ba6ca23dcbf070db - - default default] Tap Mirror: Handle Delete Port: 286fde59-c08d-4805-bd70-10d5917df45e [pid: 8|app: 0|req: 1137/2273] 10.0.0.209 () {34 vars in 788 bytes} [Tue Mar 31 21:42:52 2026] PUT /v2.0/routers/a10b699e-e110-4b8f-8f0a-922eb74e0c89/remove_router_interface => generated 309 bytes in 685 msecs (HTTP/1.1 200) 4 headers in 157 bytes (1 switches on core 0) /var/lib/openstack/lib/python3.12/site-packages/pycadf/identifier.py:70: UserWarning: Invalid uuid: neutron. To ensure interoperability, identifiers should be a valid uuid. warnings.warn(('Invalid uuid: %s. To ensure interoperability, ' [pid: 8|app: 0|req: 1138/2274] 10.0.0.180 () {34 vars in 1119 bytes} [Tue Mar 31 21:42:53 2026] GET /v2.0/security-groups?id=d82da10c-98ca-436e-8e39-4ebbedc0dea3&id=82d3d0d9-49c6-487f-83dc-5b68743ccc44&fields=id&fields=name => generated 206 bytes in 39 msecs (HTTP/1.1 200) 4 headers in 157 bytes (1 switches on core 0)
2026-03-31 21:42:53.257 7 WARNING neutron.scheduler.dhcp_agent_scheduler [None req-010e3f93-bb92-48ac-a707-f618b6c555f0 331a309d9a324119b49655e4685a77cc b500836244564c47b7b1cb074f9df848 - - default default] No more DHCP agents
2026-03-31 21:42:53.258 7 WARNING neutron.api.rpc.agentnotifiers.dhcp_rpc_agent_api [None req-010e3f93-bb92-48ac-a707-f618b6c555f0 331a309d9a324119b49655e4685a77cc b500836244564c47b7b1cb074f9df848 - - default default] Unable to schedule network 4b1315f1-7d2d-429f-9dcb-806b3cc1ba78: no agents available; will retry on subsequent port and subnet creation events. [pid: 8|app: 0|req: 1139/2275] 10.0.0.209 () {32 vars in 735 bytes} [Tue Mar 31 21:42:53 2026] GET /v2.0/ports?device_id=a10b699e-e110-4b8f-8f0a-922eb74e0c89 => generated 12 bytes in 19 msecs (HTTP/1.1 200) 4 headers in 156 bytes (1 switches on core 0) [pid: 8|app: 0|req: 1140/2276] 10.0.0.209 () {32 vars in 723 bytes} [Tue Mar 31 21:42:53 2026] DELETE /v2.0/routers/a10b699e-e110-4b8f-8f0a-922eb74e0c89 => generated 0 bytes in 240 msecs (HTTP/1.1 204) 2 headers in 112 bytes (1 switches on core 0) [pid: 8|app: 0|req: 1141/2277] 10.0.0.180 () {34 vars in 989 bytes} [Tue Mar 31 21:42:53 2026] GET /v2.0/ports?device_id=38f79f50-fe67-4ffb-8333-69e5b6e7e3ce => generated 1014 bytes in 113 msecs (HTTP/1.1 200) 4 headers in 158 bytes (1 switches on core 0)
2026-03-31 21:42:53.738 7 INFO neutron.db.ovn_revision_numbers_db [None req-010e3f93-bb92-48ac-a707-f618b6c555f0 331a309d9a324119b49655e4685a77cc b500836244564c47b7b1cb074f9df848 - - default default] Successfully bumped revision number for resource cbd0e31a-0054-463a-9e5d-d190cdc8c9cd (type: router_ports) to 1 [pid: 7|app: 0|req: 1137/2278] 10.0.0.209 () {34 vars in 782 bytes} [Tue Mar 31 21:42:51 2026] PUT /v2.0/routers/fb4ca894-629b-4860-8844-1e6da8b03eee/add_router_interface => generated 309 bytes in 1920 msecs (HTTP/1.1 200) 4 headers in 157 bytes (1 switches on core 0) [pid: 8|app: 0|req: 1142/2279] 10.0.0.209 () {32 vars in 723 bytes} [Tue Mar 31 21:42:53 2026] DELETE /v2.0/subnets/157ffdb3-c998-4990-936e-6d710081cb8f => generated 0 bytes in 266 msecs (HTTP/1.1 204) 3 headers in 131 bytes (1 switches on core 0)
2026-03-31 21:42:54.209 7 INFO neutron.db.ovn_revision_numbers_db [None req-9a18bb2d-6f95-4d77-b141-2d2af60b49a0 3893c1a2e825438e8c89958104cbe624 f33ce7de09a043119eea6452b80c6e52 - - default default] Successfully bumped revision number for resource 1bf9d10b-29e6-4cb4-8f55-f41b07077853 (type: floatingips) to 1
2026-03-31 21:42:54.331 7 INFO neutron.db.ovn_revision_numbers_db [None req-9a18bb2d-6f95-4d77-b141-2d2af60b49a0 3893c1a2e825438e8c89958104cbe624 f33ce7de09a043119eea6452b80c6e52 - - default default] Successfully bumped revision number for resource 1bf9d10b-29e6-4cb4-8f55-f41b07077853 (type: floatingips) to 2
2026-03-31 21:42:54.332 7 INFO neutron.db.l3_db [None req-9a18bb2d-6f95-4d77-b141-2d2af60b49a0 3893c1a2e825438e8c89958104cbe624 f33ce7de09a043119eea6452b80c6e52 - - default default] Floating IP 1bf9d10b-29e6-4cb4-8f55-f41b07077853 associated. External IP: 10.96.250.205, port: 109ef87f-43c4-48b6-a05d-252c51a132ec.
2026-03-31 21:42:54.342 8 WARNING neutron.scheduler.dhcp_agent_scheduler [None req-63d56ac8-e8ba-479a-815f-6f945e2424e1 - - - - - -] No more DHCP agents
2026-03-31 21:42:54.343 8 WARNING neutron.api.rpc.agentnotifiers.dhcp_rpc_agent_api [None req-63d56ac8-e8ba-479a-815f-6f945e2424e1 - - - - - -] Unable to schedule network 928ae8c5-9c55-4859-ae29-092d73131164: no agents available; will retry on subsequent port and subnet creation events. [pid: 7|app: 0|req: 1138/2280] 10.0.0.209 () {34 vars in 748 bytes} [Tue Mar 31 21:42:53 2026] PUT /v2.0/floatingips/1bf9d10b-29e6-4cb4-8f55-f41b07077853 => generated 856 bytes in 617 msecs (HTTP/1.1 200) 4 headers in 157 bytes (1 switches on core 0)
2026-03-31 21:42:54.400 7 INFO neutron.notifiers.nova [-] Nova event matching ['req-4563ee6c-eac8-458c-a48a-14bdcd5e8c26'] response: {'name': 'network-changed', 'server_uuid': '38f79f50-fe67-4ffb-8333-69e5b6e7e3ce', 'tag': '109ef87f-43c4-48b6-a05d-252c51a132ec', 'status': 'completed', 'code': 200}
2026-03-31 21:42:54.474 8 INFO neutron.db.ovn_revision_numbers_db [None req-63d56ac8-e8ba-479a-815f-6f945e2424e1 - - - - - -] Successfully bumped revision number for resource 044fcc8d-c5b9-4f71-92ef-2c296cb7adf9 (type: ports) to 1
2026-03-31 21:42:54.517 7 INFO neutron_taas.services.taas.taas_plugin [None req-8e5c44fb-6b8b-447b-a232-f4aeb76fb05e 46e096274b3c49d686f2bb7be9473a92 f5ad729ebdc64ab2ba6ca23dcbf070db - - default default] TaaS: Handle Delete Port: 63ed9c12-8392-48ab-8fd9-7e53c591baa4
2026-03-31 21:42:54.522 7 INFO neutron_taas.services.taas.tap_mirror_plugin [None req-8e5c44fb-6b8b-447b-a232-f4aeb76fb05e 46e096274b3c49d686f2bb7be9473a92 f5ad729ebdc64ab2ba6ca23dcbf070db - - default default] Tap Mirror: Handle Delete Port: 63ed9c12-8392-48ab-8fd9-7e53c591baa4
2026-03-31 21:42:54.724 8 INFO neutron.db.ovn_revision_numbers_db [None req-63d56ac8-e8ba-479a-815f-6f945e2424e1 - - - - - -] Successfully bumped revision number for resource 044fcc8d-c5b9-4f71-92ef-2c296cb7adf9 (type: ports) to 3
2026-03-31 21:42:54.739 7 INFO neutron.services.segments.plugin [-] Segment 8cb553ca-2088-451f-bed2-68c849ea06eb resource provider aggregate not found
2026-03-31 21:42:54.746 7 INFO neutron.services.segments.plugin [-] Segment 8cb553ca-2088-451f-bed2-68c849ea06eb resource provider aggregate not found
2026-03-31 21:42:54.761 7 INFO neutron.services.segments.plugin [-] Segment 8cb553ca-2088-451f-bed2-68c849ea06eb resource provider not found; error: Placement Client Error (4xx): {"errors": [{"status": 404, "title": "Not Found", "detail": "The resource could not be found.\n\n No resource provider with uuid 8cb553ca-2088-451f-bed2-68c849ea06eb found for delete ", "request_id": "req-3085177d-fe50-46a0-99e2-2953336759e2"}]}
2026-03-31 21:42:54.766 7 INFO neutron.services.segments.plugin [-] Segment 8cb553ca-2088-451f-bed2-68c849ea06eb resource provider not found; error: Placement Client Error (4xx): {"errors": [{"status": 404, "title": "Not Found", "detail": "The resource could not be found.\n\n No resource provider with uuid 8cb553ca-2088-451f-bed2-68c849ea06eb found for delete ", "request_id": "req-d3831e36-a073-4fdd-bb81-6a2c2f222aa5"}]} [pid: 7|app: 0|req: 1139/2281] 10.0.0.209 () {32 vars in 725 bytes} [Tue Mar 31 21:42:54 2026] DELETE /v2.0/networks/84516221-a464-48c4-b9d8-635071493243 => generated 0 bytes in 433 msecs (HTTP/1.1 204) 3 headers in 131 bytes (1 switches on core 0)
2026-03-31 21:42:54.806 8 INFO neutron.db.segments_db [None req-63d56ac8-e8ba-479a-815f-6f945e2424e1 - - - - - -] Added segment 644a2675-6691-43d8-b746-a6546b5da636 of type geneve for network fe631c2e-3bbe-4eee-9aae-d237bc3e4523
2026-03-31 21:42:54.928 8 INFO neutron.db.ovn_revision_numbers_db [None req-d22d40eb-9e57-4c7a-a96c-9cf9a2113e41 - - - - - -] Successfully bumped revision number for resource fe631c2e-3bbe-4eee-9aae-d237bc3e4523 (type: networks) to 1
2026-03-31 21:42:55.081 7 INFO neutron.db.ovn_revision_numbers_db [None req-7a223451-eefe-46a4-99b0-7c9cf85ffb1c bad0bc2204824493820f9a11bb52c736 fc64fa29bdc44d88bebf4461bd805051 - - default default] Successfully bumped revision number for resource abf11b98-e8b5-4ad1-93db-90cef8537702 (type: security_groups) to 1
2026-03-31 21:42:55.088 8 WARNING neutron.scheduler.dhcp_agent_scheduler [None req-d22d40eb-9e57-4c7a-a96c-9cf9a2113e41 - - - - - -] No more DHCP agents
2026-03-31 21:42:55.090 8 WARNING neutron.api.rpc.agentnotifiers.dhcp_rpc_agent_api [None req-d22d40eb-9e57-4c7a-a96c-9cf9a2113e41 - - - - - -] Unable to schedule network fe631c2e-3bbe-4eee-9aae-d237bc3e4523: no agents available; will retry on subsequent port and subnet creation events.
2026-03-31 21:42:55.093 7 INFO neutron.db.ovn_revision_numbers_db [None req-7a223451-eefe-46a4-99b0-7c9cf85ffb1c bad0bc2204824493820f9a11bb52c736 fc64fa29bdc44d88bebf4461bd805051 - - default default] Successfully bumped revision number for resource 2f0851fd-65d8-4d29-a481-3a0d53ff8871 (type: security_group_rules) to 0
2026-03-31 21:42:55.104 7 INFO neutron.db.ovn_revision_numbers_db [None req-7a223451-eefe-46a4-99b0-7c9cf85ffb1c bad0bc2204824493820f9a11bb52c736 fc64fa29bdc44d88bebf4461bd805051 - - default default] Successfully bumped revision number for resource 30706cbb-fca2-41f2-a519-ce6d18b0b738 (type: security_group_rules) to 0
2026-03-31 21:42:55.114 7 INFO neutron.db.ovn_revision_numbers_db [None req-7a223451-eefe-46a4-99b0-7c9cf85ffb1c bad0bc2204824493820f9a11bb52c736 fc64fa29bdc44d88bebf4461bd805051 - - default default] Successfully bumped revision number for resource 40d2decc-fb9d-434f-bcd8-884902654f41 (type: security_group_rules) to 0
2026-03-31 21:42:55.126 7 INFO neutron.db.ovn_revision_numbers_db [None req-7a223451-eefe-46a4-99b0-7c9cf85ffb1c bad0bc2204824493820f9a11bb52c736 fc64fa29bdc44d88bebf4461bd805051 - - default default] Successfully bumped revision number for resource 773799a5-d7cc-47b1-8149-0c20e6991d2a (type: security_group_rules) to 0
2026-03-31 21:42:55.181 8 INFO neutron.db.ovn_revision_numbers_db [None req-d22d40eb-9e57-4c7a-a96c-9cf9a2113e41 - - - - - -] Successfully bumped revision number for resource 1bc6b295-b9d9-41a2-89a8-73d41f4dc22a (type: ports) to 1
2026-03-31 21:42:55.224 7 INFO neutron.db.segments_db [None req-7a223451-eefe-46a4-99b0-7c9cf85ffb1c bad0bc2204824493820f9a11bb52c736 fc64fa29bdc44d88bebf4461bd805051 - - default default] Added segment 901f4d0d-9c08-49fc-9378-605abc37e944 of type geneve for network 0a82843a-a859-4f22-9467-8ba69a9c17cd
2026-03-31 21:42:55.320 8 WARNING neutron.scheduler.dhcp_agent_scheduler [None req-d22d40eb-9e57-4c7a-a96c-9cf9a2113e41 - - - - - -] No more DHCP agents
2026-03-31 21:42:55.321 8 WARNING neutron.api.rpc.agentnotifiers.dhcp_rpc_agent_api [None req-d22d40eb-9e57-4c7a-a96c-9cf9a2113e41 - - - - - -] Unable to schedule network fe631c2e-3bbe-4eee-9aae-d237bc3e4523: no agents available; will retry on subsequent port and subnet creation events.
2026-03-31 21:42:55.334 7 INFO neutron.db.ovn_revision_numbers_db [None req-7a223451-eefe-46a4-99b0-7c9cf85ffb1c bad0bc2204824493820f9a11bb52c736 fc64fa29bdc44d88bebf4461bd805051 - - default default] Successfully bumped revision number for resource 0a82843a-a859-4f22-9467-8ba69a9c17cd (type: networks) to 1
2026-03-31 21:42:55.346 8 INFO neutron.db.ovn_revision_numbers_db [None req-d22d40eb-9e57-4c7a-a96c-9cf9a2113e41 - - - - - -] Successfully bumped revision number for resource 8c3efbe9-f386-4476-8cc5-080317c1f6a2 (type: subnets) to 0
2026-03-31 21:42:55.474 7 WARNING neutron.scheduler.dhcp_agent_scheduler [None req-7a223451-eefe-46a4-99b0-7c9cf85ffb1c bad0bc2204824493820f9a11bb52c736 fc64fa29bdc44d88bebf4461bd805051 - - default default] No more DHCP agents
2026-03-31 21:42:55.475 7 WARNING neutron.api.rpc.agentnotifiers.dhcp_rpc_agent_api [None req-7a223451-eefe-46a4-99b0-7c9cf85ffb1c bad0bc2204824493820f9a11bb52c736 fc64fa29bdc44d88bebf4461bd805051 - - default default] Unable to schedule network 0a82843a-a859-4f22-9467-8ba69a9c17cd: no agents available; will retry on subsequent port and subnet creation events.
2026-03-31 21:42:55.564 7 INFO neutron.db.ovn_revision_numbers_db [None req-7a223451-eefe-46a4-99b0-7c9cf85ffb1c bad0bc2204824493820f9a11bb52c736 fc64fa29bdc44d88bebf4461bd805051 - - default default] Successfully bumped revision number for resource 5b80955e-190a-4a5f-b0d7-b9b82263ea89 (type: ports) to 1 [pid: 7|app: 0|req: 1140/2282] 10.0.0.209 () {34 vars in 670 bytes} [Tue Mar 31 21:42:54 2026] POST /v2.0/networks => generated 761 bytes in 795 msecs (HTTP/1.1 201) 4 headers in 162 bytes (1 switches on core 0)
2026-03-31 21:42:55.755 8 WARNING neutron.scheduler.dhcp_agent_scheduler [None req-d22d40eb-9e57-4c7a-a96c-9cf9a2113e41 - - - - - -] No more DHCP agents
2026-03-31 21:42:55.757 8 WARNING neutron.api.rpc.agentnotifiers.dhcp_rpc_agent_api [None req-d22d40eb-9e57-4c7a-a96c-9cf9a2113e41 - - - - - -] Unable to schedule network fe631c2e-3bbe-4eee-9aae-d237bc3e4523: no agents available; will retry on subsequent port and subnet creation events.
2026-03-31 21:42:55.897 8 INFO neutron.db.ovn_revision_numbers_db [None req-d22d40eb-9e57-4c7a-a96c-9cf9a2113e41 - - - - - -] Successfully bumped revision number for resource e506064f-bfac-422e-b5bd-847c8bcf3f16 (type: ports) to 1
2026-03-31 21:42:55.935 7 WARNING neutron.plugins.ml2.drivers.ovn.mech_driver.ovsdb.ovn_client [None req-683d8948-7344-4955-a965-74dd92738786 - - - - - -] No hosting information found for port fb1d974b-f689-4163-959e-17c6c058a58d: RuntimeError: No hosting information found for port fb1d974b-f689-4163-959e-17c6c058a58d
2026-03-31 21:42:55.937 7 INFO neutron.plugins.ml2.drivers.ovn.mech_driver.mech_driver [None req-683d8948-7344-4955-a965-74dd92738786 - - - - - -] OVN reports status down for port: 044fcc8d-c5b9-4f71-92ef-2c296cb7adf9
2026-03-31 21:42:56.047 7 INFO neutron.plugins.ml2.drivers.ovn.mech_driver.mech_driver [None req-683d8948-7344-4955-a965-74dd92738786 - - - - - -] OVN reports status down for port: 5b80955e-190a-4a5f-b0d7-b9b82263ea89
2026-03-31 21:42:56.120 7 WARNING neutron.scheduler.dhcp_agent_scheduler [None req-2421b5b3-d3f2-4c1c-a5ba-20447a97b25f 46e096274b3c49d686f2bb7be9473a92 f5ad729ebdc64ab2ba6ca23dcbf070db - - default default] No more DHCP agents
2026-03-31 21:42:56.124 7 WARNING neutron.api.rpc.agentnotifiers.dhcp_rpc_agent_api [None req-2421b5b3-d3f2-4c1c-a5ba-20447a97b25f 46e096274b3c49d686f2bb7be9473a92 f5ad729ebdc64ab2ba6ca23dcbf070db - - default default] Unable to schedule network 928ae8c5-9c55-4859-ae29-092d73131164: no agents available; will retry on subsequent port and subnet creation events.
2026-03-31 21:42:56.141 7 INFO neutron.plugins.ml2.drivers.ovn.mech_driver.mech_driver [None req-683d8948-7344-4955-a965-74dd92738786 - - - - - -] OVN reports status down for port: e506064f-bfac-422e-b5bd-847c8bcf3f16
2026-03-31 21:42:56.308 7 INFO neutron.db.ovn_revision_numbers_db [None req-2421b5b3-d3f2-4c1c-a5ba-20447a97b25f 46e096274b3c49d686f2bb7be9473a92 f5ad729ebdc64ab2ba6ca23dcbf070db - - default default] Successfully bumped revision number for resource 301b3c0b-f9eb-4116-bc45-efa430dd3d3d (type: ports) to 1
2026-03-31 21:42:56.469 7 INFO neutron.plugins.ml2.drivers.ovn.mech_driver.mech_driver [None req-683d8948-7344-4955-a965-74dd92738786 - - - - - -] OVN reports status up for port: e506064f-bfac-422e-b5bd-847c8bcf3f16
2026-03-31 21:42:56.494 7 INFO neutron.plugins.ml2.plugin [None req-683d8948-7344-4955-a965-74dd92738786 - - - - - -] Attempt 1 to provision port e506064f-bfac-422e-b5bd-847c8bcf3f16
2026-03-31 21:42:56.515 8 WARNING neutron.scheduler.dhcp_agent_scheduler [None req-d22d40eb-9e57-4c7a-a96c-9cf9a2113e41 - - - - - -] No more DHCP agents
2026-03-31 21:42:56.516 8 WARNING neutron.api.rpc.agentnotifiers.dhcp_rpc_agent_api [None req-d22d40eb-9e57-4c7a-a96c-9cf9a2113e41 - - - - - -] Unable to schedule network fe631c2e-3bbe-4eee-9aae-d237bc3e4523: no agents available; will retry on subsequent port and subnet creation events.
2026-03-31 21:42:56.942 8 INFO neutron.db.ovn_revision_numbers_db [None req-d22d40eb-9e57-4c7a-a96c-9cf9a2113e41 - - - - - -] Successfully bumped revision number for resource e506064f-bfac-422e-b5bd-847c8bcf3f16 (type: router_ports) to 1
2026-03-31 21:42:57.141 8 WARNING neutron.scheduler.dhcp_agent_scheduler [None req-d22d40eb-9e57-4c7a-a96c-9cf9a2113e41 - - - - - -] No more DHCP agents
2026-03-31 21:42:57.143 8 WARNING neutron.api.rpc.agentnotifiers.dhcp_rpc_agent_api [None req-d22d40eb-9e57-4c7a-a96c-9cf9a2113e41 - - - - - -] Unable to schedule network fe631c2e-3bbe-4eee-9aae-d237bc3e4523: no agents available; will retry on subsequent port and subnet creation events.
2026-03-31 21:42:57.264 8 WARNING neutron.plugins.ml2.drivers.ovn.mech_driver.ovsdb.ovn_client [None req-20a7a99d-73b6-4a17-93cf-48c5b4af0957 - - - - - -] No port found with ID 286fde59-c08d-4805-bd70-10d5917df45e: RuntimeError: No port found with ID 286fde59-c08d-4805-bd70-10d5917df45e
2026-03-31 21:42:57.293 8 INFO neutron.plugins.ml2.drivers.ovn.mech_driver.mech_driver [None req-20a7a99d-73b6-4a17-93cf-48c5b4af0957 - - - - - -] OVN reports status down for port: cbd0e31a-0054-463a-9e5d-d190cdc8c9cd
2026-03-31 21:42:57.338 8 INFO neutron.db.ovn_revision_numbers_db [None req-d22d40eb-9e57-4c7a-a96c-9cf9a2113e41 - - - - - -] Successfully bumped revision number for resource bfb0b887-fe17-47b5-9f63-357f97ebd52b (type: ports) to 1
2026-03-31 21:42:57.409 8 WARNING neutron.plugins.ml2.drivers.ovn.mech_driver.ovsdb.ovn_client [None req-20a7a99d-73b6-4a17-93cf-48c5b4af0957 - - - - - -] Logical_Switch_Port %s host information not removed, the port state is up
2026-03-31 21:42:57.410 8 INFO neutron.plugins.ml2.drivers.ovn.mech_driver.mech_driver [None req-20a7a99d-73b6-4a17-93cf-48c5b4af0957 - - - - - -] OVN reports status up for port: cbd0e31a-0054-463a-9e5d-d190cdc8c9cd
2026-03-31 21:42:57.411 7 INFO neutron.plugins.ml2.drivers.ovn.mech_driver.ovsdb.commands [None req-727fde0f-c72d-43b7-9591-899989fd64bc - - - - - -] Schedule LRP lrp-301b3c0b-f9eb-4116-bc45-efa430dd3d3d on gateway c555bb73-fa4c-4669-ae3b-08ba401c6f22 with priority 1
2026-03-31 21:42:57.413 7 INFO neutron.db.ovn_revision_numbers_db [None req-683d8948-7344-4955-a965-74dd92738786 - - - - - -] Successfully bumped revision number for resource e506064f-bfac-422e-b5bd-847c8bcf3f16 (type: ports) to 2
2026-03-31 21:42:57.473 8 INFO neutron.plugins.ml2.plugin [None req-20a7a99d-73b6-4a17-93cf-48c5b4af0957 - - - - - -] Attempt 1 to provision port cbd0e31a-0054-463a-9e5d-d190cdc8c9cd
2026-03-31 21:42:57.525 7 INFO neutron.db.ovn_revision_numbers_db [None req-2421b5b3-d3f2-4c1c-a5ba-20447a97b25f 46e096274b3c49d686f2bb7be9473a92 f5ad729ebdc64ab2ba6ca23dcbf070db - - default default] Successfully bumped revision number for resource 301b3c0b-f9eb-4116-bc45-efa430dd3d3d (type: router_ports) to 1
2026-03-31 21:42:57.633 7 INFO neutron.db.ovn_revision_numbers_db [None req-2421b5b3-d3f2-4c1c-a5ba-20447a97b25f 46e096274b3c49d686f2bb7be9473a92 f5ad729ebdc64ab2ba6ca23dcbf070db - - default default] Successfully bumped revision number for resource fd672f20-7258-463a-a321-150b368b1be8 (type: routers) to 2 [pid: 7|app: 0|req: 1141/2283] 10.0.0.209 () {34 vars in 668 bytes} [Tue Mar 31 21:42:55 2026] POST /v2.0/routers => generated 948 bytes in 2064 msecs (HTTP/1.1 201) 4 headers in 162 bytes (1 switches on core 0) [pid: 7|app: 0|req: 1142/2284] 199.204.45.57 () {34 vars in 1078 bytes} [Tue Mar 31 21:42:57 2026] GET /v2.0/ports?tenant_id=f33ce7de09a043119eea6452b80c6e52&device_id=38f79f50-fe67-4ffb-8333-69e5b6e7e3ce => generated 1252 bytes in 40 msecs (HTTP/1.1 200) 4 headers in 158 bytes (1 switches on core 0)
2026-03-31 21:42:57.796 8 INFO neutron.db.ovn_revision_numbers_db [None req-d22d40eb-9e57-4c7a-a96c-9cf9a2113e41 - - - - - -] Successfully bumped revision number for resource bfb0b887-fe17-47b5-9f63-357f97ebd52b (type: ports) to 3
2026-03-31 21:42:57.823 7 WARNING neutron.scheduler.dhcp_agent_scheduler [None req-3978eb8c-f33c-4e64-bbf6-ce74ae6f02a7 bad0bc2204824493820f9a11bb52c736 fc64fa29bdc44d88bebf4461bd805051 - - default default] No more DHCP agents
2026-03-31 21:42:57.825 7 WARNING neutron.api.rpc.agentnotifiers.dhcp_rpc_agent_api [None req-3978eb8c-f33c-4e64-bbf6-ce74ae6f02a7 bad0bc2204824493820f9a11bb52c736 fc64fa29bdc44d88bebf4461bd805051 - - default default] Unable to schedule network 0a82843a-a859-4f22-9467-8ba69a9c17cd: no agents available; will retry on subsequent port and subnet creation events. [pid: 8|app: 0|req: 1143/2285] 10.0.0.209 () {34 vars in 684 bytes} [Tue Mar 31 21:42:53 2026] POST /v2.0/vpn/vpnservices => generated 457 bytes in 4214 msecs (HTTP/1.1 201) 4 headers in 162 bytes (1 switches on core 0)
2026-03-31 21:42:58.222 8 INFO neutron.db.ovn_revision_numbers_db [None req-20a7a99d-73b6-4a17-93cf-48c5b4af0957 - - - - - -] Successfully bumped revision number for resource cbd0e31a-0054-463a-9e5d-d190cdc8c9cd (type: ports) to 2 [pid: 8|app: 0|req: 1144/2286] 10.0.0.209 () {32 vars in 720 bytes} [Tue Mar 31 21:42:58 2026] GET /v2.0/routers/fd672f20-7258-463a-a321-150b368b1be8 => generated 954 bytes in 129 msecs (HTTP/1.1 200) 4 headers in 157 bytes (1 switches on core 0)
2026-03-31 21:42:58.259 7 INFO neutron.db.ovn_revision_numbers_db [None req-87171d9f-2938-4ed1-b030-9aa262853db8 - - - - - -] Successfully bumped revision number for resource 5b80955e-190a-4a5f-b0d7-b9b82263ea89 (type: ports) to 2
2026-03-31 21:42:58.296 7 INFO neutron.db.ovn_revision_numbers_db [None req-87171d9f-2938-4ed1-b030-9aa262853db8 - - - - - -] Successfully bumped revision number for resource 61f7c0d7-d264-4cd5-b949-9d53e3538dee (type: subnets) to 0 [pid: 7|app: 0|req: 1143/2287] 10.0.0.209 () {34 vars in 668 bytes} [Tue Mar 31 21:42:57 2026] POST /v2.0/subnets => generated 687 bytes in 617 msecs (HTTP/1.1 201) 4 headers in 162 bytes (1 switches on core 0) [pid: 8|app: 0|req: 1145/2288] 199.204.45.57 () {34 vars in 984 bytes} [Tue Mar 31 21:42:58 2026] GET /v2.0/networks?id=91460781-0c84-4318-8417-6d7317594335 => generated 808 bytes in 84 msecs (HTTP/1.1 200) 4 headers in 157 bytes (1 switches on core 0) [pid: 7|app: 0|req: 1144/2289] 10.0.0.209 () {32 vars in 662 bytes} [Tue Mar 31 21:42:58 2026] GET /v2.0/vpn/vpnservices => generated 1305 bytes in 14 msecs (HTTP/1.1 200) 4 headers in 158 bytes (1 switches on core 0) [pid: 8|app: 0|req: 1146/2290] 10.0.0.209 () {32 vars in 646 bytes} [Tue Mar 31 21:42:58 2026] GET /v2.0/routers => generated 957 bytes in 185 msecs (HTTP/1.1 200) 4 headers in 157 bytes (1 switches on core 0) [pid: 8|app: 0|req: 1147/2291] 199.204.45.57 () {34 vars in 1058 bytes} [Tue Mar 31 21:42:58 2026] GET /v2.0/floatingips?fixed_ip_address=10.100.0.10&port_id=109ef87f-43c4-48b6-a05d-252c51a132ec => generated 861 bytes in 57 msecs (HTTP/1.1 200) 4 headers in 157 bytes (1 switches on core 0)
2026-03-31 21:42:58.736 7 WARNING neutron.scheduler.dhcp_agent_scheduler [None req-90c2161c-7888-4884-aac2-40a3631fe7f7 bad0bc2204824493820f9a11bb52c736 fc64fa29bdc44d88bebf4461bd805051 - - default default] No more DHCP agents
2026-03-31 21:42:58.737 7 WARNING neutron.api.rpc.agentnotifiers.dhcp_rpc_agent_api [None req-90c2161c-7888-4884-aac2-40a3631fe7f7 bad0bc2204824493820f9a11bb52c736 fc64fa29bdc44d88bebf4461bd805051 - - default default] Unable to schedule network 928ae8c5-9c55-4859-ae29-092d73131164: no agents available; will retry on subsequent port and subnet creation events.
2026-03-31 21:42:58.792 8 INFO neutron_taas.services.taas.taas_plugin [None req-3e92d182-21a7-4bd4-b067-706b70ada0b6 331a309d9a324119b49655e4685a77cc b500836244564c47b7b1cb074f9df848 - - default default] TaaS: Handle Delete Port: 044fcc8d-c5b9-4f71-92ef-2c296cb7adf9
2026-03-31 21:42:58.795 8 INFO neutron_taas.services.taas.tap_mirror_plugin [None req-3e92d182-21a7-4bd4-b067-706b70ada0b6 331a309d9a324119b49655e4685a77cc b500836244564c47b7b1cb074f9df848 - - default default] Tap Mirror: Handle Delete Port: 044fcc8d-c5b9-4f71-92ef-2c296cb7adf9
2026-03-31 21:42:58.870 7 INFO neutron.db.ovn_revision_numbers_db [None req-90c2161c-7888-4884-aac2-40a3631fe7f7 bad0bc2204824493820f9a11bb52c736 fc64fa29bdc44d88bebf4461bd805051 - - default default] Successfully bumped revision number for resource 87f4814f-1ef8-4ba0-9ad5-aba2219ad5e7 (type: ports) to 1
2026-03-31 21:42:59.069 8 INFO neutron_taas.services.taas.taas_plugin [None req-b8c6b084-4e63-4ce0-a1d5-6cca76215633 - - - - - -] TaaS: Handle Delete Port: bfb0b887-fe17-47b5-9f63-357f97ebd52b
2026-03-31 21:42:59.073 8 INFO neutron_taas.services.taas.tap_mirror_plugin [None req-b8c6b084-4e63-4ce0-a1d5-6cca76215633 - - - - - -] Tap Mirror: Handle Delete Port: bfb0b887-fe17-47b5-9f63-357f97ebd52b
2026-03-31 21:42:59.461 7 INFO neutron.plugins.ml2.drivers.ovn.mech_driver.ovsdb.commands [None req-727fde0f-c72d-43b7-9591-899989fd64bc - - - - - -] Schedule LRP lrp-87f4814f-1ef8-4ba0-9ad5-aba2219ad5e7 on gateway c555bb73-fa4c-4669-ae3b-08ba401c6f22 with priority 1
2026-03-31 21:42:59.490 8 INFO neutron_taas.services.taas.taas_plugin [None req-b77c9247-6322-471c-a748-1b1eaca8c6c1 - - - - - -] TaaS: Handle Delete Port: e506064f-bfac-422e-b5bd-847c8bcf3f16
2026-03-31 21:42:59.501 8 INFO neutron_taas.services.taas.tap_mirror_plugin [None req-b77c9247-6322-471c-a748-1b1eaca8c6c1 - - - - - -] Tap Mirror: Handle Delete Port: e506064f-bfac-422e-b5bd-847c8bcf3f16
2026-03-31 21:42:59.529 7 INFO neutron.db.ovn_revision_numbers_db [None req-90c2161c-7888-4884-aac2-40a3631fe7f7 bad0bc2204824493820f9a11bb52c736 fc64fa29bdc44d88bebf4461bd805051 - - default default] Successfully bumped revision number for resource 87f4814f-1ef8-4ba0-9ad5-aba2219ad5e7 (type: router_ports) to 1
2026-03-31 21:42:59.568 8 INFO neutron.plugins.ml2.drivers.ovn.mech_driver.ovsdb.ovsdb_monitor [None req-8ed86b31-fca1-4dea-a27b-70f66c53e8ad - - - - - -] Router 9a813df3-c98b-4fb4-8e88-615649fcc821 is bound to host instance
2026-03-31 21:42:59.589 7 INFO neutron.db.ovn_revision_numbers_db [None req-90c2161c-7888-4884-aac2-40a3631fe7f7 bad0bc2204824493820f9a11bb52c736 fc64fa29bdc44d88bebf4461bd805051 - - default default] Successfully bumped revision number for resource 9a813df3-c98b-4fb4-8e88-615649fcc821 (type: routers) to 2 [pid: 7|app: 0|req: 1145/2292] 10.0.0.209 () {34 vars in 668 bytes} [Tue Mar 31 21:42:58 2026] POST /v2.0/routers => generated 965 bytes in 1277 msecs (HTTP/1.1 201) 4 headers in 162 bytes (1 switches on core 0)
2026-03-31 21:43:00.102 7 INFO neutron.db.ovn_revision_numbers_db [None req-d561c233-8dac-4b46-a6d5-d607a4e51d22 46e096274b3c49d686f2bb7be9473a92 f5ad729ebdc64ab2ba6ca23dcbf070db - - default default] Successfully bumped revision number for resource fd672f20-7258-463a-a321-150b368b1be8 (type: routers) to 3 [pid: 7|app: 0|req: 1146/2293] 10.0.0.209 () {34 vars in 740 bytes} [Tue Mar 31 21:42:59 2026] PUT /v2.0/routers/fd672f20-7258-463a-a321-150b368b1be8 => generated 961 bytes in 500 msecs (HTTP/1.1 200) 4 headers in 157 bytes (1 switches on core 0) [pid: 7|app: 0|req: 1147/2294] 199.204.45.57 () {34 vars in 982 bytes} [Tue Mar 31 21:43:00 2026] GET /v2.0/subnets?id=dd1fccc4-cbb1-4cb7-8669-87d364aa5adb => generated 689 bytes in 25 msecs (HTTP/1.1 200) 4 headers in 157 bytes (1 switches on core 0)
2026-03-31 21:43:00.531 7 WARNING neutron.scheduler.dhcp_agent_scheduler [None req-b45ab6ea-7224-4e70-9437-b44d2a8b6d50 bad0bc2204824493820f9a11bb52c736 fc64fa29bdc44d88bebf4461bd805051 - - default default] No more DHCP agents
2026-03-31 21:43:00.532 7 WARNING neutron.api.rpc.agentnotifiers.dhcp_rpc_agent_api [None req-b45ab6ea-7224-4e70-9437-b44d2a8b6d50 bad0bc2204824493820f9a11bb52c736 fc64fa29bdc44d88bebf4461bd805051 - - default default] Unable to schedule network 0a82843a-a859-4f22-9467-8ba69a9c17cd: no agents available; will retry on subsequent port and subnet creation events.
2026-03-31 21:43:00.663 7 INFO neutron.db.ovn_revision_numbers_db [None req-b45ab6ea-7224-4e70-9437-b44d2a8b6d50 bad0bc2204824493820f9a11bb52c736 fc64fa29bdc44d88bebf4461bd805051 - - default default] Successfully bumped revision number for resource 5147407b-f8bb-4cd6-92cc-8bba0ef2e0dc (type: ports) to 1
2026-03-31 21:43:01.186 8 INFO neutron.db.ovn_revision_numbers_db [None req-4fc27c2c-a752-4169-aa91-51059b6f6844 - - - - - -] Successfully bumped revision number for resource 87f4814f-1ef8-4ba0-9ad5-aba2219ad5e7 (type: ports) to 4
2026-03-31 21:43:01.221 8 INFO neutron_taas.services.taas.taas_plugin [None req-b77c9247-6322-471c-a748-1b1eaca8c6c1 - - - - - -] TaaS: Handle Delete Port: 1bc6b295-b9d9-41a2-89a8-73d41f4dc22a
2026-03-31 21:43:01.234 8 INFO neutron_taas.services.taas.tap_mirror_plugin [None req-b77c9247-6322-471c-a748-1b1eaca8c6c1 - - - - - -] Tap Mirror: Handle Delete Port: 1bc6b295-b9d9-41a2-89a8-73d41f4dc22a
2026-03-31 21:43:01.306 7 WARNING neutron.scheduler.dhcp_agent_scheduler [None req-b45ab6ea-7224-4e70-9437-b44d2a8b6d50 bad0bc2204824493820f9a11bb52c736 fc64fa29bdc44d88bebf4461bd805051 - - default default] No more DHCP agents
2026-03-31 21:43:01.307 7 WARNING neutron.api.rpc.agentnotifiers.dhcp_rpc_agent_api [None req-b45ab6ea-7224-4e70-9437-b44d2a8b6d50 bad0bc2204824493820f9a11bb52c736 fc64fa29bdc44d88bebf4461bd805051 - - default default] Unable to schedule network 0a82843a-a859-4f22-9467-8ba69a9c17cd: no agents available; will retry on subsequent port and subnet creation events.
2026-03-31 21:43:01.573 8 INFO neutron.services.segments.plugin [-] Segment 644a2675-6691-43d8-b746-a6546b5da636 resource provider aggregate not found
2026-03-31 21:43:01.582 8 INFO neutron.services.segments.plugin [-] Segment 644a2675-6691-43d8-b746-a6546b5da636 resource provider aggregate not found
2026-03-31 21:43:01.601 8 INFO neutron.services.segments.plugin [-] Segment 644a2675-6691-43d8-b746-a6546b5da636 resource provider not found; error: Placement Client Error (4xx): {"errors": [{"status": 404, "title": "Not Found", "detail": "The resource could not be found.\n\n No resource provider with uuid 644a2675-6691-43d8-b746-a6546b5da636 found for delete ", "request_id": "req-a0fdd5a1-3cb7-4a76-9010-794e4dc30d9d"}]}
