2026-09-06 11:01:56.447 8 INFO neutron_taas.services.taas.taas_plugin [None req-1b89ce00-4425-4ad0-bf32-05c0f21201b3 4594f6bb1efd46e792dbfe2ac1cf6838 3535dae19ef049b5b18beb1755e55ce2 - - default default] TaaS: Handle Delete Port: 2abc7c93-7268-437b-b38e-0f11a1cf4cdb
2026-09-06 11:01:56.451 8 INFO neutron_taas.services.taas.tap_mirror_plugin [None req-1b89ce00-4425-4ad0-bf32-05c0f21201b3 4594f6bb1efd46e792dbfe2ac1cf6838 3535dae19ef049b5b18beb1755e55ce2 - - default default] Tap Mirror: Handle Delete Port: 2abc7c93-7268-437b-b38e-0f11a1cf4cdb [pid: 7|app: 0|req: 792/1539] 10.0.0.22 () {34 vars in 989 bytes} [Sun Sep 6 11:01:56 2026] GET /v2.0/ports?device_id=6754bfc7-11c2-42c1-aee0-19f4c4e944d1 => generated 12 bytes in 37 msecs (HTTP/1.1 200) 4 headers in 156 bytes (1 switches on core 0) [pid: 8|app: 0|req: 748/1540] 10.0.0.110 () {32 vars in 720 bytes} [Sun Sep 6 11:01:56 2026] DELETE /v2.0/ports/2abc7c93-7268-437b-b38e-0f11a1cf4cdb => generated 0 bytes in 278 msecs (HTTP/1.1 204) 3 headers in 131 bytes (1 switches on core 0) [pid: 7|app: 0|req: 793/1541] 10.0.0.110 () {32 vars in 643 bytes} [Sun Sep 6 11:01:56 2026] GET /v2.0/ports => generated 1523 bytes in 62 msecs (HTTP/1.1 200) 4 headers in 158 bytes (1 switches on core 0)
2026-09-06 11:01:56.760 8 INFO neutron.db.segments_db [None req-391795f7-1781-4182-9e5e-c6932c1406f9 4594f6bb1efd46e792dbfe2ac1cf6838 3535dae19ef049b5b18beb1755e55ce2 - - default default] Added segment 39e398b4-c7ae-4d7a-a61a-db37a29b015a of type geneve for network 55f56b41-1ea3-4a00-ae0b-38d69289bc8d
2026-09-06 11:01:56.887 8 INFO neutron.db.ovn_revision_numbers_db [None req-391795f7-1781-4182-9e5e-c6932c1406f9 4594f6bb1efd46e792dbfe2ac1cf6838 3535dae19ef049b5b18beb1755e55ce2 - - default default] Successfully bumped revision number for resource 55f56b41-1ea3-4a00-ae0b-38d69289bc8d (type: networks) to 1 [pid: 7|app: 0|req: 794/1542] 10.0.0.110 () {32 vars in 623 bytes} [Sun Sep 6 11:01:56 2026] GET / => generated 151 bytes in 5 msecs (HTTP/1.1 200) 3 headers in 91 bytes (1 switches on core 0)
2026-09-06 11:01:57.037 8 WARNING neutron.scheduler.dhcp_agent_scheduler [None req-391795f7-1781-4182-9e5e-c6932c1406f9 4594f6bb1efd46e792dbfe2ac1cf6838 3535dae19ef049b5b18beb1755e55ce2 - - default default] No more DHCP agents
2026-09-06 11:01:57.038 8 WARNING neutron.api.rpc.agentnotifiers.dhcp_rpc_agent_api [None req-391795f7-1781-4182-9e5e-c6932c1406f9 4594f6bb1efd46e792dbfe2ac1cf6838 3535dae19ef049b5b18beb1755e55ce2 - - default default] Unable to schedule network 55f56b41-1ea3-4a00-ae0b-38d69289bc8d: no agents available; will retry on subsequent port and subnet creation events.
2026-09-06 11:01:57.076 8 INFO neutron.plugins.ml2.drivers.ovn.mech_driver.mech_driver [None req-2c08b202-8435-455d-9915-2a4db912cb96 - - - - - -] OVN reports status down for port: d9a26fd1-7fe1-4511-b247-d0e6efab07a8
2026-09-06 11:01:57.125 8 INFO neutron.db.ovn_revision_numbers_db [None req-391795f7-1781-4182-9e5e-c6932c1406f9 4594f6bb1efd46e792dbfe2ac1cf6838 3535dae19ef049b5b18beb1755e55ce2 - - default default] Successfully bumped revision number for resource d9a26fd1-7fe1-4511-b247-d0e6efab07a8 (type: ports) to 1 [pid: 7|app: 0|req: 795/1543] 10.0.0.110 () {32 vars in 633 bytes} [Sun Sep 6 11:01:56 2026] GET /v2.0/ => generated 632 bytes in 180 msecs (HTTP/1.1 200) 4 headers in 157 bytes (1 switches on core 0) [pid: 8|app: 0|req: 749/1544] 10.0.0.110 () {34 vars in 670 bytes} [Sun Sep 6 11:01:56 2026] POST /v2.0/networks => generated 692 bytes in 541 msecs (HTTP/1.1 201) 4 headers in 162 bytes (1 switches on core 0)
2026-09-06 11:01:57.298 7 INFO neutron.db.segments_db [None req-6592866f-a5e9-42c0-a40d-a16f19397f4b 4594f6bb1efd46e792dbfe2ac1cf6838 3535dae19ef049b5b18beb1755e55ce2 - - default default] Added segment f3e8d564-c5eb-4745-a439-30e9cd907908 of type geneve for network 64058956-3782-4b91-8351-59dcc761a367
2026-09-06 11:01:57.453 7 INFO neutron.db.ovn_revision_numbers_db [None req-6592866f-a5e9-42c0-a40d-a16f19397f4b 4594f6bb1efd46e792dbfe2ac1cf6838 3535dae19ef049b5b18beb1755e55ce2 - - default default] Successfully bumped revision number for resource 64058956-3782-4b91-8351-59dcc761a367 (type: networks) to 1
2026-09-06 11:01:57.652 7 WARNING neutron.scheduler.dhcp_agent_scheduler [None req-6592866f-a5e9-42c0-a40d-a16f19397f4b 4594f6bb1efd46e792dbfe2ac1cf6838 3535dae19ef049b5b18beb1755e55ce2 - - default default] No more DHCP agents
2026-09-06 11:01:57.653 7 WARNING neutron.api.rpc.agentnotifiers.dhcp_rpc_agent_api [None req-6592866f-a5e9-42c0-a40d-a16f19397f4b 4594f6bb1efd46e792dbfe2ac1cf6838 3535dae19ef049b5b18beb1755e55ce2 - - default default] Unable to schedule network 64058956-3782-4b91-8351-59dcc761a367: no agents available; will retry on subsequent port and subnet creation events.
2026-09-06 11:01:57.694 8 INFO neutron.plugins.ml2.drivers.ovn.mech_driver.mech_driver [None req-2c08b202-8435-455d-9915-2a4db912cb96 - - - - - -] OVN reports status down for port: 89d9164a-5525-403d-a6c7-b1e2d6bacc6e
2026-09-06 11:01:57.728 7 INFO neutron.db.ovn_revision_numbers_db [None req-6592866f-a5e9-42c0-a40d-a16f19397f4b 4594f6bb1efd46e792dbfe2ac1cf6838 3535dae19ef049b5b18beb1755e55ce2 - - default default] Successfully bumped revision number for resource 89d9164a-5525-403d-a6c7-b1e2d6bacc6e (type: ports) to 1 [pid: 7|app: 0|req: 796/1545] 10.0.0.110 () {34 vars in 670 bytes} [Sun Sep 6 11:01:57 2026] POST /v2.0/networks => generated 691 bytes in 579 msecs (HTTP/1.1 201) 4 headers in 162 bytes (1 switches on core 0) [pid: 7|app: 0|req: 797/1546] 10.0.0.22 () {34 vars in 989 bytes} [Sun Sep 6 11:01:57 2026] GET /v2.0/ports?device_id=6754bfc7-11c2-42c1-aee0-19f4c4e944d1 => generated 12 bytes in 14 msecs (HTTP/1.1 200) 4 headers in 156 bytes (1 switches on core 0)
2026-09-06 11:01:57.971 8 INFO neutron.db.ovn_revision_numbers_db [None req-49695e98-a617-4943-8de2-8b8002d3c4a9 a37a24f0f5e54a67bf53d971c402f7e2 70d9e827a5f1494c8eafe20866de406a - - default default] Successfully bumped revision number for resource 29ce535b-7ba5-41eb-9cfe-78fca6bbfec7 (type: security_groups) to 1
2026-09-06 11:01:57.997 8 INFO neutron.db.ovn_revision_numbers_db [None req-49695e98-a617-4943-8de2-8b8002d3c4a9 a37a24f0f5e54a67bf53d971c402f7e2 70d9e827a5f1494c8eafe20866de406a - - default default] Successfully bumped revision number for resource 1bf15e83-f5f0-47dc-9db2-c0913addc1c2 (type: security_group_rules) to 0
2026-09-06 11:01:58.008 7 INFO neutron.db.ovn_revision_numbers_db [None req-f1a98864-4625-4973-be95-fc245d1e6b8e a37a24f0f5e54a67bf53d971c402f7e2 70d9e827a5f1494c8eafe20866de406a - - default default] Successfully bumped revision number for resource bceb35c7-6cd9-47a6-9289-bca150575f81 (type: security_groups) to 1
2026-09-06 11:01:58.012 8 INFO neutron.db.ovn_revision_numbers_db [None req-49695e98-a617-4943-8de2-8b8002d3c4a9 a37a24f0f5e54a67bf53d971c402f7e2 70d9e827a5f1494c8eafe20866de406a - - default default] Successfully bumped revision number for resource 6b7ad5f5-fd61-48ea-b339-cbbadf1ccb10 (type: security_group_rules) to 0
2026-09-06 11:01:58.023 7 INFO neutron.db.ovn_revision_numbers_db [None req-f1a98864-4625-4973-be95-fc245d1e6b8e a37a24f0f5e54a67bf53d971c402f7e2 70d9e827a5f1494c8eafe20866de406a - - default default] Successfully bumped revision number for resource 753be90a-3f64-4792-8003-c4d8cd25f00d (type: security_group_rules) to 0
2026-09-06 11:01:58.028 8 INFO neutron.db.ovn_revision_numbers_db [None req-49695e98-a617-4943-8de2-8b8002d3c4a9 a37a24f0f5e54a67bf53d971c402f7e2 70d9e827a5f1494c8eafe20866de406a - - default default] Successfully bumped revision number for resource a6f2d88c-d753-4a25-8034-cb212c71caaa (type: security_group_rules) to 0
2026-09-06 11:01:58.036 7 INFO neutron.db.ovn_revision_numbers_db [None req-f1a98864-4625-4973-be95-fc245d1e6b8e a37a24f0f5e54a67bf53d971c402f7e2 70d9e827a5f1494c8eafe20866de406a - - default default] Successfully bumped revision number for resource d93a58d8-e3d7-4946-a739-f55a279487ff (type: security_group_rules) to 0
2026-09-06 11:01:58.040 8 INFO neutron.db.ovn_revision_numbers_db [None req-49695e98-a617-4943-8de2-8b8002d3c4a9 a37a24f0f5e54a67bf53d971c402f7e2 70d9e827a5f1494c8eafe20866de406a - - default default] Successfully bumped revision number for resource f443b0e3-3737-4537-93ec-0a29190566a9 (type: security_group_rules) to 0
2026-09-06 11:01:58.047 7 INFO neutron.db.ovn_revision_numbers_db [None req-f1a98864-4625-4973-be95-fc245d1e6b8e a37a24f0f5e54a67bf53d971c402f7e2 70d9e827a5f1494c8eafe20866de406a - - default default] Successfully bumped revision number for resource eec8ceb3-25b9-4a5f-a096-5802877780b1 (type: security_group_rules) to 0
2026-09-06 11:01:58.061 7 INFO neutron.db.ovn_revision_numbers_db [None req-f1a98864-4625-4973-be95-fc245d1e6b8e a37a24f0f5e54a67bf53d971c402f7e2 70d9e827a5f1494c8eafe20866de406a - - default default] Successfully bumped revision number for resource fb7419c1-c12c-45c0-8e94-fecbc6814295 (type: security_group_rules) to 0 [pid: 8|app: 0|req: 750/1547] 10.0.0.110 () {32 vars in 774 bytes} [Sun Sep 6 11:01:57 2026] GET /v2.0/security-groups?tenant_id=b38a231a72de4a14a36def82b5545fa0&name=default => generated 2925 bytes in 455 msecs (HTTP/1.1 200) 4 headers in 158 bytes (1 switches on core 0) [pid: 7|app: 0|req: 798/1548] 10.0.0.110 () {32 vars in 774 bytes} [Sun Sep 6 11:01:57 2026] GET /v2.0/security-groups?tenant_id=c8b426ddabf54221b63a5e68ae20057f&name=default => generated 2925 bytes in 342 msecs (HTTP/1.1 200) 4 headers in 158 bytes (1 switches on core 0) [pid: 8|app: 0|req: 751/1549] 10.0.0.110 () {32 vars in 740 bytes} [Sun Sep 6 11:01:58 2026] DELETE /v2.0/security-groups/29ce535b-7ba5-41eb-9cfe-78fca6bbfec7 => generated 0 bytes in 176 msecs (HTTP/1.1 204) 2 headers in 112 bytes (1 switches on core 0) [pid: 7|app: 0|req: 799/1550] 10.0.0.110 () {32 vars in 740 bytes} [Sun Sep 6 11:01:58 2026] DELETE /v2.0/security-groups/bceb35c7-6cd9-47a6-9289-bca150575f81 => generated 0 bytes in 217 msecs (HTTP/1.1 204) 2 headers in 112 bytes (1 switches on core 0)
2026-09-06 11:01:58.609 8 WARNING neutron.scheduler.dhcp_agent_scheduler [None req-3838495b-63e5-418a-90e3-8c46147bf94c 4594f6bb1efd46e792dbfe2ac1cf6838 3535dae19ef049b5b18beb1755e55ce2 - - default default] No more DHCP agents
2026-09-06 11:01:58.610 8 WARNING neutron.api.rpc.agentnotifiers.dhcp_rpc_agent_api [None req-3838495b-63e5-418a-90e3-8c46147bf94c 4594f6bb1efd46e792dbfe2ac1cf6838 3535dae19ef049b5b18beb1755e55ce2 - - default default] Unable to schedule network 55f56b41-1ea3-4a00-ae0b-38d69289bc8d: no agents available; will retry on subsequent port and subnet creation events.
2026-09-06 11:01:58.634 8 INFO neutron.db.ovn_revision_numbers_db [None req-3838495b-63e5-418a-90e3-8c46147bf94c 4594f6bb1efd46e792dbfe2ac1cf6838 3535dae19ef049b5b18beb1755e55ce2 - - default default] Successfully bumped revision number for resource 5ac81478-b561-428a-bfda-091576e00e39 (type: subnets) to 0
2026-09-06 11:01:58.656 8 WARNING neutron.scheduler.dhcp_agent_scheduler [None req-3838495b-63e5-418a-90e3-8c46147bf94c 4594f6bb1efd46e792dbfe2ac1cf6838 3535dae19ef049b5b18beb1755e55ce2 - - default default] No more DHCP agents
2026-09-06 11:01:58.657 8 WARNING neutron.api.rpc.agentnotifiers.dhcp_rpc_agent_api [None req-3838495b-63e5-418a-90e3-8c46147bf94c 4594f6bb1efd46e792dbfe2ac1cf6838 3535dae19ef049b5b18beb1755e55ce2 - - default default] Unable to schedule network 64058956-3782-4b91-8351-59dcc761a367: no agents available; will retry on subsequent port and subnet creation events.
2026-09-06 11:01:58.677 8 INFO neutron.db.ovn_revision_numbers_db [None req-3838495b-63e5-418a-90e3-8c46147bf94c 4594f6bb1efd46e792dbfe2ac1cf6838 3535dae19ef049b5b18beb1755e55ce2 - - default default] Successfully bumped revision number for resource da2cc71e-f2e6-4504-a671-706d38c24f52 (type: subnets) to 0 [pid: 8|app: 0|req: 752/1551] 10.0.0.110 () {34 vars in 669 bytes} [Sun Sep 6 11:01:58 2026] POST /v2.0/subnets => generated 1324 bytes in 432 msecs (HTTP/1.1 201) 4 headers in 163 bytes (1 switches on core 0) [pid: 7|app: 0|req: 800/1552] 10.0.0.110 () {32 vars in 647 bytes} [Sun Sep 6 11:01:58 2026] GET /v2.0/subnets => generated 1960 bytes in 47 msecs (HTTP/1.1 200) 4 headers in 158 bytes (1 switches on core 0) [pid: 8|app: 0|req: 753/1553] 10.0.0.110 () {32 vars in 724 bytes} [Sun Sep 6 11:01:58 2026] DELETE /v2.0/subnets/5ac81478-b561-428a-bfda-091576e00e39 => generated 0 bytes in 138 msecs (HTTP/1.1 204) 3 headers in 131 bytes (1 switches on core 0) [pid: 7|app: 0|req: 801/1554] 10.0.0.110 () {32 vars in 740 bytes} [Sun Sep 6 11:01:58 2026] DELETE /v2.0/security-groups/e37f514a-0488-41f3-86ce-279c4bbb0fe7 => generated 0 bytes in 190 msecs (HTTP/1.1 204) 2 headers in 112 bytes (1 switches on core 0) [pid: 8|app: 0|req: 754/1555] 10.0.0.110 () {32 vars in 724 bytes} [Sun Sep 6 11:01:58 2026] DELETE /v2.0/subnets/da2cc71e-f2e6-4504-a671-706d38c24f52 => generated 0 bytes in 167 msecs (HTTP/1.1 204) 3 headers in 131 bytes (1 switches on core 0)
2026-09-06 11:01:59.070 7 INFO neutron.api.v2.resource [None req-ae0204f6-f102-4432-8937-334c7154efe9 3f85ce988a1040f2896e066dee3f9c54 6fae2dfcc8304b3a9cc086d346f0cabf - - default default] show failed (client error): The resource could not be found. [pid: 7|app: 0|req: 802/1556] 10.0.0.110 () {32 vars in 737 bytes} [Sun Sep 6 11:01:59 2026] GET /v2.0/security-groups/e37f514a-0488-41f3-86ce-279c4bbb0fe7 => generated 146 bytes in 20 msecs (HTTP/1.1 404) 4 headers in 164 bytes (1 switches on core 0) [pid: 8|app: 0|req: 755/1557] 10.0.0.110 () {32 vars in 647 bytes} [Sun Sep 6 11:01:59 2026] GET /v2.0/subnets => generated 649 bytes in 46 msecs (HTTP/1.1 200) 4 headers in 157 bytes (1 switches on core 0)
2026-09-06 11:01:59.218 7 INFO neutron_taas.services.taas.taas_plugin [None req-7f490ebd-d4b0-4c41-b133-3b2fb7c07d8b 3f85ce988a1040f2896e066dee3f9c54 6fae2dfcc8304b3a9cc086d346f0cabf - - default default] TaaS: Handle Delete Port: 0b0125ce-37ee-4ff2-8a29-ed2473b6d7ff
2026-09-06 11:01:59.220 7 INFO neutron_taas.services.taas.tap_mirror_plugin [None req-7f490ebd-d4b0-4c41-b133-3b2fb7c07d8b 3f85ce988a1040f2896e066dee3f9c54 6fae2dfcc8304b3a9cc086d346f0cabf - - default default] Tap Mirror: Handle Delete Port: 0b0125ce-37ee-4ff2-8a29-ed2473b6d7ff
2026-09-06 11:01:59.272 8 INFO neutron_taas.services.taas.taas_plugin [None req-ce5c2838-4025-46bf-9e7c-86e7fcce54ab 4594f6bb1efd46e792dbfe2ac1cf6838 3535dae19ef049b5b18beb1755e55ce2 - - default default] TaaS: Handle Delete Port: 89d9164a-5525-403d-a6c7-b1e2d6bacc6e
2026-09-06 11:01:59.276 8 INFO neutron_taas.services.taas.tap_mirror_plugin [None req-ce5c2838-4025-46bf-9e7c-86e7fcce54ab 4594f6bb1efd46e792dbfe2ac1cf6838 3535dae19ef049b5b18beb1755e55ce2 - - default default] Tap Mirror: Handle Delete Port: 89d9164a-5525-403d-a6c7-b1e2d6bacc6e [pid: 7|app: 0|req: 803/1558] 10.0.0.110 () {32 vars in 732 bytes} [Sun Sep 6 11:01:59 2026] DELETE /v2.0/floatingips/ae824f84-9326-4040-a0bd-6c304486dd99 => generated 0 bytes in 367 msecs (HTTP/1.1 204) 2 headers in 112 bytes (1 switches on core 0)
2026-09-06 11:01:59.512 8 INFO neutron.services.segments.plugin [-] Segment f3e8d564-c5eb-4745-a439-30e9cd907908 resource provider aggregate not found
2026-09-06 11:01:59.518 8 INFO neutron.services.segments.plugin [-] Segment f3e8d564-c5eb-4745-a439-30e9cd907908 resource provider aggregate not found
2026-09-06 11:01:59.543 8 INFO neutron.services.segments.plugin [-] Client error retrieving segment f3e8d564-c5eb-4745-a439-30e9cd907908 resource provider; error: Placement Client Error (4xx): {"errors": [{"status": 404, "title": "Not Found", "detail": "The resource could not be found.\n\n No resource provider with uuid f3e8d564-c5eb-4745-a439-30e9cd907908 found for delete ", "request_id": "req-4fd0de62-f8a6-43e2-93b8-006060bec63e"}]}
2026-09-06 11:01:59.547 8 INFO neutron.services.segments.plugin [-] Client error retrieving segment f3e8d564-c5eb-4745-a439-30e9cd907908 resource provider; error: Placement Client Error (4xx): {"errors": [{"status": 404, "title": "Not Found", "detail": "The resource could not be found.\n\n No resource provider with uuid f3e8d564-c5eb-4745-a439-30e9cd907908 found for delete ", "request_id": "req-bc45f6f7-f0f5-42d1-9c29-d5b8dcc344cd"}]} [pid: 8|app: 0|req: 756/1559] 10.0.0.110 () {32 vars in 726 bytes} [Sun Sep 6 11:01:59 2026] DELETE /v2.0/networks/64058956-3782-4b91-8351-59dcc761a367 => generated 0 bytes in 468 msecs (HTTP/1.1 204) 3 headers in 131 bytes (1 switches on core 0)
2026-09-06 11:01:59.739 8 INFO neutron_taas.services.taas.taas_plugin [None req-943e8e96-f2a2-449e-a121-61cdd8be9419 4594f6bb1efd46e792dbfe2ac1cf6838 3535dae19ef049b5b18beb1755e55ce2 - - default default] TaaS: Handle Delete Port: d9a26fd1-7fe1-4511-b247-d0e6efab07a8
2026-09-06 11:01:59.742 8 INFO neutron_taas.services.taas.tap_mirror_plugin [None req-943e8e96-f2a2-449e-a121-61cdd8be9419 4594f6bb1efd46e792dbfe2ac1cf6838 3535dae19ef049b5b18beb1755e55ce2 - - default default] Tap Mirror: Handle Delete Port: d9a26fd1-7fe1-4511-b247-d0e6efab07a8
2026-09-06 11:01:59.747 7 INFO neutron_taas.services.taas.taas_plugin [None req-6231f632-0e5e-4cf4-b89a-d52ec94f795f a37a24f0f5e54a67bf53d971c402f7e2 70d9e827a5f1494c8eafe20866de406a - - default default] TaaS: Handle Delete Port: f51dc83e-1aea-4671-934b-9fbd6324b07b
2026-09-06 11:01:59.753 7 INFO neutron_taas.services.taas.tap_mirror_plugin [None req-6231f632-0e5e-4cf4-b89a-d52ec94f795f a37a24f0f5e54a67bf53d971c402f7e2 70d9e827a5f1494c8eafe20866de406a - - default default] Tap Mirror: Handle Delete Port: f51dc83e-1aea-4671-934b-9fbd6324b07b [pid: 8|app: 0|req: 757/1560] 10.0.0.110 () {32 vars in 726 bytes} [Sun Sep 6 11:01:59 2026] DELETE /v2.0/networks/55f56b41-1ea3-4a00-ae0b-38d69289bc8d => generated 0 bytes in 477 msecs (HTTP/1.1 204) 3 headers in 131 bytes (1 switches on core 0)
2026-09-06 11:02:00.274 8 INFO neutron_taas.services.taas.taas_plugin [None req-cdb5340f-bacb-4653-9fb7-2522f95210b8 4594f6bb1efd46e792dbfe2ac1cf6838 3535dae19ef049b5b18beb1755e55ce2 - - default default] TaaS: Handle Delete Port: 4231115f-cd7c-41dc-9f19-857dcfde9816
2026-09-06 11:02:00.279 8 INFO neutron_taas.services.taas.tap_mirror_plugin [None req-cdb5340f-bacb-4653-9fb7-2522f95210b8 4594f6bb1efd46e792dbfe2ac1cf6838 3535dae19ef049b5b18beb1755e55ce2 - - default default] Tap Mirror: Handle Delete Port: 4231115f-cd7c-41dc-9f19-857dcfde9816 [pid: 8|app: 0|req: 758/1561] 10.0.0.110 () {32 vars in 726 bytes} [Sun Sep 6 11:02:00 2026] DELETE /v2.0/networks/0eb1bc16-4d3f-403c-a3e8-5997ecbcad68 => generated 0 bytes in 402 msecs (HTTP/1.1 204) 3 headers in 131 bytes (1 switches on core 0) [pid: 7|app: 0|req: 804/1564] 10.0.0.110 () {34 vars in 789 bytes} [Sun Sep 6 11:01:59 2026] PUT /v2.0/routers/b105734b-dc74-4c5b-9623-ad8a17402135/remove_router_interface => generated 309 bytes in 1114 msecs (HTTP/1.1 200) 4 headers in 157 bytes (1 switches on core 0) /var/lib/openstack/lib/python3.12/site-packages/pycadf/identifier.py:70: UserWarning: Invalid uuid: neutron. To ensure interoperability, identifiers should be a valid uuid. warnings.warn(('Invalid uuid: %s. To ensure interoperability, '
2026-09-06 11:02:00.639 8 INFO neutron_taas.services.taas.taas_plugin [None req-c624d655-d26a-40bc-a72d-a6c319c210ed 4594f6bb1efd46e792dbfe2ac1cf6838 3535dae19ef049b5b18beb1755e55ce2 - - default default] TaaS: Handle Delete Port: 3522cd29-6b8d-4dbe-8326-7ecccc75ab6d
2026-09-06 11:02:00.641 8 INFO neutron_taas.services.taas.tap_mirror_plugin [None req-c624d655-d26a-40bc-a72d-a6c319c210ed 4594f6bb1efd46e792dbfe2ac1cf6838 3535dae19ef049b5b18beb1755e55ce2 - - default default] Tap Mirror: Handle Delete Port: 3522cd29-6b8d-4dbe-8326-7ecccc75ab6d [pid: 8|app: 0|req: 761/1565] 10.0.0.110 () {32 vars in 726 bytes} [Sun Sep 6 11:02:00 2026] DELETE /v2.0/networks/4dc70544-6d85-4ad6-976b-392dc26261c9 => generated 0 bytes in 382 msecs (HTTP/1.1 204) 3 headers in 131 bytes (1 switches on core 0)
2026-09-06 11:02:00.903 7 INFO neutron_taas.services.taas.taas_plugin [None req-183ed21e-d6a8-4737-bdd9-67ba300e46fd a37a24f0f5e54a67bf53d971c402f7e2 70d9e827a5f1494c8eafe20866de406a - - default default] TaaS: Handle Delete Port: 85981b31-dc4a-4752-9f95-b8653c509589
2026-09-06 11:02:00.905 7 INFO neutron_taas.services.taas.tap_mirror_plugin [None req-183ed21e-d6a8-4737-bdd9-67ba300e46fd a37a24f0f5e54a67bf53d971c402f7e2 70d9e827a5f1494c8eafe20866de406a - - default default] Tap Mirror: Handle Delete Port: 85981b31-dc4a-4752-9f95-b8653c509589 [pid: 8|app: 0|req: 762/1566] 10.0.0.110 () {32 vars in 774 bytes} [Sun Sep 6 11:02:01 2026] GET /v2.0/security-groups?tenant_id=3535dae19ef049b5b18beb1755e55ce2&name=default => generated 2925 bytes in 175 msecs (HTTP/1.1 200) 4 headers in 158 bytes (1 switches on core 0)
2026-09-06 11:02:01.576 8 INFO neutron.services.segments.plugin [-] Segment 39e398b4-c7ae-4d7a-a61a-db37a29b015a resource provider aggregate not found
2026-09-06 11:02:01.589 8 INFO neutron.services.segments.plugin [-] Segment 39e398b4-c7ae-4d7a-a61a-db37a29b015a resource provider aggregate not found
2026-09-06 11:02:01.616 8 INFO neutron.services.segments.plugin [-] Client error retrieving segment 39e398b4-c7ae-4d7a-a61a-db37a29b015a resource provider; error: Placement Client Error (4xx): {"errors": [{"status": 404, "title": "Not Found", "detail": "The resource could not be found.\n\n No resource provider with uuid 39e398b4-c7ae-4d7a-a61a-db37a29b015a found for delete ", "request_id": "req-096c7ca4-c050-4428-b3ed-a4f93e9cb8c8"}]}
2026-09-06 11:02:01.621 8 INFO neutron.services.segments.plugin [-] Client error retrieving segment 39e398b4-c7ae-4d7a-a61a-db37a29b015a resource provider; error: Placement Client Error (4xx): {"errors": [{"status": 404, "title": "Not Found", "detail": "The resource could not be found.\n\n No resource provider with uuid 39e398b4-c7ae-4d7a-a61a-db37a29b015a found for delete ", "request_id": "req-ed9d0b40-3709-47b1-809d-464353fdbb48"}]}
2026-09-06 11:02:01.643 8 INFO neutron.services.segments.plugin [-] Segment 8ac3d7d9-c771-4bfb-a040-ad96562e1184 resource provider aggregate not found
2026-09-06 11:02:01.660 8 INFO neutron.services.segments.plugin [-] Client error retrieving segment 8ac3d7d9-c771-4bfb-a040-ad96562e1184 resource provider; error: Placement Client Error (4xx): {"errors": [{"status": 404, "title": "Not Found", "detail": "The resource could not be found.\n\n No resource provider with uuid 8ac3d7d9-c771-4bfb-a040-ad96562e1184 found for delete ", "request_id": "req-171c36da-fe8e-4323-822b-8da7b8a37714"}]}
2026-09-06 11:02:01.663 8 INFO neutron.services.segments.plugin [-] Segment 8ac3d7d9-c771-4bfb-a040-ad96562e1184 resource provider aggregate not found
2026-09-06 11:02:01.682 8 INFO neutron.services.segments.plugin [-] Client error retrieving segment 8ac3d7d9-c771-4bfb-a040-ad96562e1184 resource provider; error: Placement Client Error (4xx): {"errors": [{"status": 404, "title": "Not Found", "detail": "The resource could not be found.\n\n No resource provider with uuid 8ac3d7d9-c771-4bfb-a040-ad96562e1184 found for delete ", "request_id": "req-eacd7b6c-3723-4e17-a429-11d3b7c56fe6"}]}
2026-09-06 11:02:01.691 8 INFO neutron.services.segments.plugin [-] Segment 94b66848-694c-4572-9087-c92cc2798e70 resource provider aggregate not found
2026-09-06 11:02:01.698 8 INFO neutron.services.segments.plugin [-] Segment 94b66848-694c-4572-9087-c92cc2798e70 resource provider aggregate not found
2026-09-06 11:02:01.711 8 INFO neutron.services.segments.plugin [-] Client error retrieving segment 94b66848-694c-4572-9087-c92cc2798e70 resource provider; error: Placement Client Error (4xx): {"errors": [{"status": 404, "title": "Not Found", "detail": "The resource could not be found.\n\n No resource provider with uuid 94b66848-694c-4572-9087-c92cc2798e70 found for delete ", "request_id": "req-6c25bb9f-d6aa-43de-8119-d29d81b4c80d"}]}
2026-09-06 11:02:01.715 8 INFO neutron.services.segments.plugin [-] Client error retrieving segment 94b66848-694c-4572-9087-c92cc2798e70 resource provider; error: Placement Client Error (4xx): {"errors": [{"status": 404, "title": "Not Found", "detail": "The resource could not be found.\n\n No resource provider with uuid 94b66848-694c-4572-9087-c92cc2798e70 found for delete ", "request_id": "req-569633a9-d90b-45fa-ab73-7552b326185c"}]} [pid: 7|app: 0|req: 805/1567] 10.0.0.110 () {32 vars in 724 bytes} [Sun Sep 6 11:02:00 2026] DELETE /v2.0/routers/b105734b-dc74-4c5b-9623-ad8a17402135 => generated 0 bytes in 1261 msecs (HTTP/1.1 204) 2 headers in 112 bytes (1 switches on core 0) [pid: 8|app: 0|req: 763/1568] 10.0.0.110 () {32 vars in 740 bytes} [Sun Sep 6 11:02:01 2026] DELETE /v2.0/security-groups/4c931705-31c0-4570-b08a-2347441f0e12 => generated 0 bytes in 406 msecs (HTTP/1.1 204) 2 headers in 112 bytes (1 switches on core 0) [pid: 7|app: 0|req: 806/1569] 10.0.0.110 () {32 vars in 724 bytes} [Sun Sep 6 11:02:01 2026] DELETE /v2.0/subnets/c034096a-3225-4e4a-a52a-451accd86721 => generated 0 bytes in 177 msecs (HTTP/1.1 204) 3 headers in 131 bytes (1 switches on core 0)
2026-09-06 11:02:02.197 8 INFO neutron_taas.services.taas.taas_plugin [None req-3112d7d7-1aeb-4f7f-9d22-71da60ebc057 a37a24f0f5e54a67bf53d971c402f7e2 70d9e827a5f1494c8eafe20866de406a - - default default] TaaS: Handle Delete Port: b8a622da-7c61-44cf-bf3d-746c3f825fc0
2026-09-06 11:02:02.202 8 INFO neutron_taas.services.taas.tap_mirror_plugin [None req-3112d7d7-1aeb-4f7f-9d22-71da60ebc057 a37a24f0f5e54a67bf53d971c402f7e2 70d9e827a5f1494c8eafe20866de406a - - default default] Tap Mirror: Handle Delete Port: b8a622da-7c61-44cf-bf3d-746c3f825fc0 [pid: 8|app: 0|req: 764/1570] 10.0.0.110 () {32 vars in 726 bytes} [Sun Sep 6 11:02:02 2026] DELETE /v2.0/networks/21a3ead6-2645-43de-a2d1-293d34c5342b => generated 0 bytes in 390 msecs (HTTP/1.1 204) 3 headers in 131 bytes (1 switches on core 0) [pid: 7|app: 0|req: 807/1571] 10.0.0.110 () {32 vars in 774 bytes} [Sun Sep 6 11:02:02 2026] GET /v2.0/security-groups?tenant_id=6fae2dfcc8304b3a9cc086d346f0cabf&name=default => generated 2925 bytes in 49 msecs (HTTP/1.1 200) 4 headers in 158 bytes (1 switches on core 0) [pid: 8|app: 0|req: 765/1572] 10.0.0.110 () {32 vars in 740 bytes} [Sun Sep 6 11:02:02 2026] DELETE /v2.0/security-groups/5366d37b-85c7-4ca3-bc27-9474b074d9c7 => generated 0 bytes in 301 msecs (HTTP/1.1 204) 2 headers in 112 bytes (1 switches on core 0)
2026-09-06 11:02:03.738 8 INFO neutron.services.segments.plugin [-] Segment dfc9b077-e03f-4ed7-b1d0-9432ffad6863 resource provider aggregate not found
2026-09-06 11:02:03.744 8 INFO neutron.services.segments.plugin [-] Segment dfc9b077-e03f-4ed7-b1d0-9432ffad6863 resource provider aggregate not found
2026-09-06 11:02:03.762 8 INFO neutron.services.segments.plugin [-] Client error retrieving segment dfc9b077-e03f-4ed7-b1d0-9432ffad6863 resource provider; error: Placement Client Error (4xx): {"errors": [{"status": 404, "title": "Not Found", "detail": "The resource could not be found.\n\n No resource provider with uuid dfc9b077-e03f-4ed7-b1d0-9432ffad6863 found for delete ", "request_id": "req-d7c91429-c8c3-4d4f-939d-10dae8ace236"}]}
2026-09-06 11:02:03.774 8 INFO neutron.services.segments.plugin [-] Client error retrieving segment dfc9b077-e03f-4ed7-b1d0-9432ffad6863 resource provider; error: Placement Client Error (4xx): {"errors": [{"status": 404, "title": "Not Found", "detail": "The resource could not be found.\n\n No resource provider with uuid dfc9b077-e03f-4ed7-b1d0-9432ffad6863 found for delete ", "request_id": "req-adc30355-aca6-4e11-9836-9b97eb1b5c7a"}]}
2026-09-06 11:02:03.933 7 INFO neutron.db.ovn_revision_numbers_db [None req-78af47d1-88dc-461f-a620-909bc59969ca a37a24f0f5e54a67bf53d971c402f7e2 70d9e827a5f1494c8eafe20866de406a - - default default] Successfully bumped revision number for resource 8870e69f-1d0d-431d-8bbe-9d2087da9ab6 (type: security_groups) to 1
2026-09-06 11:02:03.957 7 INFO neutron.db.ovn_revision_numbers_db [None req-78af47d1-88dc-461f-a620-909bc59969ca a37a24f0f5e54a67bf53d971c402f7e2 70d9e827a5f1494c8eafe20866de406a - - default default] Successfully bumped revision number for resource 6d022872-0d15-4595-a35e-ea8e011f4888 (type: security_group_rules) to 0
2026-09-06 11:02:03.973 7 INFO neutron.db.ovn_revision_numbers_db [None req-78af47d1-88dc-461f-a620-909bc59969ca a37a24f0f5e54a67bf53d971c402f7e2 70d9e827a5f1494c8eafe20866de406a - - default default] Successfully bumped revision number for resource a344824a-1636-49b7-a6b4-442ccd3ff953 (type: security_group_rules) to 0
2026-09-06 11:02:03.989 7 INFO neutron.db.ovn_revision_numbers_db [None req-78af47d1-88dc-461f-a620-909bc59969ca a37a24f0f5e54a67bf53d971c402f7e2 70d9e827a5f1494c8eafe20866de406a - - default default] Successfully bumped revision number for resource cf4f023b-be28-4294-8bd3-96b9a6108ba1 (type: security_group_rules) to 0
2026-09-06 11:02:04.011 7 INFO neutron.db.ovn_revision_numbers_db [None req-78af47d1-88dc-461f-a620-909bc59969ca a37a24f0f5e54a67bf53d971c402f7e2 70d9e827a5f1494c8eafe20866de406a - - default default] Successfully bumped revision number for resource f0d566fa-e4b2-4af5-b11b-a1dec6b81ed2 (type: security_group_rules) to 0 [pid: 7|app: 0|req: 808/1573] 10.0.0.110 () {32 vars in 774 bytes} [Sun Sep 6 11:02:03 2026] GET /v2.0/security-groups?tenant_id=b87876e448db4931991c417f2715b33e&name=default => generated 2925 bytes in 481 msecs (HTTP/1.1 200) 4 headers in 158 bytes (1 switches on core 0) [pid: 8|app: 0|req: 766/1574] 10.0.0.110 () {34 vars in 677 bytes} [Sun Sep 6 11:02:03 2026] POST /v2.0/subnetpools => generated 549 bytes in 327 msecs (HTTP/1.1 201) 4 headers in 162 bytes (1 switches on core 0) [pid: 8|app: 0|req: 767/1575] 10.0.0.110 () {32 vars in 729 bytes} [Sun Sep 6 11:02:04 2026] GET /v2.0/subnetpools/9c7bd19b-3e9e-4809-a92e-c2edb77e18e1 => generated 549 bytes in 47 msecs (HTTP/1.1 200) 4 headers in 157 bytes (1 switches on core 0) [pid: 8|app: 0|req: 768/1576] 10.0.0.110 () {34 vars in 749 bytes} [Sun Sep 6 11:02:04 2026] PUT /v2.0/subnetpools/9c7bd19b-3e9e-4809-a92e-c2edb77e18e1 => generated 501 bytes in 73 msecs (HTTP/1.1 200) 4 headers in 157 bytes (1 switches on core 0) [pid: 7|app: 0|req: 809/1577] 10.0.0.110 () {32 vars in 740 bytes} [Sun Sep 6 11:02:04 2026] DELETE /v2.0/security-groups/8870e69f-1d0d-431d-8bbe-9d2087da9ab6 => generated 0 bytes in 240 msecs (HTTP/1.1 204) 2 headers in 112 bytes (1 switches on core 0) [pid: 8|app: 0|req: 769/1578] 10.0.0.110 () {32 vars in 732 bytes} [Sun Sep 6 11:02:04 2026] DELETE /v2.0/subnetpools/9c7bd19b-3e9e-4809-a92e-c2edb77e18e1 => generated 0 bytes in 53 msecs (HTTP/1.1 204) 2 headers in 112 bytes (1 switches on core 0)
2026-09-06 11:02:04.371 7 INFO neutron.api.v2.resource [None req-cba6ec95-f9c9-4d31-a42c-820c47b87832 3b4bc3ce53214d7bbc4f34a12ca95efc f037a098210c47b692be77f8b2b8b532 - - default default] show failed (client error): The resource could not be found. [pid: 7|app: 0|req: 810/1579] 10.0.0.110 () {32 vars in 729 bytes} [Sun Sep 6 11:02:04 2026] GET /v2.0/subnetpools/9c7bd19b-3e9e-4809-a92e-c2edb77e18e1 => generated 145 bytes in 12 msecs (HTTP/1.1 404) 4 headers in 164 bytes (1 switches on core 0)
2026-09-06 11:02:04.386 8 INFO neutron.api.v2.resource [None req-3bfa2ec9-b0b4-43f8-8ce6-5498471a745b 3b4bc3ce53214d7bbc4f34a12ca95efc f037a098210c47b692be77f8b2b8b532 - - default default] delete failed (client error): The resource could not be found. [pid: 8|app: 0|req: 770/1580] 10.0.0.110 () {32 vars in 732 bytes} [Sun Sep 6 11:02:04 2026] DELETE /v2.0/subnetpools/9c7bd19b-3e9e-4809-a92e-c2edb77e18e1 => generated 145 bytes in 11 msecs (HTTP/1.1 404) 4 headers in 164 bytes (1 switches on core 0)
2026-09-06 11:02:04.693 7 INFO neutron.db.ovn_revision_numbers_db [None req-54c712b5-ebbe-4495-8211-ea5e68293922 a37a24f0f5e54a67bf53d971c402f7e2 70d9e827a5f1494c8eafe20866de406a - - default default] Successfully bumped revision number for resource 4473d40c-ceb1-491c-927d-5996929686a1 (type: security_groups) to 1
2026-09-06 11:02:04.704 7 INFO neutron.db.ovn_revision_numbers_db [None req-54c712b5-ebbe-4495-8211-ea5e68293922 a37a24f0f5e54a67bf53d971c402f7e2 70d9e827a5f1494c8eafe20866de406a - - default default] Successfully bumped revision number for resource 1ea61875-4d92-4c30-8ad3-ea4cef8dcfcb (type: security_group_rules) to 0
2026-09-06 11:02:04.715 7 INFO neutron.db.ovn_revision_numbers_db [None req-54c712b5-ebbe-4495-8211-ea5e68293922 a37a24f0f5e54a67bf53d971c402f7e2 70d9e827a5f1494c8eafe20866de406a - - default default] Successfully bumped revision number for resource c0ed13fe-1bd9-4715-b3cd-306780cd6aa1 (type: security_group_rules) to 0
2026-09-06 11:02:04.727 7 INFO neutron.db.ovn_revision_numbers_db [None req-54c712b5-ebbe-4495-8211-ea5e68293922 a37a24f0f5e54a67bf53d971c402f7e2 70d9e827a5f1494c8eafe20866de406a - - default default] Successfully bumped revision number for resource e5ae794f-27e3-409d-be44-cc0156927522 (type: security_group_rules) to 0
2026-09-06 11:02:04.739 7 INFO neutron.db.ovn_revision_numbers_db [None req-54c712b5-ebbe-4495-8211-ea5e68293922 a37a24f0f5e54a67bf53d971c402f7e2 70d9e827a5f1494c8eafe20866de406a - - default default] Successfully bumped revision number for resource f0e144b1-fb3a-4227-aae7-e24266a3f7a0 (type: security_group_rules) to 0 [pid: 7|app: 0|req: 811/1581] 10.0.0.110 () {32 vars in 774 bytes} [Sun Sep 6 11:02:04 2026] GET /v2.0/security-groups?tenant_id=a5bc685e6001485da373aaea05dc63e6&name=default => generated 2925 bytes in 314 msecs (HTTP/1.1 200) 4 headers in 158 bytes (1 switches on core 0) [pid: 8|app: 0|req: 771/1582] 10.0.0.110 () {32 vars in 740 bytes} [Sun Sep 6 11:02:04 2026] DELETE /v2.0/security-groups/4473d40c-ceb1-491c-927d-5996929686a1 => generated 0 bytes in 300 msecs (HTTP/1.1 204) 2 headers in 112 bytes (1 switches on core 0)
2026-09-06 11:02:05.227 7 INFO neutron.db.ovn_revision_numbers_db [None req-395e12f4-9267-4135-b356-ca8208a97072 a37a24f0f5e54a67bf53d971c402f7e2 70d9e827a5f1494c8eafe20866de406a - - default default] Successfully bumped revision number for resource 799f80ef-8d8f-4c1a-830e-75225dcc8a9d (type: security_groups) to 1
2026-09-06 11:02:05.239 7 INFO neutron.db.ovn_revision_numbers_db [None req-395e12f4-9267-4135-b356-ca8208a97072 a37a24f0f5e54a67bf53d971c402f7e2 70d9e827a5f1494c8eafe20866de406a - - default default] Successfully bumped revision number for resource 3279f540-2ea7-436b-bd2f-208ee3e62cce (type: security_group_rules) to 0
2026-09-06 11:02:05.252 7 INFO neutron.db.ovn_revision_numbers_db [None req-395e12f4-9267-4135-b356-ca8208a97072 a37a24f0f5e54a67bf53d971c402f7e2 70d9e827a5f1494c8eafe20866de406a - - default default] Successfully bumped revision number for resource 592054d1-f8cd-40ab-a473-c3503829d31a (type: security_group_rules) to 0
2026-09-06 11:02:05.267 7 INFO neutron.db.ovn_revision_numbers_db [None req-395e12f4-9267-4135-b356-ca8208a97072 a37a24f0f5e54a67bf53d971c402f7e2 70d9e827a5f1494c8eafe20866de406a - - default default] Successfully bumped revision number for resource 632cc71b-710e-4efc-9662-3abee93902b1 (type: security_group_rules) to 0
2026-09-06 11:02:05.280 7 INFO neutron.db.ovn_revision_numbers_db [None req-395e12f4-9267-4135-b356-ca8208a97072 a37a24f0f5e54a67bf53d971c402f7e2 70d9e827a5f1494c8eafe20866de406a - - default default] Successfully bumped revision number for resource ed660220-883d-4b81-9c20-cce6fec7800e (type: security_group_rules) to 0 [pid: 7|app: 0|req: 812/1583] 10.0.0.110 () {32 vars in 774 bytes} [Sun Sep 6 11:02:04 2026] GET /v2.0/security-groups?tenant_id=f037a098210c47b692be77f8b2b8b532&name=default => generated 2925 bytes in 379 msecs (HTTP/1.1 200) 4 headers in 158 bytes (1 switches on core 0) [pid: 8|app: 0|req: 772/1584] 10.0.0.110 () {32 vars in 740 bytes} [Sun Sep 6 11:02:05 2026] DELETE /v2.0/security-groups/799f80ef-8d8f-4c1a-830e-75225dcc8a9d => generated 0 bytes in 215 msecs (HTTP/1.1 204) 2 headers in 112 bytes (1 switches on core 0)
2026-09-06 11:02:08.389 7 INFO neutron.db.ovn_revision_numbers_db [None req-4394d95b-0b94-4cb8-a942-e6df4fefb942 b2fcd0ec87b447a4843c48122131eb0f 99e21721b3114330af1f138059bf1d1a - - default default] Successfully bumped revision number for resource 87d65feb-7c05-4944-a994-48125d9a463a (type: security_groups) to 1
2026-09-06 11:02:08.400 7 INFO neutron.db.ovn_revision_numbers_db [None req-4394d95b-0b94-4cb8-a942-e6df4fefb942 b2fcd0ec87b447a4843c48122131eb0f 99e21721b3114330af1f138059bf1d1a - - default default] Successfully bumped revision number for resource 19b82aea-ed47-435c-94cf-ab981e0ecdb9 (type: security_group_rules) to 0
2026-09-06 11:02:08.412 7 INFO neutron.db.ovn_revision_numbers_db [None req-4394d95b-0b94-4cb8-a942-e6df4fefb942 b2fcd0ec87b447a4843c48122131eb0f 99e21721b3114330af1f138059bf1d1a - - default default] Successfully bumped revision number for resource 92994483-9f13-41d7-afff-fdc4bc7b983d (type: security_group_rules) to 0
2026-09-06 11:02:08.422 7 INFO neutron.db.ovn_revision_numbers_db [None req-4394d95b-0b94-4cb8-a942-e6df4fefb942 b2fcd0ec87b447a4843c48122131eb0f 99e21721b3114330af1f138059bf1d1a - - default default] Successfully bumped revision number for resource c6d88113-72c1-4373-8a8c-7e3ec92c9f44 (type: security_group_rules) to 0
2026-09-06 11:02:08.435 7 INFO neutron.db.ovn_revision_numbers_db [None req-4394d95b-0b94-4cb8-a942-e6df4fefb942 b2fcd0ec87b447a4843c48122131eb0f 99e21721b3114330af1f138059bf1d1a - - default default] Successfully bumped revision number for resource f0f0e082-db11-42ac-bd90-ebb13d3f3750 (type: security_group_rules) to 0
2026-09-06 11:02:08.529 7 INFO neutron.db.segments_db [None req-4394d95b-0b94-4cb8-a942-e6df4fefb942 b2fcd0ec87b447a4843c48122131eb0f 99e21721b3114330af1f138059bf1d1a - - default default] Added segment 126fa775-0061-418c-9673-3903f60627f6 of type geneve for network 03f901a0-aac4-477c-a9e9-c8fd619d074c
2026-09-06 11:02:08.637 7 INFO neutron.db.ovn_revision_numbers_db [None req-4394d95b-0b94-4cb8-a942-e6df4fefb942 b2fcd0ec87b447a4843c48122131eb0f 99e21721b3114330af1f138059bf1d1a - - default default] Successfully bumped revision number for resource 03f901a0-aac4-477c-a9e9-c8fd619d074c (type: networks) to 1
2026-09-06 11:02:08.799 7 WARNING neutron.scheduler.dhcp_agent_scheduler [None req-4394d95b-0b94-4cb8-a942-e6df4fefb942 b2fcd0ec87b447a4843c48122131eb0f 99e21721b3114330af1f138059bf1d1a - - default default] No more DHCP agents
2026-09-06 11:02:08.801 7 WARNING neutron.api.rpc.agentnotifiers.dhcp_rpc_agent_api [None req-4394d95b-0b94-4cb8-a942-e6df4fefb942 b2fcd0ec87b447a4843c48122131eb0f 99e21721b3114330af1f138059bf1d1a - - default default] Unable to schedule network 03f901a0-aac4-477c-a9e9-c8fd619d074c: no agents available; will retry on subsequent port and subnet creation events.
2026-09-06 11:02:08.858 8 INFO neutron.plugins.ml2.drivers.ovn.mech_driver.mech_driver [None req-2c08b202-8435-455d-9915-2a4db912cb96 - - - - - -] OVN reports status down for port: 014dac20-0176-4989-87fe-a55919a1f855
2026-09-06 11:02:08.894 7 INFO neutron.db.ovn_revision_numbers_db [None req-4394d95b-0b94-4cb8-a942-e6df4fefb942 b2fcd0ec87b447a4843c48122131eb0f 99e21721b3114330af1f138059bf1d1a - - default default] Successfully bumped revision number for resource 014dac20-0176-4989-87fe-a55919a1f855 (type: ports) to 1 [pid: 7|app: 0|req: 813/1585] 10.0.0.110 () {34 vars in 670 bytes} [Sun Sep 6 11:02:08 2026] POST /v2.0/networks => generated 678 bytes in 881 msecs (HTTP/1.1 201) 4 headers in 162 bytes (1 switches on core 0)
2026-09-06 11:02:09.083 7 WARNING neutron.scheduler.dhcp_agent_scheduler [None req-e2907340-77c7-4d13-adad-35bf569cc617 b2fcd0ec87b447a4843c48122131eb0f 99e21721b3114330af1f138059bf1d1a - - default default] No more DHCP agents
2026-09-06 11:02:09.084 7 WARNING neutron.api.rpc.agentnotifiers.dhcp_rpc_agent_api [None req-e2907340-77c7-4d13-adad-35bf569cc617 b2fcd0ec87b447a4843c48122131eb0f 99e21721b3114330af1f138059bf1d1a - - default default] Unable to schedule network 03f901a0-aac4-477c-a9e9-c8fd619d074c: no agents available; will retry on subsequent port and subnet creation events.
2026-09-06 11:02:09.187 8 INFO neutron.db.ovn_revision_numbers_db [None req-669d9e0f-c09f-4cf5-becf-c50d54492e5d a37a24f0f5e54a67bf53d971c402f7e2 70d9e827a5f1494c8eafe20866de406a - - default default] Successfully bumped revision number for resource 237f281f-1bc9-4b5b-aa0b-d6f803700feb (type: security_groups) to 1
2026-09-06 11:02:09.196 8 INFO neutron.db.ovn_revision_numbers_db [None req-669d9e0f-c09f-4cf5-becf-c50d54492e5d a37a24f0f5e54a67bf53d971c402f7e2 70d9e827a5f1494c8eafe20866de406a - - default default] Successfully bumped revision number for resource 33d21915-17bf-44f0-8c72-dc5164760e8e (type: security_group_rules) to 0
2026-09-06 11:02:09.209 8 INFO neutron.db.ovn_revision_numbers_db [None req-669d9e0f-c09f-4cf5-becf-c50d54492e5d a37a24f0f5e54a67bf53d971c402f7e2 70d9e827a5f1494c8eafe20866de406a - - default default] Successfully bumped revision number for resource 6441a964-722f-4735-b15e-f4546a4e525a (type: security_group_rules) to 0
2026-09-06 11:02:09.219 8 INFO neutron.db.ovn_revision_numbers_db [None req-669d9e0f-c09f-4cf5-becf-c50d54492e5d a37a24f0f5e54a67bf53d971c402f7e2 70d9e827a5f1494c8eafe20866de406a - - default default] Successfully bumped revision number for resource d2fb2d8b-bc3f-4f09-8740-b0dd99d4536e (type: security_group_rules) to 0
2026-09-06 11:02:09.229 8 INFO neutron.db.ovn_revision_numbers_db [None req-669d9e0f-c09f-4cf5-becf-c50d54492e5d a37a24f0f5e54a67bf53d971c402f7e2 70d9e827a5f1494c8eafe20866de406a - - default default] Successfully bumped revision number for resource e1bf8e2e-6d17-497a-84cf-31d722528f22 (type: security_group_rules) to 0 [pid: 8|app: 0|req: 773/1586] 10.0.0.110 () {32 vars in 774 bytes} [Sun Sep 6 11:02:08 2026] GET /v2.0/security-groups?tenant_id=0683e1b6c9ca42da9b7936af17cbf7b1&name=default => generated 2925 bytes in 396 msecs (HTTP/1.1 200) 4 headers in 158 bytes (1 switches on core 0)
2026-09-06 11:02:09.467 8 INFO neutron.db.ovn_revision_numbers_db [None req-23a039e7-1113-4e32-8215-29b8d1edcd05 a37a24f0f5e54a67bf53d971c402f7e2 70d9e827a5f1494c8eafe20866de406a - - default default] Successfully bumped revision number for resource 2c2dfe00-3876-46f0-a01f-393c5435813b (type: security_groups) to 1
2026-09-06 11:02:09.488 8 INFO neutron.db.ovn_revision_numbers_db [None req-23a039e7-1113-4e32-8215-29b8d1edcd05 a37a24f0f5e54a67bf53d971c402f7e2 70d9e827a5f1494c8eafe20866de406a - - default default] Successfully bumped revision number for resource 4bc4bba5-82a5-443b-bb74-2cf20abbfa0c (type: security_group_rules) to 0
2026-09-06 11:02:09.521 8 INFO neutron.db.ovn_revision_numbers_db [None req-23a039e7-1113-4e32-8215-29b8d1edcd05 a37a24f0f5e54a67bf53d971c402f7e2 70d9e827a5f1494c8eafe20866de406a - - default default] Successfully bumped revision number for resource 50c89905-0200-4824-8552-ac1a91d7053c (type: security_group_rules) to 0
2026-09-06 11:02:09.540 8 INFO neutron.db.ovn_revision_numbers_db [None req-23a039e7-1113-4e32-8215-29b8d1edcd05 a37a24f0f5e54a67bf53d971c402f7e2 70d9e827a5f1494c8eafe20866de406a - - default default] Successfully bumped revision number for resource 60b6b70d-b0e9-4e4d-91ee-2bbb893b4431 (type: security_group_rules) to 0
2026-09-06 11:02:09.551 7 INFO neutron.db.ovn_revision_numbers_db [None req-f58de73e-2910-4ca7-92dc-5a7312e639b9 - - - - - -] Successfully bumped revision number for resource 014dac20-0176-4989-87fe-a55919a1f855 (type: ports) to 2
2026-09-06 11:02:09.562 8 INFO neutron.db.ovn_revision_numbers_db [None req-23a039e7-1113-4e32-8215-29b8d1edcd05 a37a24f0f5e54a67bf53d971c402f7e2 70d9e827a5f1494c8eafe20866de406a - - default default] Successfully bumped revision number for resource bee7c757-bfc8-4df3-b80d-78e98ed31cef (type: security_group_rules) to 0 [pid: 8|app: 0|req: 774/1587] 10.0.0.110 () {32 vars in 774 bytes} [Sun Sep 6 11:02:09 2026] GET /v2.0/security-groups?tenant_id=2d632184a3f0464982a60e09a0208cc9&name=default => generated 2925 bytes in 345 msecs (HTTP/1.1 200) 4 headers in 158 bytes (1 switches on core 0)
2026-09-06 11:02:09.612 7 INFO neutron.db.ovn_revision_numbers_db [None req-f58de73e-2910-4ca7-92dc-5a7312e639b9 - - - - - -] Successfully bumped revision number for resource 10290c53-3a5d-4762-99b6-b7372c12e827 (type: subnets) to 0 [pid: 7|app: 0|req: 814/1588] 10.0.0.110 () {34 vars in 669 bytes} [Sun Sep 6 11:02:08 2026] POST /v2.0/subnets => generated 658 bytes in 706 msecs (HTTP/1.1 201) 4 headers in 162 bytes (1 switches on core 0) [pid: 7|app: 0|req: 815/1589] 10.0.0.110 () {32 vars in 740 bytes} [Sun Sep 6 11:02:09 2026] DELETE /v2.0/security-groups/2c2dfe00-3876-46f0-a01f-393c5435813b => generated 0 bytes in 213 msecs (HTTP/1.1 204) 2 headers in 112 bytes (1 switches on core 0) [pid: 8|app: 0|req: 775/1590] 10.0.0.110 () {32 vars in 740 bytes} [Sun Sep 6 11:02:09 2026] DELETE /v2.0/security-groups/237f281f-1bc9-4b5b-aa0b-d6f803700feb => generated 0 bytes in 285 msecs (HTTP/1.1 204) 2 headers in 112 bytes (1 switches on core 0) [pid: 7|app: 0|req: 816/1591] 10.0.0.110 () {32 vars in 722 bytes} [Sun Sep 6 11:02:09 2026] GET /v2.0/subnetpools?name=shared-default-subnetpool-v6 => generated 19 bytes in 184 msecs (HTTP/1.1 200) 4 headers in 156 bytes (1 switches on core 0)
2026-09-06 11:02:10.130 8 INFO neutron.db.ovn_revision_numbers_db [None req-e5b38268-b81f-49ca-b27b-cbf5b1342838 a37a24f0f5e54a67bf53d971c402f7e2 70d9e827a5f1494c8eafe20866de406a - - default default] Successfully bumped revision number for resource 0f6058ec-9c35-4913-af35-b5222aae1c50 (type: security_groups) to 1
2026-09-06 11:02:10.146 8 INFO neutron.db.ovn_revision_numbers_db [None req-e5b38268-b81f-49ca-b27b-cbf5b1342838 a37a24f0f5e54a67bf53d971c402f7e2 70d9e827a5f1494c8eafe20866de406a - - default default] Successfully bumped revision number for resource 34dfc046-60cc-48a8-96ff-32ec55375ca8 (type: security_group_rules) to 0
2026-09-06 11:02:10.162 8 INFO neutron.db.ovn_revision_numbers_db [None req-e5b38268-b81f-49ca-b27b-cbf5b1342838 a37a24f0f5e54a67bf53d971c402f7e2 70d9e827a5f1494c8eafe20866de406a - - default default] Successfully bumped revision number for resource ba4f6c90-08c7-44d8-981c-226b58011a75 (type: security_group_rules) to 0
2026-09-06 11:02:10.173 8 INFO neutron.db.ovn_revision_numbers_db [None req-e5b38268-b81f-49ca-b27b-cbf5b1342838 a37a24f0f5e54a67bf53d971c402f7e2 70d9e827a5f1494c8eafe20866de406a - - default default] Successfully bumped revision number for resource e306aa6f-61b7-4d38-9e84-c24e7c0afc6e (type: security_group_rules) to 0
2026-09-06 11:02:10.191 8 INFO neutron.db.ovn_revision_numbers_db [None req-e5b38268-b81f-49ca-b27b-cbf5b1342838 a37a24f0f5e54a67bf53d971c402f7e2 70d9e827a5f1494c8eafe20866de406a - - default default] Successfully bumped revision number for resource ea3dd9c3-aee9-420c-a054-383cbd8e47c9 (type: security_group_rules) to 0 [pid: 8|app: 0|req: 776/1592] 10.0.0.110 () {32 vars in 774 bytes} [Sun Sep 6 11:02:09 2026] GET /v2.0/security-groups?tenant_id=9af49532701d4b3e94376f016130bd03&name=default => generated 2925 bytes in 262 msecs (HTTP/1.1 200) 4 headers in 158 bytes (1 switches on core 0)
2026-09-06 11:02:10.274 7 WARNING neutron.scheduler.dhcp_agent_scheduler [None req-6451e12d-19a9-4466-a11f-fe4ef355d7b5 b2fcd0ec87b447a4843c48122131eb0f 99e21721b3114330af1f138059bf1d1a - - default default] No more DHCP agents
2026-09-06 11:02:10.275 7 WARNING neutron.api.rpc.agentnotifiers.dhcp_rpc_agent_api [None req-6451e12d-19a9-4466-a11f-fe4ef355d7b5 b2fcd0ec87b447a4843c48122131eb0f 99e21721b3114330af1f138059bf1d1a - - default default] Unable to schedule network 03f901a0-aac4-477c-a9e9-c8fd619d074c: no agents available; will retry on subsequent port and subnet creation events.
2026-09-06 11:02:10.312 7 INFO neutron.db.ovn_revision_numbers_db [None req-6451e12d-19a9-4466-a11f-fe4ef355d7b5 b2fcd0ec87b447a4843c48122131eb0f 99e21721b3114330af1f138059bf1d1a - - default default] Successfully bumped revision number for resource a570b818-61c8-47fc-9b5a-4a654df3c0a8 (type: subnets) to 0 [pid: 7|app: 0|req: 817/1593] 10.0.0.110 () {34 vars in 669 bytes} [Sun Sep 6 11:02:10 2026] POST /v2.0/subnets => generated 731 bytes in 300 msecs (HTTP/1.1 201) 4 headers in 162 bytes (1 switches on core 0)
2026-09-06 11:02:10.499 7 INFO neutron.db.segments_db [None req-e1758d8a-0fa8-4673-9c45-49891bd01941 b2fcd0ec87b447a4843c48122131eb0f 99e21721b3114330af1f138059bf1d1a - - default default] Added segment 457583a6-c282-4bec-a0b5-e14ee828e001 of type geneve for network 9d1caa60-7451-4f3f-9e59-e24b5426394e [pid: 8|app: 0|req: 777/1594] 10.0.0.110 () {32 vars in 740 bytes} [Sun Sep 6 11:02:10 2026] DELETE /v2.0/security-groups/0f6058ec-9c35-4913-af35-b5222aae1c50 => generated 0 bytes in 301 msecs (HTTP/1.1 204) 2 headers in 112 bytes (1 switches on core 0)
2026-09-06 11:02:10.617 7 INFO neutron.db.ovn_revision_numbers_db [None req-e1758d8a-0fa8-4673-9c45-49891bd01941 b2fcd0ec87b447a4843c48122131eb0f 99e21721b3114330af1f138059bf1d1a - - default default] Successfully bumped revision number for resource 9d1caa60-7451-4f3f-9e59-e24b5426394e (type: networks) to 1
2026-09-06 11:02:10.746 7 WARNING neutron.scheduler.dhcp_agent_scheduler [None req-e1758d8a-0fa8-4673-9c45-49891bd01941 b2fcd0ec87b447a4843c48122131eb0f 99e21721b3114330af1f138059bf1d1a - - default default] No more DHCP agents
2026-09-06 11:02:10.747 7 WARNING neutron.api.rpc.agentnotifiers.dhcp_rpc_agent_api [None req-e1758d8a-0fa8-4673-9c45-49891bd01941 b2fcd0ec87b447a4843c48122131eb0f 99e21721b3114330af1f138059bf1d1a - - default default] Unable to schedule network 9d1caa60-7451-4f3f-9e59-e24b5426394e: no agents available; will retry on subsequent port and subnet creation events.
2026-09-06 11:02:10.800 8 INFO neutron.plugins.ml2.drivers.ovn.mech_driver.mech_driver [None req-2c08b202-8435-455d-9915-2a4db912cb96 - - - - - -] OVN reports status down for port: 960a6ebe-88b0-41fe-a0c0-174051b2d7da
