2026-09-06 11:02:01.689 8 INFO placement.requestlog [None req-c897f617-eef9-4237-8682-86ef03fc7928 838a93aea7a941c5bdfb7b9fd6b5cca7 b4bde8c6a8a44c2a83f5dd9a0d52fce7 - - 3d86b29ed5284a51b23a17e373743683 3d86b29ed5284a51b23a17e373743683] 10.0.0.88 "GET /resource_providers/94b66848-694c-4572-9087-c92cc2798e70/aggregates" status: 404 len: 235 microversion: 1.1 [pid: 8|app: 0|req: 434/868] 10.0.0.88 () {32 vars in 815 bytes} [Sun Sep 6 11:02:01 2026] GET /resource_providers/94b66848-694c-4572-9087-c92cc2798e70/aggregates => generated 235 bytes in 21 msecs (HTTP/1.1 404) 5 headers in 202 bytes (1 switches on core 0)
2026-09-06 11:02:01.696 7 INFO placement.requestlog [None req-b3163282-69da-45f0-a7c9-2567144dba03 838a93aea7a941c5bdfb7b9fd6b5cca7 b4bde8c6a8a44c2a83f5dd9a0d52fce7 - - 3d86b29ed5284a51b23a17e373743683 3d86b29ed5284a51b23a17e373743683] 10.0.0.88 "GET /resource_providers/94b66848-694c-4572-9087-c92cc2798e70/aggregates" status: 404 len: 235 microversion: 1.1 [pid: 7|app: 0|req: 435/869] 10.0.0.88 () {32 vars in 815 bytes} [Sun Sep 6 11:02:01 2026] GET /resource_providers/94b66848-694c-4572-9087-c92cc2798e70/aggregates => generated 235 bytes in 7 msecs (HTTP/1.1 404) 5 headers in 202 bytes (1 switches on core 0)
2026-09-06 11:02:01.710 7 INFO placement.requestlog [None req-6c25bb9f-d6aa-43de-8119-d29d81b4c80d 838a93aea7a941c5bdfb7b9fd6b5cca7 b4bde8c6a8a44c2a83f5dd9a0d52fce7 - - 3d86b29ed5284a51b23a17e373743683 3d86b29ed5284a51b23a17e373743683] 10.0.0.88 "DELETE /resource_providers/94b66848-694c-4572-9087-c92cc2798e70" status: 404 len: 246 microversion: 1.1 [pid: 7|app: 0|req: 436/870] 10.0.0.88 () {34 vars in 815 bytes} [Sun Sep 6 11:02:01 2026] DELETE /resource_providers/94b66848-694c-4572-9087-c92cc2798e70 => generated 246 bytes in 7 msecs (HTTP/1.1 404) 6 headers in 231 bytes (1 switches on core 0)
2026-09-06 11:02:01.713 8 INFO placement.requestlog [None req-569633a9-d90b-45fa-ab73-7552b326185c 838a93aea7a941c5bdfb7b9fd6b5cca7 b4bde8c6a8a44c2a83f5dd9a0d52fce7 - - 3d86b29ed5284a51b23a17e373743683 3d86b29ed5284a51b23a17e373743683] 10.0.0.88 "DELETE /resource_providers/94b66848-694c-4572-9087-c92cc2798e70" status: 404 len: 246 microversion: 1.1 [pid: 8|app: 0|req: 435/871] 10.0.0.88 () {34 vars in 815 bytes} [Sun Sep 6 11:02:01 2026] DELETE /resource_providers/94b66848-694c-4572-9087-c92cc2798e70 => generated 246 bytes in 14 msecs (HTTP/1.1 404) 6 headers in 231 bytes (1 switches on core 0)
2026-09-06 11:02:03.735 7 INFO placement.requestlog [None req-bede99b5-2632-4e01-b0cc-88cf666dbe38 838a93aea7a941c5bdfb7b9fd6b5cca7 b4bde8c6a8a44c2a83f5dd9a0d52fce7 - - 3d86b29ed5284a51b23a17e373743683 3d86b29ed5284a51b23a17e373743683] 10.0.0.88 "GET /resource_providers/dfc9b077-e03f-4ed7-b1d0-9432ffad6863/aggregates" status: 404 len: 235 microversion: 1.1 [pid: 7|app: 0|req: 437/872] 10.0.0.88 () {32 vars in 815 bytes} [Sun Sep 6 11:02:03 2026] GET /resource_providers/dfc9b077-e03f-4ed7-b1d0-9432ffad6863/aggregates => generated 235 bytes in 11 msecs (HTTP/1.1 404) 5 headers in 202 bytes (1 switches on core 0)
2026-09-06 11:02:03.740 8 INFO placement.requestlog [None req-14d283d7-4097-4bf4-882f-de18047890f9 838a93aea7a941c5bdfb7b9fd6b5cca7 b4bde8c6a8a44c2a83f5dd9a0d52fce7 - - 3d86b29ed5284a51b23a17e373743683 3d86b29ed5284a51b23a17e373743683] 10.0.0.88 "GET /resource_providers/dfc9b077-e03f-4ed7-b1d0-9432ffad6863/aggregates" status: 404 len: 235 microversion: 1.1 [pid: 8|app: 0|req: 436/873] 10.0.0.88 () {32 vars in 815 bytes} [Sun Sep 6 11:02:03 2026] GET /resource_providers/dfc9b077-e03f-4ed7-b1d0-9432ffad6863/aggregates => generated 235 bytes in 14 msecs (HTTP/1.1 404) 5 headers in 202 bytes (1 switches on core 0)
2026-09-06 11:02:03.760 7 INFO placement.requestlog [None req-d7c91429-c8c3-4d4f-939d-10dae8ace236 838a93aea7a941c5bdfb7b9fd6b5cca7 b4bde8c6a8a44c2a83f5dd9a0d52fce7 - - 3d86b29ed5284a51b23a17e373743683 3d86b29ed5284a51b23a17e373743683] 10.0.0.88 "DELETE /resource_providers/dfc9b077-e03f-4ed7-b1d0-9432ffad6863" status: 404 len: 246 microversion: 1.1 [pid: 7|app: 0|req: 438/874] 10.0.0.88 () {34 vars in 815 bytes} [Sun Sep 6 11:02:03 2026] DELETE /resource_providers/dfc9b077-e03f-4ed7-b1d0-9432ffad6863 => generated 246 bytes in 10 msecs (HTTP/1.1 404) 6 headers in 231 bytes (1 switches on core 0)
2026-09-06 11:02:03.772 8 INFO placement.requestlog [None req-adc30355-aca6-4e11-9836-9b97eb1b5c7a 838a93aea7a941c5bdfb7b9fd6b5cca7 b4bde8c6a8a44c2a83f5dd9a0d52fce7 - - 3d86b29ed5284a51b23a17e373743683 3d86b29ed5284a51b23a17e373743683] 10.0.0.88 "DELETE /resource_providers/dfc9b077-e03f-4ed7-b1d0-9432ffad6863" status: 404 len: 246 microversion: 1.1 [pid: 8|app: 0|req: 437/875] 10.0.0.88 () {34 vars in 815 bytes} [Sun Sep 6 11:02:03 2026] DELETE /resource_providers/dfc9b077-e03f-4ed7-b1d0-9432ffad6863 => generated 246 bytes in 20 msecs (HTTP/1.1 404) 6 headers in 231 bytes (1 switches on core 0)
2026-09-06 11:02:09.384 7 INFO placement.requestlog [None req-5c946ad2-c205-4483-abca-5b5e6118adbc - - - - - -] 10.0.0.226 "GET /" status: 200 len: 136 microversion: 1.0
2026-09-06 11:02:09.385 8 INFO placement.requestlog [None req-092ffd68-dfbf-49c0-9634-27300faf3d30 - - - - - -] 10.0.0.226 "GET /" status: 200 len: 136 microversion: 1.0
2026-09-06 11:02:19.385 7 INFO placement.requestlog [None req-4bf87ff7-78b7-438b-aca1-bdf12136a9bc - - - - - -] 10.0.0.226 "GET /" status: 200 len: 136 microversion: 1.0
2026-09-06 11:02:19.386 8 INFO placement.requestlog [None req-a0cbc292-fcc2-4ad6-aa9d-c62919ec4c5c - - - - - -] 10.0.0.226 "GET /" status: 200 len: 136 microversion: 1.0
2026-09-06 11:02:25.869 7 INFO placement.requestlog [req-337bfa38-9ea1-4d9b-b8f1-aab751af3ffb req-7163f791-5ceb-4506-94f8-c509006b0e8c 7e838adf0a39430cad99951e71f3cfa8 b4bde8c6a8a44c2a83f5dd9a0d52fce7 - - 3d86b29ed5284a51b23a17e373743683 3d86b29ed5284a51b23a17e373743683] 162.253.55.92 "GET /resource_providers/a3bd721b-f2fb-4192-92a5-de13e852278b/allocations" status: 200 len: 54 microversion: 1.0 [pid: 7|app: 0|req: 441/880] 162.253.55.92 () {32 vars in 856 bytes} [Sun Sep 6 11:02:25 2026] GET /resource_providers/a3bd721b-f2fb-4192-92a5-de13e852278b/allocations => generated 54 bytes in 12 msecs (HTTP/1.1 200) 6 headers in 223 bytes (1 switches on core 0)
2026-09-06 11:02:25.896 8 INFO placement.requestlog [req-337bfa38-9ea1-4d9b-b8f1-aab751af3ffb req-9820d284-a114-449a-8a3e-2d7846f78548 7e838adf0a39430cad99951e71f3cfa8 b4bde8c6a8a44c2a83f5dd9a0d52fce7 - - 3d86b29ed5284a51b23a17e373743683 3d86b29ed5284a51b23a17e373743683] 162.253.55.92 "GET /resource_providers/a3bd721b-f2fb-4192-92a5-de13e852278b/allocations" status: 200 len: 54 microversion: 1.0 [pid: 8|app: 0|req: 440/881] 162.253.55.92 () {32 vars in 856 bytes} [Sun Sep 6 11:02:25 2026] GET /resource_providers/a3bd721b-f2fb-4192-92a5-de13e852278b/allocations => generated 54 bytes in 17 msecs (HTTP/1.1 200) 6 headers in 223 bytes (1 switches on core 0)
2026-09-06 11:02:27.605 7 INFO placement.requestlog [req-94ae4fce-8e9d-44da-924b-6bc7dfb82c8a req-f41b6d09-5c28-486e-9e7d-03731bd866a6 7e838adf0a39430cad99951e71f3cfa8 b4bde8c6a8a44c2a83f5dd9a0d52fce7 - - 3d86b29ed5284a51b23a17e373743683 3d86b29ed5284a51b23a17e373743683] 10.0.0.128 "GET /allocation_candidates?limit=1000&resources=DISK_GB%3A1%2CMEMORY_MB%3A512%2CVCPU%3A1&root_required=%21COMPUTE_STATUS_DISABLED" status: 200 len: 2640 microversion: 1.36 [pid: 7|app: 0|req: 442/882] 10.0.0.128 () {34 vars in 1012 bytes} [Sun Sep 6 11:02:27 2026] GET /allocation_candidates?limit=1000&resources=DISK_GB%3A1%2CMEMORY_MB%3A512%2CVCPU%3A1&root_required=%21COMPUTE_STATUS_DISABLED => generated 2640 bytes in 92 msecs (HTTP/1.1 200) 8 headers in 297 bytes (1 switches on core 0)
2026-09-06 11:02:27.641 8 INFO placement.requestlog [req-94ae4fce-8e9d-44da-924b-6bc7dfb82c8a req-e6253b30-ad73-4cd3-843e-f05595843c08 7e838adf0a39430cad99951e71f3cfa8 b4bde8c6a8a44c2a83f5dd9a0d52fce7 - - 3d86b29ed5284a51b23a17e373743683 3d86b29ed5284a51b23a17e373743683] 10.0.0.128 "GET /allocations/b78622b7-d7b3-4d7d-a1fa-c837f6e74da9" status: 200 len: 19 microversion: 1.28 [pid: 8|app: 0|req: 441/883] 10.0.0.128 () {34 vars in 861 bytes} [Sun Sep 6 11:02:27 2026] GET /allocations/b78622b7-d7b3-4d7d-a1fa-c837f6e74da9 => generated 19 bytes in 17 msecs (HTTP/1.1 200) 8 headers in 295 bytes (1 switches on core 0)
2026-09-06 11:02:27.697 7 INFO placement.requestlog [req-94ae4fce-8e9d-44da-924b-6bc7dfb82c8a req-1fd35271-1884-4953-af96-add2df79aeb8 7e838adf0a39430cad99951e71f3cfa8 b4bde8c6a8a44c2a83f5dd9a0d52fce7 - - 3d86b29ed5284a51b23a17e373743683 3d86b29ed5284a51b23a17e373743683] 10.0.0.128 "PUT /allocations/b78622b7-d7b3-4d7d-a1fa-c837f6e74da9" status: 204 len: 0 microversion: 1.36 [pid: 7|app: 0|req: 443/884] 10.0.0.128 () {38 vars in 914 bytes} [Sun Sep 6 11:02:27 2026] PUT /allocations/b78622b7-d7b3-4d7d-a1fa-c837f6e74da9 => generated 0 bytes in 51 msecs (HTTP/1.1 204) 5 headers in 199 bytes (1 switches on core 0)
2026-09-06 11:02:27.831 8 INFO placement.requestlog [req-23ee8d70-ce8a-44e8-8203-a1fe90622bf7 req-97c5616e-733a-48c7-9c0b-6b5a375aac2d 7e838adf0a39430cad99951e71f3cfa8 b4bde8c6a8a44c2a83f5dd9a0d52fce7 - - 3d86b29ed5284a51b23a17e373743683 3d86b29ed5284a51b23a17e373743683] 10.0.0.128 "GET /allocation_candidates?limit=1000&resources=DISK_GB%3A1%2CMEMORY_MB%3A512%2CVCPU%3A1&root_required=%21COMPUTE_STATUS_DISABLED" status: 200 len: 2642 microversion: 1.36 [pid: 8|app: 0|req: 442/885] 10.0.0.128 () {34 vars in 1012 bytes} [Sun Sep 6 11:02:27 2026] GET /allocation_candidates?limit=1000&resources=DISK_GB%3A1%2CMEMORY_MB%3A512%2CVCPU%3A1&root_required=%21COMPUTE_STATUS_DISABLED => generated 2642 bytes in 67 msecs (HTTP/1.1 200) 8 headers in 297 bytes (1 switches on core 0)
2026-09-06 11:02:27.864 7 INFO placement.requestlog [req-23ee8d70-ce8a-44e8-8203-a1fe90622bf7 req-15f86241-9dcd-462f-b15e-c5ded8b2caa7 7e838adf0a39430cad99951e71f3cfa8 b4bde8c6a8a44c2a83f5dd9a0d52fce7 - - 3d86b29ed5284a51b23a17e373743683 3d86b29ed5284a51b23a17e373743683] 10.0.0.128 "GET /allocations/2a7d1c06-95a9-4b3b-b1d8-a97566a11901" status: 200 len: 19 microversion: 1.28 [pid: 7|app: 0|req: 444/886] 10.0.0.128 () {34 vars in 861 bytes} [Sun Sep 6 11:02:27 2026] GET /allocations/2a7d1c06-95a9-4b3b-b1d8-a97566a11901 => generated 19 bytes in 12 msecs (HTTP/1.1 200) 8 headers in 295 bytes (1 switches on core 0)
2026-09-06 11:02:27.964 8 INFO placement.requestlog [req-23ee8d70-ce8a-44e8-8203-a1fe90622bf7 req-b7f92d8f-f872-4b4a-a7fc-06daa56e02e7 7e838adf0a39430cad99951e71f3cfa8 b4bde8c6a8a44c2a83f5dd9a0d52fce7 - - 3d86b29ed5284a51b23a17e373743683 3d86b29ed5284a51b23a17e373743683] 10.0.0.128 "PUT /allocations/2a7d1c06-95a9-4b3b-b1d8-a97566a11901" status: 204 len: 0 microversion: 1.36 [pid: 8|app: 0|req: 443/887] 10.0.0.128 () {38 vars in 914 bytes} [Sun Sep 6 11:02:27 2026] PUT /allocations/2a7d1c06-95a9-4b3b-b1d8-a97566a11901 => generated 0 bytes in 95 msecs (HTTP/1.1 204) 5 headers in 199 bytes (1 switches on core 0)
2026-09-06 11:02:29.166 7 INFO placement.requestlog [req-94ae4fce-8e9d-44da-924b-6bc7dfb82c8a req-0b59adf4-f81e-48ac-8ca7-e544408a7154 7e838adf0a39430cad99951e71f3cfa8 b4bde8c6a8a44c2a83f5dd9a0d52fce7 - - 3d86b29ed5284a51b23a17e373743683 3d86b29ed5284a51b23a17e373743683] 162.253.55.92 "GET /allocations/b78622b7-d7b3-4d7d-a1fa-c837f6e74da9" status: 200 len: 258 microversion: 1.28 [pid: 7|app: 0|req: 445/888] 162.253.55.92 () {34 vars in 862 bytes} [Sun Sep 6 11:02:29 2026] GET /allocations/b78622b7-d7b3-4d7d-a1fa-c837f6e74da9 => generated 258 bytes in 15 msecs (HTTP/1.1 200) 8 headers in 296 bytes (1 switches on core 0)
2026-09-06 11:02:29.384 7 INFO placement.requestlog [None req-385558ca-3e6d-4e95-9135-a8759b17fbae - - - - - -] 10.0.0.226 "GET /" status: 200 len: 136 microversion: 1.0
2026-09-06 11:02:29.384 8 INFO placement.requestlog [None req-fc823bae-e55f-40fe-a732-8e65fffcb206 - - - - - -] 10.0.0.226 "GET /" status: 200 len: 136 microversion: 1.0
2026-09-06 11:02:29.452 7 INFO placement.requestlog [req-23ee8d70-ce8a-44e8-8203-a1fe90622bf7 req-bfb81e9f-2670-4df2-be14-a20be5d2158b 7e838adf0a39430cad99951e71f3cfa8 b4bde8c6a8a44c2a83f5dd9a0d52fce7 - - 3d86b29ed5284a51b23a17e373743683 3d86b29ed5284a51b23a17e373743683] 162.253.55.92 "GET /allocations/2a7d1c06-95a9-4b3b-b1d8-a97566a11901" status: 200 len: 258 microversion: 1.28 [pid: 7|app: 0|req: 447/891] 162.253.55.92 () {34 vars in 862 bytes} [Sun Sep 6 11:02:29 2026] GET /allocations/2a7d1c06-95a9-4b3b-b1d8-a97566a11901 => generated 258 bytes in 24 msecs (HTTP/1.1 200) 8 headers in 296 bytes (1 switches on core 0)
2026-09-06 11:02:30.211 8 INFO placement.requestlog [req-94ae4fce-8e9d-44da-924b-6bc7dfb82c8a req-f7586d32-3fe6-4e6b-bf33-469637dcc529 7e838adf0a39430cad99951e71f3cfa8 b4bde8c6a8a44c2a83f5dd9a0d52fce7 - - 3d86b29ed5284a51b23a17e373743683 3d86b29ed5284a51b23a17e373743683] 162.253.55.92 "GET /resource_providers/a3bd721b-f2fb-4192-92a5-de13e852278b/allocations" status: 200 len: 253 microversion: 1.0 [pid: 8|app: 0|req: 445/892] 162.253.55.92 () {32 vars in 856 bytes} [Sun Sep 6 11:02:30 2026] GET /resource_providers/a3bd721b-f2fb-4192-92a5-de13e852278b/allocations => generated 253 bytes in 20 msecs (HTTP/1.1 200) 6 headers in 224 bytes (1 switches on core 0)
2026-09-06 11:02:30.238 7 INFO placement.requestlog [req-94ae4fce-8e9d-44da-924b-6bc7dfb82c8a req-bff2d513-9e3a-4eb6-8288-53aeedfb2e44 7e838adf0a39430cad99951e71f3cfa8 b4bde8c6a8a44c2a83f5dd9a0d52fce7 - - 3d86b29ed5284a51b23a17e373743683 3d86b29ed5284a51b23a17e373743683] 162.253.55.92 "GET /allocations/2a7d1c06-95a9-4b3b-b1d8-a97566a11901" status: 200 len: 258 microversion: 1.28 [pid: 7|app: 0|req: 448/893] 162.253.55.92 () {34 vars in 862 bytes} [Sun Sep 6 11:02:30 2026] GET /allocations/2a7d1c06-95a9-4b3b-b1d8-a97566a11901 => generated 258 bytes in 20 msecs (HTTP/1.1 200) 8 headers in 296 bytes (1 switches on core 0)
2026-09-06 11:02:30.257 8 INFO placement.requestlog [req-94ae4fce-8e9d-44da-924b-6bc7dfb82c8a req-93774051-2df9-4418-aba8-ff84e442e574 7e838adf0a39430cad99951e71f3cfa8 b4bde8c6a8a44c2a83f5dd9a0d52fce7 - - 3d86b29ed5284a51b23a17e373743683 3d86b29ed5284a51b23a17e373743683] 162.253.55.92 "GET /allocations/b78622b7-d7b3-4d7d-a1fa-c837f6e74da9" status: 200 len: 258 microversion: 1.28 [pid: 8|app: 0|req: 446/894] 162.253.55.92 () {34 vars in 862 bytes} [Sun Sep 6 11:02:30 2026] GET /allocations/b78622b7-d7b3-4d7d-a1fa-c837f6e74da9 => generated 258 bytes in 12 msecs (HTTP/1.1 200) 8 headers in 296 bytes (1 switches on core 0)
2026-09-06 11:02:32.337 7 INFO placement.requestlog [req-23ee8d70-ce8a-44e8-8203-a1fe90622bf7 req-c74c9c25-3525-4534-8f57-e1743f5d5ffb 7e838adf0a39430cad99951e71f3cfa8 b4bde8c6a8a44c2a83f5dd9a0d52fce7 - - 3d86b29ed5284a51b23a17e373743683 3d86b29ed5284a51b23a17e373743683] 162.253.55.92 "GET /resource_providers/a3bd721b-f2fb-4192-92a5-de13e852278b/allocations" status: 200 len: 253 microversion: 1.0 [pid: 7|app: 0|req: 449/895] 162.253.55.92 () {32 vars in 856 bytes} [Sun Sep 6 11:02:32 2026] GET /resource_providers/a3bd721b-f2fb-4192-92a5-de13e852278b/allocations => generated 253 bytes in 26 msecs (HTTP/1.1 200) 6 headers in 224 bytes (1 switches on core 0)
2026-09-06 11:02:32.368 8 INFO placement.requestlog [req-23ee8d70-ce8a-44e8-8203-a1fe90622bf7 req-e2b161df-7bf2-4a2b-a80d-43fc844c6779 7e838adf0a39430cad99951e71f3cfa8 b4bde8c6a8a44c2a83f5dd9a0d52fce7 - - 3d86b29ed5284a51b23a17e373743683 3d86b29ed5284a51b23a17e373743683] 162.253.55.92 "GET /allocations/2a7d1c06-95a9-4b3b-b1d8-a97566a11901" status: 200 len: 258 microversion: 1.28 [pid: 8|app: 0|req: 447/896] 162.253.55.92 () {34 vars in 862 bytes} [Sun Sep 6 11:02:32 2026] GET /allocations/2a7d1c06-95a9-4b3b-b1d8-a97566a11901 => generated 258 bytes in 19 msecs (HTTP/1.1 200) 8 headers in 296 bytes (1 switches on core 0)
2026-09-06 11:02:32.390 7 INFO placement.requestlog [req-23ee8d70-ce8a-44e8-8203-a1fe90622bf7 req-cac2d2c3-5268-4611-be7a-fa2854cf3b23 7e838adf0a39430cad99951e71f3cfa8 b4bde8c6a8a44c2a83f5dd9a0d52fce7 - - 3d86b29ed5284a51b23a17e373743683 3d86b29ed5284a51b23a17e373743683] 162.253.55.92 "GET /allocations/b78622b7-d7b3-4d7d-a1fa-c837f6e74da9" status: 200 len: 258 microversion: 1.28 [pid: 7|app: 0|req: 450/897] 162.253.55.92 () {34 vars in 862 bytes} [Sun Sep 6 11:02:32 2026] GET /allocations/b78622b7-d7b3-4d7d-a1fa-c837f6e74da9 => generated 258 bytes in 16 msecs (HTTP/1.1 200) 8 headers in 296 bytes (1 switches on core 0)
2026-09-06 11:02:37.391 8 INFO placement.requestlog [None req-dbdc05ec-ea08-476f-86ad-b253f1f38e55 838a93aea7a941c5bdfb7b9fd6b5cca7 b4bde8c6a8a44c2a83f5dd9a0d52fce7 - - 3d86b29ed5284a51b23a17e373743683 3d86b29ed5284a51b23a17e373743683] 10.0.0.88 "GET /resource_providers/9f0ad12f-d38b-4498-bd37-1927984d07f4/aggregates" status: 404 len: 235 microversion: 1.1
2026-09-06 11:02:37.391 7 INFO placement.requestlog [None req-b83c892a-a6ff-4326-9cfb-258d734b7cc6 838a93aea7a941c5bdfb7b9fd6b5cca7 b4bde8c6a8a44c2a83f5dd9a0d52fce7 - - 3d86b29ed5284a51b23a17e373743683 3d86b29ed5284a51b23a17e373743683] 10.0.0.88 "GET /resource_providers/9f0ad12f-d38b-4498-bd37-1927984d07f4/aggregates" status: 404 len: 235 microversion: 1.1 [pid: 7|app: 0|req: 451/898] 10.0.0.88 () {32 vars in 815 bytes} [Sun Sep 6 11:02:37 2026] GET /resource_providers/9f0ad12f-d38b-4498-bd37-1927984d07f4/aggregates => generated 235 bytes in 12 msecs (HTTP/1.1 404) 5 headers in 202 bytes (1 switches on core 0) [pid: 8|app: 0|req: 448/899] 10.0.0.88 () {32 vars in 815 bytes} [Sun Sep 6 11:02:37 2026] GET /resource_providers/9f0ad12f-d38b-4498-bd37-1927984d07f4/aggregates => generated 235 bytes in 13 msecs (HTTP/1.1 404) 5 headers in 202 bytes (1 switches on core 0)
2026-09-06 11:02:37.415 7 INFO placement.requestlog [None req-c7decac9-21e2-4fdf-a4f1-9f6934ec2161 838a93aea7a941c5bdfb7b9fd6b5cca7 b4bde8c6a8a44c2a83f5dd9a0d52fce7 - - 3d86b29ed5284a51b23a17e373743683 3d86b29ed5284a51b23a17e373743683] 10.0.0.88 "DELETE /resource_providers/9f0ad12f-d38b-4498-bd37-1927984d07f4" status: 404 len: 246 microversion: 1.1 [pid: 7|app: 0|req: 452/900] 10.0.0.88 () {34 vars in 815 bytes} [Sun Sep 6 11:02:37 2026] DELETE /resource_providers/9f0ad12f-d38b-4498-bd37-1927984d07f4 => generated 246 bytes in 6 msecs (HTTP/1.1 404) 6 headers in 231 bytes (1 switches on core 0)
2026-09-06 11:02:37.419 8 INFO placement.requestlog [None req-26c0a1c3-6516-4a72-b873-f331fd9f52c8 838a93aea7a941c5bdfb7b9fd6b5cca7 b4bde8c6a8a44c2a83f5dd9a0d52fce7 - - 3d86b29ed5284a51b23a17e373743683 3d86b29ed5284a51b23a17e373743683] 10.0.0.88 "DELETE /resource_providers/9f0ad12f-d38b-4498-bd37-1927984d07f4" status: 404 len: 246 microversion: 1.1 [pid: 8|app: 0|req: 449/901] 10.0.0.88 () {34 vars in 815 bytes} [Sun Sep 6 11:02:37 2026] DELETE /resource_providers/9f0ad12f-d38b-4498-bd37-1927984d07f4 => generated 246 bytes in 10 msecs (HTTP/1.1 404) 6 headers in 231 bytes (1 switches on core 0)
2026-09-06 11:02:38.543 8 INFO placement.requestlog [None req-717ea1c5-f9cc-4373-bb8a-c9c516eec4f5 838a93aea7a941c5bdfb7b9fd6b5cca7 b4bde8c6a8a44c2a83f5dd9a0d52fce7 - - 3d86b29ed5284a51b23a17e373743683 3d86b29ed5284a51b23a17e373743683] 10.0.0.88 "GET /resource_providers/ee880d22-3a4e-413e-85f4-08130e17c880/aggregates" status: 404 len: 235 microversion: 1.1 [pid: 8|app: 0|req: 450/902] 10.0.0.88 () {32 vars in 815 bytes} [Sun Sep 6 11:02:38 2026] GET /resource_providers/ee880d22-3a4e-413e-85f4-08130e17c880/aggregates => generated 235 bytes in 11 msecs (HTTP/1.1 404) 5 headers in 202 bytes (1 switches on core 0)
2026-09-06 11:02:38.543 7 INFO placement.requestlog [None req-100d38a5-b7f5-4bcf-aad8-db494929e3f0 838a93aea7a941c5bdfb7b9fd6b5cca7 b4bde8c6a8a44c2a83f5dd9a0d52fce7 - - 3d86b29ed5284a51b23a17e373743683 3d86b29ed5284a51b23a17e373743683] 10.0.0.88 "GET /resource_providers/ee880d22-3a4e-413e-85f4-08130e17c880/aggregates" status: 404 len: 235 microversion: 1.1 [pid: 7|app: 0|req: 453/903] 10.0.0.88 () {32 vars in 815 bytes} [Sun Sep 6 11:02:38 2026] GET /resource_providers/ee880d22-3a4e-413e-85f4-08130e17c880/aggregates => generated 235 bytes in 12 msecs (HTTP/1.1 404) 5 headers in 202 bytes (1 switches on core 0)
2026-09-06 11:02:38.575 8 INFO placement.requestlog [None req-6861cdd9-8404-4e13-82a0-f72690ddca32 838a93aea7a941c5bdfb7b9fd6b5cca7 b4bde8c6a8a44c2a83f5dd9a0d52fce7 - - 3d86b29ed5284a51b23a17e373743683 3d86b29ed5284a51b23a17e373743683] 10.0.0.88 "DELETE /resource_providers/ee880d22-3a4e-413e-85f4-08130e17c880" status: 404 len: 246 microversion: 1.1 [pid: 8|app: 0|req: 451/904] 10.0.0.88 () {34 vars in 815 bytes} [Sun Sep 6 11:02:38 2026] DELETE /resource_providers/ee880d22-3a4e-413e-85f4-08130e17c880 => generated 246 bytes in 11 msecs (HTTP/1.1 404) 6 headers in 231 bytes (1 switches on core 0)
2026-09-06 11:02:38.578 7 INFO placement.requestlog [None req-a0ccf4bf-cffc-456c-9527-9bf712b3ab8f 838a93aea7a941c5bdfb7b9fd6b5cca7 b4bde8c6a8a44c2a83f5dd9a0d52fce7 - - 3d86b29ed5284a51b23a17e373743683 3d86b29ed5284a51b23a17e373743683] 10.0.0.88 "DELETE /resource_providers/ee880d22-3a4e-413e-85f4-08130e17c880" status: 404 len: 246 microversion: 1.1 [pid: 7|app: 0|req: 454/905] 10.0.0.88 () {34 vars in 815 bytes} [Sun Sep 6 11:02:38 2026] DELETE /resource_providers/ee880d22-3a4e-413e-85f4-08130e17c880 => generated 246 bytes in 14 msecs (HTTP/1.1 404) 6 headers in 231 bytes (1 switches on core 0)
2026-09-06 11:02:39.384 8 INFO placement.requestlog [None req-99abf5fd-ba09-445f-b710-33866031d1a9 - - - - - -] 10.0.0.226 "GET /" status: 200 len: 136 microversion: 1.0
2026-09-06 11:02:39.385 7 INFO placement.requestlog [None req-401064c3-4017-40fb-9e17-e2d3ed552bc7 - - - - - -] 10.0.0.226 "GET /" status: 200 len: 136 microversion: 1.0
2026-09-06 11:02:46.280 7 INFO placement.requestlog [None req-1746f517-b94c-4a47-b051-7914fb52966d 838a93aea7a941c5bdfb7b9fd6b5cca7 b4bde8c6a8a44c2a83f5dd9a0d52fce7 - - 3d86b29ed5284a51b23a17e373743683 3d86b29ed5284a51b23a17e373743683] 10.0.0.88 "GET /resource_providers/54d75fe6-d6bf-4c76-a7fe-d70dd6b246ba/aggregates" status: 404 len: 235 microversion: 1.1 [pid: 7|app: 0|req: 456/908] 10.0.0.88 () {32 vars in 815 bytes} [Sun Sep 6 11:02:46 2026] GET /resource_providers/54d75fe6-d6bf-4c76-a7fe-d70dd6b246ba/aggregates => generated 235 bytes in 7 msecs (HTTP/1.1 404) 5 headers in 202 bytes (1 switches on core 0)
2026-09-06 11:02:46.286 8 INFO placement.requestlog [None req-acf0371d-7a0a-4777-8ec8-eeb4f76e0ad9 838a93aea7a941c5bdfb7b9fd6b5cca7 b4bde8c6a8a44c2a83f5dd9a0d52fce7 - - 3d86b29ed5284a51b23a17e373743683 3d86b29ed5284a51b23a17e373743683] 10.0.0.88 "GET /resource_providers/54d75fe6-d6bf-4c76-a7fe-d70dd6b246ba/aggregates" status: 404 len: 235 microversion: 1.1 [pid: 8|app: 0|req: 453/909] 10.0.0.88 () {32 vars in 815 bytes} [Sun Sep 6 11:02:46 2026] GET /resource_providers/54d75fe6-d6bf-4c76-a7fe-d70dd6b246ba/aggregates => generated 235 bytes in 14 msecs (HTTP/1.1 404) 5 headers in 202 bytes (1 switches on core 0)
2026-09-06 11:02:46.303 8 INFO placement.requestlog [None req-5ef38f9c-c1eb-4cb7-bdad-8f8f7bbe1471 838a93aea7a941c5bdfb7b9fd6b5cca7 b4bde8c6a8a44c2a83f5dd9a0d52fce7 - - 3d86b29ed5284a51b23a17e373743683 3d86b29ed5284a51b23a17e373743683] 10.0.0.88 "DELETE /resource_providers/54d75fe6-d6bf-4c76-a7fe-d70dd6b246ba" status: 404 len: 246 microversion: 1.1
2026-09-06 11:02:46.304 7 INFO placement.requestlog [None req-e30a7e2d-f9af-4499-a5ab-535bbb53b838 838a93aea7a941c5bdfb7b9fd6b5cca7 b4bde8c6a8a44c2a83f5dd9a0d52fce7 - - 3d86b29ed5284a51b23a17e373743683 3d86b29ed5284a51b23a17e373743683] 10.0.0.88 "DELETE /resource_providers/54d75fe6-d6bf-4c76-a7fe-d70dd6b246ba" status: 404 len: 246 microversion: 1.1 [pid: 8|app: 0|req: 454/910] 10.0.0.88 () {34 vars in 815 bytes} [Sun Sep 6 11:02:46 2026] DELETE /resource_providers/54d75fe6-d6bf-4c76-a7fe-d70dd6b246ba => generated 246 bytes in 11 msecs (HTTP/1.1 404) 6 headers in 231 bytes (1 switches on core 0) [pid: 7|app: 0|req: 457/911] 10.0.0.88 () {34 vars in 815 bytes} [Sun Sep 6 11:02:46 2026] DELETE /resource_providers/54d75fe6-d6bf-4c76-a7fe-d70dd6b246ba => generated 246 bytes in 13 msecs (HTTP/1.1 404) 6 headers in 231 bytes (1 switches on core 0)
2026-09-06 11:02:46.709 8 INFO placement.requestlog [req-a51eb881-3cdb-417c-8117-a4176a942a5a req-55c07188-26f0-44f6-8edc-961e45953ce4 7e838adf0a39430cad99951e71f3cfa8 b4bde8c6a8a44c2a83f5dd9a0d52fce7 - - 3d86b29ed5284a51b23a17e373743683 3d86b29ed5284a51b23a17e373743683] 10.0.0.128 "GET /allocation_candidates?limit=1000&resources=DISK_GB%3A1%2CMEMORY_MB%3A512%2CVCPU%3A1&root_required=%21COMPUTE_STATUS_DISABLED" status: 200 len: 2643 microversion: 1.36 [pid: 8|app: 0|req: 455/912] 10.0.0.128 () {34 vars in 1012 bytes} [Sun Sep 6 11:02:46 2026] GET /allocation_candidates?limit=1000&resources=DISK_GB%3A1%2CMEMORY_MB%3A512%2CVCPU%3A1&root_required=%21COMPUTE_STATUS_DISABLED => generated 2643 bytes in 71 msecs (HTTP/1.1 200) 8 headers in 297 bytes (1 switches on core 0)
2026-09-06 11:02:46.734 7 INFO placement.requestlog [req-a51eb881-3cdb-417c-8117-a4176a942a5a req-7a258d35-e93d-43f8-9b8f-9dca99e329f2 7e838adf0a39430cad99951e71f3cfa8 b4bde8c6a8a44c2a83f5dd9a0d52fce7 - - 3d86b29ed5284a51b23a17e373743683 3d86b29ed5284a51b23a17e373743683] 10.0.0.128 "GET /allocations/4d8b3270-5fc7-451d-84e4-0a515b4f8940" status: 200 len: 19 microversion: 1.28 [pid: 7|app: 0|req: 458/913] 10.0.0.128 () {34 vars in 861 bytes} [Sun Sep 6 11:02:46 2026] GET /allocations/4d8b3270-5fc7-451d-84e4-0a515b4f8940 => generated 19 bytes in 9 msecs (HTTP/1.1 200) 8 headers in 295 bytes (1 switches on core 0)
2026-09-06 11:02:46.795 8 INFO placement.requestlog [req-a51eb881-3cdb-417c-8117-a4176a942a5a req-a722a623-62f3-4e6f-9410-30b259e2895d 7e838adf0a39430cad99951e71f3cfa8 b4bde8c6a8a44c2a83f5dd9a0d52fce7 - - 3d86b29ed5284a51b23a17e373743683 3d86b29ed5284a51b23a17e373743683] 10.0.0.128 "PUT /allocations/4d8b3270-5fc7-451d-84e4-0a515b4f8940" status: 204 len: 0 microversion: 1.36 [pid: 8|app: 0|req: 456/914] 10.0.0.128 () {38 vars in 914 bytes} [Sun Sep 6 11:02:46 2026] PUT /allocations/4d8b3270-5fc7-451d-84e4-0a515b4f8940 => generated 0 bytes in 52 msecs (HTTP/1.1 204) 5 headers in 199 bytes (1 switches on core 0)
2026-09-06 11:02:47.939 7 INFO placement.requestlog [req-3e9d2953-f1fa-4fef-8406-15375f925570 req-a1ea6a15-c478-4f85-8bd2-8bea6978ee70 7e838adf0a39430cad99951e71f3cfa8 b4bde8c6a8a44c2a83f5dd9a0d52fce7 - - 3d86b29ed5284a51b23a17e373743683 3d86b29ed5284a51b23a17e373743683] 162.253.55.92 "GET /resource_providers/a3bd721b-f2fb-4192-92a5-de13e852278b/allocations" status: 200 len: 353 microversion: 1.0 [pid: 7|app: 0|req: 459/915] 162.253.55.92 () {32 vars in 856 bytes} [Sun Sep 6 11:02:47 2026] GET /resource_providers/a3bd721b-f2fb-4192-92a5-de13e852278b/allocations => generated 353 bytes in 21 msecs (HTTP/1.1 200) 6 headers in 224 bytes (1 switches on core 0)
2026-09-06 11:02:47.961 8 INFO placement.requestlog [req-3e9d2953-f1fa-4fef-8406-15375f925570 req-8df4ff76-4686-4db5-bb90-146cede00ac6 7e838adf0a39430cad99951e71f3cfa8 b4bde8c6a8a44c2a83f5dd9a0d52fce7 - - 3d86b29ed5284a51b23a17e373743683 3d86b29ed5284a51b23a17e373743683] 162.253.55.92 "GET /allocations/2a7d1c06-95a9-4b3b-b1d8-a97566a11901" status: 200 len: 258 microversion: 1.28 [pid: 8|app: 0|req: 457/916] 162.253.55.92 () {34 vars in 862 bytes} [Sun Sep 6 11:02:47 2026] GET /allocations/2a7d1c06-95a9-4b3b-b1d8-a97566a11901 => generated 258 bytes in 16 msecs (HTTP/1.1 200) 8 headers in 296 bytes (1 switches on core 0)
2026-09-06 11:02:47.983 7 INFO placement.requestlog [req-3e9d2953-f1fa-4fef-8406-15375f925570 req-2e9043a0-01b8-4b34-b84a-487b0b6ac1bd 7e838adf0a39430cad99951e71f3cfa8 b4bde8c6a8a44c2a83f5dd9a0d52fce7 - - 3d86b29ed5284a51b23a17e373743683 3d86b29ed5284a51b23a17e373743683] 162.253.55.92 "GET /allocations/4d8b3270-5fc7-451d-84e4-0a515b4f8940" status: 200 len: 258 microversion: 1.28 [pid: 7|app: 0|req: 460/917] 162.253.55.92 () {34 vars in 862 bytes} [Sun Sep 6 11:02:47 2026] GET /allocations/4d8b3270-5fc7-451d-84e4-0a515b4f8940 => generated 258 bytes in 15 msecs (HTTP/1.1 200) 8 headers in 296 bytes (1 switches on core 0)
2026-09-06 11:02:48.002 8 INFO placement.requestlog [req-3e9d2953-f1fa-4fef-8406-15375f925570 req-056ece93-bfb9-4baf-8053-52f266741f90 7e838adf0a39430cad99951e71f3cfa8 b4bde8c6a8a44c2a83f5dd9a0d52fce7 - - 3d86b29ed5284a51b23a17e373743683 3d86b29ed5284a51b23a17e373743683] 162.253.55.92 "GET /allocations/b78622b7-d7b3-4d7d-a1fa-c837f6e74da9" status: 200 len: 258 microversion: 1.28 [pid: 8|app: 0|req: 458/918] 162.253.55.92 () {34 vars in 862 bytes} [Sun Sep 6 11:02:47 2026] GET /allocations/b78622b7-d7b3-4d7d-a1fa-c837f6e74da9 => generated 258 bytes in 13 msecs (HTTP/1.1 200) 8 headers in 296 bytes (1 switches on core 0)
2026-09-06 11:02:48.295 7 INFO placement.requestlog [req-a51eb881-3cdb-417c-8117-a4176a942a5a req-6a2d3197-3dad-47ff-9cc0-f5f768be7f83 7e838adf0a39430cad99951e71f3cfa8 b4bde8c6a8a44c2a83f5dd9a0d52fce7 - - 3d86b29ed5284a51b23a17e373743683 3d86b29ed5284a51b23a17e373743683] 162.253.55.92 "GET /allocations/4d8b3270-5fc7-451d-84e4-0a515b4f8940" status: 200 len: 258 microversion: 1.28 [pid: 7|app: 0|req: 461/919] 162.253.55.92 () {34 vars in 862 bytes} [Sun Sep 6 11:02:48 2026] GET /allocations/4d8b3270-5fc7-451d-84e4-0a515b4f8940 => generated 258 bytes in 15 msecs (HTTP/1.1 200) 8 headers in 296 bytes (1 switches on core 0)
2026-09-06 11:02:48.327 8 INFO placement.requestlog [None req-1e2a1b0b-b734-4be9-8c2d-e58d664d7e2b 838a93aea7a941c5bdfb7b9fd6b5cca7 b4bde8c6a8a44c2a83f5dd9a0d52fce7 - - 3d86b29ed5284a51b23a17e373743683 3d86b29ed5284a51b23a17e373743683] 10.0.0.88 "GET /resource_providers/18cad4b4-1091-44f5-bd49-7b590e74c043/aggregates" status: 404 len: 235 microversion: 1.1 [pid: 8|app: 0|req: 459/920] 10.0.0.88 () {32 vars in 815 bytes} [Sun Sep 6 11:02:48 2026] GET /resource_providers/18cad4b4-1091-44f5-bd49-7b590e74c043/aggregates => generated 235 bytes in 12 msecs (HTTP/1.1 404) 5 headers in 202 bytes (1 switches on core 0)
2026-09-06 11:02:48.329 7 INFO placement.requestlog [None req-308f865f-d558-43af-9b75-c90db9855396 838a93aea7a941c5bdfb7b9fd6b5cca7 b4bde8c6a8a44c2a83f5dd9a0d52fce7 - - 3d86b29ed5284a51b23a17e373743683 3d86b29ed5284a51b23a17e373743683] 10.0.0.88 "GET /resource_providers/18cad4b4-1091-44f5-bd49-7b590e74c043/aggregates" status: 404 len: 235 microversion: 1.1 [pid: 7|app: 0|req: 462/921] 10.0.0.88 () {32 vars in 815 bytes} [Sun Sep 6 11:02:48 2026] GET /resource_providers/18cad4b4-1091-44f5-bd49-7b590e74c043/aggregates => generated 235 bytes in 11 msecs (HTTP/1.1 404) 5 headers in 202 bytes (1 switches on core 0)
2026-09-06 11:02:48.352 8 INFO placement.requestlog [None req-e3b751be-2f41-4ce0-a915-7f0e0a76768f 838a93aea7a941c5bdfb7b9fd6b5cca7 b4bde8c6a8a44c2a83f5dd9a0d52fce7 - - 3d86b29ed5284a51b23a17e373743683 3d86b29ed5284a51b23a17e373743683] 10.0.0.88 "DELETE /resource_providers/18cad4b4-1091-44f5-bd49-7b590e74c043" status: 404 len: 246 microversion: 1.1 [pid: 8|app: 0|req: 460/922] 10.0.0.88 () {34 vars in 815 bytes} [Sun Sep 6 11:02:48 2026] DELETE /resource_providers/18cad4b4-1091-44f5-bd49-7b590e74c043 => generated 246 bytes in 14 msecs (HTTP/1.1 404) 6 headers in 231 bytes (1 switches on core 0)
2026-09-06 11:02:48.355 7 INFO placement.requestlog [None req-fe92acac-cd90-4103-9a79-6acedf9a0a70 838a93aea7a941c5bdfb7b9fd6b5cca7 b4bde8c6a8a44c2a83f5dd9a0d52fce7 - - 3d86b29ed5284a51b23a17e373743683 3d86b29ed5284a51b23a17e373743683] 10.0.0.88 "DELETE /resource_providers/18cad4b4-1091-44f5-bd49-7b590e74c043" status: 404 len: 246 microversion: 1.1 [pid: 7|app: 0|req: 463/923] 10.0.0.88 () {34 vars in 815 bytes} [Sun Sep 6 11:02:48 2026] DELETE /resource_providers/18cad4b4-1091-44f5-bd49-7b590e74c043 => generated 246 bytes in 14 msecs (HTTP/1.1 404) 6 headers in 231 bytes (1 switches on core 0)
2026-09-06 11:02:49.053 8 INFO placement.requestlog [req-3e9d2953-f1fa-4fef-8406-15375f925570 req-f4722aa2-9df3-4e89-b3bf-8ed4ecdd97fe 7e838adf0a39430cad99951e71f3cfa8 b4bde8c6a8a44c2a83f5dd9a0d52fce7 - - 3d86b29ed5284a51b23a17e373743683 3d86b29ed5284a51b23a17e373743683] 162.253.55.92 "DELETE /allocations/b78622b7-d7b3-4d7d-a1fa-c837f6e74da9" status: 204 len: 0 microversion: 1.0 [pid: 8|app: 0|req: 461/924] 162.253.55.92 () {34 vars in 840 bytes} [Sun Sep 6 11:02:49 2026] DELETE /allocations/b78622b7-d7b3-4d7d-a1fa-c837f6e74da9 => generated 0 bytes in 27 msecs (HTTP/1.1 204) 5 headers in 198 bytes (1 switches on core 0)
2026-09-06 11:02:49.384 7 INFO placement.requestlog [None req-77663cc3-a980-466e-ad30-a55d669dcb38 - - - - - -] 10.0.0.226 "GET /" status: 200 len: 136 microversion: 1.0
2026-09-06 11:02:49.384 8 INFO placement.requestlog [None req-de211745-8cd6-45d7-935f-b55382e049e7 - - - - - -] 10.0.0.226 "GET /" status: 200 len: 136 microversion: 1.0
2026-09-06 11:02:50.067 8 INFO placement.requestlog [req-a51eb881-3cdb-417c-8117-a4176a942a5a req-d6d0b1cc-2e4d-4929-b13e-a268ee46b07f 7e838adf0a39430cad99951e71f3cfa8 b4bde8c6a8a44c2a83f5dd9a0d52fce7 - - 3d86b29ed5284a51b23a17e373743683 3d86b29ed5284a51b23a17e373743683] 162.253.55.92 "GET /resource_providers/a3bd721b-f2fb-4192-92a5-de13e852278b/allocations" status: 200 len: 253 microversion: 1.0 [pid: 8|app: 0|req: 463/927] 162.253.55.92 () {32 vars in 856 bytes} [Sun Sep 6 11:02:50 2026] GET /resource_providers/a3bd721b-f2fb-4192-92a5-de13e852278b/allocations => generated 253 bytes in 17 msecs (HTTP/1.1 200) 6 headers in 224 bytes (1 switches on core 0)
2026-09-06 11:02:50.089 7 INFO placement.requestlog [req-a51eb881-3cdb-417c-8117-a4176a942a5a req-f7a06e0b-aadb-457a-9686-f88f70136580 7e838adf0a39430cad99951e71f3cfa8 b4bde8c6a8a44c2a83f5dd9a0d52fce7 - - 3d86b29ed5284a51b23a17e373743683 3d86b29ed5284a51b23a17e373743683] 162.253.55.92 "GET /allocations/2a7d1c06-95a9-4b3b-b1d8-a97566a11901" status: 200 len: 258 microversion: 1.28 [pid: 7|app: 0|req: 465/928] 162.253.55.92 () {34 vars in 862 bytes} [Sun Sep 6 11:02:50 2026] GET /allocations/2a7d1c06-95a9-4b3b-b1d8-a97566a11901 => generated 258 bytes in 15 msecs (HTTP/1.1 200) 8 headers in 296 bytes (1 switches on core 0)
2026-09-06 11:02:50.115 8 INFO placement.requestlog [req-a51eb881-3cdb-417c-8117-a4176a942a5a req-ccfa76c2-035a-4934-85b1-cfa60a54c2ce 7e838adf0a39430cad99951e71f3cfa8 b4bde8c6a8a44c2a83f5dd9a0d52fce7 - - 3d86b29ed5284a51b23a17e373743683 3d86b29ed5284a51b23a17e373743683] 162.253.55.92 "GET /allocations/4d8b3270-5fc7-451d-84e4-0a515b4f8940" status: 200 len: 258 microversion: 1.28 [pid: 8|app: 0|req: 464/929] 162.253.55.92 () {34 vars in 862 bytes} [Sun Sep 6 11:02:50 2026] GET /allocations/4d8b3270-5fc7-451d-84e4-0a515b4f8940 => generated 258 bytes in 13 msecs (HTTP/1.1 200) 8 headers in 296 bytes (1 switches on core 0)
2026-09-06 11:02:54.652 7 INFO placement.requestlog [None req-2978dca7-e591-4e97-a55f-c0ec922c6f8f 838a93aea7a941c5bdfb7b9fd6b5cca7 b4bde8c6a8a44c2a83f5dd9a0d52fce7 - - 3d86b29ed5284a51b23a17e373743683 3d86b29ed5284a51b23a17e373743683] 10.0.0.88 "GET /resource_providers/0ffcc691-5dbf-42a0-a358-3cba4c622ad7/aggregates" status: 404 len: 235 microversion: 1.1 [pid: 7|app: 0|req: 466/930] 10.0.0.88 () {32 vars in 815 bytes} [Sun Sep 6 11:02:54 2026] GET /resource_providers/0ffcc691-5dbf-42a0-a358-3cba4c622ad7/aggregates => generated 235 bytes in 14 msecs (HTTP/1.1 404) 5 headers in 202 bytes (1 switches on core 0)
2026-09-06 11:02:54.655 8 INFO placement.requestlog [None req-57427bed-e221-400a-979f-829ffc9208c2 838a93aea7a941c5bdfb7b9fd6b5cca7 b4bde8c6a8a44c2a83f5dd9a0d52fce7 - - 3d86b29ed5284a51b23a17e373743683 3d86b29ed5284a51b23a17e373743683] 10.0.0.88 "GET /resource_providers/0ffcc691-5dbf-42a0-a358-3cba4c622ad7/aggregates" status: 404 len: 235 microversion: 1.1 [pid: 8|app: 0|req: 465/931] 10.0.0.88 () {32 vars in 815 bytes} [Sun Sep 6 11:02:54 2026] GET /resource_providers/0ffcc691-5dbf-42a0-a358-3cba4c622ad7/aggregates => generated 235 bytes in 15 msecs (HTTP/1.1 404) 5 headers in 202 bytes (1 switches on core 0)
2026-09-06 11:02:54.678 7 INFO placement.requestlog [None req-e7bb35af-e132-4339-b2a9-a5ac33f6351b 838a93aea7a941c5bdfb7b9fd6b5cca7 b4bde8c6a8a44c2a83f5dd9a0d52fce7 - - 3d86b29ed5284a51b23a17e373743683 3d86b29ed5284a51b23a17e373743683] 10.0.0.88 "DELETE /resource_providers/0ffcc691-5dbf-42a0-a358-3cba4c622ad7" status: 404 len: 246 microversion: 1.1 [pid: 7|app: 0|req: 467/932] 10.0.0.88 () {34 vars in 815 bytes} [Sun Sep 6 11:02:54 2026] DELETE /resource_providers/0ffcc691-5dbf-42a0-a358-3cba4c622ad7 => generated 246 bytes in 14 msecs (HTTP/1.1 404) 6 headers in 231 bytes (1 switches on core 0)
2026-09-06 11:02:54.679 8 INFO placement.requestlog [None req-8ddd1428-2a6d-4c47-ace5-2f5383d342f7 838a93aea7a941c5bdfb7b9fd6b5cca7 b4bde8c6a8a44c2a83f5dd9a0d52fce7 - - 3d86b29ed5284a51b23a17e373743683 3d86b29ed5284a51b23a17e373743683] 10.0.0.88 "DELETE /resource_providers/0ffcc691-5dbf-42a0-a358-3cba4c622ad7" status: 404 len: 246 microversion: 1.1 [pid: 8|app: 0|req: 466/933] 10.0.0.88 () {34 vars in 815 bytes} [Sun Sep 6 11:02:54 2026] DELETE /resource_providers/0ffcc691-5dbf-42a0-a358-3cba4c622ad7 => generated 246 bytes in 12 msecs (HTTP/1.1 404) 6 headers in 231 bytes (1 switches on core 0)
2026-09-06 11:02:59.384 7 INFO placement.requestlog [None req-94b10fbb-0036-43b4-b2cf-5dce66e8fae8 - - - - - -] 10.0.0.226 "GET /" status: 200 len: 136 microversion: 1.0
2026-09-06 11:02:59.384 8 INFO placement.requestlog [None req-5112c7d8-ef7c-4558-b71b-17bc4609a387 - - - - - -] 10.0.0.226 "GET /" status: 200 len: 136 microversion: 1.0
2026-09-06 11:03:07.479 8 INFO placement.requestlog [req-9cce23af-06d0-4c7e-9e1a-2238d113faff req-5fff55ed-81a0-4c9c-868c-55bbf2b6cd58 7e838adf0a39430cad99951e71f3cfa8 b4bde8c6a8a44c2a83f5dd9a0d52fce7 - - 3d86b29ed5284a51b23a17e373743683 3d86b29ed5284a51b23a17e373743683] 10.0.0.128 "GET /allocation_candidates?limit=1000&resources=DISK_GB%3A1%2CMEMORY_MB%3A512%2CVCPU%3A1&root_required=%21COMPUTE_STATUS_DISABLED" status: 200 len: 2643 microversion: 1.36 [pid: 8|app: 0|req: 468/936] 10.0.0.128 () {34 vars in 1012 bytes} [Sun Sep 6 11:03:07 2026] GET /allocation_candidates?limit=1000&resources=DISK_GB%3A1%2CMEMORY_MB%3A512%2CVCPU%3A1&root_required=%21COMPUTE_STATUS_DISABLED => generated 2643 bytes in 53 msecs (HTTP/1.1 200) 8 headers in 297 bytes (1 switches on core 0)
2026-09-06 11:03:07.508 7 INFO placement.requestlog [req-9cce23af-06d0-4c7e-9e1a-2238d113faff req-f0034f16-8c63-4c18-b282-9067a3c940e6 7e838adf0a39430cad99951e71f3cfa8 b4bde8c6a8a44c2a83f5dd9a0d52fce7 - - 3d86b29ed5284a51b23a17e373743683 3d86b29ed5284a51b23a17e373743683] 10.0.0.128 "GET /allocations/b886f5fc-3db0-48dd-a9b0-f30173206b5e" status: 200 len: 19 microversion: 1.28 [pid: 7|app: 0|req: 469/937] 10.0.0.128 () {34 vars in 861 bytes} [Sun Sep 6 11:03:07 2026] GET /allocations/b886f5fc-3db0-48dd-a9b0-f30173206b5e => generated 19 bytes in 12 msecs (HTTP/1.1 200) 8 headers in 295 bytes (1 switches on core 0)
2026-09-06 11:03:07.592 8 INFO placement.requestlog [req-9cce23af-06d0-4c7e-9e1a-2238d113faff req-61f73cb8-762d-4a20-9625-6d7ae25814b1 7e838adf0a39430cad99951e71f3cfa8 b4bde8c6a8a44c2a83f5dd9a0d52fce7 - - 3d86b29ed5284a51b23a17e373743683 3d86b29ed5284a51b23a17e373743683] 10.0.0.128 "PUT /allocations/b886f5fc-3db0-48dd-a9b0-f30173206b5e" status: 204 len: 0 microversion: 1.36 [pid: 8|app: 0|req: 469/938] 10.0.0.128 () {38 vars in 914 bytes} [Sun Sep 6 11:03:07 2026] PUT /allocations/b886f5fc-3db0-48dd-a9b0-f30173206b5e => generated 0 bytes in 78 msecs (HTTP/1.1 204) 5 headers in 199 bytes (1 switches on core 0)
2026-09-06 11:03:09.102 7 INFO placement.requestlog [req-9cce23af-06d0-4c7e-9e1a-2238d113faff req-14517073-dbee-465d-9785-291c98a073a8 7e838adf0a39430cad99951e71f3cfa8 b4bde8c6a8a44c2a83f5dd9a0d52fce7 - - 3d86b29ed5284a51b23a17e373743683 3d86b29ed5284a51b23a17e373743683] 162.253.55.92 "GET /allocations/b886f5fc-3db0-48dd-a9b0-f30173206b5e" status: 200 len: 258 microversion: 1.28 [pid: 7|app: 0|req: 470/939] 162.253.55.92 () {34 vars in 862 bytes} [Sun Sep 6 11:03:09 2026] GET /allocations/b886f5fc-3db0-48dd-a9b0-f30173206b5e => generated 258 bytes in 18 msecs (HTTP/1.1 200) 8 headers in 296 bytes (1 switches on core 0)
2026-09-06 11:03:09.384 8 INFO placement.requestlog [None req-f4d6db04-b697-439a-bf6b-c7f1e0c4e166 - - - - - -] 10.0.0.226 "GET /" status: 200 len: 136 microversion: 1.0
2026-09-06 11:03:09.385 7 INFO placement.requestlog [None req-e5c48773-aba2-4d40-b9b5-c72d24721fe2 - - - - - -] 10.0.0.226 "GET /" status: 200 len: 136 microversion: 1.0
2026-09-06 11:03:10.186 8 INFO placement.requestlog [req-9cce23af-06d0-4c7e-9e1a-2238d113faff req-c4e4aa23-5e4e-40db-a8d2-65f9d6bca971 7e838adf0a39430cad99951e71f3cfa8 b4bde8c6a8a44c2a83f5dd9a0d52fce7 - - 3d86b29ed5284a51b23a17e373743683 3d86b29ed5284a51b23a17e373743683] 162.253.55.92 "GET /resource_providers/a3bd721b-f2fb-4192-92a5-de13e852278b/allocations" status: 200 len: 353 microversion: 1.0 [pid: 8|app: 0|req: 471/942] 162.253.55.92 () {32 vars in 856 bytes} [Sun Sep 6 11:03:10 2026] GET /resource_providers/a3bd721b-f2fb-4192-92a5-de13e852278b/allocations => generated 353 bytes in 56 msecs (HTTP/1.1 200) 6 headers in 224 bytes (1 switches on core 0)
2026-09-06 11:03:10.208 7 INFO placement.requestlog [req-9cce23af-06d0-4c7e-9e1a-2238d113faff req-1986b25b-6634-4d46-85d6-36451bed7d0f 7e838adf0a39430cad99951e71f3cfa8 b4bde8c6a8a44c2a83f5dd9a0d52fce7 - - 3d86b29ed5284a51b23a17e373743683 3d86b29ed5284a51b23a17e373743683] 162.253.55.92 "GET /allocations/2a7d1c06-95a9-4b3b-b1d8-a97566a11901" status: 200 len: 258 microversion: 1.28 [pid: 7|app: 0|req: 472/943] 162.253.55.92 () {34 vars in 862 bytes} [Sun Sep 6 11:03:10 2026] GET /allocations/2a7d1c06-95a9-4b3b-b1d8-a97566a11901 => generated 258 bytes in 15 msecs (HTTP/1.1 200) 8 headers in 296 bytes (1 switches on core 0)
2026-09-06 11:03:10.231 8 INFO placement.requestlog [req-9cce23af-06d0-4c7e-9e1a-2238d113faff req-5528c579-f888-4a0e-898e-9043aea5b06a 7e838adf0a39430cad99951e71f3cfa8 b4bde8c6a8a44c2a83f5dd9a0d52fce7 - - 3d86b29ed5284a51b23a17e373743683 3d86b29ed5284a51b23a17e373743683] 162.253.55.92 "GET /allocations/4d8b3270-5fc7-451d-84e4-0a515b4f8940" status: 200 len: 258 microversion: 1.28 [pid: 8|app: 0|req: 472/944] 162.253.55.92 () {34 vars in 862 bytes} [Sun Sep 6 11:03:10 2026] GET /allocations/4d8b3270-5fc7-451d-84e4-0a515b4f8940 => generated 258 bytes in 18 msecs (HTTP/1.1 200) 8 headers in 296 bytes (1 switches on core 0)
2026-09-06 11:03:10.251 7 INFO placement.requestlog [req-9cce23af-06d0-4c7e-9e1a-2238d113faff req-65eefa5a-2661-436c-9f02-40255a66aa71 7e838adf0a39430cad99951e71f3cfa8 b4bde8c6a8a44c2a83f5dd9a0d52fce7 - - 3d86b29ed5284a51b23a17e373743683 3d86b29ed5284a51b23a17e373743683] 162.253.55.92 "GET /allocations/b886f5fc-3db0-48dd-a9b0-f30173206b5e" status: 200 len: 258 microversion: 1.28 [pid: 7|app: 0|req: 473/945] 162.253.55.92 () {34 vars in 862 bytes} [Sun Sep 6 11:03:10 2026] GET /allocations/b886f5fc-3db0-48dd-a9b0-f30173206b5e => generated 258 bytes in 15 msecs (HTTP/1.1 200) 8 headers in 296 bytes (1 switches on core 0)
2026-09-06 11:03:19.384 8 INFO placement.requestlog [None req-15874114-b727-49bf-a0c3-1e9d50dcc21d - - - - - -] 10.0.0.226 "GET /" status: 200 len: 136 microversion: 1.0
2026-09-06 11:03:19.385 7 INFO placement.requestlog [None req-9689f6b9-5293-4c25-9938-4fa1af4190c9 - - - - - -] 10.0.0.226 "GET /" status: 200 len: 136 microversion: 1.0
2026-09-06 11:03:21.982 8 INFO placement.requestlog [None req-0738743d-0c02-426d-8fe0-df127489fcf4 838a93aea7a941c5bdfb7b9fd6b5cca7 b4bde8c6a8a44c2a83f5dd9a0d52fce7 - - 3d86b29ed5284a51b23a17e373743683 3d86b29ed5284a51b23a17e373743683] 10.0.0.88 "GET /resource_providers/e39f01fe-2a05-41a1-a470-7f4025dfab7c/aggregates" status: 404 len: 235 microversion: 1.1 [pid: 8|app: 0|req: 474/948] 10.0.0.88 () {32 vars in 815 bytes} [Sun Sep 6 11:03:21 2026] GET /resource_providers/e39f01fe-2a05-41a1-a470-7f4025dfab7c/aggregates => generated 235 bytes in 19 msecs (HTTP/1.1 404) 5 headers in 202 bytes (1 switches on core 0)
2026-09-06 11:03:21.989 7 INFO placement.requestlog [None req-44b4263b-669a-4006-9f88-3e79b32c06d8 838a93aea7a941c5bdfb7b9fd6b5cca7 b4bde8c6a8a44c2a83f5dd9a0d52fce7 - - 3d86b29ed5284a51b23a17e373743683 3d86b29ed5284a51b23a17e373743683] 10.0.0.88 "GET /resource_providers/e39f01fe-2a05-41a1-a470-7f4025dfab7c/aggregates" status: 404 len: 235 microversion: 1.1 [pid: 7|app: 0|req: 475/949] 10.0.0.88 () {32 vars in 815 bytes} [Sun Sep 6 11:03:21 2026] GET /resource_providers/e39f01fe-2a05-41a1-a470-7f4025dfab7c/aggregates => generated 235 bytes in 23 msecs (HTTP/1.1 404) 5 headers in 202 bytes (1 switches on core 0)
2026-09-06 11:03:22.019 8 INFO placement.requestlog [None req-423a44ea-68e9-4fb2-a6f5-2a37bc0e5070 838a93aea7a941c5bdfb7b9fd6b5cca7 b4bde8c6a8a44c2a83f5dd9a0d52fce7 - - 3d86b29ed5284a51b23a17e373743683 3d86b29ed5284a51b23a17e373743683] 10.0.0.88 "DELETE /resource_providers/e39f01fe-2a05-41a1-a470-7f4025dfab7c" status: 404 len: 246 microversion: 1.1 [pid: 8|app: 0|req: 475/950] 10.0.0.88 () {34 vars in 815 bytes} [Sun Sep 6 11:03:22 2026] DELETE /resource_providers/e39f01fe-2a05-41a1-a470-7f4025dfab7c => generated 246 bytes in 13 msecs (HTTP/1.1 404) 6 headers in 231 bytes (1 switches on core 0)
2026-09-06 11:03:22.020 7 INFO placement.requestlog [None req-7d529d91-8b81-42ba-b0ad-fb902a186b2f 838a93aea7a941c5bdfb7b9fd6b5cca7 b4bde8c6a8a44c2a83f5dd9a0d52fce7 - - 3d86b29ed5284a51b23a17e373743683 3d86b29ed5284a51b23a17e373743683] 10.0.0.88 "DELETE /resource_providers/e39f01fe-2a05-41a1-a470-7f4025dfab7c" status: 404 len: 246 microversion: 1.1 [pid: 7|app: 0|req: 476/951] 10.0.0.88 () {34 vars in 815 bytes} [Sun Sep 6 11:03:22 2026] DELETE /resource_providers/e39f01fe-2a05-41a1-a470-7f4025dfab7c => generated 246 bytes in 14 msecs (HTTP/1.1 404) 6 headers in 231 bytes (1 switches on core 0)
2026-09-06 11:03:24.049 8 INFO placement.requestlog [None req-a490c1de-e72c-4cf1-9b3b-ce2d4a2e3941 838a93aea7a941c5bdfb7b9fd6b5cca7 b4bde8c6a8a44c2a83f5dd9a0d52fce7 - - 3d86b29ed5284a51b23a17e373743683 3d86b29ed5284a51b23a17e373743683] 10.0.0.88 "GET /resource_providers/f1ddada6-9da5-408b-a58b-a30a1dbb0c73/aggregates" status: 404 len: 235 microversion: 1.1 [pid: 8|app: 0|req: 476/952] 10.0.0.88 () {32 vars in 815 bytes} [Sun Sep 6 11:03:24 2026] GET /resource_providers/f1ddada6-9da5-408b-a58b-a30a1dbb0c73/aggregates => generated 235 bytes in 19 msecs (HTTP/1.1 404) 5 headers in 202 bytes (1 switches on core 0)
2026-09-06 11:03:24.051 7 INFO placement.requestlog [None req-420db8d2-573d-4f19-a035-771f78f47707 838a93aea7a941c5bdfb7b9fd6b5cca7 b4bde8c6a8a44c2a83f5dd9a0d52fce7 - - 3d86b29ed5284a51b23a17e373743683 3d86b29ed5284a51b23a17e373743683] 10.0.0.88 "GET /resource_providers/f1ddada6-9da5-408b-a58b-a30a1dbb0c73/aggregates" status: 404 len: 235 microversion: 1.1 [pid: 7|app: 0|req: 477/953] 10.0.0.88 () {32 vars in 815 bytes} [Sun Sep 6 11:03:24 2026] GET /resource_providers/f1ddada6-9da5-408b-a58b-a30a1dbb0c73/aggregates => generated 235 bytes in 19 msecs (HTTP/1.1 404) 5 headers in 202 bytes (1 switches on core 0)
2026-09-06 11:03:24.075 7 INFO placement.requestlog [None req-919b39b0-a4b0-424a-a7af-3cb03fcb5b4e 838a93aea7a941c5bdfb7b9fd6b5cca7 b4bde8c6a8a44c2a83f5dd9a0d52fce7 - - 3d86b29ed5284a51b23a17e373743683 3d86b29ed5284a51b23a17e373743683] 10.0.0.88 "DELETE /resource_providers/f1ddada6-9da5-408b-a58b-a30a1dbb0c73" status: 404 len: 246 microversion: 1.1 [pid: 7|app: 0|req: 478/954] 10.0.0.88 () {34 vars in 815 bytes} [Sun Sep 6 11:03:24 2026] DELETE /resource_providers/f1ddada6-9da5-408b-a58b-a30a1dbb0c73 => generated 246 bytes in 9 msecs (HTTP/1.1 404) 6 headers in 231 bytes (1 switches on core 0)
2026-09-06 11:03:24.078 8 INFO placement.requestlog [None req-54ee7374-e5b1-4114-8587-b8efa9aedab2 838a93aea7a941c5bdfb7b9fd6b5cca7 b4bde8c6a8a44c2a83f5dd9a0d52fce7 - - 3d86b29ed5284a51b23a17e373743683 3d86b29ed5284a51b23a17e373743683] 10.0.0.88 "DELETE /resource_providers/f1ddada6-9da5-408b-a58b-a30a1dbb0c73" status: 404 len: 246 microversion: 1.1 [pid: 8|app: 0|req: 477/955] 10.0.0.88 () {34 vars in 815 bytes} [Sun Sep 6 11:03:24 2026] DELETE /resource_providers/f1ddada6-9da5-408b-a58b-a30a1dbb0c73 => generated 246 bytes in 14 msecs (HTTP/1.1 404) 6 headers in 231 bytes (1 switches on core 0)
2026-09-06 11:03:27.202 7 INFO placement.requestlog [req-5c019a03-9b5a-4705-bedb-1efdd9b2a33b req-07950991-5672-4749-8c25-f933ae151750 7e838adf0a39430cad99951e71f3cfa8 b4bde8c6a8a44c2a83f5dd9a0d52fce7 - - 3d86b29ed5284a51b23a17e373743683 3d86b29ed5284a51b23a17e373743683] 162.253.55.92 "GET /resource_providers/a3bd721b-f2fb-4192-92a5-de13e852278b/allocations" status: 200 len: 353 microversion: 1.0 [pid: 7|app: 0|req: 479/956] 162.253.55.92 () {32 vars in 856 bytes} [Sun Sep 6 11:03:27 2026] GET /resource_providers/a3bd721b-f2fb-4192-92a5-de13e852278b/allocations => generated 353 bytes in 40 msecs (HTTP/1.1 200) 6 headers in 224 bytes (1 switches on core 0)
2026-09-06 11:03:27.231 8 INFO placement.requestlog [req-5c019a03-9b5a-4705-bedb-1efdd9b2a33b req-94e14b87-2350-49fb-98dc-8729354ab537 7e838adf0a39430cad99951e71f3cfa8 b4bde8c6a8a44c2a83f5dd9a0d52fce7 - - 3d86b29ed5284a51b23a17e373743683 3d86b29ed5284a51b23a17e373743683] 162.253.55.92 "GET /resource_providers/a3bd721b-f2fb-4192-92a5-de13e852278b/allocations" status: 200 len: 353 microversion: 1.0 [pid: 8|app: 0|req: 478/957] 162.253.55.92 () {32 vars in 856 bytes} [Sun Sep 6 11:03:27 2026] GET /resource_providers/a3bd721b-f2fb-4192-92a5-de13e852278b/allocations => generated 353 bytes in 23 msecs (HTTP/1.1 200) 6 headers in 224 bytes (1 switches on core 0)
2026-09-06 11:03:27.260 7 INFO placement.requestlog [req-5c019a03-9b5a-4705-bedb-1efdd9b2a33b req-ab1355d5-ff0e-4e22-abba-0bac9bf3ef4f 7e838adf0a39430cad99951e71f3cfa8 b4bde8c6a8a44c2a83f5dd9a0d52fce7 - - 3d86b29ed5284a51b23a17e373743683 3d86b29ed5284a51b23a17e373743683] 162.253.55.92 "GET /allocations/2a7d1c06-95a9-4b3b-b1d8-a97566a11901" status: 200 len: 258 microversion: 1.28 [pid: 7|app: 0|req: 480/958] 162.253.55.92 () {34 vars in 862 bytes} [Sun Sep 6 11:03:27 2026] GET /allocations/2a7d1c06-95a9-4b3b-b1d8-a97566a11901 => generated 258 bytes in 20 msecs (HTTP/1.1 200) 8 headers in 296 bytes (1 switches on core 0)
