2026-09-06 10:56:21.738 8 INFO placement.requestlog [req-632b4d85-d4cc-4554-9ffb-c2e07ea41f13 req-7b84f9a9-8ef3-49d5-b2e9-2199672bf677 7e838adf0a39430cad99951e71f3cfa8 b4bde8c6a8a44c2a83f5dd9a0d52fce7 - - 3d86b29ed5284a51b23a17e373743683 3d86b29ed5284a51b23a17e373743683] 162.253.55.92 "GET /resource_providers/a3bd721b-f2fb-4192-92a5-de13e852278b/allocations" status: 200 len: 54 microversion: 1.0 [pid: 8|app: 0|req: 290/580] 162.253.55.92 () {32 vars in 856 bytes} [Sun Sep 6 10:56:21 2026] GET /resource_providers/a3bd721b-f2fb-4192-92a5-de13e852278b/allocations => generated 54 bytes in 206 msecs (HTTP/1.1 200) 6 headers in 223 bytes (1 switches on core 0)
2026-09-06 10:56:21.775 7 INFO placement.requestlog [req-632b4d85-d4cc-4554-9ffb-c2e07ea41f13 req-f2afd65a-d6a2-408a-bc34-fa02acdcc0eb 7e838adf0a39430cad99951e71f3cfa8 b4bde8c6a8a44c2a83f5dd9a0d52fce7 - - 3d86b29ed5284a51b23a17e373743683 3d86b29ed5284a51b23a17e373743683] 162.253.55.92 "GET /resource_providers?in_tree=a3bd721b-f2fb-4192-92a5-de13e852278b" status: 200 len: 797 microversion: 1.14 [pid: 7|app: 0|req: 291/581] 162.253.55.92 () {34 vars in 891 bytes} [Sun Sep 6 10:56:21 2026] GET /resource_providers?in_tree=a3bd721b-f2fb-4192-92a5-de13e852278b => generated 797 bytes in 26 msecs (HTTP/1.1 200) 6 headers in 225 bytes (1 switches on core 0)
2026-09-06 10:56:21.797 8 INFO placement.requestlog [req-632b4d85-d4cc-4554-9ffb-c2e07ea41f13 req-574ce6d0-14d7-4832-9391-755bff1d3d6b 7e838adf0a39430cad99951e71f3cfa8 b4bde8c6a8a44c2a83f5dd9a0d52fce7 - - 3d86b29ed5284a51b23a17e373743683 3d86b29ed5284a51b23a17e373743683] 162.253.55.92 "GET /resource_providers/a3bd721b-f2fb-4192-92a5-de13e852278b/inventories" status: 200 len: 400 microversion: 1.0 [pid: 8|app: 0|req: 291/582] 162.253.55.92 () {32 vars in 856 bytes} [Sun Sep 6 10:56:21 2026] GET /resource_providers/a3bd721b-f2fb-4192-92a5-de13e852278b/inventories => generated 400 bytes in 16 msecs (HTTP/1.1 200) 6 headers in 224 bytes (1 switches on core 0)
2026-09-06 10:56:21.820 7 INFO placement.requestlog [req-632b4d85-d4cc-4554-9ffb-c2e07ea41f13 req-741d0895-7bad-4910-af56-04e616c6b18b 7e838adf0a39430cad99951e71f3cfa8 b4bde8c6a8a44c2a83f5dd9a0d52fce7 - - 3d86b29ed5284a51b23a17e373743683 3d86b29ed5284a51b23a17e373743683] 162.253.55.92 "GET /resource_providers/a3bd721b-f2fb-4192-92a5-de13e852278b/aggregates" status: 200 len: 53 microversion: 1.19 [pid: 7|app: 0|req: 292/583] 162.253.55.92 () {34 vars in 898 bytes} [Sun Sep 6 10:56:21 2026] GET /resource_providers/a3bd721b-f2fb-4192-92a5-de13e852278b/aggregates => generated 53 bytes in 17 msecs (HTTP/1.1 200) 8 headers in 295 bytes (1 switches on core 0)
2026-09-06 10:56:21.853 8 INFO placement.requestlog [req-632b4d85-d4cc-4554-9ffb-c2e07ea41f13 req-a8f6a8cc-4a11-45cd-8c07-c3e09111befe 7e838adf0a39430cad99951e71f3cfa8 b4bde8c6a8a44c2a83f5dd9a0d52fce7 - - 3d86b29ed5284a51b23a17e373743683 3d86b29ed5284a51b23a17e373743683] 162.253.55.92 "GET /resource_providers/a3bd721b-f2fb-4192-92a5-de13e852278b/traits" status: 200 len: 2175 microversion: 1.6 [pid: 8|app: 0|req: 292/584] 162.253.55.92 () {34 vars in 889 bytes} [Sun Sep 6 10:56:21 2026] GET /resource_providers/a3bd721b-f2fb-4192-92a5-de13e852278b/traits => generated 2175 bytes in 27 msecs (HTTP/1.1 200) 6 headers in 225 bytes (1 switches on core 0)
2026-09-06 10:56:21.872 7 INFO placement.requestlog [req-632b4d85-d4cc-4554-9ffb-c2e07ea41f13 req-11bb931f-d8ae-4a5f-89f7-3da3a6b5924a 7e838adf0a39430cad99951e71f3cfa8 b4bde8c6a8a44c2a83f5dd9a0d52fce7 - - 3d86b29ed5284a51b23a17e373743683 3d86b29ed5284a51b23a17e373743683] 162.253.55.92 "GET /resource_providers/a3bd721b-f2fb-4192-92a5-de13e852278b/allocations" status: 200 len: 54 microversion: 1.0 [pid: 7|app: 0|req: 293/585] 162.253.55.92 () {32 vars in 856 bytes} [Sun Sep 6 10:56:21 2026] GET /resource_providers/a3bd721b-f2fb-4192-92a5-de13e852278b/allocations => generated 54 bytes in 13 msecs (HTTP/1.1 200) 6 headers in 223 bytes (1 switches on core 0)
2026-09-06 10:56:29.384 8 INFO placement.requestlog [None req-ab1330c9-3a6f-4b22-be36-455fcff06d02 - - - - - -] 10.0.0.226 "GET /" status: 200 len: 136 microversion: 1.0
2026-09-06 10:56:29.384 7 INFO placement.requestlog [None req-2cbcf7ad-192f-4bff-8519-91f57d4a38dd - - - - - -] 10.0.0.226 "GET /" status: 200 len: 136 microversion: 1.0
2026-09-06 10:56:39.384 8 INFO placement.requestlog [None req-2ec940f8-5f34-4d4c-81c5-5b8acec2ad06 - - - - - -] 10.0.0.226 "GET /" status: 200 len: 136 microversion: 1.0
2026-09-06 10:56:39.385 7 INFO placement.requestlog [None req-9139848b-a65f-417f-bda1-21c405814dda - - - - - -] 10.0.0.226 "GET /" status: 200 len: 136 microversion: 1.0
2026-09-06 10:56:49.384 7 INFO placement.requestlog [None req-d33fe3ea-7de5-4734-8e5d-54ba1e3ffae6 - - - - - -] 10.0.0.226 "GET /" status: 200 len: 136 microversion: 1.0
2026-09-06 10:56:49.384 8 INFO placement.requestlog [None req-2474afb3-941f-43a4-b658-3820213b1a4f - - - - - -] 10.0.0.226 "GET /" status: 200 len: 136 microversion: 1.0
2026-09-06 10:56:59.384 8 INFO placement.requestlog [None req-37b8117a-58f4-4af3-9202-d507dfba6491 - - - - - -] 10.0.0.226 "GET /" status: 200 len: 136 microversion: 1.0
2026-09-06 10:56:59.385 7 INFO placement.requestlog [None req-5f797548-df9b-4da3-b7d9-73cdd9c9df8c - - - - - -] 10.0.0.226 "GET /" status: 200 len: 136 microversion: 1.0
2026-09-06 10:57:09.385 7 INFO placement.requestlog [None req-2c5b766c-641b-45c7-b976-8331e2ff7cf6 - - - - - -] 10.0.0.226 "GET /" status: 200 len: 136 microversion: 1.0
2026-09-06 10:57:09.385 8 INFO placement.requestlog [None req-8491edad-9061-44e0-9386-906d4dc15a8f - - - - - -] 10.0.0.226 "GET /" status: 200 len: 136 microversion: 1.0
2026-09-06 10:57:19.384 8 INFO placement.requestlog [None req-63119a51-f91e-4470-9453-510389a393eb - - - - - -] 10.0.0.226 "GET /" status: 200 len: 136 microversion: 1.0
2026-09-06 10:57:19.384 7 INFO placement.requestlog [None req-58ab98f6-03b8-4ba3-82c0-3394b676ec54 - - - - - -] 10.0.0.226 "GET /" status: 200 len: 136 microversion: 1.0
2026-09-06 10:57:21.707 7 INFO placement.requestlog [req-2cf06970-e42a-466c-8571-8a5bb0c988cf req-e48cc577-a2c6-4955-9b92-195558e1ab3a 7e838adf0a39430cad99951e71f3cfa8 b4bde8c6a8a44c2a83f5dd9a0d52fce7 - - 3d86b29ed5284a51b23a17e373743683 3d86b29ed5284a51b23a17e373743683] 162.253.55.92 "GET /resource_providers/a3bd721b-f2fb-4192-92a5-de13e852278b/allocations" status: 200 len: 54 microversion: 1.0 [pid: 7|app: 0|req: 300/598] 162.253.55.92 () {32 vars in 856 bytes} [Sun Sep 6 10:57:21 2026] GET /resource_providers/a3bd721b-f2fb-4192-92a5-de13e852278b/allocations => generated 54 bytes in 15 msecs (HTTP/1.1 200) 6 headers in 223 bytes (1 switches on core 0)
2026-09-06 10:57:21.730 8 INFO placement.requestlog [req-2cf06970-e42a-466c-8571-8a5bb0c988cf req-e150ff25-4649-45e6-9501-bafce83bfece 7e838adf0a39430cad99951e71f3cfa8 b4bde8c6a8a44c2a83f5dd9a0d52fce7 - - 3d86b29ed5284a51b23a17e373743683 3d86b29ed5284a51b23a17e373743683] 162.253.55.92 "GET /resource_providers/a3bd721b-f2fb-4192-92a5-de13e852278b/allocations" status: 200 len: 54 microversion: 1.0 [pid: 8|app: 0|req: 299/599] 162.253.55.92 () {32 vars in 856 bytes} [Sun Sep 6 10:57:21 2026] GET /resource_providers/a3bd721b-f2fb-4192-92a5-de13e852278b/allocations => generated 54 bytes in 15 msecs (HTTP/1.1 200) 6 headers in 223 bytes (1 switches on core 0)
2026-09-06 10:57:29.384 7 INFO placement.requestlog [None req-1301dc25-3f96-4e65-9903-5bb2bbd8c28e - - - - - -] 10.0.0.226 "GET /" status: 200 len: 136 microversion: 1.0
2026-09-06 10:57:29.385 8 INFO placement.requestlog [None req-025a38c3-3c13-4e24-a44d-f082982e7bba - - - - - -] 10.0.0.226 "GET /" status: 200 len: 136 microversion: 1.0
2026-09-06 10:57:39.384 7 INFO placement.requestlog [None req-7ab3102a-3bbc-494c-b3f4-801911a1c755 - - - - - -] 10.0.0.226 "GET /" status: 200 len: 136 microversion: 1.0
2026-09-06 10:57:39.384 8 INFO placement.requestlog [None req-75a44388-31d0-47e0-bb37-c60a5cafa5ba - - - - - -] 10.0.0.226 "GET /" status: 200 len: 136 microversion: 1.0
2026-09-06 10:57:49.384 7 INFO placement.requestlog [None req-bffbe7be-83cc-4778-9de3-2e3018d98bc1 - - - - - -] 10.0.0.226 "GET /" status: 200 len: 136 microversion: 1.0
2026-09-06 10:57:49.385 8 INFO placement.requestlog [None req-857cd45f-e41c-4b36-a2a2-2ffa681d0074 - - - - - -] 10.0.0.226 "GET /" status: 200 len: 136 microversion: 1.0
2026-09-06 10:57:59.385 7 INFO placement.requestlog [None req-d5069c8b-842a-414e-8917-62f156635e0c - - - - - -] 10.0.0.226 "GET /" status: 200 len: 136 microversion: 1.0
2026-09-06 10:57:59.385 8 INFO placement.requestlog [None req-39076ba2-1ad2-4afd-b5af-662ada55c7cd - - - - - -] 10.0.0.226 "GET /" status: 200 len: 136 microversion: 1.0
2026-09-06 10:58:09.384 8 INFO placement.requestlog [None req-d6ec768d-b306-456d-862e-d90d47c314e3 - - - - - -] 10.0.0.226 "GET /" status: 200 len: 136 microversion: 1.0
2026-09-06 10:58:09.384 7 INFO placement.requestlog [None req-1596d822-44e8-4d14-bcbd-0e6bd7e18774 - - - - - -] 10.0.0.226 "GET /" status: 200 len: 136 microversion: 1.0
2026-09-06 10:58:19.383 8 INFO placement.requestlog [None req-9d588c28-ef21-48c7-a6bb-44dfb20cfb7d - - - - - -] 10.0.0.226 "GET /" status: 200 len: 136 microversion: 1.0
2026-09-06 10:58:19.384 7 INFO placement.requestlog [None req-04d32b09-ad82-45b6-aaa7-acf16d470e00 - - - - - -] 10.0.0.226 "GET /" status: 200 len: 136 microversion: 1.0
2026-09-06 10:58:21.650 8 INFO placement.requestlog [req-6b1d048d-eda2-416b-a5bc-4dcfa0f4392d req-118fbd9b-5ebd-4084-9da8-6b36df094ae8 7e838adf0a39430cad99951e71f3cfa8 b4bde8c6a8a44c2a83f5dd9a0d52fce7 - - 3d86b29ed5284a51b23a17e373743683 3d86b29ed5284a51b23a17e373743683] 162.253.55.92 "GET /resource_providers/a3bd721b-f2fb-4192-92a5-de13e852278b/allocations" status: 200 len: 54 microversion: 1.0 [pid: 8|app: 0|req: 306/612] 162.253.55.92 () {32 vars in 856 bytes} [Sun Sep 6 10:58:21 2026] GET /resource_providers/a3bd721b-f2fb-4192-92a5-de13e852278b/allocations => generated 54 bytes in 23 msecs (HTTP/1.1 200) 6 headers in 223 bytes (1 switches on core 0)
2026-09-06 10:58:21.677 7 INFO placement.requestlog [req-6b1d048d-eda2-416b-a5bc-4dcfa0f4392d req-443e6398-575b-4366-adbe-6d452082ad8d 7e838adf0a39430cad99951e71f3cfa8 b4bde8c6a8a44c2a83f5dd9a0d52fce7 - - 3d86b29ed5284a51b23a17e373743683 3d86b29ed5284a51b23a17e373743683] 162.253.55.92 "GET /resource_providers/a3bd721b-f2fb-4192-92a5-de13e852278b/allocations" status: 200 len: 54 microversion: 1.0 [pid: 7|app: 0|req: 307/613] 162.253.55.92 () {32 vars in 856 bytes} [Sun Sep 6 10:58:21 2026] GET /resource_providers/a3bd721b-f2fb-4192-92a5-de13e852278b/allocations => generated 54 bytes in 20 msecs (HTTP/1.1 200) 6 headers in 223 bytes (1 switches on core 0)
2026-09-06 10:58:29.384 8 INFO placement.requestlog [None req-c61a4a53-fecc-4552-b157-baacc37a4387 - - - - - -] 10.0.0.226 "GET /" status: 200 len: 136 microversion: 1.0
2026-09-06 10:58:29.385 7 INFO placement.requestlog [None req-e0be65e6-594e-45e8-bdae-3fba1b035cec - - - - - -] 10.0.0.226 "GET /" status: 200 len: 136 microversion: 1.0
2026-09-06 10:58:39.385 7 INFO placement.requestlog [None req-49d65e72-3694-4a30-86f8-d2141c913d81 - - - - - -] 10.0.0.226 "GET /" status: 200 len: 136 microversion: 1.0
2026-09-06 10:58:39.385 8 INFO placement.requestlog [None req-5ca9e202-694e-4c16-b118-8c4bf2d036bf - - - - - -] 10.0.0.226 "GET /" status: 200 len: 136 microversion: 1.0
2026-09-06 10:58:49.384 7 INFO placement.requestlog [None req-03ef5f39-7583-4f48-a70c-cf91e503c3e4 - - - - - -] 10.0.0.226 "GET /" status: 200 len: 136 microversion: 1.0
2026-09-06 10:58:49.384 8 INFO placement.requestlog [None req-b7458816-d27a-4389-832e-1f93560ba256 - - - - - -] 10.0.0.226 "GET /" status: 200 len: 136 microversion: 1.0
2026-09-06 10:58:59.384 7 INFO placement.requestlog [None req-58a8c2ed-894a-4977-86d5-8baa3ba1ee5b - - - - - -] 10.0.0.226 "GET /" status: 200 len: 136 microversion: 1.0
2026-09-06 10:58:59.384 8 INFO placement.requestlog [None req-2175f164-4edc-40bd-8261-5423c331a448 - - - - - -] 10.0.0.226 "GET /" status: 200 len: 136 microversion: 1.0
2026-09-06 10:59:09.384 7 INFO placement.requestlog [None req-de5cf577-e943-4dba-8f52-7384f5c51e89 - - - - - -] 10.0.0.226 "GET /" status: 200 len: 136 microversion: 1.0
2026-09-06 10:59:09.384 8 INFO placement.requestlog [None req-01d2bf12-73f1-4acc-b669-5be030b014a4 - - - - - -] 10.0.0.226 "GET /" status: 200 len: 136 microversion: 1.0
2026-09-06 10:59:19.384 7 INFO placement.requestlog [None req-f7e40884-4257-4cf0-9225-40e34a37e88b - - - - - -] 10.0.0.226 "GET /" status: 200 len: 136 microversion: 1.0
2026-09-06 10:59:19.385 8 INFO placement.requestlog [None req-5fcf2cc1-89fe-43e3-a112-e28e64c5f078 - - - - - -] 10.0.0.226 "GET /" status: 200 len: 136 microversion: 1.0
2026-09-06 10:59:22.738 7 INFO placement.requestlog [req-4cf2588c-8df7-408e-9639-6b2c1ca47d6e req-a9f623f7-e827-4abb-b929-2ef7d0b629bd 7e838adf0a39430cad99951e71f3cfa8 b4bde8c6a8a44c2a83f5dd9a0d52fce7 - - 3d86b29ed5284a51b23a17e373743683 3d86b29ed5284a51b23a17e373743683] 162.253.55.92 "GET /resource_providers/a3bd721b-f2fb-4192-92a5-de13e852278b/allocations" status: 200 len: 54 microversion: 1.0 [pid: 7|app: 0|req: 314/626] 162.253.55.92 () {32 vars in 856 bytes} [Sun Sep 6 10:59:22 2026] GET /resource_providers/a3bd721b-f2fb-4192-92a5-de13e852278b/allocations => generated 54 bytes in 24 msecs (HTTP/1.1 200) 6 headers in 223 bytes (1 switches on core 0)
2026-09-06 10:59:22.765 8 INFO placement.requestlog [req-4cf2588c-8df7-408e-9639-6b2c1ca47d6e req-e8b10e96-0899-45a9-91aa-52254fb3e933 7e838adf0a39430cad99951e71f3cfa8 b4bde8c6a8a44c2a83f5dd9a0d52fce7 - - 3d86b29ed5284a51b23a17e373743683 3d86b29ed5284a51b23a17e373743683] 162.253.55.92 "GET /resource_providers/a3bd721b-f2fb-4192-92a5-de13e852278b/allocations" status: 200 len: 54 microversion: 1.0 [pid: 8|app: 0|req: 313/627] 162.253.55.92 () {32 vars in 856 bytes} [Sun Sep 6 10:59:22 2026] GET /resource_providers/a3bd721b-f2fb-4192-92a5-de13e852278b/allocations => generated 54 bytes in 19 msecs (HTTP/1.1 200) 6 headers in 223 bytes (1 switches on core 0)
2026-09-06 10:59:29.384 8 INFO placement.requestlog [None req-f269fe2d-868a-4aaf-8541-539348908425 - - - - - -] 10.0.0.226 "GET /" status: 200 len: 136 microversion: 1.0
2026-09-06 10:59:29.385 7 INFO placement.requestlog [None req-1c7d7359-55ab-4650-9b5e-54306ce746a4 - - - - - -] 10.0.0.226 "GET /" status: 200 len: 136 microversion: 1.0
2026-09-06 10:59:39.384 8 INFO placement.requestlog [None req-286c9b33-7e39-4c5f-aaf4-eb7e5764bb61 - - - - - -] 10.0.0.226 "GET /" status: 200 len: 136 microversion: 1.0
2026-09-06 10:59:39.384 7 INFO placement.requestlog [None req-fc0f4a4c-581d-4237-b45b-95085c1b5d06 - - - - - -] 10.0.0.226 "GET /" status: 200 len: 136 microversion: 1.0
2026-09-06 10:59:47.558 8 INFO placement.requestlog [req-34e34e83-e42c-4aaf-9a55-838a48a69c67 req-67788a82-2e6d-41d8-a511-c2d6ebfdb7f6 7e838adf0a39430cad99951e71f3cfa8 b4bde8c6a8a44c2a83f5dd9a0d52fce7 - - 3d86b29ed5284a51b23a17e373743683 3d86b29ed5284a51b23a17e373743683] 10.0.0.128 "GET /allocation_candidates?limit=1000&resources=DISK_GB%3A1%2CMEMORY_MB%3A512%2CVCPU%3A1&root_required=%21COMPUTE_STATUS_DISABLED" status: 200 len: 2640 microversion: 1.36 [pid: 8|app: 0|req: 316/632] 10.0.0.128 () {34 vars in 1012 bytes} [Sun Sep 6 10:59:47 2026] GET /allocation_candidates?limit=1000&resources=DISK_GB%3A1%2CMEMORY_MB%3A512%2CVCPU%3A1&root_required=%21COMPUTE_STATUS_DISABLED => generated 2640 bytes in 250 msecs (HTTP/1.1 200) 8 headers in 297 bytes (1 switches on core 0)
2026-09-06 10:59:47.612 7 INFO placement.requestlog [req-34e34e83-e42c-4aaf-9a55-838a48a69c67 req-95cd6cc3-ea3d-4183-920a-cecfb548d92c 7e838adf0a39430cad99951e71f3cfa8 b4bde8c6a8a44c2a83f5dd9a0d52fce7 - - 3d86b29ed5284a51b23a17e373743683 3d86b29ed5284a51b23a17e373743683] 10.0.0.128 "GET /allocations/38be5f97-2c3e-4e8c-b788-fb09d028a93c" status: 200 len: 19 microversion: 1.28 [pid: 7|app: 0|req: 317/633] 10.0.0.128 () {34 vars in 861 bytes} [Sun Sep 6 10:59:47 2026] GET /allocations/38be5f97-2c3e-4e8c-b788-fb09d028a93c => generated 19 bytes in 20 msecs (HTTP/1.1 200) 8 headers in 295 bytes (1 switches on core 0)
2026-09-06 10:59:47.725 8 INFO placement.requestlog [req-34e34e83-e42c-4aaf-9a55-838a48a69c67 req-7e32244a-8cc8-438d-9242-96c01a4da13a 7e838adf0a39430cad99951e71f3cfa8 b4bde8c6a8a44c2a83f5dd9a0d52fce7 - - 3d86b29ed5284a51b23a17e373743683 3d86b29ed5284a51b23a17e373743683] 10.0.0.128 "PUT /allocations/38be5f97-2c3e-4e8c-b788-fb09d028a93c" status: 204 len: 0 microversion: 1.36 [pid: 8|app: 0|req: 317/634] 10.0.0.128 () {38 vars in 914 bytes} [Sun Sep 6 10:59:47 2026] PUT /allocations/38be5f97-2c3e-4e8c-b788-fb09d028a93c => generated 0 bytes in 105 msecs (HTTP/1.1 204) 5 headers in 199 bytes (1 switches on core 0)
2026-09-06 10:59:47.964 7 INFO placement.requestlog [req-93cb5b1e-f9a5-459a-b938-c4be74ee866a req-11e20cc8-e750-41f2-81cb-3ffc58d3feaf 7e838adf0a39430cad99951e71f3cfa8 b4bde8c6a8a44c2a83f5dd9a0d52fce7 - - 3d86b29ed5284a51b23a17e373743683 3d86b29ed5284a51b23a17e373743683] 10.0.0.128 "GET /allocation_candidates?limit=1000&resources=DISK_GB%3A1%2CMEMORY_MB%3A512%2CVCPU%3A1&root_required=%21COMPUTE_STATUS_DISABLED" status: 200 len: 2642 microversion: 1.36 [pid: 7|app: 0|req: 318/635] 10.0.0.128 () {34 vars in 1012 bytes} [Sun Sep 6 10:59:47 2026] GET /allocation_candidates?limit=1000&resources=DISK_GB%3A1%2CMEMORY_MB%3A512%2CVCPU%3A1&root_required=%21COMPUTE_STATUS_DISABLED => generated 2642 bytes in 78 msecs (HTTP/1.1 200) 8 headers in 297 bytes (1 switches on core 0)
2026-09-06 10:59:48.011 8 INFO placement.requestlog [req-93cb5b1e-f9a5-459a-b938-c4be74ee866a req-f1ea4726-6a85-4ea0-bc9c-bfbbb4c0c8ea 7e838adf0a39430cad99951e71f3cfa8 b4bde8c6a8a44c2a83f5dd9a0d52fce7 - - 3d86b29ed5284a51b23a17e373743683 3d86b29ed5284a51b23a17e373743683] 10.0.0.128 "GET /allocations/440f5210-0094-4e75-ad3d-71b2ef688bd0" status: 200 len: 19 microversion: 1.28 [pid: 8|app: 0|req: 318/636] 10.0.0.128 () {34 vars in 861 bytes} [Sun Sep 6 10:59:47 2026] GET /allocations/440f5210-0094-4e75-ad3d-71b2ef688bd0 => generated 19 bytes in 13 msecs (HTTP/1.1 200) 8 headers in 295 bytes (1 switches on core 0)
2026-09-06 10:59:48.117 7 INFO placement.requestlog [req-93cb5b1e-f9a5-459a-b938-c4be74ee866a req-930d69a6-b9e5-40ff-8fe5-b00e0bf4305d 7e838adf0a39430cad99951e71f3cfa8 b4bde8c6a8a44c2a83f5dd9a0d52fce7 - - 3d86b29ed5284a51b23a17e373743683 3d86b29ed5284a51b23a17e373743683] 10.0.0.128 "PUT /allocations/440f5210-0094-4e75-ad3d-71b2ef688bd0" status: 204 len: 0 microversion: 1.36 [pid: 7|app: 0|req: 319/637] 10.0.0.128 () {38 vars in 914 bytes} [Sun Sep 6 10:59:48 2026] PUT /allocations/440f5210-0094-4e75-ad3d-71b2ef688bd0 => generated 0 bytes in 99 msecs (HTTP/1.1 204) 5 headers in 199 bytes (1 switches on core 0)
2026-09-06 10:59:49.113 8 INFO placement.requestlog [req-34e34e83-e42c-4aaf-9a55-838a48a69c67 req-27ff22b7-08cf-4698-b329-9206c6d07a08 7e838adf0a39430cad99951e71f3cfa8 b4bde8c6a8a44c2a83f5dd9a0d52fce7 - - 3d86b29ed5284a51b23a17e373743683 3d86b29ed5284a51b23a17e373743683] 162.253.55.92 "GET /allocations/38be5f97-2c3e-4e8c-b788-fb09d028a93c" status: 200 len: 257 microversion: 1.28 [pid: 8|app: 0|req: 319/638] 162.253.55.92 () {34 vars in 862 bytes} [Sun Sep 6 10:59:49 2026] GET /allocations/38be5f97-2c3e-4e8c-b788-fb09d028a93c => generated 257 bytes in 18 msecs (HTTP/1.1 200) 8 headers in 296 bytes (1 switches on core 0)
2026-09-06 10:59:49.384 8 INFO placement.requestlog [None req-ca3516f6-c375-42f0-ab0f-27daf68d5973 - - - - - -] 10.0.0.226 "GET /" status: 200 len: 136 microversion: 1.0
2026-09-06 10:59:49.384 7 INFO placement.requestlog [None req-4891cf4e-05ce-401c-999e-af441aed0697 - - - - - -] 10.0.0.226 "GET /" status: 200 len: 136 microversion: 1.0
2026-09-06 10:59:49.862 8 INFO placement.requestlog [req-93cb5b1e-f9a5-459a-b938-c4be74ee866a req-f3cc8e70-5a85-4cb8-9e36-72e7541cd93a 7e838adf0a39430cad99951e71f3cfa8 b4bde8c6a8a44c2a83f5dd9a0d52fce7 - - 3d86b29ed5284a51b23a17e373743683 3d86b29ed5284a51b23a17e373743683] 162.253.55.92 "GET /allocations/440f5210-0094-4e75-ad3d-71b2ef688bd0" status: 200 len: 257 microversion: 1.28 [pid: 8|app: 0|req: 321/641] 162.253.55.92 () {34 vars in 862 bytes} [Sun Sep 6 10:59:49 2026] GET /allocations/440f5210-0094-4e75-ad3d-71b2ef688bd0 => generated 257 bytes in 22 msecs (HTTP/1.1 200) 8 headers in 296 bytes (1 switches on core 0)
2026-09-06 10:59:50.158 7 INFO placement.requestlog [req-34e34e83-e42c-4aaf-9a55-838a48a69c67 req-f4b3f78b-a5d5-4d05-ac40-69698f0a61fb 7e838adf0a39430cad99951e71f3cfa8 b4bde8c6a8a44c2a83f5dd9a0d52fce7 - - 3d86b29ed5284a51b23a17e373743683 3d86b29ed5284a51b23a17e373743683] 162.253.55.92 "GET /resource_providers/a3bd721b-f2fb-4192-92a5-de13e852278b/allocations" status: 200 len: 252 microversion: 1.0 [pid: 7|app: 0|req: 321/642] 162.253.55.92 () {32 vars in 856 bytes} [Sun Sep 6 10:59:50 2026] GET /resource_providers/a3bd721b-f2fb-4192-92a5-de13e852278b/allocations => generated 252 bytes in 21 msecs (HTTP/1.1 200) 6 headers in 224 bytes (1 switches on core 0)
2026-09-06 10:59:50.181 8 INFO placement.requestlog [req-34e34e83-e42c-4aaf-9a55-838a48a69c67 req-9f96e9c7-8ee9-4f41-938d-775a378bfa06 7e838adf0a39430cad99951e71f3cfa8 b4bde8c6a8a44c2a83f5dd9a0d52fce7 - - 3d86b29ed5284a51b23a17e373743683 3d86b29ed5284a51b23a17e373743683] 162.253.55.92 "GET /allocations/38be5f97-2c3e-4e8c-b788-fb09d028a93c" status: 200 len: 257 microversion: 1.28 [pid: 8|app: 0|req: 322/643] 162.253.55.92 () {34 vars in 862 bytes} [Sun Sep 6 10:59:50 2026] GET /allocations/38be5f97-2c3e-4e8c-b788-fb09d028a93c => generated 257 bytes in 17 msecs (HTTP/1.1 200) 8 headers in 296 bytes (1 switches on core 0)
2026-09-06 10:59:50.202 7 INFO placement.requestlog [req-34e34e83-e42c-4aaf-9a55-838a48a69c67 req-e6adc5d7-55d9-431f-bbcb-a0bbbe405900 7e838adf0a39430cad99951e71f3cfa8 b4bde8c6a8a44c2a83f5dd9a0d52fce7 - - 3d86b29ed5284a51b23a17e373743683 3d86b29ed5284a51b23a17e373743683] 162.253.55.92 "GET /allocations/440f5210-0094-4e75-ad3d-71b2ef688bd0" status: 200 len: 257 microversion: 1.28 [pid: 7|app: 0|req: 322/644] 162.253.55.92 () {34 vars in 862 bytes} [Sun Sep 6 10:59:50 2026] GET /allocations/440f5210-0094-4e75-ad3d-71b2ef688bd0 => generated 257 bytes in 15 msecs (HTTP/1.1 200) 8 headers in 296 bytes (1 switches on core 0)
2026-09-06 10:59:52.276 8 INFO placement.requestlog [req-93cb5b1e-f9a5-459a-b938-c4be74ee866a req-c5985906-ea1a-461b-9b5c-8b400941a78e 7e838adf0a39430cad99951e71f3cfa8 b4bde8c6a8a44c2a83f5dd9a0d52fce7 - - 3d86b29ed5284a51b23a17e373743683 3d86b29ed5284a51b23a17e373743683] 162.253.55.92 "GET /resource_providers/a3bd721b-f2fb-4192-92a5-de13e852278b/allocations" status: 200 len: 252 microversion: 1.0 [pid: 8|app: 0|req: 323/645] 162.253.55.92 () {32 vars in 856 bytes} [Sun Sep 6 10:59:52 2026] GET /resource_providers/a3bd721b-f2fb-4192-92a5-de13e852278b/allocations => generated 252 bytes in 23 msecs (HTTP/1.1 200) 6 headers in 224 bytes (1 switches on core 0)
2026-09-06 10:59:52.301 7 INFO placement.requestlog [req-93cb5b1e-f9a5-459a-b938-c4be74ee866a req-9b23cb20-d16c-4c43-94ec-b9b6aacd2710 7e838adf0a39430cad99951e71f3cfa8 b4bde8c6a8a44c2a83f5dd9a0d52fce7 - - 3d86b29ed5284a51b23a17e373743683 3d86b29ed5284a51b23a17e373743683] 162.253.55.92 "GET /allocations/38be5f97-2c3e-4e8c-b788-fb09d028a93c" status: 200 len: 257 microversion: 1.28 [pid: 7|app: 0|req: 323/646] 162.253.55.92 () {34 vars in 862 bytes} [Sun Sep 6 10:59:52 2026] GET /allocations/38be5f97-2c3e-4e8c-b788-fb09d028a93c => generated 257 bytes in 22 msecs (HTTP/1.1 200) 8 headers in 296 bytes (1 switches on core 0)
2026-09-06 10:59:52.322 8 INFO placement.requestlog [req-93cb5b1e-f9a5-459a-b938-c4be74ee866a req-88fe1634-2b21-4484-9a4d-8aaff84baf73 7e838adf0a39430cad99951e71f3cfa8 b4bde8c6a8a44c2a83f5dd9a0d52fce7 - - 3d86b29ed5284a51b23a17e373743683 3d86b29ed5284a51b23a17e373743683] 162.253.55.92 "GET /allocations/440f5210-0094-4e75-ad3d-71b2ef688bd0" status: 200 len: 257 microversion: 1.28 [pid: 8|app: 0|req: 324/647] 162.253.55.92 () {34 vars in 862 bytes} [Sun Sep 6 10:59:52 2026] GET /allocations/440f5210-0094-4e75-ad3d-71b2ef688bd0 => generated 257 bytes in 16 msecs (HTTP/1.1 200) 8 headers in 296 bytes (1 switches on core 0)
2026-09-06 10:59:52.972 7 INFO placement.requestlog [None req-5d1df984-f6d8-4657-bf90-656347d64e1a 838a93aea7a941c5bdfb7b9fd6b5cca7 b4bde8c6a8a44c2a83f5dd9a0d52fce7 - - 3d86b29ed5284a51b23a17e373743683 3d86b29ed5284a51b23a17e373743683] 10.0.0.88 "GET /resource_providers/03e48c2f-2381-4035-a8cf-cb0f7eb9849b/aggregates" status: 404 len: 235 microversion: 1.1 [pid: 7|app: 0|req: 324/648] 10.0.0.88 () {32 vars in 815 bytes} [Sun Sep 6 10:59:52 2026] GET /resource_providers/03e48c2f-2381-4035-a8cf-cb0f7eb9849b/aggregates => generated 235 bytes in 110 msecs (HTTP/1.1 404) 5 headers in 202 bytes (1 switches on core 0)
2026-09-06 10:59:52.991 7 INFO placement.requestlog [None req-6e7b72b2-ec77-4925-9a73-2008d2a25e6d 838a93aea7a941c5bdfb7b9fd6b5cca7 b4bde8c6a8a44c2a83f5dd9a0d52fce7 - - 3d86b29ed5284a51b23a17e373743683 3d86b29ed5284a51b23a17e373743683] 10.0.0.88 "DELETE /resource_providers/03e48c2f-2381-4035-a8cf-cb0f7eb9849b" status: 404 len: 246 microversion: 1.1 [pid: 7|app: 0|req: 325/649] 10.0.0.88 () {34 vars in 815 bytes} [Sun Sep 6 10:59:52 2026] DELETE /resource_providers/03e48c2f-2381-4035-a8cf-cb0f7eb9849b => generated 246 bytes in 7 msecs (HTTP/1.1 404) 6 headers in 231 bytes (1 switches on core 0)
2026-09-06 10:59:53.031 8 INFO placement.requestlog [None req-3c636217-55c5-4247-826e-2aecfb587f50 838a93aea7a941c5bdfb7b9fd6b5cca7 b4bde8c6a8a44c2a83f5dd9a0d52fce7 - - 3d86b29ed5284a51b23a17e373743683 3d86b29ed5284a51b23a17e373743683] 10.0.0.88 "GET /resource_providers/03e48c2f-2381-4035-a8cf-cb0f7eb9849b/aggregates" status: 404 len: 235 microversion: 1.1 [pid: 8|app: 0|req: 325/650] 10.0.0.88 () {32 vars in 815 bytes} [Sun Sep 6 10:59:52 2026] GET /resource_providers/03e48c2f-2381-4035-a8cf-cb0f7eb9849b/aggregates => generated 235 bytes in 134 msecs (HTTP/1.1 404) 5 headers in 202 bytes (1 switches on core 0)
2026-09-06 10:59:53.052 7 INFO placement.requestlog [None req-8d051cde-2cbb-4c9c-acbb-130c95fca668 838a93aea7a941c5bdfb7b9fd6b5cca7 b4bde8c6a8a44c2a83f5dd9a0d52fce7 - - 3d86b29ed5284a51b23a17e373743683 3d86b29ed5284a51b23a17e373743683] 10.0.0.88 "DELETE /resource_providers/03e48c2f-2381-4035-a8cf-cb0f7eb9849b" status: 404 len: 246 microversion: 1.1 [pid: 7|app: 0|req: 326/651] 10.0.0.88 () {34 vars in 815 bytes} [Sun Sep 6 10:59:53 2026] DELETE /resource_providers/03e48c2f-2381-4035-a8cf-cb0f7eb9849b => generated 246 bytes in 10 msecs (HTTP/1.1 404) 6 headers in 231 bytes (1 switches on core 0)
2026-09-06 10:59:55.038 8 INFO placement.requestlog [None req-f4d603a7-42b0-44bb-9c4e-a23cbfb2c5f1 838a93aea7a941c5bdfb7b9fd6b5cca7 b4bde8c6a8a44c2a83f5dd9a0d52fce7 - - 3d86b29ed5284a51b23a17e373743683 3d86b29ed5284a51b23a17e373743683] 10.0.0.88 "GET /resource_providers/a266677a-b396-4d50-ba1b-f59e00751816/aggregates" status: 404 len: 235 microversion: 1.1 [pid: 8|app: 0|req: 326/652] 10.0.0.88 () {32 vars in 815 bytes} [Sun Sep 6 10:59:55 2026] GET /resource_providers/a266677a-b396-4d50-ba1b-f59e00751816/aggregates => generated 235 bytes in 34 msecs (HTTP/1.1 404) 5 headers in 202 bytes (1 switches on core 0)
2026-09-06 10:59:55.050 7 INFO placement.requestlog [None req-c15be9fb-3ecf-4e9b-b307-d5bf7d0e4c31 838a93aea7a941c5bdfb7b9fd6b5cca7 b4bde8c6a8a44c2a83f5dd9a0d52fce7 - - 3d86b29ed5284a51b23a17e373743683 3d86b29ed5284a51b23a17e373743683] 10.0.0.88 "DELETE /resource_providers/a266677a-b396-4d50-ba1b-f59e00751816" status: 404 len: 246 microversion: 1.1 [pid: 7|app: 0|req: 327/653] 10.0.0.88 () {34 vars in 815 bytes} [Sun Sep 6 10:59:55 2026] DELETE /resource_providers/a266677a-b396-4d50-ba1b-f59e00751816 => generated 246 bytes in 8 msecs (HTTP/1.1 404) 6 headers in 231 bytes (1 switches on core 0)
2026-09-06 10:59:55.069 8 INFO placement.requestlog [None req-5dfba47b-d6a5-4afe-b131-e55ee55e79ca 838a93aea7a941c5bdfb7b9fd6b5cca7 b4bde8c6a8a44c2a83f5dd9a0d52fce7 - - 3d86b29ed5284a51b23a17e373743683 3d86b29ed5284a51b23a17e373743683] 10.0.0.88 "GET /resource_providers/a266677a-b396-4d50-ba1b-f59e00751816/aggregates" status: 404 len: 235 microversion: 1.1 [pid: 8|app: 0|req: 327/654] 10.0.0.88 () {32 vars in 815 bytes} [Sun Sep 6 10:59:55 2026] GET /resource_providers/a266677a-b396-4d50-ba1b-f59e00751816/aggregates => generated 235 bytes in 10 msecs (HTTP/1.1 404) 5 headers in 202 bytes (1 switches on core 0)
2026-09-06 10:59:55.082 7 INFO placement.requestlog [None req-da6c5013-5ba3-471e-8013-b4bd8a0401c4 838a93aea7a941c5bdfb7b9fd6b5cca7 b4bde8c6a8a44c2a83f5dd9a0d52fce7 - - 3d86b29ed5284a51b23a17e373743683 3d86b29ed5284a51b23a17e373743683] 10.0.0.88 "DELETE /resource_providers/a266677a-b396-4d50-ba1b-f59e00751816" status: 404 len: 246 microversion: 1.1 [pid: 7|app: 0|req: 328/655] 10.0.0.88 () {34 vars in 815 bytes} [Sun Sep 6 10:59:55 2026] DELETE /resource_providers/a266677a-b396-4d50-ba1b-f59e00751816 => generated 246 bytes in 5 msecs (HTTP/1.1 404) 6 headers in 231 bytes (1 switches on core 0)
2026-09-06 10:59:59.384 8 INFO placement.requestlog [None req-81c2d0c2-97a6-45e2-a53b-e150c459e043 - - - - - -] 10.0.0.226 "GET /" status: 200 len: 136 microversion: 1.0
2026-09-06 10:59:59.385 7 INFO placement.requestlog [None req-1b7f7f2d-1353-405f-b2e8-c7bbf5dfc23b - - - - - -] 10.0.0.226 "GET /" status: 200 len: 136 microversion: 1.0
2026-09-06 11:00:06.029 8 INFO placement.requestlog [req-3fe76637-b3b3-42a3-87be-31c4e2e3eb0a req-08f097e9-8643-47b6-b4b3-91cb1654d9fd 7e838adf0a39430cad99951e71f3cfa8 b4bde8c6a8a44c2a83f5dd9a0d52fce7 - - 3d86b29ed5284a51b23a17e373743683 3d86b29ed5284a51b23a17e373743683] 10.0.0.128 "GET /allocation_candidates?limit=1000&resources=DISK_GB%3A1%2CMEMORY_MB%3A512%2CVCPU%3A1&root_required=%21COMPUTE_STATUS_DISABLED" status: 200 len: 2643 microversion: 1.36 [pid: 8|app: 0|req: 329/658] 10.0.0.128 () {34 vars in 1012 bytes} [Sun Sep 6 11:00:05 2026] GET /allocation_candidates?limit=1000&resources=DISK_GB%3A1%2CMEMORY_MB%3A512%2CVCPU%3A1&root_required=%21COMPUTE_STATUS_DISABLED => generated 2643 bytes in 47 msecs (HTTP/1.1 200) 8 headers in 297 bytes (1 switches on core 0)
2026-09-06 11:00:06.059 7 INFO placement.requestlog [req-3fe76637-b3b3-42a3-87be-31c4e2e3eb0a req-6d3af68f-35e4-4405-ab7d-c293366157d3 7e838adf0a39430cad99951e71f3cfa8 b4bde8c6a8a44c2a83f5dd9a0d52fce7 - - 3d86b29ed5284a51b23a17e373743683 3d86b29ed5284a51b23a17e373743683] 10.0.0.128 "GET /allocations/ff65cfff-acde-4653-9b16-a0c95c4f1a3f" status: 200 len: 19 microversion: 1.28 [pid: 7|app: 0|req: 330/659] 10.0.0.128 () {34 vars in 861 bytes} [Sun Sep 6 11:00:06 2026] GET /allocations/ff65cfff-acde-4653-9b16-a0c95c4f1a3f => generated 19 bytes in 15 msecs (HTTP/1.1 200) 8 headers in 295 bytes (1 switches on core 0)
2026-09-06 11:00:06.149 8 INFO placement.requestlog [req-3fe76637-b3b3-42a3-87be-31c4e2e3eb0a req-f40164dd-25ba-49a3-b8b8-41b5d4ce4bbd 7e838adf0a39430cad99951e71f3cfa8 b4bde8c6a8a44c2a83f5dd9a0d52fce7 - - 3d86b29ed5284a51b23a17e373743683 3d86b29ed5284a51b23a17e373743683] 10.0.0.128 "PUT /allocations/ff65cfff-acde-4653-9b16-a0c95c4f1a3f" status: 204 len: 0 microversion: 1.36 [pid: 8|app: 0|req: 330/660] 10.0.0.128 () {38 vars in 914 bytes} [Sun Sep 6 11:00:06 2026] PUT /allocations/ff65cfff-acde-4653-9b16-a0c95c4f1a3f => generated 0 bytes in 86 msecs (HTTP/1.1 204) 5 headers in 199 bytes (1 switches on core 0)
2026-09-06 11:00:07.712 7 INFO placement.requestlog [req-3fe76637-b3b3-42a3-87be-31c4e2e3eb0a req-0108935f-e330-4a6d-8a0b-2aeb0b6d6595 7e838adf0a39430cad99951e71f3cfa8 b4bde8c6a8a44c2a83f5dd9a0d52fce7 - - 3d86b29ed5284a51b23a17e373743683 3d86b29ed5284a51b23a17e373743683] 162.253.55.92 "GET /allocations/ff65cfff-acde-4653-9b16-a0c95c4f1a3f" status: 200 len: 257 microversion: 1.28 [pid: 7|app: 0|req: 331/661] 162.253.55.92 () {34 vars in 862 bytes} [Sun Sep 6 11:00:07 2026] GET /allocations/ff65cfff-acde-4653-9b16-a0c95c4f1a3f => generated 257 bytes in 27 msecs (HTTP/1.1 200) 8 headers in 296 bytes (1 switches on core 0)
2026-09-06 11:00:08.802 8 INFO placement.requestlog [req-3fe76637-b3b3-42a3-87be-31c4e2e3eb0a req-801ed65b-4c89-4f49-a60e-da46029df883 7e838adf0a39430cad99951e71f3cfa8 b4bde8c6a8a44c2a83f5dd9a0d52fce7 - - 3d86b29ed5284a51b23a17e373743683 3d86b29ed5284a51b23a17e373743683] 162.253.55.92 "GET /resource_providers/a3bd721b-f2fb-4192-92a5-de13e852278b/allocations" status: 200 len: 352 microversion: 1.0 [pid: 8|app: 0|req: 331/662] 162.253.55.92 () {32 vars in 856 bytes} [Sun Sep 6 11:00:08 2026] GET /resource_providers/a3bd721b-f2fb-4192-92a5-de13e852278b/allocations => generated 352 bytes in 58 msecs (HTTP/1.1 200) 6 headers in 224 bytes (1 switches on core 0)
2026-09-06 11:00:08.834 7 INFO placement.requestlog [req-3fe76637-b3b3-42a3-87be-31c4e2e3eb0a req-9f5f1d3a-13df-457f-bb71-73cc77f4180c 7e838adf0a39430cad99951e71f3cfa8 b4bde8c6a8a44c2a83f5dd9a0d52fce7 - - 3d86b29ed5284a51b23a17e373743683 3d86b29ed5284a51b23a17e373743683] 162.253.55.92 "GET /allocations/38be5f97-2c3e-4e8c-b788-fb09d028a93c" status: 200 len: 257 microversion: 1.28 [pid: 7|app: 0|req: 332/663] 162.253.55.92 () {34 vars in 862 bytes} [Sun Sep 6 11:00:08 2026] GET /allocations/38be5f97-2c3e-4e8c-b788-fb09d028a93c => generated 257 bytes in 22 msecs (HTTP/1.1 200) 8 headers in 296 bytes (1 switches on core 0)
2026-09-06 11:00:08.864 8 INFO placement.requestlog [req-3fe76637-b3b3-42a3-87be-31c4e2e3eb0a req-c220f7b0-3d34-4c23-862b-524dc6ee4ae1 7e838adf0a39430cad99951e71f3cfa8 b4bde8c6a8a44c2a83f5dd9a0d52fce7 - - 3d86b29ed5284a51b23a17e373743683 3d86b29ed5284a51b23a17e373743683] 162.253.55.92 "GET /allocations/ff65cfff-acde-4653-9b16-a0c95c4f1a3f" status: 200 len: 257 microversion: 1.28 [pid: 8|app: 0|req: 332/664] 162.253.55.92 () {34 vars in 862 bytes} [Sun Sep 6 11:00:08 2026] GET /allocations/ff65cfff-acde-4653-9b16-a0c95c4f1a3f => generated 257 bytes in 24 msecs (HTTP/1.1 200) 8 headers in 296 bytes (1 switches on core 0)
2026-09-06 11:00:08.884 7 INFO placement.requestlog [req-3fe76637-b3b3-42a3-87be-31c4e2e3eb0a req-ef0ba5fe-7293-47ed-8f95-2b9e9edca63d 7e838adf0a39430cad99951e71f3cfa8 b4bde8c6a8a44c2a83f5dd9a0d52fce7 - - 3d86b29ed5284a51b23a17e373743683 3d86b29ed5284a51b23a17e373743683] 162.253.55.92 "GET /allocations/440f5210-0094-4e75-ad3d-71b2ef688bd0" status: 200 len: 257 microversion: 1.28 [pid: 7|app: 0|req: 333/665] 162.253.55.92 () {34 vars in 862 bytes} [Sun Sep 6 11:00:08 2026] GET /allocations/440f5210-0094-4e75-ad3d-71b2ef688bd0 => generated 257 bytes in 15 msecs (HTTP/1.1 200) 8 headers in 296 bytes (1 switches on core 0)
2026-09-06 11:00:09.384 8 INFO placement.requestlog [None req-933a184f-719d-48d9-b302-6e2856057ea7 - - - - - -] 10.0.0.226 "GET /" status: 200 len: 136 microversion: 1.0
2026-09-06 11:00:09.384 7 INFO placement.requestlog [None req-3f2047ad-7194-43aa-9927-187d32f6d9a2 - - - - - -] 10.0.0.226 "GET /" status: 200 len: 136 microversion: 1.0
2026-09-06 11:00:10.766 8 INFO placement.requestlog [req-91d192bc-65ec-4fda-864c-4917231035dc req-4a588485-9d77-4262-bcae-f3c74055f815 7e838adf0a39430cad99951e71f3cfa8 b4bde8c6a8a44c2a83f5dd9a0d52fce7 - - 3d86b29ed5284a51b23a17e373743683 3d86b29ed5284a51b23a17e373743683] 10.0.0.128 "GET /allocation_candidates?limit=1000&resources=MEMORY_MB%3A512%2CVCPU%3A1&root_required=%21COMPUTE_STATUS_DISABLED" status: 200 len: 2629 microversion: 1.36 [pid: 8|app: 0|req: 334/668] 10.0.0.128 () {34 vars in 984 bytes} [Sun Sep 6 11:00:10 2026] GET /allocation_candidates?limit=1000&resources=MEMORY_MB%3A512%2CVCPU%3A1&root_required=%21COMPUTE_STATUS_DISABLED => generated 2629 bytes in 51 msecs (HTTP/1.1 200) 8 headers in 297 bytes (1 switches on core 0)
2026-09-06 11:00:10.803 7 INFO placement.requestlog [req-91d192bc-65ec-4fda-864c-4917231035dc req-866269bd-e613-4cb2-aa59-c412ff45b9d3 7e838adf0a39430cad99951e71f3cfa8 b4bde8c6a8a44c2a83f5dd9a0d52fce7 - - 3d86b29ed5284a51b23a17e373743683 3d86b29ed5284a51b23a17e373743683] 10.0.0.128 "GET /allocations/dd7681b6-ec35-453f-a103-c2936fd0e71e" status: 200 len: 19 microversion: 1.28 [pid: 7|app: 0|req: 335/669] 10.0.0.128 () {34 vars in 861 bytes} [Sun Sep 6 11:00:10 2026] GET /allocations/dd7681b6-ec35-453f-a103-c2936fd0e71e => generated 19 bytes in 12 msecs (HTTP/1.1 200) 8 headers in 295 bytes (1 switches on core 0)
2026-09-06 11:00:10.872 8 INFO placement.requestlog [req-91d192bc-65ec-4fda-864c-4917231035dc req-7a008977-9285-4c69-ae34-4cf3cb372a73 7e838adf0a39430cad99951e71f3cfa8 b4bde8c6a8a44c2a83f5dd9a0d52fce7 - - 3d86b29ed5284a51b23a17e373743683 3d86b29ed5284a51b23a17e373743683] 10.0.0.128 "PUT /allocations/dd7681b6-ec35-453f-a103-c2936fd0e71e" status: 204 len: 0 microversion: 1.36 [pid: 8|app: 0|req: 335/670] 10.0.0.128 () {38 vars in 914 bytes} [Sun Sep 6 11:00:10 2026] PUT /allocations/dd7681b6-ec35-453f-a103-c2936fd0e71e => generated 0 bytes in 65 msecs (HTTP/1.1 204) 5 headers in 199 bytes (1 switches on core 0)
2026-09-06 11:00:12.276 7 INFO placement.requestlog [req-563524dc-bf2b-4846-b9b9-59f777d4d546 req-8915c01e-d6bf-4181-bbec-c81d12a9a949 7e838adf0a39430cad99951e71f3cfa8 b4bde8c6a8a44c2a83f5dd9a0d52fce7 - - 3d86b29ed5284a51b23a17e373743683 3d86b29ed5284a51b23a17e373743683] 162.253.55.92 "GET /resource_providers/a3bd721b-f2fb-4192-92a5-de13e852278b/allocations" status: 200 len: 438 microversion: 1.0 [pid: 7|app: 0|req: 336/671] 162.253.55.92 () {32 vars in 856 bytes} [Sun Sep 6 11:00:12 2026] GET /resource_providers/a3bd721b-f2fb-4192-92a5-de13e852278b/allocations => generated 438 bytes in 22 msecs (HTTP/1.1 200) 6 headers in 224 bytes (1 switches on core 0)
2026-09-06 11:00:12.297 8 INFO placement.requestlog [req-563524dc-bf2b-4846-b9b9-59f777d4d546 req-241d2c2c-de14-4d57-8992-21264d9d2607 7e838adf0a39430cad99951e71f3cfa8 b4bde8c6a8a44c2a83f5dd9a0d52fce7 - - 3d86b29ed5284a51b23a17e373743683 3d86b29ed5284a51b23a17e373743683] 162.253.55.92 "GET /allocations/dd7681b6-ec35-453f-a103-c2936fd0e71e" status: 200 len: 243 microversion: 1.28 [pid: 8|app: 0|req: 336/672] 162.253.55.92 () {34 vars in 862 bytes} [Sun Sep 6 11:00:12 2026] GET /allocations/dd7681b6-ec35-453f-a103-c2936fd0e71e => generated 243 bytes in 14 msecs (HTTP/1.1 200) 8 headers in 296 bytes (1 switches on core 0)
2026-09-06 11:00:12.339 7 INFO placement.requestlog [req-563524dc-bf2b-4846-b9b9-59f777d4d546 req-41c93b53-23c3-437d-826f-b581a911a306 7e838adf0a39430cad99951e71f3cfa8 b4bde8c6a8a44c2a83f5dd9a0d52fce7 - - 3d86b29ed5284a51b23a17e373743683 3d86b29ed5284a51b23a17e373743683] 162.253.55.92 "GET /allocations/38be5f97-2c3e-4e8c-b788-fb09d028a93c" status: 200 len: 257 microversion: 1.28 [pid: 7|app: 0|req: 337/673] 162.253.55.92 () {34 vars in 862 bytes} [Sun Sep 6 11:00:12 2026] GET /allocations/38be5f97-2c3e-4e8c-b788-fb09d028a93c => generated 257 bytes in 34 msecs (HTTP/1.1 200) 8 headers in 296 bytes (1 switches on core 0)
2026-09-06 11:00:12.360 8 INFO placement.requestlog [req-563524dc-bf2b-4846-b9b9-59f777d4d546 req-73c4203e-1e85-4db8-bd29-c585206964e2 7e838adf0a39430cad99951e71f3cfa8 b4bde8c6a8a44c2a83f5dd9a0d52fce7 - - 3d86b29ed5284a51b23a17e373743683 3d86b29ed5284a51b23a17e373743683] 162.253.55.92 "GET /allocations/ff65cfff-acde-4653-9b16-a0c95c4f1a3f" status: 200 len: 257 microversion: 1.28 [pid: 8|app: 0|req: 337/674] 162.253.55.92 () {34 vars in 862 bytes} [Sun Sep 6 11:00:12 2026] GET /allocations/ff65cfff-acde-4653-9b16-a0c95c4f1a3f => generated 257 bytes in 15 msecs (HTTP/1.1 200) 8 headers in 296 bytes (1 switches on core 0)
2026-09-06 11:00:12.380 8 INFO placement.requestlog [req-563524dc-bf2b-4846-b9b9-59f777d4d546 req-d0341c19-6d59-4874-89a9-c69bfbc6a106 7e838adf0a39430cad99951e71f3cfa8 b4bde8c6a8a44c2a83f5dd9a0d52fce7 - - 3d86b29ed5284a51b23a17e373743683 3d86b29ed5284a51b23a17e373743683] 162.253.55.92 "GET /allocations/440f5210-0094-4e75-ad3d-71b2ef688bd0" status: 200 len: 257 microversion: 1.28 [pid: 8|app: 0|req: 338/675] 162.253.55.92 () {34 vars in 862 bytes} [Sun Sep 6 11:00:12 2026] GET /allocations/440f5210-0094-4e75-ad3d-71b2ef688bd0 => generated 257 bytes in 14 msecs (HTTP/1.1 200) 8 headers in 296 bytes (1 switches on core 0)
2026-09-06 11:00:12.391 7 INFO placement.requestlog [req-91d192bc-65ec-4fda-864c-4917231035dc req-2d45ada2-d1ba-4ade-b228-d81f7511d55c 7e838adf0a39430cad99951e71f3cfa8 b4bde8c6a8a44c2a83f5dd9a0d52fce7 - - 3d86b29ed5284a51b23a17e373743683 3d86b29ed5284a51b23a17e373743683] 162.253.55.92 "GET /allocations/dd7681b6-ec35-453f-a103-c2936fd0e71e" status: 200 len: 243 microversion: 1.28 [pid: 7|app: 0|req: 338/676] 162.253.55.92 () {34 vars in 862 bytes} [Sun Sep 6 11:00:12 2026] GET /allocations/dd7681b6-ec35-453f-a103-c2936fd0e71e => generated 243 bytes in 32 msecs (HTTP/1.1 200) 8 headers in 296 bytes (1 switches on core 0)
2026-09-06 11:00:13.442 8 INFO placement.requestlog [req-563524dc-bf2b-4846-b9b9-59f777d4d546 req-40c307f4-5200-4feb-91ee-62dd5d0c9407 7e838adf0a39430cad99951e71f3cfa8 b4bde8c6a8a44c2a83f5dd9a0d52fce7 - - 3d86b29ed5284a51b23a17e373743683 3d86b29ed5284a51b23a17e373743683] 162.253.55.92 "DELETE /allocations/38be5f97-2c3e-4e8c-b788-fb09d028a93c" status: 204 len: 0 microversion: 1.0 [pid: 8|app: 0|req: 339/677] 162.253.55.92 () {34 vars in 840 bytes} [Sun Sep 6 11:00:13 2026] DELETE /allocations/38be5f97-2c3e-4e8c-b788-fb09d028a93c => generated 0 bytes in 27 msecs (HTTP/1.1 204) 5 headers in 198 bytes (1 switches on core 0)
2026-09-06 11:00:14.474 7 INFO placement.requestlog [req-91d192bc-65ec-4fda-864c-4917231035dc req-bff39c74-dfa5-4bb5-a1de-c953fc61b708 7e838adf0a39430cad99951e71f3cfa8 b4bde8c6a8a44c2a83f5dd9a0d52fce7 - - 3d86b29ed5284a51b23a17e373743683 3d86b29ed5284a51b23a17e373743683] 162.253.55.92 "GET /resource_providers/a3bd721b-f2fb-4192-92a5-de13e852278b/allocations" status: 200 len: 338 microversion: 1.0 [pid: 7|app: 0|req: 339/678] 162.253.55.92 () {32 vars in 856 bytes} [Sun Sep 6 11:00:14 2026] GET /resource_providers/a3bd721b-f2fb-4192-92a5-de13e852278b/allocations => generated 338 bytes in 35 msecs (HTTP/1.1 200) 6 headers in 224 bytes (1 switches on core 0)
2026-09-06 11:00:14.503 8 INFO placement.requestlog [req-91d192bc-65ec-4fda-864c-4917231035dc req-7fba354d-26ed-4e35-a005-bc45d9263632 7e838adf0a39430cad99951e71f3cfa8 b4bde8c6a8a44c2a83f5dd9a0d52fce7 - - 3d86b29ed5284a51b23a17e373743683 3d86b29ed5284a51b23a17e373743683] 162.253.55.92 "GET /allocations/dd7681b6-ec35-453f-a103-c2936fd0e71e" status: 200 len: 243 microversion: 1.28 [pid: 8|app: 0|req: 340/679] 162.253.55.92 () {34 vars in 862 bytes} [Sun Sep 6 11:00:14 2026] GET /allocations/dd7681b6-ec35-453f-a103-c2936fd0e71e => generated 243 bytes in 20 msecs (HTTP/1.1 200) 8 headers in 296 bytes (1 switches on core 0)
2026-09-06 11:00:14.529 7 INFO placement.requestlog [req-91d192bc-65ec-4fda-864c-4917231035dc req-96dd66f9-dfcf-41bb-bd80-2dc980dddbca 7e838adf0a39430cad99951e71f3cfa8 b4bde8c6a8a44c2a83f5dd9a0d52fce7 - - 3d86b29ed5284a51b23a17e373743683 3d86b29ed5284a51b23a17e373743683] 162.253.55.92 "GET /allocations/ff65cfff-acde-4653-9b16-a0c95c4f1a3f" status: 200 len: 257 microversion: 1.28 [pid: 7|app: 0|req: 340/680] 162.253.55.92 () {34 vars in 862 bytes} [Sun Sep 6 11:00:14 2026] GET /allocations/ff65cfff-acde-4653-9b16-a0c95c4f1a3f => generated 257 bytes in 17 msecs (HTTP/1.1 200) 8 headers in 296 bytes (1 switches on core 0)
2026-09-06 11:00:14.556 8 INFO placement.requestlog [req-91d192bc-65ec-4fda-864c-4917231035dc req-e89e01a8-fd30-4dd9-be77-c7676ab5bbba 7e838adf0a39430cad99951e71f3cfa8 b4bde8c6a8a44c2a83f5dd9a0d52fce7 - - 3d86b29ed5284a51b23a17e373743683 3d86b29ed5284a51b23a17e373743683] 162.253.55.92 "GET /allocations/440f5210-0094-4e75-ad3d-71b2ef688bd0" status: 200 len: 257 microversion: 1.28 [pid: 8|app: 0|req: 341/681] 162.253.55.92 () {34 vars in 862 bytes} [Sun Sep 6 11:00:14 2026] GET /allocations/440f5210-0094-4e75-ad3d-71b2ef688bd0 => generated 257 bytes in 16 msecs (HTTP/1.1 200) 8 headers in 296 bytes (1 switches on core 0)
2026-09-06 11:00:17.743 7 INFO placement.requestlog [None req-6951bbc3-0adb-485f-940b-ebced3804dbb 838a93aea7a941c5bdfb7b9fd6b5cca7 b4bde8c6a8a44c2a83f5dd9a0d52fce7 - - 3d86b29ed5284a51b23a17e373743683 3d86b29ed5284a51b23a17e373743683] 10.0.0.88 "GET /resource_providers/17cb8e5e-43c5-42b0-bf2f-8491cdf1c59b/aggregates" status: 404 len: 235 microversion: 1.1 [pid: 7|app: 0|req: 341/682] 10.0.0.88 () {32 vars in 815 bytes} [Sun Sep 6 11:00:17 2026] GET /resource_providers/17cb8e5e-43c5-42b0-bf2f-8491cdf1c59b/aggregates => generated 235 bytes in 13 msecs (HTTP/1.1 404) 5 headers in 202 bytes (1 switches on core 0)
2026-09-06 11:00:17.747 8 INFO placement.requestlog [None req-2c1ee3f2-5ca8-48fe-8644-7bc83523284f 838a93aea7a941c5bdfb7b9fd6b5cca7 b4bde8c6a8a44c2a83f5dd9a0d52fce7 - - 3d86b29ed5284a51b23a17e373743683 3d86b29ed5284a51b23a17e373743683] 10.0.0.88 "GET /resource_providers/17cb8e5e-43c5-42b0-bf2f-8491cdf1c59b/aggregates" status: 404 len: 235 microversion: 1.1 [pid: 8|app: 0|req: 342/683] 10.0.0.88 () {32 vars in 815 bytes} [Sun Sep 6 11:00:17 2026] GET /resource_providers/17cb8e5e-43c5-42b0-bf2f-8491cdf1c59b/aggregates => generated 235 bytes in 15 msecs (HTTP/1.1 404) 5 headers in 202 bytes (1 switches on core 0)
2026-09-06 11:00:17.770 7 INFO placement.requestlog [None req-efd4d32a-dc4a-4b60-81f2-9fff39f7e94c 838a93aea7a941c5bdfb7b9fd6b5cca7 b4bde8c6a8a44c2a83f5dd9a0d52fce7 - - 3d86b29ed5284a51b23a17e373743683 3d86b29ed5284a51b23a17e373743683] 10.0.0.88 "DELETE /resource_providers/17cb8e5e-43c5-42b0-bf2f-8491cdf1c59b" status: 404 len: 246 microversion: 1.1 [pid: 7|app: 0|req: 342/684] 10.0.0.88 () {34 vars in 815 bytes} [Sun Sep 6 11:00:17 2026] DELETE /resource_providers/17cb8e5e-43c5-42b0-bf2f-8491cdf1c59b => generated 246 bytes in 15 msecs (HTTP/1.1 404) 6 headers in 231 bytes (1 switches on core 0)
2026-09-06 11:00:17.774 8 INFO placement.requestlog [None req-79e81dab-fe72-4ff9-bf1c-90a3c704b986 838a93aea7a941c5bdfb7b9fd6b5cca7 b4bde8c6a8a44c2a83f5dd9a0d52fce7 - - 3d86b29ed5284a51b23a17e373743683 3d86b29ed5284a51b23a17e373743683] 10.0.0.88 "DELETE /resource_providers/17cb8e5e-43c5-42b0-bf2f-8491cdf1c59b" status: 404 len: 246 microversion: 1.1 [pid: 8|app: 0|req: 343/685] 10.0.0.88 () {34 vars in 815 bytes} [Sun Sep 6 11:00:17 2026] DELETE /resource_providers/17cb8e5e-43c5-42b0-bf2f-8491cdf1c59b => generated 246 bytes in 19 msecs (HTTP/1.1 404) 6 headers in 231 bytes (1 switches on core 0)
2026-09-06 11:00:19.384 7 INFO placement.requestlog [None req-5e8368c3-acda-4424-87fb-ee4d672c6783 - - - - - -] 10.0.0.226 "GET /" status: 200 len: 136 microversion: 1.0
2026-09-06 11:00:19.385 8 INFO placement.requestlog [None req-a937c7ec-9eb7-4417-80ca-c489025a586b - - - - - -] 10.0.0.226 "GET /" status: 200 len: 136 microversion: 1.0
2026-09-06 11:00:24.945 8 INFO placement.requestlog [req-2a466ad4-06a4-4c25-a0de-e520d12ec24d req-f4ebc098-41ce-465b-8bb1-9a671c7915b4 7e838adf0a39430cad99951e71f3cfa8 b4bde8c6a8a44c2a83f5dd9a0d52fce7 - - 3d86b29ed5284a51b23a17e373743683 3d86b29ed5284a51b23a17e373743683] 162.253.55.92 "GET /resource_providers/a3bd721b-f2fb-4192-92a5-de13e852278b/allocations" status: 200 len: 338 microversion: 1.0 [pid: 8|app: 0|req: 345/688] 162.253.55.92 () {32 vars in 856 bytes} [Sun Sep 6 11:00:24 2026] GET /resource_providers/a3bd721b-f2fb-4192-92a5-de13e852278b/allocations => generated 338 bytes in 40 msecs (HTTP/1.1 200) 6 headers in 224 bytes (1 switches on core 0)
2026-09-06 11:00:24.981 7 INFO placement.requestlog [req-2a466ad4-06a4-4c25-a0de-e520d12ec24d req-5af1669e-d2be-4abc-bde3-d6d4683b3218 7e838adf0a39430cad99951e71f3cfa8 b4bde8c6a8a44c2a83f5dd9a0d52fce7 - - 3d86b29ed5284a51b23a17e373743683 3d86b29ed5284a51b23a17e373743683] 162.253.55.92 "GET /resource_providers/a3bd721b-f2fb-4192-92a5-de13e852278b/allocations" status: 200 len: 338 microversion: 1.0 [pid: 7|app: 0|req: 344/689] 162.253.55.92 () {32 vars in 856 bytes} [Sun Sep 6 11:00:24 2026] GET /resource_providers/a3bd721b-f2fb-4192-92a5-de13e852278b/allocations => generated 338 bytes in 17 msecs (HTTP/1.1 200) 6 headers in 224 bytes (1 switches on core 0)
2026-09-06 11:00:24.999 8 INFO placement.requestlog [req-2a466ad4-06a4-4c25-a0de-e520d12ec24d req-87bb4c48-5d97-4c5c-b1f7-6e65a92121d9 7e838adf0a39430cad99951e71f3cfa8 b4bde8c6a8a44c2a83f5dd9a0d52fce7 - - 3d86b29ed5284a51b23a17e373743683 3d86b29ed5284a51b23a17e373743683] 162.253.55.92 "GET /allocations/dd7681b6-ec35-453f-a103-c2936fd0e71e" status: 200 len: 243 microversion: 1.28 [pid: 8|app: 0|req: 346/690] 162.253.55.92 () {34 vars in 862 bytes} [Sun Sep 6 11:00:24 2026] GET /allocations/dd7681b6-ec35-453f-a103-c2936fd0e71e => generated 243 bytes in 9 msecs (HTTP/1.1 200) 8 headers in 296 bytes (1 switches on core 0)
2026-09-06 11:00:25.017 7 INFO placement.requestlog [req-2a466ad4-06a4-4c25-a0de-e520d12ec24d req-42f38def-9078-4424-b465-8d5554808d00 7e838adf0a39430cad99951e71f3cfa8 b4bde8c6a8a44c2a83f5dd9a0d52fce7 - - 3d86b29ed5284a51b23a17e373743683 3d86b29ed5284a51b23a17e373743683] 162.253.55.92 "GET /allocations/ff65cfff-acde-4653-9b16-a0c95c4f1a3f" status: 200 len: 257 microversion: 1.28 [pid: 7|app: 0|req: 345/691] 162.253.55.92 () {34 vars in 862 bytes} [Sun Sep 6 11:00:25 2026] GET /allocations/ff65cfff-acde-4653-9b16-a0c95c4f1a3f => generated 257 bytes in 11 msecs (HTTP/1.1 200) 8 headers in 296 bytes (1 switches on core 0)
2026-09-06 11:00:25.039 8 INFO placement.requestlog [req-2a466ad4-06a4-4c25-a0de-e520d12ec24d req-5595f147-f212-4647-80d4-9805b7b6f3cb 7e838adf0a39430cad99951e71f3cfa8 b4bde8c6a8a44c2a83f5dd9a0d52fce7 - - 3d86b29ed5284a51b23a17e373743683 3d86b29ed5284a51b23a17e373743683] 162.253.55.92 "GET /allocations/440f5210-0094-4e75-ad3d-71b2ef688bd0" status: 200 len: 257 microversion: 1.28 [pid: 8|app: 0|req: 347/692] 162.253.55.92 () {34 vars in 862 bytes} [Sun Sep 6 11:00:25 2026] GET /allocations/440f5210-0094-4e75-ad3d-71b2ef688bd0 => generated 257 bytes in 17 msecs (HTTP/1.1 200) 8 headers in 296 bytes (1 switches on core 0)
