+ exec neutron-metadata-agent --config-file /etc/neutron/neutron.conf --config-file /tmp/pod-shared/neutron-agent.ini --config-file /etc/neutron/metadata_agent.ini /var/lib/openstack/lib/python3.10/site-packages/paste/deploy/loadwsgi.py:8: UserWarning: pkg_resources is deprecated as an API. See https://setuptools.pypa.io/en/latest/pkg_resources.html. The pkg_resources package is slated for removal as early as 2025-11-30. Refrain from using this package or pin to Setuptools<81. import pkg_resources
2026-02-27 01:51:18.075 38 INFO neutron.common.config [-] Logging enabled!
2026-02-27 01:51:18.076 38 INFO neutron.common.config [-] /var/lib/openstack/bin/neutron-metadata-agent version 21.2.2.dev24 /var/lib/openstack/lib/python3.10/site-packages/memcache.py:1303: SyntaxWarning: "is" with a literal. Did you mean "=="? if key is '': /var/lib/openstack/lib/python3.10/site-packages/memcache.py:1304: SyntaxWarning: "is" with a literal. Did you mean "=="? if key_extra_len is 0:
2026-02-27 01:51:18.090 38 INFO oslo_service.service [None req-3cb3974d-12ea-499e-b290-ba77b2bbacc4 - - - - - -] Starting 2 workers
2026-02-27 01:51:18.100 46 INFO eventlet.wsgi.server [-] (46) wsgi starting up on http:/var/lib/neutron/openstack-helm/metadata_proxy
2026-02-27 01:51:18.102 47 INFO eventlet.wsgi.server [-] (47) wsgi starting up on http:/var/lib/neutron/openstack-helm/metadata_proxy
2026-02-27 01:51:51.406 47 INFO eventlet.wsgi.server [-] 169.254.169.254, "GET / HTTP/1.1" status: 404 len: 176 time: 0.1273367
2026-02-27 01:55:01.306 47 INFO eventlet.wsgi.server [-] 169.254.169.254, "GET / HTTP/1.1" status: 404 len: 176 time: 0.0063782
2026-02-27 01:58:11.321 47 INFO eventlet.wsgi.server [-] 169.254.169.254, "GET / HTTP/1.1" status: 404 len: 176 time: 0.0067658
2026-02-27 01:58:41.355 47 INFO eventlet.wsgi.server [-] 169.254.169.254, "GET / HTTP/1.1" status: 404 len: 176 time: 0.0063412
2026-02-27 02:01:21.300 46 INFO eventlet.wsgi.server [-] 169.254.169.254, "GET / HTTP/1.1" status: 404 len: 176 time: 0.0136111
2026-02-27 02:04:31.389 46 INFO eventlet.wsgi.server [-] 169.254.169.254, "GET / HTTP/1.1" status: 404 len: 176 time: 0.1064608
2026-02-27 02:07:41.863 47 INFO eventlet.wsgi.server [-] 169.254.169.254, "GET / HTTP/1.1" status: 404 len: 176 time: 0.0087409
2026-02-27 02:08:43.807 47 INFO eventlet.wsgi.server [-] 169.254.169.254, "GET / HTTP/1.1" status: 404 len: 176 time: 0.0543654
2026-02-27 02:10:51.345 46 INFO eventlet.wsgi.server [-] 169.254.169.254, "GET / HTTP/1.1" status: 404 len: 176 time: 0.0069606
2026-02-27 02:14:01.299 46 INFO eventlet.wsgi.server [-] 169.254.169.254, "GET / HTTP/1.1" status: 404 len: 176 time: 0.0049062
2026-02-27 02:17:11.383 47 INFO eventlet.wsgi.server [-] 169.254.169.254, "GET / HTTP/1.1" status: 404 len: 176 time: 0.0562737
2026-02-27 02:18:41.295 47 INFO eventlet.wsgi.server [-] 169.254.169.254, "GET / HTTP/1.1" status: 404 len: 176 time: 0.0049174
2026-02-27 02:20:21.319 46 INFO eventlet.wsgi.server [-] 169.254.169.254, "GET / HTTP/1.1" status: 404 len: 176 time: 0.0055010
2026-02-27 02:23:31.285 47 INFO eventlet.wsgi.server [-] 169.254.169.254, "GET / HTTP/1.1" status: 404 len: 176 time: 0.0039036
2026-02-27 02:26:41.323 47 INFO eventlet.wsgi.server [-] 169.254.169.254, "GET / HTTP/1.1" status: 404 len: 176 time: 0.0057123
2026-02-27 02:27:38.503 47 INFO eventlet.wsgi.server [-] 10.100.0.8, "GET /2009-04-04/meta-data/instance-id HTTP/1.1" status: 200 len: 146 time: 1.3913257
2026-02-27 02:27:38.546 46 INFO eventlet.wsgi.server [-] 10.100.0.8, "GET /2009-04-04/meta-data/public-keys HTTP/1.1" status: 200 len: 163 time: 0.0285542
2026-02-27 02:27:38.574 46 INFO eventlet.wsgi.server [-] 10.100.0.8, "GET /2009-04-04/meta-data/public-keys/0/openssh-key HTTP/1.1" status: 200 len: 341 time: 0.0226209
2026-02-27 02:27:38.601 46 INFO eventlet.wsgi.server [-] 10.100.0.8, "GET /2009-04-04/meta-data/instance-id HTTP/1.1" status: 200 len: 146 time: 0.0193262
2026-02-27 02:27:38.634 46 INFO eventlet.wsgi.server [-] 10.100.0.8, "GET /2009-04-04/meta-data/ami-launch-index HTTP/1.1" status: 200 len: 136 time: 0.0242734
2026-02-27 02:27:38.664 46 INFO eventlet.wsgi.server [-] 10.100.0.8, "GET /2009-04-04/meta-data/instance-type HTTP/1.1" status: 200 len: 142 time: 0.0238369
2026-02-27 02:27:38.697 46 INFO eventlet.wsgi.server [-] 10.100.0.8, "GET /2009-04-04/meta-data/local-ipv4 HTTP/1.1" status: 200 len: 146 time: 0.0201397
2026-02-27 02:27:38.736 46 INFO eventlet.wsgi.server [-] 10.100.0.8, "GET /2009-04-04/meta-data/public-ipv4 HTTP/1.1" status: 200 len: 149 time: 0.0349357
2026-02-27 02:27:38.765 47 INFO eventlet.wsgi.server [-] 10.100.0.8, "GET /2009-04-04/meta-data/hostname HTTP/1.1" status: 200 len: 192 time: 0.0197792
2026-02-27 02:27:38.790 47 INFO eventlet.wsgi.server [-] 10.100.0.8, "GET /2009-04-04/meta-data/local-hostname HTTP/1.1" status: 200 len: 192 time: 0.0204396
2026-02-27 02:27:38.826 47 INFO eventlet.wsgi.server [-] 10.100.0.8, "GET /2009-04-04/user-data HTTP/1.1" status: 200 len: 231 time: 0.0216296
2026-02-27 02:27:38.862 47 INFO eventlet.wsgi.server [-] 10.100.0.8, "GET /2009-04-04/meta-data/block-device-mapping HTTP/1.1" status: 200 len: 143 time: 0.0276549
2026-02-27 02:27:38.884 47 INFO eventlet.wsgi.server [-] 10.100.0.8, "GET /2009-04-04/meta-data/block-device-mapping/ami HTTP/1.1" status: 200 len: 138 time: 0.0179999
2026-02-27 02:27:38.903 47 INFO eventlet.wsgi.server [-] 10.100.0.8, "GET /2009-04-04/meta-data/block-device-mapping/root HTTP/1.1" status: 200 len: 143 time: 0.0145946
2026-02-27 02:27:38.932 46 INFO eventlet.wsgi.server [-] 10.100.0.8, "GET /2009-04-04/meta-data/public-hostname HTTP/1.1" status: 200 len: 192 time: 0.0216045
2026-02-27 02:27:38.953 46 INFO eventlet.wsgi.server [-] 10.100.0.8, "GET /2009-04-04/meta-data/placement/availability-zone HTTP/1.1" status: 200 len: 139 time: 0.0153911
2026-02-27 02:27:45.342 46 INFO eventlet.wsgi.server [-] 10.100.0.11, "GET /2009-04-04/meta-data/instance-id HTTP/1.1" status: 200 len: 146 time: 1.0785065
2026-02-27 02:27:45.375 47 INFO eventlet.wsgi.server [-] 10.100.0.11, "GET /2009-04-04/meta-data/public-keys HTTP/1.1" status: 200 len: 163 time: 0.0161452
2026-02-27 02:27:45.392 47 INFO eventlet.wsgi.server [-] 10.100.0.11, "GET /2009-04-04/meta-data/public-keys/0/openssh-key HTTP/1.1" status: 200 len: 341 time: 0.0112946
2026-02-27 02:27:45.415 46 INFO eventlet.wsgi.server [-] 10.100.0.11, "GET /2009-04-04/meta-data/instance-id HTTP/1.1" status: 200 len: 146 time: 0.0186603
2026-02-27 02:27:45.437 47 INFO eventlet.wsgi.server [-] 10.100.0.11, "GET /2009-04-04/meta-data/ami-launch-index HTTP/1.1" status: 200 len: 136 time: 0.0150552
2026-02-27 02:27:45.465 47 INFO eventlet.wsgi.server [-] 10.100.0.11, "GET /2009-04-04/meta-data/instance-type HTTP/1.1" status: 200 len: 142 time: 0.0223460
2026-02-27 02:27:45.485 47 INFO eventlet.wsgi.server [-] 10.100.0.11, "GET /2009-04-04/meta-data/local-ipv4 HTTP/1.1" status: 200 len: 147 time: 0.0124805
2026-02-27 02:27:45.512 47 INFO eventlet.wsgi.server [-] 10.100.0.11, "GET /2009-04-04/meta-data/public-ipv4 HTTP/1.1" status: 200 len: 149 time: 0.0184758
2026-02-27 02:27:45.538 47 INFO eventlet.wsgi.server [-] 10.100.0.11, "GET /2009-04-04/meta-data/hostname HTTP/1.1" status: 200 len: 200 time: 0.0176651
2026-02-27 02:27:45.560 46 INFO eventlet.wsgi.server [-] 10.100.0.11, "GET /2009-04-04/meta-data/local-hostname HTTP/1.1" status: 200 len: 200 time: 0.0152373
2026-02-27 02:27:45.609 46 INFO eventlet.wsgi.server [-] 10.100.0.11, "GET /2009-04-04/user-data HTTP/1.1" status: 200 len: 231 time: 0.0166996
2026-02-27 02:27:45.630 46 INFO eventlet.wsgi.server [-] 10.100.0.11, "GET /2009-04-04/meta-data/block-device-mapping HTTP/1.1" status: 200 len: 143 time: 0.0134697
2026-02-27 02:27:45.664 47 INFO eventlet.wsgi.server [-] 10.100.0.11, "GET /2009-04-04/meta-data/block-device-mapping/ami HTTP/1.1" status: 200 len: 138 time: 0.0255191
2026-02-27 02:27:45.688 47 INFO eventlet.wsgi.server [-] 10.100.0.11, "GET /2009-04-04/meta-data/block-device-mapping/root HTTP/1.1" status: 200 len: 143 time: 0.0193858
2026-02-27 02:27:45.705 47 INFO eventlet.wsgi.server [-] 10.100.0.11, "GET /2009-04-04/meta-data/public-hostname HTTP/1.1" status: 200 len: 200 time: 0.0104940
2026-02-27 02:27:45.725 47 INFO eventlet.wsgi.server [-] 10.100.0.11, "GET /2009-04-04/meta-data/placement/availability-zone HTTP/1.1" status: 200 len: 139 time: 0.0128119
2026-02-27 02:27:56.962 46 INFO eventlet.wsgi.server [-] 10.100.0.8, "GET /2009-04-04/meta-data/instance-id HTTP/1.1" status: 200 len: 146 time: 1.2565398
2026-02-27 02:27:56.992 46 INFO eventlet.wsgi.server [-] 10.100.0.8, "GET /2009-04-04/meta-data/public-keys HTTP/1.1" status: 200 len: 163 time: 0.0190082
2026-02-27 02:27:57.030 47 INFO eventlet.wsgi.server [-] 10.100.0.8, "GET /2009-04-04/meta-data/public-keys/0/openssh-key HTTP/1.1" status: 200 len: 341 time: 0.0313666
2026-02-27 02:27:57.051 47 INFO eventlet.wsgi.server [-] 10.100.0.8, "GET /2009-04-04/meta-data/instance-id HTTP/1.1" status: 200 len: 146 time: 0.0142562
2026-02-27 02:27:57.073 46 INFO eventlet.wsgi.server [-] 10.100.0.8, "GET /2009-04-04/meta-data/ami-launch-index HTTP/1.1" status: 200 len: 136 time: 0.0124354
2026-02-27 02:27:57.093 46 INFO eventlet.wsgi.server [-] 10.100.0.8, "GET /2009-04-04/meta-data/instance-type HTTP/1.1" status: 200 len: 142 time: 0.0117338
2026-02-27 02:27:57.111 47 INFO eventlet.wsgi.server [-] 10.100.0.8, "GET /2009-04-04/meta-data/local-ipv4 HTTP/1.1" status: 200 len: 146 time: 0.0125430
2026-02-27 02:27:57.129 47 INFO eventlet.wsgi.server [-] 10.100.0.8, "GET /2009-04-04/meta-data/public-ipv4 HTTP/1.1" status: 200 len: 149 time: 0.0101037
2026-02-27 02:27:57.152 46 INFO eventlet.wsgi.server [-] 10.100.0.8, "GET /2009-04-04/meta-data/hostname HTTP/1.1" status: 200 len: 192 time: 0.0163541
2026-02-27 02:27:57.169 47 INFO eventlet.wsgi.server [-] 10.100.0.8, "GET /2009-04-04/meta-data/local-hostname HTTP/1.1" status: 200 len: 192 time: 0.0084507
2026-02-27 02:27:57.183 47 INFO eventlet.wsgi.server [-] 10.100.0.8, "GET /2009-04-04/user-data HTTP/1.1" status: 200 len: 231 time: 0.0096848
2026-02-27 02:27:57.204 47 INFO eventlet.wsgi.server [-] 10.100.0.8, "GET /2009-04-04/meta-data/block-device-mapping HTTP/1.1" status: 200 len: 143 time: 0.0136852
2026-02-27 02:27:57.219 47 INFO eventlet.wsgi.server [-] 10.100.0.8, "GET /2009-04-04/meta-data/block-device-mapping/ami HTTP/1.1" status: 200 len: 138 time: 0.0107300
2026-02-27 02:27:57.242 46 INFO eventlet.wsgi.server [-] 10.100.0.8, "GET /2009-04-04/meta-data/block-device-mapping/root HTTP/1.1" status: 200 len: 143 time: 0.0136168
2026-02-27 02:27:57.268 47 INFO eventlet.wsgi.server [-] 10.100.0.8, "GET /2009-04-04/meta-data/public-hostname HTTP/1.1" status: 200 len: 192 time: 0.0132420
2026-02-27 02:27:57.294 47 INFO eventlet.wsgi.server [-] 10.100.0.8, "GET /2009-04-04/meta-data/placement/availability-zone HTTP/1.1" status: 200 len: 139 time: 0.0187304
2026-02-27 02:28:41.397 47 INFO eventlet.wsgi.server [-] 169.254.169.254, "GET / HTTP/1.1" status: 404 len: 176 time: 0.0484726
2026-02-27 02:29:31.385 46 INFO eventlet.wsgi.server [-] 10.2.1.42, "GET /2009-04-04/meta-data/instance-id HTTP/1.1" status: 200 len: 146 time: 1.0081313
2026-02-27 02:29:31.428 47 INFO eventlet.wsgi.server [-] 10.2.1.42, "GET /2009-04-04/meta-data/public-keys HTTP/1.1" status: 200 len: 173 time: 0.0290101
2026-02-27 02:29:31.447 46 INFO eventlet.wsgi.server [-] 10.2.1.42, "GET /2009-04-04/meta-data/public-keys/0/openssh-key HTTP/1.1" status: 200 len: 341 time: 0.0136416
2026-02-27 02:29:31.471 47 INFO eventlet.wsgi.server [-] 10.2.1.42, "GET /2009-04-04/meta-data/instance-id HTTP/1.1" status: 200 len: 146 time: 0.0135431
2026-02-27 02:29:31.496 47 INFO eventlet.wsgi.server [-] 10.2.1.42, "GET /2009-04-04/meta-data/ami-launch-index HTTP/1.1" status: 200 len: 136 time: 0.0154483
2026-02-27 02:29:31.518 47 INFO eventlet.wsgi.server [-] 10.2.1.42, "GET /2009-04-04/meta-data/instance-type HTTP/1.1" status: 200 len: 142 time: 0.0133793
2026-02-27 02:29:31.538 47 INFO eventlet.wsgi.server [-] 10.2.1.42, "GET /2009-04-04/meta-data/local-ipv4 HTTP/1.1" status: 200 len: 144 time: 0.0137031
2026-02-27 02:29:31.569 47 INFO eventlet.wsgi.server [-] 10.2.1.42, "GET /2009-04-04/meta-data/public-ipv4 HTTP/1.1" status: 200 len: 149 time: 0.0244164
2026-02-27 02:29:31.588 46 INFO eventlet.wsgi.server [-] 10.2.1.42, "GET /2009-04-04/meta-data/hostname HTTP/1.1" status: 200 len: 184 time: 0.0124805
2026-02-27 02:29:31.608 46 INFO eventlet.wsgi.server [-] 10.2.1.42, "GET /2009-04-04/meta-data/local-hostname HTTP/1.1" status: 200 len: 184 time: 0.0134251
2026-02-27 02:29:31.669 47 INFO neutron.agent.metadata.agent [-] The instance: 9f01cafd-bc4b-486f-b7d4-3f151ff591da is not present anymore, skipping cache...
2026-02-27 02:29:31.723 47 INFO eventlet.wsgi.server [-] 10.2.1.42, "GET /2009-04-04/user-data HTTP/1.1" status: 404 len: 297 time: 0.0728390
2026-02-27 02:29:31.756 47 INFO eventlet.wsgi.server [-] 10.2.1.42, "GET /2009-04-04/meta-data/block-device-mapping HTTP/1.1" status: 200 len: 143 time: 0.0172460
2026-02-27 02:29:31.776 47 INFO eventlet.wsgi.server [-] 10.2.1.42, "GET /2009-04-04/meta-data/block-device-mapping/ami HTTP/1.1" status: 200 len: 138 time: 0.0148306
2026-02-27 02:29:31.796 47 INFO eventlet.wsgi.server [-] 10.2.1.42, "GET /2009-04-04/meta-data/block-device-mapping/root HTTP/1.1" status: 200 len: 143 time: 0.0132501
2026-02-27 02:29:31.818 47 INFO eventlet.wsgi.server [-] 10.2.1.42, "GET /2009-04-04/meta-data/public-hostname HTTP/1.1" status: 200 len: 184 time: 0.0153301
2026-02-27 02:29:31.839 46 INFO eventlet.wsgi.server [-] 10.2.1.42, "GET /2009-04-04/meta-data/placement/availability-zone HTTP/1.1" status: 200 len: 139 time: 0.0132709
2026-02-27 02:29:49.425 46 INFO eventlet.wsgi.server [-] 10.2.2.169, "GET /2009-04-04/meta-data/instance-id HTTP/1.1" status: 200 len: 146 time: 0.2166603
2026-02-27 02:29:49.451 46 INFO eventlet.wsgi.server [-] 10.2.2.169, "GET /2009-04-04/meta-data/public-keys HTTP/1.1" status: 200 len: 173 time: 0.0144608
2026-02-27 02:29:49.476 46 INFO eventlet.wsgi.server [-] 10.2.2.169, "GET /2009-04-04/meta-data/public-keys/0/openssh-key HTTP/1.1" status: 200 len: 341 time: 0.0201969
2026-02-27 02:29:49.499 46 INFO eventlet.wsgi.server [-] 10.2.2.169, "GET /2009-04-04/meta-data/instance-id HTTP/1.1" status: 200 len: 146 time: 0.0181177
2026-02-27 02:29:49.525 46 INFO eventlet.wsgi.server [-] 10.2.2.169, "GET /2009-04-04/meta-data/ami-launch-index HTTP/1.1" status: 200 len: 136 time: 0.0201259
2026-02-27 02:29:49.548 46 INFO eventlet.wsgi.server [-] 10.2.2.169, "GET /2009-04-04/meta-data/instance-type HTTP/1.1" status: 200 len: 142 time: 0.0145528
2026-02-27 02:29:49.571 46 INFO eventlet.wsgi.server [-] 10.2.2.169, "GET /2009-04-04/meta-data/local-ipv4 HTTP/1.1" status: 200 len: 146 time: 0.0137141
2026-02-27 02:29:49.598 46 INFO eventlet.wsgi.server [-] 10.2.2.169, "GET /2009-04-04/meta-data/public-ipv4 HTTP/1.1" status: 200 len: 149 time: 0.0211504
2026-02-27 02:29:49.677 46 INFO eventlet.wsgi.server [-] 10.2.2.169, "GET /2009-04-04/meta-data/hostname HTTP/1.1" status: 200 len: 184 time: 0.0377941
2026-02-27 02:29:49.708 46 INFO eventlet.wsgi.server [-] 10.2.2.169, "GET /2009-04-04/meta-data/local-hostname HTTP/1.1" status: 200 len: 184 time: 0.0231082
2026-02-27 02:29:49.729 46 INFO neutron.agent.metadata.agent [-] The instance: 6cc13aa7-9e2c-44fe-bca0-b8b9a2288d4a is not present anymore, skipping cache...
2026-02-27 02:29:49.785 46 INFO eventlet.wsgi.server [-] 10.2.2.169, "GET /2009-04-04/user-data HTTP/1.1" status: 404 len: 297 time: 0.0709069
2026-02-27 02:29:49.808 46 INFO eventlet.wsgi.server [-] 10.2.2.169, "GET /2009-04-04/meta-data/block-device-mapping HTTP/1.1" status: 200 len: 143 time: 0.0125661
2026-02-27 02:29:49.830 47 INFO eventlet.wsgi.server [-] 10.2.2.169, "GET /2009-04-04/meta-data/block-device-mapping/ami HTTP/1.1" status: 200 len: 138 time: 0.0131533
2026-02-27 02:29:49.853 47 INFO eventlet.wsgi.server [-] 10.2.2.169, "GET /2009-04-04/meta-data/block-device-mapping/root HTTP/1.1" status: 200 len: 143 time: 0.0173404
2026-02-27 02:29:49.876 46 INFO eventlet.wsgi.server [-] 10.2.2.169, "GET /2009-04-04/meta-data/public-hostname HTTP/1.1" status: 200 len: 184 time: 0.0148745
2026-02-27 02:29:49.899 46 INFO eventlet.wsgi.server [-] 10.2.2.169, "GET /2009-04-04/meta-data/placement/availability-zone HTTP/1.1" status: 200 len: 139 time: 0.0149999
2026-02-27 02:29:51.360 46 INFO eventlet.wsgi.server [-] 169.254.169.254, "GET / HTTP/1.1" status: 404 len: 176 time: 0.0073628
2026-02-27 02:30:53.485 47 INFO eventlet.wsgi.server [-] 10.100.0.9, "GET /2009-04-04/meta-data/instance-id HTTP/1.1" status: 200 len: 146 time: 0.2165928
2026-02-27 02:30:53.512 47 INFO eventlet.wsgi.server [-] 10.100.0.9, "GET /2009-04-04/meta-data/public-keys HTTP/1.1" status: 200 len: 176 time: 0.0190456
2026-02-27 02:30:53.533 46 INFO eventlet.wsgi.server [-] 10.100.0.9, "GET /2009-04-04/meta-data/public-keys/0/openssh-key HTTP/1.1" status: 200 len: 341 time: 0.0141535
2026-02-27 02:30:53.562 47 INFO eventlet.wsgi.server [-] 10.100.0.9, "GET /2009-04-04/meta-data/instance-id HTTP/1.1" status: 200 len: 146 time: 0.0196693
2026-02-27 02:30:53.585 46 INFO eventlet.wsgi.server [-] 10.100.0.9, "GET /2009-04-04/meta-data/ami-launch-index HTTP/1.1" status: 200 len: 136 time: 0.0146160
2026-02-27 02:30:53.606 47 INFO eventlet.wsgi.server [-] 10.100.0.9, "GET /2009-04-04/meta-data/instance-type HTTP/1.1" status: 200 len: 142 time: 0.0119903
2026-02-27 02:30:53.629 47 INFO eventlet.wsgi.server [-] 10.100.0.9, "GET /2009-04-04/meta-data/local-ipv4 HTTP/1.1" status: 200 len: 146 time: 0.0156434
2026-02-27 02:30:53.648 47 INFO eventlet.wsgi.server [-] 10.100.0.9, "GET /2009-04-04/meta-data/public-ipv4 HTTP/1.1" status: 200 len: 149 time: 0.0122707
2026-02-27 02:30:53.669 47 INFO eventlet.wsgi.server [-] 10.100.0.9, "GET /2009-04-04/meta-data/hostname HTTP/1.1" status: 200 len: 190 time: 0.0133946
2026-02-27 02:30:53.686 47 INFO eventlet.wsgi.server [-] 10.100.0.9, "GET /2009-04-04/meta-data/local-hostname HTTP/1.1" status: 200 len: 190 time: 0.0106778
2026-02-27 02:30:53.721 46 INFO neutron.agent.metadata.agent [-] The instance: 7d74c483-e720-4bf5-a2af-b9ec891b6865 is not present anymore, skipping cache...
2026-02-27 02:30:53.769 46 INFO eventlet.wsgi.server [-] 10.100.0.9, "GET /2009-04-04/user-data HTTP/1.1" status: 404 len: 297 time: 0.0615218
2026-02-27 02:30:53.799 46 INFO eventlet.wsgi.server [-] 10.100.0.9, "GET /2009-04-04/meta-data/block-device-mapping HTTP/1.1" status: 200 len: 143 time: 0.0179801
2026-02-27 02:30:53.814 46 INFO eventlet.wsgi.server [-] 10.100.0.9, "GET /2009-04-04/meta-data/block-device-mapping/ami HTTP/1.1" status: 200 len: 138 time: 0.0101850
2026-02-27 02:30:53.831 46 INFO eventlet.wsgi.server [-] 10.100.0.9, "GET /2009-04-04/meta-data/block-device-mapping/root HTTP/1.1" status: 200 len: 143 time: 0.0112879
2026-02-27 02:30:53.851 46 INFO eventlet.wsgi.server [-] 10.100.0.9, "GET /2009-04-04/meta-data/public-hostname HTTP/1.1" status: 200 len: 190 time: 0.0128872
2026-02-27 02:30:53.872 47 INFO eventlet.wsgi.server [-] 10.100.0.9, "GET /2009-04-04/meta-data/placement/availability-zone HTTP/1.1" status: 200 len: 139 time: 0.0142970
2026-02-27 02:31:18.751 47 INFO eventlet.wsgi.server [-] 10.100.0.8, "GET /2009-04-04/meta-data/instance-id HTTP/1.1" status: 200 len: 146 time: 0.2300875
2026-02-27 02:31:18.790 47 INFO eventlet.wsgi.server [-] 10.100.0.8, "GET /2009-04-04/meta-data/public-keys HTTP/1.1" status: 200 len: 176 time: 0.0274546
2026-02-27 02:31:18.812 47 INFO eventlet.wsgi.server [-] 10.100.0.8, "GET /2009-04-04/meta-data/public-keys/0/openssh-key HTTP/1.1" status: 200 len: 341 time: 0.0153155
2026-02-27 02:31:18.835 47 INFO eventlet.wsgi.server [-] 10.100.0.8, "GET /2009-04-04/meta-data/instance-id HTTP/1.1" status: 200 len: 146 time: 0.0134838
2026-02-27 02:31:18.862 47 INFO eventlet.wsgi.server [-] 10.100.0.8, "GET /2009-04-04/meta-data/ami-launch-index HTTP/1.1" status: 200 len: 136 time: 0.0185626
2026-02-27 02:31:18.887 47 INFO eventlet.wsgi.server [-] 10.100.0.8, "GET /2009-04-04/meta-data/instance-type HTTP/1.1" status: 200 len: 142 time: 0.0157981
2026-02-27 02:31:18.909 47 INFO eventlet.wsgi.server [-] 10.100.0.8, "GET /2009-04-04/meta-data/local-ipv4 HTTP/1.1" status: 200 len: 146 time: 0.0157864
2026-02-27 02:31:18.929 47 INFO eventlet.wsgi.server [-] 10.100.0.8, "GET /2009-04-04/meta-data/public-ipv4 HTTP/1.1" status: 200 len: 149 time: 0.0119722
2026-02-27 02:31:18.955 47 INFO eventlet.wsgi.server [-] 10.100.0.8, "GET /2009-04-04/meta-data/hostname HTTP/1.1" status: 200 len: 191 time: 0.0175650
2026-02-27 02:31:18.975 47 INFO eventlet.wsgi.server [-] 10.100.0.8, "GET /2009-04-04/meta-data/local-hostname HTTP/1.1" status: 200 len: 191 time: 0.0117605
2026-02-27 02:31:18.993 47 INFO neutron.agent.metadata.agent [-] The instance: 5fa81020-c1fc-41d0-976e-a387b8752d6f is not present anymore, skipping cache...
2026-02-27 02:31:19.063 47 INFO eventlet.wsgi.server [-] 10.100.0.8, "GET /2009-04-04/user-data HTTP/1.1" status: 404 len: 297 time: 0.0817168
2026-02-27 02:31:19.092 47 INFO eventlet.wsgi.server [-] 10.100.0.8, "GET /2009-04-04/meta-data/block-device-mapping HTTP/1.1" status: 200 len: 143 time: 0.0141797
2026-02-27 02:31:19.114 46 INFO eventlet.wsgi.server [-] 10.100.0.8, "GET /2009-04-04/meta-data/block-device-mapping/ami HTTP/1.1" status: 200 len: 138 time: 0.0170317
2026-02-27 02:31:19.135 46 INFO eventlet.wsgi.server [-] 10.100.0.8, "GET /2009-04-04/meta-data/block-device-mapping/root HTTP/1.1" status: 200 len: 143 time: 0.0160520
2026-02-27 02:31:19.169 46 INFO eventlet.wsgi.server [-] 10.100.0.8, "GET /2009-04-04/meta-data/public-hostname HTTP/1.1" status: 200 len: 191 time: 0.0262179
2026-02-27 02:31:19.188 46 INFO eventlet.wsgi.server [-] 10.100.0.8, "GET /2009-04-04/meta-data/placement/availability-zone HTTP/1.1" status: 200 len: 139 time: 0.0110512
2026-02-27 02:32:09.417 46 INFO eventlet.wsgi.server [-] 10.100.0.8, "GET /latest/meta-data/public-ipv4 HTTP/1.1" status: 200 len: 149 time: 0.1947680
2026-02-27 02:32:09.704 46 INFO eventlet.wsgi.server [-] 10.100.0.8, "POST /openstack/2013-10-17/password HTTP/1.1" status: 200 len: 134 time: 0.2107034
2026-02-27 02:33:01.357 47 INFO eventlet.wsgi.server [-] 169.254.169.254, "GET / HTTP/1.1" status: 404 len: 176 time: 0.0064690
2026-02-27 02:36:11.340 46 INFO eventlet.wsgi.server [-] 169.254.169.254, "GET / HTTP/1.1" status: 404 len: 176 time: 0.0051568
2026-02-27 02:38:41.320 46 INFO eventlet.wsgi.server [-] 169.254.169.254, "GET / HTTP/1.1" status: 404 len: 176 time: 0.0073714
2026-02-27 02:39:21.472 47 INFO eventlet.wsgi.server [-] 169.254.169.254, "GET / HTTP/1.1" status: 404 len: 176 time: 0.0910637