+ COMMAND=start + start + exec neutron-rpc-server --config-file /etc/neutron/neutron.conf --config-file /etc/neutron/plugins/ml2/ml2_conf.ini /var/lib/openstack/lib/python3.10/site-packages/paste/deploy/loadwsgi.py:8: UserWarning: pkg_resources is deprecated as an API. See https://setuptools.pypa.io/en/latest/pkg_resources.html. The pkg_resources package is slated for removal as early as 2025-11-30. Refrain from using this package or pin to Setuptools<81. import pkg_resources
2026-02-27 01:50:45.097 1 INFO neutron.common.config [-] Logging enabled!
2026-02-27 01:50:45.098 1 INFO neutron.common.config [-] /var/lib/openstack/bin/neutron-rpc-server version 21.2.2.dev24
2026-02-27 01:50:45.098 1 INFO neutron.server.rpc_eventlet [-] Eventlet based AMQP RPC server starting...
2026-02-27 01:50:45.098 1 INFO neutron.manager [-] Loading core plugin: ml2
2026-02-27 01:50:45.854 1 INFO neutron.plugins.ml2.managers [-] Configured type driver names: ['flat', 'gre', 'vlan', 'vxlan']
2026-02-27 01:50:45.856 1 INFO neutron.plugins.ml2.drivers.type_flat [-] Arbitrary flat physical_network names allowed
2026-02-27 01:50:45.859 1 INFO neutron.plugins.ml2.drivers.type_vlan [-] Network VLAN ranges: OrderedDict([('external', [(1, 4094)])])
2026-02-27 01:50:45.860 1 INFO neutron.plugins.ml2.managers [-] Loaded type driver names: ['flat', 'gre', 'vlan', 'vxlan']
2026-02-27 01:50:45.860 1 INFO neutron.plugins.ml2.managers [-] Registered types: dict_keys(['flat', 'gre', 'vlan', 'vxlan'])
2026-02-27 01:50:45.860 1 INFO neutron.plugins.ml2.managers [-] Tenant network_types: ['vxlan']
2026-02-27 01:50:45.860 1 INFO neutron.plugins.ml2.managers [-] Configured extension driver names: ['dns_domain_ports', 'port_security', 'qos']
2026-02-27 01:50:45.866 1 INFO neutron.plugins.ml2.managers [-] Loaded extension driver names: ['dns_domain_ports', 'port_security', 'qos']
2026-02-27 01:50:45.866 1 INFO neutron.plugins.ml2.managers [-] Registered extension drivers: ['dns_domain_ports', 'port_security', 'qos']
2026-02-27 01:50:45.866 1 INFO neutron.plugins.ml2.managers [-] Configured mechanism driver names: ['openvswitch', 'l2population']
2026-02-27 01:50:45.882 1 INFO neutron.plugins.ml2.drivers.mech_agent [-] Open vSwitch agent's supported_vnic_types: ['normal', 'direct', 'smart-nic', 'vdpa']
2026-02-27 01:50:45.883 1 INFO neutron.plugins.ml2.managers [-] Loaded mechanism driver names: ['openvswitch', 'l2population']
2026-02-27 01:50:45.884 1 INFO neutron.plugins.ml2.managers [-] Registered mechanism drivers: ['openvswitch', 'l2population']
2026-02-27 01:50:45.912 1 INFO neutron.plugins.ml2.managers [-] Initializing driver for type 'flat'
2026-02-27 01:50:45.912 1 INFO neutron.plugins.ml2.drivers.type_flat [-] ML2 FlatTypeDriver initialization complete
2026-02-27 01:50:45.912 1 INFO neutron.plugins.ml2.managers [-] Initializing driver for type 'gre'
2026-02-27 01:50:45.913 1 INFO neutron.plugins.ml2.drivers.type_tunnel [-] gre ID ranges: [(1, 1000)]
2026-02-27 01:50:46.169 1 INFO neutron.plugins.ml2.managers [None req-94c97174-65c4-4545-9922-fbae9e60853b - - - - - -] Initializing driver for type 'vlan'
2026-02-27 01:50:46.457 1 INFO neutron.plugins.ml2.drivers.type_vlan [None req-94c97174-65c4-4545-9922-fbae9e60853b - - - - - -] VlanTypeDriver initialization complete
2026-02-27 01:50:46.457 1 INFO neutron.plugins.ml2.managers [None req-94c97174-65c4-4545-9922-fbae9e60853b - - - - - -] Initializing driver for type 'vxlan'
2026-02-27 01:50:46.458 1 INFO neutron.plugins.ml2.drivers.type_tunnel [None req-94c97174-65c4-4545-9922-fbae9e60853b - - - - - -] vxlan ID ranges: [(1, 1000)]
2026-02-27 01:50:46.493 1 INFO neutron.plugins.ml2.managers [None req-94c97174-65c4-4545-9922-fbae9e60853b - - - - - -] Initializing extension driver 'dns_domain_ports'
2026-02-27 01:50:46.493 1 INFO neutron.plugins.ml2.extensions.dns_integration [None req-94c97174-65c4-4545-9922-fbae9e60853b - - - - - -] DNSDomainPortsExtensionDriver initialization complete
2026-02-27 01:50:46.493 1 INFO neutron.plugins.ml2.managers [None req-94c97174-65c4-4545-9922-fbae9e60853b - - - - - -] Initializing extension driver 'port_security'
2026-02-27 01:50:46.493 1 INFO neutron.plugins.ml2.extensions.port_security [None req-94c97174-65c4-4545-9922-fbae9e60853b - - - - - -] PortSecurityExtensionDriver initialization complete
2026-02-27 01:50:46.493 1 INFO neutron.plugins.ml2.managers [None req-94c97174-65c4-4545-9922-fbae9e60853b - - - - - -] Initializing extension driver 'qos'
2026-02-27 01:50:46.494 1 INFO neutron.plugins.ml2.managers [None req-94c97174-65c4-4545-9922-fbae9e60853b - - - - - -] Initializing mechanism driver 'openvswitch'
2026-02-27 01:50:46.494 1 INFO neutron.plugins.ml2.managers [None req-94c97174-65c4-4545-9922-fbae9e60853b - - - - - -] Initializing mechanism driver 'l2population'
2026-02-27 01:50:46.505 1 INFO neutron.quota [None req-3e2513ff-21ea-42e9-8157-8bfcac014ec2 - - - - - -] Loaded quota_driver: .
2026-02-27 01:50:46.506 1 INFO neutron.plugins.ml2.plugin [None req-3e2513ff-21ea-42e9-8157-8bfcac014ec2 - - - - - -] Modular L2 Plugin initialization complete
2026-02-27 01:50:46.506 1 INFO neutron.plugins.ml2.managers [None req-3e2513ff-21ea-42e9-8157-8bfcac014ec2 - - - - - -] Got dns-integration extension from driver 'dns_domain_ports'
2026-02-27 01:50:46.506 1 INFO neutron.plugins.ml2.managers [None req-3e2513ff-21ea-42e9-8157-8bfcac014ec2 - - - - - -] Got dns-domain-ports extension from driver 'dns_domain_ports'
2026-02-27 01:50:46.506 1 INFO neutron.plugins.ml2.managers [None req-3e2513ff-21ea-42e9-8157-8bfcac014ec2 - - - - - -] Got port-security extension from driver 'port_security'
2026-02-27 01:50:46.506 1 INFO neutron.extensions.vlantransparent [None req-3e2513ff-21ea-42e9-8157-8bfcac014ec2 - - - - - -] Disabled vlantransparent extension.
2026-02-27 01:50:46.507 1 INFO neutron.manager [None req-3e2513ff-21ea-42e9-8157-8bfcac014ec2 - - - - - -] Loading Plugin: qos
2026-02-27 01:50:46.515 1 INFO neutron.manager [None req-3e2513ff-21ea-42e9-8157-8bfcac014ec2 - - - - - -] Loading Plugin: router
2026-02-27 01:50:46.545 1 INFO neutron.services.service_base [None req-3e2513ff-21ea-42e9-8157-8bfcac014ec2 - - - - - -] Default provider is not specified for service type L3_ROUTER_NAT
2026-02-27 01:50:46.545 1 INFO neutron.manager [None req-3e2513ff-21ea-42e9-8157-8bfcac014ec2 - - - - - -] Loading Plugin: segments
2026-02-27 01:50:46.603 1 INFO neutron.manager [None req-3e2513ff-21ea-42e9-8157-8bfcac014ec2 - - - - - -] Loading Plugin: trunk
2026-02-27 01:50:46.653 1 INFO neutron.manager [None req-3e2513ff-21ea-42e9-8157-8bfcac014ec2 - - - - - -] Loading Plugin: vpnaas
2026-02-27 01:50:46.681 1 WARNING stevedore.named [None req-3e2513ff-21ea-42e9-8157-8bfcac014ec2 - - - - - -] Could not load neutron_vpnaas.services.vpn.service_drivers.ipsec.IPsecVPNDriver
2026-02-27 01:50:46.735 1 INFO neutron_vpnaas.services.vpn.plugin [None req-3e2513ff-21ea-42e9-8157-8bfcac014ec2 - - - - - -] VPN plugin using service drivers: dict_keys(['strongswan']), default: strongswan
2026-02-27 01:50:46.736 1 INFO neutron.common.utils [None req-3e2513ff-21ea-42e9-8157-8bfcac014ec2 - - - - - -] Disable filter validation extension by service plugin VPNDriverPlugin.
2026-02-27 01:50:46.736 1 INFO neutron.manager [None req-3e2513ff-21ea-42e9-8157-8bfcac014ec2 - - - - - -] Loading Plugin: auto_allocate
2026-02-27 01:50:46.741 1 INFO neutron.manager [None req-3e2513ff-21ea-42e9-8157-8bfcac014ec2 - - - - - -] Loading Plugin: tag
2026-02-27 01:50:46.746 1 INFO neutron.manager [None req-3e2513ff-21ea-42e9-8157-8bfcac014ec2 - - - - - -] Loading Plugin: timestamp
2026-02-27 01:50:46.748 1 INFO neutron.manager [None req-3e2513ff-21ea-42e9-8157-8bfcac014ec2 - - - - - -] Loading Plugin: network_ip_availability
2026-02-27 01:50:46.751 1 INFO neutron.manager [None req-3e2513ff-21ea-42e9-8157-8bfcac014ec2 - - - - - -] Loading Plugin: flavors
2026-02-27 01:50:46.753 1 INFO neutron.manager [None req-3e2513ff-21ea-42e9-8157-8bfcac014ec2 - - - - - -] Loading Plugin: revisions
2026-02-27 01:50:46.756 1 INFO neutron.api.extensions [None req-3e2513ff-21ea-42e9-8157-8bfcac014ec2 - - - - - -] Initializing extension manager.
2026-02-27 01:50:46.757 1 INFO neutron.api.extensions [None req-3e2513ff-21ea-42e9-8157-8bfcac014ec2 - - - - - -] Loaded extension: address-group
2026-02-27 01:50:46.758 1 INFO neutron.api.extensions [None req-3e2513ff-21ea-42e9-8157-8bfcac014ec2 - - - - - -] Loaded extension: address-scope
2026-02-27 01:50:46.758 1 INFO neutron.api.extensions [None req-3e2513ff-21ea-42e9-8157-8bfcac014ec2 - - - - - -] Loaded extension: router-admin-state-down-before-update
2026-02-27 01:50:46.759 1 INFO neutron.api.extensions [None req-3e2513ff-21ea-42e9-8157-8bfcac014ec2 - - - - - -] Loaded extension: agent
2026-02-27 01:50:46.759 1 INFO neutron.api.extensions [None req-3e2513ff-21ea-42e9-8157-8bfcac014ec2 - - - - - -] Loaded extension: agent-resources-synced
2026-02-27 01:50:46.760 1 INFO neutron.api.extensions [None req-3e2513ff-21ea-42e9-8157-8bfcac014ec2 - - - - - -] Loaded extension: allowed-address-pairs
2026-02-27 01:50:46.761 1 INFO neutron.api.extensions [None req-3e2513ff-21ea-42e9-8157-8bfcac014ec2 - - - - - -] Loaded extension: auto-allocated-topology
2026-02-27 01:50:46.761 1 INFO neutron.api.extensions [None req-3e2513ff-21ea-42e9-8157-8bfcac014ec2 - - - - - -] Loaded extension: availability_zone
2026-02-27 01:50:46.762 1 INFO neutron.api.extensions [None req-3e2513ff-21ea-42e9-8157-8bfcac014ec2 - - - - - -] Loaded extension: availability_zone_filter
2026-02-27 01:50:46.763 1 INFO neutron.api.extensions [None req-3e2513ff-21ea-42e9-8157-8bfcac014ec2 - - - - - -] Extension data-plane-status not supported by any of loaded plugins
2026-02-27 01:50:46.763 1 INFO neutron.api.extensions [None req-3e2513ff-21ea-42e9-8157-8bfcac014ec2 - - - - - -] Loaded extension: default-subnetpools
2026-02-27 01:50:46.764 1 INFO neutron.api.extensions [None req-3e2513ff-21ea-42e9-8157-8bfcac014ec2 - - - - - -] Loaded extension: dhcp_agent_scheduler
2026-02-27 01:50:46.765 1 INFO neutron.api.extensions [None req-3e2513ff-21ea-42e9-8157-8bfcac014ec2 - - - - - -] Loaded extension: dns-integration
2026-02-27 01:50:46.765 1 INFO neutron.api.extensions [None req-3e2513ff-21ea-42e9-8157-8bfcac014ec2 - - - - - -] Loaded extension: dns-domain-ports
2026-02-27 01:50:46.765 1 INFO neutron.api.extensions [None req-3e2513ff-21ea-42e9-8157-8bfcac014ec2 - - - - - -] Extension dns-integration-domain-keywords not supported by any of loaded plugins
2026-02-27 01:50:46.766 1 INFO neutron.api.extensions [None req-3e2513ff-21ea-42e9-8157-8bfcac014ec2 - - - - - -] Loaded extension: dvr
2026-02-27 01:50:46.767 1 INFO neutron.api.extensions [None req-3e2513ff-21ea-42e9-8157-8bfcac014ec2 - - - - - -] Extension ecmp_routes not supported by any of loaded plugins
2026-02-27 01:50:46.767 1 INFO neutron.api.extensions [None req-3e2513ff-21ea-42e9-8157-8bfcac014ec2 - - - - - -] Loaded extension: empty-string-filtering
2026-02-27 01:50:46.767 1 INFO neutron.api.extensions [None req-3e2513ff-21ea-42e9-8157-8bfcac014ec2 - - - - - -] Extension expose-l3-conntrack-helper not supported by any of loaded plugins
2026-02-27 01:50:46.768 1 INFO neutron.api.extensions [None req-3e2513ff-21ea-42e9-8157-8bfcac014ec2 - - - - - -] Extension expose-port-forwarding-in-fip not supported by any of loaded plugins
2026-02-27 01:50:46.768 1 INFO neutron.api.extensions [None req-3e2513ff-21ea-42e9-8157-8bfcac014ec2 - - - - - -] Loaded extension: external-net
2026-02-27 01:50:46.769 1 INFO neutron.api.extensions [None req-3e2513ff-21ea-42e9-8157-8bfcac014ec2 - - - - - -] Loaded extension: extra_dhcp_opt
2026-02-27 01:50:46.769 1 INFO neutron.api.extensions [None req-3e2513ff-21ea-42e9-8157-8bfcac014ec2 - - - - - -] Loaded extension: extraroute
2026-02-27 01:50:46.770 1 INFO neutron.api.extensions [None req-3e2513ff-21ea-42e9-8157-8bfcac014ec2 - - - - - -] Loaded extension: extraroute-atomic
2026-02-27 01:50:46.770 1 INFO neutron.api.extensions [None req-3e2513ff-21ea-42e9-8157-8bfcac014ec2 - - - - - -] Extension filter-validation not supported by any of loaded plugins
2026-02-27 01:50:46.771 1 INFO neutron.api.extensions [None req-3e2513ff-21ea-42e9-8157-8bfcac014ec2 - - - - - -] Extension floating-ip-port-forwarding-description not supported by any of loaded plugins
2026-02-27 01:50:46.771 1 INFO neutron.api.extensions [None req-3e2513ff-21ea-42e9-8157-8bfcac014ec2 - - - - - -] Loaded extension: floating-ip-port-forwarding-detail
2026-02-27 01:50:46.772 1 INFO neutron.api.extensions [None req-3e2513ff-21ea-42e9-8157-8bfcac014ec2 - - - - - -] Extension floating-ip-port-forwarding-port-ranges not supported by any of loaded plugins
2026-02-27 01:50:46.772 1 INFO neutron.api.extensions [None req-3e2513ff-21ea-42e9-8157-8bfcac014ec2 - - - - - -] Loaded extension: fip-port-details
2026-02-27 01:50:46.773 1 INFO neutron.api.extensions [None req-3e2513ff-21ea-42e9-8157-8bfcac014ec2 - - - - - -] Loaded extension: flavors
2026-02-27 01:50:46.773 1 INFO neutron.api.extensions [None req-3e2513ff-21ea-42e9-8157-8bfcac014ec2 - - - - - -] Extension floating-ip-port-forwarding not supported by any of loaded plugins
2026-02-27 01:50:46.774 1 INFO neutron.api.extensions [None req-3e2513ff-21ea-42e9-8157-8bfcac014ec2 - - - - - -] Loaded extension: floatingip-pools
2026-02-27 01:50:46.775 1 INFO neutron.api.extensions [None req-3e2513ff-21ea-42e9-8157-8bfcac014ec2 - - - - - -] Loaded extension: ip_allocation
2026-02-27 01:50:46.775 1 INFO neutron.api.extensions [None req-3e2513ff-21ea-42e9-8157-8bfcac014ec2 - - - - - -] Loaded extension: ip-substring-filtering
2026-02-27 01:50:46.775 1 INFO neutron.api.extensions [None req-3e2513ff-21ea-42e9-8157-8bfcac014ec2 - - - - - -] Loaded extension: l2_adjacency
2026-02-27 01:50:46.776 1 INFO neutron.api.extensions [None req-3e2513ff-21ea-42e9-8157-8bfcac014ec2 - - - - - -] Loaded extension: router
2026-02-27 01:50:46.778 1 INFO neutron.api.extensions [None req-3e2513ff-21ea-42e9-8157-8bfcac014ec2 - - - - - -] Extension l3-conntrack-helper not supported by any of loaded plugins
2026-02-27 01:50:46.778 1 INFO neutron.api.extensions [None req-3e2513ff-21ea-42e9-8157-8bfcac014ec2 - - - - - -] Loaded extension: ext-gw-mode
2026-02-27 01:50:46.779 1 INFO neutron.api.extensions [None req-3e2513ff-21ea-42e9-8157-8bfcac014ec2 - - - - - -] Loaded extension: l3-ha
2026-02-27 01:50:46.779 1 INFO neutron.api.extensions [None req-3e2513ff-21ea-42e9-8157-8bfcac014ec2 - - - - - -] Extension l3-ext-ndp-proxy not supported by any of loaded plugins
2026-02-27 01:50:46.780 1 INFO neutron.api.extensions [None req-3e2513ff-21ea-42e9-8157-8bfcac014ec2 - - - - - -] Loaded extension: l3-flavors
2026-02-27 01:50:46.780 1 INFO neutron.api.extensions [None req-3e2513ff-21ea-42e9-8157-8bfcac014ec2 - - - - - -] Extension l3-ndp-proxy not supported by any of loaded plugins
2026-02-27 01:50:46.781 1 INFO neutron.api.extensions [None req-3e2513ff-21ea-42e9-8157-8bfcac014ec2 - - - - - -] Loaded extension: l3-port-ip-change-not-allowed
2026-02-27 01:50:46.782 1 INFO neutron.api.extensions [None req-3e2513ff-21ea-42e9-8157-8bfcac014ec2 - - - - - -] Loaded extension: l3_agent_scheduler
2026-02-27 01:50:46.783 1 INFO neutron.api.extensions [None req-3e2513ff-21ea-42e9-8157-8bfcac014ec2 - - - - - -] Extension local_ip not supported by any of loaded plugins
2026-02-27 01:50:46.784 1 INFO neutron.api.extensions [None req-3e2513ff-21ea-42e9-8157-8bfcac014ec2 - - - - - -] Extension logging not supported by any of loaded plugins
2026-02-27 01:50:46.785 1 INFO neutron.api.extensions [None req-3e2513ff-21ea-42e9-8157-8bfcac014ec2 - - - - - -] Extension metering not supported by any of loaded plugins
2026-02-27 01:50:46.785 1 INFO neutron.api.extensions [None req-3e2513ff-21ea-42e9-8157-8bfcac014ec2 - - - - - -] Extension metering_source_and_destination_fields not supported by any of loaded plugins
2026-02-27 01:50:46.786 1 INFO neutron.api.extensions [None req-3e2513ff-21ea-42e9-8157-8bfcac014ec2 - - - - - -] Loaded extension: multi-provider
2026-02-27 01:50:46.786 1 INFO neutron.api.extensions [None req-3e2513ff-21ea-42e9-8157-8bfcac014ec2 - - - - - -] Loaded extension: net-mtu
2026-02-27 01:50:46.787 1 INFO neutron.api.extensions [None req-3e2513ff-21ea-42e9-8157-8bfcac014ec2 - - - - - -] Loaded extension: net-mtu-writable
2026-02-27 01:50:46.787 1 INFO neutron.api.extensions [None req-3e2513ff-21ea-42e9-8157-8bfcac014ec2 - - - - - -] Loaded extension: network_availability_zone
2026-02-27 01:50:46.788 1 INFO neutron.api.extensions [None req-3e2513ff-21ea-42e9-8157-8bfcac014ec2 - - - - - -] Loaded extension: network-ip-availability
2026-02-27 01:50:46.789 1 INFO neutron.api.extensions [None req-3e2513ff-21ea-42e9-8157-8bfcac014ec2 - - - - - -] Extension network-segment-range not supported by any of loaded plugins
2026-02-27 01:50:46.789 1 INFO neutron.api.extensions [None req-3e2513ff-21ea-42e9-8157-8bfcac014ec2 - - - - - -] Loaded extension: pagination
2026-02-27 01:50:46.789 1 INFO neutron.api.extensions [None req-3e2513ff-21ea-42e9-8157-8bfcac014ec2 - - - - - -] Loaded extension: port-device-profile
2026-02-27 01:50:46.790 1 INFO neutron.api.extensions [None req-3e2513ff-21ea-42e9-8157-8bfcac014ec2 - - - - - -] Loaded extension: port-mac-override
2026-02-27 01:50:46.790 1 INFO neutron.api.extensions [None req-3e2513ff-21ea-42e9-8157-8bfcac014ec2 - - - - - -] Loaded extension: port-mac-address-regenerate
2026-02-27 01:50:46.791 1 INFO neutron.api.extensions [None req-3e2513ff-21ea-42e9-8157-8bfcac014ec2 - - - - - -] Loaded extension: port-numa-affinity-policy
2026-02-27 01:50:46.791 1 INFO neutron.api.extensions [None req-3e2513ff-21ea-42e9-8157-8bfcac014ec2 - - - - - -] Loaded extension: port-resource-request
2026-02-27 01:50:46.792 1 INFO neutron.api.extensions [None req-3e2513ff-21ea-42e9-8157-8bfcac014ec2 - - - - - -] Loaded extension: port-resource-request-groups
2026-02-27 01:50:46.792 1 INFO neutron.api.extensions [None req-3e2513ff-21ea-42e9-8157-8bfcac014ec2 - - - - - -] Loaded extension: binding
2026-02-27 01:50:46.793 1 INFO neutron.api.extensions [None req-3e2513ff-21ea-42e9-8157-8bfcac014ec2 - - - - - -] Loaded extension: binding-extended
2026-02-27 01:50:46.793 1 INFO neutron.api.extensions [None req-3e2513ff-21ea-42e9-8157-8bfcac014ec2 - - - - - -] Loaded extension: port-security
2026-02-27 01:50:46.794 1 INFO neutron.api.extensions [None req-3e2513ff-21ea-42e9-8157-8bfcac014ec2 - - - - - -] Loaded extension: project-id
2026-02-27 01:50:46.794 1 INFO neutron.api.extensions [None req-3e2513ff-21ea-42e9-8157-8bfcac014ec2 - - - - - -] Loaded extension: provider
2026-02-27 01:50:46.795 1 INFO neutron.api.extensions [None req-3e2513ff-21ea-42e9-8157-8bfcac014ec2 - - - - - -] Loaded extension: qos
2026-02-27 01:50:46.796 1 INFO neutron.api.extensions [None req-3e2513ff-21ea-42e9-8157-8bfcac014ec2 - - - - - -] Loaded extension: qos-bw-limit-direction
2026-02-27 01:50:46.797 1 INFO neutron.api.extensions [None req-3e2513ff-21ea-42e9-8157-8bfcac014ec2 - - - - - -] Loaded extension: qos-bw-minimum-ingress
2026-02-27 01:50:46.797 1 INFO neutron.api.extensions [None req-3e2513ff-21ea-42e9-8157-8bfcac014ec2 - - - - - -] Loaded extension: qos-default
2026-02-27 01:50:46.797 1 INFO neutron.api.extensions [None req-3e2513ff-21ea-42e9-8157-8bfcac014ec2 - - - - - -] Loaded extension: qos-fip
2026-02-27 01:50:46.798 1 INFO neutron.api.extensions [None req-3e2513ff-21ea-42e9-8157-8bfcac014ec2 - - - - - -] Extension qos-fip-network-policy not supported by any of loaded plugins
2026-02-27 01:50:46.798 1 INFO neutron.api.extensions [None req-3e2513ff-21ea-42e9-8157-8bfcac014ec2 - - - - - -] Loaded extension: qos-gateway-ip
2026-02-27 01:50:46.799 1 INFO neutron.api.extensions [None req-3e2513ff-21ea-42e9-8157-8bfcac014ec2 - - - - - -] Loaded extension: qos-port-network-policy
2026-02-27 01:50:46.799 1 INFO neutron.api.extensions [None req-3e2513ff-21ea-42e9-8157-8bfcac014ec2 - - - - - -] Loaded extension: qos-pps-minimum
2026-02-27 01:50:46.800 1 INFO neutron.api.extensions [None req-3e2513ff-21ea-42e9-8157-8bfcac014ec2 - - - - - -] Loaded extension: qos-pps-minimum-rule-alias
2026-02-27 01:50:46.800 1 INFO neutron.api.extensions [None req-3e2513ff-21ea-42e9-8157-8bfcac014ec2 - - - - - -] Loaded extension: qos-pps
2026-02-27 01:50:46.801 1 INFO neutron.api.extensions [None req-3e2513ff-21ea-42e9-8157-8bfcac014ec2 - - - - - -] Loaded extension: qos-rule-type-details
2026-02-27 01:50:46.801 1 INFO neutron.api.extensions [None req-3e2513ff-21ea-42e9-8157-8bfcac014ec2 - - - - - -] Loaded extension: qos-rule-type-filter
2026-02-27 01:50:46.802 1 INFO neutron.api.extensions [None req-3e2513ff-21ea-42e9-8157-8bfcac014ec2 - - - - - -] Loaded extension: qos-rules-alias
2026-02-27 01:50:46.802 1 INFO neutron.api.extensions [None req-3e2513ff-21ea-42e9-8157-8bfcac014ec2 - - - - - -] Loaded extension: quota-check-limit
2026-02-27 01:50:46.804 1 INFO neutron.api.extensions [None req-3e2513ff-21ea-42e9-8157-8bfcac014ec2 - - - - - -] Loaded extension: quotas
2026-02-27 01:50:46.806 1 INFO neutron.api.extensions [None req-3e2513ff-21ea-42e9-8157-8bfcac014ec2 - - - - - -] Loaded extension: quota_details
2026-02-27 01:50:46.807 1 INFO neutron.api.extensions [None req-3e2513ff-21ea-42e9-8157-8bfcac014ec2 - - - - - -] Loaded extension: rbac-policies
2026-02-27 01:50:46.808 1 INFO neutron.api.extensions [None req-3e2513ff-21ea-42e9-8157-8bfcac014ec2 - - - - - -] Loaded extension: rbac-address-group
2026-02-27 01:50:46.808 1 INFO neutron.api.extensions [None req-3e2513ff-21ea-42e9-8157-8bfcac014ec2 - - - - - -] Loaded extension: rbac-address-scope
2026-02-27 01:50:46.808 1 INFO neutron.api.extensions [None req-3e2513ff-21ea-42e9-8157-8bfcac014ec2 - - - - - -] Loaded extension: rbac-security-groups
2026-02-27 01:50:46.809 1 INFO neutron.api.extensions [None req-3e2513ff-21ea-42e9-8157-8bfcac014ec2 - - - - - -] Loaded extension: rbac-subnetpool
2026-02-27 01:50:46.809 1 INFO neutron.api.extensions [None req-3e2513ff-21ea-42e9-8157-8bfcac014ec2 - - - - - -] Loaded extension: revision-if-match
2026-02-27 01:50:46.810 1 INFO neutron.api.extensions [None req-3e2513ff-21ea-42e9-8157-8bfcac014ec2 - - - - - -] Loaded extension: standard-attr-revisions
2026-02-27 01:50:46.810 1 INFO neutron.api.extensions [None req-3e2513ff-21ea-42e9-8157-8bfcac014ec2 - - - - - -] Loaded extension: router_availability_zone
2026-02-27 01:50:46.811 1 INFO neutron.api.extensions [None req-3e2513ff-21ea-42e9-8157-8bfcac014ec2 - - - - - -] Extension router-service-type not supported by any of loaded plugins
2026-02-27 01:50:46.811 1 INFO neutron.api.extensions [None req-3e2513ff-21ea-42e9-8157-8bfcac014ec2 - - - - - -] Loaded extension: security-groups-normalized-cidr
2026-02-27 01:50:46.812 1 INFO neutron.api.extensions [None req-3e2513ff-21ea-42e9-8157-8bfcac014ec2 - - - - - -] Loaded extension: port-security-groups-filtering
2026-02-27 01:50:46.812 1 INFO neutron.api.extensions [None req-3e2513ff-21ea-42e9-8157-8bfcac014ec2 - - - - - -] Loaded extension: security-groups-remote-address-group
2026-02-27 01:50:46.813 1 INFO neutron.api.extensions [None req-3e2513ff-21ea-42e9-8157-8bfcac014ec2 - - - - - -] Loaded extension: security-groups-shared-filtering
2026-02-27 01:50:46.819 1 INFO neutron.api.extensions [None req-3e2513ff-21ea-42e9-8157-8bfcac014ec2 - - - - - -] Loaded extension: security-group
2026-02-27 01:50:46.819 1 INFO neutron.api.extensions [None req-3e2513ff-21ea-42e9-8157-8bfcac014ec2 - - - - - -] Loaded extension: segment
2026-02-27 01:50:46.820 1 INFO neutron.api.extensions [None req-3e2513ff-21ea-42e9-8157-8bfcac014ec2 - - - - - -] Loaded extension: segments-peer-subnet-host-routes
2026-02-27 01:50:46.821 1 INFO neutron.api.extensions [None req-3e2513ff-21ea-42e9-8157-8bfcac014ec2 - - - - - -] Loaded extension: service-type
2026-02-27 01:50:46.821 1 INFO neutron.api.extensions [None req-3e2513ff-21ea-42e9-8157-8bfcac014ec2 - - - - - -] Loaded extension: sorting
2026-02-27 01:50:46.821 1 INFO neutron.api.extensions [None req-3e2513ff-21ea-42e9-8157-8bfcac014ec2 - - - - - -] Loaded extension: standard-attr-segment
2026-02-27 01:50:46.822 1 INFO neutron.api.extensions [None req-3e2513ff-21ea-42e9-8157-8bfcac014ec2 - - - - - -] Loaded extension: standard-attr-description
2026-02-27 01:50:46.822 1 INFO neutron.api.extensions [None req-3e2513ff-21ea-42e9-8157-8bfcac014ec2 - - - - - -] Loaded extension: stateful-security-group
2026-02-27 01:50:46.823 1 WARNING neutron.api.extensions [None req-3e2513ff-21ea-42e9-8157-8bfcac014ec2 - - - - - -] Did not find expected name "Stdattrs_common" in /var/lib/openstack/lib/python3.10/site-packages/neutron/extensions/stdattrs_common.py
2026-02-27 01:50:46.824 1 INFO neutron.api.extensions [None req-3e2513ff-21ea-42e9-8157-8bfcac014ec2 - - - - - -] Extension subnet-dns-publish-fixed-ip not supported by any of loaded plugins
2026-02-27 01:50:46.824 1 INFO neutron.api.extensions [None req-3e2513ff-21ea-42e9-8157-8bfcac014ec2 - - - - - -] Loaded extension: subnet_onboard
2026-02-27 01:50:46.825 1 INFO neutron.api.extensions [None req-3e2513ff-21ea-42e9-8157-8bfcac014ec2 - - - - - -] Loaded extension: subnet-segmentid-writable
2026-02-27 01:50:46.825 1 INFO neutron.api.extensions [None req-3e2513ff-21ea-42e9-8157-8bfcac014ec2 - - - - - -] Loaded extension: subnet-service-types
2026-02-27 01:50:46.826 1 INFO neutron.api.extensions [None req-3e2513ff-21ea-42e9-8157-8bfcac014ec2 - - - - - -] Loaded extension: subnet_allocation
2026-02-27 01:50:46.826 1 INFO neutron.api.extensions [None req-3e2513ff-21ea-42e9-8157-8bfcac014ec2 - - - - - -] Loaded extension: subnetpool-prefix-ops
2026-02-27 01:50:46.827 1 INFO neutron.api.extensions [None req-3e2513ff-21ea-42e9-8157-8bfcac014ec2 - - - - - -] Extension tag-ports-during-bulk-creation not supported by any of loaded plugins
2026-02-27 01:50:46.828 1 INFO neutron.api.extensions [None req-3e2513ff-21ea-42e9-8157-8bfcac014ec2 - - - - - -] Loaded extension: standard-attr-tag
2026-02-27 01:50:46.829 1 INFO neutron.api.extensions [None req-3e2513ff-21ea-42e9-8157-8bfcac014ec2 - - - - - -] Loaded extension: standard-attr-timestamp
2026-02-27 01:50:46.829 1 INFO neutron.api.extensions [None req-3e2513ff-21ea-42e9-8157-8bfcac014ec2 - - - - - -] Loaded extension: trunk
2026-02-27 01:50:46.830 1 INFO neutron.api.extensions [None req-3e2513ff-21ea-42e9-8157-8bfcac014ec2 - - - - - -] Loaded extension: trunk-details
2026-02-27 01:50:46.830 1 INFO neutron.api.extensions [None req-3e2513ff-21ea-42e9-8157-8bfcac014ec2 - - - - - -] Extension uplink-status-propagation not supported by any of loaded plugins
2026-02-27 01:50:46.831 1 INFO neutron.api.extensions [None req-3e2513ff-21ea-42e9-8157-8bfcac014ec2 - - - - - -] Extension vlan-transparent not supported by any of loaded plugins
2026-02-27 01:50:46.832 1 INFO neutron.api.extensions [None req-3e2513ff-21ea-42e9-8157-8bfcac014ec2 - - - - - -] Loaded extension: vpn-endpoint-groups
2026-02-27 01:50:46.832 1 INFO neutron.api.extensions [None req-3e2513ff-21ea-42e9-8157-8bfcac014ec2 - - - - - -] Loaded extension: vpn-flavors
2026-02-27 01:50:46.833 1 INFO neutron.api.extensions [None req-3e2513ff-21ea-42e9-8157-8bfcac014ec2 - - - - - -] Loaded extension: vpnaas
2026-02-27 01:50:46.836 1 INFO oslo_service.service [None req-3e2513ff-21ea-42e9-8157-8bfcac014ec2 - - - - - -] Starting 2 workers
2026-02-27 01:50:46.840 1 INFO oslo_service.service [None req-3e2513ff-21ea-42e9-8157-8bfcac014ec2 - - - - - -] Starting 1 workers
2026-02-27 01:51:24.642 10 INFO neutron.db.l3_hamode_db [None req-1422351f-5832-49e2-98f2-180100263680 - - - - - -] Number of active agents lower than max_l3_agents_per_router. L3 agents available: 1
2026-02-27 01:51:36.162 9 INFO neutron.plugins.ml2.plugin [None req-98443f8c-9c4f-4a3a-a121-e3e6052fb35d - - - - - -] Attempt 1 to provision port 890136d1-be37-4280-9a40-ee1a553caa77
2026-02-27 01:51:37.780 9 INFO neutron.plugins.ml2.plugin [None req-1cd0750f-f60d-4c7a-a2e9-8dcbb288edc5 - - - - - -] Attempt 1 to provision port 890136d1-be37-4280-9a40-ee1a553caa77
2026-02-27 01:51:37.995 10 INFO neutron.plugins.ml2.plugin [None req-98443f8c-9c4f-4a3a-a121-e3e6052fb35d - - - - - -] Attempt 1 to provision port 890136d1-be37-4280-9a40-ee1a553caa77
2026-02-27 01:51:38.152 9 INFO neutron.plugins.ml2.plugin [None req-f00c698c-0284-4a1c-b624-76017dcadceb - - - - - -] Attempt 1 to provision port 890136d1-be37-4280-9a40-ee1a553caa77
2026-02-27 01:57:58.222 9 INFO neutron.plugins.ml2.plugin [None req-98443f8c-9c4f-4a3a-a121-e3e6052fb35d - - - - - -] Attempt 1 to provision port 7ad622e2-df7b-4c95-bc1f-e75fa39ead3a
2026-02-27 01:57:59.263 9 INFO neutron.plugins.ml2.plugin [None req-d4bb8c17-5eef-4d82-90a5-f4cbee814727 - - - - - -] Attempt 1 to provision port 7ad622e2-df7b-4c95-bc1f-e75fa39ead3a
2026-02-27 01:57:59.440 10 INFO neutron.plugins.ml2.plugin [None req-bb281cf9-6067-4163-a46e-f7832bb7d6ba - - - - - -] Attempt 1 to provision port 7ad622e2-df7b-4c95-bc1f-e75fa39ead3a
2026-02-27 01:58:00.215 9 INFO neutron.plugins.ml2.plugin [None req-98443f8c-9c4f-4a3a-a121-e3e6052fb35d - - - - - -] Attempt 1 to provision port 7ad622e2-df7b-4c95-bc1f-e75fa39ead3a
2026-02-27 01:58:05.145 10 INFO neutron.plugins.ml2.plugin [None req-03546052-3b41-4735-8565-0410924924d2 - - - - - -] Attempt 1 to provision port 80520482-af88-45fb-9e64-8877439370e9
2026-02-27 02:01:34.445 10 INFO neutron.plugins.ml2.plugin [None req-98443f8c-9c4f-4a3a-a121-e3e6052fb35d - - - - - -] Attempt 1 to provision port 80520482-af88-45fb-9e64-8877439370e9
2026-02-27 02:01:36.357 9 INFO neutron.plugins.ml2.plugin [None req-98443f8c-9c4f-4a3a-a121-e3e6052fb35d - - - - - -] Attempt 1 to provision port 80520482-af88-45fb-9e64-8877439370e9
2026-02-27 02:12:18.858 10 INFO neutron.plugins.ml2.plugin [None req-98443f8c-9c4f-4a3a-a121-e3e6052fb35d - - - - - -] Attempt 1 to provision port 5665802a-7154-4646-b48d-689217e63609
2026-02-27 02:12:20.832 9 INFO neutron.plugins.ml2.plugin [None req-98443f8c-9c4f-4a3a-a121-e3e6052fb35d - - - - - -] Attempt 1 to provision port 5665802a-7154-4646-b48d-689217e63609
2026-02-27 02:26:59.717 9 INFO neutron.plugins.ml2.plugin [None req-98443f8c-9c4f-4a3a-a121-e3e6052fb35d - - - - - -] Attempt 1 to provision port d4100c18-b5a1-48c9-b471-1374f0dff837
2026-02-27 02:26:59.927 10 INFO neutron.plugins.ml2.plugin [None req-9ec4afa2-17f1-4fc3-868d-251dfc4d2656 - - - - - -] Attempt 1 to provision port 08c15035-81f7-4bab-b0ab-06de646080ca
2026-02-27 02:27:00.211 9 INFO neutron.plugins.ml2.plugin [None req-98443f8c-9c4f-4a3a-a121-e3e6052fb35d - - - - - -] Attempt 1 to provision port 11802d96-258c-4a34-8836-cf3ffc02addd
2026-02-27 02:27:00.600 9 INFO neutron.plugins.ml2.plugin [None req-c7eeb55c-1e72-4059-b749-9178f1e4c496 - - - - - -] Attempt 1 to provision port 1ea3c8ce-d024-4919-b238-64422cc31004
2026-02-27 02:27:01.429 10 INFO neutron.plugins.ml2.plugin [None req-98443f8c-9c4f-4a3a-a121-e3e6052fb35d - - - - - -] Attempt 1 to provision port 986da1c1-8f62-42cb-a857-7ef6d16104b5
2026-02-27 02:27:01.766 10 INFO neutron.plugins.ml2.plugin [None req-ac844d4f-a443-4698-a9d1-ff39874e973b - - - - - -] Attempt 1 to provision port 11802d96-258c-4a34-8836-cf3ffc02addd
2026-02-27 02:27:01.996 9 INFO neutron.plugins.ml2.plugin [None req-68b1472f-0ef3-4630-9137-2381fd393e70 - - - - - -] Attempt 1 to provision port d4100c18-b5a1-48c9-b471-1374f0dff837
2026-02-27 02:27:02.256 10 INFO neutron.plugins.ml2.plugin [None req-98443f8c-9c4f-4a3a-a121-e3e6052fb35d - - - - - -] Attempt 1 to provision port d4100c18-b5a1-48c9-b471-1374f0dff837
2026-02-27 02:27:02.310 9 INFO neutron.plugins.ml2.plugin [None req-5834674a-507c-4619-ac6d-437dbf7ed579 - - - - - -] Attempt 1 to provision port d4100c18-b5a1-48c9-b471-1374f0dff837
2026-02-27 02:27:02.382 9 INFO neutron.plugins.ml2.plugin [None req-5834674a-507c-4619-ac6d-437dbf7ed579 - - - - - -] Attempt 1 to provision port 11802d96-258c-4a34-8836-cf3ffc02addd
2026-02-27 02:27:02.662 9 INFO neutron.plugins.ml2.plugin [None req-64f42c6c-f5bd-42f0-a606-d44bc2051415 - - - - - -] Attempt 1 to provision port 986da1c1-8f62-42cb-a857-7ef6d16104b5
2026-02-27 02:27:02.867 10 INFO neutron.plugins.ml2.plugin [None req-b23a31f8-3640-4021-ab3b-c779985748c2 - - - - - -] Attempt 1 to provision port 8804f88c-3ff0-4cf8-b820-993524c17f48
2026-02-27 02:27:02.914 10 INFO neutron.plugins.ml2.plugin [None req-98443f8c-9c4f-4a3a-a121-e3e6052fb35d - - - - - -] Attempt 1 to provision port 11802d96-258c-4a34-8836-cf3ffc02addd
2026-02-27 02:27:03.078 9 INFO neutron.plugins.ml2.plugin [None req-66e41964-ded3-4ef8-b74d-1741c45c4163 - - - - - -] Attempt 1 to provision port fdb972fa-1890-415b-b58a-121ee1a2af94
2026-02-27 02:27:03.247 10 INFO neutron.plugins.ml2.plugin [None req-6ef031fa-3577-421b-832f-02136096a3b9 - - - - - -] Attempt 1 to provision port 986da1c1-8f62-42cb-a857-7ef6d16104b5
2026-02-27 02:27:03.524 9 INFO neutron.plugins.ml2.plugin [None req-98443f8c-9c4f-4a3a-a121-e3e6052fb35d - - - - - -] Attempt 1 to provision port 986da1c1-8f62-42cb-a857-7ef6d16104b5
2026-02-27 02:27:03.706 10 INFO neutron.plugins.ml2.plugin [None req-35ab064b-40a0-4265-af80-c6c7c62cc440 - - - - - -] Attempt 1 to provision port fdb972fa-1890-415b-b58a-121ee1a2af94
2026-02-27 02:27:04.660 9 INFO neutron.plugins.ml2.plugin [None req-9d8ea972-78c9-48e0-94ae-f044fade176f - - - - - -] Attempt 1 to provision port d9c48dcb-c455-4655-9e6e-d0ff27f3ec72
2026-02-27 02:27:05.421 10 INFO neutron.plugins.ml2.plugin [None req-d3db6542-2694-4657-b65f-1b4c65c12e16 - - - - - -] Attempt 1 to provision port ba4357ea-6350-4b3f-91d1-c88866fcfc5c
2026-02-27 02:27:05.451 10 INFO neutron.plugins.ml2.plugin [None req-d3db6542-2694-4657-b65f-1b4c65c12e16 - - - - - -] Attempt 1 to provision port d9c48dcb-c455-4655-9e6e-d0ff27f3ec72
2026-02-27 02:27:05.997 9 INFO neutron.plugins.ml2.plugin [None req-f5427953-bb12-4da9-bd7b-c8a65dd46cfc - - - - - -] Attempt 1 to provision port ba4357ea-6350-4b3f-91d1-c88866fcfc5c
2026-02-27 02:27:11.596 9 INFO neutron.plugins.ml2.plugin [None req-98443f8c-9c4f-4a3a-a121-e3e6052fb35d - - - - - -] Attempt 1 to provision port e0448e3a-90e6-4489-a842-e3b06dd9be91 /var/lib/openstack/lib/python3.10/site-packages/oslo_db/sqlalchemy/enginefacade.py:676: SAWarning: DELETE statement on table 'portsecuritybindings' expected to delete 1 row(s); 0 were matched. Please set confirm_deleted_rows=False within the mapper configuration to prevent this warning. self.session.flush() /var/lib/openstack/lib/python3.10/site-packages/oslo_db/sqlalchemy/enginefacade.py:676: SAWarning: DELETE statement on table 'ml2_port_bindings' expected to delete 1 row(s); 0 were matched. Please set confirm_deleted_rows=False within the mapper configuration to prevent this warning. self.session.flush() /var/lib/openstack/lib/python3.10/site-packages/oslo_db/sqlalchemy/enginefacade.py:676: SAWarning: DELETE statement on table 'ml2_port_binding_levels' expected to delete 1 row(s); 0 were matched. Please set confirm_deleted_rows=False within the mapper configuration to prevent this warning. self.session.flush() /var/lib/openstack/lib/python3.10/site-packages/oslo_db/sqlalchemy/enginefacade.py:676: SAWarning: DELETE statement on table 'ports' expected to delete 1 row(s); 0 were matched. Please set confirm_deleted_rows=False within the mapper configuration to prevent this warning. self.session.flush()
2026-02-27 02:27:13.618 9 INFO neutron.plugins.ml2.plugin [None req-98443f8c-9c4f-4a3a-a121-e3e6052fb35d - - - - - -] Attempt 1 to provision port e0448e3a-90e6-4489-a842-e3b06dd9be91
2026-02-27 02:27:15.671 10 INFO neutron.plugins.ml2.plugin [None req-e0d16a4f-688a-4a51-a5af-4b389c5f9bc9 - - - - - -] Attempt 1 to provision port 5c12ce6f-3e25-444a-bfca-8e994754e9c9
2026-02-27 02:27:16.876 10 INFO neutron.plugins.ml2.plugin [None req-484be621-c82e-46d6-80c9-eeb73bdc6322 - - - - - -] Attempt 1 to provision port d56363da-a57e-4b4b-a94c-bb795239ed09
2026-02-27 02:27:17.336 9 INFO neutron.plugins.ml2.plugin [None req-3f70008a-8a91-4577-b41b-07ed8815954c - - - - - -] Attempt 1 to provision port 94503848-a7ab-4444-8d58-bf75c102a825
2026-02-27 02:27:17.590 10 INFO neutron.plugins.ml2.plugin [None req-98443f8c-9c4f-4a3a-a121-e3e6052fb35d - - - - - -] Attempt 1 to provision port 32cb5096-daec-4bd6-9b4b-3d8eb3f19a5a
2026-02-27 02:27:18.336 10 INFO neutron.plugins.ml2.plugin [None req-98443f8c-9c4f-4a3a-a121-e3e6052fb35d - - - - - -] Attempt 1 to provision port 58c31ffa-b49e-4bdc-92a5-f3fd77bfcef5
2026-02-27 02:27:18.656 9 INFO neutron.plugins.ml2.plugin [None req-6b09cc39-f834-433d-b333-35e84efb89b0 - - - - - -] Attempt 1 to provision port 58c31ffa-b49e-4bdc-92a5-f3fd77bfcef5
2026-02-27 02:27:18.834 9 INFO neutron.plugins.ml2.plugin [None req-6b09cc39-f834-433d-b333-35e84efb89b0 - - - - - -] Attempt 1 to provision port 32cb5096-daec-4bd6-9b4b-3d8eb3f19a5a
2026-02-27 02:27:19.220 9 INFO neutron.plugins.ml2.plugin [None req-7304f4b4-58a0-421e-84f7-879fa773708f - - - - - -] Attempt 1 to provision port 58c31ffa-b49e-4bdc-92a5-f3fd77bfcef5
2026-02-27 02:27:19.358 9 INFO neutron.plugins.ml2.plugin [None req-7304f4b4-58a0-421e-84f7-879fa773708f - - - - - -] Attempt 1 to provision port 32cb5096-daec-4bd6-9b4b-3d8eb3f19a5a
2026-02-27 02:27:19.622 10 INFO neutron.plugins.ml2.plugin [None req-98443f8c-9c4f-4a3a-a121-e3e6052fb35d - - - - - -] Attempt 1 to provision port 32cb5096-daec-4bd6-9b4b-3d8eb3f19a5a
2026-02-27 02:27:19.939 9 INFO neutron.plugins.ml2.plugin [None req-68c65bbe-a60e-4d7f-b803-0c6f24b1114b - - - - - -] Attempt 1 to provision port 821cf353-21f9-4b76-baac-b2089b6c2ac5
2026-02-27 02:27:20.047 10 INFO neutron.plugins.ml2.plugin [None req-98443f8c-9c4f-4a3a-a121-e3e6052fb35d - - - - - -] Attempt 1 to provision port 58c31ffa-b49e-4bdc-92a5-f3fd77bfcef5
2026-02-27 02:27:20.728 10 INFO neutron.plugins.ml2.plugin [None req-fad02797-347e-4a66-b8d4-58e7f93c5a6f - - - - - -] Attempt 1 to provision port a7f427d3-e824-40a4-9928-d20978870ec4
2026-02-27 02:27:20.876 9 INFO neutron.plugins.ml2.plugin [None req-aa241bfb-5cf2-427f-914c-37e4d38b28b8 - - - - - -] Attempt 1 to provision port 821cf353-21f9-4b76-baac-b2089b6c2ac5
2026-02-27 02:27:21.474 10 INFO neutron.plugins.ml2.plugin [None req-d40984a8-129b-4f6a-b78d-99a3a9496f6b - - - - - -] Attempt 1 to provision port a7f427d3-e824-40a4-9928-d20978870ec4
2026-02-27 02:27:21.757 9 INFO neutron.plugins.ml2.plugin [None req-98443f8c-9c4f-4a3a-a121-e3e6052fb35d - - - - - -] Attempt 1 to provision port 81c3446d-0467-4835-ab97-7c3b1c8c156a
2026-02-27 02:27:22.560 9 INFO neutron.plugins.ml2.plugin [None req-98443f8c-9c4f-4a3a-a121-e3e6052fb35d - - - - - -] Attempt 1 to provision port 174d11c7-16fb-44f3-9028-90b5a6c95740
2026-02-27 02:27:23.523 9 INFO neutron.plugins.ml2.plugin [None req-98443f8c-9c4f-4a3a-a121-e3e6052fb35d - - - - - -] Attempt 1 to provision port 81c3446d-0467-4835-ab97-7c3b1c8c156a
2026-02-27 02:27:23.837 9 INFO neutron.plugins.ml2.plugin [None req-98443f8c-9c4f-4a3a-a121-e3e6052fb35d - - - - - -] Attempt 1 to provision port 174d11c7-16fb-44f3-9028-90b5a6c95740
2026-02-27 02:27:25.652 10 INFO neutron.plugins.ml2.plugin [None req-98443f8c-9c4f-4a3a-a121-e3e6052fb35d - - - - - -] Attempt 1 to provision port 5c12ce6f-3e25-444a-bfca-8e994754e9c9
2026-02-27 02:27:26.297 10 INFO neutron.notifiers.nova [-] Nova event matching ['req-c6b92a8c-3e59-4d4b-8cb5-e2ec3bd98bb5'] response: {'server_uuid': '3a016ce5-2602-4e7f-9de9-8a6155f9ecf1', 'name': 'network-vif-plugged', 'status': 'completed', 'tag': '5c12ce6f-3e25-444a-bfca-8e994754e9c9', 'code': 200}
2026-02-27 02:27:27.289 9 INFO neutron.plugins.ml2.plugin [None req-6198be1a-58d6-4227-a0fa-d321c1de5fe3 - - - - - -] Attempt 1 to provision port ff60d1ea-3bbe-46a4-839e-7c5b40a14c50
2026-02-27 02:27:27.541 10 INFO neutron.plugins.ml2.plugin [None req-98443f8c-9c4f-4a3a-a121-e3e6052fb35d - - - - - -] Attempt 1 to provision port 5c12ce6f-3e25-444a-bfca-8e994754e9c9
2026-02-27 02:27:29.722 10 INFO neutron.plugins.ml2.plugin [None req-98443f8c-9c4f-4a3a-a121-e3e6052fb35d - - - - - -] Attempt 1 to provision port ff60d1ea-3bbe-46a4-839e-7c5b40a14c50
2026-02-27 02:27:29.883 10 INFO neutron.notifiers.nova [-] Nova event matching ['req-8905a5eb-1a7c-41c7-9473-7f7e7c7d6acf'] response: {'server_uuid': '944ec1a4-4a75-4d8b-b699-45638e1a13ca', 'name': 'network-vif-plugged', 'status': 'completed', 'tag': 'ff60d1ea-3bbe-46a4-839e-7c5b40a14c50', 'code': 200}
2026-02-27 02:27:31.643 9 INFO neutron.plugins.ml2.plugin [None req-98443f8c-9c4f-4a3a-a121-e3e6052fb35d - - - - - -] Attempt 1 to provision port ff60d1ea-3bbe-46a4-839e-7c5b40a14c50
2026-02-27 02:27:31.723 10 INFO neutron.plugins.ml2.plugin [None req-c9a7a0dd-a931-45b7-bd9e-98dda083e3bf - - - - - -] Attempt 1 to provision port f0c0ca37-a7e7-452a-9e2b-9fd2b6655d32
2026-02-27 02:27:31.972 9 INFO neutron.plugins.ml2.plugin [None req-98443f8c-9c4f-4a3a-a121-e3e6052fb35d - - - - - -] Attempt 1 to provision port 8804f88c-3ff0-4cf8-b820-993524c17f48
2026-02-27 02:27:33.633 9 INFO neutron.plugins.ml2.plugin [None req-98443f8c-9c4f-4a3a-a121-e3e6052fb35d - - - - - -] Attempt 1 to provision port 8804f88c-3ff0-4cf8-b820-993524c17f48
2026-02-27 02:27:33.878 9 INFO neutron.plugins.ml2.plugin [None req-98443f8c-9c4f-4a3a-a121-e3e6052fb35d - - - - - -] Attempt 1 to provision port ba4357ea-6350-4b3f-91d1-c88866fcfc5c
2026-02-27 02:27:35.961 9 INFO neutron.plugins.ml2.plugin [None req-98443f8c-9c4f-4a3a-a121-e3e6052fb35d - - - - - -] Attempt 1 to provision port f0c0ca37-a7e7-452a-9e2b-9fd2b6655d32
2026-02-27 02:27:36.595 9 INFO neutron.notifiers.nova [-] Nova event matching ['req-859e8ac7-3d92-4302-b951-5c0bc4ceead6'] response: {'server_uuid': '6750500b-fa7d-4468-a250-a6f304fb8363', 'name': 'network-vif-plugged', 'status': 'completed', 'tag': 'f0c0ca37-a7e7-452a-9e2b-9fd2b6655d32', 'code': 200}
2026-02-27 02:27:36.742 9 INFO neutron.plugins.ml2.plugin [None req-98443f8c-9c4f-4a3a-a121-e3e6052fb35d - - - - - -] Attempt 1 to provision port ba4357ea-6350-4b3f-91d1-c88866fcfc5c
2026-02-27 02:27:37.796 9 INFO neutron.plugins.ml2.plugin [None req-98443f8c-9c4f-4a3a-a121-e3e6052fb35d - - - - - -] Attempt 1 to provision port f0c0ca37-a7e7-452a-9e2b-9fd2b6655d32
2026-02-27 02:27:39.798 9 INFO neutron.plugins.ml2.plugin [None req-98443f8c-9c4f-4a3a-a121-e3e6052fb35d - - - - - -] Attempt 1 to provision port d56363da-a57e-4b4b-a94c-bb795239ed09
2026-02-27 02:27:40.202 9 INFO neutron.plugins.ml2.plugin [None req-98443f8c-9c4f-4a3a-a121-e3e6052fb35d - - - - - -] Attempt 1 to provision port 821cf353-21f9-4b76-baac-b2089b6c2ac5
2026-02-27 02:27:41.571 9 INFO neutron.plugins.ml2.plugin [None req-98443f8c-9c4f-4a3a-a121-e3e6052fb35d - - - - - -] Attempt 1 to provision port d56363da-a57e-4b4b-a94c-bb795239ed09
2026-02-27 02:27:41.786 9 INFO neutron.plugins.ml2.plugin [None req-98443f8c-9c4f-4a3a-a121-e3e6052fb35d - - - - - -] Attempt 1 to provision port 821cf353-21f9-4b76-baac-b2089b6c2ac5
2026-02-27 02:27:42.443 10 INFO neutron.notifiers.nova [-] Nova event matching ['req-84110d87-043b-4c44-b819-f92ddd582e2e'] response: {'server_uuid': '6750500b-fa7d-4468-a250-a6f304fb8363', 'name': 'network-vif-unplugged', 'status': 'completed', 'tag': 'f0c0ca37-a7e7-452a-9e2b-9fd2b6655d32', 'code': 200}
2026-02-27 02:27:43.566 9 INFO neutron.notifiers.nova [-] Nova event matching ['req-20cae3cf-9db0-40f6-95d0-fc4ecf3e2c96'] response: {'server_uuid': '3a016ce5-2602-4e7f-9de9-8a6155f9ecf1', 'name': 'network-vif-unplugged', 'status': 'completed', 'tag': '5c12ce6f-3e25-444a-bfca-8e994754e9c9', 'code': 200}
2026-02-27 02:27:44.524 9 INFO neutron.plugins.ml2.plugin [None req-98443f8c-9c4f-4a3a-a121-e3e6052fb35d - - - - - -] Attempt 1 to provision port 5c12ce6f-3e25-444a-bfca-8e994754e9c9
2026-02-27 02:27:45.610 9 INFO neutron.notifiers.nova [-] Nova event matching ['req-65c1aff8-e7a9-46bc-9ab3-d1ee5b1b3e22'] response: {'server_uuid': '3a016ce5-2602-4e7f-9de9-8a6155f9ecf1', 'name': 'network-vif-plugged', 'status': 'completed', 'tag': '5c12ce6f-3e25-444a-bfca-8e994754e9c9', 'code': 200}
2026-02-27 02:27:45.900 10 INFO neutron.plugins.ml2.plugin [None req-98443f8c-9c4f-4a3a-a121-e3e6052fb35d - - - - - -] Attempt 1 to provision port a7f427d3-e824-40a4-9928-d20978870ec4
2026-02-27 02:27:46.405 10 INFO neutron.plugins.ml2.plugin [None req-98443f8c-9c4f-4a3a-a121-e3e6052fb35d - - - - - -] Attempt 1 to provision port 94503848-a7ab-4444-8d58-bf75c102a825
2026-02-27 02:27:46.979 10 INFO neutron.plugins.ml2.plugin [None req-98443f8c-9c4f-4a3a-a121-e3e6052fb35d - - - - - -] Attempt 1 to provision port 5c12ce6f-3e25-444a-bfca-8e994754e9c9
2026-02-27 02:27:47.172 10 INFO neutron.plugins.ml2.plugin [None req-109de2a9-19bb-4504-815a-635ead748548 - - - - - -] Attempt 1 to provision port cd6f6506-adf8-48db-96f3-a39260ad8b5b
2026-02-27 02:27:47.482 10 INFO neutron.plugins.ml2.plugin [None req-98443f8c-9c4f-4a3a-a121-e3e6052fb35d - - - - - -] Attempt 1 to provision port 36199f93-8bce-405d-9841-e9fe9c040756
2026-02-27 02:27:47.577 10 INFO neutron.plugins.ml2.plugin [None req-a11c1f7d-aa02-4162-976e-80a4d4694485 - - - - - -] Attempt 1 to provision port 36199f93-8bce-405d-9841-e9fe9c040756
2026-02-27 02:27:47.677 10 INFO neutron.plugins.ml2.plugin [None req-a11c1f7d-aa02-4162-976e-80a4d4694485 - - - - - -] Attempt 1 to provision port 419819ff-ad64-4c9b-9de2-d565b2517ad7
2026-02-27 02:27:47.718 10 INFO neutron.plugins.ml2.plugin [None req-a11c1f7d-aa02-4162-976e-80a4d4694485 - - - - - -] Attempt 1 to provision port cd6f6506-adf8-48db-96f3-a39260ad8b5b
2026-02-27 02:27:47.956 10 INFO neutron.plugins.ml2.plugin [None req-95885835-2bd1-4444-8e64-15a37a455911 - - - - - -] Attempt 1 to provision port 36199f93-8bce-405d-9841-e9fe9c040756
2026-02-27 02:27:48.088 10 INFO neutron.plugins.ml2.plugin [None req-95885835-2bd1-4444-8e64-15a37a455911 - - - - - -] Attempt 1 to provision port 419819ff-ad64-4c9b-9de2-d565b2517ad7
2026-02-27 02:27:48.090 10 INFO neutron.plugins.ml2.plugin [None req-98443f8c-9c4f-4a3a-a121-e3e6052fb35d - - - - - -] Attempt 1 to provision port cd6f6506-adf8-48db-96f3-a39260ad8b5b /var/lib/openstack/lib/python3.10/site-packages/oslo_db/sqlalchemy/enginefacade.py:676: SAWarning: DELETE statement on table 'portsecuritybindings' expected to delete 1 row(s); 0 were matched. Please set confirm_deleted_rows=False within the mapper configuration to prevent this warning. self.session.flush() /var/lib/openstack/lib/python3.10/site-packages/oslo_db/sqlalchemy/enginefacade.py:676: SAWarning: DELETE statement on table 'ml2_port_bindings' expected to delete 1 row(s); 0 were matched. Please set confirm_deleted_rows=False within the mapper configuration to prevent this warning. self.session.flush() /var/lib/openstack/lib/python3.10/site-packages/oslo_db/sqlalchemy/enginefacade.py:676: SAWarning: DELETE statement on table 'ml2_port_binding_levels' expected to delete 1 row(s); 0 were matched. Please set confirm_deleted_rows=False within the mapper configuration to prevent this warning. self.session.flush() /var/lib/openstack/lib/python3.10/site-packages/oslo_db/sqlalchemy/enginefacade.py:676: SAWarning: DELETE statement on table 'ports' expected to delete 1 row(s); 0 were matched. Please set confirm_deleted_rows=False within the mapper configuration to prevent this warning. self.session.flush()
2026-02-27 02:27:48.354 10 INFO neutron.plugins.ml2.plugin [None req-9171967d-3649-4003-aaac-4652ccd458ed - - - - - -] Attempt 1 to provision port 419819ff-ad64-4c9b-9de2-d565b2517ad7
2026-02-27 02:27:48.492 10 INFO neutron.plugins.ml2.plugin [None req-eb130a16-102e-4268-87d8-9b3d5616b82c - - - - - -] Attempt 1 to provision port 243683c3-fbd4-4ac4-b8d0-a8435b13d4cb
2026-02-27 02:27:48.583 9 INFO neutron.plugins.ml2.plugin [None req-98443f8c-9c4f-4a3a-a121-e3e6052fb35d - - - - - -] Attempt 1 to provision port 36199f93-8bce-405d-9841-e9fe9c040756
2026-02-27 02:27:48.853 9 INFO neutron.plugins.ml2.plugin [None req-98443f8c-9c4f-4a3a-a121-e3e6052fb35d - - - - - -] Attempt 1 to provision port a7f427d3-e824-40a4-9928-d20978870ec4
2026-02-27 02:27:48.929 10 INFO neutron.plugins.ml2.plugin [None req-d2bbc53b-7fff-4810-9951-a9547b18c10c - - - - - -] Attempt 1 to provision port 243683c3-fbd4-4ac4-b8d0-a8435b13d4cb
2026-02-27 02:27:49.118 9 INFO neutron.plugins.ml2.plugin [None req-98443f8c-9c4f-4a3a-a121-e3e6052fb35d - - - - - -] Attempt 1 to provision port 94503848-a7ab-4444-8d58-bf75c102a825
2026-02-27 02:27:49.337 9 INFO neutron.plugins.ml2.plugin [None req-98443f8c-9c4f-4a3a-a121-e3e6052fb35d - - - - - -] Attempt 1 to provision port cd6f6506-adf8-48db-96f3-a39260ad8b5b
2026-02-27 02:27:52.631 10 INFO neutron.plugins.ml2.plugin [None req-98443f8c-9c4f-4a3a-a121-e3e6052fb35d - - - - - -] Attempt 1 to provision port 02010c4f-c0f6-42e7-9e3d-9af4ac339365
2026-02-27 02:27:52.803 9 INFO neutron.plugins.ml2.plugin [None req-baebf7c3-5127-4032-9161-079df6125d46 - - - - - -] Attempt 1 to provision port e98ce0ba-fd7e-4655-9b0c-27d0d46ebc6d
2026-02-27 02:27:53.670 10 INFO neutron.plugins.ml2.plugin [None req-fd32722b-b669-4ad2-810d-7358085b13e8 - - - - - -] Attempt 1 to provision port ff60d1ea-3bbe-46a4-839e-7c5b40a14c50
2026-02-27 02:27:54.067 10 INFO neutron.plugins.ml2.plugin [None req-4e17a81d-470a-429c-aa84-a859061035c1 - - - - - -] Attempt 1 to provision port 02010c4f-c0f6-42e7-9e3d-9af4ac339365
2026-02-27 02:27:54.458 9 INFO neutron.plugins.ml2.plugin [None req-52b46b45-1ac0-4dee-b6ab-85446a1d4c61 - - - - - -] Attempt 1 to provision port 02010c4f-c0f6-42e7-9e3d-9af4ac339365
2026-02-27 02:27:54.519 10 INFO neutron.plugins.ml2.plugin [None req-98443f8c-9c4f-4a3a-a121-e3e6052fb35d - - - - - -] Attempt 1 to provision port ff60d1ea-3bbe-46a4-839e-7c5b40a14c50
2026-02-27 02:27:54.804 10 INFO neutron.plugins.ml2.plugin [None req-98443f8c-9c4f-4a3a-a121-e3e6052fb35d - - - - - -] Attempt 1 to provision port 02010c4f-c0f6-42e7-9e3d-9af4ac339365
2026-02-27 02:27:55.524 10 INFO neutron.plugins.ml2.plugin [None req-d1792f47-5ad3-482d-b856-02e176e1ff8c - - - - - -] Attempt 1 to provision port b67b122d-a65f-4ede-8244-24e8ae922157
