2026-04-28 23:38:56.928 8 INFO neutron.db.ovn_revision_numbers_db [None req-b9e76040-81e4-4eee-b509-f0a3803ba4bc a9734a995756455b933fb824d1e913f2 30d53161b7c6442b83b043b4e0658afc - - default default] Successfully bumped revision number for resource f344f89d-88c0-475d-ab73-42866143971b (type: security_group_rules) to 0 [pid: 8|app: 0|req: 1602/3049] 10.0.0.69 () {32 vars in 773 bytes} [Tue Apr 28 23:38:56 2026] GET /v2.0/security-groups?tenant_id=a6766c8c13904d0ab559e4cea13b9b5f&name=default => generated 2929 bytes in 292 msecs (HTTP/1.1 200) 4 headers in 158 bytes (1 switches on core 0)
2026-04-28 23:38:57.063 7 WARNING neutron.scheduler.dhcp_agent_scheduler [None req-a6cd2f8a-0a5a-4c74-8753-6fc4a72a2ca7 609d17d6a1f14fdc8aa4ee036f68056c 940ef50bcd774fb2aaadf75e2ec9cf93 - - default default] No more DHCP agents
2026-04-28 23:38:57.064 7 WARNING neutron.api.rpc.agentnotifiers.dhcp_rpc_agent_api [None req-a6cd2f8a-0a5a-4c74-8753-6fc4a72a2ca7 609d17d6a1f14fdc8aa4ee036f68056c 940ef50bcd774fb2aaadf75e2ec9cf93 - - default default] Unable to schedule network 0e02b96d-815b-42f7-9a7f-888b375872bc: no agents available; will retry on subsequent port and subnet creation events.
2026-04-28 23:38:57.259 7 INFO neutron.db.ovn_revision_numbers_db [None req-a6cd2f8a-0a5a-4c74-8753-6fc4a72a2ca7 609d17d6a1f14fdc8aa4ee036f68056c 940ef50bcd774fb2aaadf75e2ec9cf93 - - default default] Successfully bumped revision number for resource fc9e8ea3-2a48-4dc2-8379-440d3a82befe (type: ports) to 1
2026-04-28 23:38:57.435 8 INFO neutron.db.ovn_revision_numbers_db [None req-fb09bfc5-acea-4b67-bb9d-89ede22f36fd 193bd30d22e846a396ef6f10206fe213 3d45cc58fc9245689346fda5d168bff5 - - default default] Successfully bumped revision number for resource 2ea966a7-3940-445a-9c9d-989a082501f8 (type: security_groups) to 1
2026-04-28 23:38:57.452 8 INFO neutron.db.ovn_revision_numbers_db [None req-fb09bfc5-acea-4b67-bb9d-89ede22f36fd 193bd30d22e846a396ef6f10206fe213 3d45cc58fc9245689346fda5d168bff5 - - default default] Successfully bumped revision number for resource 14be42ff-7aa4-4878-bd05-c0cf4fb0dcb2 (type: security_group_rules) to 0
2026-04-28 23:38:57.475 8 INFO neutron.db.ovn_revision_numbers_db [None req-fb09bfc5-acea-4b67-bb9d-89ede22f36fd 193bd30d22e846a396ef6f10206fe213 3d45cc58fc9245689346fda5d168bff5 - - default default] Successfully bumped revision number for resource 189d61a0-afb7-4feb-a649-291f2c4e7aec (type: security_group_rules) to 0
2026-04-28 23:38:57.489 8 INFO neutron.db.ovn_revision_numbers_db [None req-fb09bfc5-acea-4b67-bb9d-89ede22f36fd 193bd30d22e846a396ef6f10206fe213 3d45cc58fc9245689346fda5d168bff5 - - default default] Successfully bumped revision number for resource 615a42a7-51ef-49da-94c1-924cc46f6111 (type: security_group_rules) to 0
2026-04-28 23:38:57.502 8 INFO neutron.db.ovn_revision_numbers_db [None req-fb09bfc5-acea-4b67-bb9d-89ede22f36fd 193bd30d22e846a396ef6f10206fe213 3d45cc58fc9245689346fda5d168bff5 - - default default] Successfully bumped revision number for resource b192c073-d225-487e-b8ce-0dab6d1420f4 (type: security_group_rules) to 0
2026-04-28 23:38:57.587 8 INFO neutron.db.segments_db [None req-fb09bfc5-acea-4b67-bb9d-89ede22f36fd 193bd30d22e846a396ef6f10206fe213 3d45cc58fc9245689346fda5d168bff5 - - default default] Added segment de0a757d-b4f7-4ec6-a3ba-b5ac33c4a8a0 of type geneve for network 4c3ece9a-d656-486a-81ee-08b85fd8195d
2026-04-28 23:38:57.728 8 INFO neutron.db.ovn_revision_numbers_db [None req-fb09bfc5-acea-4b67-bb9d-89ede22f36fd 193bd30d22e846a396ef6f10206fe213 3d45cc58fc9245689346fda5d168bff5 - - default default] Successfully bumped revision number for resource 4c3ece9a-d656-486a-81ee-08b85fd8195d (type: networks) to 1
2026-04-28 23:38:57.920 8 WARNING neutron.scheduler.dhcp_agent_scheduler [None req-fb09bfc5-acea-4b67-bb9d-89ede22f36fd 193bd30d22e846a396ef6f10206fe213 3d45cc58fc9245689346fda5d168bff5 - - default default] No more DHCP agents
2026-04-28 23:38:57.923 8 WARNING neutron.api.rpc.agentnotifiers.dhcp_rpc_agent_api [None req-fb09bfc5-acea-4b67-bb9d-89ede22f36fd 193bd30d22e846a396ef6f10206fe213 3d45cc58fc9245689346fda5d168bff5 - - default default] Unable to schedule network 4c3ece9a-d656-486a-81ee-08b85fd8195d: no agents available; will retry on subsequent port and subnet creation events.
2026-04-28 23:38:58.110 8 INFO neutron.db.ovn_revision_numbers_db [None req-fb09bfc5-acea-4b67-bb9d-89ede22f36fd 193bd30d22e846a396ef6f10206fe213 3d45cc58fc9245689346fda5d168bff5 - - default default] Successfully bumped revision number for resource b0a65188-66ea-4012-b709-8936c2911eca (type: ports) to 1
2026-04-28 23:38:58.114 7 WARNING neutron.scheduler.dhcp_agent_scheduler [None req-a6cd2f8a-0a5a-4c74-8753-6fc4a72a2ca7 609d17d6a1f14fdc8aa4ee036f68056c 940ef50bcd774fb2aaadf75e2ec9cf93 - - default default] No more DHCP agents
2026-04-28 23:38:58.116 7 WARNING neutron.api.rpc.agentnotifiers.dhcp_rpc_agent_api [None req-a6cd2f8a-0a5a-4c74-8753-6fc4a72a2ca7 609d17d6a1f14fdc8aa4ee036f68056c 940ef50bcd774fb2aaadf75e2ec9cf93 - - default default] Unable to schedule network 0e02b96d-815b-42f7-9a7f-888b375872bc: no agents available; will retry on subsequent port and subnet creation events. [pid: 8|app: 0|req: 1603/3050] 10.0.0.69 () {34 vars in 669 bytes} [Tue Apr 28 23:38:56 2026] POST /v2.0/networks => generated 632 bytes in 1159 msecs (HTTP/1.1 201) 4 headers in 162 bytes (1 switches on core 0) [pid: 8|app: 0|req: 1604/3051] 10.0.0.69 () {32 vars in 739 bytes} [Tue Apr 28 23:38:58 2026] DELETE /v2.0/security-groups/94bcb5a0-8d97-4127-867d-a01850251c8b => generated 0 bytes in 305 msecs (HTTP/1.1 204) 2 headers in 112 bytes (1 switches on core 0)
2026-04-28 23:38:58.595 7 INFO neutron.db.ovn_revision_numbers_db [None req-a6cd2f8a-0a5a-4c74-8753-6fc4a72a2ca7 609d17d6a1f14fdc8aa4ee036f68056c 940ef50bcd774fb2aaadf75e2ec9cf93 - - default default] Successfully bumped revision number for resource fc9e8ea3-2a48-4dc2-8379-440d3a82befe (type: router_ports) to 1 [pid: 7|app: 0|req: 1448/3052] 10.0.0.69 () {34 vars in 782 bytes} [Tue Apr 28 23:38:56 2026] PUT /v2.0/routers/6223e7ae-7539-4a49-bb00-e71919c3e251/add_router_interface => generated 309 bytes in 2086 msecs (HTTP/1.1 200) 4 headers in 157 bytes (1 switches on core 0)
2026-04-28 23:38:58.716 8 WARNING neutron.scheduler.dhcp_agent_scheduler [None req-6fdc2952-f218-459f-a61c-0c015bbbeea1 193bd30d22e846a396ef6f10206fe213 3d45cc58fc9245689346fda5d168bff5 - - default default] No more DHCP agents
2026-04-28 23:38:58.717 8 WARNING neutron.api.rpc.agentnotifiers.dhcp_rpc_agent_api [None req-6fdc2952-f218-459f-a61c-0c015bbbeea1 193bd30d22e846a396ef6f10206fe213 3d45cc58fc9245689346fda5d168bff5 - - default default] Unable to schedule network 4c3ece9a-d656-486a-81ee-08b85fd8195d: no agents available; will retry on subsequent port and subnet creation events.
2026-04-28 23:38:59.235 8 INFO neutron.db.ovn_revision_numbers_db [None req-30f5c85a-dd7c-4566-aee8-a0be26b43349 - - - - - -] Successfully bumped revision number for resource b0a65188-66ea-4012-b709-8936c2911eca (type: ports) to 2
2026-04-28 23:38:59.259 7 WARNING neutron.scheduler.dhcp_agent_scheduler [None req-cb45090f-177d-419f-ad5e-d029e74cc355 - - - - - -] No more DHCP agents
2026-04-28 23:38:59.260 7 WARNING neutron.api.rpc.agentnotifiers.dhcp_rpc_agent_api [None req-cb45090f-177d-419f-ad5e-d029e74cc355 - - - - - -] Unable to schedule network 3b920033-3cd0-4c19-9489-89c1b89f7a98: no agents available; will retry on subsequent port and subnet creation events.
2026-04-28 23:38:59.265 8 INFO neutron.db.ovn_revision_numbers_db [None req-30f5c85a-dd7c-4566-aee8-a0be26b43349 - - - - - -] Successfully bumped revision number for resource a0753f00-d1c8-4e44-bacc-ab6be68a723e (type: subnets) to 0 [pid: 8|app: 0|req: 1605/3053] 10.0.0.69 () {34 vars in 668 bytes} [Tue Apr 28 23:38:58 2026] POST /v2.0/subnets => generated 626 bytes in 840 msecs (HTTP/1.1 201) 4 headers in 162 bytes (1 switches on core 0)
2026-04-28 23:38:59.369 8 INFO neutron.db.segments_db [None req-59254e43-4a9e-4e34-99fc-4c43d74b53cb 193bd30d22e846a396ef6f10206fe213 3d45cc58fc9245689346fda5d168bff5 - - default default] Added segment c14b23ee-3613-4d38-bbe7-cbcadbc19548 of type geneve for network 3c5dd719-30ed-4bde-bba0-4f2425a45154
2026-04-28 23:38:59.510 7 INFO neutron.db.ovn_revision_numbers_db [None req-cb45090f-177d-419f-ad5e-d029e74cc355 - - - - - -] Successfully bumped revision number for resource 76560517-2db2-426d-8542-f92d0bc2bd88 (type: ports) to 1
2026-04-28 23:38:59.545 8 INFO neutron.db.ovn_revision_numbers_db [None req-59254e43-4a9e-4e34-99fc-4c43d74b53cb 193bd30d22e846a396ef6f10206fe213 3d45cc58fc9245689346fda5d168bff5 - - default default] Successfully bumped revision number for resource 3c5dd719-30ed-4bde-bba0-4f2425a45154 (type: networks) to 1
2026-04-28 23:38:59.742 8 WARNING neutron.scheduler.dhcp_agent_scheduler [None req-59254e43-4a9e-4e34-99fc-4c43d74b53cb 193bd30d22e846a396ef6f10206fe213 3d45cc58fc9245689346fda5d168bff5 - - default default] No more DHCP agents
2026-04-28 23:38:59.743 8 WARNING neutron.api.rpc.agentnotifiers.dhcp_rpc_agent_api [None req-59254e43-4a9e-4e34-99fc-4c43d74b53cb 193bd30d22e846a396ef6f10206fe213 3d45cc58fc9245689346fda5d168bff5 - - default default] Unable to schedule network 3c5dd719-30ed-4bde-bba0-4f2425a45154: no agents available; will retry on subsequent port and subnet creation events.
2026-04-28 23:38:59.816 7 INFO neutron.db.ovn_revision_numbers_db [None req-cb45090f-177d-419f-ad5e-d029e74cc355 - - - - - -] Successfully bumped revision number for resource 76560517-2db2-426d-8542-f92d0bc2bd88 (type: ports) to 3
2026-04-28 23:38:59.890 8 INFO neutron.db.ovn_revision_numbers_db [None req-59254e43-4a9e-4e34-99fc-4c43d74b53cb 193bd30d22e846a396ef6f10206fe213 3d45cc58fc9245689346fda5d168bff5 - - default default] Successfully bumped revision number for resource 6c8762af-0430-4702-91c8-4449efc9ea70 (type: ports) to 1
2026-04-28 23:38:59.911 7 INFO neutron.db.segments_db [None req-cb45090f-177d-419f-ad5e-d029e74cc355 - - - - - -] Added segment 87a3e038-0c06-43be-a187-ad4e704d5b5d of type geneve for network aa0ef3da-c107-4af0-824f-a81a72b5ccec [pid: 8|app: 0|req: 1606/3054] 10.0.0.69 () {34 vars in 669 bytes} [Tue Apr 28 23:38:59 2026] POST /v2.0/networks => generated 632 bytes in 625 msecs (HTTP/1.1 201) 4 headers in 162 bytes (1 switches on core 0)
2026-04-28 23:39:00.104 7 INFO neutron.db.ovn_revision_numbers_db [None req-f41ebea2-dc8e-4046-8dfe-68236dab2bf5 - - - - - -] Successfully bumped revision number for resource aa0ef3da-c107-4af0-824f-a81a72b5ccec (type: networks) to 1
2026-04-28 23:39:00.109 8 WARNING neutron.scheduler.dhcp_agent_scheduler [None req-ef5a5af4-0d20-49bd-8931-0e5d9cd79a42 193bd30d22e846a396ef6f10206fe213 3d45cc58fc9245689346fda5d168bff5 - - default default] No more DHCP agents
2026-04-28 23:39:00.110 8 WARNING neutron.api.rpc.agentnotifiers.dhcp_rpc_agent_api [None req-ef5a5af4-0d20-49bd-8931-0e5d9cd79a42 193bd30d22e846a396ef6f10206fe213 3d45cc58fc9245689346fda5d168bff5 - - default default] Unable to schedule network 3c5dd719-30ed-4bde-bba0-4f2425a45154: no agents available; will retry on subsequent port and subnet creation events.
2026-04-28 23:39:00.300 7 WARNING neutron.scheduler.dhcp_agent_scheduler [None req-f41ebea2-dc8e-4046-8dfe-68236dab2bf5 - - - - - -] No more DHCP agents
2026-04-28 23:39:00.302 7 WARNING neutron.api.rpc.agentnotifiers.dhcp_rpc_agent_api [None req-f41ebea2-dc8e-4046-8dfe-68236dab2bf5 - - - - - -] Unable to schedule network aa0ef3da-c107-4af0-824f-a81a72b5ccec: no agents available; will retry on subsequent port and subnet creation events.
2026-04-28 23:39:00.444 7 INFO neutron.db.ovn_revision_numbers_db [None req-f41ebea2-dc8e-4046-8dfe-68236dab2bf5 - - - - - -] Successfully bumped revision number for resource 6987966f-130f-4edf-9e1a-9237d6364f1f (type: ports) to 1
2026-04-28 23:39:00.597 7 WARNING neutron.scheduler.dhcp_agent_scheduler [None req-f41ebea2-dc8e-4046-8dfe-68236dab2bf5 - - - - - -] No more DHCP agents
2026-04-28 23:39:00.598 7 WARNING neutron.api.rpc.agentnotifiers.dhcp_rpc_agent_api [None req-f41ebea2-dc8e-4046-8dfe-68236dab2bf5 - - - - - -] Unable to schedule network aa0ef3da-c107-4af0-824f-a81a72b5ccec: no agents available; will retry on subsequent port and subnet creation events.
2026-04-28 23:39:00.629 7 INFO neutron.db.ovn_revision_numbers_db [None req-f41ebea2-dc8e-4046-8dfe-68236dab2bf5 - - - - - -] Successfully bumped revision number for resource c2560ec9-ccfd-4473-857a-7c1c7f3940ce (type: subnets) to 0
2026-04-28 23:39:00.749 8 INFO neutron.db.ovn_revision_numbers_db [None req-e66f481a-21c1-4e86-9d9a-8a73fcc25e69 - - - - - -] Successfully bumped revision number for resource 6c8762af-0430-4702-91c8-4449efc9ea70 (type: ports) to 2
2026-04-28 23:39:00.791 8 INFO neutron.db.ovn_revision_numbers_db [None req-e66f481a-21c1-4e86-9d9a-8a73fcc25e69 - - - - - -] Successfully bumped revision number for resource 8e325221-29da-45a0-ba53-fdebffdef45a (type: subnets) to 0 [pid: 8|app: 0|req: 1607/3055] 10.0.0.69 () {34 vars in 668 bytes} [Tue Apr 28 23:38:59 2026] POST /v2.0/subnets => generated 629 bytes in 901 msecs (HTTP/1.1 201) 4 headers in 162 bytes (1 switches on core 0)
2026-04-28 23:39:00.937 8 INFO neutron.db.segments_db [None req-d7aa3785-7d99-47d6-bc4a-e22365bf36d4 193bd30d22e846a396ef6f10206fe213 3d45cc58fc9245689346fda5d168bff5 - - default default] Added segment 4a2ed908-b2ce-4e81-8360-c0a911fb0d23 of type geneve for network e0c763b6-578d-4dbb-9f82-7fd3729012a0
2026-04-28 23:39:01.085 8 INFO neutron.db.ovn_revision_numbers_db [None req-d7aa3785-7d99-47d6-bc4a-e22365bf36d4 193bd30d22e846a396ef6f10206fe213 3d45cc58fc9245689346fda5d168bff5 - - default default] Successfully bumped revision number for resource e0c763b6-578d-4dbb-9f82-7fd3729012a0 (type: networks) to 1
2026-04-28 23:39:01.198 7 WARNING neutron.scheduler.dhcp_agent_scheduler [None req-f41ebea2-dc8e-4046-8dfe-68236dab2bf5 - - - - - -] No more DHCP agents
2026-04-28 23:39:01.199 7 WARNING neutron.api.rpc.agentnotifiers.dhcp_rpc_agent_api [None req-f41ebea2-dc8e-4046-8dfe-68236dab2bf5 - - - - - -] Unable to schedule network aa0ef3da-c107-4af0-824f-a81a72b5ccec: no agents available; will retry on subsequent port and subnet creation events.
2026-04-28 23:39:01.256 8 WARNING neutron.scheduler.dhcp_agent_scheduler [None req-d7aa3785-7d99-47d6-bc4a-e22365bf36d4 193bd30d22e846a396ef6f10206fe213 3d45cc58fc9245689346fda5d168bff5 - - default default] No more DHCP agents
2026-04-28 23:39:01.258 8 WARNING neutron.api.rpc.agentnotifiers.dhcp_rpc_agent_api [None req-d7aa3785-7d99-47d6-bc4a-e22365bf36d4 193bd30d22e846a396ef6f10206fe213 3d45cc58fc9245689346fda5d168bff5 - - default default] Unable to schedule network e0c763b6-578d-4dbb-9f82-7fd3729012a0: no agents available; will retry on subsequent port and subnet creation events.
2026-04-28 23:39:01.413 7 INFO neutron.db.ovn_revision_numbers_db [None req-f41ebea2-dc8e-4046-8dfe-68236dab2bf5 - - - - - -] Successfully bumped revision number for resource 5231896b-e529-4878-a4f3-6b2f64533ce1 (type: ports) to 1
2026-04-28 23:39:01.418 8 INFO neutron.db.ovn_revision_numbers_db [None req-d7aa3785-7d99-47d6-bc4a-e22365bf36d4 193bd30d22e846a396ef6f10206fe213 3d45cc58fc9245689346fda5d168bff5 - - default default] Successfully bumped revision number for resource ac3c97a6-d5b0-40a3-bc5c-f0a5180947e2 (type: ports) to 1
2026-04-28 23:39:01.426 7 WARNING neutron.plugins.ml2.drivers.ovn.mech_driver.ovsdb.ovn_client [None req-c267b454-68f2-4f63-99c2-685b60256405 - - - - - -] No hosting information found for port 6d8dc5d0-521b-48aa-ae67-7dd35fc4fe55: RuntimeError: No hosting information found for port 6d8dc5d0-521b-48aa-ae67-7dd35fc4fe55
2026-04-28 23:39:01.427 7 INFO neutron.plugins.ml2.drivers.ovn.mech_driver.mech_driver [None req-c267b454-68f2-4f63-99c2-685b60256405 - - - - - -] OVN reports status down for port: fc9e8ea3-2a48-4dc2-8379-440d3a82befe [pid: 8|app: 0|req: 1608/3056] 10.0.0.69 () {34 vars in 669 bytes} [Tue Apr 28 23:39:00 2026] POST /v2.0/networks => generated 632 bytes in 610 msecs (HTTP/1.1 201) 4 headers in 162 bytes (1 switches on core 0)
2026-04-28 23:39:01.587 7 WARNING neutron.plugins.ml2.drivers.ovn.mech_driver.ovsdb.ovn_client [None req-c267b454-68f2-4f63-99c2-685b60256405 - - - - - -] Logical_Switch_Port fc9e8ea3-2a48-4dc2-8379-440d3a82befe host information not removed, the port state is up
2026-04-28 23:39:01.588 7 INFO neutron.plugins.ml2.drivers.ovn.mech_driver.mech_driver [None req-c267b454-68f2-4f63-99c2-685b60256405 - - - - - -] OVN reports status up for port: fc9e8ea3-2a48-4dc2-8379-440d3a82befe
2026-04-28 23:39:01.614 7 INFO neutron.plugins.ml2.plugin [None req-c267b454-68f2-4f63-99c2-685b60256405 - - - - - -] Attempt 1 to provision port fc9e8ea3-2a48-4dc2-8379-440d3a82befe
2026-04-28 23:39:01.690 8 WARNING neutron.scheduler.dhcp_agent_scheduler [None req-a0957d52-df60-4a77-9001-b88f327aa745 193bd30d22e846a396ef6f10206fe213 3d45cc58fc9245689346fda5d168bff5 - - default default] No more DHCP agents
2026-04-28 23:39:01.691 8 WARNING neutron.api.rpc.agentnotifiers.dhcp_rpc_agent_api [None req-a0957d52-df60-4a77-9001-b88f327aa745 193bd30d22e846a396ef6f10206fe213 3d45cc58fc9245689346fda5d168bff5 - - default default] Unable to schedule network e0c763b6-578d-4dbb-9f82-7fd3729012a0: no agents available; will retry on subsequent port and subnet creation events.
2026-04-28 23:39:02.207 8 INFO neutron.db.ovn_revision_numbers_db [None req-1d2bcdd3-03c9-44a0-867d-6ecbbe93893e - - - - - -] Successfully bumped revision number for resource ac3c97a6-d5b0-40a3-bc5c-f0a5180947e2 (type: ports) to 2
2026-04-28 23:39:02.239 8 INFO neutron.db.ovn_revision_numbers_db [None req-1d2bcdd3-03c9-44a0-867d-6ecbbe93893e - - - - - -] Successfully bumped revision number for resource 12ae8658-0990-434f-bd3e-553949342684 (type: subnets) to 0 [pid: 8|app: 0|req: 1609/3057] 10.0.0.69 () {34 vars in 668 bytes} [Tue Apr 28 23:39:01 2026] POST /v2.0/subnets => generated 629 bytes in 823 msecs (HTTP/1.1 201) 4 headers in 162 bytes (1 switches on core 0)
2026-04-28 23:39:02.388 7 INFO neutron.db.ovn_revision_numbers_db [None req-c267b454-68f2-4f63-99c2-685b60256405 - - - - - -] Successfully bumped revision number for resource fc9e8ea3-2a48-4dc2-8379-440d3a82befe (type: ports) to 2
2026-04-28 23:39:02.636 8 INFO neutron.db.ovn_revision_numbers_db [None req-5cd5ea42-1f08-41b0-8b5a-475e94b3f3af d033aab070834c46bb8353f9b25fcaf3 fda383ec0b4b464f857a5b260211485b - - default default] Successfully bumped revision number for resource 19215dec-e55a-4ef1-9e00-5b1172b548b5 (type: security_groups) to 1
2026-04-28 23:39:02.648 8 INFO neutron.db.ovn_revision_numbers_db [None req-5cd5ea42-1f08-41b0-8b5a-475e94b3f3af d033aab070834c46bb8353f9b25fcaf3 fda383ec0b4b464f857a5b260211485b - - default default] Successfully bumped revision number for resource 3dcc2e15-d010-4c6a-ad02-d03eeb7bafa4 (type: security_group_rules) to 0
2026-04-28 23:39:02.661 8 INFO neutron.db.ovn_revision_numbers_db [None req-5cd5ea42-1f08-41b0-8b5a-475e94b3f3af d033aab070834c46bb8353f9b25fcaf3 fda383ec0b4b464f857a5b260211485b - - default default] Successfully bumped revision number for resource 89048ed4-52db-464c-831a-628f023a5550 (type: security_group_rules) to 0
2026-04-28 23:39:02.675 8 INFO neutron.db.ovn_revision_numbers_db [None req-5cd5ea42-1f08-41b0-8b5a-475e94b3f3af d033aab070834c46bb8353f9b25fcaf3 fda383ec0b4b464f857a5b260211485b - - default default] Successfully bumped revision number for resource 98df89e1-4131-45a6-813a-3da2dca96ba2 (type: security_group_rules) to 0
2026-04-28 23:39:02.682 7 WARNING neutron.scheduler.dhcp_agent_scheduler [None req-f41ebea2-dc8e-4046-8dfe-68236dab2bf5 - - - - - -] No more DHCP agents
2026-04-28 23:39:02.685 7 WARNING neutron.api.rpc.agentnotifiers.dhcp_rpc_agent_api [None req-f41ebea2-dc8e-4046-8dfe-68236dab2bf5 - - - - - -] Unable to schedule network aa0ef3da-c107-4af0-824f-a81a72b5ccec: no agents available; will retry on subsequent port and subnet creation events.
2026-04-28 23:39:02.686 8 INFO neutron.db.ovn_revision_numbers_db [None req-5cd5ea42-1f08-41b0-8b5a-475e94b3f3af d033aab070834c46bb8353f9b25fcaf3 fda383ec0b4b464f857a5b260211485b - - default default] Successfully bumped revision number for resource eda40f47-a1db-4f38-ae5b-be4a4cfacd52 (type: security_group_rules) to 0
2026-04-28 23:39:02.764 8 INFO neutron.db.segments_db [None req-5cd5ea42-1f08-41b0-8b5a-475e94b3f3af d033aab070834c46bb8353f9b25fcaf3 fda383ec0b4b464f857a5b260211485b - - default default] Added segment f07bb934-dd50-4d75-853c-12b0f9975f19 of type geneve for network 7e7f527f-65cd-4fb8-a3fa-73474f9c2390
2026-04-28 23:39:02.877 8 INFO neutron.db.ovn_revision_numbers_db [None req-5cd5ea42-1f08-41b0-8b5a-475e94b3f3af d033aab070834c46bb8353f9b25fcaf3 fda383ec0b4b464f857a5b260211485b - - default default] Successfully bumped revision number for resource 7e7f527f-65cd-4fb8-a3fa-73474f9c2390 (type: networks) to 1
2026-04-28 23:39:03.038 8 WARNING neutron.scheduler.dhcp_agent_scheduler [None req-5cd5ea42-1f08-41b0-8b5a-475e94b3f3af d033aab070834c46bb8353f9b25fcaf3 fda383ec0b4b464f857a5b260211485b - - default default] No more DHCP agents
2026-04-28 23:39:03.040 8 WARNING neutron.api.rpc.agentnotifiers.dhcp_rpc_agent_api [None req-5cd5ea42-1f08-41b0-8b5a-475e94b3f3af d033aab070834c46bb8353f9b25fcaf3 fda383ec0b4b464f857a5b260211485b - - default default] Unable to schedule network 7e7f527f-65cd-4fb8-a3fa-73474f9c2390: no agents available; will retry on subsequent port and subnet creation events.
2026-04-28 23:39:03.185 8 INFO neutron.db.ovn_revision_numbers_db [None req-5cd5ea42-1f08-41b0-8b5a-475e94b3f3af d033aab070834c46bb8353f9b25fcaf3 fda383ec0b4b464f857a5b260211485b - - default default] Successfully bumped revision number for resource 4a5d1231-0efa-44c9-b4e1-553254a62f85 (type: ports) to 1 [pid: 8|app: 0|req: 1610/3058] 10.0.0.69 () {34 vars in 669 bytes} [Tue Apr 28 23:39:02 2026] POST /v2.0/networks => generated 631 bytes in 948 msecs (HTTP/1.1 201) 4 headers in 162 bytes (1 switches on core 0)
2026-04-28 23:39:03.294 7 INFO neutron.db.ovn_revision_numbers_db [None req-f41ebea2-dc8e-4046-8dfe-68236dab2bf5 - - - - - -] Successfully bumped revision number for resource 5231896b-e529-4878-a4f3-6b2f64533ce1 (type: router_ports) to 1
2026-04-28 23:39:03.321 8 INFO neutron.db.segments_db [None req-48f74859-e6fb-4fb8-b512-4838638ce2b9 193bd30d22e846a396ef6f10206fe213 3d45cc58fc9245689346fda5d168bff5 - - default default] Added segment 20d47d5f-d284-4833-87b5-46375f650795 of type geneve for network 9dfffc19-e525-459d-9029-de689e6f640e
2026-04-28 23:39:03.439 8 INFO neutron.db.ovn_revision_numbers_db [None req-48f74859-e6fb-4fb8-b512-4838638ce2b9 193bd30d22e846a396ef6f10206fe213 3d45cc58fc9245689346fda5d168bff5 - - default default] Successfully bumped revision number for resource 9dfffc19-e525-459d-9029-de689e6f640e (type: networks) to 1
2026-04-28 23:39:03.535 7 WARNING neutron.scheduler.dhcp_agent_scheduler [None req-f41ebea2-dc8e-4046-8dfe-68236dab2bf5 - - - - - -] No more DHCP agents
2026-04-28 23:39:03.537 7 WARNING neutron.api.rpc.agentnotifiers.dhcp_rpc_agent_api [None req-f41ebea2-dc8e-4046-8dfe-68236dab2bf5 - - - - - -] Unable to schedule network aa0ef3da-c107-4af0-824f-a81a72b5ccec: no agents available; will retry on subsequent port and subnet creation events.
2026-04-28 23:39:03.602 8 WARNING neutron.scheduler.dhcp_agent_scheduler [None req-48f74859-e6fb-4fb8-b512-4838638ce2b9 193bd30d22e846a396ef6f10206fe213 3d45cc58fc9245689346fda5d168bff5 - - default default] No more DHCP agents
2026-04-28 23:39:03.604 8 WARNING neutron.api.rpc.agentnotifiers.dhcp_rpc_agent_api [None req-48f74859-e6fb-4fb8-b512-4838638ce2b9 193bd30d22e846a396ef6f10206fe213 3d45cc58fc9245689346fda5d168bff5 - - default default] Unable to schedule network 9dfffc19-e525-459d-9029-de689e6f640e: no agents available; will retry on subsequent port and subnet creation events.
2026-04-28 23:39:03.729 7 INFO neutron.db.ovn_revision_numbers_db [None req-f41ebea2-dc8e-4046-8dfe-68236dab2bf5 - - - - - -] Successfully bumped revision number for resource adb23c41-8ccd-457b-81e6-6291ee6f090e (type: ports) to 1
2026-04-28 23:39:03.754 8 INFO neutron.db.ovn_revision_numbers_db [None req-48f74859-e6fb-4fb8-b512-4838638ce2b9 193bd30d22e846a396ef6f10206fe213 3d45cc58fc9245689346fda5d168bff5 - - default default] Successfully bumped revision number for resource 6df5eb05-d845-4733-85a7-af77557c7132 (type: ports) to 1 [pid: 8|app: 0|req: 1611/3059] 10.0.0.69 () {34 vars in 669 bytes} [Tue Apr 28 23:39:03 2026] POST /v2.0/networks => generated 632 bytes in 564 msecs (HTTP/1.1 201) 4 headers in 162 bytes (1 switches on core 0)
2026-04-28 23:39:04.003 8 WARNING neutron.scheduler.dhcp_agent_scheduler [None req-832b011f-de72-4471-b9c2-ddc1cf959f21 d033aab070834c46bb8353f9b25fcaf3 fda383ec0b4b464f857a5b260211485b - - default default] No more DHCP agents
2026-04-28 23:39:04.005 8 WARNING neutron.api.rpc.agentnotifiers.dhcp_rpc_agent_api [None req-832b011f-de72-4471-b9c2-ddc1cf959f21 d033aab070834c46bb8353f9b25fcaf3 fda383ec0b4b464f857a5b260211485b - - default default] Unable to schedule network 7e7f527f-65cd-4fb8-a3fa-73474f9c2390: no agents available; will retry on subsequent port and subnet creation events.
2026-04-28 23:39:04.007 7 INFO neutron.db.ovn_revision_numbers_db [None req-f41ebea2-dc8e-4046-8dfe-68236dab2bf5 - - - - - -] Successfully bumped revision number for resource adb23c41-8ccd-457b-81e6-6291ee6f090e (type: ports) to 3 [pid: 7|app: 0|req: 1449/3060] 10.0.0.69 () {34 vars in 684 bytes} [Tue Apr 28 23:38:58 2026] POST /v2.0/vpn/vpnservices => generated 459 bytes in 5586 msecs (HTTP/1.1 201) 4 headers in 162 bytes (1 switches on core 0)
2026-04-28 23:39:04.442 7 WARNING neutron.scheduler.dhcp_agent_scheduler [None req-155ab24c-ffd5-4bbe-8d7d-ab387c3e6bb2 193bd30d22e846a396ef6f10206fe213 3d45cc58fc9245689346fda5d168bff5 - - default default] No more DHCP agents
2026-04-28 23:39:04.444 7 WARNING neutron.api.rpc.agentnotifiers.dhcp_rpc_agent_api [None req-155ab24c-ffd5-4bbe-8d7d-ab387c3e6bb2 193bd30d22e846a396ef6f10206fe213 3d45cc58fc9245689346fda5d168bff5 - - default default] Unable to schedule network 9dfffc19-e525-459d-9029-de689e6f640e: no agents available; will retry on subsequent port and subnet creation events.
2026-04-28 23:39:04.536 8 INFO neutron.db.ovn_revision_numbers_db [None req-ab52c39f-7c1a-435b-993f-5acc384d54a5 - - - - - -] Successfully bumped revision number for resource 4a5d1231-0efa-44c9-b4e1-553254a62f85 (type: ports) to 2
2026-04-28 23:39:04.567 8 INFO neutron.db.ovn_revision_numbers_db [None req-ab52c39f-7c1a-435b-993f-5acc384d54a5 - - - - - -] Successfully bumped revision number for resource e594647e-f4b7-4130-bcaa-188971c7a9fa (type: subnets) to 0 [pid: 8|app: 0|req: 1612/3061] 10.0.0.69 () {34 vars in 668 bytes} [Tue Apr 28 23:39:03 2026] POST /v2.0/subnets => generated 626 bytes in 804 msecs (HTTP/1.1 201) 4 headers in 162 bytes (1 switches on core 0) [pid: 8|app: 0|req: 1613/3062] 10.0.0.69 () {32 vars in 662 bytes} [Tue Apr 28 23:39:04 2026] GET /v2.0/vpn/vpnservices => generated 1314 bytes in 13 msecs (HTTP/1.1 200) 4 headers in 158 bytes (1 switches on core 0) [pid: 8|app: 0|req: 1614/3063] 10.0.0.2 () {28 vars in 583 bytes} [Tue Apr 28 23:39:04 2026] GET /v2.0/networks => generated 11903 bytes in 132 msecs (HTTP/1.1 200) 4 headers in 159 bytes (1 switches on core 0) [pid: 8|app: 0|req: 1615/3064] 10.0.0.69 () {34 vars in 750 bytes} [Tue Apr 28 23:39:04 2026] PUT /v2.0/subnets/e594647e-f4b7-4130-bcaa-188971c7a9fa/tags => generated 25 bytes in 60 msecs (HTTP/1.1 200) 4 headers in 156 bytes (1 switches on core 0)
2026-04-28 23:39:05.009 7 INFO neutron.db.ovn_revision_numbers_db [None req-4114825e-ba6d-4258-b46f-7be13c8a7580 - - - - - -] Successfully bumped revision number for resource 6df5eb05-d845-4733-85a7-af77557c7132 (type: ports) to 2
2026-04-28 23:39:05.059 7 INFO neutron.db.ovn_revision_numbers_db [None req-4114825e-ba6d-4258-b46f-7be13c8a7580 - - - - - -] Successfully bumped revision number for resource ee3bd1f9-cdc6-413c-9927-e4258a569731 (type: subnets) to 0 [pid: 7|app: 0|req: 1450/3065] 10.0.0.69 () {34 vars in 668 bytes} [Tue Apr 28 23:39:04 2026] POST /v2.0/subnets => generated 629 bytes in 883 msecs (HTTP/1.1 201) 4 headers in 162 bytes (1 switches on core 0) [pid: 7|app: 0|req: 1451/3066] 10.0.0.2 () {28 vars in 597 bytes} [Tue Apr 28 23:39:05 2026] GET /v2.0/security-groups => generated 38972 bytes in 68 msecs (HTTP/1.1 200) 4 headers in 159 bytes (1 switches on core 0)
2026-04-28 23:39:05.203 8 INFO neutron_taas.services.taas.taas_plugin [None req-38a16764-36cf-4b67-b2a9-6cea1cf6265a 609d17d6a1f14fdc8aa4ee036f68056c 940ef50bcd774fb2aaadf75e2ec9cf93 - - default default] TaaS: Handle Delete Port: 76560517-2db2-426d-8542-f92d0bc2bd88
2026-04-28 23:39:05.207 8 INFO neutron_taas.services.taas.tap_mirror_plugin [None req-38a16764-36cf-4b67-b2a9-6cea1cf6265a 609d17d6a1f14fdc8aa4ee036f68056c 940ef50bcd774fb2aaadf75e2ec9cf93 - - default default] Tap Mirror: Handle Delete Port: 76560517-2db2-426d-8542-f92d0bc2bd88 [pid: 7|app: 0|req: 1452/3067] 10.0.0.69 () {32 vars in 730 bytes} [Tue Apr 28 23:39:05 2026] GET /v2.0/subnets/e594647e-f4b7-4130-bcaa-188971c7a9fa/tags => generated 25 bytes in 81 msecs (HTTP/1.1 200) 4 headers in 156 bytes (1 switches on core 0)
2026-04-28 23:39:05.338 7 INFO neutron.db.segments_db [None req-2453e717-fd46-4386-837e-c2b1cb0610ca 193bd30d22e846a396ef6f10206fe213 3d45cc58fc9245689346fda5d168bff5 - - default default] Added segment f0d5133e-08c1-4958-8d4b-76125add837b of type geneve for network 259f57bb-8ceb-4ab2-9e64-348352ce5250
2026-04-28 23:39:05.515 7 INFO neutron.db.ovn_revision_numbers_db [None req-2453e717-fd46-4386-837e-c2b1cb0610ca 193bd30d22e846a396ef6f10206fe213 3d45cc58fc9245689346fda5d168bff5 - - default default] Successfully bumped revision number for resource 259f57bb-8ceb-4ab2-9e64-348352ce5250 (type: networks) to 1
2026-04-28 23:39:05.549 8 INFO neutron_taas.services.taas.taas_plugin [None req-1b743e9f-e386-4793-892f-e2eac122cd51 - - - - - -] TaaS: Handle Delete Port: adb23c41-8ccd-457b-81e6-6291ee6f090e
2026-04-28 23:39:05.552 8 INFO neutron_taas.services.taas.tap_mirror_plugin [None req-1b743e9f-e386-4793-892f-e2eac122cd51 - - - - - -] Tap Mirror: Handle Delete Port: adb23c41-8ccd-457b-81e6-6291ee6f090e
2026-04-28 23:39:05.702 7 WARNING neutron.scheduler.dhcp_agent_scheduler [None req-2453e717-fd46-4386-837e-c2b1cb0610ca 193bd30d22e846a396ef6f10206fe213 3d45cc58fc9245689346fda5d168bff5 - - default default] No more DHCP agents
2026-04-28 23:39:05.703 7 WARNING neutron.api.rpc.agentnotifiers.dhcp_rpc_agent_api [None req-2453e717-fd46-4386-837e-c2b1cb0610ca 193bd30d22e846a396ef6f10206fe213 3d45cc58fc9245689346fda5d168bff5 - - default default] Unable to schedule network 259f57bb-8ceb-4ab2-9e64-348352ce5250: no agents available; will retry on subsequent port and subnet creation events.
2026-04-28 23:39:05.888 7 INFO neutron.db.ovn_revision_numbers_db [None req-2453e717-fd46-4386-837e-c2b1cb0610ca 193bd30d22e846a396ef6f10206fe213 3d45cc58fc9245689346fda5d168bff5 - - default default] Successfully bumped revision number for resource 74dd651a-02a0-4ccc-b505-3fdc2041fc1b (type: ports) to 1 [pid: 7|app: 0|req: 1453/3068] 10.0.0.69 () {34 vars in 669 bytes} [Tue Apr 28 23:39:05 2026] POST /v2.0/networks => generated 631 bytes in 694 msecs (HTTP/1.1 201) 4 headers in 162 bytes (1 switches on core 0) [pid: 7|app: 0|req: 1454/3069] 10.0.0.2 () {28 vars in 579 bytes} [Tue Apr 28 23:39:05 2026] GET /v2.0/agents => generated 1214 bytes in 16 msecs (HTTP/1.1 200) 4 headers in 158 bytes (1 switches on core 0) [pid: 7|app: 0|req: 1455/3070] 10.0.0.69 () {34 vars in 761 bytes} [Tue Apr 28 23:39:05 2026] PUT /v2.0/subnets/e594647e-f4b7-4130-bcaa-188971c7a9fa/tags/green => generated 4 bytes in 84 msecs (HTTP/1.1 201) 4 headers in 160 bytes (1 switches on core 0)
2026-04-28 23:39:06.094 8 INFO neutron_taas.services.taas.taas_plugin [None req-3749c62c-8b69-40a7-9bd1-0755524c0e8c - - - - - -] TaaS: Handle Delete Port: 5231896b-e529-4878-a4f3-6b2f64533ce1
2026-04-28 23:39:06.096 8 INFO neutron_taas.services.taas.tap_mirror_plugin [None req-3749c62c-8b69-40a7-9bd1-0755524c0e8c - - - - - -] Tap Mirror: Handle Delete Port: 5231896b-e529-4878-a4f3-6b2f64533ce1
2026-04-28 23:39:06.226 7 WARNING neutron.scheduler.dhcp_agent_scheduler [None req-5436b6dc-1346-4cc2-ad96-6117b3933921 193bd30d22e846a396ef6f10206fe213 3d45cc58fc9245689346fda5d168bff5 - - default default] No more DHCP agents
2026-04-28 23:39:06.228 7 WARNING neutron.api.rpc.agentnotifiers.dhcp_rpc_agent_api [None req-5436b6dc-1346-4cc2-ad96-6117b3933921 193bd30d22e846a396ef6f10206fe213 3d45cc58fc9245689346fda5d168bff5 - - default default] Unable to schedule network 259f57bb-8ceb-4ab2-9e64-348352ce5250: no agents available; will retry on subsequent port and subnet creation events.
2026-04-28 23:39:06.802 7 INFO neutron.db.ovn_revision_numbers_db [None req-5bfc247a-743c-42c2-8465-50708b8beac5 - - - - - -] Successfully bumped revision number for resource 74dd651a-02a0-4ccc-b505-3fdc2041fc1b (type: ports) to 2
2026-04-28 23:39:06.834 7 INFO neutron.db.ovn_revision_numbers_db [None req-5bfc247a-743c-42c2-8465-50708b8beac5 - - - - - -] Successfully bumped revision number for resource b3203568-cf0b-462e-ac9d-c9472524fb2a (type: subnets) to 0 [pid: 7|app: 0|req: 1458/3073] 10.0.0.69 () {34 vars in 668 bytes} [Tue Apr 28 23:39:06 2026] POST /v2.0/subnets => generated 629 bytes in 847 msecs (HTTP/1.1 201) 4 headers in 162 bytes (1 switches on core 0) [pid: 7|app: 0|req: 1459/3074] 10.0.0.2 () {28 vars in 581 bytes} [Tue Apr 28 23:39:06 2026] GET /v2.0/subnets => generated 12643 bytes in 108 msecs (HTTP/1.1 200) 4 headers in 159 bytes (1 switches on core 0) [pid: 7|app: 0|req: 1460/3075] 10.0.0.69 () {32 vars in 730 bytes} [Tue Apr 28 23:39:06 2026] GET /v2.0/subnets/e594647e-f4b7-4130-bcaa-188971c7a9fa/tags => generated 34 bytes in 32 msecs (HTTP/1.1 200) 4 headers in 156 bytes (1 switches on core 0) [pid: 7|app: 0|req: 1461/3076] 10.0.0.69 () {34 vars in 750 bytes} [Tue Apr 28 23:39:07 2026] PUT /v2.0/subnets/a0753f00-d1c8-4e44-bacc-ab6be68a723e/tags => generated 17 bytes in 72 msecs (HTTP/1.1 200) 4 headers in 156 bytes (1 switches on core 0)
2026-04-28 23:39:07.099 8 INFO neutron_taas.services.taas.taas_plugin [None req-3749c62c-8b69-40a7-9bd1-0755524c0e8c - - - - - -] TaaS: Handle Delete Port: 6987966f-130f-4edf-9e1a-9237d6364f1f
2026-04-28 23:39:07.104 8 INFO neutron_taas.services.taas.tap_mirror_plugin [None req-3749c62c-8b69-40a7-9bd1-0755524c0e8c - - - - - -] Tap Mirror: Handle Delete Port: 6987966f-130f-4edf-9e1a-9237d6364f1f [pid: 7|app: 0|req: 1462/3077] 10.0.0.2 () {28 vars in 589 bytes} [Tue Apr 28 23:39:07 2026] GET /v2.0/subnetpools => generated 19 bytes in 13 msecs (HTTP/1.1 200) 4 headers in 156 bytes (1 switches on core 0) [pid: 7|app: 0|req: 1463/3078] 10.0.0.69 () {34 vars in 757 bytes} [Tue Apr 28 23:39:07 2026] PUT /v2.0/subnets/e594647e-f4b7-4130-bcaa-188971c7a9fa/tags/red => generated 4 bytes in 58 msecs (HTTP/1.1 201) 4 headers in 160 bytes (1 switches on core 0) [pid: 7|app: 0|req: 1464/3079] 10.0.0.69 () {34 vars in 750 bytes} [Tue Apr 28 23:39:07 2026] PUT /v2.0/subnets/8e325221-29da-45a0-ba53-fdebffdef45a/tags => generated 25 bytes in 76 msecs (HTTP/1.1 200) 4 headers in 156 bytes (1 switches on core 0)
2026-04-28 23:39:07.333 8 INFO neutron.services.segments.plugin [-] Segment 87a3e038-0c06-43be-a187-ad4e704d5b5d resource provider aggregate not found
2026-04-28 23:39:07.340 8 INFO neutron.services.segments.plugin [-] Segment 87a3e038-0c06-43be-a187-ad4e704d5b5d resource provider aggregate not found
2026-04-28 23:39:07.368 8 INFO neutron.services.segments.plugin [-] Segment 87a3e038-0c06-43be-a187-ad4e704d5b5d resource provider not found; error: Placement Client Error (4xx): {"errors": [{"status": 404, "title": "Not Found", "detail": "The resource could not be found.\n\n No resource provider with uuid 87a3e038-0c06-43be-a187-ad4e704d5b5d found for delete ", "request_id": "req-0661918f-00af-43e3-a4eb-38d5d8069dd9"}]}
2026-04-28 23:39:07.373 8 INFO neutron.services.segments.plugin [-] Segment 87a3e038-0c06-43be-a187-ad4e704d5b5d resource provider not found; error: Placement Client Error (4xx): {"errors": [{"status": 404, "title": "Not Found", "detail": "The resource could not be found.\n\n No resource provider with uuid 87a3e038-0c06-43be-a187-ad4e704d5b5d found for delete ", "request_id": "req-c9686898-0d75-4747-ba5b-e86e873c3682"}]}
2026-04-28 23:39:07.390 7 WARNING neutron.plugins.ml2.drivers.ovn.mech_driver.ovsdb.ovn_client [None req-9629e60c-cd49-4a1c-939b-0bb9985c9bd1 - - - - - -] No hosting information found for port fc9e8ea3-2a48-4dc2-8379-440d3a82befe: RuntimeError: No hosting information found for port fc9e8ea3-2a48-4dc2-8379-440d3a82befe
2026-04-28 23:39:07.391 7 INFO neutron.plugins.ml2.drivers.ovn.mech_driver.mech_driver [None req-9629e60c-cd49-4a1c-939b-0bb9985c9bd1 - - - - - -] OVN reports status down for port: b0a65188-66ea-4012-b709-8936c2911eca [pid: 8|app: 0|req: 1616/3080] 10.0.0.69 () {32 vars in 739 bytes} [Tue Apr 28 23:39:04 2026] DELETE /v2.0/vpn/vpnservices/2762ee4a-9091-48dc-8771-82b0c1f6b637 => generated 0 bytes in 2658 msecs (HTTP/1.1 204) 2 headers in 112 bytes (1 switches on core 0) /var/lib/openstack/lib/python3.12/site-packages/pycadf/identifier.py:70: UserWarning: Invalid uuid: neutron. To ensure interoperability, identifiers should be a valid uuid. warnings.warn(('Invalid uuid: %s. To ensure interoperability, ' [pid: 8|app: 0|req: 1617/3081] 10.0.0.69 () {32 vars in 730 bytes} [Tue Apr 28 23:39:07 2026] GET /v2.0/subnets/e594647e-f4b7-4130-bcaa-188971c7a9fa/tags => generated 34 bytes in 79 msecs (HTTP/1.1 200) 4 headers in 156 bytes (1 switches on core 0) [pid: 8|app: 0|req: 1618/3082] 10.0.0.69 () {34 vars in 750 bytes} [Tue Apr 28 23:39:07 2026] PUT /v2.0/subnets/12ae8658-0990-434f-bd3e-553949342684/tags => generated 34 bytes in 52 msecs (HTTP/1.1 200) 4 headers in 156 bytes (1 switches on core 0) [pid: 8|app: 0|req: 1619/3083] 10.0.0.69 () {32 vars in 662 bytes} [Tue Apr 28 23:39:07 2026] GET /v2.0/vpn/vpnservices => generated 869 bytes in 10 msecs (HTTP/1.1 200) 4 headers in 157 bytes (1 switches on core 0) [pid: 8|app: 0|req: 1620/3084] 10.0.0.69 () {34 vars in 779 bytes} [Tue Apr 28 23:39:07 2026] PUT /v2.0/subnets/e594647e-f4b7-4130-bcaa-188971c7a9fa/tags/black.or.white => generated 4 bytes in 93 msecs (HTTP/1.1 201) 4 headers in 160 bytes (1 switches on core 0) [pid: 7|app: 0|req: 1465/3085] 10.0.0.2 () {28 vars in 577 bytes} [Tue Apr 28 23:39:07 2026] GET /v2.0/ports => generated 39575 bytes in 488 msecs (HTTP/1.1 200) 4 headers in 159 bytes (1 switches on core 0) [pid: 8|app: 0|req: 1621/3086] 10.0.0.69 () {34 vars in 750 bytes} [Tue Apr 28 23:39:07 2026] PUT /v2.0/subnets/ee3bd1f9-cdc6-413c-9927-e4258a569731/tags => generated 19 bytes in 56 msecs (HTTP/1.1 200) 4 headers in 156 bytes (1 switches on core 0)
2026-04-28 23:39:07.776 7 INFO neutron.db.ovn_revision_numbers_db [None req-9629e60c-cd49-4a1c-939b-0bb9985c9bd1 - - - - - -] Successfully bumped revision number for resource fc9e8ea3-2a48-4dc2-8379-440d3a82befe (type: router_ports) to 2
2026-04-28 23:39:07.776 7 INFO neutron.plugins.ml2.drivers.ovn.mech_driver.mech_driver [None req-9629e60c-cd49-4a1c-939b-0bb9985c9bd1 - - - - - -] OVN reports status down for port: 76560517-2db2-426d-8542-f92d0bc2bd88 [pid: 8|app: 0|req: 1622/3087] 10.0.0.69 () {32 vars in 730 bytes} [Tue Apr 28 23:39:07 2026] GET /v2.0/subnets/e594647e-f4b7-4130-bcaa-188971c7a9fa/tags => generated 52 bytes in 39 msecs (HTTP/1.1 200) 4 headers in 156 bytes (1 switches on core 0)
2026-04-28 23:39:07.809 7 INFO neutron.plugins.ml2.drivers.ovn.mech_driver.mech_driver [None req-9629e60c-cd49-4a1c-939b-0bb9985c9bd1 - - - - - -] OVN reports status down for port: 6c8762af-0430-4702-91c8-4449efc9ea70 [pid: 8|app: 0|req: 1623/3088] 10.0.0.69 () {32 vars in 663 bytes} [Tue Apr 28 23:39:07 2026] GET /v2.0/subnets?tags=red => generated 1904 bytes in 55 msecs (HTTP/1.1 200) 4 headers in 158 bytes (1 switches on core 0)
2026-04-28 23:39:07.852 7 INFO neutron.api.v2.resource [None req-07dc63ae-173d-4f60-ac7d-d7e978a84f04 609d17d6a1f14fdc8aa4ee036f68056c 940ef50bcd774fb2aaadf75e2ec9cf93 - - default default] create failed (client error): The server could not comply with the request since it is either malformed or otherwise incorrect. [pid: 7|app: 0|req: 1466/3089] 10.0.0.69 () {34 vars in 706 bytes} [Tue Apr 28 23:39:07 2026] POST /v2.0/vpn/ipsec-site-connections => generated 127 bytes in 124 msecs (HTTP/1.1 400) 4 headers in 166 bytes (1 switches on core 0)
2026-04-28 23:39:07.925 7 INFO neutron.plugins.ml2.drivers.ovn.mech_driver.mech_driver [None req-9629e60c-cd49-4a1c-939b-0bb9985c9bd1 - - - - - -] OVN reports status down for port: 6987966f-130f-4edf-9e1a-9237d6364f1f [pid: 8|app: 0|req: 1624/3090] 10.0.0.2 () {28 vars in 581 bytes} [Tue Apr 28 23:39:07 2026] GET /v2.0/routers => generated 3911 bytes in 109 msecs (HTTP/1.1 200) 4 headers in 158 bytes (1 switches on core 0)
2026-04-28 23:39:07.951 7 INFO neutron.plugins.ml2.drivers.ovn.mech_driver.mech_driver [None req-9629e60c-cd49-4a1c-939b-0bb9985c9bd1 - - - - - -] OVN reports status down for port: 5231896b-e529-4878-a4f3-6b2f64533ce1
2026-04-28 23:39:07.966 7 INFO neutron.plugins.ml2.drivers.ovn.mech_driver.mech_driver [None req-9629e60c-cd49-4a1c-939b-0bb9985c9bd1 - - - - - -] OVN reports status down for port: ac3c97a6-d5b0-40a3-bc5c-f0a5180947e2 [pid: 7|app: 0|req: 1467/3091] 10.0.0.69 () {34 vars in 750 bytes} [Tue Apr 28 23:39:07 2026] PUT /v2.0/subnets/e594647e-f4b7-4130-bcaa-188971c7a9fa/tags => generated 37 bytes in 113 msecs (HTTP/1.1 200) 4 headers in 156 bytes (1 switches on core 0) [pid: 8|app: 0|req: 1625/3092] 10.0.0.69 () {32 vars in 677 bytes} [Tue Apr 28 23:39:07 2026] GET /v2.0/subnets?tags=red%2Cblue => generated 1283 bytes in 41 msecs (HTTP/1.1 200) 4 headers in 158 bytes (1 switches on core 0) [pid: 8|app: 0|req: 1626/3093] 10.0.0.2 () {28 vars in 622 bytes} [Tue Apr 28 23:39:07 2026] GET /v2.0/agents?binary=ovn-controller => generated 416 bytes in 14 msecs (HTTP/1.1 200) 4 headers in 157 bytes (1 switches on core 0) [pid: 8|app: 0|req: 1627/3094] 10.0.0.69 () {32 vars in 730 bytes} [Tue Apr 28 23:39:08 2026] GET /v2.0/subnets/e594647e-f4b7-4130-bcaa-188971c7a9fa/tags => generated 37 bytes in 66 msecs (HTTP/1.1 200) 4 headers in 156 bytes (1 switches on core 0)
2026-04-28 23:39:08.088 7 INFO neutron.api.v2.resource [None req-b4c35149-e8da-45da-a404-651f23845124 609d17d6a1f14fdc8aa4ee036f68056c 940ef50bcd774fb2aaadf75e2ec9cf93 - - default default] create failed (client error): The server could not comply with the request since it is either malformed or otherwise incorrect. [pid: 7|app: 0|req: 1468/3095] 10.0.0.69 () {34 vars in 706 bytes} [Tue Apr 28 23:39:07 2026] POST /v2.0/vpn/ipsec-site-connections => generated 136 bytes in 123 msecs (HTTP/1.1 400) 4 headers in 166 bytes (1 switches on core 0) [pid: 8|app: 0|req: 1628/3096] 10.0.0.69 () {32 vars in 673 bytes} [Tue Apr 28 23:39:08 2026] GET /v2.0/subnets?tags-any=blue => generated 1283 bytes in 50 msecs (HTTP/1.1 200) 4 headers in 158 bytes (1 switches on core 0) [pid: 8|app: 0|req: 1629/3097] 10.0.0.69 () {32 vars in 738 bytes} [Tue Apr 28 23:39:08 2026] GET /v2.0/subnets/e594647e-f4b7-4130-bcaa-188971c7a9fa/tags/red => generated 0 bytes in 40 msecs (HTTP/1.1 204) 2 headers in 112 bytes (1 switches on core 0)
2026-04-28 23:39:08.165 7 INFO neutron.plugins.ml2.drivers.ovn.mech_driver.mech_driver [None req-9629e60c-cd49-4a1c-939b-0bb9985c9bd1 - - - - - -] OVN reports status up for port: 5231896b-e529-4878-a4f3-6b2f64533ce1
2026-04-28 23:39:08.169 8 WARNING neutron.api.v2.base [None req-165e4420-c413-48ff-b566-d1e27185a265 609d17d6a1f14fdc8aa4ee036f68056c 940ef50bcd774fb2aaadf75e2ec9cf93 - - default default] An exception happened while processing the request body. The exception message is [Invalid input for dpd. Reason: '59' is not a dictionary.].: webob.exc.HTTPBadRequest: Invalid input for dpd. Reason: '59' is not a dictionary.
2026-04-28 23:39:08.170 8 INFO neutron.api.v2.resource [None req-165e4420-c413-48ff-b566-d1e27185a265 609d17d6a1f14fdc8aa4ee036f68056c 940ef50bcd774fb2aaadf75e2ec9cf93 - - default default] create failed (client error): Invalid input for dpd. Reason: '59' is not a dictionary. [pid: 8|app: 0|req: 1630/3098] 10.0.0.69 () {34 vars in 706 bytes} [Tue Apr 28 23:39:08 2026] POST /v2.0/vpn/ipsec-site-connections => generated 129 bytes in 9 msecs (HTTP/1.1 400) 4 headers in 166 bytes (1 switches on core 0)
2026-04-28 23:39:08.193 7 INFO neutron.plugins.ml2.drivers.ovn.mech_driver.mech_driver [None req-9629e60c-cd49-4a1c-939b-0bb9985c9bd1 - - - - - -] OVN reports status down for port: 4a5d1231-0efa-44c9-b4e1-553254a62f85 [pid: 8|app: 0|req: 1631/3099] 10.0.0.69 () {32 vars in 685 bytes} [Tue Apr 28 23:39:08 2026] GET /v2.0/subnets?tags-any=red%2Cblue => generated 1904 bytes in 33 msecs (HTTP/1.1 200) 4 headers in 158 bytes (1 switches on core 0) [pid: 7|app: 0|req: 1469/3100] 10.0.0.2 () {28 vars in 589 bytes} [Tue Apr 28 23:39:08 2026] GET /v2.0/floatingips => generated 1703 bytes in 116 msecs (HTTP/1.1 200) 4 headers in 158 bytes (1 switches on core 0)
2026-04-28 23:39:08.240 8 INFO neutron.api.v2.resource [None req-57f8013f-f5b2-4f0d-a75c-553fff9da91f d033aab070834c46bb8353f9b25fcaf3 fda383ec0b4b464f857a5b260211485b - - default default] show failed (client error): The resource could not be found. [pid: 8|app: 0|req: 1632/3101] 10.0.0.69 () {32 vars in 742 bytes} [Tue Apr 28 23:39:08 2026] GET /v2.0/subnets/e594647e-f4b7-4130-bcaa-188971c7a9fa/tags/green => generated 99 bytes in 36 msecs (HTTP/1.1 404) 4 headers in 163 bytes (1 switches on core 0) [pid: 7|app: 0|req: 1470/3102] 10.0.0.69 () {34 vars in 692 bytes} [Tue Apr 28 23:39:08 2026] POST /v2.0/vpn/endpoint-groups => generated 294 bytes in 69 msecs (HTTP/1.1 201) 4 headers in 162 bytes (1 switches on core 0) [pid: 8|app: 0|req: 1633/3103] 10.0.0.69 () {32 vars in 671 bytes} [Tue Apr 28 23:39:08 2026] GET /v2.0/subnets?not-tags=red => generated 1894 bytes in 41 msecs (HTTP/1.1 200) 4 headers in 158 bytes (1 switches on core 0)
2026-04-28 23:39:08.322 7 INFO neutron.plugins.ml2.drivers.ovn.mech_driver.mech_driver [None req-9629e60c-cd49-4a1c-939b-0bb9985c9bd1 - - - - - -] OVN reports status down for port: adb23c41-8ccd-457b-81e6-6291ee6f090e [pid: 8|app: 0|req: 1634/3104] 10.0.0.69 () {32 vars in 741 bytes} [Tue Apr 28 23:39:08 2026] DELETE /v2.0/subnets/e594647e-f4b7-4130-bcaa-188971c7a9fa/tags/red => generated 0 bytes in 52 msecs (HTTP/1.1 204) 2 headers in 112 bytes (1 switches on core 0)
2026-04-28 23:39:08.343 7 INFO neutron.plugins.ml2.drivers.ovn.mech_driver.mech_driver [None req-9629e60c-cd49-4a1c-939b-0bb9985c9bd1 - - - - - -] OVN reports status down for port: 6df5eb05-d845-4733-85a7-af77557c7132
2026-04-28 23:39:08.379 8 INFO neutron.api.v2.resource [None req-cb25c00f-63ed-47b5-8f03-f7f42c7353b0 609d17d6a1f14fdc8aa4ee036f68056c 940ef50bcd774fb2aaadf75e2ec9cf93 - - default default] create failed (client error): The server could not comply with the request since it is either malformed or otherwise incorrect. [pid: 8|app: 0|req: 1635/3105] 10.0.0.69 () {34 vars in 706 bytes} [Tue Apr 28 23:39:08 2026] POST /v2.0/vpn/ipsec-site-connections => generated 149 bytes in 45 msecs (HTTP/1.1 400) 4 headers in 166 bytes (1 switches on core 0) [pid: 7|app: 0|req: 1471/3106] 10.0.0.2 () {28 vars in 581 bytes} [Tue Apr 28 23:39:08 2026] GET /v2.0/subnets => generated 11996 bytes in 142 msecs (HTTP/1.1 200) 4 headers in 159 bytes (1 switches on core 0) [pid: 8|app: 0|req: 1636/3107] 10.0.0.69 () {32 vars in 685 bytes} [Tue Apr 28 23:39:08 2026] GET /v2.0/subnets?not-tags=red%2Cblue => generated 2515 bytes in 51 msecs (HTTP/1.1 200) 4 headers in 158 bytes (1 switches on core 0) [pid: 8|app: 0|req: 1637/3108] 10.0.0.69 () {32 vars in 670 bytes} [Tue Apr 28 23:39:08 2026] GET /v2.0/vpn/endpoint-groups => generated 909 bytes in 8 msecs (HTTP/1.1 200) 4 headers in 157 bytes (1 switches on core 0) [pid: 8|app: 0|req: 1638/3109] 10.0.0.2 () {28 vars in 617 bytes} [Tue Apr 28 23:39:08 2026] GET /v2.0/network-ip-availabilities => generated 7348 bytes in 24 msecs (HTTP/1.1 200) 4 headers in 158 bytes (1 switches on core 0) [pid: 7|app: 0|req: 1472/3110] 10.0.0.69 () {32 vars in 730 bytes} [Tue Apr 28 23:39:08 2026] GET /v2.0/subnets/e594647e-f4b7-4130-bcaa-188971c7a9fa/tags => generated 30 bytes in 62 msecs (HTTP/1.1 200) 4 headers in 156 bytes (1 switches on core 0)
2026-04-28 23:39:08.484 7 INFO neutron.plugins.ml2.drivers.ovn.mech_driver.mech_driver [None req-9629e60c-cd49-4a1c-939b-0bb9985c9bd1 - - - - - -] OVN reports status down for port: 74dd651a-02a0-4ccc-b505-3fdc2041fc1b [pid: 8|app: 0|req: 1639/3111] 10.0.0.69 () {32 vars in 681 bytes} [Tue Apr 28 23:39:08 2026] GET /v2.0/subnets?not-tags-any=blue => generated 2515 bytes in 59 msecs (HTTP/1.1 200) 4 headers in 158 bytes (1 switches on core 0) [pid: 7|app: 0|req: 1473/3112] 10.0.0.69 () {32 vars in 747 bytes} [Tue Apr 28 23:39:08 2026] DELETE /v2.0/vpn/endpoint-groups/a9b8b2c7-056d-440e-930c-720133ceec32 => generated 0 bytes in 46 msecs (HTTP/1.1 204) 2 headers in 112 bytes (1 switches on core 0)
