2026-04-28 23:31:11.427 8 INFO neutron.api.v2.resource [None req-531b39f0-12d9-4b2c-8b39-6d79201589b4 a9734a995756455b933fb824d1e913f2 30d53161b7c6442b83b043b4e0658afc - - default default] show failed (client error): The resource could not be found. [pid: 8|app: 0|req: 264/526] 199.204.45.57 () {44 vars in 1070 bytes} [Tue Apr 28 23:31:11 2026] GET /v2.0/security-groups/manila-service-security-group?project_id=fa548194dab9435d826fc198aeb3c861 => generated 139 bytes in 35 msecs (HTTP/1.1 404) 4 headers in 164 bytes (1 switches on core 0) [pid: 7|app: 0|req: 263/527] 199.204.45.57 () {44 vars in 1093 bytes} [Tue Apr 28 23:31:11 2026] GET /v2.0/security-groups?name=manila-service-security-group&project_id=fa548194dab9435d826fc198aeb3c861 => generated 4072 bytes in 37 msecs (HTTP/1.1 200) 4 headers in 158 bytes (1 switches on core 0) [pid: 8|app: 0|req: 265/528] 199.204.45.57 () {44 vars in 1084 bytes} [Tue Apr 28 23:31:12 2026] GET /v2.0/security-groups/787df6ee-3137-43f7-9a7f-4149bc9e45f1?project_id=fa548194dab9435d826fc198aeb3c861 => generated 4075 bytes in 63 msecs (HTTP/1.1 200) 4 headers in 158 bytes (1 switches on core 0) [pid: 7|app: 0|req: 264/529] 199.204.45.57 () {44 vars in 997 bytes} [Tue Apr 28 23:31:12 2026] GET /v2.0/security-groups/787df6ee-3137-43f7-9a7f-4149bc9e45f1 => generated 4075 bytes in 35 msecs (HTTP/1.1 200) 4 headers in 158 bytes (1 switches on core 0) [pid: 8|app: 0|req: 266/530] 199.204.45.57 () {44 vars in 1007 bytes} [Tue Apr 28 23:31:12 2026] GET /v2.0/security-group-rules/11ff8e8e-36ed-4d4a-b728-344ccddb2c34 => generated 597 bytes in 18 msecs (HTTP/1.1 200) 4 headers in 157 bytes (1 switches on core 0) [pid: 7|app: 0|req: 265/531] 199.204.45.57 () {44 vars in 1084 bytes} [Tue Apr 28 23:31:13 2026] GET /v2.0/security-groups/787df6ee-3137-43f7-9a7f-4149bc9e45f1?project_id=fa548194dab9435d826fc198aeb3c861 => generated 4075 bytes in 64 msecs (HTTP/1.1 200) 4 headers in 158 bytes (1 switches on core 0) [pid: 8|app: 0|req: 267/532] 199.204.45.57 () {44 vars in 997 bytes} [Tue Apr 28 23:31:13 2026] GET /v2.0/security-groups/787df6ee-3137-43f7-9a7f-4149bc9e45f1 => generated 4075 bytes in 39 msecs (HTTP/1.1 200) 4 headers in 158 bytes (1 switches on core 0) [pid: 7|app: 0|req: 266/533] 199.204.45.57 () {44 vars in 1007 bytes} [Tue Apr 28 23:31:13 2026] GET /v2.0/security-group-rules/9dea5a2a-5bcb-40ad-954b-6b38ef5731fc => generated 599 bytes in 14 msecs (HTTP/1.1 200) 4 headers in 157 bytes (1 switches on core 0) [pid: 8|app: 0|req: 268/534] 199.204.45.57 () {44 vars in 1084 bytes} [Tue Apr 28 23:31:14 2026] GET /v2.0/security-groups/787df6ee-3137-43f7-9a7f-4149bc9e45f1?project_id=fa548194dab9435d826fc198aeb3c861 => generated 4075 bytes in 54 msecs (HTTP/1.1 200) 4 headers in 158 bytes (1 switches on core 0) [pid: 7|app: 0|req: 267/535] 199.204.45.57 () {44 vars in 997 bytes} [Tue Apr 28 23:31:14 2026] GET /v2.0/security-groups/787df6ee-3137-43f7-9a7f-4149bc9e45f1 => generated 4075 bytes in 36 msecs (HTTP/1.1 200) 4 headers in 158 bytes (1 switches on core 0) [pid: 8|app: 0|req: 269/536] 199.204.45.57 () {44 vars in 1007 bytes} [Tue Apr 28 23:31:14 2026] GET /v2.0/security-group-rules/c88244b2-c4ee-4336-b292-73b11d3a9f9e => generated 601 bytes in 19 msecs (HTTP/1.1 200) 4 headers in 157 bytes (1 switches on core 0) [pid: 7|app: 0|req: 268/537] 199.204.45.57 () {44 vars in 1084 bytes} [Tue Apr 28 23:31:15 2026] GET /v2.0/security-groups/787df6ee-3137-43f7-9a7f-4149bc9e45f1?project_id=fa548194dab9435d826fc198aeb3c861 => generated 4075 bytes in 57 msecs (HTTP/1.1 200) 4 headers in 158 bytes (1 switches on core 0) [pid: 8|app: 0|req: 270/538] 199.204.45.57 () {44 vars in 997 bytes} [Tue Apr 28 23:31:15 2026] GET /v2.0/security-groups/787df6ee-3137-43f7-9a7f-4149bc9e45f1 => generated 4075 bytes in 37 msecs (HTTP/1.1 200) 4 headers in 158 bytes (1 switches on core 0) [pid: 7|app: 0|req: 269/539] 199.204.45.57 () {44 vars in 1007 bytes} [Tue Apr 28 23:31:15 2026] GET /v2.0/security-group-rules/c22c00cf-1d33-4222-940b-b6e0a419b2d2 => generated 602 bytes in 18 msecs (HTTP/1.1 200) 4 headers in 157 bytes (1 switches on core 0) [pid: 8|app: 0|req: 272/542] 199.204.45.57 () {44 vars in 971 bytes} [Tue Apr 28 23:31:22 2026] GET /v2.0/quotas/fa548194dab9435d826fc198aeb3c861 => generated 291 bytes in 9 msecs (HTTP/1.1 200) 4 headers in 157 bytes (1 switches on core 0) [pid: 7|app: 0|req: 273/547] 10.0.0.2 () {28 vars in 581 bytes} [Tue Apr 28 23:32:04 2026] GET /v2.0/routers => generated 15 bytes in 44 msecs (HTTP/1.1 200) 4 headers in 156 bytes (1 switches on core 0) [pid: 8|app: 0|req: 275/548] 10.0.0.2 () {28 vars in 622 bytes} [Tue Apr 28 23:32:04 2026] GET /v2.0/agents?binary=ovn-controller => generated 416 bytes in 69 msecs (HTTP/1.1 200) 4 headers in 157 bytes (1 switches on core 0) [pid: 7|app: 0|req: 274/549] 10.0.0.2 () {28 vars in 617 bytes} [Tue Apr 28 23:32:04 2026] GET /v2.0/network-ip-availabilities => generated 1104 bytes in 15 msecs (HTTP/1.1 200) 4 headers in 158 bytes (1 switches on core 0) [pid: 8|app: 0|req: 276/550] 10.0.0.2 () {28 vars in 581 bytes} [Tue Apr 28 23:32:04 2026] GET /v2.0/subnets => generated 1308 bytes in 30 msecs (HTTP/1.1 200) 4 headers in 158 bytes (1 switches on core 0) [pid: 7|app: 0|req: 275/551] 10.0.0.2 () {28 vars in 589 bytes} [Tue Apr 28 23:32:04 2026] GET /v2.0/subnetpools => generated 19 bytes in 12 msecs (HTTP/1.1 200) 4 headers in 156 bytes (1 switches on core 0) [pid: 8|app: 0|req: 277/552] 10.0.0.2 () {28 vars in 597 bytes} [Tue Apr 28 23:32:04 2026] GET /v2.0/security-groups => generated 17397 bytes in 34 msecs (HTTP/1.1 200) 4 headers in 159 bytes (1 switches on core 0) [pid: 7|app: 0|req: 276/553] 10.0.0.2 () {28 vars in 581 bytes} [Tue Apr 28 23:32:04 2026] GET /v2.0/subnets => generated 1308 bytes in 26 msecs (HTTP/1.1 200) 4 headers in 158 bytes (1 switches on core 0) [pid: 8|app: 0|req: 278/554] 10.0.0.2 () {28 vars in 589 bytes} [Tue Apr 28 23:32:04 2026] GET /v2.0/floatingips => generated 19 bytes in 18 msecs (HTTP/1.1 200) 4 headers in 156 bytes (1 switches on core 0) [pid: 7|app: 0|req: 277/555] 10.0.0.2 () {28 vars in 583 bytes} [Tue Apr 28 23:32:04 2026] GET /v2.0/networks => generated 2173 bytes in 53 msecs (HTTP/1.1 200) 4 headers in 158 bytes (1 switches on core 0) [pid: 8|app: 0|req: 279/556] 10.0.0.2 () {28 vars in 577 bytes} [Tue Apr 28 23:32:04 2026] GET /v2.0/ports => generated 5171 bytes in 50 msecs (HTTP/1.1 200) 4 headers in 158 bytes (1 switches on core 0) [pid: 7|app: 0|req: 278/557] 10.0.0.2 () {28 vars in 579 bytes} [Tue Apr 28 23:32:04 2026] GET /v2.0/agents => generated 1214 bytes in 16 msecs (HTTP/1.1 200) 4 headers in 158 bytes (1 switches on core 0) [pid: 7|app: 0|req: 280/560] 199.204.45.57 () {44 vars in 945 bytes} [Tue Apr 28 23:32:13 2026] GET /v2.0/networks?name=public => generated 753 bytes in 77 msecs (HTTP/1.1 200) 4 headers in 157 bytes (1 switches on core 0) [pid: 7|app: 0|req: 284/567] 10.0.0.69 () {32 vars in 648 bytes} [Tue Apr 28 23:32:51 2026] GET /v2.0/networks => generated 2173 bytes in 197 msecs (HTTP/1.1 200) 4 headers in 158 bytes (1 switches on core 0) [pid: 8|app: 0|req: 284/568] 10.0.0.69 () {32 vars in 654 bytes} [Tue Apr 28 23:32:52 2026] GET /v2.0/floatingips => generated 19 bytes in 20 msecs (HTTP/1.1 200) 4 headers in 156 bytes (1 switches on core 0) [pid: 7|app: 0|req: 285/569] 10.0.0.69 () {32 vars in 646 bytes} [Tue Apr 28 23:32:52 2026] GET /v2.0/routers => generated 15 bytes in 20 msecs (HTTP/1.1 200) 4 headers in 156 bytes (1 switches on core 0) [pid: 8|app: 0|req: 285/570] 10.0.0.69 () {32 vars in 642 bytes} [Tue Apr 28 23:32:53 2026] GET /v2.0/ports => generated 5171 bytes in 65 msecs (HTTP/1.1 200) 4 headers in 158 bytes (1 switches on core 0) [pid: 7|app: 0|req: 286/571] 10.0.0.69 () {32 vars in 646 bytes} [Tue Apr 28 23:32:53 2026] GET /v2.0/subnets => generated 1308 bytes in 30 msecs (HTTP/1.1 200) 4 headers in 158 bytes (1 switches on core 0) [pid: 8|app: 0|req: 286/572] 10.0.0.69 () {32 vars in 648 bytes} [Tue Apr 28 23:32:53 2026] GET /v2.0/networks => generated 2173 bytes in 51 msecs (HTTP/1.1 200) 4 headers in 158 bytes (1 switches on core 0) [pid: 7|app: 0|req: 287/573] 10.0.0.69 () {32 vars in 662 bytes} [Tue Apr 28 23:32:53 2026] GET /v2.0/security-groups => generated 17397 bytes in 35 msecs (HTTP/1.1 200) 4 headers in 159 bytes (1 switches on core 0) [pid: 8|app: 0|req: 287/574] 10.0.0.69 () {32 vars in 654 bytes} [Tue Apr 28 23:32:53 2026] GET /v2.0/subnetpools => generated 19 bytes in 8 msecs (HTTP/1.1 200) 4 headers in 156 bytes (1 switches on core 0)
2026-04-28 23:33:04.279 7 INFO neutron.db.ovn_revision_numbers_db [None req-68f413c6-8833-487c-9322-78f2ae45fd62 a9734a995756455b933fb824d1e913f2 30d53161b7c6442b83b043b4e0658afc - - default default] Successfully bumped revision number for resource d2384dd3-3e73-4adb-9d1e-12ec88d31100 (type: security_groups) to 1
2026-04-28 23:33:04.295 7 INFO neutron.db.ovn_revision_numbers_db [None req-68f413c6-8833-487c-9322-78f2ae45fd62 a9734a995756455b933fb824d1e913f2 30d53161b7c6442b83b043b4e0658afc - - default default] Successfully bumped revision number for resource 0cddaa3b-94e6-48da-bf38-41807220f641 (type: security_group_rules) to 0
2026-04-28 23:33:04.323 7 INFO neutron.db.ovn_revision_numbers_db [None req-68f413c6-8833-487c-9322-78f2ae45fd62 a9734a995756455b933fb824d1e913f2 30d53161b7c6442b83b043b4e0658afc - - default default] Successfully bumped revision number for resource 597dd87c-dbe6-412f-9d6b-5448ec58ff0f (type: security_group_rules) to 0
2026-04-28 23:33:04.340 7 INFO neutron.db.ovn_revision_numbers_db [None req-68f413c6-8833-487c-9322-78f2ae45fd62 a9734a995756455b933fb824d1e913f2 30d53161b7c6442b83b043b4e0658afc - - default default] Successfully bumped revision number for resource 802de395-6eae-4adc-b849-dfe23989d50d (type: security_group_rules) to 0
2026-04-28 23:33:04.355 7 INFO neutron.db.ovn_revision_numbers_db [None req-68f413c6-8833-487c-9322-78f2ae45fd62 a9734a995756455b933fb824d1e913f2 30d53161b7c6442b83b043b4e0658afc - - default default] Successfully bumped revision number for resource 9c8b4a91-33c0-491f-8693-4c04fd977d85 (type: security_group_rules) to 0
2026-04-28 23:33:04.383 8 INFO neutron.db.ovn_revision_numbers_db [None req-f17def42-8b4c-4fc7-b6d5-c076da78d497 a9734a995756455b933fb824d1e913f2 30d53161b7c6442b83b043b4e0658afc - - default default] Successfully bumped revision number for resource ec4d2709-c989-4f66-b1c7-fb7d39c13f9a (type: security_groups) to 1
2026-04-28 23:33:04.402 8 INFO neutron.db.ovn_revision_numbers_db [None req-f17def42-8b4c-4fc7-b6d5-c076da78d497 a9734a995756455b933fb824d1e913f2 30d53161b7c6442b83b043b4e0658afc - - default default] Successfully bumped revision number for resource 6200fda8-6cdd-4f45-8198-a45679a2366d (type: security_group_rules) to 0
2026-04-28 23:33:04.418 8 INFO neutron.db.ovn_revision_numbers_db [None req-f17def42-8b4c-4fc7-b6d5-c076da78d497 a9734a995756455b933fb824d1e913f2 30d53161b7c6442b83b043b4e0658afc - - default default] Successfully bumped revision number for resource 7e3dbacf-caa0-4720-b443-daba1e802740 (type: security_group_rules) to 0
2026-04-28 23:33:04.445 8 INFO neutron.db.ovn_revision_numbers_db [None req-f17def42-8b4c-4fc7-b6d5-c076da78d497 a9734a995756455b933fb824d1e913f2 30d53161b7c6442b83b043b4e0658afc - - default default] Successfully bumped revision number for resource a496085a-87ab-4dc0-a07a-0bfae106d17d (type: security_group_rules) to 0
2026-04-28 23:33:04.475 8 INFO neutron.db.ovn_revision_numbers_db [None req-f17def42-8b4c-4fc7-b6d5-c076da78d497 a9734a995756455b933fb824d1e913f2 30d53161b7c6442b83b043b4e0658afc - - default default] Successfully bumped revision number for resource c10a7187-5fd4-4504-bea6-680a55b4d55c (type: security_group_rules) to 0
2026-04-28 23:33:04.541 7 INFO neutron.db.segments_db [None req-68f413c6-8833-487c-9322-78f2ae45fd62 a9734a995756455b933fb824d1e913f2 30d53161b7c6442b83b043b4e0658afc - - default default] Added segment 7db23b3f-6ccb-480c-a024-b70522fef230 of type geneve for network ac092050-0176-46ed-9a91-91e9b653204b
2026-04-28 23:33:04.564 8 INFO neutron.db.segments_db [None req-f17def42-8b4c-4fc7-b6d5-c076da78d497 a9734a995756455b933fb824d1e913f2 30d53161b7c6442b83b043b4e0658afc - - default default] Added segment efcfe095-14fc-4048-a9d0-b9c5a0a25914 of type geneve for network ad39a2c9-b694-439f-b2c2-cd721d6d1429
2026-04-28 23:33:04.662 7 INFO neutron.db.ovn_revision_numbers_db [None req-68f413c6-8833-487c-9322-78f2ae45fd62 a9734a995756455b933fb824d1e913f2 30d53161b7c6442b83b043b4e0658afc - - default default] Successfully bumped revision number for resource ac092050-0176-46ed-9a91-91e9b653204b (type: networks) to 1
2026-04-28 23:33:04.705 8 INFO neutron.db.ovn_revision_numbers_db [None req-f17def42-8b4c-4fc7-b6d5-c076da78d497 a9734a995756455b933fb824d1e913f2 30d53161b7c6442b83b043b4e0658afc - - default default] Successfully bumped revision number for resource ad39a2c9-b694-439f-b2c2-cd721d6d1429 (type: networks) to 1
2026-04-28 23:33:04.854 7 WARNING neutron.scheduler.dhcp_agent_scheduler [None req-68f413c6-8833-487c-9322-78f2ae45fd62 a9734a995756455b933fb824d1e913f2 30d53161b7c6442b83b043b4e0658afc - - default default] No more DHCP agents
2026-04-28 23:33:04.855 7 WARNING neutron.api.rpc.agentnotifiers.dhcp_rpc_agent_api [None req-68f413c6-8833-487c-9322-78f2ae45fd62 a9734a995756455b933fb824d1e913f2 30d53161b7c6442b83b043b4e0658afc - - default default] Unable to schedule network ac092050-0176-46ed-9a91-91e9b653204b: no agents available; will retry on subsequent port and subnet creation events.
2026-04-28 23:33:04.857 8 WARNING neutron.scheduler.dhcp_agent_scheduler [None req-f17def42-8b4c-4fc7-b6d5-c076da78d497 a9734a995756455b933fb824d1e913f2 30d53161b7c6442b83b043b4e0658afc - - default default] No more DHCP agents
2026-04-28 23:33:04.858 8 WARNING neutron.api.rpc.agentnotifiers.dhcp_rpc_agent_api [None req-f17def42-8b4c-4fc7-b6d5-c076da78d497 a9734a995756455b933fb824d1e913f2 30d53161b7c6442b83b043b4e0658afc - - default default] Unable to schedule network ad39a2c9-b694-439f-b2c2-cd721d6d1429: no agents available; will retry on subsequent port and subnet creation events.
2026-04-28 23:33:04.935 7 INFO neutron.plugins.ml2.drivers.ovn.mech_driver.mech_driver [None req-bb1f4ad0-2829-4e48-9ce9-43e364e51004 - - - - - -] OVN reports status down for port: a64d0514-33c7-40aa-93f9-e2d595c16e80
2026-04-28 23:33:05.005 8 INFO neutron.db.ovn_revision_numbers_db [None req-f17def42-8b4c-4fc7-b6d5-c076da78d497 a9734a995756455b933fb824d1e913f2 30d53161b7c6442b83b043b4e0658afc - - default default] Successfully bumped revision number for resource 738df365-3b1d-4360-aab4-58ca98811c05 (type: ports) to 1
2026-04-28 23:33:05.024 7 INFO neutron.db.ovn_revision_numbers_db [None req-68f413c6-8833-487c-9322-78f2ae45fd62 a9734a995756455b933fb824d1e913f2 30d53161b7c6442b83b043b4e0658afc - - default default] Successfully bumped revision number for resource a64d0514-33c7-40aa-93f9-e2d595c16e80 (type: ports) to 1 [pid: 8|app: 0|req: 288/575] 10.0.0.69 () {34 vars in 670 bytes} [Tue Apr 28 23:33:04 2026] POST /v2.0/networks => generated 739 bytes in 1017 msecs (HTTP/1.1 201) 4 headers in 162 bytes (1 switches on core 0) [pid: 7|app: 0|req: 288/576] 10.0.0.69 () {34 vars in 670 bytes} [Tue Apr 28 23:33:03 2026] POST /v2.0/networks => generated 751 bytes in 1148 msecs (HTTP/1.1 201) 4 headers in 162 bytes (1 switches on core 0)
2026-04-28 23:33:05.081 7 INFO neutron.plugins.ml2.drivers.ovn.mech_driver.mech_driver [None req-bb1f4ad0-2829-4e48-9ce9-43e364e51004 - - - - - -] OVN reports status down for port: 738df365-3b1d-4360-aab4-58ca98811c05 [pid: 7|app: 0|req: 289/577] 10.0.0.2 () {28 vars in 617 bytes} [Tue Apr 28 23:33:05 2026] GET /v2.0/network-ip-availabilities => generated 1669 bytes in 105 msecs (HTTP/1.1 200) 4 headers in 158 bytes (1 switches on core 0)
2026-04-28 23:33:05.316 8 INFO neutron.db.ovn_revision_numbers_db [None req-acd7de67-c7c0-4a76-835f-0fea23054d5a a9734a995756455b933fb824d1e913f2 30d53161b7c6442b83b043b4e0658afc - - default default] Successfully bumped revision number for resource 34651b53-931d-4e6c-b8db-e97bd0a425ff (type: security_groups) to 1
2026-04-28 23:33:05.331 8 INFO neutron.db.ovn_revision_numbers_db [None req-acd7de67-c7c0-4a76-835f-0fea23054d5a a9734a995756455b933fb824d1e913f2 30d53161b7c6442b83b043b4e0658afc - - default default] Successfully bumped revision number for resource 1944e2ef-d498-45fa-b368-a98431156ea2 (type: security_group_rules) to 0
2026-04-28 23:33:05.346 8 INFO neutron.db.ovn_revision_numbers_db [None req-acd7de67-c7c0-4a76-835f-0fea23054d5a a9734a995756455b933fb824d1e913f2 30d53161b7c6442b83b043b4e0658afc - - default default] Successfully bumped revision number for resource 5ff91e6e-2f78-446e-ae86-427186e9fe0b (type: security_group_rules) to 0
2026-04-28 23:33:05.358 8 INFO neutron.db.ovn_revision_numbers_db [None req-acd7de67-c7c0-4a76-835f-0fea23054d5a a9734a995756455b933fb824d1e913f2 30d53161b7c6442b83b043b4e0658afc - - default default] Successfully bumped revision number for resource 68314997-65ba-47d8-a02b-37b8d172a4af (type: security_group_rules) to 0
2026-04-28 23:33:05.367 8 INFO neutron.db.ovn_revision_numbers_db [None req-acd7de67-c7c0-4a76-835f-0fea23054d5a a9734a995756455b933fb824d1e913f2 30d53161b7c6442b83b043b4e0658afc - - default default] Successfully bumped revision number for resource f7f321f1-704f-460c-a34d-17924b42a464 (type: security_group_rules) to 0
2026-04-28 23:33:05.431 7 INFO neutron.db.ovn_revision_numbers_db [None req-3d263ff7-096e-41c6-9107-fb94e5bbb0d2 a9734a995756455b933fb824d1e913f2 30d53161b7c6442b83b043b4e0658afc - - default default] Successfully bumped revision number for resource 6479ce0f-bc54-48ec-8a30-8e0e9e4b25eb (type: security_groups) to 1
2026-04-28 23:33:05.443 7 INFO neutron.db.ovn_revision_numbers_db [None req-3d263ff7-096e-41c6-9107-fb94e5bbb0d2 a9734a995756455b933fb824d1e913f2 30d53161b7c6442b83b043b4e0658afc - - default default] Successfully bumped revision number for resource 1c374eb9-807f-4e52-bdba-b6b20aa0f750 (type: security_group_rules) to 0
2026-04-28 23:33:05.451 8 INFO neutron.db.segments_db [None req-acd7de67-c7c0-4a76-835f-0fea23054d5a a9734a995756455b933fb824d1e913f2 30d53161b7c6442b83b043b4e0658afc - - default default] Added segment b350087b-a0ff-4e04-b110-78398dfe0976 of type geneve for network 35245bc7-4994-4045-a83d-6b6c015a5021
2026-04-28 23:33:05.455 7 INFO neutron.db.ovn_revision_numbers_db [None req-3d263ff7-096e-41c6-9107-fb94e5bbb0d2 a9734a995756455b933fb824d1e913f2 30d53161b7c6442b83b043b4e0658afc - - default default] Successfully bumped revision number for resource 2391abc7-a29f-4dc7-9ee0-0cff7237ae48 (type: security_group_rules) to 0
2026-04-28 23:33:05.467 7 INFO neutron.db.ovn_revision_numbers_db [None req-3d263ff7-096e-41c6-9107-fb94e5bbb0d2 a9734a995756455b933fb824d1e913f2 30d53161b7c6442b83b043b4e0658afc - - default default] Successfully bumped revision number for resource 7e47dcfe-0741-490e-8607-e47c04452003 (type: security_group_rules) to 0
2026-04-28 23:33:05.477 7 INFO neutron.db.ovn_revision_numbers_db [None req-3d263ff7-096e-41c6-9107-fb94e5bbb0d2 a9734a995756455b933fb824d1e913f2 30d53161b7c6442b83b043b4e0658afc - - default default] Successfully bumped revision number for resource a4d0871c-fbf7-4662-b99a-ffd977f9752c (type: security_group_rules) to 0 [pid: 7|app: 0|req: 290/578] 10.0.0.69 () {32 vars in 773 bytes} [Tue Apr 28 23:33:05 2026] GET /v2.0/security-groups?tenant_id=87076d6edeca4a66afdebf92a23421af&name=default => generated 2921 bytes in 339 msecs (HTTP/1.1 200) 4 headers in 158 bytes (1 switches on core 0)
2026-04-28 23:33:05.575 8 INFO neutron.db.ovn_revision_numbers_db [None req-acd7de67-c7c0-4a76-835f-0fea23054d5a a9734a995756455b933fb824d1e913f2 30d53161b7c6442b83b043b4e0658afc - - default default] Successfully bumped revision number for resource 35245bc7-4994-4045-a83d-6b6c015a5021 (type: networks) to 1
2026-04-28 23:33:05.665 7 WARNING neutron.scheduler.dhcp_agent_scheduler [None req-11b96bbb-accc-46d6-bb3f-e1241eb78766 a9734a995756455b933fb824d1e913f2 30d53161b7c6442b83b043b4e0658afc - - default default] No more DHCP agents
2026-04-28 23:33:05.666 7 WARNING neutron.api.rpc.agentnotifiers.dhcp_rpc_agent_api [None req-11b96bbb-accc-46d6-bb3f-e1241eb78766 a9734a995756455b933fb824d1e913f2 30d53161b7c6442b83b043b4e0658afc - - default default] Unable to schedule network ad39a2c9-b694-439f-b2c2-cd721d6d1429: no agents available; will retry on subsequent port and subnet creation events.
2026-04-28 23:33:05.735 8 WARNING neutron.scheduler.dhcp_agent_scheduler [None req-acd7de67-c7c0-4a76-835f-0fea23054d5a a9734a995756455b933fb824d1e913f2 30d53161b7c6442b83b043b4e0658afc - - default default] No more DHCP agents
2026-04-28 23:33:05.737 8 WARNING neutron.api.rpc.agentnotifiers.dhcp_rpc_agent_api [None req-acd7de67-c7c0-4a76-835f-0fea23054d5a a9734a995756455b933fb824d1e913f2 30d53161b7c6442b83b043b4e0658afc - - default default] Unable to schedule network 35245bc7-4994-4045-a83d-6b6c015a5021: no agents available; will retry on subsequent port and subnet creation events.
2026-04-28 23:33:05.838 7 INFO neutron.plugins.ml2.drivers.ovn.mech_driver.mech_driver [None req-bb1f4ad0-2829-4e48-9ce9-43e364e51004 - - - - - -] OVN reports status down for port: 254121da-92cb-4b20-95ee-58ce4167172a
2026-04-28 23:33:05.844 8 INFO neutron.db.ovn_revision_numbers_db [None req-acd7de67-c7c0-4a76-835f-0fea23054d5a a9734a995756455b933fb824d1e913f2 30d53161b7c6442b83b043b4e0658afc - - default default] Successfully bumped revision number for resource 254121da-92cb-4b20-95ee-58ce4167172a (type: ports) to 1 [pid: 8|app: 0|req: 289/579] 10.0.0.69 () {34 vars in 670 bytes} [Tue Apr 28 23:33:05 2026] POST /v2.0/networks => generated 748 bytes in 841 msecs (HTTP/1.1 201) 4 headers in 162 bytes (1 switches on core 0)
2026-04-28 23:33:06.018 8 WARNING neutron.scheduler.dhcp_agent_scheduler [None req-b8a4cce5-0a63-47e3-a730-7994fc4490ed a9734a995756455b933fb824d1e913f2 30d53161b7c6442b83b043b4e0658afc - - default default] No more DHCP agents
2026-04-28 23:33:06.019 8 WARNING neutron.api.rpc.agentnotifiers.dhcp_rpc_agent_api [None req-b8a4cce5-0a63-47e3-a730-7994fc4490ed a9734a995756455b933fb824d1e913f2 30d53161b7c6442b83b043b4e0658afc - - default default] Unable to schedule network ac092050-0176-46ed-9a91-91e9b653204b: no agents available; will retry on subsequent port and subnet creation events.
2026-04-28 23:33:06.203 7 INFO neutron.db.ovn_revision_numbers_db [None req-cee218ed-36c1-477c-bf2f-1eccecb9f66a - - - - - -] Successfully bumped revision number for resource 738df365-3b1d-4360-aab4-58ca98811c05 (type: ports) to 2
2026-04-28 23:33:06.229 7 INFO neutron.db.ovn_revision_numbers_db [None req-cee218ed-36c1-477c-bf2f-1eccecb9f66a - - - - - -] Successfully bumped revision number for resource 5a882782-36cc-40cf-999f-06369fee306f (type: subnets) to 0 [pid: 7|app: 0|req: 291/580] 10.0.0.69 () {34 vars in 668 bytes} [Tue Apr 28 23:33:05 2026] POST /v2.0/subnets => generated 684 bytes in 730 msecs (HTTP/1.1 201) 4 headers in 162 bytes (1 switches on core 0) [pid: 7|app: 0|req: 292/581] 10.0.0.2 () {28 vars in 583 bytes} [Tue Apr 28 23:33:06 2026] GET /v2.0/networks => generated 4415 bytes in 59 msecs (HTTP/1.1 200) 4 headers in 158 bytes (1 switches on core 0)
2026-04-28 23:33:06.559 8 INFO neutron.db.ovn_revision_numbers_db [None req-2c8d0825-b063-45ff-877a-101fa4f09f6f - - - - - -] Successfully bumped revision number for resource a64d0514-33c7-40aa-93f9-e2d595c16e80 (type: ports) to 2 [pid: 7|app: 0|req: 293/582] 10.0.0.69 () {32 vars in 739 bytes} [Tue Apr 28 23:33:06 2026] DELETE /v2.0/security-groups/6479ce0f-bc54-48ec-8a30-8e0e9e4b25eb => generated 0 bytes in 281 msecs (HTTP/1.1 204) 2 headers in 112 bytes (1 switches on core 0)
2026-04-28 23:33:06.608 8 INFO neutron.db.ovn_revision_numbers_db [None req-2c8d0825-b063-45ff-877a-101fa4f09f6f - - - - - -] Successfully bumped revision number for resource f9a090d7-4cf2-4d47-ab43-8b33f6c48697 (type: subnets) to 0 [pid: 8|app: 0|req: 290/585] 10.0.0.69 () {34 vars in 668 bytes} [Tue Apr 28 23:33:05 2026] POST /v2.0/subnets => generated 695 bytes in 757 msecs (HTTP/1.1 201) 4 headers in 162 bytes (1 switches on core 0)
2026-04-28 23:33:06.716 7 WARNING neutron.scheduler.dhcp_agent_scheduler [None req-ef204c0d-b73c-4d09-ac7a-22e9869c26f3 a9734a995756455b933fb824d1e913f2 30d53161b7c6442b83b043b4e0658afc - - default default] No more DHCP agents
2026-04-28 23:33:06.718 7 WARNING neutron.api.rpc.agentnotifiers.dhcp_rpc_agent_api [None req-ef204c0d-b73c-4d09-ac7a-22e9869c26f3 a9734a995756455b933fb824d1e913f2 30d53161b7c6442b83b043b4e0658afc - - default default] Unable to schedule network 35245bc7-4994-4045-a83d-6b6c015a5021: no agents available; will retry on subsequent port and subnet creation events.
2026-04-28 23:33:07.157 7 INFO neutron.db.ovn_revision_numbers_db [None req-19a1728c-e527-4d86-89d4-74a33b0bc00d - - - - - -] Successfully bumped revision number for resource 254121da-92cb-4b20-95ee-58ce4167172a (type: ports) to 2
2026-04-28 23:33:07.190 7 INFO neutron.db.ovn_revision_numbers_db [None req-19a1728c-e527-4d86-89d4-74a33b0bc00d - - - - - -] Successfully bumped revision number for resource dd575a32-af21-44e5-a0d0-96e15192dec5 (type: subnets) to 0 [pid: 7|app: 0|req: 296/586] 10.0.0.69 () {34 vars in 668 bytes} [Tue Apr 28 23:33:06 2026] POST /v2.0/subnets => generated 692 bytes in 620 msecs (HTTP/1.1 201) 4 headers in 162 bytes (1 switches on core 0)
2026-04-28 23:33:07.240 8 WARNING neutron.scheduler.dhcp_agent_scheduler [None req-54ec59e7-7319-4199-8549-e91bca089f6e a9734a995756455b933fb824d1e913f2 30d53161b7c6442b83b043b4e0658afc - - default default] No more DHCP agents
2026-04-28 23:33:07.242 8 WARNING neutron.api.rpc.agentnotifiers.dhcp_rpc_agent_api [None req-54ec59e7-7319-4199-8549-e91bca089f6e a9734a995756455b933fb824d1e913f2 30d53161b7c6442b83b043b4e0658afc - - default default] Unable to schedule network 3b920033-3cd0-4c19-9489-89c1b89f7a98: no agents available; will retry on subsequent port and subnet creation events. [pid: 7|app: 0|req: 297/587] 10.0.0.2 () {28 vars in 581 bytes} [Tue Apr 28 23:33:07 2026] GET /v2.0/subnets => generated 3349 bytes in 45 msecs (HTTP/1.1 200) 4 headers in 158 bytes (1 switches on core 0)
2026-04-28 23:33:07.419 8 INFO neutron.db.ovn_revision_numbers_db [None req-54ec59e7-7319-4199-8549-e91bca089f6e a9734a995756455b933fb824d1e913f2 30d53161b7c6442b83b043b4e0658afc - - default default] Successfully bumped revision number for resource 60899644-e2d4-4fd6-88b6-a6e74c073130 (type: ports) to 1
2026-04-28 23:33:07.457 7 INFO neutron.plugins.ml2.drivers.ovn.mech_driver.mech_driver [None req-bb1f4ad0-2829-4e48-9ce9-43e364e51004 - - - - - -] OVN reports status down for port: 60899644-e2d4-4fd6-88b6-a6e74c073130
2026-04-28 23:33:07.757 8 INFO neutron.plugins.ml2.drivers.ovn.mech_driver.ovsdb.extensions.qos [None req-54ec59e7-7319-4199-8549-e91bca089f6e a9734a995756455b933fb824d1e913f2 30d53161b7c6442b83b043b4e0658afc - - default default] Starting OVNClientQosExtension
2026-04-28 23:33:07.952 7 WARNING neutron.scheduler.dhcp_agent_scheduler [None req-a03c803b-f75f-434f-ba17-5dd692f33a6b a9734a995756455b933fb824d1e913f2 30d53161b7c6442b83b043b4e0658afc - - default default] No more DHCP agents
2026-04-28 23:33:07.953 7 WARNING neutron.api.rpc.agentnotifiers.dhcp_rpc_agent_api [None req-a03c803b-f75f-434f-ba17-5dd692f33a6b a9734a995756455b933fb824d1e913f2 30d53161b7c6442b83b043b4e0658afc - - default default] Unable to schedule network 3b920033-3cd0-4c19-9489-89c1b89f7a98: no agents available; will retry on subsequent port and subnet creation events.
2026-04-28 23:33:08.079 7 INFO neutron.plugins.ml2.drivers.ovn.mech_driver.mech_driver [None req-bb1f4ad0-2829-4e48-9ce9-43e364e51004 - - - - - -] OVN reports status down for port: 8595cfdb-0488-4773-8e05-a89feee69738
2026-04-28 23:33:08.138 7 INFO neutron.db.ovn_revision_numbers_db [None req-a03c803b-f75f-434f-ba17-5dd692f33a6b a9734a995756455b933fb824d1e913f2 30d53161b7c6442b83b043b4e0658afc - - default default] Successfully bumped revision number for resource 8595cfdb-0488-4773-8e05-a89feee69738 (type: ports) to 1
2026-04-28 23:33:08.146 8 WARNING oslo_config.cfg [None req-54ec59e7-7319-4199-8549-e91bca089f6e a9734a995756455b933fb824d1e913f2 30d53161b7c6442b83b043b4e0658afc - - default default] Deprecated: Option "ovn_emit_need_to_frag" from group "ovn" is deprecated for removal (The option is useful only on very old Linux kernels (version < 5.2).). Its value may be silently ignored in the future.
2026-04-28 23:33:08.413 8 INFO neutron.plugins.ml2.drivers.ovn.mech_driver.ovsdb.commands [-] Schedule LRP lrp-60899644-e2d4-4fd6-88b6-a6e74c073130 on gateway 877d7cc9-f82e-4f9c-b19e-e18fbb987fff with priority 1
2026-04-28 23:33:08.563 8 INFO neutron.db.ovn_revision_numbers_db [None req-54ec59e7-7319-4199-8549-e91bca089f6e a9734a995756455b933fb824d1e913f2 30d53161b7c6442b83b043b4e0658afc - - default default] Successfully bumped revision number for resource 60899644-e2d4-4fd6-88b6-a6e74c073130 (type: router_ports) to 1
2026-04-28 23:33:08.581 7 INFO neutron.plugins.ml2.drivers.ovn.mech_driver.ovsdb.ovsdb_monitor [-] Router cbedc743-b7de-4ec8-a7f6-4dbc2dcafcf5 is bound to host instance
2026-04-28 23:33:08.621 8 INFO neutron.db.ovn_revision_numbers_db [None req-54ec59e7-7319-4199-8549-e91bca089f6e a9734a995756455b933fb824d1e913f2 30d53161b7c6442b83b043b4e0658afc - - default default] Successfully bumped revision number for resource cbedc743-b7de-4ec8-a7f6-4dbc2dcafcf5 (type: routers) to 2
2026-04-28 23:33:08.635 7 INFO neutron.plugins.ml2.drivers.ovn.mech_driver.mech_driver [None req-bb1f4ad0-2829-4e48-9ce9-43e364e51004 - - - - - -] OVN reports status up for port: 60899644-e2d4-4fd6-88b6-a6e74c073130 [pid: 8|app: 0|req: 291/588] 10.0.0.69 () {34 vars in 668 bytes} [Tue Apr 28 23:33:06 2026] POST /v2.0/routers => generated 962 bytes in 2011 msecs (HTTP/1.1 201) 4 headers in 162 bytes (1 switches on core 0)
2026-04-28 23:33:08.664 7 INFO neutron.plugins.ml2.drivers.ovn.mech_driver.ovsdb.extensions.qos [None req-a03c803b-f75f-434f-ba17-5dd692f33a6b a9734a995756455b933fb824d1e913f2 30d53161b7c6442b83b043b4e0658afc - - default default] Starting OVNClientQosExtension
2026-04-28 23:33:08.712 7 INFO neutron.plugins.ml2.plugin [None req-bb1f4ad0-2829-4e48-9ce9-43e364e51004 - - - - - -] Attempt 1 to provision port 60899644-e2d4-4fd6-88b6-a6e74c073130
2026-04-28 23:33:08.893 7 WARNING oslo_config.cfg [None req-a03c803b-f75f-434f-ba17-5dd692f33a6b a9734a995756455b933fb824d1e913f2 30d53161b7c6442b83b043b4e0658afc - - default default] Deprecated: Option "ovn_emit_need_to_frag" from group "ovn" is deprecated for removal (The option is useful only on very old Linux kernels (version < 5.2).). Its value may be silently ignored in the future.
2026-04-28 23:33:09.041 8 WARNING neutron.scheduler.dhcp_agent_scheduler [None req-73011b0d-5658-4df9-b568-456f2c156e83 a9734a995756455b933fb824d1e913f2 30d53161b7c6442b83b043b4e0658afc - - default default] No more DHCP agents
2026-04-28 23:33:09.043 8 WARNING neutron.api.rpc.agentnotifiers.dhcp_rpc_agent_api [None req-73011b0d-5658-4df9-b568-456f2c156e83 a9734a995756455b933fb824d1e913f2 30d53161b7c6442b83b043b4e0658afc - - default default] Unable to schedule network 3b920033-3cd0-4c19-9489-89c1b89f7a98: no agents available; will retry on subsequent port and subnet creation events.
2026-04-28 23:33:09.195 8 INFO neutron.db.ovn_revision_numbers_db [None req-73011b0d-5658-4df9-b568-456f2c156e83 a9734a995756455b933fb824d1e913f2 30d53161b7c6442b83b043b4e0658afc - - default default] Successfully bumped revision number for resource b9f4de29-7006-4e35-88e0-14bbfdf785d5 (type: ports) to 1
2026-04-28 23:33:09.449 7 INFO neutron.plugins.ml2.drivers.ovn.mech_driver.ovsdb.commands [-] Schedule LRP lrp-8595cfdb-0488-4773-8e05-a89feee69738 on gateway 877d7cc9-f82e-4f9c-b19e-e18fbb987fff with priority 1
2026-04-28 23:33:09.637 7 INFO neutron.db.ovn_revision_numbers_db [None req-a03c803b-f75f-434f-ba17-5dd692f33a6b a9734a995756455b933fb824d1e913f2 30d53161b7c6442b83b043b4e0658afc - - default default] Successfully bumped revision number for resource 8595cfdb-0488-4773-8e05-a89feee69738 (type: router_ports) to 1
2026-04-28 23:33:09.731 7 INFO neutron.db.ovn_revision_numbers_db [None req-a03c803b-f75f-434f-ba17-5dd692f33a6b a9734a995756455b933fb824d1e913f2 30d53161b7c6442b83b043b4e0658afc - - default default] Successfully bumped revision number for resource 84946734-9d9e-4517-a1a2-21bee5c5197b (type: routers) to 2 [pid: 7|app: 0|req: 298/589] 10.0.0.69 () {34 vars in 668 bytes} [Tue Apr 28 23:33:07 2026] POST /v2.0/routers => generated 973 bytes in 2505 msecs (HTTP/1.1 201) 4 headers in 162 bytes (1 switches on core 0) [pid: 7|app: 0|req: 299/590] 10.0.0.2 () {28 vars in 597 bytes} [Tue Apr 28 23:33:09 2026] GET /v2.0/security-groups => generated 26097 bytes in 85 msecs (HTTP/1.1 200) 4 headers in 159 bytes (1 switches on core 0)
2026-04-28 23:33:09.881 8 INFO neutron.plugins.ml2.drivers.ovn.mech_driver.ovsdb.commands [-] Schedule LRP lrp-b9f4de29-7006-4e35-88e0-14bbfdf785d5 on gateway 877d7cc9-f82e-4f9c-b19e-e18fbb987fff with priority 1
2026-04-28 23:33:10.022 8 INFO neutron.db.ovn_revision_numbers_db [None req-73011b0d-5658-4df9-b568-456f2c156e83 a9734a995756455b933fb824d1e913f2 30d53161b7c6442b83b043b4e0658afc - - default default] Successfully bumped revision number for resource b9f4de29-7006-4e35-88e0-14bbfdf785d5 (type: router_ports) to 1
2026-04-28 23:33:10.083 8 INFO neutron.db.ovn_revision_numbers_db [None req-73011b0d-5658-4df9-b568-456f2c156e83 a9734a995756455b933fb824d1e913f2 30d53161b7c6442b83b043b4e0658afc - - default default] Successfully bumped revision number for resource c0bf5a74-fbd4-40a0-876a-96504e935fe0 (type: routers) to 2 [pid: 8|app: 0|req: 292/591] 10.0.0.69 () {34 vars in 668 bytes} [Tue Apr 28 23:33:08 2026] POST /v2.0/routers => generated 970 bytes in 1460 msecs (HTTP/1.1 201) 4 headers in 162 bytes (1 switches on core 0)
2026-04-28 23:33:10.318 7 INFO neutron.db.ovn_revision_numbers_db [None req-e14251a5-c534-4994-a692-2121bea639ab a9734a995756455b933fb824d1e913f2 30d53161b7c6442b83b043b4e0658afc - - default default] Successfully bumped revision number for resource d0e8ad82-811d-4e35-abb6-20f48c5119da (type: security_groups) to 1
2026-04-28 23:33:10.344 7 INFO neutron.db.ovn_revision_numbers_db [None req-e14251a5-c534-4994-a692-2121bea639ab a9734a995756455b933fb824d1e913f2 30d53161b7c6442b83b043b4e0658afc - - default default] Successfully bumped revision number for resource 11dacb52-5075-45e6-93d0-c780c0cc050c (type: security_group_rules) to 0
2026-04-28 23:33:10.363 7 INFO neutron.db.ovn_revision_numbers_db [None req-e14251a5-c534-4994-a692-2121bea639ab a9734a995756455b933fb824d1e913f2 30d53161b7c6442b83b043b4e0658afc - - default default] Successfully bumped revision number for resource 8c171e2e-d8b9-4eb1-a275-906c494ffe53 (type: security_group_rules) to 0
2026-04-28 23:33:10.369 7 INFO neutron.db.ovn_revision_numbers_db [None req-6a8ece1b-8e7b-45e6-840e-19ed20501a66 - - - - - -] Successfully bumped revision number for resource 60899644-e2d4-4fd6-88b6-a6e74c073130 (type: ports) to 4
2026-04-28 23:33:10.377 7 INFO neutron.db.ovn_revision_numbers_db [None req-e14251a5-c534-4994-a692-2121bea639ab a9734a995756455b933fb824d1e913f2 30d53161b7c6442b83b043b4e0658afc - - default default] Successfully bumped revision number for resource 8c172ccb-9b18-48e0-b8bc-85d60b54cf8f (type: security_group_rules) to 0
2026-04-28 23:33:10.403 7 INFO neutron.db.ovn_revision_numbers_db [None req-e14251a5-c534-4994-a692-2121bea639ab a9734a995756455b933fb824d1e913f2 30d53161b7c6442b83b043b4e0658afc - - default default] Successfully bumped revision number for resource bce581a5-2603-48ed-9f7d-8bfdd4b4012b (type: security_group_rules) to 0
2026-04-28 23:33:10.504 7 INFO neutron.db.segments_db [None req-e14251a5-c534-4994-a692-2121bea639ab a9734a995756455b933fb824d1e913f2 30d53161b7c6442b83b043b4e0658afc - - default default] Added segment a60f7543-e5be-4f87-9000-85bdaa5a6d11 of type geneve for network 44aa0a44-3dc4-4f49-8693-c28b4e60f86b
2026-04-28 23:33:10.619 8 WARNING neutron.scheduler.dhcp_agent_scheduler [None req-9cd2b659-0f41-4a2d-b5b9-3fb50fc48a5d a9734a995756455b933fb824d1e913f2 30d53161b7c6442b83b043b4e0658afc - - default default] No more DHCP agents
2026-04-28 23:33:10.625 8 WARNING neutron.api.rpc.agentnotifiers.dhcp_rpc_agent_api [None req-9cd2b659-0f41-4a2d-b5b9-3fb50fc48a5d a9734a995756455b933fb824d1e913f2 30d53161b7c6442b83b043b4e0658afc - - default default] Unable to schedule network ad39a2c9-b694-439f-b2c2-cd721d6d1429: no agents available; will retry on subsequent port and subnet creation events.
2026-04-28 23:33:10.693 7 INFO neutron.db.ovn_revision_numbers_db [None req-e14251a5-c534-4994-a692-2121bea639ab a9734a995756455b933fb824d1e913f2 30d53161b7c6442b83b043b4e0658afc - - default default] Successfully bumped revision number for resource 44aa0a44-3dc4-4f49-8693-c28b4e60f86b (type: networks) to 1
2026-04-28 23:33:10.802 8 INFO neutron.db.ovn_revision_numbers_db [None req-9cd2b659-0f41-4a2d-b5b9-3fb50fc48a5d a9734a995756455b933fb824d1e913f2 30d53161b7c6442b83b043b4e0658afc - - default default] Successfully bumped revision number for resource c45f411e-5bf7-4a9f-bbd4-3de911d23071 (type: ports) to 1
2026-04-28 23:33:11.029 7 WARNING neutron.scheduler.dhcp_agent_scheduler [None req-e14251a5-c534-4994-a692-2121bea639ab a9734a995756455b933fb824d1e913f2 30d53161b7c6442b83b043b4e0658afc - - default default] No more DHCP agents
2026-04-28 23:33:11.034 7 WARNING neutron.api.rpc.agentnotifiers.dhcp_rpc_agent_api [None req-e14251a5-c534-4994-a692-2121bea639ab a9734a995756455b933fb824d1e913f2 30d53161b7c6442b83b043b4e0658afc - - default default] Unable to schedule network 44aa0a44-3dc4-4f49-8693-c28b4e60f86b: no agents available; will retry on subsequent port and subnet creation events.
2026-04-28 23:33:11.044 7 INFO neutron.db.ovn_revision_numbers_db [None req-6a8ece1b-8e7b-45e6-840e-19ed20501a66 - - - - - -] Successfully bumped revision number for resource 60899644-e2d4-4fd6-88b6-a6e74c073130 (type: ports) to 5
2026-04-28 23:33:11.171 7 INFO neutron.plugins.ml2.drivers.ovn.mech_driver.ovsdb.ovsdb_monitor [None req-6a8ece1b-8e7b-45e6-840e-19ed20501a66 - - - - - -] Router 84946734-9d9e-4517-a1a2-21bee5c5197b is bound to host instance
2026-04-28 23:33:11.274 7 INFO neutron.db.ovn_revision_numbers_db [None req-e14251a5-c534-4994-a692-2121bea639ab a9734a995756455b933fb824d1e913f2 30d53161b7c6442b83b043b4e0658afc - - default default] Successfully bumped revision number for resource 27fcf9fa-e0aa-485a-98a2-26d77214dd53 (type: ports) to 1 [pid: 7|app: 0|req: 300/592] 10.0.0.69 () {34 vars in 670 bytes} [Tue Apr 28 23:33:09 2026] POST /v2.0/networks => generated 750 bytes in 1487 msecs (HTTP/1.1 201) 4 headers in 162 bytes (1 switches on core 0)
2026-04-28 23:33:11.702 7 INFO neutron.plugins.ml2.drivers.ovn.mech_driver.mech_driver [None req-bb1f4ad0-2829-4e48-9ce9-43e364e51004 - - - - - -] OVN reports status down for port: b9f4de29-7006-4e35-88e0-14bbfdf785d5
2026-04-28 23:33:11.709 8 WARNING neutron.scheduler.dhcp_agent_scheduler [None req-9cd2b659-0f41-4a2d-b5b9-3fb50fc48a5d a9734a995756455b933fb824d1e913f2 30d53161b7c6442b83b043b4e0658afc - - default default] No more DHCP agents
2026-04-28 23:33:11.712 8 WARNING neutron.api.rpc.agentnotifiers.dhcp_rpc_agent_api [None req-9cd2b659-0f41-4a2d-b5b9-3fb50fc48a5d a9734a995756455b933fb824d1e913f2 30d53161b7c6442b83b043b4e0658afc - - default default] Unable to schedule network ad39a2c9-b694-439f-b2c2-cd721d6d1429: no agents available; will retry on subsequent port and subnet creation events.
2026-04-28 23:33:11.902 7 WARNING neutron.plugins.ml2.drivers.ovn.mech_driver.ovsdb.ovn_client [None req-bb1f4ad0-2829-4e48-9ce9-43e364e51004 - - - - - -] Logical_Switch_Port b9f4de29-7006-4e35-88e0-14bbfdf785d5 host information not removed, the port state is up
2026-04-28 23:33:11.903 7 INFO neutron.plugins.ml2.drivers.ovn.mech_driver.mech_driver [None req-bb1f4ad0-2829-4e48-9ce9-43e364e51004 - - - - - -] OVN reports status up for port: 8595cfdb-0488-4773-8e05-a89feee69738
2026-04-28 23:33:11.934 7 INFO neutron.plugins.ml2.plugin [None req-bb1f4ad0-2829-4e48-9ce9-43e364e51004 - - - - - -] Attempt 1 to provision port 8595cfdb-0488-4773-8e05-a89feee69738
2026-04-28 23:33:12.152 7 INFO neutron.plugins.ml2.drivers.ovn.mech_driver.mech_driver [None req-bb1f4ad0-2829-4e48-9ce9-43e364e51004 - - - - - -] OVN reports status up for port: b9f4de29-7006-4e35-88e0-14bbfdf785d5
2026-04-28 23:33:12.195 7 INFO neutron.plugins.ml2.plugin [None req-bb1f4ad0-2829-4e48-9ce9-43e364e51004 - - - - - -] Attempt 1 to provision port b9f4de29-7006-4e35-88e0-14bbfdf785d5
2026-04-28 23:33:12.247 8 INFO neutron.db.ovn_revision_numbers_db [None req-9cd2b659-0f41-4a2d-b5b9-3fb50fc48a5d a9734a995756455b933fb824d1e913f2 30d53161b7c6442b83b043b4e0658afc - - default default] Successfully bumped revision number for resource c45f411e-5bf7-4a9f-bbd4-3de911d23071 (type: router_ports) to 1 [pid: 8|app: 0|req: 293/593] 10.0.0.69 () {34 vars in 782 bytes} [Tue Apr 28 23:33:10 2026] PUT /v2.0/routers/cbedc743-b7de-4ec8-a7f6-4dbc2dcafcf5/add_router_interface => generated 309 bytes in 2153 msecs (HTTP/1.1 200) 4 headers in 157 bytes (1 switches on core 0) [pid: 8|app: 0|req: 294/594] 10.0.0.2 () {28 vars in 577 bytes} [Tue Apr 28 23:33:12 2026] GET /v2.0/ports => generated 13378 bytes in 73 msecs (HTTP/1.1 200) 4 headers in 159 bytes (1 switches on core 0)
2026-04-28 23:33:12.724 8 WARNING neutron.scheduler.dhcp_agent_scheduler [None req-47821125-254c-4c59-902e-840f1fd5aec2 a9734a995756455b933fb824d1e913f2 30d53161b7c6442b83b043b4e0658afc - - default default] No more DHCP agents
2026-04-28 23:33:12.725 8 WARNING neutron.api.rpc.agentnotifiers.dhcp_rpc_agent_api [None req-47821125-254c-4c59-902e-840f1fd5aec2 a9734a995756455b933fb824d1e913f2 30d53161b7c6442b83b043b4e0658afc - - default default] Unable to schedule network 35245bc7-4994-4045-a83d-6b6c015a5021: no agents available; will retry on subsequent port and subnet creation events.
2026-04-28 23:33:12.769 7 WARNING neutron.scheduler.dhcp_agent_scheduler [None req-cd0e088d-9541-4ee0-b327-2f03e22ae776 a9734a995756455b933fb824d1e913f2 30d53161b7c6442b83b043b4e0658afc - - default default] No more DHCP agents
2026-04-28 23:33:12.773 7 WARNING neutron.api.rpc.agentnotifiers.dhcp_rpc_agent_api [None req-cd0e088d-9541-4ee0-b327-2f03e22ae776 a9734a995756455b933fb824d1e913f2 30d53161b7c6442b83b043b4e0658afc - - default default] Unable to schedule network ac092050-0176-46ed-9a91-91e9b653204b: no agents available; will retry on subsequent port and subnet creation events.
2026-04-28 23:33:12.857 8 INFO neutron.db.ovn_revision_numbers_db [None req-47821125-254c-4c59-902e-840f1fd5aec2 a9734a995756455b933fb824d1e913f2 30d53161b7c6442b83b043b4e0658afc - - default default] Successfully bumped revision number for resource 18c6bc06-82c5-4ea5-8a1c-645ce726d168 (type: ports) to 1
2026-04-28 23:33:13.120 7 INFO neutron.db.ovn_revision_numbers_db [None req-cd0e088d-9541-4ee0-b327-2f03e22ae776 a9734a995756455b933fb824d1e913f2 30d53161b7c6442b83b043b4e0658afc - - default default] Successfully bumped revision number for resource d2725e74-c43c-48be-aa02-c00cb104a039 (type: ports) to 1
2026-04-28 23:33:13.432 7 INFO neutron.db.ovn_revision_numbers_db [None req-d107a259-f973-462d-b4b9-02e144c6a6df - - - - - -] Successfully bumped revision number for resource 8595cfdb-0488-4773-8e05-a89feee69738 (type: ports) to 4
2026-04-28 23:33:13.514 8 WARNING neutron.scheduler.dhcp_agent_scheduler [None req-47821125-254c-4c59-902e-840f1fd5aec2 a9734a995756455b933fb824d1e913f2 30d53161b7c6442b83b043b4e0658afc - - default default] No more DHCP agents
2026-04-28 23:33:13.516 8 WARNING neutron.api.rpc.agentnotifiers.dhcp_rpc_agent_api [None req-47821125-254c-4c59-902e-840f1fd5aec2 a9734a995756455b933fb824d1e913f2 30d53161b7c6442b83b043b4e0658afc - - default default] Unable to schedule network 35245bc7-4994-4045-a83d-6b6c015a5021: no agents available; will retry on subsequent port and subnet creation events.
2026-04-28 23:33:13.985 8 INFO neutron.db.ovn_revision_numbers_db [None req-47821125-254c-4c59-902e-840f1fd5aec2 a9734a995756455b933fb824d1e913f2 30d53161b7c6442b83b043b4e0658afc - - default default] Successfully bumped revision number for resource 18c6bc06-82c5-4ea5-8a1c-645ce726d168 (type: router_ports) to 1 [pid: 8|app: 0|req: 295/595] 10.0.0.69 () {34 vars in 782 bytes} [Tue Apr 28 23:33:12 2026] PUT /v2.0/routers/c0bf5a74-fbd4-40a0-876a-96504e935fe0/add_router_interface => generated 309 bytes in 1661 msecs (HTTP/1.1 200) 4 headers in 157 bytes (1 switches on core 0)
2026-04-28 23:33:14.113 8 WARNING neutron.scheduler.dhcp_agent_scheduler [None req-15ce989f-6306-4156-b771-ffb48630f564 a9734a995756455b933fb824d1e913f2 30d53161b7c6442b83b043b4e0658afc - - default default] No more DHCP agents
2026-04-28 23:33:14.114 8 WARNING neutron.api.rpc.agentnotifiers.dhcp_rpc_agent_api [None req-15ce989f-6306-4156-b771-ffb48630f564 a9734a995756455b933fb824d1e913f2 30d53161b7c6442b83b043b4e0658afc - - default default] Unable to schedule network 44aa0a44-3dc4-4f49-8693-c28b4e60f86b: no agents available; will retry on subsequent port and subnet creation events.
2026-04-28 23:33:14.273 7 INFO neutron.db.ovn_revision_numbers_db [None req-d107a259-f973-462d-b4b9-02e144c6a6df - - - - - -] Successfully bumped revision number for resource 8595cfdb-0488-4773-8e05-a89feee69738 (type: ports) to 5
2026-04-28 23:33:14.383 7 INFO neutron.plugins.ml2.drivers.ovn.mech_driver.ovsdb.ovsdb_monitor [None req-d107a259-f973-462d-b4b9-02e144c6a6df - - - - - -] Router c0bf5a74-fbd4-40a0-876a-96504e935fe0 is bound to host instance
2026-04-28 23:33:14.597 8 INFO neutron.db.ovn_revision_numbers_db [None req-40c8b41d-5ab3-4ea3-9f9b-9d03c028b41e - - - - - -] Successfully bumped revision number for resource 27fcf9fa-e0aa-485a-98a2-26d77214dd53 (type: ports) to 2
2026-04-28 23:33:14.630 8 INFO neutron.db.ovn_revision_numbers_db [None req-40c8b41d-5ab3-4ea3-9f9b-9d03c028b41e - - - - - -] Successfully bumped revision number for resource 40cd3158-885b-4ab2-8ece-192f3eb23206 (type: subnets) to 0
2026-04-28 23:33:14.642 7 WARNING neutron.scheduler.dhcp_agent_scheduler [None req-cd0e088d-9541-4ee0-b327-2f03e22ae776 a9734a995756455b933fb824d1e913f2 30d53161b7c6442b83b043b4e0658afc - - default default] No more DHCP agents
2026-04-28 23:33:14.645 7 WARNING neutron.api.rpc.agentnotifiers.dhcp_rpc_agent_api [None req-cd0e088d-9541-4ee0-b327-2f03e22ae776 a9734a995756455b933fb824d1e913f2 30d53161b7c6442b83b043b4e0658afc - - default default] Unable to schedule network ac092050-0176-46ed-9a91-91e9b653204b: no agents available; will retry on subsequent port and subnet creation events. [pid: 8|app: 0|req: 296/596] 10.0.0.69 () {34 vars in 668 bytes} [Tue Apr 28 23:33:13 2026] POST /v2.0/subnets => generated 694 bytes in 658 msecs (HTTP/1.1 201) 4 headers in 162 bytes (1 switches on core 0) [pid: 8|app: 0|req: 297/597] 10.0.0.2 () {28 vars in 581 bytes} [Tue Apr 28 23:33:14 2026] GET /v2.0/routers => generated 2906 bytes in 93 msecs (HTTP/1.1 200) 4 headers in 158 bytes (1 switches on core 0)
2026-04-28 23:33:14.896 8 INFO neutron.db.ovn_revision_numbers_db [None req-a0e02a36-0836-4f09-abc2-4220ac85ac4e 4df90e533ecd4d009c2f9f86b5fda904 a82ff8921b01485c9ffe34a6a8e5990d - - default default] Successfully bumped revision number for resource 9c81b9cd-f967-41e8-a757-c727965f56ca (type: security_groups) to 1
2026-04-28 23:33:14.908 8 INFO neutron.db.ovn_revision_numbers_db [None req-a0e02a36-0836-4f09-abc2-4220ac85ac4e 4df90e533ecd4d009c2f9f86b5fda904 a82ff8921b01485c9ffe34a6a8e5990d - - default default] Successfully bumped revision number for resource 4b62ce0c-91ce-4b25-a356-d19b4446f6e8 (type: security_group_rules) to 0
2026-04-28 23:33:14.918 8 INFO neutron.db.ovn_revision_numbers_db [None req-a0e02a36-0836-4f09-abc2-4220ac85ac4e 4df90e533ecd4d009c2f9f86b5fda904 a82ff8921b01485c9ffe34a6a8e5990d - - default default] Successfully bumped revision number for resource b679ca0d-5542-4de3-81a1-27c5b910d07c (type: security_group_rules) to 0 [pid: 8|app: 0|req: 298/598] 10.0.0.69 () {34 vars in 684 bytes} [Tue Apr 28 23:33:14 2026] POST /v2.0/security-groups => generated 1660 bytes in 219 msecs (HTTP/1.1 201) 4 headers in 163 bytes (1 switches on core 0)
2026-04-28 23:33:15.350 8 WARNING neutron.scheduler.dhcp_agent_scheduler [None req-1de33197-0877-4c1b-8e50-525354f92906 a9734a995756455b933fb824d1e913f2 30d53161b7c6442b83b043b4e0658afc - - default default] No more DHCP agents
2026-04-28 23:33:15.352 8 WARNING neutron.api.rpc.agentnotifiers.dhcp_rpc_agent_api [None req-1de33197-0877-4c1b-8e50-525354f92906 a9734a995756455b933fb824d1e913f2 30d53161b7c6442b83b043b4e0658afc - - default default] Unable to schedule network 3b920033-3cd0-4c19-9489-89c1b89f7a98: no agents available; will retry on subsequent port and subnet creation events.
2026-04-28 23:33:15.495 8 INFO neutron.db.ovn_revision_numbers_db [None req-1de33197-0877-4c1b-8e50-525354f92906 a9734a995756455b933fb824d1e913f2 30d53161b7c6442b83b043b4e0658afc - - default default] Successfully bumped revision number for resource 42d34cf9-d79a-40fa-b20d-2eb6b0acbf90 (type: ports) to 1
