2026-07-14 11:43:14.875 8 INFO cinder.api.openstack.wsgi [None req-ad330670-e9e5-424b-8173-8521f1b3bf83 c77eee1ec5b342f2bcc2529b0c718935 7b0af817342749708ce45ee3cce4d4ae - - default default] GET http://cinder-api.openstack.svc.cluster.local:8776/v3/7b0af817342749708ce45ee3cce4d4ae/scheduler-stats/get_pools?detail=true
2026-07-14 11:43:15.378 8 INFO cinder.api.openstack.wsgi [None req-ad330670-e9e5-424b-8173-8521f1b3bf83 c77eee1ec5b342f2bcc2529b0c718935 7b0af817342749708ce45ee3cce4d4ae - - default default] http://cinder-api.openstack.svc.cluster.local:8776/v3/7b0af817342749708ce45ee3cce4d4ae/scheduler-stats/get_pools?detail=true returned with HTTP 200 [pid: 8|app: 0|req: 346/693] 10.0.0.219 () {28 vars in 695 bytes} [Tue Jul 14 11:43:14 2026] GET /v3/7b0af817342749708ce45ee3cce4d4ae/scheduler-stats/get_pools?detail=true => generated 670 bytes in 512 msecs (HTTP/1.1 200) 7 headers in 285 bytes (1 switches on core 0)
2026-07-14 11:43:15.391 7 INFO cinder.api.openstack.wsgi [None req-ea4ffc21-82ee-4dbb-9d9c-4866e9f7295f c77eee1ec5b342f2bcc2529b0c718935 7b0af817342749708ce45ee3cce4d4ae - - default default] GET http://cinder-api.openstack.svc.cluster.local:8776/v3/7b0af817342749708ce45ee3cce4d4ae/snapshots?all_tenants=true
2026-07-14 11:43:15.398 7 INFO cinder.volume.api [None req-ea4ffc21-82ee-4dbb-9d9c-4866e9f7295f c77eee1ec5b342f2bcc2529b0c718935 7b0af817342749708ce45ee3cce4d4ae - - default default] Get all snapshots completed successfully.
2026-07-14 11:43:15.398 7 INFO cinder.api.openstack.wsgi [None req-ea4ffc21-82ee-4dbb-9d9c-4866e9f7295f c77eee1ec5b342f2bcc2529b0c718935 7b0af817342749708ce45ee3cce4d4ae - - default default] http://cinder-api.openstack.svc.cluster.local:8776/v3/7b0af817342749708ce45ee3cce4d4ae/snapshots?all_tenants=true returned with HTTP 200 [pid: 7|app: 0|req: 348/694] 10.0.0.219 () {28 vars in 673 bytes} [Tue Jul 14 11:43:15 2026] GET /v3/7b0af817342749708ce45ee3cce4d4ae/snapshots?all_tenants=true => generated 17 bytes in 13 msecs (HTTP/1.1 200) 7 headers in 284 bytes (1 switches on core 0)
2026-07-14 11:43:15.414 8 INFO cinder.api.openstack.wsgi [None req-03d1c4ff-22af-45e3-b54b-95db76c4c2f9 c77eee1ec5b342f2bcc2529b0c718935 7b0af817342749708ce45ee3cce4d4ae - - default default] GET http://cinder-api.openstack.svc.cluster.local:8776/v3/7b0af817342749708ce45ee3cce4d4ae/os-services
2026-07-14 11:43:15.419 8 INFO cinder.api.openstack.wsgi [None req-03d1c4ff-22af-45e3-b54b-95db76c4c2f9 c77eee1ec5b342f2bcc2529b0c718935 7b0af817342749708ce45ee3cce4d4ae - - default default] http://cinder-api.openstack.svc.cluster.local:8776/v3/7b0af817342749708ce45ee3cce4d4ae/os-services returned with HTTP 200 [pid: 8|app: 0|req: 347/695] 10.0.0.219 () {28 vars in 644 bytes} [Tue Jul 14 11:43:15 2026] GET /v3/7b0af817342749708ce45ee3cce4d4ae/os-services => generated 646 bytes in 11 msecs (HTTP/1.1 200) 7 headers in 285 bytes (1 switches on core 0)
2026-07-14 11:43:15.429 7 INFO cinder.api.openstack.wsgi [None req-298bc093-f28e-4d73-a5d5-a305eaaf46e4 c77eee1ec5b342f2bcc2529b0c718935 7b0af817342749708ce45ee3cce4d4ae - - default default] GET http://cinder-api.openstack.svc.cluster.local:8776/v3/7b0af817342749708ce45ee3cce4d4ae/volumes/detail?all_tenants=true
2026-07-14 11:43:15.437 7 INFO cinder.volume.api [None req-298bc093-f28e-4d73-a5d5-a305eaaf46e4 c77eee1ec5b342f2bcc2529b0c718935 7b0af817342749708ce45ee3cce4d4ae - - default default] Get all volumes completed successfully.
2026-07-14 11:43:15.439 7 INFO cinder.api.openstack.wsgi [None req-298bc093-f28e-4d73-a5d5-a305eaaf46e4 c77eee1ec5b342f2bcc2529b0c718935 7b0af817342749708ce45ee3cce4d4ae - - default default] http://cinder-api.openstack.svc.cluster.local:8776/v3/7b0af817342749708ce45ee3cce4d4ae/volumes/detail?all_tenants=true returned with HTTP 200 [pid: 7|app: 0|req: 349/696] 10.0.0.219 () {28 vars in 683 bytes} [Tue Jul 14 11:43:15 2026] GET /v3/7b0af817342749708ce45ee3cce4d4ae/volumes/detail?all_tenants=true => generated 15 bytes in 14 msecs (HTTP/1.1 200) 7 headers in 284 bytes (1 switches on core 0)
2026-07-14 11:43:15.572 8 INFO cinder.api.openstack.wsgi [None req-7b6b107b-8797-4ecf-b808-f5fdb02415a8 c77eee1ec5b342f2bcc2529b0c718935 7b0af817342749708ce45ee3cce4d4ae - - default default] GET http://cinder-api.openstack.svc.cluster.local:8776/v3/7b0af817342749708ce45ee3cce4d4ae/os-quota-sets/1db9e258c53e4b27a7e68ab5142b8fde?usage=true
2026-07-14 11:43:15.589 8 INFO cinder.api.openstack.wsgi [None req-7b6b107b-8797-4ecf-b808-f5fdb02415a8 c77eee1ec5b342f2bcc2529b0c718935 7b0af817342749708ce45ee3cce4d4ae - - default default] http://cinder-api.openstack.svc.cluster.local:8776/v3/7b0af817342749708ce45ee3cce4d4ae/os-quota-sets/1db9e258c53e4b27a7e68ab5142b8fde?usage=true returned with HTTP 200 [pid: 8|app: 0|req: 348/697] 10.0.0.219 () {28 vars in 735 bytes} [Tue Jul 14 11:43:15 2026] GET /v3/7b0af817342749708ce45ee3cce4d4ae/os-quota-sets/1db9e258c53e4b27a7e68ab5142b8fde?usage=true => generated 847 bytes in 24 msecs (HTTP/1.1 200) 7 headers in 285 bytes (1 switches on core 0)
2026-07-14 11:43:15.600 7 INFO cinder.api.openstack.wsgi [None req-82a9a18b-f224-4ce8-a899-6c2ed3201228 c77eee1ec5b342f2bcc2529b0c718935 7b0af817342749708ce45ee3cce4d4ae - - default default] GET http://cinder-api.openstack.svc.cluster.local:8776/v3/7b0af817342749708ce45ee3cce4d4ae/os-quota-sets/3b59eaf795e34c8f9fbbfddb1441f674?usage=true
2026-07-14 11:43:15.621 7 INFO cinder.api.openstack.wsgi [None req-82a9a18b-f224-4ce8-a899-6c2ed3201228 c77eee1ec5b342f2bcc2529b0c718935 7b0af817342749708ce45ee3cce4d4ae - - default default] http://cinder-api.openstack.svc.cluster.local:8776/v3/7b0af817342749708ce45ee3cce4d4ae/os-quota-sets/3b59eaf795e34c8f9fbbfddb1441f674?usage=true returned with HTTP 200 [pid: 7|app: 0|req: 350/698] 10.0.0.219 () {28 vars in 735 bytes} [Tue Jul 14 11:43:15 2026] GET /v3/7b0af817342749708ce45ee3cce4d4ae/os-quota-sets/3b59eaf795e34c8f9fbbfddb1441f674?usage=true => generated 845 bytes in 29 msecs (HTTP/1.1 200) 7 headers in 285 bytes (1 switches on core 0)
2026-07-14 11:43:15.631 8 INFO cinder.api.openstack.wsgi [None req-4fd561f3-2e0c-462e-8022-451d4c906da5 c77eee1ec5b342f2bcc2529b0c718935 7b0af817342749708ce45ee3cce4d4ae - - default default] GET http://cinder-api.openstack.svc.cluster.local:8776/v3/7b0af817342749708ce45ee3cce4d4ae/os-quota-sets/4016c0aad5f84bdea64fa81ddfe0f8e0?usage=true
2026-07-14 11:43:15.648 8 INFO cinder.api.openstack.wsgi [None req-4fd561f3-2e0c-462e-8022-451d4c906da5 c77eee1ec5b342f2bcc2529b0c718935 7b0af817342749708ce45ee3cce4d4ae - - default default] http://cinder-api.openstack.svc.cluster.local:8776/v3/7b0af817342749708ce45ee3cce4d4ae/os-quota-sets/4016c0aad5f84bdea64fa81ddfe0f8e0?usage=true returned with HTTP 200 [pid: 8|app: 0|req: 349/699] 10.0.0.219 () {28 vars in 735 bytes} [Tue Jul 14 11:43:15 2026] GET /v3/7b0af817342749708ce45ee3cce4d4ae/os-quota-sets/4016c0aad5f84bdea64fa81ddfe0f8e0?usage=true => generated 847 bytes in 23 msecs (HTTP/1.1 200) 7 headers in 285 bytes (1 switches on core 0)
2026-07-14 11:43:15.662 7 INFO cinder.api.openstack.wsgi [None req-d302a384-2e10-4377-aa66-ff28c2819245 c77eee1ec5b342f2bcc2529b0c718935 7b0af817342749708ce45ee3cce4d4ae - - default default] GET http://cinder-api.openstack.svc.cluster.local:8776/v3/7b0af817342749708ce45ee3cce4d4ae/os-quota-sets/7b0af817342749708ce45ee3cce4d4ae?usage=true
2026-07-14 11:43:15.682 7 INFO cinder.api.openstack.wsgi [None req-d302a384-2e10-4377-aa66-ff28c2819245 c77eee1ec5b342f2bcc2529b0c718935 7b0af817342749708ce45ee3cce4d4ae - - default default] http://cinder-api.openstack.svc.cluster.local:8776/v3/7b0af817342749708ce45ee3cce4d4ae/os-quota-sets/7b0af817342749708ce45ee3cce4d4ae?usage=true returned with HTTP 200 [pid: 7|app: 0|req: 351/700] 10.0.0.219 () {28 vars in 735 bytes} [Tue Jul 14 11:43:15 2026] GET /v3/7b0af817342749708ce45ee3cce4d4ae/os-quota-sets/7b0af817342749708ce45ee3cce4d4ae?usage=true => generated 845 bytes in 30 msecs (HTTP/1.1 200) 7 headers in 285 bytes (1 switches on core 0)
2026-07-14 11:43:15.694 8 INFO cinder.api.openstack.wsgi [None req-2587c49f-30dc-425f-a7ec-1f037c0863ff c77eee1ec5b342f2bcc2529b0c718935 7b0af817342749708ce45ee3cce4d4ae - - default default] GET http://cinder-api.openstack.svc.cluster.local:8776/v3/7b0af817342749708ce45ee3cce4d4ae/os-quota-sets/7faad17fd0d947f18b3518480f9177ff?usage=true
2026-07-14 11:43:15.716 8 INFO cinder.api.openstack.wsgi [None req-2587c49f-30dc-425f-a7ec-1f037c0863ff c77eee1ec5b342f2bcc2529b0c718935 7b0af817342749708ce45ee3cce4d4ae - - default default] http://cinder-api.openstack.svc.cluster.local:8776/v3/7b0af817342749708ce45ee3cce4d4ae/os-quota-sets/7faad17fd0d947f18b3518480f9177ff?usage=true returned with HTTP 200 [pid: 8|app: 0|req: 350/701] 10.0.0.219 () {28 vars in 735 bytes} [Tue Jul 14 11:43:15 2026] GET /v3/7b0af817342749708ce45ee3cce4d4ae/os-quota-sets/7faad17fd0d947f18b3518480f9177ff?usage=true => generated 847 bytes in 30 msecs (HTTP/1.1 200) 7 headers in 285 bytes (1 switches on core 0)
2026-07-14 11:43:15.727 7 INFO cinder.api.openstack.wsgi [None req-b3bca56d-4831-45b3-80df-398c802ee43f c77eee1ec5b342f2bcc2529b0c718935 7b0af817342749708ce45ee3cce4d4ae - - default default] GET http://cinder-api.openstack.svc.cluster.local:8776/v3/7b0af817342749708ce45ee3cce4d4ae/os-quota-sets/a9a4ccc57b634fccbfd04d93bf646364?usage=true
2026-07-14 11:43:15.751 7 INFO cinder.api.openstack.wsgi [None req-b3bca56d-4831-45b3-80df-398c802ee43f c77eee1ec5b342f2bcc2529b0c718935 7b0af817342749708ce45ee3cce4d4ae - - default default] http://cinder-api.openstack.svc.cluster.local:8776/v3/7b0af817342749708ce45ee3cce4d4ae/os-quota-sets/a9a4ccc57b634fccbfd04d93bf646364?usage=true returned with HTTP 200 [pid: 7|app: 0|req: 352/702] 10.0.0.219 () {28 vars in 735 bytes} [Tue Jul 14 11:43:15 2026] GET /v3/7b0af817342749708ce45ee3cce4d4ae/os-quota-sets/a9a4ccc57b634fccbfd04d93bf646364?usage=true => generated 847 bytes in 32 msecs (HTTP/1.1 200) 7 headers in 285 bytes (1 switches on core 0)
2026-07-14 11:43:15.761 8 INFO cinder.api.openstack.wsgi [None req-3c1f6e8f-cb42-4b9b-9f5b-f1f9f15e37e6 c77eee1ec5b342f2bcc2529b0c718935 7b0af817342749708ce45ee3cce4d4ae - - default default] GET http://cinder-api.openstack.svc.cluster.local:8776/v3/7b0af817342749708ce45ee3cce4d4ae/os-quota-sets/c3cf358bc40e42b6bb0d1e63b20544f5?usage=true
2026-07-14 11:43:15.785 8 INFO cinder.api.openstack.wsgi [None req-3c1f6e8f-cb42-4b9b-9f5b-f1f9f15e37e6 c77eee1ec5b342f2bcc2529b0c718935 7b0af817342749708ce45ee3cce4d4ae - - default default] http://cinder-api.openstack.svc.cluster.local:8776/v3/7b0af817342749708ce45ee3cce4d4ae/os-quota-sets/c3cf358bc40e42b6bb0d1e63b20544f5?usage=true returned with HTTP 200 [pid: 8|app: 0|req: 351/703] 10.0.0.219 () {28 vars in 735 bytes} [Tue Jul 14 11:43:15 2026] GET /v3/7b0af817342749708ce45ee3cce4d4ae/os-quota-sets/c3cf358bc40e42b6bb0d1e63b20544f5?usage=true => generated 847 bytes in 31 msecs (HTTP/1.1 200) 7 headers in 285 bytes (1 switches on core 0)
2026-07-14 11:43:19.256 7 INFO cinder.api.openstack.wsgi [None req-b3bca56d-4831-45b3-80df-398c802ee43f c77eee1ec5b342f2bcc2529b0c718935 7b0af817342749708ce45ee3cce4d4ae - - default default] GET http://10.0.0.11:8776/
2026-07-14 11:43:19.256 8 INFO cinder.api.openstack.wsgi [None req-3c1f6e8f-cb42-4b9b-9f5b-f1f9f15e37e6 c77eee1ec5b342f2bcc2529b0c718935 7b0af817342749708ce45ee3cce4d4ae - - default default] GET http://10.0.0.11:8776/
2026-07-14 11:43:19.257 7 INFO cinder.api.openstack.wsgi [None req-b3bca56d-4831-45b3-80df-398c802ee43f c77eee1ec5b342f2bcc2529b0c718935 7b0af817342749708ce45ee3cce4d4ae - - default default] http://10.0.0.11:8776/ returned with HTTP 300
2026-07-14 11:43:19.257 8 INFO cinder.api.openstack.wsgi [None req-3c1f6e8f-cb42-4b9b-9f5b-f1f9f15e37e6 c77eee1ec5b342f2bcc2529b0c718935 7b0af817342749708ce45ee3cce4d4ae - - default default] http://10.0.0.11:8776/ returned with HTTP 300
2026-07-14 11:43:26.908 8 INFO cinder.api.openstack.wsgi [None req-8b44ccff-c5ed-4802-9da7-61a3b06a0c3e 648efcee74bf432c82ea6caf5c2b9247 93e0b6635df44c39ad93d375b81d4029 - - default default] POST http://cinder-api.openstack.svc.cluster.local:8776/v3/93e0b6635df44c39ad93d375b81d4029/volumes
2026-07-14 11:43:27.650 8 INFO cinder.api.v3.volumes [None req-8b44ccff-c5ed-4802-9da7-61a3b06a0c3e 648efcee74bf432c82ea6caf5c2b9247 93e0b6635df44c39ad93d375b81d4029 - - default default] Create volume of 1 GB
2026-07-14 11:43:27.667 8 INFO cinder.volume.api [None req-8b44ccff-c5ed-4802-9da7-61a3b06a0c3e 648efcee74bf432c82ea6caf5c2b9247 93e0b6635df44c39ad93d375b81d4029 - - default default] Availability Zones retrieved successfully.
2026-07-14 11:43:28.000 8 INFO cinder.volume.api [None req-8b44ccff-c5ed-4802-9da7-61a3b06a0c3e 648efcee74bf432c82ea6caf5c2b9247 93e0b6635df44c39ad93d375b81d4029 - - default default] Create volume request issued successfully.
2026-07-14 11:43:28.002 8 INFO cinder.api.openstack.wsgi [None req-8b44ccff-c5ed-4802-9da7-61a3b06a0c3e 648efcee74bf432c82ea6caf5c2b9247 93e0b6635df44c39ad93d375b81d4029 - - default default] http://cinder-api.openstack.svc.cluster.local:8776/v3/93e0b6635df44c39ad93d375b81d4029/volumes returned with HTTP 202 [pid: 8|app: 0|req: 353/706] 10.0.0.247 () {34 vars in 722 bytes} [Tue Jul 14 11:43:26 2026] POST /v3/93e0b6635df44c39ad93d375b81d4029/volumes => generated 865 bytes in 1101 msecs (HTTP/1.1 202) 7 headers in 291 bytes (1 switches on core 0)
2026-07-14 11:43:28.025 7 INFO cinder.api.openstack.wsgi [None req-3ac771c8-568e-41e1-8a28-a26a3a9c7c98 648efcee74bf432c82ea6caf5c2b9247 93e0b6635df44c39ad93d375b81d4029 - - default default] GET http://cinder-api.openstack.svc.cluster.local:8776/v3/93e0b6635df44c39ad93d375b81d4029/volumes/f5421b3c-8406-436b-adad-2d09abfc5d32 /var/lib/openstack/lib/python3.12/site-packages/oslo_context/context.py:102: DeprecationWarning: Policy enforcement is depending on the value of is_admin. This key is deprecated. Please update your policy file to use the standard policy values. warnings.warn(
2026-07-14 11:43:28.065 7 INFO cinder.volume.api [None req-3ac771c8-568e-41e1-8a28-a26a3a9c7c98 648efcee74bf432c82ea6caf5c2b9247 93e0b6635df44c39ad93d375b81d4029 - - default default] Volume info retrieved successfully.
2026-07-14 11:43:28.072 7 INFO cinder.api.openstack.wsgi [None req-3ac771c8-568e-41e1-8a28-a26a3a9c7c98 648efcee74bf432c82ea6caf5c2b9247 93e0b6635df44c39ad93d375b81d4029 - - default default] http://cinder-api.openstack.svc.cluster.local:8776/v3/93e0b6635df44c39ad93d375b81d4029/volumes/f5421b3c-8406-436b-adad-2d09abfc5d32 returned with HTTP 200 [pid: 7|app: 0|req: 354/707] 10.0.0.247 () {32 vars in 774 bytes} [Tue Jul 14 11:43:28 2026] GET /v3/93e0b6635df44c39ad93d375b81d4029/volumes/f5421b3c-8406-436b-adad-2d09abfc5d32 => generated 933 bytes in 53 msecs (HTTP/1.1 200) 7 headers in 285 bytes (1 switches on core 0) /var/lib/openstack/lib/python3.12/site-packages/pycadf/identifier.py:70: UserWarning: Invalid uuid: cinderv3. To ensure interoperability, identifiers should be a valid uuid. warnings.warn(('Invalid uuid: %s. To ensure interoperability, '
2026-07-14 11:43:29.092 8 INFO cinder.api.openstack.wsgi [None req-5c2b9c7c-2cec-4643-9258-cbbef31b0028 648efcee74bf432c82ea6caf5c2b9247 93e0b6635df44c39ad93d375b81d4029 - - default default] GET http://cinder-api.openstack.svc.cluster.local:8776/v3/93e0b6635df44c39ad93d375b81d4029/volumes/f5421b3c-8406-436b-adad-2d09abfc5d32 /var/lib/openstack/lib/python3.12/site-packages/oslo_context/context.py:102: DeprecationWarning: Policy enforcement is depending on the value of is_admin. This key is deprecated. Please update your policy file to use the standard policy values. warnings.warn(
2026-07-14 11:43:29.114 8 INFO cinder.volume.api [None req-5c2b9c7c-2cec-4643-9258-cbbef31b0028 648efcee74bf432c82ea6caf5c2b9247 93e0b6635df44c39ad93d375b81d4029 - - default default] Volume info retrieved successfully.
2026-07-14 11:43:29.122 8 INFO cinder.api.openstack.wsgi [None req-5c2b9c7c-2cec-4643-9258-cbbef31b0028 648efcee74bf432c82ea6caf5c2b9247 93e0b6635df44c39ad93d375b81d4029 - - default default] http://cinder-api.openstack.svc.cluster.local:8776/v3/93e0b6635df44c39ad93d375b81d4029/volumes/f5421b3c-8406-436b-adad-2d09abfc5d32 returned with HTTP 200 [pid: 8|app: 0|req: 354/708] 10.0.0.247 () {32 vars in 774 bytes} [Tue Jul 14 11:43:29 2026] GET /v3/93e0b6635df44c39ad93d375b81d4029/volumes/f5421b3c-8406-436b-adad-2d09abfc5d32 => generated 957 bytes in 36 msecs (HTTP/1.1 200) 7 headers in 285 bytes (1 switches on core 0)
2026-07-14 11:43:29.257 7 INFO cinder.api.openstack.wsgi [None req-3ac771c8-568e-41e1-8a28-a26a3a9c7c98 648efcee74bf432c82ea6caf5c2b9247 93e0b6635df44c39ad93d375b81d4029 - - default default] GET http://10.0.0.11:8776/
2026-07-14 11:43:29.257 8 INFO cinder.api.openstack.wsgi [None req-5c2b9c7c-2cec-4643-9258-cbbef31b0028 648efcee74bf432c82ea6caf5c2b9247 93e0b6635df44c39ad93d375b81d4029 - - default default] GET http://10.0.0.11:8776/
2026-07-14 11:43:29.258 8 INFO cinder.api.openstack.wsgi [None req-5c2b9c7c-2cec-4643-9258-cbbef31b0028 648efcee74bf432c82ea6caf5c2b9247 93e0b6635df44c39ad93d375b81d4029 - - default default] http://10.0.0.11:8776/ returned with HTTP 300
2026-07-14 11:43:29.258 7 INFO cinder.api.openstack.wsgi [None req-3ac771c8-568e-41e1-8a28-a26a3a9c7c98 648efcee74bf432c82ea6caf5c2b9247 93e0b6635df44c39ad93d375b81d4029 - - default default] http://10.0.0.11:8776/ returned with HTTP 300 /var/lib/openstack/lib/python3.12/site-packages/pycadf/identifier.py:70: UserWarning: Invalid uuid: cinderv3. To ensure interoperability, identifiers should be a valid uuid. warnings.warn(('Invalid uuid: %s. To ensure interoperability, '
2026-07-14 11:43:30.145 7 INFO cinder.api.openstack.wsgi [None req-5d48d1c5-abeb-49dc-a915-c27b6be0d324 648efcee74bf432c82ea6caf5c2b9247 93e0b6635df44c39ad93d375b81d4029 - - default default] GET http://cinder-api.openstack.svc.cluster.local:8776/v3/93e0b6635df44c39ad93d375b81d4029/volumes/f5421b3c-8406-436b-adad-2d09abfc5d32 /var/lib/openstack/lib/python3.12/site-packages/oslo_context/context.py:102: DeprecationWarning: Policy enforcement is depending on the value of is_admin. This key is deprecated. Please update your policy file to use the standard policy values. warnings.warn(
2026-07-14 11:43:30.163 7 INFO cinder.volume.api [None req-5d48d1c5-abeb-49dc-a915-c27b6be0d324 648efcee74bf432c82ea6caf5c2b9247 93e0b6635df44c39ad93d375b81d4029 - - default default] Volume info retrieved successfully.
2026-07-14 11:43:30.176 7 INFO cinder.api.openstack.wsgi [None req-5d48d1c5-abeb-49dc-a915-c27b6be0d324 648efcee74bf432c82ea6caf5c2b9247 93e0b6635df44c39ad93d375b81d4029 - - default default] http://cinder-api.openstack.svc.cluster.local:8776/v3/93e0b6635df44c39ad93d375b81d4029/volumes/f5421b3c-8406-436b-adad-2d09abfc5d32 returned with HTTP 200 [pid: 7|app: 0|req: 356/711] 10.0.0.247 () {32 vars in 774 bytes} [Tue Jul 14 11:43:30 2026] GET /v3/93e0b6635df44c39ad93d375b81d4029/volumes/f5421b3c-8406-436b-adad-2d09abfc5d32 => generated 957 bytes in 40 msecs (HTTP/1.1 200) 7 headers in 285 bytes (1 switches on core 0) /var/lib/openstack/lib/python3.12/site-packages/pycadf/identifier.py:70: UserWarning: Invalid uuid: cinderv3. To ensure interoperability, identifiers should be a valid uuid. warnings.warn(('Invalid uuid: %s. To ensure interoperability, '
2026-07-14 11:43:31.199 8 INFO cinder.api.openstack.wsgi [None req-41ba6afc-2664-445a-a836-bbec8b2d0bc8 648efcee74bf432c82ea6caf5c2b9247 93e0b6635df44c39ad93d375b81d4029 - - default default] GET http://cinder-api.openstack.svc.cluster.local:8776/v3/93e0b6635df44c39ad93d375b81d4029/volumes/f5421b3c-8406-436b-adad-2d09abfc5d32 /var/lib/openstack/lib/python3.12/site-packages/oslo_context/context.py:102: DeprecationWarning: Policy enforcement is depending on the value of is_admin. This key is deprecated. Please update your policy file to use the standard policy values. warnings.warn(
2026-07-14 11:43:31.221 8 INFO cinder.volume.api [None req-41ba6afc-2664-445a-a836-bbec8b2d0bc8 648efcee74bf432c82ea6caf5c2b9247 93e0b6635df44c39ad93d375b81d4029 - - default default] Volume info retrieved successfully.
2026-07-14 11:43:31.227 8 INFO cinder.api.openstack.wsgi [None req-41ba6afc-2664-445a-a836-bbec8b2d0bc8 648efcee74bf432c82ea6caf5c2b9247 93e0b6635df44c39ad93d375b81d4029 - - default default] http://cinder-api.openstack.svc.cluster.local:8776/v3/93e0b6635df44c39ad93d375b81d4029/volumes/f5421b3c-8406-436b-adad-2d09abfc5d32 returned with HTTP 200 [pid: 8|app: 0|req: 356/712] 10.0.0.247 () {32 vars in 774 bytes} [Tue Jul 14 11:43:31 2026] GET /v3/93e0b6635df44c39ad93d375b81d4029/volumes/f5421b3c-8406-436b-adad-2d09abfc5d32 => generated 1483 bytes in 34 msecs (HTTP/1.1 200) 7 headers in 286 bytes (1 switches on core 0) /var/lib/openstack/lib/python3.12/site-packages/pycadf/identifier.py:70: UserWarning: Invalid uuid: cinderv3. To ensure interoperability, identifiers should be a valid uuid. warnings.warn(('Invalid uuid: %s. To ensure interoperability, '
2026-07-14 11:43:31.311 7 INFO cinder.api.openstack.wsgi [req-a79ae105-df78-4511-a931-fa437a1bce4b req-d8140b11-f687-432a-9d31-f43f699291c0 648efcee74bf432c82ea6caf5c2b9247 93e0b6635df44c39ad93d375b81d4029 - - default default] GET http://cinder-api.openstack.svc.cluster.local:8776/v3/93e0b6635df44c39ad93d375b81d4029/volumes/f5421b3c-8406-436b-adad-2d09abfc5d32 /var/lib/openstack/lib/python3.12/site-packages/oslo_context/context.py:102: DeprecationWarning: Policy enforcement is depending on the value of is_admin. This key is deprecated. Please update your policy file to use the standard policy values. warnings.warn(
2026-07-14 11:43:31.327 7 INFO cinder.volume.api [req-a79ae105-df78-4511-a931-fa437a1bce4b req-d8140b11-f687-432a-9d31-f43f699291c0 648efcee74bf432c82ea6caf5c2b9247 93e0b6635df44c39ad93d375b81d4029 - - default default] Volume info retrieved successfully.
2026-07-14 11:43:31.335 7 INFO cinder.api.openstack.wsgi [req-a79ae105-df78-4511-a931-fa437a1bce4b req-d8140b11-f687-432a-9d31-f43f699291c0 648efcee74bf432c82ea6caf5c2b9247 93e0b6635df44c39ad93d375b81d4029 - - default default] http://cinder-api.openstack.svc.cluster.local:8776/v3/93e0b6635df44c39ad93d375b81d4029/volumes/f5421b3c-8406-436b-adad-2d09abfc5d32 returned with HTTP 200 [pid: 7|app: 0|req: 357/713] 10.0.0.191 () {34 vars in 1027 bytes} [Tue Jul 14 11:43:31 2026] GET /v3/93e0b6635df44c39ad93d375b81d4029/volumes/f5421b3c-8406-436b-adad-2d09abfc5d32 => generated 1483 bytes in 32 msecs (HTTP/1.1 200) 7 headers in 286 bytes (1 switches on core 0) /var/lib/openstack/lib/python3.12/site-packages/pycadf/identifier.py:70: UserWarning: Invalid uuid: cinderv3. To ensure interoperability, identifiers should be a valid uuid. warnings.warn(('Invalid uuid: %s. To ensure interoperability, '
2026-07-14 11:43:31.755 8 INFO cinder.api.openstack.wsgi [req-a79ae105-df78-4511-a931-fa437a1bce4b req-96279860-4a2e-4e21-915e-ba2ea3978567 648efcee74bf432c82ea6caf5c2b9247 93e0b6635df44c39ad93d375b81d4029 - - default default] GET http://cinder-api.openstack.svc.cluster.local:8776/v3/93e0b6635df44c39ad93d375b81d4029/volumes/f5421b3c-8406-436b-adad-2d09abfc5d32 /var/lib/openstack/lib/python3.12/site-packages/oslo_context/context.py:102: DeprecationWarning: Policy enforcement is depending on the value of is_admin. This key is deprecated. Please update your policy file to use the standard policy values. warnings.warn(
2026-07-14 11:43:31.907 8 INFO cinder.volume.api [req-a79ae105-df78-4511-a931-fa437a1bce4b req-96279860-4a2e-4e21-915e-ba2ea3978567 648efcee74bf432c82ea6caf5c2b9247 93e0b6635df44c39ad93d375b81d4029 - - default default] Volume info retrieved successfully.
2026-07-14 11:43:31.913 8 INFO cinder.api.openstack.wsgi [req-a79ae105-df78-4511-a931-fa437a1bce4b req-96279860-4a2e-4e21-915e-ba2ea3978567 648efcee74bf432c82ea6caf5c2b9247 93e0b6635df44c39ad93d375b81d4029 - - default default] http://cinder-api.openstack.svc.cluster.local:8776/v3/93e0b6635df44c39ad93d375b81d4029/volumes/f5421b3c-8406-436b-adad-2d09abfc5d32 returned with HTTP 200 [pid: 8|app: 0|req: 357/714] 10.0.0.191 () {34 vars in 1027 bytes} [Tue Jul 14 11:43:31 2026] GET /v3/93e0b6635df44c39ad93d375b81d4029/volumes/f5421b3c-8406-436b-adad-2d09abfc5d32 => generated 1483 bytes in 163 msecs (HTTP/1.1 200) 7 headers in 286 bytes (1 switches on core 0)
2026-07-14 11:43:31.924 7 INFO cinder.api.openstack.wsgi [req-a79ae105-df78-4511-a931-fa437a1bce4b req-d8140b11-f687-432a-9d31-f43f699291c0 648efcee74bf432c82ea6caf5c2b9247 93e0b6635df44c39ad93d375b81d4029 - - default default] GET http://cinder-api.openstack.svc.cluster.local:8776/
2026-07-14 11:43:31.924 7 INFO cinder.api.openstack.wsgi [req-a79ae105-df78-4511-a931-fa437a1bce4b req-d8140b11-f687-432a-9d31-f43f699291c0 648efcee74bf432c82ea6caf5c2b9247 93e0b6635df44c39ad93d375b81d4029 - - default default] http://cinder-api.openstack.svc.cluster.local:8776/ returned with HTTP 300 [pid: 7|app: 0|req: 358/715] 10.0.0.191 () {32 vars in 828 bytes} [Tue Jul 14 11:43:31 2026] GET / => generated 411 bytes in 1 msecs (HTTP/1.1 300) 5 headers in 169 bytes (1 switches on core 0) /var/lib/openstack/lib/python3.12/site-packages/pycadf/identifier.py:70: UserWarning: Invalid uuid: cinderv3. To ensure interoperability, identifiers should be a valid uuid. warnings.warn(('Invalid uuid: %s. To ensure interoperability, '
2026-07-14 11:43:31.937 8 INFO cinder.api.openstack.wsgi [req-a79ae105-df78-4511-a931-fa437a1bce4b req-8f706022-9ef8-429a-80f8-f8b29a829b78 648efcee74bf432c82ea6caf5c2b9247 93e0b6635df44c39ad93d375b81d4029 - - default default] POST http://cinder-api.openstack.svc.cluster.local:8776/v3/93e0b6635df44c39ad93d375b81d4029/attachments /var/lib/openstack/lib/python3.12/site-packages/oslo_context/context.py:102: DeprecationWarning: Policy enforcement is depending on the value of is_admin. This key is deprecated. Please update your policy file to use the standard policy values. warnings.warn( /var/lib/openstack/lib/python3.12/site-packages/cinder/db/sqlalchemy/api.py:2470: SAWarning: SELECT statement has a cartesian product between FROM element(s) "volumes" and FROM element "volumes_1". Apply join condition(s) between each element to resolve. .first()
2026-07-14 11:43:32.000 8 INFO cinder.api.openstack.wsgi [req-a79ae105-df78-4511-a931-fa437a1bce4b req-8f706022-9ef8-429a-80f8-f8b29a829b78 648efcee74bf432c82ea6caf5c2b9247 93e0b6635df44c39ad93d375b81d4029 - - default default] http://cinder-api.openstack.svc.cluster.local:8776/v3/93e0b6635df44c39ad93d375b81d4029/attachments returned with HTTP 200 [pid: 8|app: 0|req: 358/716] 10.0.0.191 () {40 vars in 1056 bytes} [Tue Jul 14 11:43:31 2026] POST /v3/93e0b6635df44c39ad93d375b81d4029/attachments => generated 273 bytes in 69 msecs (HTTP/1.1 200) 7 headers in 286 bytes (1 switches on core 0)
2026-07-14 11:43:37.887 7 INFO cinder.api.openstack.wsgi [req-a79ae105-df78-4511-a931-fa437a1bce4b req-d8140b11-f687-432a-9d31-f43f699291c0 648efcee74bf432c82ea6caf5c2b9247 93e0b6635df44c39ad93d375b81d4029 - - default default] GET http://cinder-api.openstack.svc.cluster.local:8776/
2026-07-14 11:43:37.888 7 INFO cinder.api.openstack.wsgi [req-a79ae105-df78-4511-a931-fa437a1bce4b req-d8140b11-f687-432a-9d31-f43f699291c0 648efcee74bf432c82ea6caf5c2b9247 93e0b6635df44c39ad93d375b81d4029 - - default default] http://cinder-api.openstack.svc.cluster.local:8776/ returned with HTTP 300 [pid: 7|app: 0|req: 359/717] 199.204.45.129 () {32 vars in 839 bytes} [Tue Jul 14 11:43:37 2026] GET / => generated 411 bytes in 1 msecs (HTTP/1.1 300) 5 headers in 169 bytes (1 switches on core 0) /var/lib/openstack/lib/python3.12/site-packages/pycadf/identifier.py:70: UserWarning: Invalid uuid: cinderv3. To ensure interoperability, identifiers should be a valid uuid. warnings.warn(('Invalid uuid: %s. To ensure interoperability, '
2026-07-14 11:43:37.938 8 INFO cinder.api.openstack.wsgi [req-a79ae105-df78-4511-a931-fa437a1bce4b req-69a734ee-bc94-4522-968d-32cd4fb1fd92 648efcee74bf432c82ea6caf5c2b9247 93e0b6635df44c39ad93d375b81d4029 - - default default] GET http://cinder-api.openstack.svc.cluster.local:8776/v3/93e0b6635df44c39ad93d375b81d4029/volumes/f5421b3c-8406-436b-adad-2d09abfc5d32 /var/lib/openstack/lib/python3.12/site-packages/oslo_context/context.py:102: DeprecationWarning: Policy enforcement is depending on the value of is_admin. This key is deprecated. Please update your policy file to use the standard policy values. warnings.warn(
2026-07-14 11:43:37.955 8 INFO cinder.volume.api [req-a79ae105-df78-4511-a931-fa437a1bce4b req-69a734ee-bc94-4522-968d-32cd4fb1fd92 648efcee74bf432c82ea6caf5c2b9247 93e0b6635df44c39ad93d375b81d4029 - - default default] Volume info retrieved successfully.
2026-07-14 11:43:37.961 8 INFO cinder.api.openstack.wsgi [req-a79ae105-df78-4511-a931-fa437a1bce4b req-69a734ee-bc94-4522-968d-32cd4fb1fd92 648efcee74bf432c82ea6caf5c2b9247 93e0b6635df44c39ad93d375b81d4029 - - default default] http://cinder-api.openstack.svc.cluster.local:8776/v3/93e0b6635df44c39ad93d375b81d4029/volumes/f5421b3c-8406-436b-adad-2d09abfc5d32 returned with HTTP 200 [pid: 8|app: 0|req: 359/718] 199.204.45.129 () {36 vars in 1072 bytes} [Tue Jul 14 11:43:37 2026] GET /v3/93e0b6635df44c39ad93d375b81d4029/volumes/f5421b3c-8406-436b-adad-2d09abfc5d32 => generated 1663 bytes in 32 msecs (HTTP/1.1 200) 7 headers in 287 bytes (1 switches on core 0)
2026-07-14 11:43:39.257 8 INFO cinder.api.openstack.wsgi [req-a79ae105-df78-4511-a931-fa437a1bce4b req-69a734ee-bc94-4522-968d-32cd4fb1fd92 648efcee74bf432c82ea6caf5c2b9247 93e0b6635df44c39ad93d375b81d4029 - - default default] GET http://10.0.0.11:8776/
2026-07-14 11:43:39.257 7 INFO cinder.api.openstack.wsgi [req-a79ae105-df78-4511-a931-fa437a1bce4b req-d8140b11-f687-432a-9d31-f43f699291c0 648efcee74bf432c82ea6caf5c2b9247 93e0b6635df44c39ad93d375b81d4029 - - default default] GET http://10.0.0.11:8776/
2026-07-14 11:43:39.259 8 INFO cinder.api.openstack.wsgi [req-a79ae105-df78-4511-a931-fa437a1bce4b req-69a734ee-bc94-4522-968d-32cd4fb1fd92 648efcee74bf432c82ea6caf5c2b9247 93e0b6635df44c39ad93d375b81d4029 - - default default] http://10.0.0.11:8776/ returned with HTTP 300
2026-07-14 11:43:39.259 7 INFO cinder.api.openstack.wsgi [req-a79ae105-df78-4511-a931-fa437a1bce4b req-d8140b11-f687-432a-9d31-f43f699291c0 648efcee74bf432c82ea6caf5c2b9247 93e0b6635df44c39ad93d375b81d4029 - - default default] http://10.0.0.11:8776/ returned with HTTP 300 /var/lib/openstack/lib/python3.12/site-packages/pycadf/identifier.py:70: UserWarning: Invalid uuid: cinderv3. To ensure interoperability, identifiers should be a valid uuid. warnings.warn(('Invalid uuid: %s. To ensure interoperability, '
2026-07-14 11:43:39.843 7 INFO cinder.api.openstack.wsgi [req-a79ae105-df78-4511-a931-fa437a1bce4b req-41529f1e-1969-47e9-adee-3dc484401f06 648efcee74bf432c82ea6caf5c2b9247 93e0b6635df44c39ad93d375b81d4029 - - default default] PUT http://cinder-api.openstack.svc.cluster.local:8776/v3/93e0b6635df44c39ad93d375b81d4029/attachments/0bf4efa5-7767-4c3f-9eba-9e32ee986245 /var/lib/openstack/lib/python3.12/site-packages/cinder/db/sqlalchemy/api.py:2470: SAWarning: SELECT statement has a cartesian product between FROM element(s) "volumes_1", "volume_attachment" and FROM element "volumes". Apply join condition(s) between each element to resolve. .first() /var/lib/openstack/lib/python3.12/site-packages/oslo_context/context.py:102: DeprecationWarning: Policy enforcement is depending on the value of is_admin. This key is deprecated. Please update your policy file to use the standard policy values. warnings.warn(
2026-07-14 11:43:40.908 7 INFO cinder.api.openstack.wsgi [req-a79ae105-df78-4511-a931-fa437a1bce4b req-41529f1e-1969-47e9-adee-3dc484401f06 648efcee74bf432c82ea6caf5c2b9247 93e0b6635df44c39ad93d375b81d4029 - - default default] http://cinder-api.openstack.svc.cluster.local:8776/v3/93e0b6635df44c39ad93d375b81d4029/attachments/0bf4efa5-7767-4c3f-9eba-9e32ee986245 returned with HTTP 200 [pid: 7|app: 0|req: 361/721] 199.204.45.129 () {40 vars in 1134 bytes} [Tue Jul 14 11:43:39 2026] PUT /v3/93e0b6635df44c39ad93d375b81d4029/attachments/0bf4efa5-7767-4c3f-9eba-9e32ee986245 => generated 802 bytes in 1070 msecs (HTTP/1.1 200) 7 headers in 286 bytes (1 switches on core 0) /var/lib/openstack/lib/python3.12/site-packages/pycadf/identifier.py:70: UserWarning: Invalid uuid: cinderv3. To ensure interoperability, identifiers should be a valid uuid. warnings.warn(('Invalid uuid: %s. To ensure interoperability, '
2026-07-14 11:43:41.425 8 INFO cinder.api.openstack.wsgi [req-a79ae105-df78-4511-a931-fa437a1bce4b req-d3186245-4c84-44d2-a39a-8a45e16e0403 648efcee74bf432c82ea6caf5c2b9247 93e0b6635df44c39ad93d375b81d4029 - - default default] POST http://cinder-api.openstack.svc.cluster.local:8776/v3/93e0b6635df44c39ad93d375b81d4029/attachments/0bf4efa5-7767-4c3f-9eba-9e32ee986245/action /var/lib/openstack/lib/python3.12/site-packages/oslo_context/context.py:102: DeprecationWarning: Policy enforcement is depending on the value of is_admin. This key is deprecated. Please update your policy file to use the standard policy values. warnings.warn(
2026-07-14 11:43:41.472 8 INFO cinder.api.openstack.wsgi [req-a79ae105-df78-4511-a931-fa437a1bce4b req-d3186245-4c84-44d2-a39a-8a45e16e0403 648efcee74bf432c82ea6caf5c2b9247 93e0b6635df44c39ad93d375b81d4029 - - default default] http://cinder-api.openstack.svc.cluster.local:8776/v3/93e0b6635df44c39ad93d375b81d4029/attachments/0bf4efa5-7767-4c3f-9eba-9e32ee986245/action returned with HTTP 204 [pid: 8|app: 0|req: 361/722] 199.204.45.129 () {40 vars in 1147 bytes} [Tue Jul 14 11:43:41 2026] POST /v3/93e0b6635df44c39ad93d375b81d4029/attachments/0bf4efa5-7767-4c3f-9eba-9e32ee986245/action => generated 0 bytes in 54 msecs (HTTP/1.1 204) 7 headers in 292 bytes (1 switches on core 0) /var/lib/openstack/lib/python3.12/site-packages/pycadf/identifier.py:70: UserWarning: Invalid uuid: cinderv3. To ensure interoperability, identifiers should be a valid uuid. warnings.warn(('Invalid uuid: %s. To ensure interoperability, '
2026-07-14 11:43:45.061 7 INFO cinder.api.openstack.wsgi [req-a79ae105-df78-4511-a931-fa437a1bce4b req-ee91d83d-53ea-43f6-b77e-663e9526cfee 648efcee74bf432c82ea6caf5c2b9247 93e0b6635df44c39ad93d375b81d4029 - - default default] DELETE http://cinder-api.openstack.svc.cluster.local:8776/v3/93e0b6635df44c39ad93d375b81d4029/attachments/0bf4efa5-7767-4c3f-9eba-9e32ee986245 /var/lib/openstack/lib/python3.12/site-packages/oslo_context/context.py:102: DeprecationWarning: Policy enforcement is depending on the value of is_admin. This key is deprecated. Please update your policy file to use the standard policy values. warnings.warn(
2026-07-14 11:43:45.647 7 INFO cinder.api.openstack.wsgi [req-a79ae105-df78-4511-a931-fa437a1bce4b req-ee91d83d-53ea-43f6-b77e-663e9526cfee 648efcee74bf432c82ea6caf5c2b9247 93e0b6635df44c39ad93d375b81d4029 - - default default] http://cinder-api.openstack.svc.cluster.local:8776/v3/93e0b6635df44c39ad93d375b81d4029/attachments/0bf4efa5-7767-4c3f-9eba-9e32ee986245 returned with HTTP 200 [pid: 7|app: 0|req: 362/723] 199.204.45.129 () {38 vars in 1102 bytes} [Tue Jul 14 11:43:45 2026] DELETE /v3/93e0b6635df44c39ad93d375b81d4029/attachments/0bf4efa5-7767-4c3f-9eba-9e32ee986245 => generated 19 bytes in 592 msecs (HTTP/1.1 200) 7 headers in 285 bytes (1 switches on core 0)
2026-07-14 11:43:49.257 8 INFO cinder.api.openstack.wsgi [req-a79ae105-df78-4511-a931-fa437a1bce4b req-d3186245-4c84-44d2-a39a-8a45e16e0403 648efcee74bf432c82ea6caf5c2b9247 93e0b6635df44c39ad93d375b81d4029 - - default default] GET http://10.0.0.11:8776/
2026-07-14 11:43:49.257 7 INFO cinder.api.openstack.wsgi [req-a79ae105-df78-4511-a931-fa437a1bce4b req-ee91d83d-53ea-43f6-b77e-663e9526cfee 648efcee74bf432c82ea6caf5c2b9247 93e0b6635df44c39ad93d375b81d4029 - - default default] GET http://10.0.0.11:8776/
2026-07-14 11:43:49.258 8 INFO cinder.api.openstack.wsgi [req-a79ae105-df78-4511-a931-fa437a1bce4b req-d3186245-4c84-44d2-a39a-8a45e16e0403 648efcee74bf432c82ea6caf5c2b9247 93e0b6635df44c39ad93d375b81d4029 - - default default] http://10.0.0.11:8776/ returned with HTTP 300
2026-07-14 11:43:49.259 7 INFO cinder.api.openstack.wsgi [req-a79ae105-df78-4511-a931-fa437a1bce4b req-ee91d83d-53ea-43f6-b77e-663e9526cfee 648efcee74bf432c82ea6caf5c2b9247 93e0b6635df44c39ad93d375b81d4029 - - default default] http://10.0.0.11:8776/ returned with HTTP 300 /var/lib/openstack/lib/python3.12/site-packages/pycadf/identifier.py:70: UserWarning: Invalid uuid: cinderv3. To ensure interoperability, identifiers should be a valid uuid. warnings.warn(('Invalid uuid: %s. To ensure interoperability, '
2026-07-14 11:43:50.603 8 INFO cinder.api.openstack.wsgi [req-4eeb273d-3ef4-48da-a030-c535b56ad4a2 req-ed6eb2c0-a1d3-423b-a096-8cbcd8a62e43 648efcee74bf432c82ea6caf5c2b9247 93e0b6635df44c39ad93d375b81d4029 - - default default] DELETE http://cinder-api.openstack.svc.cluster.local:8776/v3/93e0b6635df44c39ad93d375b81d4029/attachments/0bf4efa5-7767-4c3f-9eba-9e32ee986245
2026-07-14 11:43:50.609 8 INFO cinder.api.openstack.wsgi [req-4eeb273d-3ef4-48da-a030-c535b56ad4a2 req-ed6eb2c0-a1d3-423b-a096-8cbcd8a62e43 648efcee74bf432c82ea6caf5c2b9247 93e0b6635df44c39ad93d375b81d4029 - - default default] http://cinder-api.openstack.svc.cluster.local:8776/v3/93e0b6635df44c39ad93d375b81d4029/attachments/0bf4efa5-7767-4c3f-9eba-9e32ee986245 returned with HTTP 404 [pid: 8|app: 0|req: 363/726] 10.0.0.191 () {38 vars in 1098 bytes} [Tue Jul 14 11:43:50 2026] DELETE /v3/93e0b6635df44c39ad93d375b81d4029/attachments/0bf4efa5-7767-4c3f-9eba-9e32ee986245 => generated 149 bytes in 12 msecs (HTTP/1.1 404) 7 headers in 293 bytes (1 switches on core 0) /var/lib/openstack/lib/python3.12/site-packages/pycadf/identifier.py:70: UserWarning: Invalid uuid: cinderv3. To ensure interoperability, identifiers should be a valid uuid. warnings.warn(('Invalid uuid: %s. To ensure interoperability, '
2026-07-14 11:43:50.633 7 INFO cinder.api.openstack.wsgi [req-4eeb273d-3ef4-48da-a030-c535b56ad4a2 req-53a522d6-a172-41e0-a8c6-2b6d046d4b90 648efcee74bf432c82ea6caf5c2b9247 93e0b6635df44c39ad93d375b81d4029 - - default default] DELETE http://cinder-api.openstack.svc.cluster.local:8776/v3/93e0b6635df44c39ad93d375b81d4029/volumes/f5421b3c-8406-436b-adad-2d09abfc5d32
2026-07-14 11:43:50.634 7 INFO cinder.api.v3.volumes [req-4eeb273d-3ef4-48da-a030-c535b56ad4a2 req-53a522d6-a172-41e0-a8c6-2b6d046d4b90 648efcee74bf432c82ea6caf5c2b9247 93e0b6635df44c39ad93d375b81d4029 - - default default] Delete volume with id: f5421b3c-8406-436b-adad-2d09abfc5d32 /var/lib/openstack/lib/python3.12/site-packages/oslo_context/context.py:102: DeprecationWarning: Policy enforcement is depending on the value of is_admin. This key is deprecated. Please update your policy file to use the standard policy values. warnings.warn(
2026-07-14 11:43:50.644 7 INFO cinder.volume.api [req-4eeb273d-3ef4-48da-a030-c535b56ad4a2 req-53a522d6-a172-41e0-a8c6-2b6d046d4b90 648efcee74bf432c82ea6caf5c2b9247 93e0b6635df44c39ad93d375b81d4029 - - default default] Volume info retrieved successfully.
2026-07-14 11:43:50.705 7 INFO cinder.volume.api [req-4eeb273d-3ef4-48da-a030-c535b56ad4a2 req-53a522d6-a172-41e0-a8c6-2b6d046d4b90 648efcee74bf432c82ea6caf5c2b9247 93e0b6635df44c39ad93d375b81d4029 - - default default] Delete volume request issued successfully.
2026-07-14 11:43:50.705 7 INFO cinder.api.openstack.wsgi [req-4eeb273d-3ef4-48da-a030-c535b56ad4a2 req-53a522d6-a172-41e0-a8c6-2b6d046d4b90 648efcee74bf432c82ea6caf5c2b9247 93e0b6635df44c39ad93d375b81d4029 - - default default] http://cinder-api.openstack.svc.cluster.local:8776/v3/93e0b6635df44c39ad93d375b81d4029/volumes/f5421b3c-8406-436b-adad-2d09abfc5d32 returned with HTTP 202 [pid: 7|app: 0|req: 364/727] 10.0.0.191 () {36 vars in 1049 bytes} [Tue Jul 14 11:43:50 2026] DELETE /v3/93e0b6635df44c39ad93d375b81d4029/volumes/f5421b3c-8406-436b-adad-2d09abfc5d32 => generated 0 bytes in 87 msecs (HTTP/1.1 202) 6 headers in 233 bytes (1 switches on core 0)
2026-07-14 11:43:59.257 8 INFO cinder.api.openstack.wsgi [req-4eeb273d-3ef4-48da-a030-c535b56ad4a2 req-ed6eb2c0-a1d3-423b-a096-8cbcd8a62e43 648efcee74bf432c82ea6caf5c2b9247 93e0b6635df44c39ad93d375b81d4029 - - default default] GET http://10.0.0.11:8776/
2026-07-14 11:43:59.258 7 INFO cinder.api.openstack.wsgi [req-4eeb273d-3ef4-48da-a030-c535b56ad4a2 req-53a522d6-a172-41e0-a8c6-2b6d046d4b90 648efcee74bf432c82ea6caf5c2b9247 93e0b6635df44c39ad93d375b81d4029 - - default default] GET http://10.0.0.11:8776/
2026-07-14 11:43:59.260 7 INFO cinder.api.openstack.wsgi [req-4eeb273d-3ef4-48da-a030-c535b56ad4a2 req-53a522d6-a172-41e0-a8c6-2b6d046d4b90 648efcee74bf432c82ea6caf5c2b9247 93e0b6635df44c39ad93d375b81d4029 - - default default] http://10.0.0.11:8776/ returned with HTTP 300
2026-07-14 11:43:59.261 8 INFO cinder.api.openstack.wsgi [req-4eeb273d-3ef4-48da-a030-c535b56ad4a2 req-ed6eb2c0-a1d3-423b-a096-8cbcd8a62e43 648efcee74bf432c82ea6caf5c2b9247 93e0b6635df44c39ad93d375b81d4029 - - default default] http://10.0.0.11:8776/ returned with HTTP 300
2026-07-14 11:44:09.256 8 INFO cinder.api.openstack.wsgi [req-4eeb273d-3ef4-48da-a030-c535b56ad4a2 req-ed6eb2c0-a1d3-423b-a096-8cbcd8a62e43 648efcee74bf432c82ea6caf5c2b9247 93e0b6635df44c39ad93d375b81d4029 - - default default] GET http://10.0.0.11:8776/
2026-07-14 11:44:09.257 8 INFO cinder.api.openstack.wsgi [req-4eeb273d-3ef4-48da-a030-c535b56ad4a2 req-ed6eb2c0-a1d3-423b-a096-8cbcd8a62e43 648efcee74bf432c82ea6caf5c2b9247 93e0b6635df44c39ad93d375b81d4029 - - default default] http://10.0.0.11:8776/ returned with HTTP 300
2026-07-14 11:44:09.258 7 INFO cinder.api.openstack.wsgi [req-4eeb273d-3ef4-48da-a030-c535b56ad4a2 req-53a522d6-a172-41e0-a8c6-2b6d046d4b90 648efcee74bf432c82ea6caf5c2b9247 93e0b6635df44c39ad93d375b81d4029 - - default default] GET http://10.0.0.11:8776/
2026-07-14 11:44:09.259 7 INFO cinder.api.openstack.wsgi [req-4eeb273d-3ef4-48da-a030-c535b56ad4a2 req-53a522d6-a172-41e0-a8c6-2b6d046d4b90 648efcee74bf432c82ea6caf5c2b9247 93e0b6635df44c39ad93d375b81d4029 - - default default] http://10.0.0.11:8776/ returned with HTTP 300
2026-07-14 11:44:14.923 8 INFO cinder.api.openstack.wsgi [None req-e776d2f9-c5c5-4329-9e50-3bfea023cf85 c77eee1ec5b342f2bcc2529b0c718935 7b0af817342749708ce45ee3cce4d4ae - - default default] GET http://cinder-api.openstack.svc.cluster.local:8776/v3/7b0af817342749708ce45ee3cce4d4ae/volumes/detail?all_tenants=true
2026-07-14 11:44:14.942 8 INFO cinder.volume.api [None req-e776d2f9-c5c5-4329-9e50-3bfea023cf85 c77eee1ec5b342f2bcc2529b0c718935 7b0af817342749708ce45ee3cce4d4ae - - default default] Get all volumes completed successfully.
2026-07-14 11:44:14.945 8 INFO cinder.api.openstack.wsgi [None req-e776d2f9-c5c5-4329-9e50-3bfea023cf85 c77eee1ec5b342f2bcc2529b0c718935 7b0af817342749708ce45ee3cce4d4ae - - default default] http://cinder-api.openstack.svc.cluster.local:8776/v3/7b0af817342749708ce45ee3cce4d4ae/volumes/detail?all_tenants=true returned with HTTP 200 [pid: 8|app: 0|req: 366/732] 10.0.0.219 () {28 vars in 683 bytes} [Tue Jul 14 11:44:14 2026] GET /v3/7b0af817342749708ce45ee3cce4d4ae/volumes/detail?all_tenants=true => generated 15 bytes in 160 msecs (HTTP/1.1 200) 7 headers in 284 bytes (1 switches on core 0) /var/lib/openstack/lib/python3.12/site-packages/pycadf/identifier.py:70: UserWarning: Invalid uuid: cinderv3. To ensure interoperability, identifiers should be a valid uuid. warnings.warn(('Invalid uuid: %s. To ensure interoperability, '
2026-07-14 11:44:14.956 7 INFO cinder.api.openstack.wsgi [None req-b3d1f1cc-6377-4865-85fa-2ad4aaf69380 c77eee1ec5b342f2bcc2529b0c718935 7b0af817342749708ce45ee3cce4d4ae - - default default] GET http://cinder-api.openstack.svc.cluster.local:8776/v3/7b0af817342749708ce45ee3cce4d4ae/scheduler-stats/get_pools?detail=true
2026-07-14 11:44:15.459 7 INFO cinder.api.openstack.wsgi [None req-b3d1f1cc-6377-4865-85fa-2ad4aaf69380 c77eee1ec5b342f2bcc2529b0c718935 7b0af817342749708ce45ee3cce4d4ae - - default default] http://cinder-api.openstack.svc.cluster.local:8776/v3/7b0af817342749708ce45ee3cce4d4ae/scheduler-stats/get_pools?detail=true returned with HTTP 200 [pid: 7|app: 0|req: 367/733] 10.0.0.219 () {28 vars in 695 bytes} [Tue Jul 14 11:44:14 2026] GET /v3/7b0af817342749708ce45ee3cce4d4ae/scheduler-stats/get_pools?detail=true => generated 670 bytes in 511 msecs (HTTP/1.1 200) 7 headers in 285 bytes (1 switches on core 0)
2026-07-14 11:44:15.506 8 INFO cinder.api.openstack.wsgi [None req-798389ac-ef3a-4416-aabe-320d272da92d c77eee1ec5b342f2bcc2529b0c718935 7b0af817342749708ce45ee3cce4d4ae - - default default] GET http://cinder-api.openstack.svc.cluster.local:8776/v3/7b0af817342749708ce45ee3cce4d4ae/os-quota-sets/3b59eaf795e34c8f9fbbfddb1441f674?usage=true
2026-07-14 11:44:15.529 8 INFO cinder.api.openstack.wsgi [None req-798389ac-ef3a-4416-aabe-320d272da92d c77eee1ec5b342f2bcc2529b0c718935 7b0af817342749708ce45ee3cce4d4ae - - default default] http://cinder-api.openstack.svc.cluster.local:8776/v3/7b0af817342749708ce45ee3cce4d4ae/os-quota-sets/3b59eaf795e34c8f9fbbfddb1441f674?usage=true returned with HTTP 200 [pid: 8|app: 0|req: 367/734] 10.0.0.219 () {28 vars in 735 bytes} [Tue Jul 14 11:44:15 2026] GET /v3/7b0af817342749708ce45ee3cce4d4ae/os-quota-sets/3b59eaf795e34c8f9fbbfddb1441f674?usage=true => generated 845 bytes in 31 msecs (HTTP/1.1 200) 7 headers in 285 bytes (1 switches on core 0)
2026-07-14 11:44:15.543 7 INFO cinder.api.openstack.wsgi [None req-c065abb4-96b2-4c22-ad75-66d2fa3cd7a0 c77eee1ec5b342f2bcc2529b0c718935 7b0af817342749708ce45ee3cce4d4ae - - default default] GET http://cinder-api.openstack.svc.cluster.local:8776/v3/7b0af817342749708ce45ee3cce4d4ae/os-quota-sets/4016c0aad5f84bdea64fa81ddfe0f8e0?usage=true
2026-07-14 11:44:15.574 7 INFO cinder.api.openstack.wsgi [None req-c065abb4-96b2-4c22-ad75-66d2fa3cd7a0 c77eee1ec5b342f2bcc2529b0c718935 7b0af817342749708ce45ee3cce4d4ae - - default default] http://cinder-api.openstack.svc.cluster.local:8776/v3/7b0af817342749708ce45ee3cce4d4ae/os-quota-sets/4016c0aad5f84bdea64fa81ddfe0f8e0?usage=true returned with HTTP 200 [pid: 7|app: 0|req: 368/735] 10.0.0.219 () {28 vars in 735 bytes} [Tue Jul 14 11:44:15 2026] GET /v3/7b0af817342749708ce45ee3cce4d4ae/os-quota-sets/4016c0aad5f84bdea64fa81ddfe0f8e0?usage=true => generated 847 bytes in 41 msecs (HTTP/1.1 200) 7 headers in 285 bytes (1 switches on core 0)
2026-07-14 11:44:15.592 8 INFO cinder.api.openstack.wsgi [None req-8e21a55e-d914-4889-bd3a-790937fe7cc6 c77eee1ec5b342f2bcc2529b0c718935 7b0af817342749708ce45ee3cce4d4ae - - default default] GET http://cinder-api.openstack.svc.cluster.local:8776/v3/7b0af817342749708ce45ee3cce4d4ae/os-quota-sets/5125c397227644e5b3e338e40f8d9c79?usage=true
2026-07-14 11:44:15.622 8 INFO cinder.api.openstack.wsgi [None req-8e21a55e-d914-4889-bd3a-790937fe7cc6 c77eee1ec5b342f2bcc2529b0c718935 7b0af817342749708ce45ee3cce4d4ae - - default default] http://cinder-api.openstack.svc.cluster.local:8776/v3/7b0af817342749708ce45ee3cce4d4ae/os-quota-sets/5125c397227644e5b3e338e40f8d9c79?usage=true returned with HTTP 200 [pid: 8|app: 0|req: 368/736] 10.0.0.219 () {28 vars in 735 bytes} [Tue Jul 14 11:44:15 2026] GET /v3/7b0af817342749708ce45ee3cce4d4ae/os-quota-sets/5125c397227644e5b3e338e40f8d9c79?usage=true => generated 847 bytes in 41 msecs (HTTP/1.1 200) 7 headers in 285 bytes (1 switches on core 0)
2026-07-14 11:44:15.636 7 INFO cinder.api.openstack.wsgi [None req-32c8281f-ba8f-4396-9e39-ddcf4da4b9eb c77eee1ec5b342f2bcc2529b0c718935 7b0af817342749708ce45ee3cce4d4ae - - default default] GET http://cinder-api.openstack.svc.cluster.local:8776/v3/7b0af817342749708ce45ee3cce4d4ae/os-quota-sets/7b0af817342749708ce45ee3cce4d4ae?usage=true
2026-07-14 11:44:15.685 7 INFO cinder.api.openstack.wsgi [None req-32c8281f-ba8f-4396-9e39-ddcf4da4b9eb c77eee1ec5b342f2bcc2529b0c718935 7b0af817342749708ce45ee3cce4d4ae - - default default] http://cinder-api.openstack.svc.cluster.local:8776/v3/7b0af817342749708ce45ee3cce4d4ae/os-quota-sets/7b0af817342749708ce45ee3cce4d4ae?usage=true returned with HTTP 200 [pid: 7|app: 0|req: 369/737] 10.0.0.219 () {28 vars in 735 bytes} [Tue Jul 14 11:44:15 2026] GET /v3/7b0af817342749708ce45ee3cce4d4ae/os-quota-sets/7b0af817342749708ce45ee3cce4d4ae?usage=true => generated 845 bytes in 57 msecs (HTTP/1.1 200) 7 headers in 285 bytes (1 switches on core 0)
2026-07-14 11:44:15.697 8 INFO cinder.api.openstack.wsgi [None req-0d4aa1ab-37f7-493a-864d-f33a4fe5a656 c77eee1ec5b342f2bcc2529b0c718935 7b0af817342749708ce45ee3cce4d4ae - - default default] GET http://cinder-api.openstack.svc.cluster.local:8776/v3/7b0af817342749708ce45ee3cce4d4ae/os-quota-sets/8c108047cdb7432e9b5e523c47dee047?usage=true
2026-07-14 11:44:15.739 8 INFO cinder.api.openstack.wsgi [None req-0d4aa1ab-37f7-493a-864d-f33a4fe5a656 c77eee1ec5b342f2bcc2529b0c718935 7b0af817342749708ce45ee3cce4d4ae - - default default] http://cinder-api.openstack.svc.cluster.local:8776/v3/7b0af817342749708ce45ee3cce4d4ae/os-quota-sets/8c108047cdb7432e9b5e523c47dee047?usage=true returned with HTTP 200 [pid: 8|app: 0|req: 369/738] 10.0.0.219 () {28 vars in 735 bytes} [Tue Jul 14 11:44:15 2026] GET /v3/7b0af817342749708ce45ee3cce4d4ae/os-quota-sets/8c108047cdb7432e9b5e523c47dee047?usage=true => generated 847 bytes in 50 msecs (HTTP/1.1 200) 7 headers in 285 bytes (1 switches on core 0)
2026-07-14 11:44:15.754 7 INFO cinder.api.openstack.wsgi [None req-1c7b068a-c3bd-4a25-9d17-0b0738b6053a c77eee1ec5b342f2bcc2529b0c718935 7b0af817342749708ce45ee3cce4d4ae - - default default] GET http://cinder-api.openstack.svc.cluster.local:8776/v3/7b0af817342749708ce45ee3cce4d4ae/os-quota-sets/b4a088e8d45f413d8331f4c05ea4de2f?usage=true
