2026-08-15 04:02:27.117 7 INFO neutron.db.segments_db [None req-6a73a9a2-2aa6-4d9b-8bf7-edce284c3436 8c189224d5fc49b99a73408231ade61e 23e3bb19ff39455bab77e12f1bfb3531 - - default default] Added segment 45980246-9991-437a-bcfa-2a83a156cc3c of type geneve for network 51267a27-2758-47a4-9ff8-392eadf7f5cd [pid: 8|app: 0|req: 858/1785] 10.0.0.136 () {32 vars in 668 bytes} [Sat Aug 15 04:02:27 2026] GET /v2.0/ports?not-tags=red => generated 5268 bytes in 89 msecs (HTTP/1.1 200) 4 headers in 158 bytes (1 switches on core 0)
2026-08-15 04:02:27.230 7 INFO neutron.db.ovn_revision_numbers_db [None req-6a73a9a2-2aa6-4d9b-8bf7-edce284c3436 8c189224d5fc49b99a73408231ade61e 23e3bb19ff39455bab77e12f1bfb3531 - - default default] Successfully bumped revision number for resource 51267a27-2758-47a4-9ff8-392eadf7f5cd (type: networks) to 1 [pid: 8|app: 0|req: 859/1786] 10.0.0.136 () {32 vars in 682 bytes} [Sat Aug 15 04:02:27 2026] GET /v2.0/ports?not-tags=red%2Cblue => generated 6008 bytes in 101 msecs (HTTP/1.1 200) 4 headers in 158 bytes (1 switches on core 0) [pid: 8|app: 0|req: 860/1787] 10.0.0.136 () {32 vars in 678 bytes} [Sat Aug 15 04:02:27 2026] GET /v2.0/ports?not-tags-any=blue => generated 6008 bytes in 99 msecs (HTTP/1.1 200) 4 headers in 158 bytes (1 switches on core 0) [pid: 8|app: 0|req: 861/1788] 10.0.0.136 () {32 vars in 690 bytes} [Sat Aug 15 04:02:27 2026] GET /v2.0/ports?not-tags-any=red%2Cblue => generated 5268 bytes in 95 msecs (HTTP/1.1 200) 4 headers in 158 bytes (1 switches on core 0)
2026-08-15 04:02:27.490 7 WARNING neutron.scheduler.dhcp_agent_scheduler [None req-6a73a9a2-2aa6-4d9b-8bf7-edce284c3436 8c189224d5fc49b99a73408231ade61e 23e3bb19ff39455bab77e12f1bfb3531 - - default default] No more DHCP agents
2026-08-15 04:02:27.492 7 WARNING neutron.api.rpc.agentnotifiers.dhcp_rpc_agent_api [None req-6a73a9a2-2aa6-4d9b-8bf7-edce284c3436 8c189224d5fc49b99a73408231ade61e 23e3bb19ff39455bab77e12f1bfb3531 - - default default] Unable to schedule network 51267a27-2758-47a4-9ff8-392eadf7f5cd: no agents available; will retry on subsequent port and subnet creation events.
2026-08-15 04:02:27.568 7 INFO neutron.plugins.ml2.drivers.ovn.mech_driver.mech_driver [None req-ad6fee8d-1a23-4e0d-955e-36e0879329ee - - - - - -] OVN reports status down for port: e8f81535-6b72-407a-ad00-4db730611e46
2026-08-15 04:02:27.618 8 INFO neutron_taas.services.taas.taas_plugin [None req-47148602-5525-472f-9374-e17b36cc577c 148f109995664436994b55ef5f9cf67c a36aac7e5ad74145937929c55d67e54d - - default default] TaaS: Handle Delete Port: d592a037-3074-48b8-92d0-dd18adf6500c
2026-08-15 04:02:27.620 7 INFO neutron.db.ovn_revision_numbers_db [None req-6a73a9a2-2aa6-4d9b-8bf7-edce284c3436 8c189224d5fc49b99a73408231ade61e 23e3bb19ff39455bab77e12f1bfb3531 - - default default] Successfully bumped revision number for resource e8f81535-6b72-407a-ad00-4db730611e46 (type: ports) to 1
2026-08-15 04:02:27.623 8 INFO neutron_taas.services.taas.tap_mirror_plugin [None req-47148602-5525-472f-9374-e17b36cc577c 148f109995664436994b55ef5f9cf67c a36aac7e5ad74145937929c55d67e54d - - default default] Tap Mirror: Handle Delete Port: d592a037-3074-48b8-92d0-dd18adf6500c [pid: 7|app: 0|req: 928/1789] 10.0.0.136 () {34 vars in 670 bytes} [Sat Aug 15 04:02:27 2026] POST /v2.0/networks => generated 670 bytes in 643 msecs (HTTP/1.1 201) 4 headers in 162 bytes (1 switches on core 0) [pid: 8|app: 0|req: 862/1790] 10.0.0.136 () {32 vars in 720 bytes} [Sat Aug 15 04:02:27 2026] DELETE /v2.0/ports/d592a037-3074-48b8-92d0-dd18adf6500c => generated 0 bytes in 297 msecs (HTTP/1.1 204) 3 headers in 131 bytes (1 switches on core 0)
2026-08-15 04:02:27.892 8 INFO neutron_taas.services.taas.taas_plugin [None req-b75d4da8-ec34-42f4-9fd2-72f7d09a03ca 148f109995664436994b55ef5f9cf67c a36aac7e5ad74145937929c55d67e54d - - default default] TaaS: Handle Delete Port: cbaacf9e-e75a-4dcf-a4e3-cf2ac46c80bf
2026-08-15 04:02:27.897 8 INFO neutron_taas.services.taas.tap_mirror_plugin [None req-b75d4da8-ec34-42f4-9fd2-72f7d09a03ca 148f109995664436994b55ef5f9cf67c a36aac7e5ad74145937929c55d67e54d - - default default] Tap Mirror: Handle Delete Port: cbaacf9e-e75a-4dcf-a4e3-cf2ac46c80bf
2026-08-15 04:02:27.998 7 WARNING neutron.scheduler.dhcp_agent_scheduler [None req-4489ad00-e2e2-4813-813f-a38f12fca16b 8c189224d5fc49b99a73408231ade61e 23e3bb19ff39455bab77e12f1bfb3531 - - default default] No more DHCP agents
2026-08-15 04:02:28.000 7 WARNING neutron.api.rpc.agentnotifiers.dhcp_rpc_agent_api [None req-4489ad00-e2e2-4813-813f-a38f12fca16b 8c189224d5fc49b99a73408231ade61e 23e3bb19ff39455bab77e12f1bfb3531 - - default default] Unable to schedule network 51267a27-2758-47a4-9ff8-392eadf7f5cd: no agents available; will retry on subsequent port and subnet creation events. [pid: 8|app: 0|req: 863/1791] 10.0.0.136 () {32 vars in 720 bytes} [Sat Aug 15 04:02:27 2026] DELETE /v2.0/ports/cbaacf9e-e75a-4dcf-a4e3-cf2ac46c80bf => generated 0 bytes in 319 msecs (HTTP/1.1 204) 3 headers in 131 bytes (1 switches on core 0)
2026-08-15 04:02:28.155 7 INFO neutron.db.ovn_revision_numbers_db [None req-4489ad00-e2e2-4813-813f-a38f12fca16b 8c189224d5fc49b99a73408231ade61e 23e3bb19ff39455bab77e12f1bfb3531 - - default default] Successfully bumped revision number for resource 570bf26c-5512-492d-8bfa-653260c43280 (type: ports) to 1
2026-08-15 04:02:28.167 8 INFO neutron.plugins.ml2.drivers.ovn.mech_driver.mech_driver [None req-9341812f-c882-47f9-a367-7d996be39dda - - - - - -] OVN reports status down for port: 570bf26c-5512-492d-8bfa-653260c43280 [pid: 7|app: 0|req: 929/1792] 10.0.0.136 () {34 vars in 664 bytes} [Sat Aug 15 04:02:27 2026] POST /v2.0/ports => generated 743 bytes in 553 msecs (HTTP/1.1 201) 4 headers in 162 bytes (1 switches on core 0) /var/lib/openstack/lib/python3.12/site-packages/pycadf/identifier.py:70: UserWarning: Invalid uuid: neutron. To ensure interoperability, identifiers should be a valid uuid. warnings.warn(('Invalid uuid: %s. To ensure interoperability, '
2026-08-15 04:02:28.379 8 INFO neutron_taas.services.taas.taas_plugin [None req-dc2ce6b9-01f3-4324-a8f9-ab58ddd7a2f9 148f109995664436994b55ef5f9cf67c a36aac7e5ad74145937929c55d67e54d - - default default] TaaS: Handle Delete Port: f472ce16-a0f4-4216-a7a1-4d41c5766c03
2026-08-15 04:02:28.381 8 INFO neutron_taas.services.taas.tap_mirror_plugin [None req-dc2ce6b9-01f3-4324-a8f9-ab58ddd7a2f9 148f109995664436994b55ef5f9cf67c a36aac7e5ad74145937929c55d67e54d - - default default] Tap Mirror: Handle Delete Port: f472ce16-a0f4-4216-a7a1-4d41c5766c03 [pid: 7|app: 0|req: 930/1793] 10.0.0.136 () {34 vars in 666 bytes} [Sat Aug 15 04:02:28 2026] POST /v2.0/trunks => generated 409 bytes in 251 msecs (HTTP/1.1 201) 4 headers in 162 bytes (1 switches on core 0) [pid: 8|app: 0|req: 864/1794] 10.0.0.136 () {32 vars in 720 bytes} [Sat Aug 15 04:02:28 2026] DELETE /v2.0/ports/f472ce16-a0f4-4216-a7a1-4d41c5766c03 => generated 0 bytes in 422 msecs (HTTP/1.1 204) 3 headers in 131 bytes (1 switches on core 0)
2026-08-15 04:02:28.584 7 INFO neutron.db.segments_db [None req-7f78f665-6ff5-4d35-879b-45419cfcde72 8c189224d5fc49b99a73408231ade61e 23e3bb19ff39455bab77e12f1bfb3531 - - default default] Added segment 162c4891-6688-4943-8ea9-481c8188d811 of type geneve for network 7c05421a-da95-4963-8df2-b419f66d7991
2026-08-15 04:02:28.700 8 INFO neutron_taas.services.taas.taas_plugin [None req-1b04842f-1f63-4758-8b9e-b0454b96eff6 148f109995664436994b55ef5f9cf67c a36aac7e5ad74145937929c55d67e54d - - default default] TaaS: Handle Delete Port: 1d1cf2ca-2a7b-4a63-8322-75b18ce63343
2026-08-15 04:02:28.706 8 INFO neutron_taas.services.taas.tap_mirror_plugin [None req-1b04842f-1f63-4758-8b9e-b0454b96eff6 148f109995664436994b55ef5f9cf67c a36aac7e5ad74145937929c55d67e54d - - default default] Tap Mirror: Handle Delete Port: 1d1cf2ca-2a7b-4a63-8322-75b18ce63343
2026-08-15 04:02:28.724 7 INFO neutron.db.ovn_revision_numbers_db [None req-7f78f665-6ff5-4d35-879b-45419cfcde72 8c189224d5fc49b99a73408231ade61e 23e3bb19ff39455bab77e12f1bfb3531 - - default default] Successfully bumped revision number for resource 7c05421a-da95-4963-8df2-b419f66d7991 (type: networks) to 1 [pid: 8|app: 0|req: 865/1795] 10.0.0.136 () {32 vars in 720 bytes} [Sat Aug 15 04:02:28 2026] DELETE /v2.0/ports/1d1cf2ca-2a7b-4a63-8322-75b18ce63343 => generated 0 bytes in 302 msecs (HTTP/1.1 204) 3 headers in 131 bytes (1 switches on core 0)
2026-08-15 04:02:28.923 7 WARNING neutron.scheduler.dhcp_agent_scheduler [None req-7f78f665-6ff5-4d35-879b-45419cfcde72 8c189224d5fc49b99a73408231ade61e 23e3bb19ff39455bab77e12f1bfb3531 - - default default] No more DHCP agents
2026-08-15 04:02:28.925 7 WARNING neutron.api.rpc.agentnotifiers.dhcp_rpc_agent_api [None req-7f78f665-6ff5-4d35-879b-45419cfcde72 8c189224d5fc49b99a73408231ade61e 23e3bb19ff39455bab77e12f1bfb3531 - - default default] Unable to schedule network 7c05421a-da95-4963-8df2-b419f66d7991: no agents available; will retry on subsequent port and subnet creation events.
2026-08-15 04:02:28.998 7 INFO neutron.plugins.ml2.drivers.ovn.mech_driver.mech_driver [None req-ad6fee8d-1a23-4e0d-955e-36e0879329ee - - - - - -] OVN reports status down for port: f8699fef-0a49-4e37-aad2-b9ebd914e5e4
2026-08-15 04:02:29.033 8 INFO neutron_taas.services.taas.taas_plugin [None req-cd55b9bc-eba9-4fa7-8d08-b36cdd6b4b91 148f109995664436994b55ef5f9cf67c a36aac7e5ad74145937929c55d67e54d - - default default] TaaS: Handle Delete Port: ceb378a1-93ce-4cf8-b123-98a15494f620
2026-08-15 04:02:29.037 8 INFO neutron_taas.services.taas.tap_mirror_plugin [None req-cd55b9bc-eba9-4fa7-8d08-b36cdd6b4b91 148f109995664436994b55ef5f9cf67c a36aac7e5ad74145937929c55d67e54d - - default default] Tap Mirror: Handle Delete Port: ceb378a1-93ce-4cf8-b123-98a15494f620
2026-08-15 04:02:29.068 7 INFO neutron.db.ovn_revision_numbers_db [None req-7f78f665-6ff5-4d35-879b-45419cfcde72 8c189224d5fc49b99a73408231ade61e 23e3bb19ff39455bab77e12f1bfb3531 - - default default] Successfully bumped revision number for resource f8699fef-0a49-4e37-aad2-b9ebd914e5e4 (type: ports) to 1 [pid: 7|app: 0|req: 931/1796] 10.0.0.136 () {34 vars in 670 bytes} [Sat Aug 15 04:02:28 2026] POST /v2.0/networks => generated 670 bytes in 661 msecs (HTTP/1.1 201) 4 headers in 162 bytes (1 switches on core 0) [pid: 8|app: 0|req: 866/1797] 10.0.0.136 () {32 vars in 720 bytes} [Sat Aug 15 04:02:28 2026] DELETE /v2.0/ports/ceb378a1-93ce-4cf8-b123-98a15494f620 => generated 0 bytes in 316 msecs (HTTP/1.1 204) 3 headers in 131 bytes (1 switches on core 0)
2026-08-15 04:02:29.393 8 WARNING neutron.scheduler.dhcp_agent_scheduler [None req-aad47516-8acc-4b65-af75-6d172dc20aa2 8c189224d5fc49b99a73408231ade61e 23e3bb19ff39455bab77e12f1bfb3531 - - default default] No more DHCP agents
2026-08-15 04:02:29.395 8 WARNING neutron.api.rpc.agentnotifiers.dhcp_rpc_agent_api [None req-aad47516-8acc-4b65-af75-6d172dc20aa2 8c189224d5fc49b99a73408231ade61e 23e3bb19ff39455bab77e12f1bfb3531 - - default default] Unable to schedule network 7c05421a-da95-4963-8df2-b419f66d7991: no agents available; will retry on subsequent port and subnet creation events.
2026-08-15 04:02:29.493 7 INFO neutron.plugins.ml2.drivers.ovn.mech_driver.mech_driver [None req-ad6fee8d-1a23-4e0d-955e-36e0879329ee - - - - - -] OVN reports status down for port: 6dbff2cc-928d-4f45-b716-4fd437d1815f
2026-08-15 04:02:29.500 8 INFO neutron.db.ovn_revision_numbers_db [None req-aad47516-8acc-4b65-af75-6d172dc20aa2 8c189224d5fc49b99a73408231ade61e 23e3bb19ff39455bab77e12f1bfb3531 - - default default] Successfully bumped revision number for resource 6dbff2cc-928d-4f45-b716-4fd437d1815f (type: ports) to 1
2026-08-15 04:02:29.572 7 INFO neutron.db.ovn_revision_numbers_db [None req-ecb5e721-3416-4b5a-87b1-134750970254 2d836f96c721406cae442cd599ac26e2 5feaf395e90a4e93b1be1a7c5dfddd2f - - default default] Successfully bumped revision number for resource 801cdc6c-66e6-45d0-a9f9-ba65ac265f39 (type: security_groups) to 1
2026-08-15 04:02:29.593 7 INFO neutron.db.ovn_revision_numbers_db [None req-ecb5e721-3416-4b5a-87b1-134750970254 2d836f96c721406cae442cd599ac26e2 5feaf395e90a4e93b1be1a7c5dfddd2f - - default default] Successfully bumped revision number for resource 31da12c9-be00-42eb-ae11-6f4415308b37 (type: security_group_rules) to 0 [pid: 8|app: 0|req: 867/1798] 10.0.0.136 () {34 vars in 664 bytes} [Sat Aug 15 04:02:29 2026] POST /v2.0/ports => generated 743 bytes in 435 msecs (HTTP/1.1 201) 4 headers in 162 bytes (1 switches on core 0) /var/lib/openstack/lib/python3.12/site-packages/pycadf/identifier.py:70: UserWarning: Invalid uuid: neutron. To ensure interoperability, identifiers should be a valid uuid. warnings.warn(('Invalid uuid: %s. To ensure interoperability, '
2026-08-15 04:02:29.612 7 INFO neutron.db.ovn_revision_numbers_db [None req-ecb5e721-3416-4b5a-87b1-134750970254 2d836f96c721406cae442cd599ac26e2 5feaf395e90a4e93b1be1a7c5dfddd2f - - default default] Successfully bumped revision number for resource 3b79902d-8481-4e81-96e5-b4ebc4b88bec (type: security_group_rules) to 0
2026-08-15 04:02:29.627 7 INFO neutron.db.ovn_revision_numbers_db [None req-ecb5e721-3416-4b5a-87b1-134750970254 2d836f96c721406cae442cd599ac26e2 5feaf395e90a4e93b1be1a7c5dfddd2f - - default default] Successfully bumped revision number for resource a077dac9-3e5c-48af-a94f-e2c3651370cf (type: security_group_rules) to 0
2026-08-15 04:02:29.639 7 INFO neutron.db.ovn_revision_numbers_db [None req-ecb5e721-3416-4b5a-87b1-134750970254 2d836f96c721406cae442cd599ac26e2 5feaf395e90a4e93b1be1a7c5dfddd2f - - default default] Successfully bumped revision number for resource c2bc335b-fbce-462c-af74-6cddecd30b62 (type: security_group_rules) to 0
2026-08-15 04:02:29.719 7 INFO neutron.db.segments_db [None req-ecb5e721-3416-4b5a-87b1-134750970254 2d836f96c721406cae442cd599ac26e2 5feaf395e90a4e93b1be1a7c5dfddd2f - - default default] Added segment 9919d217-2889-43f8-94f7-83f30105c619 of type geneve for network 6cb13fe9-5f00-4b1e-bebe-6bd7bf9f1cf6
2026-08-15 04:02:29.723 8 INFO neutron_taas.services.taas.taas_plugin [None req-827436d8-e3be-4d4c-83be-0a5ce785566e 148f109995664436994b55ef5f9cf67c a36aac7e5ad74145937929c55d67e54d - - default default] TaaS: Handle Delete Port: e25dcc95-3571-4695-92e4-5b3f6061afb1
2026-08-15 04:02:29.726 8 INFO neutron_taas.services.taas.tap_mirror_plugin [None req-827436d8-e3be-4d4c-83be-0a5ce785566e 148f109995664436994b55ef5f9cf67c a36aac7e5ad74145937929c55d67e54d - - default default] Tap Mirror: Handle Delete Port: e25dcc95-3571-4695-92e4-5b3f6061afb1
2026-08-15 04:02:29.865 7 INFO neutron.db.ovn_revision_numbers_db [None req-ecb5e721-3416-4b5a-87b1-134750970254 2d836f96c721406cae442cd599ac26e2 5feaf395e90a4e93b1be1a7c5dfddd2f - - default default] Successfully bumped revision number for resource 6cb13fe9-5f00-4b1e-bebe-6bd7bf9f1cf6 (type: networks) to 1
2026-08-15 04:02:29.936 8 INFO neutron.services.segments.plugin [-] Segment ec345268-eae7-4e9c-a345-10d172b4c8c5 resource provider aggregate not found
2026-08-15 04:02:29.940 8 INFO neutron.services.segments.plugin [-] Segment ec345268-eae7-4e9c-a345-10d172b4c8c5 resource provider aggregate not found
2026-08-15 04:02:29.955 8 INFO neutron.services.segments.plugin [-] Client error retrieving segment ec345268-eae7-4e9c-a345-10d172b4c8c5 resource provider; error: Placement Client Error (4xx): {"errors": [{"status": 404, "title": "Not Found", "detail": "The resource could not be found.\n\n No resource provider with uuid ec345268-eae7-4e9c-a345-10d172b4c8c5 found for delete ", "request_id": "req-b1e65d05-54a2-4f56-9a52-556c79211952"}]}
2026-08-15 04:02:29.959 8 INFO neutron.services.segments.plugin [-] Client error retrieving segment ec345268-eae7-4e9c-a345-10d172b4c8c5 resource provider; error: Placement Client Error (4xx): {"errors": [{"status": 404, "title": "Not Found", "detail": "The resource could not be found.\n\n No resource provider with uuid ec345268-eae7-4e9c-a345-10d172b4c8c5 found for delete ", "request_id": "req-1b2acc3b-19dc-4c71-911e-267a0754df06"}]} [pid: 8|app: 0|req: 868/1799] 10.0.0.136 () {32 vars in 726 bytes} [Sat Aug 15 04:02:29 2026] DELETE /v2.0/networks/8350258d-0fdc-4a36-a8c8-6b9ce71ae347 => generated 0 bytes in 391 msecs (HTTP/1.1 204) 3 headers in 131 bytes (1 switches on core 0)
2026-08-15 04:02:30.070 7 WARNING neutron.scheduler.dhcp_agent_scheduler [None req-ecb5e721-3416-4b5a-87b1-134750970254 2d836f96c721406cae442cd599ac26e2 5feaf395e90a4e93b1be1a7c5dfddd2f - - default default] No more DHCP agents
2026-08-15 04:02:30.071 7 WARNING neutron.api.rpc.agentnotifiers.dhcp_rpc_agent_api [None req-ecb5e721-3416-4b5a-87b1-134750970254 2d836f96c721406cae442cd599ac26e2 5feaf395e90a4e93b1be1a7c5dfddd2f - - default default] Unable to schedule network 6cb13fe9-5f00-4b1e-bebe-6bd7bf9f1cf6: no agents available; will retry on subsequent port and subnet creation events.
2026-08-15 04:02:30.139 7 INFO neutron.plugins.ml2.drivers.ovn.mech_driver.mech_driver [None req-ad6fee8d-1a23-4e0d-955e-36e0879329ee - - - - - -] OVN reports status down for port: e6efdce9-a20d-4cd4-a374-0804783b48dc [pid: 8|app: 0|req: 869/1800] 10.0.0.136 () {34 vars in 666 bytes} [Sat Aug 15 04:02:29 2026] POST /v2.0/trunks => generated 409 bytes in 203 msecs (HTTP/1.1 201) 4 headers in 162 bytes (1 switches on core 0)
2026-08-15 04:02:30.207 7 INFO neutron.db.ovn_revision_numbers_db [None req-ecb5e721-3416-4b5a-87b1-134750970254 2d836f96c721406cae442cd599ac26e2 5feaf395e90a4e93b1be1a7c5dfddd2f - - default default] Successfully bumped revision number for resource e6efdce9-a20d-4cd4-a374-0804783b48dc (type: ports) to 1 [pid: 7|app: 0|req: 932/1801] 10.0.0.136 () {34 vars in 670 bytes} [Sat Aug 15 04:02:29 2026] POST /v2.0/networks => generated 681 bytes in 1118 msecs (HTTP/1.1 201) 4 headers in 162 bytes (1 switches on core 0) [pid: 7|app: 0|req: 933/1802] 10.0.0.136 () {34 vars in 749 bytes} [Sat Aug 15 04:02:30 2026] PUT /v2.0/trunks/b9c379ae-36b9-4e00-998b-ee76e4844a17/tags => generated 17 bytes in 41 msecs (HTTP/1.1 200) 4 headers in 156 bytes (1 switches on core 0)
2026-08-15 04:02:30.363 8 INFO neutron_taas.services.taas.taas_plugin [None req-b82bde4d-b32c-4e7c-aaa2-fa6e95b0c316 148f109995664436994b55ef5f9cf67c a36aac7e5ad74145937929c55d67e54d - - default default] TaaS: Handle Delete Port: 76a94827-80c7-4220-b4a8-0ee7e94d0bba
2026-08-15 04:02:30.366 8 INFO neutron_taas.services.taas.tap_mirror_plugin [None req-b82bde4d-b32c-4e7c-aaa2-fa6e95b0c316 148f109995664436994b55ef5f9cf67c a36aac7e5ad74145937929c55d67e54d - - default default] Tap Mirror: Handle Delete Port: 76a94827-80c7-4220-b4a8-0ee7e94d0bba
2026-08-15 04:02:30.526 7 WARNING neutron.scheduler.dhcp_agent_scheduler [None req-a81df71c-acda-4072-a52b-3230c3a3ddeb 2d836f96c721406cae442cd599ac26e2 5feaf395e90a4e93b1be1a7c5dfddd2f - - default default] No more DHCP agents
2026-08-15 04:02:30.528 7 WARNING neutron.api.rpc.agentnotifiers.dhcp_rpc_agent_api [None req-a81df71c-acda-4072-a52b-3230c3a3ddeb 2d836f96c721406cae442cd599ac26e2 5feaf395e90a4e93b1be1a7c5dfddd2f - - default default] Unable to schedule network 6cb13fe9-5f00-4b1e-bebe-6bd7bf9f1cf6: no agents available; will retry on subsequent port and subnet creation events. [pid: 8|app: 0|req: 870/1803] 10.0.0.136 () {32 vars in 726 bytes} [Sat Aug 15 04:02:30 2026] DELETE /v2.0/networks/6c688bda-9191-4b90-a34a-d12af77d3046 => generated 0 bytes in 404 msecs (HTTP/1.1 204) 3 headers in 131 bytes (1 switches on core 0) [pid: 8|app: 0|req: 871/1804] 10.0.0.136 () {34 vars in 749 bytes} [Sat Aug 15 04:02:30 2026] PUT /v2.0/trunks/4241411b-8646-4628-8f37-9f07714a4ab0/tags => generated 25 bytes in 38 msecs (HTTP/1.1 200) 4 headers in 156 bytes (1 switches on core 0)
2026-08-15 04:02:30.755 8 INFO neutron_taas.services.taas.taas_plugin [None req-b829b3b5-e037-49f2-b90b-a3a660f16da1 148f109995664436994b55ef5f9cf67c a36aac7e5ad74145937929c55d67e54d - - default default] TaaS: Handle Delete Port: c5b08da0-a77b-4625-b78c-62f180b6138d
2026-08-15 04:02:30.758 8 INFO neutron_taas.services.taas.tap_mirror_plugin [None req-b829b3b5-e037-49f2-b90b-a3a660f16da1 148f109995664436994b55ef5f9cf67c a36aac7e5ad74145937929c55d67e54d - - default default] Tap Mirror: Handle Delete Port: c5b08da0-a77b-4625-b78c-62f180b6138d
2026-08-15 04:02:31.002 7 INFO neutron.db.ovn_revision_numbers_db [None req-0f5658f1-60c0-4c56-be2b-05ef29b9543e - - - - - -] Successfully bumped revision number for resource e6efdce9-a20d-4cd4-a374-0804783b48dc (type: ports) to 2 [pid: 8|app: 0|req: 872/1805] 10.0.0.136 () {32 vars in 726 bytes} [Sat Aug 15 04:02:30 2026] DELETE /v2.0/networks/45a75628-f5cc-4a04-b071-8056f0d8b8e1 => generated 0 bytes in 376 msecs (HTTP/1.1 204) 3 headers in 131 bytes (1 switches on core 0)
2026-08-15 04:02:31.036 7 INFO neutron.db.ovn_revision_numbers_db [None req-0f5658f1-60c0-4c56-be2b-05ef29b9543e - - - - - -] Successfully bumped revision number for resource 630779a0-6716-4636-9a88-7504cabc76d9 (type: subnets) to 0 [pid: 8|app: 0|req: 873/1806] 10.0.0.136 () {34 vars in 749 bytes} [Sat Aug 15 04:02:31 2026] PUT /v2.0/trunks/72097b8a-5beb-4c1f-89ea-1c187471b199/tags => generated 34 bytes in 47 msecs (HTTP/1.1 200) 4 headers in 156 bytes (1 switches on core 0) [pid: 7|app: 0|req: 934/1807] 10.0.0.136 () {34 vars in 669 bytes} [Sat Aug 15 04:02:30 2026] POST /v2.0/subnets => generated 641 bytes in 747 msecs (HTTP/1.1 201) 4 headers in 162 bytes (1 switches on core 0) [pid: 8|app: 0|req: 874/1808] 10.0.0.142 () {34 vars in 990 bytes} [Sat Aug 15 04:02:31 2026] GET /v2.0/ports?device_id=d8423427-50ba-4356-a6bb-a5d56a3bf9dd => generated 1213 bytes in 107 msecs (HTTP/1.1 200) 4 headers in 158 bytes (1 switches on core 0)
2026-08-15 04:02:31.172 7 INFO neutron_taas.services.taas.taas_plugin [None req-d17561df-5317-478e-9d3e-b90046c3824b 148f109995664436994b55ef5f9cf67c a36aac7e5ad74145937929c55d67e54d - - default default] TaaS: Handle Delete Port: 891579b0-8364-4c5f-98bc-7aa1a7700d5c
2026-08-15 04:02:31.176 7 INFO neutron_taas.services.taas.tap_mirror_plugin [None req-d17561df-5317-478e-9d3e-b90046c3824b 148f109995664436994b55ef5f9cf67c a36aac7e5ad74145937929c55d67e54d - - default default] Tap Mirror: Handle Delete Port: 891579b0-8364-4c5f-98bc-7aa1a7700d5c
2026-08-15 04:02:31.256 8 INFO neutron.db.segments_db [None req-cdbe7053-bf47-4df0-89f8-ad9e43a2427e 2d836f96c721406cae442cd599ac26e2 5feaf395e90a4e93b1be1a7c5dfddd2f - - default default] Added segment 92dc1c01-b88a-47ab-9bc4-bf387d47d858 of type geneve for network 883790bd-6938-49ab-8205-53b0cf306a44
2026-08-15 04:02:31.378 7 INFO neutron.services.segments.plugin [-] Segment 280c5841-72e0-4648-b30f-f3ce5aa89da9 resource provider aggregate not found
2026-08-15 04:02:31.383 7 INFO neutron.services.segments.plugin [-] Segment 280c5841-72e0-4648-b30f-f3ce5aa89da9 resource provider aggregate not found
2026-08-15 04:02:31.402 7 INFO neutron.services.segments.plugin [-] Client error retrieving segment 280c5841-72e0-4648-b30f-f3ce5aa89da9 resource provider; error: Placement Client Error (4xx): {"errors": [{"status": 404, "title": "Not Found", "detail": "The resource could not be found.\n\n No resource provider with uuid 280c5841-72e0-4648-b30f-f3ce5aa89da9 found for delete ", "request_id": "req-51f490fd-d62d-4e03-a34d-557bc46547fb"}]}
2026-08-15 04:02:31.408 8 INFO neutron.db.ovn_revision_numbers_db [None req-cdbe7053-bf47-4df0-89f8-ad9e43a2427e 2d836f96c721406cae442cd599ac26e2 5feaf395e90a4e93b1be1a7c5dfddd2f - - default default] Successfully bumped revision number for resource 883790bd-6938-49ab-8205-53b0cf306a44 (type: networks) to 1
2026-08-15 04:02:31.408 7 INFO neutron.services.segments.plugin [-] Client error retrieving segment 280c5841-72e0-4648-b30f-f3ce5aa89da9 resource provider; error: Placement Client Error (4xx): {"errors": [{"status": 404, "title": "Not Found", "detail": "The resource could not be found.\n\n No resource provider with uuid 280c5841-72e0-4648-b30f-f3ce5aa89da9 found for delete ", "request_id": "req-9defbf2d-5572-4f47-b503-e9407447bd61"}]} [pid: 7|app: 0|req: 935/1809] 10.0.0.136 () {32 vars in 726 bytes} [Sat Aug 15 04:02:31 2026] DELETE /v2.0/networks/b121596b-b040-4907-8c82-a7fe72d91a06 => generated 0 bytes in 381 msecs (HTTP/1.1 204) 3 headers in 131 bytes (1 switches on core 0) [pid: 7|app: 0|req: 936/1810] 10.0.0.136 () {34 vars in 749 bytes} [Sat Aug 15 04:02:31 2026] PUT /v2.0/trunks/ea9bb1f9-b52a-4818-95ab-8c203cdb4367/tags => generated 19 bytes in 31 msecs (HTTP/1.1 200) 4 headers in 156 bytes (1 switches on core 0) [pid: 7|app: 0|req: 937/1811] 10.0.0.142 () {34 vars in 1040 bytes} [Sat Aug 15 04:02:31 2026] GET /v2.0/security-groups?id=62466c3b-4426-4cd3-a854-cdddd01fe130&fields=id&fields=name => generated 113 bytes in 35 msecs (HTTP/1.1 200) 4 headers in 157 bytes (1 switches on core 0)
2026-08-15 04:02:31.568 8 WARNING neutron.scheduler.dhcp_agent_scheduler [None req-cdbe7053-bf47-4df0-89f8-ad9e43a2427e 2d836f96c721406cae442cd599ac26e2 5feaf395e90a4e93b1be1a7c5dfddd2f - - default default] No more DHCP agents
2026-08-15 04:02:31.570 8 WARNING neutron.api.rpc.agentnotifiers.dhcp_rpc_agent_api [None req-cdbe7053-bf47-4df0-89f8-ad9e43a2427e 2d836f96c721406cae442cd599ac26e2 5feaf395e90a4e93b1be1a7c5dfddd2f - - default default] Unable to schedule network 883790bd-6938-49ab-8205-53b0cf306a44: no agents available; will retry on subsequent port and subnet creation events.
2026-08-15 04:02:31.630 8 INFO neutron.plugins.ml2.drivers.ovn.mech_driver.mech_driver [None req-9341812f-c882-47f9-a367-7d996be39dda - - - - - -] OVN reports status down for port: 07365d5a-350f-43fb-8f7f-da8a60930bda
2026-08-15 04:02:31.701 8 INFO neutron.db.ovn_revision_numbers_db [None req-cdbe7053-bf47-4df0-89f8-ad9e43a2427e 2d836f96c721406cae442cd599ac26e2 5feaf395e90a4e93b1be1a7c5dfddd2f - - default default] Successfully bumped revision number for resource 07365d5a-350f-43fb-8f7f-da8a60930bda (type: ports) to 1
2026-08-15 04:02:31.709 7 INFO neutron_taas.services.taas.taas_plugin [None req-755a2823-c00b-45f8-9e25-3f102ba05022 148f109995664436994b55ef5f9cf67c a36aac7e5ad74145937929c55d67e54d - - default default] TaaS: Handle Delete Port: 5b2adf70-73ec-4795-bfcc-dc76154b8bad
2026-08-15 04:02:31.712 7 INFO neutron_taas.services.taas.tap_mirror_plugin [None req-755a2823-c00b-45f8-9e25-3f102ba05022 148f109995664436994b55ef5f9cf67c a36aac7e5ad74145937929c55d67e54d - - default default] Tap Mirror: Handle Delete Port: 5b2adf70-73ec-4795-bfcc-dc76154b8bad [pid: 8|app: 0|req: 875/1812] 10.0.0.136 () {34 vars in 670 bytes} [Sat Aug 15 04:02:31 2026] POST /v2.0/networks => generated 682 bytes in 582 msecs (HTTP/1.1 201) 4 headers in 162 bytes (1 switches on core 0) [pid: 8|app: 0|req: 876/1813] 10.0.0.136 () {32 vars in 662 bytes} [Sat Aug 15 04:02:31 2026] GET /v2.0/trunks?tags=red => generated 1252 bytes in 47 msecs (HTTP/1.1 200) 4 headers in 158 bytes (1 switches on core 0) [pid: 7|app: 0|req: 938/1814] 10.0.0.136 () {32 vars in 726 bytes} [Sat Aug 15 04:02:31 2026] DELETE /v2.0/networks/99988671-302f-47c2-931f-d69c22b57069 => generated 0 bytes in 471 msecs (HTTP/1.1 204) 3 headers in 131 bytes (1 switches on core 0)
2026-08-15 04:02:31.991 8 INFO neutron.services.segments.plugin [-] Segment 5b554162-1c4b-4910-913c-5e4d222e8226 resource provider aggregate not found [pid: 7|app: 0|req: 939/1815] 10.0.0.136 () {32 vars in 676 bytes} [Sat Aug 15 04:02:31 2026] GET /v2.0/trunks?tags=red%2Cblue => generated 847 bytes in 19 msecs (HTTP/1.1 200) 4 headers in 157 bytes (1 switches on core 0)
2026-08-15 04:02:32.007 8 INFO neutron.services.segments.plugin [-] Segment 5b554162-1c4b-4910-913c-5e4d222e8226 resource provider aggregate not found
2026-08-15 04:02:32.017 8 INFO neutron.services.segments.plugin [-] Client error retrieving segment 5b554162-1c4b-4910-913c-5e4d222e8226 resource provider; error: Placement Client Error (4xx): {"errors": [{"status": 404, "title": "Not Found", "detail": "The resource could not be found.\n\n No resource provider with uuid 5b554162-1c4b-4910-913c-5e4d222e8226 found for delete ", "request_id": "req-da6a71d5-6c2d-4573-8bf7-7ef348d68599"}]} [pid: 7|app: 0|req: 940/1816] 10.0.0.136 () {32 vars in 672 bytes} [Sat Aug 15 04:02:32 2026] GET /v2.0/trunks?tags-any=blue => generated 847 bytes in 19 msecs (HTTP/1.1 200) 4 headers in 157 bytes (1 switches on core 0)
2026-08-15 04:02:32.030 8 INFO neutron.services.segments.plugin [-] Client error retrieving segment 5b554162-1c4b-4910-913c-5e4d222e8226 resource provider; error: Placement Client Error (4xx): {"errors": [{"status": 404, "title": "Not Found", "detail": "The resource could not be found.\n\n No resource provider with uuid 5b554162-1c4b-4910-913c-5e4d222e8226 found for delete ", "request_id": "req-76ed55c1-cfbf-4145-9cd8-adef10631641"}]}
2026-08-15 04:02:32.039 8 INFO neutron.db.ovn_revision_numbers_db [None req-67a868c0-03e5-4098-aeac-b73f372ca451 2d836f96c721406cae442cd599ac26e2 5feaf395e90a4e93b1be1a7c5dfddd2f - - default default] Successfully bumped revision number for resource 883790bd-6938-49ab-8205-53b0cf306a44 (type: networks) to 2
2026-08-15 04:02:32.044 8 INFO neutron.services.segments.plugin [-] Segment 685f4eab-39b5-4733-81da-98ce62d65ec0 resource provider aggregate not found
2026-08-15 04:02:32.052 8 INFO neutron.services.segments.plugin [-] Segment 685f4eab-39b5-4733-81da-98ce62d65ec0 resource provider aggregate not found [pid: 7|app: 0|req: 941/1817] 10.0.0.136 () {32 vars in 684 bytes} [Sat Aug 15 04:02:32 2026] GET /v2.0/trunks?tags-any=red%2Cblue => generated 1252 bytes in 26 msecs (HTTP/1.1 200) 4 headers in 158 bytes (1 switches on core 0) [pid: 8|app: 0|req: 877/1818] 10.0.0.136 () {34 vars in 743 bytes} [Sat Aug 15 04:02:31 2026] PUT /v2.0/networks/883790bd-6938-49ab-8205-53b0cf306a44 => generated 636 bytes in 263 msecs (HTTP/1.1 200) 4 headers in 157 bytes (1 switches on core 0)
2026-08-15 04:02:32.072 8 INFO neutron.services.segments.plugin [-] Client error retrieving segment 685f4eab-39b5-4733-81da-98ce62d65ec0 resource provider; error: Placement Client Error (4xx): {"errors": [{"status": 404, "title": "Not Found", "detail": "The resource could not be found.\n\n No resource provider with uuid 685f4eab-39b5-4733-81da-98ce62d65ec0 found for delete ", "request_id": "req-487175a7-d2c4-4ec7-9347-e13506348097"}]}
2026-08-15 04:02:32.072 8 INFO neutron.services.segments.plugin [-] Client error retrieving segment 685f4eab-39b5-4733-81da-98ce62d65ec0 resource provider; error: Placement Client Error (4xx): {"errors": [{"status": 404, "title": "Not Found", "detail": "The resource could not be found.\n\n No resource provider with uuid 685f4eab-39b5-4733-81da-98ce62d65ec0 found for delete ", "request_id": "req-a34e329f-3557-475f-851c-d4d5df8b4db7"}]} [pid: 7|app: 0|req: 942/1819] 10.0.0.136 () {32 vars in 670 bytes} [Sat Aug 15 04:02:32 2026] GET /v2.0/trunks?not-tags=red => generated 819 bytes in 25 msecs (HTTP/1.1 200) 4 headers in 157 bytes (1 switches on core 0) [pid: 7|app: 0|req: 943/1820] 10.0.0.136 () {32 vars in 684 bytes} [Sat Aug 15 04:02:32 2026] GET /v2.0/trunks?not-tags=red%2Cblue => generated 1224 bytes in 28 msecs (HTTP/1.1 200) 4 headers in 158 bytes (1 switches on core 0) [pid: 7|app: 0|req: 944/1821] 10.0.0.136 () {32 vars in 680 bytes} [Sat Aug 15 04:02:32 2026] GET /v2.0/trunks?not-tags-any=blue => generated 1224 bytes in 22 msecs (HTTP/1.1 200) 4 headers in 158 bytes (1 switches on core 0) [pid: 7|app: 0|req: 945/1822] 10.0.0.136 () {32 vars in 692 bytes} [Sat Aug 15 04:02:32 2026] GET /v2.0/trunks?not-tags-any=red%2Cblue => generated 819 bytes in 20 msecs (HTTP/1.1 200) 4 headers in 157 bytes (1 switches on core 0) [pid: 7|app: 0|req: 946/1823] 10.0.0.136 () {32 vars in 719 bytes} [Sat Aug 15 04:02:32 2026] GET /v2.0/trunks/b9c379ae-36b9-4e00-998b-ee76e4844a17 => generated 414 bytes in 13 msecs (HTTP/1.1 200) 4 headers in 157 bytes (1 switches on core 0) [pid: 7|app: 0|req: 947/1824] 10.0.0.136 () {32 vars in 717 bytes} [Sat Aug 15 04:02:32 2026] GET /v2.0/ports/bd97113d-393c-492b-a9ca-6cdef4baae43 => generated 826 bytes in 98 msecs (HTTP/1.1 200) 4 headers in 157 bytes (1 switches on core 0)
2026-08-15 04:02:32.304 8 WARNING neutron.scheduler.dhcp_agent_scheduler [None req-2d85e8b2-e495-4ca1-80dc-a69adbb018bd 2d836f96c721406cae442cd599ac26e2 5feaf395e90a4e93b1be1a7c5dfddd2f - - default default] No more DHCP agents
2026-08-15 04:02:32.305 8 WARNING neutron.api.rpc.agentnotifiers.dhcp_rpc_agent_api [None req-2d85e8b2-e495-4ca1-80dc-a69adbb018bd 2d836f96c721406cae442cd599ac26e2 5feaf395e90a4e93b1be1a7c5dfddd2f - - default default] Unable to schedule network 883790bd-6938-49ab-8205-53b0cf306a44: no agents available; will retry on subsequent port and subnet creation events. [pid: 7|app: 0|req: 948/1825] 10.0.0.136 () {32 vars in 722 bytes} [Sat Aug 15 04:02:32 2026] DELETE /v2.0/trunks/b9c379ae-36b9-4e00-998b-ee76e4844a17 => generated 0 bytes in 99 msecs (HTTP/1.1 204) 2 headers in 112 bytes (1 switches on core 0) [pid: 7|app: 0|req: 949/1826] 10.0.0.136 () {32 vars in 719 bytes} [Sat Aug 15 04:02:32 2026] GET /v2.0/trunks/4241411b-8646-4628-8f37-9f07714a4ab0 => generated 422 bytes in 16 msecs (HTTP/1.1 200) 4 headers in 157 bytes (1 switches on core 0) [pid: 7|app: 0|req: 950/1827] 10.0.0.136 () {32 vars in 717 bytes} [Sat Aug 15 04:02:32 2026] GET /v2.0/ports/4f97376a-18dc-4793-9612-e52d1426ffd4 => generated 826 bytes in 93 msecs (HTTP/1.1 200) 4 headers in 157 bytes (1 switches on core 0) [pid: 7|app: 0|req: 951/1828] 10.0.0.136 () {32 vars in 722 bytes} [Sat Aug 15 04:02:32 2026] DELETE /v2.0/trunks/4241411b-8646-4628-8f37-9f07714a4ab0 => generated 0 bytes in 57 msecs (HTTP/1.1 204) 2 headers in 112 bytes (1 switches on core 0) [pid: 7|app: 0|req: 952/1829] 10.0.0.136 () {32 vars in 719 bytes} [Sat Aug 15 04:02:32 2026] GET /v2.0/trunks/72097b8a-5beb-4c1f-89ea-1c187471b199 => generated 431 bytes in 17 msecs (HTTP/1.1 200) 4 headers in 157 bytes (1 switches on core 0) [pid: 7|app: 0|req: 953/1830] 10.0.0.136 () {32 vars in 717 bytes} [Sat Aug 15 04:02:32 2026] GET /v2.0/ports/80b68431-330a-4c9f-b290-cf5c33956a08 => generated 826 bytes in 72 msecs (HTTP/1.1 200) 4 headers in 157 bytes (1 switches on core 0)
2026-08-15 04:02:32.803 8 INFO neutron.db.ovn_revision_numbers_db [None req-23f761f7-8fe8-46d5-a1b8-50897c40c7b2 - - - - - -] Successfully bumped revision number for resource 07365d5a-350f-43fb-8f7f-da8a60930bda (type: ports) to 2 [pid: 7|app: 0|req: 954/1831] 10.0.0.136 () {32 vars in 722 bytes} [Sat Aug 15 04:02:32 2026] DELETE /v2.0/trunks/72097b8a-5beb-4c1f-89ea-1c187471b199 => generated 0 bytes in 107 msecs (HTTP/1.1 204) 2 headers in 112 bytes (1 switches on core 0) [pid: 7|app: 0|req: 955/1832] 10.0.0.136 () {32 vars in 719 bytes} [Sat Aug 15 04:02:32 2026] GET /v2.0/trunks/ea9bb1f9-b52a-4818-95ab-8c203cdb4367 => generated 416 bytes in 15 msecs (HTTP/1.1 200) 4 headers in 157 bytes (1 switches on core 0)
2026-08-15 04:02:32.853 8 INFO neutron.db.ovn_revision_numbers_db [None req-23f761f7-8fe8-46d5-a1b8-50897c40c7b2 - - - - - -] Successfully bumped revision number for resource 5619497a-fe51-441a-a9ca-678ec5deb27c (type: subnets) to 0 [pid: 8|app: 0|req: 878/1833] 10.0.0.136 () {34 vars in 669 bytes} [Sat Aug 15 04:02:32 2026] POST /v2.0/subnets => generated 626 bytes in 810 msecs (HTTP/1.1 201) 4 headers in 162 bytes (1 switches on core 0) [pid: 7|app: 0|req: 956/1834] 10.0.0.136 () {32 vars in 717 bytes} [Sat Aug 15 04:02:32 2026] GET /v2.0/ports/570bf26c-5512-492d-8bfa-653260c43280 => generated 826 bytes in 60 msecs (HTTP/1.1 200) 4 headers in 157 bytes (1 switches on core 0)
2026-08-15 04:02:33.127 8 INFO neutron.db.ovn_revision_numbers_db [None req-2b4d3703-518b-4d53-9884-8440fd9c3b19 2d836f96c721406cae442cd599ac26e2 5feaf395e90a4e93b1be1a7c5dfddd2f - - default default] Successfully bumped revision number for resource 5619497a-fe51-441a-a9ca-678ec5deb27c (type: subnets) to 1 [pid: 8|app: 0|req: 879/1835] 10.0.0.136 () {34 vars in 741 bytes} [Sat Aug 15 04:02:32 2026] PUT /v2.0/subnets/5619497a-fe51-441a-a9ca-678ec5deb27c => generated 636 bytes in 251 msecs (HTTP/1.1 200) 4 headers in 157 bytes (1 switches on core 0)
2026-08-15 04:02:33.200 7 INFO neutron.db.ovn_revision_numbers_db [None req-5cdf0c43-b4ed-468c-af7d-f3575f7ef12d 157f277bcc4c4c50899a717c5a3b3017 946d597d7cd84e918fd8e39c6714b5d2 - - default default] Successfully bumped revision number for resource c7f76a1b-d86b-4673-9a9f-03b2ab53e7cb (type: security_groups) to 1
2026-08-15 04:02:33.213 7 INFO neutron.db.ovn_revision_numbers_db [None req-5cdf0c43-b4ed-468c-af7d-f3575f7ef12d 157f277bcc4c4c50899a717c5a3b3017 946d597d7cd84e918fd8e39c6714b5d2 - - default default] Successfully bumped revision number for resource 1aa38285-a94b-4dbb-b1dc-2e40985f268e (type: security_group_rules) to 0
2026-08-15 04:02:33.225 7 INFO neutron.db.ovn_revision_numbers_db [None req-5cdf0c43-b4ed-468c-af7d-f3575f7ef12d 157f277bcc4c4c50899a717c5a3b3017 946d597d7cd84e918fd8e39c6714b5d2 - - default default] Successfully bumped revision number for resource 7a32657b-664c-4f17-9910-f512efb39335 (type: security_group_rules) to 0 [pid: 8|app: 0|req: 880/1836] 10.0.0.136 () {32 vars in 722 bytes} [Sat Aug 15 04:02:33 2026] DELETE /v2.0/trunks/ea9bb1f9-b52a-4818-95ab-8c203cdb4367 => generated 0 bytes in 101 msecs (HTTP/1.1 204) 2 headers in 112 bytes (1 switches on core 0)
2026-08-15 04:02:33.238 7 INFO neutron.db.ovn_revision_numbers_db [None req-5cdf0c43-b4ed-468c-af7d-f3575f7ef12d 157f277bcc4c4c50899a717c5a3b3017 946d597d7cd84e918fd8e39c6714b5d2 - - default default] Successfully bumped revision number for resource 824eb073-129d-40f1-8cac-0a2a52772714 (type: security_group_rules) to 0
2026-08-15 04:02:33.251 7 INFO neutron.db.ovn_revision_numbers_db [None req-5cdf0c43-b4ed-468c-af7d-f3575f7ef12d 157f277bcc4c4c50899a717c5a3b3017 946d597d7cd84e918fd8e39c6714b5d2 - - default default] Successfully bumped revision number for resource 92335b6e-13f3-4afa-8376-ea7c71f59cb6 (type: security_group_rules) to 0 [pid: 7|app: 0|req: 957/1837] 10.0.0.136 () {32 vars in 774 bytes} [Sat Aug 15 04:02:32 2026] GET /v2.0/security-groups?tenant_id=fbbc75b39f534f1e8a366574bd47d50a&name=default => generated 2925 bytes in 407 msecs (HTTP/1.1 200) 4 headers in 158 bytes (1 switches on core 0) [pid: 7|app: 0|req: 958/1838] 10.0.0.136 () {32 vars in 719 bytes} [Sat Aug 15 04:02:33 2026] GET /v2.0/trunks/33cfa2b5-d22f-4805-a30d-24024a76d7f1 => generated 409 bytes in 22 msecs (HTTP/1.1 200) 4 headers in 157 bytes (1 switches on core 0)
2026-08-15 04:02:33.419 8 INFO neutron_taas.services.taas.taas_plugin [None req-9fe5a9b4-9940-49ef-8a8c-04b8c53b6ccd 2d836f96c721406cae442cd599ac26e2 5feaf395e90a4e93b1be1a7c5dfddd2f - - default default] TaaS: Handle Delete Port: 07365d5a-350f-43fb-8f7f-da8a60930bda
2026-08-15 04:02:33.426 8 INFO neutron_taas.services.taas.tap_mirror_plugin [None req-9fe5a9b4-9940-49ef-8a8c-04b8c53b6ccd 2d836f96c721406cae442cd599ac26e2 5feaf395e90a4e93b1be1a7c5dfddd2f - - default default] Tap Mirror: Handle Delete Port: 07365d5a-350f-43fb-8f7f-da8a60930bda
2026-08-15 04:02:33.434 7 INFO neutron.services.segments.plugin [-] Segment bdded2b3-b7be-44c0-95d4-6b9ed841eb32 resource provider aggregate not found
2026-08-15 04:02:33.436 7 INFO neutron.services.segments.plugin [-] Segment bdded2b3-b7be-44c0-95d4-6b9ed841eb32 resource provider aggregate not found
2026-08-15 04:02:33.462 7 INFO neutron.services.segments.plugin [-] Client error retrieving segment bdded2b3-b7be-44c0-95d4-6b9ed841eb32 resource provider; error: Placement Client Error (4xx): {"errors": [{"status": 404, "title": "Not Found", "detail": "The resource could not be found.\n\n No resource provider with uuid bdded2b3-b7be-44c0-95d4-6b9ed841eb32 found for delete ", "request_id": "req-3dd8f8c5-7485-4cc3-899b-b16070d3f4f3"}]}
2026-08-15 04:02:33.466 7 INFO neutron.services.segments.plugin [-] Client error retrieving segment bdded2b3-b7be-44c0-95d4-6b9ed841eb32 resource provider; error: Placement Client Error (4xx): {"errors": [{"status": 404, "title": "Not Found", "detail": "The resource could not be found.\n\n No resource provider with uuid bdded2b3-b7be-44c0-95d4-6b9ed841eb32 found for delete ", "request_id": "req-92825988-023b-4edd-ad43-90c5177ff156"}]} [pid: 7|app: 0|req: 959/1839] 10.0.0.136 () {32 vars in 740 bytes} [Sat Aug 15 04:02:33 2026] DELETE /v2.0/security-groups/c7f76a1b-d86b-4673-9a9f-03b2ab53e7cb => generated 0 bytes in 308 msecs (HTTP/1.1 204) 2 headers in 112 bytes (1 switches on core 0) [pid: 7|app: 0|req: 960/1840] 10.0.0.136 () {32 vars in 717 bytes} [Sat Aug 15 04:02:33 2026] GET /v2.0/ports/6dbff2cc-928d-4f45-b716-4fd437d1815f => generated 826 bytes in 81 msecs (HTTP/1.1 200) 4 headers in 157 bytes (1 switches on core 0) [pid: 7|app: 0|req: 961/1841] 10.0.0.136 () {32 vars in 774 bytes} [Sat Aug 15 04:02:33 2026] GET /v2.0/security-groups?tenant_id=a36aac7e5ad74145937929c55d67e54d&name=default => generated 2925 bytes in 28 msecs (HTTP/1.1 200) 4 headers in 158 bytes (1 switches on core 0) [pid: 8|app: 0|req: 881/1842] 10.0.0.136 () {32 vars in 726 bytes} [Sat Aug 15 04:02:33 2026] DELETE /v2.0/networks/883790bd-6938-49ab-8205-53b0cf306a44 => generated 0 bytes in 566 msecs (HTTP/1.1 204) 3 headers in 131 bytes (1 switches on core 0) [pid: 7|app: 0|req: 962/1843] 10.0.0.136 () {32 vars in 722 bytes} [Sat Aug 15 04:02:33 2026] DELETE /v2.0/trunks/33cfa2b5-d22f-4805-a30d-24024a76d7f1 => generated 0 bytes in 77 msecs (HTTP/1.1 204) 2 headers in 112 bytes (1 switches on core 0)
2026-08-15 04:02:33.840 7 INFO neutron.pecan_wsgi.hooks.translation [None req-01cba918-3bd1-4838-9289-e173aaceb43d 2d836f96c721406cae442cd599ac26e2 5feaf395e90a4e93b1be1a7c5dfddd2f - - default default] DELETE failed (client error): The resource could not be found. [pid: 7|app: 0|req: 963/1844] 10.0.0.136 () {32 vars in 726 bytes} [Sat Aug 15 04:02:33 2026] DELETE /v2.0/networks/883790bd-6938-49ab-8205-53b0cf306a44 => generated 138 bytes in 15 msecs (HTTP/1.1 404) 4 headers in 164 bytes (1 switches on core 0)
2026-08-15 04:02:33.962 7 INFO neutron_taas.services.taas.taas_plugin [None req-0d6fd012-d576-4d72-9cb6-0f6fe46740b7 8c189224d5fc49b99a73408231ade61e 23e3bb19ff39455bab77e12f1bfb3531 - - default default] TaaS: Handle Delete Port: bd97113d-393c-492b-a9ca-6cdef4baae43
2026-08-15 04:02:33.966 7 INFO neutron_taas.services.taas.tap_mirror_plugin [None req-0d6fd012-d576-4d72-9cb6-0f6fe46740b7 8c189224d5fc49b99a73408231ade61e 23e3bb19ff39455bab77e12f1bfb3531 - - default default] Tap Mirror: Handle Delete Port: bd97113d-393c-492b-a9ca-6cdef4baae43 [pid: 7|app: 0|req: 964/1845] 10.0.0.136 () {32 vars in 720 bytes} [Sat Aug 15 04:02:33 2026] DELETE /v2.0/ports/bd97113d-393c-492b-a9ca-6cdef4baae43 => generated 0 bytes in 259 msecs (HTTP/1.1 204) 3 headers in 131 bytes (1 switches on core 0)
2026-08-15 04:02:34.103 8 INFO neutron.services.segments.plugin [-] Segment 92dc1c01-b88a-47ab-9bc4-bf387d47d858 resource provider aggregate not found
2026-08-15 04:02:34.112 8 INFO neutron.services.segments.plugin [-] Segment 92dc1c01-b88a-47ab-9bc4-bf387d47d858 resource provider aggregate not found [pid: 8|app: 0|req: 882/1846] 10.0.0.136 () {32 vars in 740 bytes} [Sat Aug 15 04:02:33 2026] DELETE /v2.0/security-groups/3cb9f9af-235c-45af-8e5d-5dc7f4e254c3 => generated 0 bytes in 320 msecs (HTTP/1.1 204) 2 headers in 112 bytes (1 switches on core 0)
2026-08-15 04:02:34.141 8 INFO neutron.services.segments.plugin [-] Client error retrieving segment 92dc1c01-b88a-47ab-9bc4-bf387d47d858 resource provider; error: Placement Client Error (4xx): {"errors": [{"status": 404, "title": "Not Found", "detail": "The resource could not be found.\n\n No resource provider with uuid 92dc1c01-b88a-47ab-9bc4-bf387d47d858 found for delete ", "request_id": "req-69331f5c-7b96-4faf-a017-904cb60a9b8c"}]}
2026-08-15 04:02:34.142 8 INFO neutron.services.segments.plugin [-] Client error retrieving segment 92dc1c01-b88a-47ab-9bc4-bf387d47d858 resource provider; error: Placement Client Error (4xx): {"errors": [{"status": 404, "title": "Not Found", "detail": "The resource could not be found.\n\n No resource provider with uuid 92dc1c01-b88a-47ab-9bc4-bf387d47d858 found for delete ", "request_id": "req-580e7c18-9eab-4bf6-886d-f9855e08a7c0"}]} [pid: 7|app: 0|req: 965/1847] 10.0.0.136 () {32 vars in 694 bytes} [Sat Aug 15 04:02:34 2026] GET /v2.0/networks?router%3Aexternal=True => generated 689 bytes in 58 msecs (HTTP/1.1 200) 4 headers in 157 bytes (1 switches on core 0) [pid: 7|app: 0|req: 966/1848] 10.0.0.136 () {32 vars in 742 bytes} [Sat Aug 15 04:02:34 2026] GET /v2.0/subnets?network_id=33694aa3-979a-4454-8256-e49c7f5709e4 => generated 649 bytes in 36 msecs (HTTP/1.1 200) 4 headers in 157 bytes (1 switches on core 0) [pid: 7|app: 0|req: 967/1849] 10.0.0.136 () {32 vars in 653 bytes} [Sat Aug 15 04:02:34 2026] GET /v2.0/extensions => generated 20541 bytes in 7 msecs (HTTP/1.1 200) 4 headers in 159 bytes (1 switches on core 0) [pid: 7|app: 0|req: 968/1850] 10.0.0.136 () {32 vars in 649 bytes} [Sat Aug 15 04:02:34 2026] GET /v2.0/networks => generated 1384 bytes in 52 msecs (HTTP/1.1 200) 4 headers in 158 bytes (1 switches on core 0)
2026-08-15 04:02:34.281 8 INFO neutron_taas.services.taas.taas_plugin [None req-8712cc7b-59b0-4f8b-b3b2-6d4373d55241 8c189224d5fc49b99a73408231ade61e 23e3bb19ff39455bab77e12f1bfb3531 - - default default] TaaS: Handle Delete Port: 4f97376a-18dc-4793-9612-e52d1426ffd4
2026-08-15 04:02:34.285 8 INFO neutron_taas.services.taas.tap_mirror_plugin [None req-8712cc7b-59b0-4f8b-b3b2-6d4373d55241 8c189224d5fc49b99a73408231ade61e 23e3bb19ff39455bab77e12f1bfb3531 - - default default] Tap Mirror: Handle Delete Port: 4f97376a-18dc-4793-9612-e52d1426ffd4 [pid: 8|app: 0|req: 883/1851] 10.0.0.136 () {32 vars in 720 bytes} [Sat Aug 15 04:02:34 2026] DELETE /v2.0/ports/4f97376a-18dc-4793-9612-e52d1426ffd4 => generated 0 bytes in 316 msecs (HTTP/1.1 204) 3 headers in 131 bytes (1 switches on core 0) [pid: 8|app: 0|req: 884/1852] 10.0.0.136 () {32 vars in 647 bytes} [Sat Aug 15 04:02:34 2026] GET /v2.0/subnets => generated 1280 bytes in 62 msecs (HTTP/1.1 200) 4 headers in 158 bytes (1 switches on core 0)
2026-08-15 04:02:34.517 7 INFO neutron.db.ovn_revision_numbers_db [None req-1eba892c-74ea-465b-bc6a-f3be7103f480 157f277bcc4c4c50899a717c5a3b3017 946d597d7cd84e918fd8e39c6714b5d2 - - default default] Successfully bumped revision number for resource 3af8f590-a53b-4f24-8701-f32b7fc444c1 (type: security_groups) to 1
2026-08-15 04:02:34.533 7 INFO neutron.db.ovn_revision_numbers_db [None req-1eba892c-74ea-465b-bc6a-f3be7103f480 157f277bcc4c4c50899a717c5a3b3017 946d597d7cd84e918fd8e39c6714b5d2 - - default default] Successfully bumped revision number for resource 31341cbf-ce02-43c4-ab15-035925497953 (type: security_group_rules) to 0
2026-08-15 04:02:34.549 7 INFO neutron.db.ovn_revision_numbers_db [None req-1eba892c-74ea-465b-bc6a-f3be7103f480 157f277bcc4c4c50899a717c5a3b3017 946d597d7cd84e918fd8e39c6714b5d2 - - default default] Successfully bumped revision number for resource 921f2148-778b-49fe-9e62-267815b24c45 (type: security_group_rules) to 0
2026-08-15 04:02:34.565 7 INFO neutron.db.ovn_revision_numbers_db [None req-1eba892c-74ea-465b-bc6a-f3be7103f480 157f277bcc4c4c50899a717c5a3b3017 946d597d7cd84e918fd8e39c6714b5d2 - - default default] Successfully bumped revision number for resource b9d16f7c-d4e9-49f2-b674-2867f8cac402 (type: security_group_rules) to 0
2026-08-15 04:02:34.587 7 INFO neutron.db.ovn_revision_numbers_db [None req-1eba892c-74ea-465b-bc6a-f3be7103f480 157f277bcc4c4c50899a717c5a3b3017 946d597d7cd84e918fd8e39c6714b5d2 - - default default] Successfully bumped revision number for resource c8bb9091-7ce1-4f37-aa08-b4bcacb2ede1 (type: security_group_rules) to 0 [pid: 7|app: 0|req: 969/1853] 10.0.0.136 () {32 vars in 774 bytes} [Sat Aug 15 04:02:34 2026] GET /v2.0/security-groups?tenant_id=f26211986121458490acb3da9f942006&name=default => generated 2925 bytes in 349 msecs (HTTP/1.1 200) 4 headers in 158 bytes (1 switches on core 0)
2026-08-15 04:02:34.668 8 INFO neutron_taas.services.taas.taas_plugin [None req-d0a000c8-bb47-4370-99f8-91473bba8871 8c189224d5fc49b99a73408231ade61e 23e3bb19ff39455bab77e12f1bfb3531 - - default default] TaaS: Handle Delete Port: 80b68431-330a-4c9f-b290-cf5c33956a08 [pid: 7|app: 0|req: 970/1854] 10.0.0.136 () {32 vars in 723 bytes} [Sat Aug 15 04:02:34 2026] GET /v2.0/networks/6cb13fe9-5f00-4b1e-bebe-6bd7bf9f1cf6 => generated 706 bytes in 50 msecs (HTTP/1.1 200) 4 headers in 157 bytes (1 switches on core 0)
2026-08-15 04:02:34.677 8 INFO neutron_taas.services.taas.tap_mirror_plugin [None req-d0a000c8-bb47-4370-99f8-91473bba8871 8c189224d5fc49b99a73408231ade61e 23e3bb19ff39455bab77e12f1bfb3531 - - default default] Tap Mirror: Handle Delete Port: 80b68431-330a-4c9f-b290-cf5c33956a08 [pid: 8|app: 0|req: 885/1855] 10.0.0.136 () {32 vars in 720 bytes} [Sat Aug 15 04:02:34 2026] DELETE /v2.0/ports/80b68431-330a-4c9f-b290-cf5c33956a08 => generated 0 bytes in 309 msecs (HTTP/1.1 204) 3 headers in 131 bytes (1 switches on core 0) [pid: 8|app: 0|req: 886/1856] 10.0.0.136 () {32 vars in 721 bytes} [Sat Aug 15 04:02:34 2026] GET /v2.0/subnets/630779a0-6716-4636-9a88-7504cabc76d9 => generated 641 bytes in 34 msecs (HTTP/1.1 200) 4 headers in 157 bytes (1 switches on core 0) [pid: 7|app: 0|req: 971/1857] 10.0.0.136 () {32 vars in 740 bytes} [Sat Aug 15 04:02:34 2026] DELETE /v2.0/security-groups/3af8f590-a53b-4f24-8701-f32b7fc444c1 => generated 0 bytes in 337 msecs (HTTP/1.1 204) 2 headers in 112 bytes (1 switches on core 0)
2026-08-15 04:02:35.025 8 INFO neutron_taas.services.taas.taas_plugin [None req-c732cead-599c-46c0-8e22-fdeaf7cbcf90 8c189224d5fc49b99a73408231ade61e 23e3bb19ff39455bab77e12f1bfb3531 - - default default] TaaS: Handle Delete Port: 570bf26c-5512-492d-8bfa-653260c43280
2026-08-15 04:02:35.027 7 INFO neutron.pecan_wsgi.hooks.translation [None req-8a347eb2-ee3e-409e-8461-12f5ff230f75 2d836f96c721406cae442cd599ac26e2 5feaf395e90a4e93b1be1a7c5dfddd2f - - default default] DELETE failed (client error): The resource could not be found.
