2026-08-15 04:01:55.038 7 WARNING neutron.api.rpc.agentnotifiers.dhcp_rpc_agent_api [None req-9a5a4eb3-6059-4c42-8db8-8f72f105d437 157f277bcc4c4c50899a717c5a3b3017 946d597d7cd84e918fd8e39c6714b5d2 - - default default] Unable to schedule network d2c94311-cb3a-480d-9f02-22e861507a18: no agents available; will retry on subsequent port and subnet creation events.
2026-08-15 04:01:55.093 7 INFO neutron.plugins.ml2.drivers.ovn.mech_driver.mech_driver [None req-ad6fee8d-1a23-4e0d-955e-36e0879329ee - - - - - -] OVN reports status down for port: adfd20eb-55b5-4349-b914-820f665503c2
2026-08-15 04:01:55.149 7 INFO neutron.db.ovn_revision_numbers_db [None req-9a5a4eb3-6059-4c42-8db8-8f72f105d437 157f277bcc4c4c50899a717c5a3b3017 946d597d7cd84e918fd8e39c6714b5d2 - - default default] Successfully bumped revision number for resource adfd20eb-55b5-4349-b914-820f665503c2 (type: ports) to 1 [pid: 7|app: 0|req: 774/1489] 10.0.0.136 () {34 vars in 671 bytes} [Sat Aug 15 04:01:54 2026] POST /v2.0/networks => generated 784 bytes in 1049 msecs (HTTP/1.1 201) 4 headers in 162 bytes (1 switches on core 0)
2026-08-15 04:01:55.346 8 WARNING neutron.scheduler.dhcp_agent_scheduler [None req-ea7c8e28-b436-4522-bbee-37a28f3189bb 157f277bcc4c4c50899a717c5a3b3017 946d597d7cd84e918fd8e39c6714b5d2 - - default default] No more DHCP agents
2026-08-15 04:01:55.348 8 WARNING neutron.api.rpc.agentnotifiers.dhcp_rpc_agent_api [None req-ea7c8e28-b436-4522-bbee-37a28f3189bb 157f277bcc4c4c50899a717c5a3b3017 946d597d7cd84e918fd8e39c6714b5d2 - - default default] Unable to schedule network d2c94311-cb3a-480d-9f02-22e861507a18: no agents available; will retry on subsequent port and subnet creation events.
2026-08-15 04:01:56.000 7 INFO neutron.db.ovn_revision_numbers_db [None req-3db56f1f-6372-4e88-8c23-f00d0b9be33c 157f277bcc4c4c50899a717c5a3b3017 946d597d7cd84e918fd8e39c6714b5d2 - - default default] Successfully bumped revision number for resource 473f76ec-c2fa-4b68-9ad5-bca5ccf21235 (type: security_groups) to 1
2026-08-15 04:01:56.013 7 INFO neutron.db.ovn_revision_numbers_db [None req-3db56f1f-6372-4e88-8c23-f00d0b9be33c 157f277bcc4c4c50899a717c5a3b3017 946d597d7cd84e918fd8e39c6714b5d2 - - default default] Successfully bumped revision number for resource 063c10e4-707d-4ee7-9013-67c89d133ac3 (type: security_group_rules) to 0
2026-08-15 04:01:56.024 7 INFO neutron.db.ovn_revision_numbers_db [None req-3db56f1f-6372-4e88-8c23-f00d0b9be33c 157f277bcc4c4c50899a717c5a3b3017 946d597d7cd84e918fd8e39c6714b5d2 - - default default] Successfully bumped revision number for resource 7cf21795-265c-4d93-9651-bb6e999fe07d (type: security_group_rules) to 0
2026-08-15 04:01:56.039 7 INFO neutron.db.ovn_revision_numbers_db [None req-3db56f1f-6372-4e88-8c23-f00d0b9be33c 157f277bcc4c4c50899a717c5a3b3017 946d597d7cd84e918fd8e39c6714b5d2 - - default default] Successfully bumped revision number for resource 9649ed2e-ea65-46ed-ac9e-3b04b5305e67 (type: security_group_rules) to 0
2026-08-15 04:01:56.058 7 INFO neutron.db.ovn_revision_numbers_db [None req-3db56f1f-6372-4e88-8c23-f00d0b9be33c 157f277bcc4c4c50899a717c5a3b3017 946d597d7cd84e918fd8e39c6714b5d2 - - default default] Successfully bumped revision number for resource a7bcbdbb-6f5a-49db-bfb5-626ef8d8c545 (type: security_group_rules) to 0 [pid: 7|app: 0|req: 775/1490] 10.0.0.136 () {32 vars in 774 bytes} [Sat Aug 15 04:01:55 2026] GET /v2.0/security-groups?tenant_id=44389a59e4444b7a8d09ce8486a4070b&name=default => generated 2925 bytes in 495 msecs (HTTP/1.1 200) 4 headers in 158 bytes (1 switches on core 0) [pid: 7|app: 0|req: 776/1491] 10.0.0.136 () {32 vars in 740 bytes} [Sat Aug 15 04:01:56 2026] DELETE /v2.0/security-groups/473f76ec-c2fa-4b68-9ad5-bca5ccf21235 => generated 0 bytes in 268 msecs (HTTP/1.1 204) 2 headers in 112 bytes (1 switches on core 0)
2026-08-15 04:01:56.393 8 INFO neutron.db.ovn_revision_numbers_db [None req-16e34ef8-c789-46b1-9d40-e597fb037fac - - - - - -] Successfully bumped revision number for resource adfd20eb-55b5-4349-b914-820f665503c2 (type: ports) to 2
2026-08-15 04:01:56.439 8 INFO neutron.db.ovn_revision_numbers_db [None req-16e34ef8-c789-46b1-9d40-e597fb037fac - - - - - -] Successfully bumped revision number for resource c86410bc-e777-4f4d-9232-4b6d603dcc9d (type: subnets) to 0 [pid: 8|app: 0|req: 716/1492] 10.0.0.136 () {34 vars in 669 bytes} [Sat Aug 15 04:01:55 2026] POST /v2.0/subnets => generated 690 bytes in 1262 msecs (HTTP/1.1 201) 4 headers in 162 bytes (1 switches on core 0)
2026-08-15 04:01:56.689 8 INFO neutron.db.ovn_revision_numbers_db [None req-4b266187-c4c4-466b-a7ca-12494ba64012 157f277bcc4c4c50899a717c5a3b3017 946d597d7cd84e918fd8e39c6714b5d2 - - default default] Successfully bumped revision number for resource 04813837-c382-4949-a170-ccb28117c11d (type: security_groups) to 1
2026-08-15 04:01:56.701 8 INFO neutron.db.ovn_revision_numbers_db [None req-4b266187-c4c4-466b-a7ca-12494ba64012 157f277bcc4c4c50899a717c5a3b3017 946d597d7cd84e918fd8e39c6714b5d2 - - default default] Successfully bumped revision number for resource 50840f39-8550-4453-8a52-f76b1d5b387d (type: security_group_rules) to 0
2026-08-15 04:01:56.714 8 INFO neutron.db.ovn_revision_numbers_db [None req-4b266187-c4c4-466b-a7ca-12494ba64012 157f277bcc4c4c50899a717c5a3b3017 946d597d7cd84e918fd8e39c6714b5d2 - - default default] Successfully bumped revision number for resource 525d43f8-0129-43c2-a62b-5e7e6d7a9e71 (type: security_group_rules) to 0
2026-08-15 04:01:56.727 8 INFO neutron.db.ovn_revision_numbers_db [None req-4b266187-c4c4-466b-a7ca-12494ba64012 157f277bcc4c4c50899a717c5a3b3017 946d597d7cd84e918fd8e39c6714b5d2 - - default default] Successfully bumped revision number for resource c382ae83-df08-4b53-972c-4a10cab16418 (type: security_group_rules) to 0
2026-08-15 04:01:56.739 8 INFO neutron.db.ovn_revision_numbers_db [None req-4b266187-c4c4-466b-a7ca-12494ba64012 157f277bcc4c4c50899a717c5a3b3017 946d597d7cd84e918fd8e39c6714b5d2 - - default default] Successfully bumped revision number for resource d70629f9-b55e-4a5a-91be-74beaf6adccb (type: security_group_rules) to 0 [pid: 8|app: 0|req: 717/1493] 10.0.0.136 () {32 vars in 774 bytes} [Sat Aug 15 04:01:56 2026] GET /v2.0/security-groups?tenant_id=95a42c3bd342415da56c0dacdeed69dd&name=default => generated 2925 bytes in 232 msecs (HTTP/1.1 200) 4 headers in 158 bytes (1 switches on core 0)
2026-08-15 04:01:56.952 7 WARNING neutron.scheduler.dhcp_agent_scheduler [None req-ea2197ea-4e06-48e2-bb14-283b435a0784 157f277bcc4c4c50899a717c5a3b3017 946d597d7cd84e918fd8e39c6714b5d2 - - default default] No more DHCP agents
2026-08-15 04:01:56.954 7 WARNING neutron.api.rpc.agentnotifiers.dhcp_rpc_agent_api [None req-ea2197ea-4e06-48e2-bb14-283b435a0784 157f277bcc4c4c50899a717c5a3b3017 946d597d7cd84e918fd8e39c6714b5d2 - - default default] Unable to schedule network 33694aa3-979a-4454-8256-e49c7f5709e4: no agents available; will retry on subsequent port and subnet creation events.
2026-08-15 04:01:57.079 8 INFO neutron.plugins.ml2.drivers.ovn.mech_driver.mech_driver [None req-71709fd6-884f-4553-87e9-24045528ec2c - - - - - -] OVN reports status down for port: 3b23e8ac-42b1-46e5-aff6-903393215eee
2026-08-15 04:01:57.120 7 INFO neutron.db.ovn_revision_numbers_db [None req-ea2197ea-4e06-48e2-bb14-283b435a0784 157f277bcc4c4c50899a717c5a3b3017 946d597d7cd84e918fd8e39c6714b5d2 - - default default] Successfully bumped revision number for resource 3b23e8ac-42b1-46e5-aff6-903393215eee (type: ports) to 1 [pid: 8|app: 0|req: 718/1494] 10.0.0.136 () {32 vars in 740 bytes} [Sat Aug 15 04:01:56 2026] DELETE /v2.0/security-groups/04813837-c382-4949-a170-ccb28117c11d => generated 0 bytes in 343 msecs (HTTP/1.1 204) 2 headers in 112 bytes (1 switches on core 0)
2026-08-15 04:01:57.809 7 INFO neutron.plugins.ml2.drivers.ovn.mech_driver.ovsdb.commands [None req-a251bc2c-3682-419d-ae47-98d7241638e8 - - - - - -] Schedule LRP lrp-3b23e8ac-42b1-46e5-aff6-903393215eee on gateway 149cc958-c735-403d-b9e2-b5c0732eee4e with priority 1
2026-08-15 04:01:57.847 8 INFO neutron.plugins.ml2.drivers.ovn.mech_driver.mech_driver [None req-71709fd6-884f-4553-87e9-24045528ec2c - - - - - -] OVN reports status up for port: 3b23e8ac-42b1-46e5-aff6-903393215eee
2026-08-15 04:01:57.867 8 INFO neutron.plugins.ml2.plugin [None req-71709fd6-884f-4553-87e9-24045528ec2c - - - - - -] Attempt 1 to provision port 3b23e8ac-42b1-46e5-aff6-903393215eee
2026-08-15 04:01:57.890 7 INFO neutron.db.ovn_revision_numbers_db [None req-ea2197ea-4e06-48e2-bb14-283b435a0784 157f277bcc4c4c50899a717c5a3b3017 946d597d7cd84e918fd8e39c6714b5d2 - - default default] Successfully bumped revision number for resource 3b23e8ac-42b1-46e5-aff6-903393215eee (type: router_ports) to 1
2026-08-15 04:01:57.892 7 INFO neutron.plugins.ml2.drivers.ovn.mech_driver.ovsdb.ovsdb_monitor [None req-721a3412-b86f-4092-b196-c64588c020fe - - - - - -] Router 169d97f0-3aeb-4dc1-a0d1-f81c7de44a45 is bound to host instance [pid: 8|app: 0|req: 719/1495] 10.0.0.113 () {28 vars in 619 bytes} [Sat Aug 15 04:01:57 2026] GET /v2.0/network-ip-availabilities => generated 1580 bytes in 210 msecs (HTTP/1.1 200) 4 headers in 158 bytes (1 switches on core 0)
2026-08-15 04:01:58.040 7 INFO neutron.db.ovn_revision_numbers_db [None req-ea2197ea-4e06-48e2-bb14-283b435a0784 157f277bcc4c4c50899a717c5a3b3017 946d597d7cd84e918fd8e39c6714b5d2 - - default default] Successfully bumped revision number for resource 169d97f0-3aeb-4dc1-a0d1-f81c7de44a45 (type: routers) to 2 [pid: 8|app: 0|req: 720/1496] 10.0.0.113 () {28 vars in 579 bytes} [Sat Aug 15 04:01:57 2026] GET /v2.0/ports => generated 7225 bytes in 89 msecs (HTTP/1.1 200) 4 headers in 158 bytes (1 switches on core 0) [pid: 7|app: 0|req: 777/1497] 10.0.0.136 () {34 vars in 669 bytes} [Sat Aug 15 04:01:56 2026] POST /v2.0/routers => generated 968 bytes in 1650 msecs (HTTP/1.1 201) 4 headers in 162 bytes (1 switches on core 0) [pid: 8|app: 0|req: 721/1498] 10.0.0.113 () {28 vars in 583 bytes} [Sat Aug 15 04:01:58 2026] GET /v2.0/subnets => generated 1988 bytes in 58 msecs (HTTP/1.1 200) 4 headers in 158 bytes (1 switches on core 0) [pid: 8|app: 0|req: 722/1499] 10.0.0.113 () {28 vars in 581 bytes} [Sat Aug 15 04:01:58 2026] GET /v2.0/agents => generated 1214 bytes in 58 msecs (HTTP/1.1 200) 4 headers in 158 bytes (1 switches on core 0) [pid: 8|app: 0|req: 723/1500] 10.0.0.113 () {28 vars in 583 bytes} [Sat Aug 15 04:01:58 2026] GET /v2.0/subnets => generated 1988 bytes in 36 msecs (HTTP/1.1 200) 4 headers in 158 bytes (1 switches on core 0) [pid: 8|app: 0|req: 724/1501] 10.0.0.113 () {28 vars in 591 bytes} [Sat Aug 15 04:01:58 2026] GET /v2.0/subnetpools => generated 19 bytes in 13 msecs (HTTP/1.1 200) 4 headers in 156 bytes (1 switches on core 0) [pid: 8|app: 0|req: 725/1502] 10.0.0.113 () {28 vars in 585 bytes} [Sat Aug 15 04:01:58 2026] GET /v2.0/networks => generated 3086 bytes in 75 msecs (HTTP/1.1 200) 4 headers in 158 bytes (1 switches on core 0) [pid: 8|app: 0|req: 726/1503] 10.0.0.113 () {28 vars in 599 bytes} [Sat Aug 15 04:01:58 2026] GET /v2.0/security-groups => generated 20305 bytes in 37 msecs (HTTP/1.1 200) 4 headers in 159 bytes (1 switches on core 0) [pid: 8|app: 0|req: 727/1504] 10.0.0.113 () {28 vars in 583 bytes} [Sat Aug 15 04:01:58 2026] GET /v2.0/routers => generated 977 bytes in 55 msecs (HTTP/1.1 200) 4 headers in 157 bytes (1 switches on core 0)
2026-08-15 04:01:58.631 8 INFO neutron.db.ovn_revision_numbers_db [None req-e5a2cce7-0aad-4734-b2f7-476b91808bb7 3fcfa3c56573480f9dcbb8efabe45c40 9002a395065846ac9e64700679e7a95a - - default default] Successfully bumped revision number for resource 47c36c46-7444-420c-bd6c-100ff250dfaa (type: security_groups) to 1
2026-08-15 04:01:58.642 8 INFO neutron.db.ovn_revision_numbers_db [None req-e5a2cce7-0aad-4734-b2f7-476b91808bb7 3fcfa3c56573480f9dcbb8efabe45c40 9002a395065846ac9e64700679e7a95a - - default default] Successfully bumped revision number for resource 51ad9fef-77d2-49ac-b08d-877bf78cbe23 (type: security_group_rules) to 0
2026-08-15 04:01:58.655 8 INFO neutron.db.ovn_revision_numbers_db [None req-e5a2cce7-0aad-4734-b2f7-476b91808bb7 3fcfa3c56573480f9dcbb8efabe45c40 9002a395065846ac9e64700679e7a95a - - default default] Successfully bumped revision number for resource a59b3935-e321-4358-9414-111d63e8f0a3 (type: security_group_rules) to 0
2026-08-15 04:01:58.668 8 INFO neutron.db.ovn_revision_numbers_db [None req-e5a2cce7-0aad-4734-b2f7-476b91808bb7 3fcfa3c56573480f9dcbb8efabe45c40 9002a395065846ac9e64700679e7a95a - - default default] Successfully bumped revision number for resource a5e98a17-f2ef-4345-93d7-899932d507be (type: security_group_rules) to 0
2026-08-15 04:01:58.682 8 INFO neutron.db.ovn_revision_numbers_db [None req-e5a2cce7-0aad-4734-b2f7-476b91808bb7 3fcfa3c56573480f9dcbb8efabe45c40 9002a395065846ac9e64700679e7a95a - - default default] Successfully bumped revision number for resource c1f1d34c-09ea-4357-b1f4-6ca8252e6d36 (type: security_group_rules) to 0
2026-08-15 04:01:58.763 8 INFO neutron.db.segments_db [None req-e5a2cce7-0aad-4734-b2f7-476b91808bb7 3fcfa3c56573480f9dcbb8efabe45c40 9002a395065846ac9e64700679e7a95a - - default default] Added segment 16a73504-be55-4872-8020-b071eea2a537 of type geneve for network 7c9df531-0f67-43f2-94c9-569b60468260
2026-08-15 04:01:58.916 8 INFO neutron.db.ovn_revision_numbers_db [None req-e5a2cce7-0aad-4734-b2f7-476b91808bb7 3fcfa3c56573480f9dcbb8efabe45c40 9002a395065846ac9e64700679e7a95a - - default default] Successfully bumped revision number for resource 7c9df531-0f67-43f2-94c9-569b60468260 (type: networks) to 1
2026-08-15 04:01:59.095 8 WARNING neutron.scheduler.dhcp_agent_scheduler [None req-e5a2cce7-0aad-4734-b2f7-476b91808bb7 3fcfa3c56573480f9dcbb8efabe45c40 9002a395065846ac9e64700679e7a95a - - default default] No more DHCP agents
2026-08-15 04:01:59.097 8 WARNING neutron.api.rpc.agentnotifiers.dhcp_rpc_agent_api [None req-e5a2cce7-0aad-4734-b2f7-476b91808bb7 3fcfa3c56573480f9dcbb8efabe45c40 9002a395065846ac9e64700679e7a95a - - default default] Unable to schedule network 7c9df531-0f67-43f2-94c9-569b60468260: no agents available; will retry on subsequent port and subnet creation events.
2026-08-15 04:01:59.127 7 WARNING neutron.scheduler.dhcp_agent_scheduler [None req-1e9709f5-9b7a-4758-a55f-893d481aaab1 157f277bcc4c4c50899a717c5a3b3017 946d597d7cd84e918fd8e39c6714b5d2 - - default default] No more DHCP agents
2026-08-15 04:01:59.131 7 WARNING neutron.api.rpc.agentnotifiers.dhcp_rpc_agent_api [None req-1e9709f5-9b7a-4758-a55f-893d481aaab1 157f277bcc4c4c50899a717c5a3b3017 946d597d7cd84e918fd8e39c6714b5d2 - - default default] Unable to schedule network d2c94311-cb3a-480d-9f02-22e861507a18: no agents available; will retry on subsequent port and subnet creation events.
2026-08-15 04:01:59.148 7 INFO neutron.plugins.ml2.drivers.ovn.mech_driver.mech_driver [None req-ad6fee8d-1a23-4e0d-955e-36e0879329ee - - - - - -] OVN reports status down for port: 1fe3190d-e99e-4e8f-b777-cf48e3a7ecc5
2026-08-15 04:01:59.184 8 INFO neutron.db.ovn_revision_numbers_db [None req-e5a2cce7-0aad-4734-b2f7-476b91808bb7 3fcfa3c56573480f9dcbb8efabe45c40 9002a395065846ac9e64700679e7a95a - - default default] Successfully bumped revision number for resource 1fe3190d-e99e-4e8f-b777-cf48e3a7ecc5 (type: ports) to 1 [pid: 8|app: 0|req: 728/1505] 10.0.0.136 () {34 vars in 670 bytes} [Sat Aug 15 04:01:58 2026] POST /v2.0/networks => generated 670 bytes in 791 msecs (HTTP/1.1 201) 4 headers in 162 bytes (1 switches on core 0) [pid: 8|app: 0|req: 729/1506] 10.0.0.113 () {28 vars in 624 bytes} [Sat Aug 15 04:01:59 2026] GET /v2.0/agents?binary=ovn-controller => generated 416 bytes in 16 msecs (HTTP/1.1 200) 4 headers in 157 bytes (1 switches on core 0)
2026-08-15 04:01:59.508 8 INFO neutron.db.ovn_revision_numbers_db [None req-34c4aee8-44ee-4a75-a58b-004272b95e99 f30475bea3654ab58e0e5e3e4053d915 ec6faf90061e474d9551cce1b7692523 - - default default] Successfully bumped revision number for resource 2a39d04c-8db8-495b-9d68-583342007787 (type: security_groups) to 1
2026-08-15 04:01:59.516 7 INFO neutron.db.ovn_revision_numbers_db [None req-1e9709f5-9b7a-4758-a55f-893d481aaab1 157f277bcc4c4c50899a717c5a3b3017 946d597d7cd84e918fd8e39c6714b5d2 - - default default] Successfully bumped revision number for resource bed21b74-c85d-43ac-9f01-c1467097a823 (type: ports) to 1
2026-08-15 04:01:59.520 8 INFO neutron.db.ovn_revision_numbers_db [None req-34c4aee8-44ee-4a75-a58b-004272b95e99 f30475bea3654ab58e0e5e3e4053d915 ec6faf90061e474d9551cce1b7692523 - - default default] Successfully bumped revision number for resource 1c2a3cb9-317e-49f2-8b7f-04f2ff58c606 (type: security_group_rules) to 0
2026-08-15 04:01:59.532 8 INFO neutron.db.ovn_revision_numbers_db [None req-34c4aee8-44ee-4a75-a58b-004272b95e99 f30475bea3654ab58e0e5e3e4053d915 ec6faf90061e474d9551cce1b7692523 - - default default] Successfully bumped revision number for resource 5fb87cb5-1f00-4058-ae4b-1a123a1c94f2 (type: security_group_rules) to 0
2026-08-15 04:01:59.545 8 INFO neutron.db.ovn_revision_numbers_db [None req-34c4aee8-44ee-4a75-a58b-004272b95e99 f30475bea3654ab58e0e5e3e4053d915 ec6faf90061e474d9551cce1b7692523 - - default default] Successfully bumped revision number for resource 87caa01f-6615-4784-9e22-7300db331c15 (type: security_group_rules) to 0
2026-08-15 04:01:59.555 8 INFO neutron.db.ovn_revision_numbers_db [None req-34c4aee8-44ee-4a75-a58b-004272b95e99 f30475bea3654ab58e0e5e3e4053d915 ec6faf90061e474d9551cce1b7692523 - - default default] Successfully bumped revision number for resource b9290719-3158-463f-a959-c0c78e712ac0 (type: security_group_rules) to 0
2026-08-15 04:01:59.641 8 INFO neutron.db.segments_db [None req-34c4aee8-44ee-4a75-a58b-004272b95e99 f30475bea3654ab58e0e5e3e4053d915 ec6faf90061e474d9551cce1b7692523 - - default default] Added segment 9ff5a864-74e4-49fa-82f2-5e2e48a1a941 of type geneve for network 4a3a4a65-70da-438d-afdf-2a72501c97a0
2026-08-15 04:01:59.771 8 INFO neutron.db.ovn_revision_numbers_db [None req-34c4aee8-44ee-4a75-a58b-004272b95e99 f30475bea3654ab58e0e5e3e4053d915 ec6faf90061e474d9551cce1b7692523 - - default default] Successfully bumped revision number for resource 4a3a4a65-70da-438d-afdf-2a72501c97a0 (type: networks) to 1
2026-08-15 04:01:59.842 7 INFO neutron.db.ovn_revision_numbers_db [None req-428738e1-9e16-499e-a54c-dce14816459c - - - - - -] Successfully bumped revision number for resource 3b23e8ac-42b1-46e5-aff6-903393215eee (type: ports) to 4
2026-08-15 04:01:59.981 8 WARNING neutron.scheduler.dhcp_agent_scheduler [None req-34c4aee8-44ee-4a75-a58b-004272b95e99 f30475bea3654ab58e0e5e3e4053d915 ec6faf90061e474d9551cce1b7692523 - - default default] No more DHCP agents
2026-08-15 04:01:59.983 8 WARNING neutron.api.rpc.agentnotifiers.dhcp_rpc_agent_api [None req-34c4aee8-44ee-4a75-a58b-004272b95e99 f30475bea3654ab58e0e5e3e4053d915 ec6faf90061e474d9551cce1b7692523 - - default default] Unable to schedule network 4a3a4a65-70da-438d-afdf-2a72501c97a0: no agents available; will retry on subsequent port and subnet creation events.
2026-08-15 04:02:00.032 7 INFO neutron.plugins.ml2.drivers.ovn.mech_driver.mech_driver [None req-ad6fee8d-1a23-4e0d-955e-36e0879329ee - - - - - -] OVN reports status down for port: 4db50998-5d68-45de-ac15-d96f1e4a2401
2026-08-15 04:02:00.060 8 INFO neutron.db.ovn_revision_numbers_db [None req-34c4aee8-44ee-4a75-a58b-004272b95e99 f30475bea3654ab58e0e5e3e4053d915 ec6faf90061e474d9551cce1b7692523 - - default default] Successfully bumped revision number for resource 4db50998-5d68-45de-ac15-d96f1e4a2401 (type: ports) to 1 [pid: 8|app: 0|req: 730/1507] 10.0.0.136 () {34 vars in 670 bytes} [Sat Aug 15 04:01:59 2026] POST /v2.0/networks => generated 669 bytes in 848 msecs (HTTP/1.1 201) 4 headers in 162 bytes (1 switches on core 0) [pid: 8|app: 0|req: 731/1508] 10.0.0.136 () {32 vars in 653 bytes} [Sat Aug 15 04:02:00 2026] GET /v2.0/extensions => generated 20541 bytes in 38 msecs (HTTP/1.1 200) 4 headers in 159 bytes (1 switches on core 0)
2026-08-15 04:02:00.325 8 WARNING neutron.scheduler.dhcp_agent_scheduler [None req-2e5f04b7-cf95-4ee6-8451-dd46c03a44bb 3fcfa3c56573480f9dcbb8efabe45c40 9002a395065846ac9e64700679e7a95a - - default default] No more DHCP agents
2026-08-15 04:02:00.326 8 WARNING neutron.api.rpc.agentnotifiers.dhcp_rpc_agent_api [None req-2e5f04b7-cf95-4ee6-8451-dd46c03a44bb 3fcfa3c56573480f9dcbb8efabe45c40 9002a395065846ac9e64700679e7a95a - - default default] Unable to schedule network 7c9df531-0f67-43f2-94c9-569b60468260: no agents available; will retry on subsequent port and subnet creation events.
2026-08-15 04:02:00.619 7 INFO neutron.db.ovn_revision_numbers_db [None req-428738e1-9e16-499e-a54c-dce14816459c - - - - - -] Successfully bumped revision number for resource 3b23e8ac-42b1-46e5-aff6-903393215eee (type: ports) to 5
2026-08-15 04:02:00.795 8 INFO neutron.plugins.ml2.drivers.ovn.mech_driver.mech_driver [None req-71709fd6-884f-4553-87e9-24045528ec2c - - - - - -] OVN reports status down for port: bed21b74-c85d-43ac-9f01-c1467097a823
2026-08-15 04:02:00.889 8 INFO neutron.db.ovn_revision_numbers_db [None req-3070444c-551b-4c02-b308-3bea083d82e3 - - - - - -] Successfully bumped revision number for resource 1fe3190d-e99e-4e8f-b777-cf48e3a7ecc5 (type: ports) to 2
2026-08-15 04:02:00.914 7 WARNING neutron.scheduler.dhcp_agent_scheduler [None req-1e9709f5-9b7a-4758-a55f-893d481aaab1 157f277bcc4c4c50899a717c5a3b3017 946d597d7cd84e918fd8e39c6714b5d2 - - default default] No more DHCP agents
2026-08-15 04:02:00.915 7 WARNING neutron.api.rpc.agentnotifiers.dhcp_rpc_agent_api [None req-1e9709f5-9b7a-4758-a55f-893d481aaab1 157f277bcc4c4c50899a717c5a3b3017 946d597d7cd84e918fd8e39c6714b5d2 - - default default] Unable to schedule network d2c94311-cb3a-480d-9f02-22e861507a18: no agents available; will retry on subsequent port and subnet creation events.
2026-08-15 04:02:00.957 8 INFO neutron.plugins.ml2.drivers.ovn.mech_driver.mech_driver [None req-71709fd6-884f-4553-87e9-24045528ec2c - - - - - -] OVN reports status up for port: bed21b74-c85d-43ac-9f01-c1467097a823
2026-08-15 04:02:00.957 8 INFO neutron.db.ovn_revision_numbers_db [None req-3070444c-551b-4c02-b308-3bea083d82e3 - - - - - -] Successfully bumped revision number for resource 523d99e0-8302-4d19-9600-861185417cc8 (type: subnets) to 0
2026-08-15 04:02:00.980 8 INFO neutron.plugins.ml2.plugin [None req-71709fd6-884f-4553-87e9-24045528ec2c - - - - - -] Attempt 1 to provision port bed21b74-c85d-43ac-9f01-c1467097a823 [pid: 8|app: 0|req: 732/1509] 10.0.0.136 () {34 vars in 669 bytes} [Sat Aug 15 04:02:00 2026] POST /v2.0/subnets => generated 626 bytes in 873 msecs (HTTP/1.1 201) 4 headers in 162 bytes (1 switches on core 0) [pid: 8|app: 0|req: 733/1510] 10.0.0.113 () {28 vars in 591 bytes} [Sat Aug 15 04:02:00 2026] GET /v2.0/floatingips => generated 19 bytes in 28 msecs (HTTP/1.1 200) 4 headers in 156 bytes (1 switches on core 0)
2026-08-15 04:02:01.165 8 INFO neutron.db.segments_db [None req-7f16e2ad-8b43-4d23-966e-2b9c5149d960 f30475bea3654ab58e0e5e3e4053d915 ec6faf90061e474d9551cce1b7692523 - - default default] Added segment 654e4107-da9c-4194-87e8-f9427c0fa6eb of type geneve for network 385874f4-090c-490d-9b48-05c0406886ca
2026-08-15 04:02:01.399 7 INFO neutron.db.ovn_revision_numbers_db [None req-1e9709f5-9b7a-4758-a55f-893d481aaab1 157f277bcc4c4c50899a717c5a3b3017 946d597d7cd84e918fd8e39c6714b5d2 - - default default] Successfully bumped revision number for resource bed21b74-c85d-43ac-9f01-c1467097a823 (type: router_ports) to 1 [pid: 7|app: 0|req: 778/1511] 10.0.0.136 () {34 vars in 783 bytes} [Sat Aug 15 04:01:58 2026] PUT /v2.0/routers/169d97f0-3aeb-4dc1-a0d1-f81c7de44a45/add_router_interface => generated 309 bytes in 3291 msecs (HTTP/1.1 200) 4 headers in 157 bytes (1 switches on core 0) [pid: 7|app: 0|req: 779/1512] 10.0.0.136 () {32 vars in 681 bytes} [Sat Aug 15 04:02:01 2026] GET /v2.0/extensions/address-group => generated 159 bytes in 5 msecs (HTTP/1.1 200) 4 headers in 157 bytes (1 switches on core 0)
2026-08-15 04:02:01.511 7 INFO neutron.db.segments_db [None req-730ef634-abba-4d29-8720-eab8fb085139 3fcfa3c56573480f9dcbb8efabe45c40 9002a395065846ac9e64700679e7a95a - - default default] Added segment 5020ec27-6805-4928-b72a-b8acff67436c of type geneve for network f9e6a593-c4da-4fb5-8ed0-098484962923
2026-08-15 04:02:01.541 8 INFO neutron.db.ovn_revision_numbers_db [None req-7f16e2ad-8b43-4d23-966e-2b9c5149d960 f30475bea3654ab58e0e5e3e4053d915 ec6faf90061e474d9551cce1b7692523 - - default default] Successfully bumped revision number for resource 385874f4-090c-490d-9b48-05c0406886ca (type: networks) to 1
2026-08-15 04:02:01.627 7 INFO neutron.db.ovn_revision_numbers_db [None req-730ef634-abba-4d29-8720-eab8fb085139 3fcfa3c56573480f9dcbb8efabe45c40 9002a395065846ac9e64700679e7a95a - - default default] Successfully bumped revision number for resource f9e6a593-c4da-4fb5-8ed0-098484962923 (type: networks) to 1
2026-08-15 04:02:01.821 7 WARNING neutron.scheduler.dhcp_agent_scheduler [None req-730ef634-abba-4d29-8720-eab8fb085139 3fcfa3c56573480f9dcbb8efabe45c40 9002a395065846ac9e64700679e7a95a - - default default] No more DHCP agents
2026-08-15 04:02:01.822 7 WARNING neutron.api.rpc.agentnotifiers.dhcp_rpc_agent_api [None req-730ef634-abba-4d29-8720-eab8fb085139 3fcfa3c56573480f9dcbb8efabe45c40 9002a395065846ac9e64700679e7a95a - - default default] Unable to schedule network f9e6a593-c4da-4fb5-8ed0-098484962923: no agents available; will retry on subsequent port and subnet creation events.
2026-08-15 04:02:01.876 7 INFO neutron.plugins.ml2.drivers.ovn.mech_driver.mech_driver [None req-ad6fee8d-1a23-4e0d-955e-36e0879329ee - - - - - -] OVN reports status down for port: e1ffa322-133f-43f9-8e6a-34dcb549da2e
2026-08-15 04:02:01.981 7 INFO neutron.db.ovn_revision_numbers_db [None req-730ef634-abba-4d29-8720-eab8fb085139 3fcfa3c56573480f9dcbb8efabe45c40 9002a395065846ac9e64700679e7a95a - - default default] Successfully bumped revision number for resource e1ffa322-133f-43f9-8e6a-34dcb549da2e (type: ports) to 1
2026-08-15 04:02:01.981 8 WARNING neutron.scheduler.dhcp_agent_scheduler [None req-7f16e2ad-8b43-4d23-966e-2b9c5149d960 f30475bea3654ab58e0e5e3e4053d915 ec6faf90061e474d9551cce1b7692523 - - default default] No more DHCP agents
2026-08-15 04:02:01.986 8 WARNING neutron.api.rpc.agentnotifiers.dhcp_rpc_agent_api [None req-7f16e2ad-8b43-4d23-966e-2b9c5149d960 f30475bea3654ab58e0e5e3e4053d915 ec6faf90061e474d9551cce1b7692523 - - default default] Unable to schedule network 385874f4-090c-490d-9b48-05c0406886ca: no agents available; will retry on subsequent port and subnet creation events.
2026-08-15 04:02:02.003 8 INFO neutron.db.ovn_revision_numbers_db [None req-71709fd6-884f-4553-87e9-24045528ec2c - - - - - -] Successfully bumped revision number for resource bed21b74-c85d-43ac-9f01-c1467097a823 (type: ports) to 2 [pid: 7|app: 0|req: 780/1513] 10.0.0.136 () {34 vars in 670 bytes} [Sat Aug 15 04:02:01 2026] POST /v2.0/networks => generated 670 bytes in 629 msecs (HTTP/1.1 201) 4 headers in 162 bytes (1 switches on core 0) [pid: 7|app: 0|req: 781/1514] 10.0.0.136 () {32 vars in 681 bytes} [Sat Aug 15 04:02:02 2026] GET /v2.0/extensions/address-scope => generated 163 bytes in 16 msecs (HTTP/1.1 200) 4 headers in 157 bytes (1 switches on core 0)
2026-08-15 04:02:02.165 8 INFO neutron.db.ovn_revision_numbers_db [None req-7f16e2ad-8b43-4d23-966e-2b9c5149d960 f30475bea3654ab58e0e5e3e4053d915 ec6faf90061e474d9551cce1b7692523 - - default default] Successfully bumped revision number for resource 61aa69f7-13d1-4187-9f9d-2762b4c700e8 (type: ports) to 1 [pid: 8|app: 0|req: 734/1515] 10.0.0.136 () {34 vars in 670 bytes} [Sat Aug 15 04:02:01 2026] POST /v2.0/networks => generated 670 bytes in 1194 msecs (HTTP/1.1 201) 4 headers in 162 bytes (1 switches on core 0) [pid: 8|app: 0|req: 735/1516] 10.0.0.136 () {32 vars in 665 bytes} [Sat Aug 15 04:02:02 2026] GET /v2.0/extensions/agent => generated 153 bytes in 11 msecs (HTTP/1.1 200) 4 headers in 157 bytes (1 switches on core 0)
2026-08-15 04:02:02.264 7 WARNING neutron.scheduler.dhcp_agent_scheduler [None req-4194aca8-0c17-4316-a425-ec76f5a298d6 3fcfa3c56573480f9dcbb8efabe45c40 9002a395065846ac9e64700679e7a95a - - default default] No more DHCP agents
2026-08-15 04:02:02.266 7 WARNING neutron.api.rpc.agentnotifiers.dhcp_rpc_agent_api [None req-4194aca8-0c17-4316-a425-ec76f5a298d6 3fcfa3c56573480f9dcbb8efabe45c40 9002a395065846ac9e64700679e7a95a - - default default] Unable to schedule network f9e6a593-c4da-4fb5-8ed0-098484962923: no agents available; will retry on subsequent port and subnet creation events.
2026-08-15 04:02:02.350 8 INFO neutron.db.ovn_revision_numbers_db [None req-4bb3ab60-7c94-43d8-bea3-e36bbd83a607 - - - - - -] Successfully bumped revision number for resource bed21b74-c85d-43ac-9f01-c1467097a823 (type: router_ports) to 2
2026-08-15 04:02:02.442 8 INFO neutron.plugins.ml2.drivers.ovn.mech_driver.mech_driver [None req-4bb3ab60-7c94-43d8-bea3-e36bbd83a607 - - - - - -] OVN reports status down for port: 61aa69f7-13d1-4187-9f9d-2762b4c700e8
2026-08-15 04:02:02.462 8 INFO neutron.db.ovn_revision_numbers_db [None req-fda4ce6e-c77b-41ae-b80c-c3545482f57c 13559487ee2f4f3790194f331b4da09c ec5bf9701b2e47d1813635e52e952fc0 - - default default] Successfully bumped revision number for resource 62466c3b-4426-4cd3-a854-cdddd01fe130 (type: security_groups) to 1
2026-08-15 04:02:02.482 8 INFO neutron.db.ovn_revision_numbers_db [None req-fda4ce6e-c77b-41ae-b80c-c3545482f57c 13559487ee2f4f3790194f331b4da09c ec5bf9701b2e47d1813635e52e952fc0 - - default default] Successfully bumped revision number for resource 23ca5905-85c6-4b6d-852e-e0f0df61a2cd (type: security_group_rules) to 0
2026-08-15 04:02:02.504 8 INFO neutron.db.ovn_revision_numbers_db [None req-fda4ce6e-c77b-41ae-b80c-c3545482f57c 13559487ee2f4f3790194f331b4da09c ec5bf9701b2e47d1813635e52e952fc0 - - default default] Successfully bumped revision number for resource 6b44e65e-83e3-4ebf-ab27-b743ee39c0d5 (type: security_group_rules) to 0 [pid: 8|app: 0|req: 736/1517] 10.0.0.136 () {34 vars in 685 bytes} [Sat Aug 15 04:02:02 2026] POST /v2.0/security-groups => generated 1659 bytes in 331 msecs (HTTP/1.1 201) 4 headers in 163 bytes (1 switches on core 0)
2026-08-15 04:02:02.656 8 INFO neutron.db.segments_db [None req-00b2ad12-f3f5-46d3-8a25-85c25550967f f30475bea3654ab58e0e5e3e4053d915 ec6faf90061e474d9551cce1b7692523 - - default default] Added segment bd100037-a9a2-4336-89fb-c380a3f1de0e of type geneve for network 8d8231de-b917-45aa-b610-94708bc7e907
2026-08-15 04:02:02.744 7 INFO neutron.db.ovn_revision_numbers_db [None req-65185fdc-4925-475d-992d-1bffce399234 - - - - - -] Successfully bumped revision number for resource e1ffa322-133f-43f9-8e6a-34dcb549da2e (type: ports) to 2
2026-08-15 04:02:02.780 7 INFO neutron.db.ovn_revision_numbers_db [None req-65185fdc-4925-475d-992d-1bffce399234 - - - - - -] Successfully bumped revision number for resource 3a68e35d-a6d8-4847-8144-315fef5e09cc (type: subnets) to 0
2026-08-15 04:02:02.793 8 INFO neutron.db.ovn_revision_numbers_db [None req-00b2ad12-f3f5-46d3-8a25-85c25550967f f30475bea3654ab58e0e5e3e4053d915 ec6faf90061e474d9551cce1b7692523 - - default default] Successfully bumped revision number for resource 8d8231de-b917-45aa-b610-94708bc7e907 (type: networks) to 1 [pid: 7|app: 0|req: 782/1518] 10.0.0.136 () {34 vars in 669 bytes} [Sat Aug 15 04:02:02 2026] POST /v2.0/subnets => generated 629 bytes in 740 msecs (HTTP/1.1 201) 4 headers in 162 bytes (1 switches on core 0) [pid: 7|app: 0|req: 783/1519] 10.0.0.136 () {32 vars in 697 bytes} [Sat Aug 15 04:02:02 2026] GET /v2.0/extensions/allowed-address-pairs => generated 184 bytes in 6 msecs (HTTP/1.1 200) 4 headers in 157 bytes (1 switches on core 0)
2026-08-15 04:02:02.948 7 INFO neutron.db.ovn_revision_numbers_db [None req-39484f0e-f9e5-4e88-aebe-7fce7764c1e4 13559487ee2f4f3790194f331b4da09c ec5bf9701b2e47d1813635e52e952fc0 - - default default] Successfully bumped revision number for resource 0a3f85c9-fd37-4c6e-b49a-825d0dfdf8b0 (type: security_group_rules) to 0
2026-08-15 04:02:02.967 8 WARNING neutron.scheduler.dhcp_agent_scheduler [None req-00b2ad12-f3f5-46d3-8a25-85c25550967f f30475bea3654ab58e0e5e3e4053d915 ec6faf90061e474d9551cce1b7692523 - - default default] No more DHCP agents
2026-08-15 04:02:02.969 8 WARNING neutron.api.rpc.agentnotifiers.dhcp_rpc_agent_api [None req-00b2ad12-f3f5-46d3-8a25-85c25550967f f30475bea3654ab58e0e5e3e4053d915 ec6faf90061e474d9551cce1b7692523 - - default default] Unable to schedule network 8d8231de-b917-45aa-b610-94708bc7e907: no agents available; will retry on subsequent port and subnet creation events. [pid: 7|app: 0|req: 784/1520] 10.0.0.136 () {34 vars in 695 bytes} [Sat Aug 15 04:02:02 2026] POST /v2.0/security-group-rules => generated 597 bytes in 182 msecs (HTTP/1.1 201) 4 headers in 162 bytes (1 switches on core 0)
2026-08-15 04:02:03.011 8 INFO neutron.plugins.ml2.drivers.ovn.mech_driver.mech_driver [None req-4bb3ab60-7c94-43d8-bea3-e36bbd83a607 - - - - - -] OVN reports status down for port: bb75be4f-92e5-4acc-ba8a-173f721122a0
2026-08-15 04:02:03.077 8 INFO neutron.db.ovn_revision_numbers_db [None req-00b2ad12-f3f5-46d3-8a25-85c25550967f f30475bea3654ab58e0e5e3e4053d915 ec6faf90061e474d9551cce1b7692523 - - default default] Successfully bumped revision number for resource bb75be4f-92e5-4acc-ba8a-173f721122a0 (type: ports) to 1
2026-08-15 04:02:03.103 7 INFO neutron.db.segments_db [None req-30abd622-f3ae-43bd-b984-d6e00f2523a9 3fcfa3c56573480f9dcbb8efabe45c40 9002a395065846ac9e64700679e7a95a - - default default] Added segment 08cc5c26-ca04-4351-af91-08e551479202 of type geneve for network 68e13d35-86e0-4ba6-93a5-e88cce44b5c6 [pid: 8|app: 0|req: 737/1521] 10.0.0.136 () {34 vars in 670 bytes} [Sat Aug 15 04:02:02 2026] POST /v2.0/networks => generated 670 bytes in 563 msecs (HTTP/1.1 201) 4 headers in 162 bytes (1 switches on core 0) [pid: 8|app: 0|req: 738/1522] 10.0.0.136 () {32 vars in 701 bytes} [Sat Aug 15 04:02:03 2026] GET /v2.0/extensions/auto-allocated-topology => generated 200 bytes in 5 msecs (HTTP/1.1 200) 4 headers in 157 bytes (1 switches on core 0)
2026-08-15 04:02:03.225 7 INFO neutron.db.ovn_revision_numbers_db [None req-30abd622-f3ae-43bd-b984-d6e00f2523a9 3fcfa3c56573480f9dcbb8efabe45c40 9002a395065846ac9e64700679e7a95a - - default default] Successfully bumped revision number for resource 68e13d35-86e0-4ba6-93a5-e88cce44b5c6 (type: networks) to 1
2026-08-15 04:02:03.282 8 INFO neutron.db.ovn_revision_numbers_db [None req-c0ccdd53-c724-4d8a-a8be-c07eb494a1b0 13559487ee2f4f3790194f331b4da09c ec5bf9701b2e47d1813635e52e952fc0 - - default default] Successfully bumped revision number for resource 88425249-fcba-4257-a380-2d091a58ae29 (type: security_group_rules) to 0 [pid: 8|app: 0|req: 739/1523] 10.0.0.136 () {34 vars in 695 bytes} [Sat Aug 15 04:02:03 2026] POST /v2.0/security-group-rules => generated 602 bytes in 193 msecs (HTTP/1.1 201) 4 headers in 162 bytes (1 switches on core 0)
2026-08-15 04:02:03.428 8 INFO neutron.db.segments_db [None req-ba7c0879-394f-4b6f-aef1-16de0eb6e2cf f30475bea3654ab58e0e5e3e4053d915 ec6faf90061e474d9551cce1b7692523 - - default default] Added segment d6243a28-d7e7-44c8-8c05-c8314c31a952 of type geneve for network 93ddf6d0-5a5b-4654-8f2d-72aeffdeb0e7
2026-08-15 04:02:03.452 7 WARNING neutron.scheduler.dhcp_agent_scheduler [None req-30abd622-f3ae-43bd-b984-d6e00f2523a9 3fcfa3c56573480f9dcbb8efabe45c40 9002a395065846ac9e64700679e7a95a - - default default] No more DHCP agents
2026-08-15 04:02:03.456 7 WARNING neutron.api.rpc.agentnotifiers.dhcp_rpc_agent_api [None req-30abd622-f3ae-43bd-b984-d6e00f2523a9 3fcfa3c56573480f9dcbb8efabe45c40 9002a395065846ac9e64700679e7a95a - - default default] Unable to schedule network 68e13d35-86e0-4ba6-93a5-e88cce44b5c6: no agents available; will retry on subsequent port and subnet creation events.
2026-08-15 04:02:03.506 7 INFO neutron.plugins.ml2.drivers.ovn.mech_driver.mech_driver [None req-ad6fee8d-1a23-4e0d-955e-36e0879329ee - - - - - -] OVN reports status down for port: 38d0140c-14c2-44b8-9847-b1aab8317a2f
2026-08-15 04:02:03.556 8 INFO neutron.db.ovn_revision_numbers_db [None req-ba7c0879-394f-4b6f-aef1-16de0eb6e2cf f30475bea3654ab58e0e5e3e4053d915 ec6faf90061e474d9551cce1b7692523 - - default default] Successfully bumped revision number for resource 93ddf6d0-5a5b-4654-8f2d-72aeffdeb0e7 (type: networks) to 1
2026-08-15 04:02:03.595 7 INFO neutron.db.ovn_revision_numbers_db [None req-30abd622-f3ae-43bd-b984-d6e00f2523a9 3fcfa3c56573480f9dcbb8efabe45c40 9002a395065846ac9e64700679e7a95a - - default default] Successfully bumped revision number for resource 38d0140c-14c2-44b8-9847-b1aab8317a2f (type: ports) to 1 [pid: 7|app: 0|req: 785/1524] 10.0.0.136 () {34 vars in 670 bytes} [Sat Aug 15 04:02:02 2026] POST /v2.0/networks => generated 670 bytes in 652 msecs (HTTP/1.1 201) 4 headers in 162 bytes (1 switches on core 0) [pid: 7|app: 0|req: 786/1525] 10.0.0.136 () {32 vars in 689 bytes} [Sat Aug 15 04:02:03 2026] GET /v2.0/extensions/availability_zone => generated 178 bytes in 14 msecs (HTTP/1.1 200) 4 headers in 157 bytes (1 switches on core 0)
2026-08-15 04:02:03.748 8 WARNING neutron.scheduler.dhcp_agent_scheduler [None req-ba7c0879-394f-4b6f-aef1-16de0eb6e2cf f30475bea3654ab58e0e5e3e4053d915 ec6faf90061e474d9551cce1b7692523 - - default default] No more DHCP agents
2026-08-15 04:02:03.750 8 WARNING neutron.api.rpc.agentnotifiers.dhcp_rpc_agent_api [None req-ba7c0879-394f-4b6f-aef1-16de0eb6e2cf f30475bea3654ab58e0e5e3e4053d915 ec6faf90061e474d9551cce1b7692523 - - default default] Unable to schedule network 93ddf6d0-5a5b-4654-8f2d-72aeffdeb0e7: no agents available; will retry on subsequent port and subnet creation events.
2026-08-15 04:02:03.794 8 INFO neutron.plugins.ml2.drivers.ovn.mech_driver.mech_driver [None req-4bb3ab60-7c94-43d8-bea3-e36bbd83a607 - - - - - -] OVN reports status down for port: d8f4aae9-af1e-440e-9dab-335d707e4c5d
2026-08-15 04:02:03.870 8 INFO neutron.db.ovn_revision_numbers_db [None req-ba7c0879-394f-4b6f-aef1-16de0eb6e2cf f30475bea3654ab58e0e5e3e4053d915 ec6faf90061e474d9551cce1b7692523 - - default default] Successfully bumped revision number for resource d8f4aae9-af1e-440e-9dab-335d707e4c5d (type: ports) to 1
2026-08-15 04:02:03.920 7 WARNING neutron.scheduler.dhcp_agent_scheduler [None req-dd0ab256-63ac-498f-8df9-282dfd3d9522 13559487ee2f4f3790194f331b4da09c ec5bf9701b2e47d1813635e52e952fc0 - - default default] No more DHCP agents
2026-08-15 04:02:03.921 7 WARNING neutron.api.rpc.agentnotifiers.dhcp_rpc_agent_api [None req-dd0ab256-63ac-498f-8df9-282dfd3d9522 13559487ee2f4f3790194f331b4da09c ec5bf9701b2e47d1813635e52e952fc0 - - default default] Unable to schedule network 33694aa3-979a-4454-8256-e49c7f5709e4: no agents available; will retry on subsequent port and subnet creation events. [pid: 8|app: 0|req: 740/1526] 10.0.0.136 () {34 vars in 670 bytes} [Sat Aug 15 04:02:03 2026] POST /v2.0/networks => generated 670 bytes in 605 msecs (HTTP/1.1 201) 4 headers in 162 bytes (1 switches on core 0)
2026-08-15 04:02:04.147 8 WARNING neutron.scheduler.dhcp_agent_scheduler [None req-6fc1edb5-9c81-471c-ae6b-b4cc1b9699ec 3fcfa3c56573480f9dcbb8efabe45c40 9002a395065846ac9e64700679e7a95a - - default default] No more DHCP agents
2026-08-15 04:02:04.149 8 WARNING neutron.api.rpc.agentnotifiers.dhcp_rpc_agent_api [None req-6fc1edb5-9c81-471c-ae6b-b4cc1b9699ec 3fcfa3c56573480f9dcbb8efabe45c40 9002a395065846ac9e64700679e7a95a - - default default] Unable to schedule network 68e13d35-86e0-4ba6-93a5-e88cce44b5c6: no agents available; will retry on subsequent port and subnet creation events. [pid: 7|app: 0|req: 787/1527] 10.0.0.136 () {34 vars in 676 bytes} [Sat Aug 15 04:02:03 2026] POST /v2.0/floatingips => generated 552 bytes in 554 msecs (HTTP/1.1 201) 4 headers in 162 bytes (1 switches on core 0) [pid: 7|app: 0|req: 788/1528] 10.0.0.136 () {32 vars in 693 bytes} [Sat Aug 15 04:02:04 2026] GET /v2.0/extensions/default-subnetpools => generated 211 bytes in 5 msecs (HTTP/1.1 200) 4 headers in 157 bytes (1 switches on core 0)
2026-08-15 04:02:04.318 7 INFO neutron.db.segments_db [None req-eba58991-b577-48b1-b7e2-e414e8d7a5ca f30475bea3654ab58e0e5e3e4053d915 ec6faf90061e474d9551cce1b7692523 - - default default] Added segment 11b879bb-3dd2-492e-bf64-b84f433ed26c of type geneve for network 9df0572a-1343-4e30-8f34-47abc2165817
2026-08-15 04:02:04.450 7 INFO neutron.db.ovn_revision_numbers_db [None req-eba58991-b577-48b1-b7e2-e414e8d7a5ca f30475bea3654ab58e0e5e3e4053d915 ec6faf90061e474d9551cce1b7692523 - - default default] Successfully bumped revision number for resource 9df0572a-1343-4e30-8f34-47abc2165817 (type: networks) to 1
2026-08-15 04:02:04.677 8 INFO neutron.db.ovn_revision_numbers_db [None req-9385de51-6fe5-49da-8248-f215db76357e - - - - - -] Successfully bumped revision number for resource 38d0140c-14c2-44b8-9847-b1aab8317a2f (type: ports) to 2
2026-08-15 04:02:04.681 7 WARNING neutron.scheduler.dhcp_agent_scheduler [None req-eba58991-b577-48b1-b7e2-e414e8d7a5ca f30475bea3654ab58e0e5e3e4053d915 ec6faf90061e474d9551cce1b7692523 - - default default] No more DHCP agents
2026-08-15 04:02:04.684 7 WARNING neutron.api.rpc.agentnotifiers.dhcp_rpc_agent_api [None req-eba58991-b577-48b1-b7e2-e414e8d7a5ca f30475bea3654ab58e0e5e3e4053d915 ec6faf90061e474d9551cce1b7692523 - - default default] Unable to schedule network 9df0572a-1343-4e30-8f34-47abc2165817: no agents available; will retry on subsequent port and subnet creation events.
2026-08-15 04:02:04.732 8 INFO neutron.db.ovn_revision_numbers_db [None req-9385de51-6fe5-49da-8248-f215db76357e - - - - - -] Successfully bumped revision number for resource a16c9cef-8f91-4c03-b39c-ec24720148bd (type: subnets) to 0
2026-08-15 04:02:04.735 7 INFO neutron.plugins.ml2.drivers.ovn.mech_driver.mech_driver [None req-ad6fee8d-1a23-4e0d-955e-36e0879329ee - - - - - -] OVN reports status down for port: 04bc333d-4a3d-430a-965e-2677be9cc9e2 [pid: 8|app: 0|req: 741/1529] 10.0.0.136 () {34 vars in 669 bytes} [Sat Aug 15 04:02:03 2026] POST /v2.0/subnets => generated 629 bytes in 826 msecs (HTTP/1.1 201) 4 headers in 162 bytes (1 switches on core 0) [pid: 8|app: 0|req: 742/1530] 10.0.0.136 () {32 vars in 695 bytes} [Sat Aug 15 04:02:04 2026] GET /v2.0/extensions/dhcp_agent_scheduler => generated 187 bytes in 4 msecs (HTTP/1.1 200) 4 headers in 157 bytes (1 switches on core 0) [pid: 8|app: 0|req: 743/1531] 10.0.0.240 () {34 vars in 1098 bytes} [Sat Aug 15 04:02:04 2026] GET /v2.0/security-groups?name=tempest-securitygroup--798954878&fields=id&tenant_id=ec5bf9701b2e47d1813635e52e952fc0 => generated 69 bytes in 34 msecs (HTTP/1.1 200) 4 headers in 156 bytes (1 switches on core 0)
2026-08-15 04:02:04.806 7 INFO neutron.db.ovn_revision_numbers_db [None req-eba58991-b577-48b1-b7e2-e414e8d7a5ca f30475bea3654ab58e0e5e3e4053d915 ec6faf90061e474d9551cce1b7692523 - - default default] Successfully bumped revision number for resource 04bc333d-4a3d-430a-965e-2677be9cc9e2 (type: ports) to 1 [pid: 7|app: 0|req: 789/1532] 10.0.0.136 () {34 vars in 670 bytes} [Sat Aug 15 04:02:04 2026] POST /v2.0/networks => generated 669 bytes in 650 msecs (HTTP/1.1 201) 4 headers in 162 bytes (1 switches on core 0) [pid: 7|app: 0|req: 790/1533] 10.0.0.136 () {32 vars in 685 bytes} [Sat Aug 15 04:02:04 2026] GET /v2.0/extensions/dns-integration => generated 172 bytes in 6 msecs (HTTP/1.1 200) 4 headers in 157 bytes (1 switches on core 0)
2026-08-15 04:02:04.890 8 INFO neutron.db.segments_db [None req-d55cef7f-b3e2-4734-8c82-1b7e9e5bb171 3fcfa3c56573480f9dcbb8efabe45c40 9002a395065846ac9e64700679e7a95a - - default default] Added segment de8e8654-2aaf-4316-a514-3c314f8985c2 of type geneve for network 724f14b7-f98d-48ac-9710-505ffa942f2a [pid: 7|app: 0|req: 791/1534] 10.0.0.240 () {34 vars in 982 bytes} [Sat Aug 15 04:02:04 2026] GET /v2.0/networks?id=d2c94311-cb3a-480d-9f02-22e861507a18 => generated 713 bytes in 69 msecs (HTTP/1.1 200) 4 headers in 157 bytes (1 switches on core 0) [pid: 7|app: 0|req: 792/1535] 10.0.0.136 () {34 vars in 753 bytes} [Sat Aug 15 04:02:04 2026] PUT /v2.0/networks/4a3a4a65-70da-438d-afdf-2a72501c97a0/tags => generated 17 bytes in 92 msecs (HTTP/1.1 200) 4 headers in 156 bytes (1 switches on core 0)
2026-08-15 04:02:05.037 8 INFO neutron.db.ovn_revision_numbers_db [None req-d55cef7f-b3e2-4734-8c82-1b7e9e5bb171 3fcfa3c56573480f9dcbb8efabe45c40 9002a395065846ac9e64700679e7a95a - - default default] Successfully bumped revision number for resource 724f14b7-f98d-48ac-9710-505ffa942f2a (type: networks) to 1 [pid: 7|app: 0|req: 793/1536] 10.0.0.136 () {32 vars in 687 bytes} [Sat Aug 15 04:02:05 2026] GET /v2.0/extensions/dns-domain-ports => generated 205 bytes in 7 msecs (HTTP/1.1 200) 4 headers in 157 bytes (1 switches on core 0) [pid: 7|app: 0|req: 794/1537] 10.0.0.240 () {34 vars in 965 bytes} [Sat Aug 15 04:02:05 2026] GET /v2.0/quotas/ec5bf9701b2e47d1813635e52e952fc0 => generated 292 bytes in 9 msecs (HTTP/1.1 200) 4 headers in 157 bytes (1 switches on core 0) [pid: 7|app: 0|req: 795/1538] 10.0.0.136 () {34 vars in 753 bytes} [Sat Aug 15 04:02:05 2026] PUT /v2.0/networks/385874f4-090c-490d-9b48-05c0406886ca/tags => generated 25 bytes in 61 msecs (HTTP/1.1 200) 4 headers in 156 bytes (1 switches on core 0) [pid: 7|app: 0|req: 796/1539] 10.0.0.136 () {32 vars in 717 bytes} [Sat Aug 15 04:02:05 2026] GET /v2.0/extensions/dns-integration-domain-keywords => generated 283 bytes in 4 msecs (HTTP/1.1 200) 4 headers in 157 bytes (1 switches on core 0) [pid: 7|app: 0|req: 797/1540] 10.0.0.240 () {34 vars in 1002 bytes} [Sat Aug 15 04:02:05 2026] GET /v2.0/ports?tenant_id=ec5bf9701b2e47d1813635e52e952fc0&fields=id => generated 103 bytes in 83 msecs (HTTP/1.1 200) 4 headers in 157 bytes (1 switches on core 0)
2026-08-15 04:02:05.259 8 WARNING neutron.scheduler.dhcp_agent_scheduler [None req-d55cef7f-b3e2-4734-8c82-1b7e9e5bb171 3fcfa3c56573480f9dcbb8efabe45c40 9002a395065846ac9e64700679e7a95a - - default default] No more DHCP agents
2026-08-15 04:02:05.261 8 WARNING neutron.api.rpc.agentnotifiers.dhcp_rpc_agent_api [None req-d55cef7f-b3e2-4734-8c82-1b7e9e5bb171 3fcfa3c56573480f9dcbb8efabe45c40 9002a395065846ac9e64700679e7a95a - - default default] Unable to schedule network 724f14b7-f98d-48ac-9710-505ffa942f2a: no agents available; will retry on subsequent port and subnet creation events. [pid: 7|app: 0|req: 798/1541] 10.0.0.136 () {34 vars in 753 bytes} [Sat Aug 15 04:02:05 2026] PUT /v2.0/networks/8d8231de-b917-45aa-b610-94708bc7e907/tags => generated 34 bytes in 64 msecs (HTTP/1.1 200) 4 headers in 156 bytes (1 switches on core 0) [pid: 7|app: 0|req: 799/1542] 10.0.0.136 () {32 vars in 699 bytes} [Sat Aug 15 04:02:05 2026] GET /v2.0/extensions/empty-string-filtering => generated 219 bytes in 5 msecs (HTTP/1.1 200) 4 headers in 157 bytes (1 switches on core 0)
2026-08-15 04:02:05.309 8 INFO neutron.plugins.ml2.drivers.ovn.mech_driver.mech_driver [None req-4bb3ab60-7c94-43d8-bea3-e36bbd83a607 - - - - - -] OVN reports status down for port: a48d220b-e1f1-4e8d-b927-8edf49e2b4c4 [pid: 7|app: 0|req: 800/1543] 10.0.0.240 () {34 vars in 1008 bytes} [Sat Aug 15 04:02:05 2026] GET /v2.0/networks/d2c94311-cb3a-480d-9f02-22e861507a18?fields=segments => generated 14 bytes in 88 msecs (HTTP/1.1 200) 4 headers in 156 bytes (1 switches on core 0)
