2026-08-15 04:03:42.126 8 INFO neutron.db.ovn_revision_numbers_db [None req-c39c51f1-f3ff-4cf6-af27-85a8dbefefa8 157f277bcc4c4c50899a717c5a3b3017 946d597d7cd84e918fd8e39c6714b5d2 - - default default] Successfully bumped revision number for resource 5bc44604-d896-42ae-8e6b-f3b27d8fe3e5 (type: security_group_rules) to 0
2026-08-15 04:03:42.138 8 INFO neutron.db.ovn_revision_numbers_db [None req-c39c51f1-f3ff-4cf6-af27-85a8dbefefa8 157f277bcc4c4c50899a717c5a3b3017 946d597d7cd84e918fd8e39c6714b5d2 - - default default] Successfully bumped revision number for resource 621f52ed-6bba-4f4d-a24c-fecb05f3c441 (type: security_group_rules) to 0
2026-08-15 04:03:42.151 8 INFO neutron.db.ovn_revision_numbers_db [None req-c39c51f1-f3ff-4cf6-af27-85a8dbefefa8 157f277bcc4c4c50899a717c5a3b3017 946d597d7cd84e918fd8e39c6714b5d2 - - default default] Successfully bumped revision number for resource f1f25c0a-d847-4e3f-9b34-13a588c41df5 (type: security_group_rules) to 0 [pid: 8|app: 0|req: 1144/2331] 10.0.0.136 () {32 vars in 774 bytes} [Sat Aug 15 04:03:41 2026] GET /v2.0/security-groups?tenant_id=b5cd7630a0944042a372382ef7594e18&name=default => generated 2925 bytes in 225 msecs (HTTP/1.1 200) 4 headers in 158 bytes (1 switches on core 0) [pid: 8|app: 0|req: 1145/2332] 10.0.0.136 () {32 vars in 740 bytes} [Sat Aug 15 04:03:42 2026] DELETE /v2.0/security-groups/6f17f8c3-42ba-4eae-8fc9-8cb9624aef53 => generated 0 bytes in 285 msecs (HTTP/1.1 204) 2 headers in 112 bytes (1 switches on core 0) [pid: 8|app: 0|req: 1146/2333] 199.19.213.83 () {34 vars in 1011 bytes} [Sat Aug 15 04:03:42 2026] GET /v2.0/networks/5d1f281c-5d05-4db5-a368-53679d90e5cc?fields=segments => generated 14 bytes in 65 msecs (HTTP/1.1 200) 4 headers in 156 bytes (1 switches on core 0) [pid: 8|app: 0|req: 1147/2334] 10.0.0.136 () {32 vars in 740 bytes} [Sat Aug 15 04:03:42 2026] DELETE /v2.0/security-groups/ddcd6a40-bd3c-4983-849f-eae11c2022f3 => generated 0 bytes in 290 msecs (HTTP/1.1 204) 2 headers in 112 bytes (1 switches on core 0) [pid: 8|app: 0|req: 1148/2335] 199.19.213.83 () {34 vars in 1111 bytes} [Sat Aug 15 04:03:42 2026] GET /v2.0/networks/5d1f281c-5d05-4db5-a368-53679d90e5cc?fields=provider%3Aphysical_network&fields=provider%3Anetwork_type => generated 79 bytes in 50 msecs (HTTP/1.1 200) 4 headers in 156 bytes (1 switches on core 0) [pid: 8|app: 0|req: 1149/2336] 10.0.0.240 () {34 vars in 990 bytes} [Sat Aug 15 04:03:42 2026] GET /v2.0/ports?device_id=bb7e6231-9d1d-435c-b2db-cbcb72670b4c => generated 973 bytes in 52 msecs (HTTP/1.1 200) 4 headers in 157 bytes (1 switches on core 0) [pid: 8|app: 0|req: 1150/2337] 10.0.0.240 () {34 vars in 1040 bytes} [Sat Aug 15 04:03:42 2026] GET /v2.0/security-groups?id=e4e2474e-96a0-4010-b0f6-c4f9da035a78&fields=id&fields=name => generated 114 bytes in 40 msecs (HTTP/1.1 200) 4 headers in 157 bytes (1 switches on core 0)
2026-08-15 04:03:43.209 7 INFO neutron.plugins.ml2.drivers.ovn.mech_driver.mech_driver [None req-24641677-3f76-4d70-a43c-b024a2e728ea - - - - - -] OVN reports status up for port: bda00f7f-be2a-47ed-8f53-22d68bff682b
2026-08-15 04:03:43.236 7 INFO neutron.plugins.ml2.plugin [None req-24641677-3f76-4d70-a43c-b024a2e728ea - - - - - -] Attempt 1 to provision port bda00f7f-be2a-47ed-8f53-22d68bff682b
2026-08-15 04:03:43.422 7 WARNING neutron.scheduler.dhcp_agent_scheduler [None req-8b0ee820-b5cf-413a-b4c7-1194d322d4c7 9e4486d22eef46a9b65ebd7192545717 b8b3bb8374b94df48550caf2f68b07d3 - - default default] No more DHCP agents
2026-08-15 04:03:43.430 7 WARNING neutron.api.rpc.agentnotifiers.dhcp_rpc_agent_api [None req-8b0ee820-b5cf-413a-b4c7-1194d322d4c7 9e4486d22eef46a9b65ebd7192545717 b8b3bb8374b94df48550caf2f68b07d3 - - default default] Unable to schedule network 68fb7452-48fa-4c9d-abc6-7a82eea81763: no agents available; will retry on subsequent port and subnet creation events.
2026-08-15 04:03:44.085 7 INFO neutron.db.ovn_revision_numbers_db [None req-24641677-3f76-4d70-a43c-b024a2e728ea - - - - - -] Successfully bumped revision number for resource bda00f7f-be2a-47ed-8f53-22d68bff682b (type: ports) to 2 [pid: 8|app: 0|req: 1151/2338] 10.0.0.240 () {34 vars in 990 bytes} [Sat Aug 15 04:03:44 2026] GET /v2.0/ports?device_id=bb7e6231-9d1d-435c-b2db-cbcb72670b4c => generated 973 bytes in 55 msecs (HTTP/1.1 200) 4 headers in 157 bytes (1 switches on core 0) [pid: 8|app: 0|req: 1152/2339] 10.0.0.240 () {34 vars in 1040 bytes} [Sat Aug 15 04:03:44 2026] GET /v2.0/security-groups?id=e4e2474e-96a0-4010-b0f6-c4f9da035a78&fields=id&fields=name => generated 114 bytes in 46 msecs (HTTP/1.1 200) 4 headers in 157 bytes (1 switches on core 0)
2026-08-15 04:03:44.324 7 INFO neutron.db.ovn_revision_numbers_db [None req-8b0ee820-b5cf-413a-b4c7-1194d322d4c7 9e4486d22eef46a9b65ebd7192545717 b8b3bb8374b94df48550caf2f68b07d3 - - default default] Successfully bumped revision number for resource bda00f7f-be2a-47ed-8f53-22d68bff682b (type: router_ports) to 1 [pid: 7|app: 0|req: 1188/2340] 10.0.0.136 () {34 vars in 783 bytes} [Sat Aug 15 04:03:40 2026] PUT /v2.0/routers/380be8d3-ff93-48bd-b472-bcdc979a55e8/add_router_interface => generated 309 bytes in 3743 msecs (HTTP/1.1 200) 4 headers in 157 bytes (1 switches on core 0)
2026-08-15 04:03:44.401 7 INFO neutron.db.ovn_revision_numbers_db [None req-efa8eba9-f612-4b96-978c-bbcc4f277a70 - - - - - -] Successfully bumped revision number for resource bda00f7f-be2a-47ed-8f53-22d68bff682b (type: router_ports) to 2
2026-08-15 04:03:44.995 8 WARNING neutron.scheduler.dhcp_agent_scheduler [None req-69775666-82fd-4f14-8128-1702d5bb4b40 - - - - - -] No more DHCP agents
2026-08-15 04:03:44.996 8 WARNING neutron.api.rpc.agentnotifiers.dhcp_rpc_agent_api [None req-69775666-82fd-4f14-8128-1702d5bb4b40 - - - - - -] Unable to schedule network 33694aa3-979a-4454-8256-e49c7f5709e4: no agents available; will retry on subsequent port and subnet creation events.
2026-08-15 04:03:45.157 8 INFO neutron.db.ovn_revision_numbers_db [None req-69775666-82fd-4f14-8128-1702d5bb4b40 - - - - - -] Successfully bumped revision number for resource 722cfaf2-f4f3-4c07-a3ea-d0aa1d02f789 (type: ports) to 1
2026-08-15 04:03:45.249 7 INFO neutron.db.ovn_revision_numbers_db [None req-61bded43-9718-40d4-9ce3-5d73be0f4787 f2729c513c2641c9a5aa66c7b3957408 b470c69e71a247a09c785e5382cca18c - - default default] Successfully bumped revision number for resource 4d4fd069-26c3-4ef4-8b57-2eedfa8cdb63 (type: security_groups) to 1
2026-08-15 04:03:45.261 8 WARNING neutron.plugins.ml2.drivers.ovn.mech_driver.ovsdb.ovn_client [None req-9205eae0-470c-4c10-a76b-22441c807389 - - - - - -] No hosting information found for port 19307f11-685f-459b-b262-665a57d6b724: RuntimeError: No hosting information found for port 19307f11-685f-459b-b262-665a57d6b724
2026-08-15 04:03:45.262 8 INFO neutron.plugins.ml2.drivers.ovn.mech_driver.mech_driver [None req-9205eae0-470c-4c10-a76b-22441c807389 - - - - - -] OVN reports status down for port: 722cfaf2-f4f3-4c07-a3ea-d0aa1d02f789
2026-08-15 04:03:45.267 7 INFO neutron.db.ovn_revision_numbers_db [None req-61bded43-9718-40d4-9ce3-5d73be0f4787 f2729c513c2641c9a5aa66c7b3957408 b470c69e71a247a09c785e5382cca18c - - default default] Successfully bumped revision number for resource 03ead80e-d660-4926-adba-1608550b1268 (type: security_group_rules) to 0
2026-08-15 04:03:45.284 7 INFO neutron.db.ovn_revision_numbers_db [None req-61bded43-9718-40d4-9ce3-5d73be0f4787 f2729c513c2641c9a5aa66c7b3957408 b470c69e71a247a09c785e5382cca18c - - default default] Successfully bumped revision number for resource 48045db3-93f1-4e49-a024-e45f9dd2d0f6 (type: security_group_rules) to 0
2026-08-15 04:03:45.305 7 INFO neutron.db.ovn_revision_numbers_db [None req-61bded43-9718-40d4-9ce3-5d73be0f4787 f2729c513c2641c9a5aa66c7b3957408 b470c69e71a247a09c785e5382cca18c - - default default] Successfully bumped revision number for resource e1c03ae7-d595-44a8-85a8-3f31e7867f4e (type: security_group_rules) to 0
2026-08-15 04:03:45.323 7 INFO neutron.db.ovn_revision_numbers_db [None req-61bded43-9718-40d4-9ce3-5d73be0f4787 f2729c513c2641c9a5aa66c7b3957408 b470c69e71a247a09c785e5382cca18c - - default default] Successfully bumped revision number for resource ee60b264-ee15-43df-ac6e-d4c98b657065 (type: security_group_rules) to 0
2026-08-15 04:03:45.429 7 INFO neutron.db.segments_db [None req-61bded43-9718-40d4-9ce3-5d73be0f4787 f2729c513c2641c9a5aa66c7b3957408 b470c69e71a247a09c785e5382cca18c - - default default] Added segment 131b456c-5fb9-49a6-88a0-5a36931c212d of type geneve for network e091c6bc-eb1b-41d1-a2bf-91965f71d1da
2026-08-15 04:03:45.606 8 INFO neutron.plugins.ml2.drivers.ovn.mech_driver.mech_driver [None req-9205eae0-470c-4c10-a76b-22441c807389 - - - - - -] OVN reports status up for port: f91266b4-5632-47c1-81e7-0a2418aadc29
2026-08-15 04:03:45.608 7 INFO neutron.db.ovn_revision_numbers_db [None req-61bded43-9718-40d4-9ce3-5d73be0f4787 f2729c513c2641c9a5aa66c7b3957408 b470c69e71a247a09c785e5382cca18c - - default default] Successfully bumped revision number for resource e091c6bc-eb1b-41d1-a2bf-91965f71d1da (type: networks) to 1
2026-08-15 04:03:45.619 8 INFO neutron.db.ovn_revision_numbers_db [None req-69775666-82fd-4f14-8128-1702d5bb4b40 - - - - - -] Successfully bumped revision number for resource 722cfaf2-f4f3-4c07-a3ea-d0aa1d02f789 (type: ports) to 3
2026-08-15 04:03:45.638 8 INFO neutron.plugins.ml2.plugin [None req-9205eae0-470c-4c10-a76b-22441c807389 - - - - - -] Attempt 1 to provision port f91266b4-5632-47c1-81e7-0a2418aadc29
2026-08-15 04:03:45.738 8 INFO neutron.db.segments_db [None req-69775666-82fd-4f14-8128-1702d5bb4b40 - - - - - -] Added segment 00c0d801-c8a6-4e90-abb6-503f7f28c2b1 of type geneve for network a460c413-fdc6-4df3-b803-6f0c9185e7fc
2026-08-15 04:03:45.822 7 WARNING neutron.scheduler.dhcp_agent_scheduler [None req-61bded43-9718-40d4-9ce3-5d73be0f4787 f2729c513c2641c9a5aa66c7b3957408 b470c69e71a247a09c785e5382cca18c - - default default] No more DHCP agents
2026-08-15 04:03:45.828 7 WARNING neutron.api.rpc.agentnotifiers.dhcp_rpc_agent_api [None req-61bded43-9718-40d4-9ce3-5d73be0f4787 f2729c513c2641c9a5aa66c7b3957408 b470c69e71a247a09c785e5382cca18c - - default default] Unable to schedule network e091c6bc-eb1b-41d1-a2bf-91965f71d1da: no agents available; will retry on subsequent port and subnet creation events.
2026-08-15 04:03:45.856 8 INFO neutron.notifiers.nova [-] Nova event matching ['req-b7cee477-2a45-4980-9d51-fbdb773b4a56'] response: {'server_uuid': 'bb7e6231-9d1d-435c-b2db-cbcb72670b4c', 'name': 'network-vif-plugged', 'status': 'completed', 'tag': 'f91266b4-5632-47c1-81e7-0a2418aadc29', 'code': 200}
2026-08-15 04:03:45.896 7 INFO neutron.plugins.ml2.drivers.ovn.mech_driver.mech_driver [None req-efa8eba9-f612-4b96-978c-bbcc4f277a70 - - - - - -] OVN reports status down for port: d030c4d9-3643-4a60-a529-e50d3478798c
2026-08-15 04:03:45.965 7 INFO neutron.db.ovn_revision_numbers_db [None req-61bded43-9718-40d4-9ce3-5d73be0f4787 f2729c513c2641c9a5aa66c7b3957408 b470c69e71a247a09c785e5382cca18c - - default default] Successfully bumped revision number for resource d030c4d9-3643-4a60-a529-e50d3478798c (type: ports) to 1
2026-08-15 04:03:46.007 8 INFO neutron.db.ovn_revision_numbers_db [None req-0073d6fa-e890-41be-b7a0-0b22ce3ae980 - - - - - -] Successfully bumped revision number for resource a460c413-fdc6-4df3-b803-6f0c9185e7fc (type: networks) to 1 [pid: 7|app: 0|req: 1189/2341] 10.0.0.136 () {34 vars in 670 bytes} [Sat Aug 15 04:03:44 2026] POST /v2.0/networks => generated 687 bytes in 1215 msecs (HTTP/1.1 201) 4 headers in 162 bytes (1 switches on core 0) [pid: 7|app: 0|req: 1190/2342] 10.0.0.240 () {34 vars in 990 bytes} [Sat Aug 15 04:03:46 2026] GET /v2.0/ports?device_id=bb7e6231-9d1d-435c-b2db-cbcb72670b4c => generated 975 bytes in 95 msecs (HTTP/1.1 200) 4 headers in 157 bytes (1 switches on core 0)
2026-08-15 04:03:46.209 8 INFO neutron.db.ovn_revision_numbers_db [None req-9205eae0-470c-4c10-a76b-22441c807389 - - - - - -] Successfully bumped revision number for resource f91266b4-5632-47c1-81e7-0a2418aadc29 (type: ports) to 5
2026-08-15 04:03:46.344 7 WARNING neutron.scheduler.dhcp_agent_scheduler [None req-53ea5bb8-3aa8-44e1-a342-15781597a26f f2729c513c2641c9a5aa66c7b3957408 b470c69e71a247a09c785e5382cca18c - - default default] No more DHCP agents
2026-08-15 04:03:46.347 7 WARNING neutron.api.rpc.agentnotifiers.dhcp_rpc_agent_api [None req-53ea5bb8-3aa8-44e1-a342-15781597a26f f2729c513c2641c9a5aa66c7b3957408 b470c69e71a247a09c785e5382cca18c - - default default] Unable to schedule network e091c6bc-eb1b-41d1-a2bf-91965f71d1da: no agents available; will retry on subsequent port and subnet creation events.
2026-08-15 04:03:46.365 8 WARNING neutron.scheduler.dhcp_agent_scheduler [None req-0073d6fa-e890-41be-b7a0-0b22ce3ae980 - - - - - -] No more DHCP agents
2026-08-15 04:03:46.367 8 WARNING neutron.api.rpc.agentnotifiers.dhcp_rpc_agent_api [None req-0073d6fa-e890-41be-b7a0-0b22ce3ae980 - - - - - -] Unable to schedule network a460c413-fdc6-4df3-b803-6f0c9185e7fc: no agents available; will retry on subsequent port and subnet creation events.
2026-08-15 04:03:46.379 7 INFO neutron.db.ovn_revision_numbers_db [None req-53ea5bb8-3aa8-44e1-a342-15781597a26f f2729c513c2641c9a5aa66c7b3957408 b470c69e71a247a09c785e5382cca18c - - default default] Successfully bumped revision number for resource 04243429-c4b8-4409-bb80-70ffe944e040 (type: subnets) to 0 [pid: 7|app: 0|req: 1191/2343] 10.0.0.136 () {34 vars in 669 bytes} [Sat Aug 15 04:03:46 2026] POST /v2.0/subnets => generated 627 bytes in 279 msecs (HTTP/1.1 201) 4 headers in 162 bytes (1 switches on core 0)
2026-08-15 04:03:46.451 8 INFO neutron.plugins.ml2.drivers.ovn.mech_driver.mech_driver [None req-b921c978-00e6-4679-8c35-e6b702fe2564 - - - - - -] OVN reports status down for port: 1d9c6728-fc86-48f4-93fb-5fa581795eb5 [pid: 7|app: 0|req: 1192/2344] 10.0.0.240 () {34 vars in 1040 bytes} [Sat Aug 15 04:03:46 2026] GET /v2.0/security-groups?id=e4e2474e-96a0-4010-b0f6-c4f9da035a78&fields=id&fields=name => generated 114 bytes in 69 msecs (HTTP/1.1 200) 4 headers in 157 bytes (1 switches on core 0)
2026-08-15 04:03:46.515 8 INFO neutron.db.ovn_revision_numbers_db [None req-0073d6fa-e890-41be-b7a0-0b22ce3ae980 - - - - - -] Successfully bumped revision number for resource 1d9c6728-fc86-48f4-93fb-5fa581795eb5 (type: ports) to 1
2026-08-15 04:03:46.705 8 WARNING neutron.scheduler.dhcp_agent_scheduler [None req-0073d6fa-e890-41be-b7a0-0b22ce3ae980 - - - - - -] No more DHCP agents
2026-08-15 04:03:46.706 8 WARNING neutron.api.rpc.agentnotifiers.dhcp_rpc_agent_api [None req-0073d6fa-e890-41be-b7a0-0b22ce3ae980 - - - - - -] Unable to schedule network a460c413-fdc6-4df3-b803-6f0c9185e7fc: no agents available; will retry on subsequent port and subnet creation events.
2026-08-15 04:03:46.735 8 INFO neutron.db.ovn_revision_numbers_db [None req-0073d6fa-e890-41be-b7a0-0b22ce3ae980 - - - - - -] Successfully bumped revision number for resource caa4dc48-b90d-4959-99fc-134bf7cb6339 (type: subnets) to 0
2026-08-15 04:03:46.936 7 WARNING neutron.scheduler.dhcp_agent_scheduler [None req-ad7f81ad-1eb9-4c93-b2fc-7881a03d3176 f2729c513c2641c9a5aa66c7b3957408 b470c69e71a247a09c785e5382cca18c - - default default] No more DHCP agents
2026-08-15 04:03:46.938 7 WARNING neutron.api.rpc.agentnotifiers.dhcp_rpc_agent_api [None req-ad7f81ad-1eb9-4c93-b2fc-7881a03d3176 f2729c513c2641c9a5aa66c7b3957408 b470c69e71a247a09c785e5382cca18c - - default default] Unable to schedule network 33694aa3-979a-4454-8256-e49c7f5709e4: no agents available; will retry on subsequent port and subnet creation events.
2026-08-15 04:03:47.099 7 INFO neutron.plugins.ml2.drivers.ovn.mech_driver.mech_driver [None req-efa8eba9-f612-4b96-978c-bbcc4f277a70 - - - - - -] OVN reports status down for port: 5e76cfb3-d936-4af2-931c-bfb6114fa7e6
2026-08-15 04:03:47.156 7 INFO neutron.db.ovn_revision_numbers_db [None req-ad7f81ad-1eb9-4c93-b2fc-7881a03d3176 f2729c513c2641c9a5aa66c7b3957408 b470c69e71a247a09c785e5382cca18c - - default default] Successfully bumped revision number for resource 5e76cfb3-d936-4af2-931c-bfb6114fa7e6 (type: ports) to 1
2026-08-15 04:03:47.246 8 WARNING neutron.scheduler.dhcp_agent_scheduler [None req-0073d6fa-e890-41be-b7a0-0b22ce3ae980 - - - - - -] No more DHCP agents
2026-08-15 04:03:47.248 8 WARNING neutron.api.rpc.agentnotifiers.dhcp_rpc_agent_api [None req-0073d6fa-e890-41be-b7a0-0b22ce3ae980 - - - - - -] Unable to schedule network a460c413-fdc6-4df3-b803-6f0c9185e7fc: no agents available; will retry on subsequent port and subnet creation events.
2026-08-15 04:03:47.379 7 INFO neutron.plugins.ml2.drivers.ovn.mech_driver.mech_driver [None req-efa8eba9-f612-4b96-978c-bbcc4f277a70 - - - - - -] OVN reports status down for port: 2978906f-23df-403b-8bce-bc4654953d97
2026-08-15 04:03:47.452 8 INFO neutron.db.ovn_revision_numbers_db [None req-0073d6fa-e890-41be-b7a0-0b22ce3ae980 - - - - - -] Successfully bumped revision number for resource 2978906f-23df-403b-8bce-bc4654953d97 (type: ports) to 1
2026-08-15 04:03:47.920 8 INFO neutron.notifiers.nova [-] Nova event matching ['req-16cd8222-0914-4e7a-b433-fb4e7cf76d29'] response: {'server_uuid': 'bb7e6231-9d1d-435c-b2db-cbcb72670b4c', 'name': 'network-vif-plugged', 'status': 'completed', 'tag': 'f91266b4-5632-47c1-81e7-0a2418aadc29', 'code': 200}
2026-08-15 04:03:48.051 7 INFO neutron.plugins.ml2.drivers.ovn.mech_driver.mech_driver [None req-efa8eba9-f612-4b96-978c-bbcc4f277a70 - - - - - -] OVN reports status up for port: 2978906f-23df-403b-8bce-bc4654953d97
2026-08-15 04:03:48.052 7 INFO neutron.plugins.ml2.drivers.ovn.mech_driver.ovsdb.commands [None req-a251bc2c-3682-419d-ae47-98d7241638e8 - - - - - -] Schedule LRP lrp-5e76cfb3-d936-4af2-931c-bfb6114fa7e6 on gateway 149cc958-c735-403d-b9e2-b5c0732eee4e with priority 1
2026-08-15 04:03:48.128 8 WARNING neutron.scheduler.dhcp_agent_scheduler [None req-0073d6fa-e890-41be-b7a0-0b22ce3ae980 - - - - - -] No more DHCP agents
2026-08-15 04:03:48.129 7 INFO neutron.plugins.ml2.plugin [None req-efa8eba9-f612-4b96-978c-bbcc4f277a70 - - - - - -] Attempt 1 to provision port 2978906f-23df-403b-8bce-bc4654953d97
2026-08-15 04:03:48.129 8 WARNING neutron.api.rpc.agentnotifiers.dhcp_rpc_agent_api [None req-0073d6fa-e890-41be-b7a0-0b22ce3ae980 - - - - - -] Unable to schedule network a460c413-fdc6-4df3-b803-6f0c9185e7fc: no agents available; will retry on subsequent port and subnet creation events.
2026-08-15 04:03:48.165 7 INFO neutron.db.ovn_revision_numbers_db [None req-ad7f81ad-1eb9-4c93-b2fc-7881a03d3176 f2729c513c2641c9a5aa66c7b3957408 b470c69e71a247a09c785e5382cca18c - - default default] Successfully bumped revision number for resource 5e76cfb3-d936-4af2-931c-bfb6114fa7e6 (type: router_ports) to 1
2026-08-15 04:03:48.304 7 INFO neutron.db.ovn_revision_numbers_db [None req-ad7f81ad-1eb9-4c93-b2fc-7881a03d3176 f2729c513c2641c9a5aa66c7b3957408 b470c69e71a247a09c785e5382cca18c - - default default] Successfully bumped revision number for resource 32139bc2-c76f-493b-a76e-ab720d24898e (type: routers) to 2 [pid: 7|app: 0|req: 1193/2345] 10.0.0.136 () {34 vars in 669 bytes} [Sat Aug 15 04:03:46 2026] POST /v2.0/routers => generated 954 bytes in 1898 msecs (HTTP/1.1 201) 4 headers in 162 bytes (1 switches on core 0) [pid: 7|app: 0|req: 1194/2346] 10.0.0.240 () {34 vars in 990 bytes} [Sat Aug 15 04:03:48 2026] GET /v2.0/ports?device_id=bb7e6231-9d1d-435c-b2db-cbcb72670b4c => generated 975 bytes in 88 msecs (HTTP/1.1 200) 4 headers in 157 bytes (1 switches on core 0)
2026-08-15 04:03:48.623 8 INFO neutron.db.ovn_revision_numbers_db [None req-0073d6fa-e890-41be-b7a0-0b22ce3ae980 - - - - - -] Successfully bumped revision number for resource 2978906f-23df-403b-8bce-bc4654953d97 (type: router_ports) to 1
2026-08-15 04:03:48.865 8 WARNING neutron.scheduler.dhcp_agent_scheduler [None req-0073d6fa-e890-41be-b7a0-0b22ce3ae980 - - - - - -] No more DHCP agents
2026-08-15 04:03:48.867 8 WARNING neutron.api.rpc.agentnotifiers.dhcp_rpc_agent_api [None req-0073d6fa-e890-41be-b7a0-0b22ce3ae980 - - - - - -] Unable to schedule network a460c413-fdc6-4df3-b803-6f0c9185e7fc: no agents available; will retry on subsequent port and subnet creation events.
2026-08-15 04:03:48.975 8 INFO neutron.plugins.ml2.drivers.ovn.mech_driver.mech_driver [None req-b921c978-00e6-4679-8c35-e6b702fe2564 - - - - - -] OVN reports status down for port: f9ac98fe-a93a-4221-b053-51d5d1136d3f
2026-08-15 04:03:49.061 8 INFO neutron.db.ovn_revision_numbers_db [None req-0073d6fa-e890-41be-b7a0-0b22ce3ae980 - - - - - -] Successfully bumped revision number for resource f9ac98fe-a93a-4221-b053-51d5d1136d3f (type: ports) to 1
2026-08-15 04:03:49.281 7 INFO neutron.db.ovn_revision_numbers_db [None req-efa8eba9-f612-4b96-978c-bbcc4f277a70 - - - - - -] Successfully bumped revision number for resource 2978906f-23df-403b-8bce-bc4654953d97 (type: ports) to 2
2026-08-15 04:03:49.360 8 INFO neutron.db.ovn_revision_numbers_db [None req-0073d6fa-e890-41be-b7a0-0b22ce3ae980 - - - - - -] Successfully bumped revision number for resource f9ac98fe-a93a-4221-b053-51d5d1136d3f (type: ports) to 3
2026-08-15 04:03:49.470 7 INFO neutron.plugins.ml2.drivers.ovn.mech_driver.mech_driver [None req-2f0d5c06-62c8-4627-9348-49dce0899e7a - - - - - -] OVN reports status up for port: 5e76cfb3-d936-4af2-931c-bfb6114fa7e6
2026-08-15 04:03:49.494 7 INFO neutron.plugins.ml2.plugin [None req-2f0d5c06-62c8-4627-9348-49dce0899e7a - - - - - -] Attempt 1 to provision port 5e76cfb3-d936-4af2-931c-bfb6114fa7e6
2026-08-15 04:03:49.561 7 WARNING neutron.scheduler.dhcp_agent_scheduler [None req-1fc86e1f-24c8-4491-ab91-7c0548f6e7f9 f2729c513c2641c9a5aa66c7b3957408 b470c69e71a247a09c785e5382cca18c - - default default] No more DHCP agents
2026-08-15 04:03:49.565 7 WARNING neutron.api.rpc.agentnotifiers.dhcp_rpc_agent_api [None req-1fc86e1f-24c8-4491-ab91-7c0548f6e7f9 f2729c513c2641c9a5aa66c7b3957408 b470c69e71a247a09c785e5382cca18c - - default default] Unable to schedule network e091c6bc-eb1b-41d1-a2bf-91965f71d1da: no agents available; will retry on subsequent port and subnet creation events. [pid: 8|app: 0|req: 1153/2347] 10.0.0.136 () {34 vars in 685 bytes} [Sat Aug 15 04:03:44 2026] POST /v2.0/vpn/vpnservices => generated 459 bytes in 5284 msecs (HTTP/1.1 201) 4 headers in 162 bytes (1 switches on core 0) /var/lib/openstack/lib/python3.12/site-packages/pycadf/identifier.py:70: UserWarning: Invalid uuid: neutron. To ensure interoperability, identifiers should be a valid uuid. warnings.warn(('Invalid uuid: %s. To ensure interoperability, ' [pid: 8|app: 0|req: 1154/2348] 10.0.0.240 () {34 vars in 1040 bytes} [Sat Aug 15 04:03:49 2026] GET /v2.0/security-groups?id=e4e2474e-96a0-4010-b0f6-c4f9da035a78&fields=id&fields=name => generated 114 bytes in 33 msecs (HTTP/1.1 200) 4 headers in 157 bytes (1 switches on core 0) [pid: 8|app: 0|req: 1155/2349] 10.0.0.136 () {32 vars in 663 bytes} [Sat Aug 15 04:03:49 2026] GET /v2.0/vpn/vpnservices => generated 1315 bytes in 14 msecs (HTTP/1.1 200) 4 headers in 158 bytes (1 switches on core 0)
2026-08-15 04:03:49.749 8 INFO neutron.plugins.ml2.drivers.ovn.mech_driver.mech_driver [None req-b921c978-00e6-4679-8c35-e6b702fe2564 - - - - - -] OVN reports status down for port: ff29c3ee-b2b7-4b04-881f-3e0da4c70fa0
2026-08-15 04:03:49.755 7 INFO neutron.db.ovn_revision_numbers_db [None req-1fc86e1f-24c8-4491-ab91-7c0548f6e7f9 f2729c513c2641c9a5aa66c7b3957408 b470c69e71a247a09c785e5382cca18c - - default default] Successfully bumped revision number for resource ff29c3ee-b2b7-4b04-881f-3e0da4c70fa0 (type: ports) to 1
2026-08-15 04:03:50.087 8 INFO neutron_taas.services.taas.taas_plugin [None req-fbc94f2e-6b56-4de1-9d0a-42e697c135f2 9e4486d22eef46a9b65ebd7192545717 b8b3bb8374b94df48550caf2f68b07d3 - - default default] TaaS: Handle Delete Port: 722cfaf2-f4f3-4c07-a3ea-d0aa1d02f789
2026-08-15 04:03:50.090 8 INFO neutron_taas.services.taas.tap_mirror_plugin [None req-fbc94f2e-6b56-4de1-9d0a-42e697c135f2 9e4486d22eef46a9b65ebd7192545717 b8b3bb8374b94df48550caf2f68b07d3 - - default default] Tap Mirror: Handle Delete Port: 722cfaf2-f4f3-4c07-a3ea-d0aa1d02f789
2026-08-15 04:03:50.489 8 INFO neutron_taas.services.taas.taas_plugin [None req-bbbb3b76-5cfe-49c2-bf71-ef93985582d8 - - - - - -] TaaS: Handle Delete Port: f9ac98fe-a93a-4221-b053-51d5d1136d3f
2026-08-15 04:03:50.492 8 INFO neutron_taas.services.taas.tap_mirror_plugin [None req-bbbb3b76-5cfe-49c2-bf71-ef93985582d8 - - - - - -] Tap Mirror: Handle Delete Port: f9ac98fe-a93a-4221-b053-51d5d1136d3f
2026-08-15 04:03:50.569 8 INFO neutron.plugins.ml2.drivers.ovn.mech_driver.mech_driver [None req-b921c978-00e6-4679-8c35-e6b702fe2564 - - - - - -] OVN reports status up for port: ff29c3ee-b2b7-4b04-881f-3e0da4c70fa0
2026-08-15 04:03:50.608 8 INFO neutron.plugins.ml2.plugin [None req-b921c978-00e6-4679-8c35-e6b702fe2564 - - - - - -] Attempt 1 to provision port ff29c3ee-b2b7-4b04-881f-3e0da4c70fa0
2026-08-15 04:03:50.639 7 WARNING neutron.scheduler.dhcp_agent_scheduler [None req-1fc86e1f-24c8-4491-ab91-7c0548f6e7f9 f2729c513c2641c9a5aa66c7b3957408 b470c69e71a247a09c785e5382cca18c - - default default] No more DHCP agents
2026-08-15 04:03:50.646 7 WARNING neutron.api.rpc.agentnotifiers.dhcp_rpc_agent_api [None req-1fc86e1f-24c8-4491-ab91-7c0548f6e7f9 f2729c513c2641c9a5aa66c7b3957408 b470c69e71a247a09c785e5382cca18c - - default default] Unable to schedule network e091c6bc-eb1b-41d1-a2bf-91965f71d1da: no agents available; will retry on subsequent port and subnet creation events.
2026-08-15 04:03:51.032 7 INFO neutron.db.ovn_revision_numbers_db [None req-1fc86e1f-24c8-4491-ab91-7c0548f6e7f9 f2729c513c2641c9a5aa66c7b3957408 b470c69e71a247a09c785e5382cca18c - - default default] Successfully bumped revision number for resource ff29c3ee-b2b7-4b04-881f-3e0da4c70fa0 (type: router_ports) to 1 [pid: 7|app: 0|req: 1195/2350] 10.0.0.136 () {34 vars in 783 bytes} [Sat Aug 15 04:03:48 2026] PUT /v2.0/routers/32139bc2-c76f-493b-a76e-ab720d24898e/add_router_interface => generated 309 bytes in 2583 msecs (HTTP/1.1 200) 4 headers in 157 bytes (1 switches on core 0) [pid: 7|app: 0|req: 1196/2351] 10.0.0.240 () {34 vars in 990 bytes} [Sat Aug 15 04:03:51 2026] GET /v2.0/ports?device_id=bb7e6231-9d1d-435c-b2db-cbcb72670b4c => generated 975 bytes in 40 msecs (HTTP/1.1 200) 4 headers in 157 bytes (1 switches on core 0)
2026-08-15 04:03:51.383 8 INFO neutron_taas.services.taas.taas_plugin [None req-3907f037-657c-41c8-9bf4-6e3fa78ec1b8 - - - - - -] TaaS: Handle Delete Port: 2978906f-23df-403b-8bce-bc4654953d97
2026-08-15 04:03:51.388 8 INFO neutron_taas.services.taas.tap_mirror_plugin [None req-3907f037-657c-41c8-9bf4-6e3fa78ec1b8 - - - - - -] Tap Mirror: Handle Delete Port: 2978906f-23df-403b-8bce-bc4654953d97
2026-08-15 04:03:51.446 7 WARNING neutron.scheduler.dhcp_agent_scheduler [None req-04f7d10e-edf7-44e8-991b-14462cfdda55 f2729c513c2641c9a5aa66c7b3957408 b470c69e71a247a09c785e5382cca18c - - default default] No more DHCP agents
2026-08-15 04:03:51.448 7 WARNING neutron.api.rpc.agentnotifiers.dhcp_rpc_agent_api [None req-04f7d10e-edf7-44e8-991b-14462cfdda55 f2729c513c2641c9a5aa66c7b3957408 b470c69e71a247a09c785e5382cca18c - - default default] Unable to schedule network e091c6bc-eb1b-41d1-a2bf-91965f71d1da: no agents available; will retry on subsequent port and subnet creation events.
2026-08-15 04:03:51.628 7 INFO neutron.db.ovn_revision_numbers_db [None req-04f7d10e-edf7-44e8-991b-14462cfdda55 f2729c513c2641c9a5aa66c7b3957408 b470c69e71a247a09c785e5382cca18c - - default default] Successfully bumped revision number for resource bb9e1fa5-a4ff-4d1f-bf82-37c6e67ea593 (type: ports) to 1 [pid: 7|app: 0|req: 1197/2352] 10.0.0.136 () {34 vars in 665 bytes} [Sat Aug 15 04:03:51 2026] POST /v2.0/ports => generated 959 bytes in 621 msecs (HTTP/1.1 201) 4 headers in 162 bytes (1 switches on core 0) /var/lib/openstack/lib/python3.12/site-packages/pycadf/identifier.py:70: UserWarning: Invalid uuid: neutron. To ensure interoperability, identifiers should be a valid uuid. warnings.warn(('Invalid uuid: %s. To ensure interoperability, ' [pid: 7|app: 0|req: 1198/2353] 10.0.0.240 () {34 vars in 1040 bytes} [Sat Aug 15 04:03:51 2026] GET /v2.0/security-groups?id=e4e2474e-96a0-4010-b0f6-c4f9da035a78&fields=id&fields=name => generated 114 bytes in 34 msecs (HTTP/1.1 200) 4 headers in 157 bytes (1 switches on core 0)
2026-08-15 04:03:51.833 8 INFO neutron.db.ovn_revision_numbers_db [None req-b921c978-00e6-4679-8c35-e6b702fe2564 - - - - - -] Successfully bumped revision number for resource ff29c3ee-b2b7-4b04-881f-3e0da4c70fa0 (type: ports) to 2
2026-08-15 04:03:52.046 7 WARNING neutron.scheduler.dhcp_agent_scheduler [None req-6f37381b-0884-4615-b4c5-aadffe47d24a f2729c513c2641c9a5aa66c7b3957408 b470c69e71a247a09c785e5382cca18c - - default default] No more DHCP agents
2026-08-15 04:03:52.047 7 WARNING neutron.api.rpc.agentnotifiers.dhcp_rpc_agent_api [None req-6f37381b-0884-4615-b4c5-aadffe47d24a f2729c513c2641c9a5aa66c7b3957408 b470c69e71a247a09c785e5382cca18c - - default default] Unable to schedule network e091c6bc-eb1b-41d1-a2bf-91965f71d1da: no agents available; will retry on subsequent port and subnet creation events.
2026-08-15 04:03:52.194 8 INFO neutron.db.ovn_revision_numbers_db [None req-7408838c-5256-4e5b-bcc3-789c254cce1b - - - - - -] Successfully bumped revision number for resource ff29c3ee-b2b7-4b04-881f-3e0da4c70fa0 (type: router_ports) to 2
2026-08-15 04:03:52.249 7 INFO neutron.db.ovn_revision_numbers_db [None req-6f37381b-0884-4615-b4c5-aadffe47d24a f2729c513c2641c9a5aa66c7b3957408 b470c69e71a247a09c785e5382cca18c - - default default] Successfully bumped revision number for resource 8dbf7d77-0699-4749-8f48-2bea7dec3965 (type: ports) to 1 [pid: 7|app: 0|req: 1199/2354] 10.0.0.136 () {34 vars in 665 bytes} [Sat Aug 15 04:03:51 2026] POST /v2.0/ports => generated 955 bytes in 534 msecs (HTTP/1.1 201) 4 headers in 162 bytes (1 switches on core 0) /var/lib/openstack/lib/python3.12/site-packages/pycadf/identifier.py:70: UserWarning: Invalid uuid: neutron. To ensure interoperability, identifiers should be a valid uuid. warnings.warn(('Invalid uuid: %s. To ensure interoperability, '
2026-08-15 04:03:52.298 8 INFO neutron.plugins.ml2.drivers.ovn.mech_driver.mech_driver [None req-7408838c-5256-4e5b-bcc3-789c254cce1b - - - - - -] OVN reports status down for port: bb9e1fa5-a4ff-4d1f-bf82-37c6e67ea593 [pid: 7|app: 0|req: 1200/2355] 10.0.0.136 () {32 vars in 736 bytes} [Sat Aug 15 04:03:52 2026] GET /v2.0/ports?device_id=bb7e6231-9d1d-435c-b2db-cbcb72670b4c => generated 1213 bytes in 66 msecs (HTTP/1.1 200) 4 headers in 158 bytes (1 switches on core 0)
2026-08-15 04:03:52.633 7 WARNING neutron.scheduler.dhcp_agent_scheduler [None req-8f93dcde-4d58-4b91-9028-e0e2485393ff f2729c513c2641c9a5aa66c7b3957408 b470c69e71a247a09c785e5382cca18c - - default default] No more DHCP agents
2026-08-15 04:03:52.635 7 WARNING neutron.api.rpc.agentnotifiers.dhcp_rpc_agent_api [None req-8f93dcde-4d58-4b91-9028-e0e2485393ff f2729c513c2641c9a5aa66c7b3957408 b470c69e71a247a09c785e5382cca18c - - default default] Unable to schedule network 33694aa3-979a-4454-8256-e49c7f5709e4: no agents available; will retry on subsequent port and subnet creation events.
2026-08-15 04:03:52.881 8 INFO neutron_taas.services.taas.taas_plugin [None req-3907f037-657c-41c8-9bf4-6e3fa78ec1b8 - - - - - -] TaaS: Handle Delete Port: 1d9c6728-fc86-48f4-93fb-5fa581795eb5
2026-08-15 04:03:52.886 8 INFO neutron_taas.services.taas.tap_mirror_plugin [None req-3907f037-657c-41c8-9bf4-6e3fa78ec1b8 - - - - - -] Tap Mirror: Handle Delete Port: 1d9c6728-fc86-48f4-93fb-5fa581795eb5
2026-08-15 04:03:53.086 8 INFO neutron.services.segments.plugin [-] Segment 00c0d801-c8a6-4e90-abb6-503f7f28c2b1 resource provider aggregate not found
2026-08-15 04:03:53.093 8 INFO neutron.services.segments.plugin [-] Segment 00c0d801-c8a6-4e90-abb6-503f7f28c2b1 resource provider aggregate not found
2026-08-15 04:03:53.113 8 INFO neutron.services.segments.plugin [-] Client error retrieving segment 00c0d801-c8a6-4e90-abb6-503f7f28c2b1 resource provider; error: Placement Client Error (4xx): {"errors": [{"status": 404, "title": "Not Found", "detail": "The resource could not be found.\n\n No resource provider with uuid 00c0d801-c8a6-4e90-abb6-503f7f28c2b1 found for delete ", "request_id": "req-3dd21c19-09a2-4bca-932f-29b5e1661fdc"}]}
2026-08-15 04:03:53.114 8 INFO neutron.services.segments.plugin [-] Client error retrieving segment 00c0d801-c8a6-4e90-abb6-503f7f28c2b1 resource provider; error: Placement Client Error (4xx): {"errors": [{"status": 404, "title": "Not Found", "detail": "The resource could not be found.\n\n No resource provider with uuid 00c0d801-c8a6-4e90-abb6-503f7f28c2b1 found for delete ", "request_id": "req-eadbd035-91d8-411f-aa2f-50f31c4b91ce"}]} [pid: 8|app: 0|req: 1156/2356] 10.0.0.136 () {32 vars in 740 bytes} [Sat Aug 15 04:03:49 2026] DELETE /v2.0/vpn/vpnservices/04fe1ca0-7ce4-4622-8b81-41ae190c40fa => generated 0 bytes in 3479 msecs (HTTP/1.1 204) 2 headers in 112 bytes (1 switches on core 0) /var/lib/openstack/lib/python3.12/site-packages/pycadf/identifier.py:70: UserWarning: Invalid uuid: neutron. To ensure interoperability, identifiers should be a valid uuid. warnings.warn(('Invalid uuid: %s. To ensure interoperability, '
2026-08-15 04:03:53.527 8 INFO neutron.db.ovn_revision_numbers_db [None req-4fb7a0a4-48df-4b49-99af-52a86ae8aec2 027b0b9667124c0e8e60476a10a85abc e7d32eff205e4079920d0c3c8c5fd80e - - default default] Successfully bumped revision number for resource 6f4f5a52-f5a3-4485-ad6c-55e0bd990d62 (type: security_groups) to 1
2026-08-15 04:03:53.565 8 INFO neutron.db.ovn_revision_numbers_db [None req-4fb7a0a4-48df-4b49-99af-52a86ae8aec2 027b0b9667124c0e8e60476a10a85abc e7d32eff205e4079920d0c3c8c5fd80e - - default default] Successfully bumped revision number for resource 4b89c435-ccff-480a-9757-a82770bfa95f (type: security_group_rules) to 0
2026-08-15 04:03:53.580 8 INFO neutron.db.ovn_revision_numbers_db [None req-4fb7a0a4-48df-4b49-99af-52a86ae8aec2 027b0b9667124c0e8e60476a10a85abc e7d32eff205e4079920d0c3c8c5fd80e - - default default] Successfully bumped revision number for resource 4c27151b-5c0d-4964-b618-59545123be1c (type: security_group_rules) to 0
2026-08-15 04:03:53.595 8 INFO neutron.db.ovn_revision_numbers_db [None req-4fb7a0a4-48df-4b49-99af-52a86ae8aec2 027b0b9667124c0e8e60476a10a85abc e7d32eff205e4079920d0c3c8c5fd80e - - default default] Successfully bumped revision number for resource e8d972ea-da6a-4108-b2d7-f54cad14c586 (type: security_group_rules) to 0
2026-08-15 04:03:53.608 8 INFO neutron.db.ovn_revision_numbers_db [None req-4fb7a0a4-48df-4b49-99af-52a86ae8aec2 027b0b9667124c0e8e60476a10a85abc e7d32eff205e4079920d0c3c8c5fd80e - - default default] Successfully bumped revision number for resource ea7fb127-acbf-4326-8239-dfb273f1f70b (type: security_group_rules) to 0
2026-08-15 04:03:53.701 8 INFO neutron.db.segments_db [None req-4fb7a0a4-48df-4b49-99af-52a86ae8aec2 027b0b9667124c0e8e60476a10a85abc e7d32eff205e4079920d0c3c8c5fd80e - - default default] Added segment e8813644-60cd-4674-a1d5-0dabad9a4219 of type geneve for network 9784c16f-100d-4fda-a2bc-2bc9c66ff7bc
2026-08-15 04:03:53.715 7 INFO neutron.db.ovn_revision_numbers_db [None req-8f93dcde-4d58-4b91-9028-e0e2485393ff f2729c513c2641c9a5aa66c7b3957408 b470c69e71a247a09c785e5382cca18c - - default default] Successfully bumped revision number for resource 7c45560b-2290-4261-9c0a-4761b5b52c5b (type: floatingips) to 1
2026-08-15 04:03:53.715 7 INFO neutron.db.l3_db [None req-8f93dcde-4d58-4b91-9028-e0e2485393ff f2729c513c2641c9a5aa66c7b3957408 b470c69e71a247a09c785e5382cca18c - - default default] Floating IP 7c45560b-2290-4261-9c0a-4761b5b52c5b associated. External IP: 10.96.250.214, port: 8dbf7d77-0699-4749-8f48-2bea7dec3965. [pid: 7|app: 0|req: 1201/2357] 10.0.0.136 () {34 vars in 677 bytes} [Sat Aug 15 04:03:52 2026] POST /v2.0/floatingips => generated 842 bytes in 1412 msecs (HTTP/1.1 201) 4 headers in 162 bytes (1 switches on core 0)
2026-08-15 04:03:53.826 8 INFO neutron.db.ovn_revision_numbers_db [None req-4fb7a0a4-48df-4b49-99af-52a86ae8aec2 027b0b9667124c0e8e60476a10a85abc e7d32eff205e4079920d0c3c8c5fd80e - - default default] Successfully bumped revision number for resource 9784c16f-100d-4fda-a2bc-2bc9c66ff7bc (type: networks) to 1
2026-08-15 04:03:53.975 7 WARNING neutron.scheduler.dhcp_agent_scheduler [None req-7d8ceea6-fac2-4201-b9fc-aa69cbed79cc 2cb0c2a279a14fb9a730fa09d3cc56a8 52a8c9abd28142df8436d4ccac236c63 - - default default] No more DHCP agents
2026-08-15 04:03:53.977 7 WARNING neutron.api.rpc.agentnotifiers.dhcp_rpc_agent_api [None req-7d8ceea6-fac2-4201-b9fc-aa69cbed79cc 2cb0c2a279a14fb9a730fa09d3cc56a8 52a8c9abd28142df8436d4ccac236c63 - - default default] Unable to schedule network 33694aa3-979a-4454-8256-e49c7f5709e4: no agents available; will retry on subsequent port and subnet creation events.
2026-08-15 04:03:53.994 8 WARNING neutron.scheduler.dhcp_agent_scheduler [None req-4fb7a0a4-48df-4b49-99af-52a86ae8aec2 027b0b9667124c0e8e60476a10a85abc e7d32eff205e4079920d0c3c8c5fd80e - - default default] No more DHCP agents
2026-08-15 04:03:53.996 8 WARNING neutron.api.rpc.agentnotifiers.dhcp_rpc_agent_api [None req-4fb7a0a4-48df-4b49-99af-52a86ae8aec2 027b0b9667124c0e8e60476a10a85abc e7d32eff205e4079920d0c3c8c5fd80e - - default default] Unable to schedule network 9784c16f-100d-4fda-a2bc-2bc9c66ff7bc: no agents available; will retry on subsequent port and subnet creation events.
2026-08-15 04:03:54.057 8 INFO neutron.plugins.ml2.drivers.ovn.mech_driver.mech_driver [None req-7408838c-5256-4e5b-bcc3-789c254cce1b - - - - - -] OVN reports status down for port: 4f8aa1cb-8ae6-4d3b-a510-d169cb566a00
2026-08-15 04:03:54.127 8 INFO neutron.db.ovn_revision_numbers_db [None req-4fb7a0a4-48df-4b49-99af-52a86ae8aec2 027b0b9667124c0e8e60476a10a85abc e7d32eff205e4079920d0c3c8c5fd80e - - default default] Successfully bumped revision number for resource 4f8aa1cb-8ae6-4d3b-a510-d169cb566a00 (type: ports) to 1 [pid: 8|app: 0|req: 1157/2358] 10.0.0.136 () {34 vars in 670 bytes} [Sat Aug 15 04:03:53 2026] POST /v2.0/networks => generated 678 bytes in 1012 msecs (HTTP/1.1 201) 4 headers in 162 bytes (1 switches on core 0) /var/lib/openstack/lib/python3.12/site-packages/pycadf/identifier.py:70: UserWarning: Invalid uuid: neutron. To ensure interoperability, identifiers should be a valid uuid. warnings.warn(('Invalid uuid: %s. To ensure interoperability, ' [pid: 8|app: 0|req: 1158/2359] 10.0.0.136 () {32 vars in 663 bytes} [Sat Aug 15 04:03:54 2026] GET /v2.0/vpn/vpnservices => generated 870 bytes in 23 msecs (HTTP/1.1 200) 4 headers in 157 bytes (1 switches on core 0)
2026-08-15 04:03:54.478 8 INFO neutron.db.ovn_revision_numbers_db [None req-e3c70c43-6b1c-4d23-a6a6-17950d7b0383 f2729c513c2641c9a5aa66c7b3957408 b470c69e71a247a09c785e5382cca18c - - default default] Successfully bumped revision number for resource 7c45560b-2290-4261-9c0a-4761b5b52c5b (type: floatingips) to 2
2026-08-15 04:03:54.891 7 INFO neutron.db.ovn_revision_numbers_db [None req-7d8ceea6-fac2-4201-b9fc-aa69cbed79cc 2cb0c2a279a14fb9a730fa09d3cc56a8 52a8c9abd28142df8436d4ccac236c63 - - default default] Successfully bumped revision number for resource 823920aa-ee72-4c05-a5f1-4c4aa226443d (type: floatingips) to 1
2026-08-15 04:03:54.892 7 INFO neutron.db.l3_db [None req-7d8ceea6-fac2-4201-b9fc-aa69cbed79cc 2cb0c2a279a14fb9a730fa09d3cc56a8 52a8c9abd28142df8436d4ccac236c63 - - default default] Floating IP 823920aa-ee72-4c05-a5f1-4c4aa226443d associated. External IP: 10.96.250.209, port: f91266b4-5632-47c1-81e7-0a2418aadc29.
2026-08-15 04:03:54.900 7 WARNING neutron.plugins.ml2.drivers.ovn.mech_driver.ovsdb.ovn_client [None req-2f0d5c06-62c8-4627-9348-49dce0899e7a - - - - - -] No hosting information found for port 5e76cfb3-d936-4af2-931c-bfb6114fa7e6: RuntimeError: No hosting information found for port 5e76cfb3-d936-4af2-931c-bfb6114fa7e6
2026-08-15 04:03:54.944 7 INFO neutron.plugins.ml2.drivers.ovn.mech_driver.mech_driver [None req-2f0d5c06-62c8-4627-9348-49dce0899e7a - - - - - -] OVN reports status down for port: 8dbf7d77-0699-4749-8f48-2bea7dec3965 [pid: 7|app: 0|req: 1202/2360] 10.0.0.136 () {34 vars in 677 bytes} [Sat Aug 15 04:03:53 2026] POST /v2.0/floatingips => generated 856 bytes in 1256 msecs (HTTP/1.1 201) 4 headers in 162 bytes (1 switches on core 0)
2026-08-15 04:03:55.068 7 INFO neutron.notifiers.nova [-] Nova event matching ['req-51633213-02c0-454c-b8e2-01a7d47487bb'] response: {'name': 'network-changed', 'server_uuid': 'bb7e6231-9d1d-435c-b2db-cbcb72670b4c', 'tag': 'f91266b4-5632-47c1-81e7-0a2418aadc29', 'status': 'completed', 'code': 200}
2026-08-15 04:03:55.310 7 WARNING neutron.scheduler.dhcp_agent_scheduler [None req-0c3f0776-155e-4a23-8a27-00a17a6572bb 027b0b9667124c0e8e60476a10a85abc e7d32eff205e4079920d0c3c8c5fd80e - - default default] No more DHCP agents
2026-08-15 04:03:55.312 7 WARNING neutron.api.rpc.agentnotifiers.dhcp_rpc_agent_api [None req-0c3f0776-155e-4a23-8a27-00a17a6572bb 027b0b9667124c0e8e60476a10a85abc e7d32eff205e4079920d0c3c8c5fd80e - - default default] Unable to schedule network 9784c16f-100d-4fda-a2bc-2bc9c66ff7bc: no agents available; will retry on subsequent port and subnet creation events.
2026-08-15 04:03:55.696 8 INFO neutron.db.l3_db [None req-e3c70c43-6b1c-4d23-a6a6-17950d7b0383 f2729c513c2641c9a5aa66c7b3957408 b470c69e71a247a09c785e5382cca18c - - default default] Floating IP 7c45560b-2290-4261-9c0a-4761b5b52c5b disassociated. External IP: 10.96.250.214, port: 8dbf7d77-0699-4749-8f48-2bea7dec3965. [pid: 8|app: 0|req: 1159/2361] 10.0.0.136 () {34 vars in 749 bytes} [Sat Aug 15 04:03:54 2026] PUT /v2.0/floatingips/7c45560b-2290-4261-9c0a-4761b5b52c5b => generated 554 bytes in 1525 msecs (HTTP/1.1 200) 4 headers in 157 bytes (1 switches on core 0) /var/lib/openstack/lib/python3.12/site-packages/pycadf/identifier.py:70: UserWarning: Invalid uuid: neutron. To ensure interoperability, identifiers should be a valid uuid. warnings.warn(('Invalid uuid: %s. To ensure interoperability, '
2026-08-15 04:03:55.800 8 INFO neutron.api.v2.resource [None req-1d2ea46f-c955-4a8d-8587-52435749bad5 9e4486d22eef46a9b65ebd7192545717 b8b3bb8374b94df48550caf2f68b07d3 - - default default] create failed (client error): The server could not comply with the request since it is either malformed or otherwise incorrect. [pid: 8|app: 0|req: 1160/2362] 10.0.0.136 () {34 vars in 707 bytes} [Sat Aug 15 04:03:55 2026] POST /v2.0/vpn/ipsec-site-connections => generated 127 bytes in 77 msecs (HTTP/1.1 400) 4 headers in 166 bytes (1 switches on core 0)
2026-08-15 04:03:55.808 7 INFO neutron.db.ovn_revision_numbers_db [None req-2405cfc0-a267-45b4-9e96-d9610e03a656 - - - - - -] Successfully bumped revision number for resource 4f8aa1cb-8ae6-4d3b-a510-d169cb566a00 (type: ports) to 2
2026-08-15 04:03:55.851 7 INFO neutron.db.ovn_revision_numbers_db [None req-2405cfc0-a267-45b4-9e96-d9610e03a656 - - - - - -] Successfully bumped revision number for resource 79bef530-4c0d-4a41-bc22-2afeb11d4f07 (type: subnets) to 0 [pid: 8|app: 0|req: 1163/2365] 10.0.0.136 () {32 vars in 729 bytes} [Sat Aug 15 04:03:55 2026] GET /v2.0/floatingips/823920aa-ee72-4c05-a5f1-4c4aa226443d => generated 858 bytes in 46 msecs (HTTP/1.1 200) 4 headers in 157 bytes (1 switches on core 0) [pid: 7|app: 0|req: 1203/2366] 10.0.0.136 () {34 vars in 669 bytes} [Sat Aug 15 04:03:55 2026] POST /v2.0/subnets => generated 658 bytes in 860 msecs (HTTP/1.1 201) 4 headers in 162 bytes (1 switches on core 0) /var/lib/openstack/lib/python3.12/site-packages/pycadf/identifier.py:70: UserWarning: Invalid uuid: neutron. To ensure interoperability, identifiers should be a valid uuid. warnings.warn(('Invalid uuid: %s. To ensure interoperability, ' [pid: 8|app: 0|req: 1164/2367] 199.19.213.83 () {34 vars in 1079 bytes} [Sat Aug 15 04:03:55 2026] GET /v2.0/ports?tenant_id=52a8c9abd28142df8436d4ccac236c63&device_id=bb7e6231-9d1d-435c-b2db-cbcb72670b4c => generated 1213 bytes in 62 msecs (HTTP/1.1 200) 4 headers in 158 bytes (1 switches on core 0)
2026-08-15 04:03:55.975 8 INFO neutron.api.v2.resource [None req-75056d44-01a5-4c5e-a394-4a6327682a9b 9e4486d22eef46a9b65ebd7192545717 b8b3bb8374b94df48550caf2f68b07d3 - - default default] create failed (client error): The server could not comply with the request since it is either malformed or otherwise incorrect. [pid: 8|app: 0|req: 1165/2368] 10.0.0.136 () {34 vars in 707 bytes} [Sat Aug 15 04:03:55 2026] POST /v2.0/vpn/ipsec-site-connections => generated 136 bytes in 60 msecs (HTTP/1.1 400) 4 headers in 166 bytes (1 switches on core 0)
2026-08-15 04:03:55.986 7 INFO neutron_taas.services.taas.taas_plugin [None req-4cd64346-b0e9-476f-b0d9-b58cbf6a7f42 f2729c513c2641c9a5aa66c7b3957408 b470c69e71a247a09c785e5382cca18c - - default default] TaaS: Handle Delete Port: 453c2bb3-7419-4e45-a39e-e24c47119513
2026-08-15 04:03:55.989 7 INFO neutron_taas.services.taas.tap_mirror_plugin [None req-4cd64346-b0e9-476f-b0d9-b58cbf6a7f42 f2729c513c2641c9a5aa66c7b3957408 b470c69e71a247a09c785e5382cca18c - - default default] Tap Mirror: Handle Delete Port: 453c2bb3-7419-4e45-a39e-e24c47119513 [pid: 8|app: 0|req: 1166/2369] 10.0.0.136 () {32 vars in 722 bytes} [Sat Aug 15 04:03:55 2026] GET /v2.0/subnetpools?name=shared-default-subnetpool-v6 => generated 19 bytes in 44 msecs (HTTP/1.1 200) 4 headers in 156 bytes (1 switches on core 0) [pid: 8|app: 0|req: 1167/2370] 199.19.213.83 () {34 vars in 985 bytes} [Sat Aug 15 04:03:56 2026] GET /v2.0/networks?id=5d1f281c-5d05-4db5-a368-53679d90e5cc => generated 797 bytes in 57 msecs (HTTP/1.1 200) 4 headers in 157 bytes (1 switches on core 0)
2026-08-15 04:03:56.084 8 WARNING neutron.api.v2.base [None req-6127f34f-bcfc-4d08-bc69-861bafb14807 9e4486d22eef46a9b65ebd7192545717 b8b3bb8374b94df48550caf2f68b07d3 - - default default] An exception happened while processing the request body. The exception message is [Invalid input for dpd. Reason: '59' is not a dictionary.].: webob.exc.HTTPBadRequest: Invalid input for dpd. Reason: '59' is not a dictionary.
2026-08-15 04:03:56.085 8 INFO neutron.api.v2.resource [None req-6127f34f-bcfc-4d08-bc69-861bafb14807 9e4486d22eef46a9b65ebd7192545717 b8b3bb8374b94df48550caf2f68b07d3 - - default default] create failed (client error): Invalid input for dpd. Reason: '59' is not a dictionary. [pid: 8|app: 0|req: 1168/2371] 10.0.0.136 () {34 vars in 707 bytes} [Sat Aug 15 04:03:56 2026] POST /v2.0/vpn/ipsec-site-connections => generated 129 bytes in 6 msecs (HTTP/1.1 400) 4 headers in 166 bytes (1 switches on core 0) [pid: 7|app: 0|req: 1204/2372] 10.0.0.136 () {32 vars in 732 bytes} [Sat Aug 15 04:03:55 2026] DELETE /v2.0/floatingips/7c45560b-2290-4261-9c0a-4761b5b52c5b => generated 0 bytes in 270 msecs (HTTP/1.1 204) 2 headers in 112 bytes (1 switches on core 0) [pid: 7|app: 0|req: 1205/2373] 199.19.213.83 () {34 vars in 1059 bytes} [Sat Aug 15 04:03:56 2026] GET /v2.0/floatingips?fixed_ip_address=10.100.0.13&port_id=f91266b4-5632-47c1-81e7-0a2418aadc29 => generated 861 bytes in 69 msecs (HTTP/1.1 200) 4 headers in 157 bytes (1 switches on core 0) [pid: 7|app: 0|req: 1206/2374] 10.0.0.136 () {34 vars in 693 bytes} [Sat Aug 15 04:03:56 2026] POST /v2.0/vpn/endpoint-groups => generated 293 bytes in 48 msecs (HTTP/1.1 201) 4 headers in 162 bytes (1 switches on core 0)
2026-08-15 04:03:56.303 8 WARNING neutron.scheduler.dhcp_agent_scheduler [None req-cee54bc8-cfa2-403f-b1f0-854e78128e44 027b0b9667124c0e8e60476a10a85abc e7d32eff205e4079920d0c3c8c5fd80e - - default default] No more DHCP agents
2026-08-15 04:03:56.307 8 WARNING neutron.api.rpc.agentnotifiers.dhcp_rpc_agent_api [None req-cee54bc8-cfa2-403f-b1f0-854e78128e44 027b0b9667124c0e8e60476a10a85abc e7d32eff205e4079920d0c3c8c5fd80e - - default default] Unable to schedule network 9784c16f-100d-4fda-a2bc-2bc9c66ff7bc: no agents available; will retry on subsequent port and subnet creation events.
2026-08-15 04:03:56.357 8 INFO neutron.db.ovn_revision_numbers_db [None req-cee54bc8-cfa2-403f-b1f0-854e78128e44 027b0b9667124c0e8e60476a10a85abc e7d32eff205e4079920d0c3c8c5fd80e - - default default] Successfully bumped revision number for resource 7d95b590-d849-47f1-b79c-21d21c9dceb8 (type: subnets) to 0 [pid: 8|app: 0|req: 1169/2375] 10.0.0.136 () {34 vars in 669 bytes} [Sat Aug 15 04:03:56 2026] POST /v2.0/subnets => generated 731 bytes in 293 msecs (HTTP/1.1 201) 4 headers in 162 bytes (1 switches on core 0) [pid: 8|app: 0|req: 1170/2376] 199.19.213.83 () {34 vars in 983 bytes} [Sat Aug 15 04:03:56 2026] GET /v2.0/subnets?id=d9edd998-f7c6-45d9-b571-11653d34d577 => generated 677 bytes in 46 msecs (HTTP/1.1 200) 4 headers in 157 bytes (1 switches on core 0)
2026-08-15 04:03:56.473 8 INFO neutron.api.v2.resource [None req-214516b7-81b2-49ab-90c9-10893b2c3e28 9e4486d22eef46a9b65ebd7192545717 b8b3bb8374b94df48550caf2f68b07d3 - - default default] create failed (client error): The server could not comply with the request since it is either malformed or otherwise incorrect. [pid: 8|app: 0|req: 1171/2377] 10.0.0.136 () {34 vars in 707 bytes} [Sat Aug 15 04:03:56 2026] POST /v2.0/vpn/ipsec-site-connections => generated 149 bytes in 48 msecs (HTTP/1.1 400) 4 headers in 166 bytes (1 switches on core 0)
2026-08-15 04:03:56.551 7 WARNING neutron.scheduler.dhcp_agent_scheduler [None req-24432304-9c6f-4826-8dea-19b3448157c8 f2729c513c2641c9a5aa66c7b3957408 b470c69e71a247a09c785e5382cca18c - - default default] No more DHCP agents
2026-08-15 04:03:56.553 7 WARNING neutron.api.rpc.agentnotifiers.dhcp_rpc_agent_api [None req-24432304-9c6f-4826-8dea-19b3448157c8 f2729c513c2641c9a5aa66c7b3957408 b470c69e71a247a09c785e5382cca18c - - default default] Unable to schedule network 33694aa3-979a-4454-8256-e49c7f5709e4: no agents available; will retry on subsequent port and subnet creation events.
