May 21 01:03:24.193249 np0000175586 devstack@neutron-api.service[103209]: DEBUG neutron.manager [None req-c25b50d3-9809-452c-b5a2-f336b31bbccc None None] Loading service plugins: ['ovn-router', 'auto_allocate', 'tag', 'timestamp', 'network_ip_availability', 'flavors', 'revisions'] {{(pid=103209) _load_service_plugins /opt/stack/neutron/neutron/manager.py:195}}
May 21 01:03:24.193249 np0000175586 devstack@neutron-api.service[103209]: INFO neutron.manager [None req-c25b50d3-9809-452c-b5a2-f336b31bbccc None None] Loading Plugin: ovn-router
May 21 01:03:24.193766 np0000175586 devstack@neutron-api.service[103212]: DEBUG neutron.manager [None req-74164988-70fc-44e5-8a81-6922d3c738ca None None] Successfully loaded network-ip-availability plugin. Description: Provides IP availability data for each network and subnet. {{(pid=103212) _create_and_add_service_plugin /opt/stack/neutron/neutron/manager.py:239}}
May 21 01:03:24.193766 np0000175586 devstack@neutron-api.service[103212]: INFO neutron.manager [None req-74164988-70fc-44e5-8a81-6922d3c738ca None None] Loading Plugin: flavors
May 21 01:03:24.193766 np0000175586 devstack@neutron-api.service[103212]: DEBUG neutron.manager [None req-74164988-70fc-44e5-8a81-6922d3c738ca None None] Successfully loaded FLAVORS plugin. Description: Neutron Flavors and Service Profiles manager plugin {{(pid=103212) _create_and_add_service_plugin /opt/stack/neutron/neutron/manager.py:239}}
May 21 01:03:24.193766 np0000175586 devstack@neutron-api.service[103212]: INFO neutron.manager [None req-74164988-70fc-44e5-8a81-6922d3c738ca None None] Loading Plugin: revisions
May 21 01:03:24.193766 np0000175586 devstack@neutron-api.service[103212]: DEBUG neutron.manager [None req-74164988-70fc-44e5-8a81-6922d3c738ca None None] Successfully loaded revision_plugin plugin. Description: Adds revision numbers to resources. {{(pid=103212) _create_and_add_service_plugin /opt/stack/neutron/neutron/manager.py:239}}
May 21 01:03:24.193766 np0000175586 devstack@neutron-api.service[103212]: DEBUG oslo_concurrency.lockutils [None req-74164988-70fc-44e5-8a81-6922d3c738ca None None] Lock "manager" "released" by "neutron.manager.NeutronManager._create_instance" :: held 8.780s {{(pid=103212) inner /opt/stack/data/venv/lib/python3.12/site-packages/oslo_concurrency/lockutils.py:543}}
May 21 01:03:24.193766 np0000175586 devstack@neutron-api.service[103212]: DEBUG neutron.api.extensions [None req-74164988-70fc-44e5-8a81-6922d3c738ca None None] get_extension_paths = OrderedDict({'/opt/stack/neutron/neutron/extensions': 1}) {{(pid=103212) get_extensions_path /opt/stack/neutron/neutron/api/extensions.py:640}}
May 21 01:03:24.193766 np0000175586 devstack@neutron-api.service[103212]: INFO neutron.api.extensions [None req-74164988-70fc-44e5-8a81-6922d3c738ca None None] Initializing extension manager.
May 21 01:03:24.194325 np0000175586 devstack@neutron-api.service[103212]: DEBUG neutron.api.extensions [None req-74164988-70fc-44e5-8a81-6922d3c738ca None None] Loading extension file: __init__.py {{(pid=103212) _load_all_extensions_from_path /opt/stack/neutron/neutron/api/extensions.py:449}}
May 21 01:03:24.194325 np0000175586 devstack@neutron-api.service[103212]: DEBUG neutron.api.extensions [None req-74164988-70fc-44e5-8a81-6922d3c738ca None None] Loading extension file: __pycache__ {{(pid=103212) _load_all_extensions_from_path /opt/stack/neutron/neutron/api/extensions.py:449}}
May 21 01:03:24.194325 np0000175586 devstack@neutron-api.service[103212]: DEBUG neutron.api.extensions [None req-74164988-70fc-44e5-8a81-6922d3c738ca None None] Loading extension file: address_group.py {{(pid=103212) _load_all_extensions_from_path /opt/stack/neutron/neutron/api/extensions.py:449}}
May 21 01:03:24.194325 np0000175586 devstack@neutron-api.service[103212]: DEBUG neutron.api.extensions [None req-74164988-70fc-44e5-8a81-6922d3c738ca None None] Ext name="Address group" alias="address-group" description="Support address group" updated="2020-07-15T10:00:00-00:00" {{(pid=103212) _check_extension /opt/stack/neutron/neutron/api/extensions.py:415}}
May 21 01:03:24.194325 np0000175586 devstack@neutron-api.service[103212]: INFO neutron.api.extensions [None req-74164988-70fc-44e5-8a81-6922d3c738ca None None] Loaded extension: address-group
May 21 01:03:24.194325 np0000175586 devstack@neutron-api.service[103212]: DEBUG neutron.api.extensions [None req-74164988-70fc-44e5-8a81-6922d3c738ca None None] Loading extension file: address_scope.py {{(pid=103212) _load_all_extensions_from_path /opt/stack/neutron/neutron/api/extensions.py:449}}
May 21 01:03:24.194828 np0000175586 devstack@neutron-api.service[103211]: DEBUG neutron.common.ovn.hash_ring_manager [None req-2348c83b-a667-45d7-a213-d1c3893db7f1 None None] Hash Ring loaded. 1 active nodes. 0 offline nodes {{(pid=103211) _load_hash_ring /opt/stack/neutron/neutron/common/ovn/hash_ring_manager.py:102}}
May 21 01:03:24.195210 np0000175586 devstack@neutron-api.service[103212]: DEBUG neutron.api.extensions [None req-74164988-70fc-44e5-8a81-6922d3c738ca None None] Ext name="Address scope" alias="address-scope" description="Address scopes extension." updated="2015-07-26T10:00:00-00:00" {{(pid=103212) _check_extension /opt/stack/neutron/neutron/api/extensions.py:415}}
May 21 01:03:24.195574 np0000175586 devstack@neutron-api.service[103211]: DEBUG neutron.plugins.ml2.drivers.ovn.mech_driver.ovsdb.ovsdb_monitor [None req-2348c83b-a667-45d7-a213-d1c3893db7f1 None None] Hash Ring: Node 93d762c53d3e57c2b4e59aa4816babe3 (host: np0000175586) handling event "create" for row 254fdd15-83f6-4a8a-9f19-dde64c23a7ca (table: SSL) {{(pid=103211) notify /opt/stack/neutron/neutron/plugins/ml2/drivers/ovn/mech_driver/ovsdb/ovsdb_monitor.py:986}}
May 21 01:03:24.195894 np0000175586 devstack@neutron-api.service[103212]: INFO neutron.api.extensions [None req-74164988-70fc-44e5-8a81-6922d3c738ca None None] Loaded extension: address-scope
May 21 01:03:24.195894 np0000175586 devstack@neutron-api.service[103212]: DEBUG neutron.api.extensions [None req-74164988-70fc-44e5-8a81-6922d3c738ca None None] Loading extension file: admin_state_down_before_update.py {{(pid=103212) _load_all_extensions_from_path /opt/stack/neutron/neutron/api/extensions.py:449}}
May 21 01:03:24.195894 np0000175586 devstack@neutron-api.service[103212]: DEBUG neutron.api.extensions [None req-74164988-70fc-44e5-8a81-6922d3c738ca None None] Ext name="Enforce Router's Admin State Down Before Update Extension" alias="router-admin-state-down-before-update" description="Ensure that the admin state of a router is DOWN (admin_state_up=False) before updating the distributed attribute" updated="2019-07-02T15:56:00" {{(pid=103212) _check_extension /opt/stack/neutron/neutron/api/extensions.py:415}}
May 21 01:03:24.195894 np0000175586 devstack@neutron-api.service[103212]: INFO neutron.api.extensions [None req-74164988-70fc-44e5-8a81-6922d3c738ca None None] Extension router-admin-state-down-before-update not supported by any of loaded plugins
May 21 01:03:24.195894 np0000175586 devstack@neutron-api.service[103212]: DEBUG neutron.api.extensions [None req-74164988-70fc-44e5-8a81-6922d3c738ca None None] Loading extension file: agent.py {{(pid=103212) _load_all_extensions_from_path /opt/stack/neutron/neutron/api/extensions.py:449}}
May 21 01:03:24.195894 np0000175586 devstack@neutron-api.service[103212]: DEBUG neutron.api.extensions [None req-74164988-70fc-44e5-8a81-6922d3c738ca None None] Ext name="agent" alias="agent" description="The agent management extension." updated="2013-02-03T10:00:00-00:00" {{(pid=103212) _check_extension /opt/stack/neutron/neutron/api/extensions.py:415}}
May 21 01:03:24.196397 np0000175586 devstack@neutron-api.service[103211]: INFO neutron.plugins.ml2.drivers.ovn.mech_driver.ovsdb.impl_idl_ovn [None req-2348c83b-a667-45d7-a213-d1c3893db7f1 None None] Getting OvsdbSbOvnIdl for WorkerService with retry
May 21 01:03:24.196660 np0000175586 devstack@neutron-api.service[103212]: INFO neutron.api.extensions [None req-74164988-70fc-44e5-8a81-6922d3c738ca None None] Loaded extension: agent
May 21 01:03:24.196660 np0000175586 devstack@neutron-api.service[103212]: DEBUG neutron.api.extensions [None req-74164988-70fc-44e5-8a81-6922d3c738ca None None] Loading extension file: agent_resources_synced.py {{(pid=103212) _load_all_extensions_from_path /opt/stack/neutron/neutron/api/extensions.py:449}}
May 21 01:03:24.196660 np0000175586 devstack@neutron-api.service[103212]: DEBUG neutron.api.extensions [None req-74164988-70fc-44e5-8a81-6922d3c738ca None None] Ext name="Agent's Resource View Synced to Placement" alias="agent-resources-synced" description="Stores success/failure of last sync to Placement" updated="2018-12-19T00:00:00-00:00" {{(pid=103212) _check_extension /opt/stack/neutron/neutron/api/extensions.py:415}}
May 21 01:03:24.196660 np0000175586 devstack@neutron-api.service[103212]: INFO neutron.api.extensions [None req-74164988-70fc-44e5-8a81-6922d3c738ca None None] Extension agent-resources-synced not supported by any of loaded plugins
May 21 01:03:24.196660 np0000175586 devstack@neutron-api.service[103212]: DEBUG neutron.api.extensions [None req-74164988-70fc-44e5-8a81-6922d3c738ca None None] Loading extension file: agent_sort_key.py {{(pid=103212) _load_all_extensions_from_path /opt/stack/neutron/neutron/api/extensions.py:449}}
May 21 01:03:24.196660 np0000175586 devstack@neutron-api.service[103212]: DEBUG neutron.api.extensions [None req-74164988-70fc-44e5-8a81-6922d3c738ca None None] Ext name="Agents Sort Key" alias="agent_sort_key" description="Enabling the keyword sort_key for sorting in agents." updated="2013-02-03T10:00:00-00:00" {{(pid=103212) _check_extension /opt/stack/neutron/neutron/api/extensions.py:415}}
May 21 01:03:24.196660 np0000175586 devstack@neutron-api.service[103212]: INFO neutron.api.extensions [None req-74164988-70fc-44e5-8a81-6922d3c738ca None None] Extension agent_sort_key not supported by any of loaded plugins
May 21 01:03:24.197214 np0000175586 devstack@neutron-api.service[103212]: DEBUG neutron.api.extensions [None req-74164988-70fc-44e5-8a81-6922d3c738ca None None] Loading extension file: allowedaddresspairs.py {{(pid=103212) _load_all_extensions_from_path /opt/stack/neutron/neutron/api/extensions.py:449}}
May 21 01:03:24.197214 np0000175586 devstack@neutron-api.service[103212]: DEBUG neutron.api.extensions [None req-74164988-70fc-44e5-8a81-6922d3c738ca None None] Ext name="Allowed Address Pairs" alias="allowed-address-pairs" description="Provides allowed address pairs" updated="2013-07-23T10:00:00-00:00" {{(pid=103212) _check_extension /opt/stack/neutron/neutron/api/extensions.py:415}}
May 21 01:03:24.197214 np0000175586 devstack@neutron-api.service[103212]: INFO neutron.api.extensions [None req-74164988-70fc-44e5-8a81-6922d3c738ca None None] Loaded extension: allowed-address-pairs
May 21 01:03:24.197214 np0000175586 devstack@neutron-api.service[103212]: DEBUG neutron.api.extensions [None req-74164988-70fc-44e5-8a81-6922d3c738ca None None] Loading extension file: auto_allocated_topology.py {{(pid=103212) _load_all_extensions_from_path /opt/stack/neutron/neutron/api/extensions.py:449}}
May 21 01:03:24.197214 np0000175586 devstack@neutron-api.service[103212]: DEBUG neutron.api.extensions [None req-74164988-70fc-44e5-8a81-6922d3c738ca None None] Ext name="Auto Allocated Topology Services" alias="auto-allocated-topology" description="Auto Allocated Topology Services." updated="2016-01-01T00:00:00-00:00" {{(pid=103212) _check_extension /opt/stack/neutron/neutron/api/extensions.py:415}}
May 21 01:03:24.197214 np0000175586 devstack@neutron-api.service[103212]: INFO neutron.api.extensions [None req-74164988-70fc-44e5-8a81-6922d3c738ca None None] Loaded extension: auto-allocated-topology
May 21 01:03:24.197214 np0000175586 devstack@neutron-api.service[103212]: DEBUG neutron.api.extensions [None req-74164988-70fc-44e5-8a81-6922d3c738ca None None] Loading extension file: availability_zone.py {{(pid=103212) _load_all_extensions_from_path /opt/stack/neutron/neutron/api/extensions.py:449}}
May 21 01:03:24.197694 np0000175586 devstack@neutron-api.service[103212]: DEBUG neutron.api.extensions [None req-74164988-70fc-44e5-8a81-6922d3c738ca None None] Ext name="Availability Zone" alias="availability_zone" description="The availability zone extension." updated="2015-01-01T10:00:00-00:00" {{(pid=103212) _check_extension /opt/stack/neutron/neutron/api/extensions.py:415}}
May 21 01:03:24.197694 np0000175586 devstack@neutron-api.service[103212]: INFO neutron.api.extensions [None req-74164988-70fc-44e5-8a81-6922d3c738ca None None] Loaded extension: availability_zone
May 21 01:03:24.197694 np0000175586 devstack@neutron-api.service[103212]: DEBUG neutron.api.extensions [None req-74164988-70fc-44e5-8a81-6922d3c738ca None None] Loading extension file: availability_zone_filter.py {{(pid=103212) _load_all_extensions_from_path /opt/stack/neutron/neutron/api/extensions.py:449}}
May 21 01:03:24.197694 np0000175586 devstack@neutron-api.service[103212]: DEBUG neutron.api.extensions [None req-74164988-70fc-44e5-8a81-6922d3c738ca None None] Ext name="Availability Zone Filter Extension" alias="availability_zone_filter" description="Add filter parameters to AvailabilityZone resource" updated="2018-06-22T10:00:00-00:00" {{(pid=103212) _check_extension /opt/stack/neutron/neutron/api/extensions.py:415}}
May 21 01:03:24.198134 np0000175586 devstack@neutron-api.service[103209]: DEBUG neutron_lib.callbacks.manager [None req-c25b50d3-9809-452c-b5a2-f336b31bbccc None None] Subscribe: > router before_delete 55550000, False {{(pid=103209) subscribe /opt/stack/data/venv/lib/python3.12/site-packages/neutron_lib/callbacks/manager.py:52}}
May 21 01:03:24.198381 np0000175586 devstack@neutron-api.service[103212]: INFO neutron.api.extensions [None req-74164988-70fc-44e5-8a81-6922d3c738ca None None] Extension availability_zone_filter not supported by any of loaded plugins
May 21 01:03:24.198569 np0000175586 devstack@neutron-api.service[103209]: DEBUG neutron_lib.callbacks.manager [None req-c25b50d3-9809-452c-b5a2-f336b31bbccc None None] Subscribe: port before_update 55550000, False {{(pid=103209) subscribe /opt/stack/data/venv/lib/python3.12/site-packages/neutron_lib/callbacks/manager.py:52}}
May 21 01:03:24.198717 np0000175586 devstack@neutron-api.service[103212]: DEBUG neutron.api.extensions [None req-74164988-70fc-44e5-8a81-6922d3c738ca None None] Loading extension file: data_plane_status.py {{(pid=103212) _load_all_extensions_from_path /opt/stack/neutron/neutron/api/extensions.py:449}}
May 21 01:03:24.198829 np0000175586 devstack@neutron-api.service[103209]: DEBUG neutron_lib.callbacks.manager [None req-c25b50d3-9809-452c-b5a2-f336b31bbccc None None] Subscribe: port after_update 55550000, False {{(pid=103209) subscribe /opt/stack/data/venv/lib/python3.12/site-packages/neutron_lib/callbacks/manager.py:52}}
May 21 01:03:24.198829 np0000175586 devstack@neutron-api.service[103209]: DEBUG neutron_lib.callbacks.manager [None req-c25b50d3-9809-452c-b5a2-f336b31bbccc None None] Subscribe: > port precommit_delete 55550000, False {{(pid=103209) subscribe /opt/stack/data/venv/lib/python3.12/site-packages/neutron_lib/callbacks/manager.py:52}}
May 21 01:03:24.198953 np0000175586 devstack@neutron-api.service[103212]: DEBUG neutron.api.extensions [None req-74164988-70fc-44e5-8a81-6922d3c738ca None None] Ext name="Port data plane status extension" alias="data-plane-status" description="Expose status of underlying data plane" updated="2017-01-24T10:00:00-00:00" {{(pid=103212) _check_extension /opt/stack/neutron/neutron/api/extensions.py:415}}
May 21 01:03:24.199083 np0000175586 devstack@neutron-api.service[103209]: DEBUG neutron_lib.callbacks.manager [None req-c25b50d3-9809-452c-b5a2-f336b31bbccc None None] Subscribe: port before_update 55550000, False {{(pid=103209) subscribe /opt/stack/data/venv/lib/python3.12/site-packages/neutron_lib/callbacks/manager.py:52}}
May 21 01:03:24.199188 np0000175586 devstack@neutron-api.service[103212]: INFO neutron.api.extensions [None req-74164988-70fc-44e5-8a81-6922d3c738ca None None] Extension data-plane-status not supported by any of loaded plugins
May 21 01:03:24.199301 np0000175586 devstack@neutron-api.service[103209]: DEBUG neutron_lib.callbacks.manager [None req-c25b50d3-9809-452c-b5a2-f336b31bbccc None None] Subscribe: port before_delete 55550000, False {{(pid=103209) subscribe /opt/stack/data/venv/lib/python3.12/site-packages/neutron_lib/callbacks/manager.py:52}}
May 21 01:03:24.199401 np0000175586 devstack@neutron-api.service[103212]: DEBUG neutron.api.extensions [None req-74164988-70fc-44e5-8a81-6922d3c738ca None None] Loading extension file: default_subnetpools.py {{(pid=103212) _load_all_extensions_from_path /opt/stack/neutron/neutron/api/extensions.py:449}}
May 21 01:03:24.199482 np0000175586 devstack@neutron-api.service[103209]: DEBUG neutron_lib.callbacks.manager [None req-c25b50d3-9809-452c-b5a2-f336b31bbccc None None] Subscribe: > router precommit_create 55550000, False {{(pid=103209) subscribe /opt/stack/data/venv/lib/python3.12/site-packages/neutron_lib/callbacks/manager.py:52}}
May 21 01:03:24.199482 np0000175586 devstack@neutron-api.service[103209]: DEBUG neutron_lib.callbacks.manager [None req-c25b50d3-9809-452c-b5a2-f336b31bbccc None None] Subscribe: > router precommit_create 55550000, False {{(pid=103209) subscribe /opt/stack/data/venv/lib/python3.12/site-packages/neutron_lib/callbacks/manager.py:52}}
May 21 01:03:24.199482 np0000175586 devstack@neutron-api.service[103209]: DEBUG neutron_lib.callbacks.manager [None req-c25b50d3-9809-452c-b5a2-f336b31bbccc None None] Subscribe: > router precommit_update 55550000, False {{(pid=103209) subscribe /opt/stack/data/venv/lib/python3.12/site-packages/neutron_lib/callbacks/manager.py:52}}
May 21 01:03:24.199590 np0000175586 devstack@neutron-api.service[103212]: DEBUG neutron.api.extensions [None req-74164988-70fc-44e5-8a81-6922d3c738ca None None] Ext name="Default Subnetpools" alias="default-subnetpools" description="Provides ability to mark and use a subnetpool as the default." updated="2016-02-18T18:00:00-00:00" {{(pid=103212) _check_extension /opt/stack/neutron/neutron/api/extensions.py:415}}
May 21 01:03:24.199693 np0000175586 devstack@neutron-api.service[103209]: DEBUG neutron_lib.callbacks.manager [None req-c25b50d3-9809-452c-b5a2-f336b31bbccc None None] Subscribe: subnet after_update 55550000, False {{(pid=103209) subscribe /opt/stack/data/venv/lib/python3.12/site-packages/neutron_lib/callbacks/manager.py:52}}
May 21 01:03:24.199791 np0000175586 devstack@neutron-api.service[103212]: INFO neutron.api.extensions [None req-74164988-70fc-44e5-8a81-6922d3c738ca None None] Loaded extension: default-subnetpools
May 21 01:03:24.199791 np0000175586 devstack@neutron-api.service[103212]: DEBUG neutron.api.extensions [None req-74164988-70fc-44e5-8a81-6922d3c738ca None None] Loading extension file: dhcpagentscheduler.py {{(pid=103212) _load_all_extensions_from_path /opt/stack/neutron/neutron/api/extensions.py:449}}
May 21 01:03:24.199917 np0000175586 devstack@neutron-api.service[103209]: DEBUG neutron.quota.resource_registry [None req-c25b50d3-9809-452c-b5a2-f336b31bbccc None None] Tracking information for resource: router configured {{(pid=103209) set_tracked_resource /opt/stack/neutron/neutron/quota/resource_registry.py:203}}
May 21 01:03:24.199917 np0000175586 devstack@neutron-api.service[103209]: DEBUG neutron.quota.resource_registry [None req-c25b50d3-9809-452c-b5a2-f336b31bbccc None None] Tracking information for resource: floatingip configured {{(pid=103209) set_tracked_resource /opt/stack/neutron/neutron/quota/resource_registry.py:203}}
May 21 01:03:24.199917 np0000175586 devstack@neutron-api.service[103209]: INFO neutron.services.ovn_l3.plugin [None req-c25b50d3-9809-452c-b5a2-f336b31bbccc None None] Starting OVNL3RouterPlugin
May 21 01:03:24.200175 np0000175586 devstack@neutron-api.service[103212]: DEBUG neutron.api.extensions [None req-74164988-70fc-44e5-8a81-6922d3c738ca None None] Ext name="DHCP Agent Scheduler" alias="dhcp_agent_scheduler" description="Schedule networks among dhcp agents" updated="2013-02-07T10:00:00-00:00" {{(pid=103212) _check_extension /opt/stack/neutron/neutron/api/extensions.py:415}}
May 21 01:03:24.200256 np0000175586 devstack@neutron-api.service[103209]: DEBUG neutron_lib.callbacks.manager [None req-c25b50d3-9809-452c-b5a2-f336b31bbccc None None] Subscribe: > port_forwarding_plugin after_init 55550000, False {{(pid=103209) subscribe /opt/stack/data/venv/lib/python3.12/site-packages/neutron_lib/callbacks/manager.py:52}}
May 21 01:03:24.200471 np0000175586 devstack@neutron-api.service[103212]: INFO neutron.api.extensions [None req-74164988-70fc-44e5-8a81-6922d3c738ca None None] Loaded extension: dhcp_agent_scheduler
May 21 01:03:24.200471 np0000175586 devstack@neutron-api.service[103212]: DEBUG neutron.api.extensions [None req-74164988-70fc-44e5-8a81-6922d3c738ca None None] Loading extension file: dns.py {{(pid=103212) _load_all_extensions_from_path /opt/stack/neutron/neutron/api/extensions.py:449}}
May 21 01:03:24.200623 np0000175586 devstack@neutron-api.service[103209]: DEBUG neutron_lib.callbacks.manager [None req-c25b50d3-9809-452c-b5a2-f336b31bbccc None None] Subscribe: > router before_create 55550100, False {{(pid=103209) subscribe /opt/stack/data/venv/lib/python3.12/site-packages/neutron_lib/callbacks/manager.py:52}}
May 21 01:03:24.200623 np0000175586 devstack@neutron-api.service[103209]: DEBUG neutron_lib.callbacks.manager [None req-c25b50d3-9809-452c-b5a2-f336b31bbccc None None] Subscribe: > router precommit_delete 55550100, False {{(pid=103209) subscribe /opt/stack/data/venv/lib/python3.12/site-packages/neutron_lib/callbacks/manager.py:52}}
May 21 01:03:24.200756 np0000175586 devstack@neutron-api.service[103212]: DEBUG neutron.api.extensions [None req-74164988-70fc-44e5-8a81-6922d3c738ca None None] Ext name="DNS Integration" alias="dns-integration" description="Provides integration with DNS." updated="2015-08-15T18:00:00-00:00" {{(pid=103212) _check_extension /opt/stack/neutron/neutron/api/extensions.py:415}}
May 21 01:03:24.200855 np0000175586 devstack@neutron-api.service[103209]: DEBUG neutron_lib.callbacks.manager [None req-c25b50d3-9809-452c-b5a2-f336b31bbccc None None] Subscribe: > router precommit_create 55550100, False {{(pid=103209) subscribe /opt/stack/data/venv/lib/python3.12/site-packages/neutron_lib/callbacks/manager.py:52}}
May 21 01:03:24.200855 np0000175586 devstack@neutron-api.service[103209]: DEBUG neutron_lib.callbacks.manager [None req-c25b50d3-9809-452c-b5a2-f336b31bbccc None None] Subscribe: > router precommit_update 55550100, False {{(pid=103209) subscribe /opt/stack/data/venv/lib/python3.12/site-packages/neutron_lib/callbacks/manager.py:52}}
May 21 01:03:24.200910 np0000175586 devstack@neutron-api.service[103212]: INFO neutron.api.extensions [None req-74164988-70fc-44e5-8a81-6922d3c738ca None None] Loaded extension: dns-integration
May 21 01:03:24.200910 np0000175586 devstack@neutron-api.service[103212]: DEBUG neutron.api.extensions [None req-74164988-70fc-44e5-8a81-6922d3c738ca None None] Loading extension file: dns_domain_ports.py {{(pid=103212) _load_all_extensions_from_path /opt/stack/neutron/neutron/api/extensions.py:449}}
May 21 01:03:24.200985 np0000175586 devstack@neutron-api.service[103210]: INFO neutron.plugins.ml2.drivers.type_vlan [None req-db6304d3-31e0-4170-80a6-726b68541652 None None] VlanTypeDriver initialization complete
May 21 01:03:24.201201 np0000175586 devstack@neutron-api.service[103212]: DEBUG neutron.api.extensions [None req-74164988-70fc-44e5-8a81-6922d3c738ca None None] Ext name="dns_domain for ports" alias="dns-domain-ports" description="Allows the DNS domain to be specified for a network port." updated="2017-04-24T10:00:00-00:00" {{(pid=103212) _check_extension /opt/stack/neutron/neutron/api/extensions.py:415}}
May 21 01:03:24.201352 np0000175586 devstack@neutron-api.service[103210]: INFO neutron.plugins.ml2.managers [None req-db6304d3-31e0-4170-80a6-726b68541652 None None] Initializing extension driver 'port_security'
May 21 01:03:24.201352 np0000175586 devstack@neutron-api.service[103210]: INFO neutron.plugins.ml2.extensions.port_security [None req-db6304d3-31e0-4170-80a6-726b68541652 None None] PortSecurityExtensionDriver initialization complete
May 21 01:03:24.201479 np0000175586 devstack@neutron-api.service[103212]: INFO neutron.api.extensions [None req-74164988-70fc-44e5-8a81-6922d3c738ca None None] Loaded extension: dns-domain-ports
May 21 01:03:24.201479 np0000175586 devstack@neutron-api.service[103212]: DEBUG neutron.api.extensions [None req-74164988-70fc-44e5-8a81-6922d3c738ca None None] Loading extension file: dns_integration_domain_keywords.py {{(pid=103212) _load_all_extensions_from_path /opt/stack/neutron/neutron/api/extensions.py:449}}
May 21 01:03:24.201590 np0000175586 devstack@neutron-api.service[103210]: INFO neutron.plugins.ml2.managers [None req-db6304d3-31e0-4170-80a6-726b68541652 None None] Initializing extension driver 'qos'
May 21 01:03:24.201590 np0000175586 devstack@neutron-api.service[103210]: DEBUG neutron.plugins.ml2.extensions.qos [None req-db6304d3-31e0-4170-80a6-726b68541652 None None] QosExtensionDriver initialization complete {{(pid=103210) initialize /opt/stack/neutron/neutron/plugins/ml2/extensions/qos.py:31}}
May 21 01:03:24.201590 np0000175586 devstack@neutron-api.service[103210]: INFO neutron.plugins.ml2.managers [None req-db6304d3-31e0-4170-80a6-726b68541652 None None] Initializing mechanism driver 'ovn'
May 21 01:03:24.201739 np0000175586 devstack@neutron-api.service[103212]: DEBUG neutron.api.extensions [None req-74164988-70fc-44e5-8a81-6922d3c738ca None None] Ext name="DNS domain names with keywords allowed" alias="dns-integration-domain-keywords" description="Allows to use keywords like , , and as DNS domain name" updated="2020-06-15T18:00:00-00:00" {{(pid=103212) _check_extension /opt/stack/neutron/neutron/api/extensions.py:415}}
May 21 01:03:24.201836 np0000175586 devstack@neutron-api.service[103210]: INFO neutron.plugins.ml2.drivers.ovn.mech_driver.mech_driver [None req-db6304d3-31e0-4170-80a6-726b68541652 None None] Starting OVNMechanismDriver
May 21 01:03:24.201938 np0000175586 devstack@neutron-api.service[103212]: INFO neutron.api.extensions [None req-74164988-70fc-44e5-8a81-6922d3c738ca None None] Loaded extension: dns-integration-domain-keywords
May 21 01:03:24.201938 np0000175586 devstack@neutron-api.service[103212]: DEBUG neutron.api.extensions [None req-74164988-70fc-44e5-8a81-6922d3c738ca None None] Loading extension file: dvr.py {{(pid=103212) _load_all_extensions_from_path /opt/stack/neutron/neutron/api/extensions.py:449}}
May 21 01:03:24.201938 np0000175586 devstack@neutron-api.service[103212]: DEBUG neutron.api.extensions [None req-74164988-70fc-44e5-8a81-6922d3c738ca None None] Ext name="Distributed Virtual Router" alias="dvr" description="Enables configuration of Distributed Virtual Routers." updated="2014-06-1T10:00:00-00:00" {{(pid=103212) _check_extension /opt/stack/neutron/neutron/api/extensions.py:415}}
May 21 01:03:24.201938 np0000175586 devstack@neutron-api.service[103212]: INFO neutron.api.extensions [None req-74164988-70fc-44e5-8a81-6922d3c738ca None None] Extension dvr not supported by any of loaded plugins
May 21 01:03:24.201938 np0000175586 devstack@neutron-api.service[103212]: DEBUG neutron.api.extensions [None req-74164988-70fc-44e5-8a81-6922d3c738ca None None] Loading extension file: ecmp_routes.py {{(pid=103212) _load_all_extensions_from_path /opt/stack/neutron/neutron/api/extensions.py:449}}
May 21 01:03:24.201938 np0000175586 devstack@neutron-api.service[103212]: DEBUG neutron.api.extensions [None req-74164988-70fc-44e5-8a81-6922d3c738ca None None] Ext name="Equal Cost Multipath Routing" alias="ecmp_routes" description="Allows traffic to reach thesame destination via multiple different links " updated="2020-11-26T18:00:00-00:00" {{(pid=103212) _check_extension /opt/stack/neutron/neutron/api/extensions.py:415}}
May 21 01:03:24.201938 np0000175586 devstack@neutron-api.service[103212]: INFO neutron.api.extensions [None req-74164988-70fc-44e5-8a81-6922d3c738ca None None] Extension ecmp_routes not supported by any of loaded plugins
May 21 01:03:24.202246 np0000175586 devstack@neutron-api.service[103212]: DEBUG neutron.api.extensions [None req-74164988-70fc-44e5-8a81-6922d3c738ca None None] Loading extension file: empty_string_filtering.py {{(pid=103212) _load_all_extensions_from_path /opt/stack/neutron/neutron/api/extensions.py:449}}
May 21 01:03:24.202246 np0000175586 devstack@neutron-api.service[103212]: DEBUG neutron.api.extensions [None req-74164988-70fc-44e5-8a81-6922d3c738ca None None] Ext name="Empty String Filtering Extension" alias="empty-string-filtering" description="Allow filtering by attributes with empty string value" updated="2018-05-01T10:00:00-00:00" {{(pid=103212) _check_extension /opt/stack/neutron/neutron/api/extensions.py:415}}
May 21 01:03:24.202246 np0000175586 devstack@neutron-api.service[103212]: INFO neutron.api.extensions [None req-74164988-70fc-44e5-8a81-6922d3c738ca None None] Loaded extension: empty-string-filtering
May 21 01:03:24.202246 np0000175586 devstack@neutron-api.service[103212]: DEBUG neutron.api.extensions [None req-74164988-70fc-44e5-8a81-6922d3c738ca None None] Loading extension file: expose_l3_conntrack_helper.py {{(pid=103212) _load_all_extensions_from_path /opt/stack/neutron/neutron/api/extensions.py:449}}
May 21 01:03:24.202348 np0000175586 devstack@neutron-api.service[103210]: DEBUG neutron_lib.callbacks.manager [None req-db6304d3-31e0-4170-80a6-726b68541652 None None] Subscribe: > process before_spawn 55550000, False {{(pid=103210) subscribe /opt/stack/data/venv/lib/python3.12/site-packages/neutron_lib/callbacks/manager.py:52}}
May 21 01:03:24.202348 np0000175586 devstack@neutron-api.service[103210]: DEBUG neutron_lib.callbacks.manager [None req-db6304d3-31e0-4170-80a6-726b68541652 None None] Subscribe: > process after_init 55550000, True {{(pid=103210) subscribe /opt/stack/data/venv/lib/python3.12/site-packages/neutron_lib/callbacks/manager.py:52}}
May 21 01:03:24.202428 np0000175586 devstack@neutron-api.service[103212]: DEBUG neutron.api.extensions [None req-74164988-70fc-44e5-8a81-6922d3c738ca None None] Ext name="Expose CT target rules for conntrack helper" alias="expose-l3-conntrack-helper" description="Expose allow adding CT target rules for conntrack helper" updated="2019-04-04T10:00:00-00:00" {{(pid=103212) _check_extension /opt/stack/neutron/neutron/api/extensions.py:415}}
May 21 01:03:24.202459 np0000175586 devstack@neutron-api.service[103210]: DEBUG neutron_lib.callbacks.manager [None req-db6304d3-31e0-4170-80a6-726b68541652 None None] Subscribe: > segment after_create 55550000, False {{(pid=103210) subscribe /opt/stack/data/venv/lib/python3.12/site-packages/neutron_lib/callbacks/manager.py:52}}
May 21 01:03:24.202493 np0000175586 devstack@neutron-api.service[103212]: INFO neutron.api.extensions [None req-74164988-70fc-44e5-8a81-6922d3c738ca None None] Extension expose-l3-conntrack-helper not supported by any of loaded plugins
May 21 01:03:24.202548 np0000175586 devstack@neutron-api.service[103210]: DEBUG neutron_lib.callbacks.manager [None req-db6304d3-31e0-4170-80a6-726b68541652 None None] Subscribe: > segment after_create 55550000, False {{(pid=103210) subscribe /opt/stack/data/venv/lib/python3.12/site-packages/neutron_lib/callbacks/manager.py:52}}
May 21 01:03:24.202595 np0000175586 devstack@neutron-api.service[103212]: DEBUG neutron.api.extensions [None req-74164988-70fc-44e5-8a81-6922d3c738ca None None] Loading extension file: expose_port_forwarding_in_fip.py {{(pid=103212) _load_all_extensions_from_path /opt/stack/neutron/neutron/api/extensions.py:449}}
May 21 01:03:24.202623 np0000175586 devstack@neutron-api.service[103210]: DEBUG neutron_lib.callbacks.manager [None req-db6304d3-31e0-4170-80a6-726b68541652 None None] Subscribe: > segment after_delete 55550000, False {{(pid=103210) subscribe /opt/stack/data/venv/lib/python3.12/site-packages/neutron_lib/callbacks/manager.py:52}}
May 21 01:03:24.202623 np0000175586 devstack@neutron-api.service[103210]: DEBUG neutron_lib.callbacks.manager [None req-db6304d3-31e0-4170-80a6-726b68541652 None None] Subscribe: > allowed_address_pair before_create 55550000, False {{(pid=103210) subscribe /opt/stack/data/venv/lib/python3.12/site-packages/neutron_lib/callbacks/manager.py:52}}
May 21 01:03:24.202678 np0000175586 devstack@neutron-api.service[103212]: DEBUG neutron.api.extensions [None req-74164988-70fc-44e5-8a81-6922d3c738ca None None] Ext name="Expose Floating IP port forwardings" alias="expose-port-forwarding-in-fip" description="Expose port forwarding fields in floating IP response" updated="2018-06-28T16:00:00-00:00" {{(pid=103212) _check_extension /opt/stack/neutron/neutron/api/extensions.py:415}}
May 21 01:03:24.202708 np0000175586 devstack@neutron-api.service[103210]: DEBUG neutron_lib.callbacks.manager [None req-db6304d3-31e0-4170-80a6-726b68541652 None None] Subscribe: > security_group precommit_create 55550000, False {{(pid=103210) subscribe /opt/stack/data/venv/lib/python3.12/site-packages/neutron_lib/callbacks/manager.py:52}}
May 21 01:03:24.202763 np0000175586 devstack@neutron-api.service[103209]: DEBUG neutron.services.provider_configuration [None req-c25b50d3-9809-452c-b5a2-f336b31bbccc None None] Service providers = [] {{(pid=103209) parse_service_provider_opt /opt/stack/neutron/neutron/services/provider_configuration.py:170}}
May 21 01:03:24.202788 np0000175586 devstack@neutron-api.service[103210]: DEBUG neutron_lib.callbacks.manager [None req-db6304d3-31e0-4170-80a6-726b68541652 None None] Subscribe: > security_group after_update 55550000, False {{(pid=103210) subscribe /opt/stack/data/venv/lib/python3.12/site-packages/neutron_lib/callbacks/manager.py:52}}
May 21 01:03:24.202817 np0000175586 devstack@neutron-api.service[103209]: DEBUG neutron.db.servicetype_db [None req-c25b50d3-9809-452c-b5a2-f336b31bbccc None None] Adding provider configuration for service L3_ROUTER_NAT {{(pid=103209) add_provider_configuration /opt/stack/neutron/neutron/db/servicetype_db.py:45}}
May 21 01:03:24.202846 np0000175586 devstack@neutron-api.service[103212]: INFO neutron.api.extensions [None req-74164988-70fc-44e5-8a81-6922d3c738ca None None] Extension expose-port-forwarding-in-fip not supported by any of loaded plugins
May 21 01:03:24.202874 np0000175586 devstack@neutron-api.service[103210]: DEBUG neutron_lib.callbacks.manager [None req-db6304d3-31e0-4170-80a6-726b68541652 None None] Subscribe: > security_group after_create 55550000, False {{(pid=103210) subscribe /opt/stack/data/venv/lib/python3.12/site-packages/neutron_lib/callbacks/manager.py:52}}
May 21 01:03:24.202900 np0000175586 devstack@neutron-api.service[103212]: DEBUG neutron.api.extensions [None req-74164988-70fc-44e5-8a81-6922d3c738ca None None] Loading extension file: external_net.py {{(pid=103212) _load_all_extensions_from_path /opt/stack/neutron/neutron/api/extensions.py:449}}
May 21 01:03:24.202960 np0000175586 devstack@neutron-api.service[103210]: DEBUG neutron_lib.callbacks.manager [None req-db6304d3-31e0-4170-80a6-726b68541652 None None] Subscribe: > security_group precommit_delete 55550000, False {{(pid=103210) subscribe /opt/stack/data/venv/lib/python3.12/site-packages/neutron_lib/callbacks/manager.py:52}}
May 21 01:03:24.202960 np0000175586 devstack@neutron-api.service[103210]: DEBUG neutron_lib.callbacks.manager [None req-db6304d3-31e0-4170-80a6-726b68541652 None None] Subscribe: > security_group after_delete 55550000, False {{(pid=103210) subscribe /opt/stack/data/venv/lib/python3.12/site-packages/neutron_lib/callbacks/manager.py:52}}
May 21 01:03:24.203008 np0000175586 devstack@neutron-api.service[103212]: DEBUG neutron.api.extensions [None req-74164988-70fc-44e5-8a81-6922d3c738ca None None] Ext name="Neutron external network" alias="external-net" description="Adds external network attribute to network resource." updated="2013-01-14T10:00:00-00:00" {{(pid=103212) _check_extension /opt/stack/neutron/neutron/api/extensions.py:415}}
May 21 01:03:24.203038 np0000175586 devstack@neutron-api.service[103210]: DEBUG neutron_lib.callbacks.manager [None req-db6304d3-31e0-4170-80a6-726b68541652 None None] Subscribe: > security_group_rule precommit_create 55550000, False {{(pid=103210) subscribe /opt/stack/data/venv/lib/python3.12/site-packages/neutron_lib/callbacks/manager.py:52}}
May 21 01:03:24.203038 np0000175586 devstack@neutron-api.service[103210]: DEBUG neutron_lib.callbacks.manager [None req-db6304d3-31e0-4170-80a6-726b68541652 None None] Subscribe: > security_group_rule after_create 55550000, False {{(pid=103210) subscribe /opt/stack/data/venv/lib/python3.12/site-packages/neutron_lib/callbacks/manager.py:52}}
May 21 01:03:24.203138 np0000175586 devstack@neutron-api.service[103212]: INFO neutron.api.extensions [None req-74164988-70fc-44e5-8a81-6922d3c738ca None None] Loaded extension: external-net
May 21 01:03:24.203138 np0000175586 devstack@neutron-api.service[103212]: DEBUG neutron.api.extensions [None req-74164988-70fc-44e5-8a81-6922d3c738ca None None] Loading extension file: extra_dhcp_opt.py {{(pid=103212) _load_all_extensions_from_path /opt/stack/neutron/neutron/api/extensions.py:449}}
May 21 01:03:24.203187 np0000175586 devstack@neutron-api.service[103210]: DEBUG neutron_lib.callbacks.manager [None req-db6304d3-31e0-4170-80a6-726b68541652 None None] Subscribe: > security_group_rule before_delete 55550000, False {{(pid=103210) subscribe /opt/stack/data/venv/lib/python3.12/site-packages/neutron_lib/callbacks/manager.py:52}}
May 21 01:03:24.203187 np0000175586 devstack@neutron-api.service[103210]: DEBUG neutron_lib.callbacks.manager [None req-db6304d3-31e0-4170-80a6-726b68541652 None None] Subscribe: > address_group after_create 55550000, False {{(pid=103210) subscribe /opt/stack/data/venv/lib/python3.12/site-packages/neutron_lib/callbacks/manager.py:52}}
May 21 01:03:24.203187 np0000175586 devstack@neutron-api.service[103210]: DEBUG neutron_lib.callbacks.manager [None req-db6304d3-31e0-4170-80a6-726b68541652 None None] Subscribe: > address_group after_update 55550000, False {{(pid=103210) subscribe /opt/stack/data/venv/lib/python3.12/site-packages/neutron_lib/callbacks/manager.py:52}}
May 21 01:03:24.203720 np0000175586 devstack@neutron-api.service[103212]: DEBUG neutron.api.extensions [None req-74164988-70fc-44e5-8a81-6922d3c738ca None None] Ext name="Neutron Extra DHCP options" alias="extra_dhcp_opt" description="Extra options configuration for DHCP. For example PXE boot options to DHCP clients can be specified (e.g. tftp-server, server-ip-address, bootfile-name)" updated="2013-03-17T12:00:00-00:00" {{(pid=103212) _check_extension /opt/stack/neutron/neutron/api/extensions.py:415}}
May 21 01:03:24.203850 np0000175586 devstack@neutron-api.service[103210]: DEBUG neutron_lib.callbacks.manager [None req-db6304d3-31e0-4170-80a6-726b68541652 None None] Subscribe: > address_group after_delete 55550000, False {{(pid=103210) subscribe /opt/stack/data/venv/lib/python3.12/site-packages/neutron_lib/callbacks/manager.py:52}}
May 21 01:03:24.203882 np0000175586 devstack@neutron-api.service[103212]: INFO neutron.api.extensions [None req-74164988-70fc-44e5-8a81-6922d3c738ca None None] Loaded extension: extra_dhcp_opt
May 21 01:03:24.203882 np0000175586 devstack@neutron-api.service[103212]: DEBUG neutron.api.extensions [None req-74164988-70fc-44e5-8a81-6922d3c738ca None None] Loading extension file: extraroute.py {{(pid=103212) _load_all_extensions_from_path /opt/stack/neutron/neutron/api/extensions.py:449}}
May 21 01:03:24.203994 np0000175586 devstack@neutron-api.service[103210]: DEBUG neutron_lib.callbacks.manager [None req-db6304d3-31e0-4170-80a6-726b68541652 None None] Subscribe: > qos_plugin after_init 55550000, False {{(pid=103210) subscribe /opt/stack/data/venv/lib/python3.12/site-packages/neutron_lib/callbacks/manager.py:52}}
May 21 01:03:24.203994 np0000175586 devstack@neutron-api.service[103210]: DEBUG neutron_lib.callbacks.manager [None req-db6304d3-31e0-4170-80a6-726b68541652 None None] Subscribe: > trunk_plugin after_init 55550000, False {{(pid=103210) subscribe /opt/stack/data/venv/lib/python3.12/site-packages/neutron_lib/callbacks/manager.py:52}}
May 21 01:03:24.204217 np0000175586 devstack@neutron-api.service[103209]: DEBUG neutron_lib.callbacks.manager [None req-c25b50d3-9809-452c-b5a2-f336b31bbccc None None] Subscribe: > router precommit_create 55549900, False {{(pid=103209) subscribe /opt/stack/data/venv/lib/python3.12/site-packages/neutron_lib/callbacks/manager.py:52}}
May 21 01:03:24.204330 np0000175586 devstack@neutron-api.service[103212]: DEBUG neutron.api.extensions [None req-74164988-70fc-44e5-8a81-6922d3c738ca None None] Ext name="Neutron Extra Route" alias="extraroute" description="Extra routes configuration for L3 router" updated="2013-02-01T10:00:00-00:00" {{(pid=103212) _check_extension /opt/stack/neutron/neutron/api/extensions.py:415}}
May 21 01:03:24.204388 np0000175586 devstack@neutron-api.service[103209]: DEBUG neutron_lib.callbacks.manager [None req-c25b50d3-9809-452c-b5a2-f336b31bbccc None None] Subscribe: > router_interface after_create 55550000, False {{(pid=103209) subscribe /opt/stack/data/venv/lib/python3.12/site-packages/neutron_lib/callbacks/manager.py:52}}
May 21 01:03:24.204417 np0000175586 devstack@neutron-api.service[103212]: INFO neutron.api.extensions [None req-74164988-70fc-44e5-8a81-6922d3c738ca None None] Loaded extension: extraroute
May 21 01:03:24.204473 np0000175586 devstack@neutron-api.service[103210]: DEBUG neutron_lib.callbacks.manager [None req-db6304d3-31e0-4170-80a6-726b68541652 None None] Subscribe: > logging-plugin after_init 55550000, False {{(pid=103210) subscribe /opt/stack/data/venv/lib/python3.12/site-packages/neutron_lib/callbacks/manager.py:52}}
May 21 01:03:24.204525 np0000175586 devstack@neutron-api.service[103209]: DEBUG neutron_lib.callbacks.manager [None req-c25b50d3-9809-452c-b5a2-f336b31bbccc None None] Subscribe: > floatingip after_create 55550000, False {{(pid=103209) subscribe /opt/stack/data/venv/lib/python3.12/site-packages/neutron_lib/callbacks/manager.py:52}}
May 21 01:03:24.204560 np0000175586 devstack@neutron-api.service[103212]: DEBUG neutron.api.extensions [None req-74164988-70fc-44e5-8a81-6922d3c738ca None None] Loading extension file: extraroute_atomic.py {{(pid=103212) _load_all_extensions_from_path /opt/stack/neutron/neutron/api/extensions.py:449}}
May 21 01:03:24.204617 np0000175586 devstack@neutron-api.service[103209]: DEBUG neutron_lib.callbacks.manager [None req-c25b50d3-9809-452c-b5a2-f336b31bbccc None None] Subscribe: > floatingip precommit_create 55550000, False {{(pid=103209) subscribe /opt/stack/data/venv/lib/python3.12/site-packages/neutron_lib/callbacks/manager.py:52}}
May 21 01:03:24.204617 np0000175586 devstack@neutron-api.service[103209]: DEBUG neutron_lib.callbacks.manager [None req-c25b50d3-9809-452c-b5a2-f336b31bbccc None None] Subscribe: > floatingip precommit_update 55550000, False {{(pid=103209) subscribe /opt/stack/data/venv/lib/python3.12/site-packages/neutron_lib/callbacks/manager.py:52}}
May 21 01:03:24.204675 np0000175586 devstack@neutron-api.service[103212]: DEBUG neutron.api.extensions [None req-74164988-70fc-44e5-8a81-6922d3c738ca None None] Ext name="Atomically add/remove extra routes" alias="extraroute-atomic" description="Edit extra routes of a router on server side by atomically adding/removing extra routes" updated="2019-07-10T00:00:00+00:00" {{(pid=103212) _check_extension /opt/stack/neutron/neutron/api/extensions.py:415}}
May 21 01:03:24.204768 np0000175586 devstack@neutron-api.service[103209]: DEBUG neutron_lib.callbacks.manager [None req-c25b50d3-9809-452c-b5a2-f336b31bbccc None None] Subscribe: > floatingip after_delete 55550000, False {{(pid=103209) subscribe /opt/stack/data/venv/lib/python3.12/site-packages/neutron_lib/callbacks/manager.py:52}}
May 21 01:03:24.204768 np0000175586 devstack@neutron-api.service[103209]: DEBUG neutron_lib.callbacks.manager [None req-c25b50d3-9809-452c-b5a2-f336b31bbccc None None] Subscribe: > floatingip after_status_update 55550000, False {{(pid=103209) subscribe /opt/stack/data/venv/lib/python3.12/site-packages/neutron_lib/callbacks/manager.py:52}}
May 21 01:03:24.204828 np0000175586 devstack@neutron-api.service[103210]: INFO neutron.services.logapi.drivers.ovn.driver [None req-db6304d3-31e0-4170-80a6-726b68541652 None None] OVN logging driver registered
May 21 01:03:24.204887 np0000175586 devstack@neutron-api.service[103212]: INFO neutron.api.extensions [None req-74164988-70fc-44e5-8a81-6922d3c738ca None None] Loaded extension: extraroute-atomic
May 21 01:03:24.204977 np0000175586 devstack@neutron-api.service[103209]: DEBUG neutron_lib.callbacks.manager [None req-c25b50d3-9809-452c-b5a2-f336b31bbccc None None] Subscribe: > floatingip after_update 55550000, False {{(pid=103209) subscribe /opt/stack/data/venv/lib/python3.12/site-packages/neutron_lib/callbacks/manager.py:52}}
May 21 01:03:24.205007 np0000175586 devstack@neutron-api.service[103212]: DEBUG neutron.api.extensions [None req-74164988-70fc-44e5-8a81-6922d3c738ca None None] Loading extension file: filter_validation.py {{(pid=103212) _load_all_extensions_from_path /opt/stack/neutron/neutron/api/extensions.py:449}}
May 21 01:03:24.205096 np0000175586 devstack@neutron-api.service[103209]: DEBUG neutron_lib.callbacks.manager [None req-c25b50d3-9809-452c-b5a2-f336b31bbccc None None] Subscribe: > port_forwarding after_create 55550000, False {{(pid=103209) subscribe /opt/stack/data/venv/lib/python3.12/site-packages/neutron_lib/callbacks/manager.py:52}}
May 21 01:03:24.205096 np0000175586 devstack@neutron-api.service[103209]: DEBUG neutron_lib.callbacks.manager [None req-c25b50d3-9809-452c-b5a2-f336b31bbccc None None] Subscribe: > router_interface after_delete 55550000, False {{(pid=103209) subscribe /opt/stack/data/venv/lib/python3.12/site-packages/neutron_lib/callbacks/manager.py:52}}
May 21 01:03:24.205151 np0000175586 devstack@neutron-api.service[103212]: DEBUG neutron.api.extensions [None req-74164988-70fc-44e5-8a81-6922d3c738ca None None] Ext name="Filter parameters validation" alias="filter-validation" description="Provides validation on filter parameters." updated="2018-07-04T10:00:00-00:00" {{(pid=103212) _check_extension /opt/stack/neutron/neutron/api/extensions.py:415}}
May 21 01:03:24.205183 np0000175586 devstack@neutron-api.service[103209]: DEBUG neutron_lib.callbacks.manager [None req-c25b50d3-9809-452c-b5a2-f336b31bbccc None None] Subscribe: > router after_create 55550000, False {{(pid=103209) subscribe /opt/stack/data/venv/lib/python3.12/site-packages/neutron_lib/callbacks/manager.py:52}}
May 21 01:03:24.205183 np0000175586 devstack@neutron-api.service[103209]: DEBUG neutron_lib.callbacks.manager [None req-c25b50d3-9809-452c-b5a2-f336b31bbccc None None] Subscribe: > router precommit_create 55550000, False {{(pid=103209) subscribe /opt/stack/data/venv/lib/python3.12/site-packages/neutron_lib/callbacks/manager.py:52}}
May 21 01:03:24.205269 np0000175586 devstack@neutron-api.service[103212]: INFO neutron.api.extensions [None req-74164988-70fc-44e5-8a81-6922d3c738ca None None] Loaded extension: filter-validation
May 21 01:03:24.205299 np0000175586 devstack@neutron-api.service[103209]: DEBUG neutron_lib.callbacks.manager [None req-c25b50d3-9809-452c-b5a2-f336b31bbccc None None] Subscribe: > router after_delete 55550000, False {{(pid=103209) subscribe /opt/stack/data/venv/lib/python3.12/site-packages/neutron_lib/callbacks/manager.py:52}}
May 21 01:03:24.205389 np0000175586 devstack@neutron-api.service[103212]: DEBUG neutron.api.extensions [None req-74164988-70fc-44e5-8a81-6922d3c738ca None None] Loading extension file: fip_pf_description.py {{(pid=103212) _load_all_extensions_from_path /opt/stack/neutron/neutron/api/extensions.py:449}}
May 21 01:03:24.205417 np0000175586 devstack@neutron-api.service[103209]: DEBUG neutron_lib.callbacks.manager [None req-c25b50d3-9809-452c-b5a2-f336b31bbccc None None] Subscribe: > router after_update 55550000, False {{(pid=103209) subscribe /opt/stack/data/venv/lib/python3.12/site-packages/neutron_lib/callbacks/manager.py:52}}
May 21 01:03:24.205417 np0000175586 devstack@neutron-api.service[103209]: DEBUG neutron.services.service_base [None req-c25b50d3-9809-452c-b5a2-f336b31bbccc None None] Loaded 'neutron.services.ovn_l3.service_providers.ovn.OvnDriver' provider for service L3_ROUTER_NAT {{(pid=103209) load_drivers /opt/stack/neutron/neutron/services/service_base.py:49}}
May 21 01:03:24.205554 np0000175586 devstack@neutron-api.service[103212]: DEBUG neutron.api.extensions [None req-74164988-70fc-44e5-8a81-6922d3c738ca None None] Ext name="Floating IP Port Forwarding new attribute description" alias="floating-ip-port-forwarding-description" description="Add a description field to Port Forwarding rules" updated="2019-11-01T10:00:00-00:00" {{(pid=103212) _check_extension /opt/stack/neutron/neutron/api/extensions.py:415}}
May 21 01:03:24.205616 np0000175586 devstack@neutron-api.service[103209]: DEBUG neutron_lib.callbacks.manager [None req-c25b50d3-9809-452c-b5a2-f336b31bbccc None None] Subscribe: > process after_init 55550001, True {{(pid=103209) subscribe /opt/stack/data/venv/lib/python3.12/site-packages/neutron_lib/callbacks/manager.py:52}}
May 21 01:03:24.205645 np0000175586 devstack@neutron-api.service[103212]: INFO neutron.api.extensions [None req-74164988-70fc-44e5-8a81-6922d3c738ca None None] Extension floating-ip-port-forwarding-description not supported by any of loaded plugins
