+ COMMAND=start + start + start_ovn + exec neutron-server --config-file /etc/neutron/neutron.conf --config-file /tmp/pod-shared/ovn.ini --config-file /etc/neutron/plugins/ml2/ml2_conf.ini /var/lib/openstack/lib/python3.10/site-packages/munch/__init__.py:24: UserWarning: pkg_resources is deprecated as an API. See https://setuptools.pypa.io/en/latest/pkg_resources.html. The pkg_resources package is slated for removal as early as 2025-11-30. Refrain from using this package or pin to Setuptools<81. import pkg_resources
2026-05-18 01:16:10.524 1 INFO neutron.common.config [-] Logging enabled!
2026-05-18 01:16:10.524 1 INFO neutron.common.config [-] /var/lib/openstack/bin/neutron-server version 21.2.2.dev24
2026-05-18 01:16:10.526 1 INFO neutron.common.config [-] Logging enabled!
2026-05-18 01:16:10.526 1 INFO neutron.common.config [-] /var/lib/openstack/bin/neutron-server version 21.2.2.dev24
2026-05-18 01:16:10.746 1 INFO neutron.manager [-] Loading core plugin: ml2
2026-05-18 01:16:11.398 1 INFO neutron.plugins.ml2.managers [-] Configured type driver names: ['flat', 'vlan', 'geneve']
2026-05-18 01:16:11.401 1 INFO neutron.plugins.ml2.drivers.type_flat [-] Arbitrary flat physical_network names allowed
2026-05-18 01:16:11.404 1 INFO neutron.plugins.ml2.drivers.type_vlan [-] Network VLAN ranges: OrderedDict([('external', [(1, 4094)])])
2026-05-18 01:16:11.404 1 INFO neutron.plugins.ml2.managers [-] Loaded type driver names: ['flat', 'geneve', 'vlan']
2026-05-18 01:16:11.404 1 INFO neutron.plugins.ml2.managers [-] Registered types: dict_keys(['flat', 'geneve', 'vlan'])
2026-05-18 01:16:11.404 1 INFO neutron.plugins.ml2.managers [-] Tenant network_types: ['geneve']
2026-05-18 01:16:11.404 1 INFO neutron.plugins.ml2.managers [-] Configured extension driver names: ['dns_domain_ports', 'port_security', 'qos']
2026-05-18 01:16:11.410 1 INFO neutron.plugins.ml2.managers [-] Loaded extension driver names: ['dns_domain_ports', 'port_security', 'qos']
2026-05-18 01:16:11.410 1 INFO neutron.plugins.ml2.managers [-] Registered extension drivers: ['dns_domain_ports', 'port_security', 'qos']
2026-05-18 01:16:11.410 1 INFO neutron.plugins.ml2.managers [-] Configured mechanism driver names: ['ovn']
2026-05-18 01:16:11.700 1 INFO neutron.plugins.ml2.managers [-] Loaded mechanism driver names: ['ovn']
2026-05-18 01:16:11.700 1 INFO neutron.plugins.ml2.managers [-] Registered mechanism drivers: ['ovn']
2026-05-18 01:16:11.700 1 INFO neutron.plugins.ml2.managers [-] No mechanism drivers provide segment reachability information for agent scheduling.
2026-05-18 01:16:11.716 1 INFO neutron.plugins.ml2.managers [-] Initializing driver for type 'flat'
2026-05-18 01:16:11.717 1 INFO neutron.plugins.ml2.drivers.type_flat [-] ML2 FlatTypeDriver initialization complete
2026-05-18 01:16:11.717 1 INFO neutron.plugins.ml2.managers [-] Initializing driver for type 'geneve'
2026-05-18 01:16:11.717 1 INFO neutron.plugins.ml2.drivers.type_tunnel [-] geneve ID ranges: [(1, 65536)]
2026-05-18 01:16:13.878 1 INFO neutron.plugins.ml2.managers [None req-e0892ff9-8a6e-4146-86ca-c118e9e38b60 - - - - - -] Initializing driver for type 'vlan'
2026-05-18 01:16:14.033 1 INFO neutron.plugins.ml2.drivers.type_vlan [None req-e0892ff9-8a6e-4146-86ca-c118e9e38b60 - - - - - -] VlanTypeDriver initialization complete
2026-05-18 01:16:14.033 1 INFO neutron.plugins.ml2.managers [None req-e0892ff9-8a6e-4146-86ca-c118e9e38b60 - - - - - -] Initializing extension driver 'dns_domain_ports'
2026-05-18 01:16:14.033 1 INFO neutron.plugins.ml2.extensions.dns_integration [None req-e0892ff9-8a6e-4146-86ca-c118e9e38b60 - - - - - -] DNSDomainPortsExtensionDriver initialization complete
2026-05-18 01:16:14.034 1 INFO neutron.plugins.ml2.managers [None req-e0892ff9-8a6e-4146-86ca-c118e9e38b60 - - - - - -] Initializing extension driver 'port_security'
2026-05-18 01:16:14.034 1 INFO neutron.plugins.ml2.extensions.port_security [None req-e0892ff9-8a6e-4146-86ca-c118e9e38b60 - - - - - -] PortSecurityExtensionDriver initialization complete
2026-05-18 01:16:14.034 1 INFO neutron.plugins.ml2.managers [None req-e0892ff9-8a6e-4146-86ca-c118e9e38b60 - - - - - -] Initializing extension driver 'qos'
2026-05-18 01:16:14.034 1 INFO neutron.plugins.ml2.managers [None req-e0892ff9-8a6e-4146-86ca-c118e9e38b60 - - - - - -] Initializing mechanism driver 'ovn'
2026-05-18 01:16:14.034 1 INFO neutron.plugins.ml2.drivers.ovn.mech_driver.mech_driver [None req-e0892ff9-8a6e-4146-86ca-c118e9e38b60 - - - - - -] Starting OVNMechanismDriver
2026-05-18 01:16:14.059 1 INFO neutron.services.logapi.drivers.ovn.driver [None req-e0892ff9-8a6e-4146-86ca-c118e9e38b60 - - - - - -] OVN logging driver registered
2026-05-18 01:16:14.064 1 INFO neutron.quota [None req-e0892ff9-8a6e-4146-86ca-c118e9e38b60 - - - - - -] Loaded quota_driver: .
2026-05-18 01:16:14.065 1 INFO neutron.plugins.ml2.plugin [None req-e0892ff9-8a6e-4146-86ca-c118e9e38b60 - - - - - -] Modular L2 Plugin initialization complete
2026-05-18 01:16:14.065 1 INFO neutron.plugins.ml2.managers [None req-e0892ff9-8a6e-4146-86ca-c118e9e38b60 - - - - - -] Got dns-integration extension from driver 'dns_domain_ports'
2026-05-18 01:16:14.065 1 INFO neutron.plugins.ml2.managers [None req-e0892ff9-8a6e-4146-86ca-c118e9e38b60 - - - - - -] Got dns-domain-ports extension from driver 'dns_domain_ports'
2026-05-18 01:16:14.065 1 INFO neutron.plugins.ml2.managers [None req-e0892ff9-8a6e-4146-86ca-c118e9e38b60 - - - - - -] Got port-security extension from driver 'port_security'
2026-05-18 01:16:14.065 1 INFO neutron.extensions.vlantransparent [None req-e0892ff9-8a6e-4146-86ca-c118e9e38b60 - - - - - -] Disabled vlantransparent extension.
2026-05-18 01:16:14.066 1 INFO neutron.manager [None req-e0892ff9-8a6e-4146-86ca-c118e9e38b60 - - - - - -] Loading Plugin: qos
2026-05-18 01:16:14.075 1 INFO neutron.manager [None req-e0892ff9-8a6e-4146-86ca-c118e9e38b60 - - - - - -] Loading Plugin: ovn-router
2026-05-18 01:16:14.089 1 INFO neutron.services.ovn_l3.plugin [None req-e0892ff9-8a6e-4146-86ca-c118e9e38b60 - - - - - -] Starting OVNL3RouterPlugin
2026-05-18 01:16:14.090 1 INFO neutron.manager [None req-e0892ff9-8a6e-4146-86ca-c118e9e38b60 - - - - - -] Loading Plugin: segments
2026-05-18 01:16:14.168 1 INFO neutron.manager [None req-e0892ff9-8a6e-4146-86ca-c118e9e38b60 - - - - - -] Loading Plugin: trunk
2026-05-18 01:16:14.175 1 INFO neutron.manager [None req-e0892ff9-8a6e-4146-86ca-c118e9e38b60 - - - - - -] Loading Plugin: log
2026-05-18 01:16:14.177 1 INFO neutron.manager [None req-e0892ff9-8a6e-4146-86ca-c118e9e38b60 - - - - - -] Loading Plugin: auto_allocate
2026-05-18 01:16:14.180 1 INFO neutron.manager [None req-e0892ff9-8a6e-4146-86ca-c118e9e38b60 - - - - - -] Loading Plugin: tag
2026-05-18 01:16:14.184 1 INFO neutron.manager [None req-e0892ff9-8a6e-4146-86ca-c118e9e38b60 - - - - - -] Loading Plugin: timestamp
2026-05-18 01:16:14.186 1 INFO neutron.manager [None req-e0892ff9-8a6e-4146-86ca-c118e9e38b60 - - - - - -] Loading Plugin: network_ip_availability
2026-05-18 01:16:14.189 1 INFO neutron.manager [None req-e0892ff9-8a6e-4146-86ca-c118e9e38b60 - - - - - -] Loading Plugin: flavors
2026-05-18 01:16:14.192 1 INFO neutron.manager [None req-e0892ff9-8a6e-4146-86ca-c118e9e38b60 - - - - - -] Loading Plugin: revisions
2026-05-18 01:16:14.195 1 INFO neutron.api.extensions [None req-e0892ff9-8a6e-4146-86ca-c118e9e38b60 - - - - - -] Initializing extension manager.
2026-05-18 01:16:14.196 1 INFO neutron.api.extensions [None req-e0892ff9-8a6e-4146-86ca-c118e9e38b60 - - - - - -] Loaded extension: address-group
2026-05-18 01:16:14.197 1 INFO neutron.api.extensions [None req-e0892ff9-8a6e-4146-86ca-c118e9e38b60 - - - - - -] Loaded extension: address-scope
2026-05-18 01:16:14.198 1 INFO neutron.api.extensions [None req-e0892ff9-8a6e-4146-86ca-c118e9e38b60 - - - - - -] Extension router-admin-state-down-before-update not supported by any of loaded plugins
2026-05-18 01:16:14.198 1 INFO neutron.api.extensions [None req-e0892ff9-8a6e-4146-86ca-c118e9e38b60 - - - - - -] Loaded extension: agent
2026-05-18 01:16:14.199 1 INFO neutron.api.extensions [None req-e0892ff9-8a6e-4146-86ca-c118e9e38b60 - - - - - -] Extension agent-resources-synced not supported by any of loaded plugins
2026-05-18 01:16:14.200 1 INFO neutron.api.extensions [None req-e0892ff9-8a6e-4146-86ca-c118e9e38b60 - - - - - -] Loaded extension: allowed-address-pairs
2026-05-18 01:16:14.201 1 INFO neutron.api.extensions [None req-e0892ff9-8a6e-4146-86ca-c118e9e38b60 - - - - - -] Loaded extension: auto-allocated-topology
2026-05-18 01:16:14.202 1 INFO neutron.api.extensions [None req-e0892ff9-8a6e-4146-86ca-c118e9e38b60 - - - - - -] Loaded extension: availability_zone
2026-05-18 01:16:14.202 1 INFO neutron.api.extensions [None req-e0892ff9-8a6e-4146-86ca-c118e9e38b60 - - - - - -] Extension availability_zone_filter not supported by any of loaded plugins
2026-05-18 01:16:14.203 1 INFO neutron.api.extensions [None req-e0892ff9-8a6e-4146-86ca-c118e9e38b60 - - - - - -] Extension data-plane-status not supported by any of loaded plugins
2026-05-18 01:16:14.204 1 INFO neutron.api.extensions [None req-e0892ff9-8a6e-4146-86ca-c118e9e38b60 - - - - - -] Loaded extension: default-subnetpools
2026-05-18 01:16:14.205 1 INFO neutron.api.extensions [None req-e0892ff9-8a6e-4146-86ca-c118e9e38b60 - - - - - -] Loaded extension: dhcp_agent_scheduler
2026-05-18 01:16:14.206 1 INFO neutron.api.extensions [None req-e0892ff9-8a6e-4146-86ca-c118e9e38b60 - - - - - -] Loaded extension: dns-integration
2026-05-18 01:16:14.206 1 INFO neutron.api.extensions [None req-e0892ff9-8a6e-4146-86ca-c118e9e38b60 - - - - - -] Loaded extension: dns-domain-ports
2026-05-18 01:16:14.207 1 INFO neutron.api.extensions [None req-e0892ff9-8a6e-4146-86ca-c118e9e38b60 - - - - - -] Loaded extension: dns-integration-domain-keywords
2026-05-18 01:16:14.207 1 INFO neutron.api.extensions [None req-e0892ff9-8a6e-4146-86ca-c118e9e38b60 - - - - - -] Extension dvr not supported by any of loaded plugins
2026-05-18 01:16:14.208 1 INFO neutron.api.extensions [None req-e0892ff9-8a6e-4146-86ca-c118e9e38b60 - - - - - -] Extension ecmp_routes not supported by any of loaded plugins
2026-05-18 01:16:14.208 1 INFO neutron.api.extensions [None req-e0892ff9-8a6e-4146-86ca-c118e9e38b60 - - - - - -] Extension empty-string-filtering not supported by any of loaded plugins
2026-05-18 01:16:14.209 1 INFO neutron.api.extensions [None req-e0892ff9-8a6e-4146-86ca-c118e9e38b60 - - - - - -] Extension expose-l3-conntrack-helper not supported by any of loaded plugins
2026-05-18 01:16:14.210 1 INFO neutron.api.extensions [None req-e0892ff9-8a6e-4146-86ca-c118e9e38b60 - - - - - -] Extension expose-port-forwarding-in-fip not supported by any of loaded plugins
2026-05-18 01:16:14.210 1 INFO neutron.api.extensions [None req-e0892ff9-8a6e-4146-86ca-c118e9e38b60 - - - - - -] Loaded extension: external-net
2026-05-18 01:16:14.211 1 INFO neutron.api.extensions [None req-e0892ff9-8a6e-4146-86ca-c118e9e38b60 - - - - - -] Loaded extension: extra_dhcp_opt
2026-05-18 01:16:14.211 1 INFO neutron.api.extensions [None req-e0892ff9-8a6e-4146-86ca-c118e9e38b60 - - - - - -] Loaded extension: extraroute
2026-05-18 01:16:14.212 1 INFO neutron.api.extensions [None req-e0892ff9-8a6e-4146-86ca-c118e9e38b60 - - - - - -] Extension extraroute-atomic not supported by any of loaded plugins
2026-05-18 01:16:14.212 1 INFO neutron.api.extensions [None req-e0892ff9-8a6e-4146-86ca-c118e9e38b60 - - - - - -] Loaded extension: filter-validation
2026-05-18 01:16:14.213 1 INFO neutron.api.extensions [None req-e0892ff9-8a6e-4146-86ca-c118e9e38b60 - - - - - -] Extension floating-ip-port-forwarding-description not supported by any of loaded plugins
2026-05-18 01:16:14.213 1 INFO neutron.api.extensions [None req-e0892ff9-8a6e-4146-86ca-c118e9e38b60 - - - - - -] Loaded extension: floating-ip-port-forwarding-detail
2026-05-18 01:16:14.214 1 INFO neutron.api.extensions [None req-e0892ff9-8a6e-4146-86ca-c118e9e38b60 - - - - - -] Extension floating-ip-port-forwarding-port-ranges not supported by any of loaded plugins
2026-05-18 01:16:14.214 1 INFO neutron.api.extensions [None req-e0892ff9-8a6e-4146-86ca-c118e9e38b60 - - - - - -] Loaded extension: fip-port-details
2026-05-18 01:16:14.215 1 INFO neutron.api.extensions [None req-e0892ff9-8a6e-4146-86ca-c118e9e38b60 - - - - - -] Loaded extension: flavors
2026-05-18 01:16:14.216 1 INFO neutron.api.extensions [None req-e0892ff9-8a6e-4146-86ca-c118e9e38b60 - - - - - -] Extension floating-ip-port-forwarding not supported by any of loaded plugins
2026-05-18 01:16:14.217 1 INFO neutron.api.extensions [None req-e0892ff9-8a6e-4146-86ca-c118e9e38b60 - - - - - -] Loaded extension: floatingip-pools
2026-05-18 01:16:14.217 1 INFO neutron.api.extensions [None req-e0892ff9-8a6e-4146-86ca-c118e9e38b60 - - - - - -] Loaded extension: ip_allocation
2026-05-18 01:16:14.218 1 INFO neutron.api.extensions [None req-e0892ff9-8a6e-4146-86ca-c118e9e38b60 - - - - - -] Extension ip-substring-filtering not supported by any of loaded plugins
2026-05-18 01:16:14.218 1 INFO neutron.api.extensions [None req-e0892ff9-8a6e-4146-86ca-c118e9e38b60 - - - - - -] Loaded extension: l2_adjacency
2026-05-18 01:16:14.219 1 INFO neutron.api.extensions [None req-e0892ff9-8a6e-4146-86ca-c118e9e38b60 - - - - - -] Loaded extension: router
2026-05-18 01:16:14.221 1 INFO neutron.api.extensions [None req-e0892ff9-8a6e-4146-86ca-c118e9e38b60 - - - - - -] Extension l3-conntrack-helper not supported by any of loaded plugins
2026-05-18 01:16:14.221 1 INFO neutron.api.extensions [None req-e0892ff9-8a6e-4146-86ca-c118e9e38b60 - - - - - -] Loaded extension: ext-gw-mode
2026-05-18 01:16:14.222 1 INFO neutron.api.extensions [None req-e0892ff9-8a6e-4146-86ca-c118e9e38b60 - - - - - -] Extension l3-ha not supported by any of loaded plugins
2026-05-18 01:16:14.222 1 INFO neutron.api.extensions [None req-e0892ff9-8a6e-4146-86ca-c118e9e38b60 - - - - - -] Extension l3-ext-ndp-proxy not supported by any of loaded plugins
2026-05-18 01:16:14.223 1 INFO neutron.api.extensions [None req-e0892ff9-8a6e-4146-86ca-c118e9e38b60 - - - - - -] Extension l3-flavors not supported by any of loaded plugins
2026-05-18 01:16:14.223 1 INFO neutron.api.extensions [None req-e0892ff9-8a6e-4146-86ca-c118e9e38b60 - - - - - -] Extension l3-ndp-proxy not supported by any of loaded plugins
2026-05-18 01:16:14.224 1 INFO neutron.api.extensions [None req-e0892ff9-8a6e-4146-86ca-c118e9e38b60 - - - - - -] Extension l3-port-ip-change-not-allowed not supported by any of loaded plugins
2026-05-18 01:16:14.226 1 INFO neutron.api.extensions [None req-e0892ff9-8a6e-4146-86ca-c118e9e38b60 - - - - - -] Extension l3_agent_scheduler not supported by any of loaded plugins
2026-05-18 01:16:14.226 1 INFO neutron.api.extensions [None req-e0892ff9-8a6e-4146-86ca-c118e9e38b60 - - - - - -] Extension local_ip not supported by any of loaded plugins
2026-05-18 01:16:14.227 1 INFO neutron.api.extensions [None req-e0892ff9-8a6e-4146-86ca-c118e9e38b60 - - - - - -] Loaded extension: logging
2026-05-18 01:16:14.228 1 INFO neutron.api.extensions [None req-e0892ff9-8a6e-4146-86ca-c118e9e38b60 - - - - - -] Extension metering not supported by any of loaded plugins
2026-05-18 01:16:14.229 1 INFO neutron.api.extensions [None req-e0892ff9-8a6e-4146-86ca-c118e9e38b60 - - - - - -] Extension metering_source_and_destination_fields not supported by any of loaded plugins
2026-05-18 01:16:14.229 1 INFO neutron.api.extensions [None req-e0892ff9-8a6e-4146-86ca-c118e9e38b60 - - - - - -] Loaded extension: multi-provider
2026-05-18 01:16:14.230 1 INFO neutron.api.extensions [None req-e0892ff9-8a6e-4146-86ca-c118e9e38b60 - - - - - -] Loaded extension: net-mtu
2026-05-18 01:16:14.230 1 INFO neutron.api.extensions [None req-e0892ff9-8a6e-4146-86ca-c118e9e38b60 - - - - - -] Loaded extension: net-mtu-writable
2026-05-18 01:16:14.231 1 INFO neutron.api.extensions [None req-e0892ff9-8a6e-4146-86ca-c118e9e38b60 - - - - - -] Loaded extension: network_availability_zone
2026-05-18 01:16:14.231 1 INFO neutron.api.extensions [None req-e0892ff9-8a6e-4146-86ca-c118e9e38b60 - - - - - -] Loaded extension: network-ip-availability
2026-05-18 01:16:14.232 1 INFO neutron.api.extensions [None req-e0892ff9-8a6e-4146-86ca-c118e9e38b60 - - - - - -] Extension network-segment-range not supported by any of loaded plugins
2026-05-18 01:16:14.233 1 INFO neutron.api.extensions [None req-e0892ff9-8a6e-4146-86ca-c118e9e38b60 - - - - - -] Loaded extension: pagination
2026-05-18 01:16:14.233 1 INFO neutron.api.extensions [None req-e0892ff9-8a6e-4146-86ca-c118e9e38b60 - - - - - -] Loaded extension: port-device-profile
2026-05-18 01:16:14.234 1 INFO neutron.api.extensions [None req-e0892ff9-8a6e-4146-86ca-c118e9e38b60 - - - - - -] Extension port-mac-override not supported by any of loaded plugins
2026-05-18 01:16:14.234 1 INFO neutron.api.extensions [None req-e0892ff9-8a6e-4146-86ca-c118e9e38b60 - - - - - -] Loaded extension: port-mac-address-regenerate
2026-05-18 01:16:14.235 1 INFO neutron.api.extensions [None req-e0892ff9-8a6e-4146-86ca-c118e9e38b60 - - - - - -] Loaded extension: port-numa-affinity-policy
2026-05-18 01:16:14.235 1 INFO neutron.api.extensions [None req-e0892ff9-8a6e-4146-86ca-c118e9e38b60 - - - - - -] Loaded extension: port-resource-request
2026-05-18 01:16:14.236 1 INFO neutron.api.extensions [None req-e0892ff9-8a6e-4146-86ca-c118e9e38b60 - - - - - -] Loaded extension: port-resource-request-groups
2026-05-18 01:16:14.236 1 INFO neutron.api.extensions [None req-e0892ff9-8a6e-4146-86ca-c118e9e38b60 - - - - - -] Loaded extension: binding
2026-05-18 01:16:14.237 1 INFO neutron.api.extensions [None req-e0892ff9-8a6e-4146-86ca-c118e9e38b60 - - - - - -] Loaded extension: binding-extended
2026-05-18 01:16:14.237 1 INFO neutron.api.extensions [None req-e0892ff9-8a6e-4146-86ca-c118e9e38b60 - - - - - -] Loaded extension: port-security
2026-05-18 01:16:14.238 1 INFO neutron.api.extensions [None req-e0892ff9-8a6e-4146-86ca-c118e9e38b60 - - - - - -] Loaded extension: project-id
2026-05-18 01:16:14.238 1 INFO neutron.api.extensions [None req-e0892ff9-8a6e-4146-86ca-c118e9e38b60 - - - - - -] Loaded extension: provider
2026-05-18 01:16:14.240 1 INFO neutron.api.extensions [None req-e0892ff9-8a6e-4146-86ca-c118e9e38b60 - - - - - -] Loaded extension: qos
2026-05-18 01:16:14.240 1 INFO neutron.api.extensions [None req-e0892ff9-8a6e-4146-86ca-c118e9e38b60 - - - - - -] Loaded extension: qos-bw-limit-direction
2026-05-18 01:16:14.241 1 INFO neutron.api.extensions [None req-e0892ff9-8a6e-4146-86ca-c118e9e38b60 - - - - - -] Loaded extension: qos-bw-minimum-ingress
2026-05-18 01:16:14.241 1 INFO neutron.api.extensions [None req-e0892ff9-8a6e-4146-86ca-c118e9e38b60 - - - - - -] Loaded extension: qos-default
2026-05-18 01:16:14.242 1 INFO neutron.api.extensions [None req-e0892ff9-8a6e-4146-86ca-c118e9e38b60 - - - - - -] Loaded extension: qos-fip
2026-05-18 01:16:14.242 1 INFO neutron.api.extensions [None req-e0892ff9-8a6e-4146-86ca-c118e9e38b60 - - - - - -] Extension qos-fip-network-policy not supported by any of loaded plugins
2026-05-18 01:16:14.243 1 INFO neutron.api.extensions [None req-e0892ff9-8a6e-4146-86ca-c118e9e38b60 - - - - - -] Loaded extension: qos-gateway-ip
2026-05-18 01:16:14.244 1 INFO neutron.api.extensions [None req-e0892ff9-8a6e-4146-86ca-c118e9e38b60 - - - - - -] Loaded extension: qos-port-network-policy
2026-05-18 01:16:14.244 1 INFO neutron.api.extensions [None req-e0892ff9-8a6e-4146-86ca-c118e9e38b60 - - - - - -] Loaded extension: qos-pps-minimum
2026-05-18 01:16:14.245 1 INFO neutron.api.extensions [None req-e0892ff9-8a6e-4146-86ca-c118e9e38b60 - - - - - -] Loaded extension: qos-pps-minimum-rule-alias
2026-05-18 01:16:14.245 1 INFO neutron.api.extensions [None req-e0892ff9-8a6e-4146-86ca-c118e9e38b60 - - - - - -] Loaded extension: qos-pps
2026-05-18 01:16:14.246 1 INFO neutron.api.extensions [None req-e0892ff9-8a6e-4146-86ca-c118e9e38b60 - - - - - -] Loaded extension: qos-rule-type-details
2026-05-18 01:16:14.246 1 INFO neutron.api.extensions [None req-e0892ff9-8a6e-4146-86ca-c118e9e38b60 - - - - - -] Loaded extension: qos-rule-type-filter
2026-05-18 01:16:14.247 1 INFO neutron.api.extensions [None req-e0892ff9-8a6e-4146-86ca-c118e9e38b60 - - - - - -] Loaded extension: qos-rules-alias
2026-05-18 01:16:14.247 1 INFO neutron.api.extensions [None req-e0892ff9-8a6e-4146-86ca-c118e9e38b60 - - - - - -] Loaded extension: quota-check-limit
2026-05-18 01:16:14.249 1 INFO neutron.api.extensions [None req-e0892ff9-8a6e-4146-86ca-c118e9e38b60 - - - - - -] Loaded extension: quotas
2026-05-18 01:16:14.250 1 INFO neutron.api.extensions [None req-e0892ff9-8a6e-4146-86ca-c118e9e38b60 - - - - - -] Loaded extension: quota_details
2026-05-18 01:16:14.251 1 INFO neutron.api.extensions [None req-e0892ff9-8a6e-4146-86ca-c118e9e38b60 - - - - - -] Loaded extension: rbac-policies
2026-05-18 01:16:14.251 1 INFO neutron.api.extensions [None req-e0892ff9-8a6e-4146-86ca-c118e9e38b60 - - - - - -] Extension rbac-address-group not supported by any of loaded plugins
2026-05-18 01:16:14.252 1 INFO neutron.api.extensions [None req-e0892ff9-8a6e-4146-86ca-c118e9e38b60 - - - - - -] Loaded extension: rbac-address-scope
2026-05-18 01:16:14.252 1 INFO neutron.api.extensions [None req-e0892ff9-8a6e-4146-86ca-c118e9e38b60 - - - - - -] Loaded extension: rbac-security-groups
2026-05-18 01:16:14.253 1 INFO neutron.api.extensions [None req-e0892ff9-8a6e-4146-86ca-c118e9e38b60 - - - - - -] Extension rbac-subnetpool not supported by any of loaded plugins
2026-05-18 01:16:14.253 1 INFO neutron.api.extensions [None req-e0892ff9-8a6e-4146-86ca-c118e9e38b60 - - - - - -] Loaded extension: revision-if-match
2026-05-18 01:16:14.254 1 INFO neutron.api.extensions [None req-e0892ff9-8a6e-4146-86ca-c118e9e38b60 - - - - - -] Loaded extension: standard-attr-revisions
2026-05-18 01:16:14.254 1 INFO neutron.api.extensions [None req-e0892ff9-8a6e-4146-86ca-c118e9e38b60 - - - - - -] Loaded extension: router_availability_zone
2026-05-18 01:16:14.255 1 INFO neutron.api.extensions [None req-e0892ff9-8a6e-4146-86ca-c118e9e38b60 - - - - - -] Extension router-service-type not supported by any of loaded plugins
2026-05-18 01:16:14.255 1 INFO neutron.api.extensions [None req-e0892ff9-8a6e-4146-86ca-c118e9e38b60 - - - - - -] Loaded extension: security-groups-normalized-cidr
2026-05-18 01:16:14.256 1 INFO neutron.api.extensions [None req-e0892ff9-8a6e-4146-86ca-c118e9e38b60 - - - - - -] Extension port-security-groups-filtering not supported by any of loaded plugins
2026-05-18 01:16:14.256 1 INFO neutron.api.extensions [None req-e0892ff9-8a6e-4146-86ca-c118e9e38b60 - - - - - -] Loaded extension: security-groups-remote-address-group
2026-05-18 01:16:14.257 1 INFO neutron.api.extensions [None req-e0892ff9-8a6e-4146-86ca-c118e9e38b60 - - - - - -] Loaded extension: security-groups-shared-filtering
2026-05-18 01:16:14.263 1 INFO neutron.api.extensions [None req-e0892ff9-8a6e-4146-86ca-c118e9e38b60 - - - - - -] Loaded extension: security-group
2026-05-18 01:16:14.264 1 INFO neutron.api.extensions [None req-e0892ff9-8a6e-4146-86ca-c118e9e38b60 - - - - - -] Loaded extension: segment
2026-05-18 01:16:14.264 1 INFO neutron.api.extensions [None req-e0892ff9-8a6e-4146-86ca-c118e9e38b60 - - - - - -] Loaded extension: segments-peer-subnet-host-routes
2026-05-18 01:16:14.265 1 INFO neutron.api.extensions [None req-e0892ff9-8a6e-4146-86ca-c118e9e38b60 - - - - - -] Loaded extension: service-type
2026-05-18 01:16:14.266 1 INFO neutron.api.extensions [None req-e0892ff9-8a6e-4146-86ca-c118e9e38b60 - - - - - -] Loaded extension: sorting
2026-05-18 01:16:14.266 1 INFO neutron.api.extensions [None req-e0892ff9-8a6e-4146-86ca-c118e9e38b60 - - - - - -] Loaded extension: standard-attr-segment
2026-05-18 01:16:14.267 1 INFO neutron.api.extensions [None req-e0892ff9-8a6e-4146-86ca-c118e9e38b60 - - - - - -] Loaded extension: standard-attr-description
2026-05-18 01:16:14.267 1 INFO neutron.api.extensions [None req-e0892ff9-8a6e-4146-86ca-c118e9e38b60 - - - - - -] Loaded extension: stateful-security-group
2026-05-18 01:16:14.268 1 WARNING neutron.api.extensions [None req-e0892ff9-8a6e-4146-86ca-c118e9e38b60 - - - - - -] Did not find expected name "Stdattrs_common" in /var/lib/openstack/lib/python3.10/site-packages/neutron/extensions/stdattrs_common.py
2026-05-18 01:16:14.268 1 INFO neutron.api.extensions [None req-e0892ff9-8a6e-4146-86ca-c118e9e38b60 - - - - - -] Loaded extension: subnet-dns-publish-fixed-ip
2026-05-18 01:16:14.269 1 INFO neutron.api.extensions [None req-e0892ff9-8a6e-4146-86ca-c118e9e38b60 - - - - - -] Extension subnet_onboard not supported by any of loaded plugins
2026-05-18 01:16:14.269 1 INFO neutron.api.extensions [None req-e0892ff9-8a6e-4146-86ca-c118e9e38b60 - - - - - -] Loaded extension: subnet-segmentid-writable
2026-05-18 01:16:14.270 1 INFO neutron.api.extensions [None req-e0892ff9-8a6e-4146-86ca-c118e9e38b60 - - - - - -] Loaded extension: subnet-service-types
2026-05-18 01:16:14.270 1 INFO neutron.api.extensions [None req-e0892ff9-8a6e-4146-86ca-c118e9e38b60 - - - - - -] Loaded extension: subnet_allocation
2026-05-18 01:16:14.271 1 INFO neutron.api.extensions [None req-e0892ff9-8a6e-4146-86ca-c118e9e38b60 - - - - - -] Loaded extension: subnetpool-prefix-ops
2026-05-18 01:16:14.271 1 INFO neutron.api.extensions [None req-e0892ff9-8a6e-4146-86ca-c118e9e38b60 - - - - - -] Extension tag-ports-during-bulk-creation not supported by any of loaded plugins
2026-05-18 01:16:14.273 1 INFO neutron.api.extensions [None req-e0892ff9-8a6e-4146-86ca-c118e9e38b60 - - - - - -] Loaded extension: standard-attr-tag
2026-05-18 01:16:14.274 1 INFO neutron.api.extensions [None req-e0892ff9-8a6e-4146-86ca-c118e9e38b60 - - - - - -] Loaded extension: standard-attr-timestamp
2026-05-18 01:16:14.274 1 INFO neutron.api.extensions [None req-e0892ff9-8a6e-4146-86ca-c118e9e38b60 - - - - - -] Loaded extension: trunk
2026-05-18 01:16:14.275 1 INFO neutron.api.extensions [None req-e0892ff9-8a6e-4146-86ca-c118e9e38b60 - - - - - -] Loaded extension: trunk-details
2026-05-18 01:16:14.275 1 INFO neutron.api.extensions [None req-e0892ff9-8a6e-4146-86ca-c118e9e38b60 - - - - - -] Extension uplink-status-propagation not supported by any of loaded plugins
2026-05-18 01:16:14.276 1 INFO neutron.api.extensions [None req-e0892ff9-8a6e-4146-86ca-c118e9e38b60 - - - - - -] Extension vlan-transparent not supported by any of loaded plugins
2026-05-18 01:16:14.278 1 INFO neutron.quota.resource_registry [None req-e0892ff9-8a6e-4146-86ca-c118e9e38b60 - - - - - -] Creating instance of TrackedResource for resource:network
2026-05-18 01:16:14.278 1 INFO neutron.quota.resource_registry [None req-e0892ff9-8a6e-4146-86ca-c118e9e38b60 - - - - - -] Creating instance of TrackedResource for resource:subnet
2026-05-18 01:16:14.278 1 INFO neutron.quota.resource_registry [None req-e0892ff9-8a6e-4146-86ca-c118e9e38b60 - - - - - -] Creating instance of TrackedResource for resource:subnetpool
2026-05-18 01:16:14.278 1 INFO neutron.quota.resource_registry [None req-e0892ff9-8a6e-4146-86ca-c118e9e38b60 - - - - - -] Creating instance of TrackedResource for resource:port
2026-05-18 01:16:14.279 1 INFO neutron.quota.resource_registry [None req-e0892ff9-8a6e-4146-86ca-c118e9e38b60 - - - - - -] Creating instance of TrackedResource for resource:router
2026-05-18 01:16:14.280 1 INFO neutron.quota.resource_registry [None req-e0892ff9-8a6e-4146-86ca-c118e9e38b60 - - - - - -] Creating instance of TrackedResource for resource:floatingip
2026-05-18 01:16:14.281 1 INFO neutron.quota.resource_registry [None req-e0892ff9-8a6e-4146-86ca-c118e9e38b60 - - - - - -] Creating instance of CountableResource for resource:rbac_policy
2026-05-18 01:16:14.281 1 INFO neutron.quota.resource_registry [None req-e0892ff9-8a6e-4146-86ca-c118e9e38b60 - - - - - -] Creating instance of TrackedResource for resource:security_group
2026-05-18 01:16:14.282 1 INFO neutron.quota.resource_registry [None req-e0892ff9-8a6e-4146-86ca-c118e9e38b60 - - - - - -] Creating instance of TrackedResource for resource:security_group_rule
2026-05-18 01:16:14.282 1 INFO neutron.quota.resource_registry [None req-e0892ff9-8a6e-4146-86ca-c118e9e38b60 - - - - - -] Creating instance of TrackedResource for resource:subnetpool
2026-05-18 01:16:14.282 1 WARNING neutron.quota.resource_registry [None req-e0892ff9-8a6e-4146-86ca-c118e9e38b60 - - - - - -] subnetpool is already registered
2026-05-18 01:16:14.282 1 INFO neutron.quota.resource_registry [None req-e0892ff9-8a6e-4146-86ca-c118e9e38b60 - - - - - -] Creating instance of CountableResource for resource:trunk
2026-05-18 01:16:14.285 1 INFO neutron.quota.resource_registry [None req-e0892ff9-8a6e-4146-86ca-c118e9e38b60 - - - - - -] Creating instance of TrackedResource for resource:router
2026-05-18 01:16:14.285 1 WARNING neutron.quota.resource_registry [None req-e0892ff9-8a6e-4146-86ca-c118e9e38b60 - - - - - -] router is already registered
2026-05-18 01:16:14.285 1 INFO neutron.quota.resource_registry [None req-e0892ff9-8a6e-4146-86ca-c118e9e38b60 - - - - - -] Creating instance of TrackedResource for resource:floatingip
2026-05-18 01:16:14.285 1 WARNING neutron.quota.resource_registry [None req-e0892ff9-8a6e-4146-86ca-c118e9e38b60 - - - - - -] floatingip is already registered
2026-05-18 01:16:14.286 1 INFO neutron.quota.resource_registry [None req-e0892ff9-8a6e-4146-86ca-c118e9e38b60 - - - - - -] Creating instance of CountableResource for resource:rbac_policy
2026-05-18 01:16:14.287 1 WARNING neutron.quota.resource_registry [None req-e0892ff9-8a6e-4146-86ca-c118e9e38b60 - - - - - -] rbac_policy is already registered
2026-05-18 01:16:14.287 1 INFO neutron.quota.resource_registry [None req-e0892ff9-8a6e-4146-86ca-c118e9e38b60 - - - - - -] Creating instance of TrackedResource for resource:security_group
2026-05-18 01:16:14.287 1 WARNING neutron.quota.resource_registry [None req-e0892ff9-8a6e-4146-86ca-c118e9e38b60 - - - - - -] security_group is already registered
2026-05-18 01:16:14.287 1 INFO neutron.quota.resource_registry [None req-e0892ff9-8a6e-4146-86ca-c118e9e38b60 - - - - - -] Creating instance of TrackedResource for resource:security_group_rule
2026-05-18 01:16:14.287 1 WARNING neutron.quota.resource_registry [None req-e0892ff9-8a6e-4146-86ca-c118e9e38b60 - - - - - -] security_group_rule is already registered
2026-05-18 01:16:14.288 1 INFO neutron.quota.resource_registry [None req-e0892ff9-8a6e-4146-86ca-c118e9e38b60 - - - - - -] Creating instance of TrackedResource for resource:subnetpool
2026-05-18 01:16:14.288 1 WARNING neutron.quota.resource_registry [None req-e0892ff9-8a6e-4146-86ca-c118e9e38b60 - - - - - -] subnetpool is already registered
2026-05-18 01:16:14.288 1 INFO neutron.quota.resource_registry [None req-e0892ff9-8a6e-4146-86ca-c118e9e38b60 - - - - - -] Creating instance of CountableResource for resource:trunk
2026-05-18 01:16:14.288 1 WARNING neutron.quota.resource_registry [None req-e0892ff9-8a6e-4146-86ca-c118e9e38b60 - - - - - -] trunk is already registered
2026-05-18 01:16:14.316 1 WARNING keystonemiddleware._common.config [None req-e0892ff9-8a6e-4146-86ca-c118e9e38b60 - - - - - -] The option "audit_map_file" is not known to keystonemiddleware
2026-05-18 01:16:14.322 1 WARNING oslo_config.cfg [None req-e0892ff9-8a6e-4146-86ca-c118e9e38b60 - - - - - -] Deprecated: Option "auth_uri" from group "keystone_authtoken" is deprecated. Use option "www_authenticate_uri" from group "keystone_authtoken".
2026-05-18 01:16:14.325 1 INFO oslo_service.service [None req-e0892ff9-8a6e-4146-86ca-c118e9e38b60 - - - - - -] Starting 2 workers
2026-05-18 01:16:14.330 1 INFO neutron.service [None req-e0892ff9-8a6e-4146-86ca-c118e9e38b60 - - - - - -] Neutron service started, listening on 0.0.0.0:9696
2026-05-18 01:16:14.347 1 INFO oslo_service.service [None req-e0892ff9-8a6e-4146-86ca-c118e9e38b60 - - - - - -] Starting 2 workers
2026-05-18 01:16:14.350 9 INFO neutron.db.ovn_hash_ring_db [None req-db3d4dd3-40f2-4901-9c9f-e61d1f0f24d5 - - - - - -] Nodes from host "neutron-server-d46bf646b-mdft7" and group "mechanism_driver" removed from the Hash Ring
2026-05-18 01:16:14.352 1 INFO oslo_service.service [None req-e0892ff9-8a6e-4146-86ca-c118e9e38b60 - - - - - -] Starting 1 workers
2026-05-18 01:16:14.356 1 INFO oslo_service.service [None req-e0892ff9-8a6e-4146-86ca-c118e9e38b60 - - - - - -] Starting 1 workers
2026-05-18 01:16:14.358 1 INFO oslo_service.service [None req-e0892ff9-8a6e-4146-86ca-c118e9e38b60 - - - - - -] Starting 1 workers
2026-05-18 01:16:14.360 12 INFO neutron.plugins.ml2.drivers.ovn.mech_driver.ovsdb.impl_idl_ovn [-] Getting OvsdbNbOvnIdl for RpcWorker with retry
2026-05-18 01:16:14.361 13 INFO neutron.plugins.ml2.drivers.ovn.mech_driver.ovsdb.impl_idl_ovn [-] Getting OvsdbNbOvnIdl for RpcWorker with retry
2026-05-18 01:16:14.363 9 INFO neutron.db.ovn_hash_ring_db [None req-db3d4dd3-40f2-4901-9c9f-e61d1f0f24d5 - - - - - -] Node af2844f7-d490-46eb-a1be-198747bc44fb from host "neutron-server-d46bf646b-mdft7" and group "mechanism_driver" added to the Hash Ring
2026-05-18 01:16:14.364 9 INFO neutron.plugins.ml2.drivers.ovn.mech_driver.mech_driver [None req-db3d4dd3-40f2-4901-9c9f-e61d1f0f24d5 - - - - - -] Hash Ring probing thread has started
2026-05-18 01:16:14.366 15 INFO neutron.plugins.ml2.drivers.ovn.mech_driver.ovsdb.impl_idl_ovn [-] Getting OvsdbNbOvnIdl for MaintenanceWorker with retry
2026-05-18 01:16:14.367 9 INFO neutron.plugins.ml2.drivers.ovn.mech_driver.ovsdb.impl_idl_ovn [None req-db3d4dd3-40f2-4901-9c9f-e61d1f0f24d5 - - - - - -] Getting OvsdbNbOvnIdl for WorkerService with retry
2026-05-18 01:16:14.372 1 WARNING oslo_config.cfg [-] Deprecated: Option "auth_uri" from group "keystone_authtoken" is deprecated for removal (The auth_uri option is deprecated in favor of www_authenticate_uri and will be removed in the S release.). Its value may be silently ignored in the future.
2026-05-18 01:16:14.393 10 INFO neutron.db.ovn_hash_ring_db [None req-f51821fc-939c-45b0-840f-f4d76b5ae38d - - - - - -] Node 7303f4d1-ad3a-44ec-a83f-532069de382d from host "neutron-server-d46bf646b-mdft7" and group "mechanism_driver" added to the Hash Ring
2026-05-18 01:16:14.395 10 INFO neutron.plugins.ml2.drivers.ovn.mech_driver.ovsdb.impl_idl_ovn [None req-f51821fc-939c-45b0-840f-f4d76b5ae38d - - - - - -] Getting OvsdbNbOvnIdl for WorkerService with retry
2026-05-18 01:16:14.395 12 INFO ovsdbapp.backend.ovs_idl.vlog [None req-2bb47601-3e12-496e-a9c8-7bc1987b6596 - - - - - -] tcp:10.109.89.184:6641: connecting...
2026-05-18 01:16:14.396 12 INFO ovsdbapp.backend.ovs_idl.vlog [None req-2bb47601-3e12-496e-a9c8-7bc1987b6596 - - - - - -] tcp:10.109.89.184:6641: connected
2026-05-18 01:16:14.396 13 INFO ovsdbapp.backend.ovs_idl.vlog [None req-c3078632-31e5-432e-9f9e-7a83b9307dd8 - - - - - -] tcp:10.109.89.184:6641: connecting...
2026-05-18 01:16:14.397 13 INFO ovsdbapp.backend.ovs_idl.vlog [None req-c3078632-31e5-432e-9f9e-7a83b9307dd8 - - - - - -] tcp:10.109.89.184:6641: connected
2026-05-18 01:16:14.413 9 INFO ovsdbapp.backend.ovs_idl.vlog [None req-db3d4dd3-40f2-4901-9c9f-e61d1f0f24d5 - - - - - -] tcp:10.109.89.184:6641: connecting...
2026-05-18 01:16:14.414 9 INFO ovsdbapp.backend.ovs_idl.vlog [None req-db3d4dd3-40f2-4901-9c9f-e61d1f0f24d5 - - - - - -] tcp:10.109.89.184:6641: connected
2026-05-18 01:16:14.415 15 INFO ovsdbapp.backend.ovs_idl.vlog [-] tcp:10.109.89.184:6641: connecting...
2026-05-18 01:16:14.415 15 INFO ovsdbapp.backend.ovs_idl.vlog [-] tcp:10.109.89.184:6641: connected
2026-05-18 01:16:14.431 10 INFO ovsdbapp.backend.ovs_idl.vlog [None req-f51821fc-939c-45b0-840f-f4d76b5ae38d - - - - - -] tcp:10.109.89.184:6641: connecting...
2026-05-18 01:16:14.431 10 INFO ovsdbapp.backend.ovs_idl.vlog [None req-f51821fc-939c-45b0-840f-f4d76b5ae38d - - - - - -] tcp:10.109.89.184:6641: connected
2026-05-18 01:16:14.446 15 INFO neutron.plugins.ml2.drivers.ovn.mech_driver.ovsdb.impl_idl_ovn [-] Getting OvsdbSbOvnIdl for MaintenanceWorker with retry
2026-05-18 01:16:14.452 15 INFO ovsdbapp.backend.ovs_idl.vlog [-] tcp:10.96.20.112:6642: connecting...
2026-05-18 01:16:14.452 15 INFO ovsdbapp.backend.ovs_idl.vlog [-] tcp:10.96.20.112:6642: connected
2026-05-18 01:16:14.455 13 INFO neutron.plugins.ml2.drivers.ovn.mech_driver.ovsdb.impl_idl_ovn [None req-c3078632-31e5-432e-9f9e-7a83b9307dd8 - - - - - -] Getting OvsdbSbOvnIdl for RpcWorker with retry
2026-05-18 01:16:14.457 12 INFO neutron.plugins.ml2.drivers.ovn.mech_driver.ovsdb.impl_idl_ovn [None req-2bb47601-3e12-496e-a9c8-7bc1987b6596 - - - - - -] Getting OvsdbSbOvnIdl for RpcWorker with retry
2026-05-18 01:16:14.463 12 INFO ovsdbapp.backend.ovs_idl.vlog [None req-2bb47601-3e12-496e-a9c8-7bc1987b6596 - - - - - -] tcp:10.96.20.112:6642: connecting...
2026-05-18 01:16:14.463 12 INFO ovsdbapp.backend.ovs_idl.vlog [None req-2bb47601-3e12-496e-a9c8-7bc1987b6596 - - - - - -] tcp:10.96.20.112:6642: connected
2026-05-18 01:16:14.463 13 INFO ovsdbapp.backend.ovs_idl.vlog [None req-c3078632-31e5-432e-9f9e-7a83b9307dd8 - - - - - -] tcp:10.96.20.112:6642: connecting...
2026-05-18 01:16:14.463 13 INFO ovsdbapp.backend.ovs_idl.vlog [None req-c3078632-31e5-432e-9f9e-7a83b9307dd8 - - - - - -] tcp:10.96.20.112:6642: connected
2026-05-18 01:16:14.466 9 INFO neutron.plugins.ml2.drivers.ovn.mech_driver.ovsdb.impl_idl_ovn [None req-db3d4dd3-40f2-4901-9c9f-e61d1f0f24d5 - - - - - -] Getting OvsdbSbOvnIdl for WorkerService with retry
2026-05-18 01:16:14.475 9 INFO ovsdbapp.backend.ovs_idl.vlog [None req-db3d4dd3-40f2-4901-9c9f-e61d1f0f24d5 - - - - - -] tcp:10.96.20.112:6642: connecting...
2026-05-18 01:16:14.475 9 INFO ovsdbapp.backend.ovs_idl.vlog [None req-db3d4dd3-40f2-4901-9c9f-e61d1f0f24d5 - - - - - -] tcp:10.96.20.112:6642: connected
2026-05-18 01:16:14.487 10 INFO neutron.plugins.ml2.drivers.ovn.mech_driver.ovsdb.impl_idl_ovn [None req-f51821fc-939c-45b0-840f-f4d76b5ae38d - - - - - -] Getting OvsdbSbOvnIdl for WorkerService with retry
2026-05-18 01:16:14.489 15 INFO neutron.plugins.ml2.drivers.ovn.mech_driver.ovsdb.extensions.qos [-] Starting OVNClientQosExtension
2026-05-18 01:16:14.490 15 INFO neutron.plugins.ml2.drivers.ovn.mech_driver.ovsdb.extensions.placement [-] Starting OVNClientPlacementExtension
2026-05-18 01:16:14.490 15 INFO neutron.plugins.ml2.drivers.ovn.mech_driver.ovsdb.extensions.qos [-] Starting OVNClientQosExtension
2026-05-18 01:16:14.494 10 INFO ovsdbapp.backend.ovs_idl.vlog [None req-f51821fc-939c-45b0-840f-f4d76b5ae38d - - - - - -] tcp:10.96.20.112:6642: connecting...
2026-05-18 01:16:14.494 10 INFO ovsdbapp.backend.ovs_idl.vlog [None req-f51821fc-939c-45b0-840f-f4d76b5ae38d - - - - - -] tcp:10.96.20.112:6642: connected
2026-05-18 01:16:14.496 15 INFO neutron.plugins.ml2.drivers.ovn.mech_driver.mech_driver [-] Maintenance task thread has started
2026-05-18 01:16:14.525 9 INFO neutron.wsgi [-] (9) wsgi starting up on http://0.0.0.0:9696
2026-05-18 01:16:14.543 10 INFO neutron.wsgi [-] (10) wsgi starting up on http://0.0.0.0:9696
2026-05-18 01:16:14.644 15 INFO neutron.db.ovn_hash_ring_db [None req-58bd88f3-d1fc-4246-9783-54a684581460 - - - - - -] Cleaned up Hash Ring nodes older than 5 days
2026-05-18 01:16:14.685 15 INFO neutron.plugins.ml2.drivers.ovn.mech_driver.ovsdb.extensions.qos [None req-58bd88f3-d1fc-4246-9783-54a684581460 - - - - - -] Starting OVNClientQosExtension
2026-05-18 01:16:14.879 10 INFO neutron.wsgi [-] 10.0.0.138 "GET / HTTP/1.1" status: 200 len: 247 time: 0.0032592 /var/lib/openstack/lib/python3.10/site-packages/memcache.py:1303: SyntaxWarning: "is" with a literal. Did you mean "=="? if key is '': /var/lib/openstack/lib/python3.10/site-packages/memcache.py:1304: SyntaxWarning: "is" with a literal. Did you mean "=="? if key_extra_len is 0: /var/lib/openstack/lib/python3.10/site-packages/pycadf/identifier.py:71: UserWarning: Invalid uuid: unknown. To ensure interoperability, identifiers should be a valid uuid. warnings.warn(('Invalid uuid: %s. To ensure interoperability, '
2026-05-18 01:16:17.768 9 WARNING oslo_policy.policy [None req-819415ba-5922-4cb6-b3de-9b91c483f113 2c60b6ccd6fc4973bafcb3b18c51dfbc 541db572d2324afa95616f75acdd5c23 - - default default] Policies ['delete_port', 'update_port:allowed_address_pairs', 'update_port:allowed_address_pairs:ip_address', 'update_port:allowed_address_pairs:mac_address', 'update_port:fixed_ips', 'update_port:mac_address'] reference a rule that is not defined.
2026-05-18 01:16:18.005 9 INFO neutron.wsgi [None req-819415ba-5922-4cb6-b3de-9b91c483f113 2c60b6ccd6fc4973bafcb3b18c51dfbc 541db572d2324afa95616f75acdd5c23 - - default default] 199.204.45.216,10.0.0.138 "GET /v2.0/networks HTTP/1.1" status: 200 len: 189 time: 0.7206070
2026-05-18 01:16:18.124 9 INFO neutron.plugins.ml2.drivers.ovn.mech_driver.ovsdb.extensions.qos [None req-63a92c66-957f-4fbf-aadd-bc507f128515 2c60b6ccd6fc4973bafcb3b18c51dfbc 541db572d2324afa95616f75acdd5c23 - - - -] Starting OVNClientQosExtension
2026-05-18 01:16:18.124 9 INFO neutron.plugins.ml2.drivers.ovn.mech_driver.ovsdb.extensions.placement [None req-63a92c66-957f-4fbf-aadd-bc507f128515 2c60b6ccd6fc4973bafcb3b18c51dfbc 541db572d2324afa95616f75acdd5c23 - - - -] Starting OVNClientPlacementExtension
2026-05-18 01:16:18.146 9 INFO neutron.db.ovn_revision_numbers_db [None req-63a92c66-957f-4fbf-aadd-bc507f128515 2c60b6ccd6fc4973bafcb3b18c51dfbc 541db572d2324afa95616f75acdd5c23 - - - -] Successfully bumped revision number for resource f55359df-4a83-496c-babe-7a00b66327f8 (type: security_groups) to 1
2026-05-18 01:16:18.158 9 WARNING neutron.services.revisions.revision_plugin [None req-63a92c66-957f-4fbf-aadd-bc507f128515 2c60b6ccd6fc4973bafcb3b18c51dfbc 541db572d2324afa95616f75acdd5c23 - - - -] Could not find related network for resource to bump revision.
2026-05-18 01:16:18.203 9 INFO neutron.db.segments_db [None req-63a92c66-957f-4fbf-aadd-bc507f128515 2c60b6ccd6fc4973bafcb3b18c51dfbc 541db572d2324afa95616f75acdd5c23 - - - -] Added segment c462e52f-9d2e-41a8-9cbb-c44da6915a13 of type flat for network 1789723b-4cd4-4985-abb8-7edd76d122e7
2026-05-18 01:16:18.366 9 INFO neutron.db.ovn_revision_numbers_db [None req-63a92c66-957f-4fbf-aadd-bc507f128515 2c60b6ccd6fc4973bafcb3b18c51dfbc 541db572d2324afa95616f75acdd5c23 - - - -] Successfully bumped revision number for resource 1789723b-4cd4-4985-abb8-7edd76d122e7 (type: networks) to 1
2026-05-18 01:16:18.608 9 WARNING neutron.scheduler.dhcp_agent_scheduler [None req-63a92c66-957f-4fbf-aadd-bc507f128515 2c60b6ccd6fc4973bafcb3b18c51dfbc 541db572d2324afa95616f75acdd5c23 - - - -] No more DHCP agents
2026-05-18 01:16:18.610 9 WARNING neutron.api.rpc.agentnotifiers.dhcp_rpc_agent_api [None req-63a92c66-957f-4fbf-aadd-bc507f128515 2c60b6ccd6fc4973bafcb3b18c51dfbc 541db572d2324afa95616f75acdd5c23 - - - -] Unable to schedule network 1789723b-4cd4-4985-abb8-7edd76d122e7: no agents available; will retry on subsequent port and subnet creation events.
2026-05-18 01:16:18.692 9 INFO neutron.db.ovn_revision_numbers_db [None req-63a92c66-957f-4fbf-aadd-bc507f128515 2c60b6ccd6fc4973bafcb3b18c51dfbc 541db572d2324afa95616f75acdd5c23 - - - -] Successfully bumped revision number for resource cfce2619-9238-4e61-a8e4-5e241112b7f8 (type: ports) to 1
2026-05-18 01:16:18.714 9 INFO neutron.wsgi [None req-63a92c66-957f-4fbf-aadd-bc507f128515 2c60b6ccd6fc4973bafcb3b18c51dfbc 541db572d2324afa95616f75acdd5c23 - - - -] 199.204.45.216,10.0.0.138 "POST /v2.0/networks HTTP/1.1" status: 201 len: 886 time: 0.7057426
2026-05-18 01:16:19.752 9 INFO neutron.wsgi [None req-f7ae17a7-5722-4eb6-a77a-088fcb855fa9 2c60b6ccd6fc4973bafcb3b18c51dfbc 541db572d2324afa95616f75acdd5c23 - - default default] 199.204.45.216,10.0.0.138 "GET /v2.0/subnets HTTP/1.1" status: 200 len: 188 time: 0.0588803
2026-05-18 01:16:19.805 9 INFO neutron.wsgi [None req-22940fdf-cdf5-462d-b2f6-09ce4b0dc764 2c60b6ccd6fc4973bafcb3b18c51dfbc 541db572d2324afa95616f75acdd5c23 - - default default] 199.204.45.216,10.0.0.138 "GET /v2.0/networks HTTP/1.1" status: 200 len: 890 time: 0.0476284
2026-05-18 01:16:19.878 10 INFO neutron.wsgi [-] 10.0.0.138 "GET / HTTP/1.1" status: 200 len: 247 time: 0.0027657
2026-05-18 01:16:20.079 9 WARNING neutron.scheduler.dhcp_agent_scheduler [None req-87f94adb-e68b-4851-9e3d-05249af0ae90 2c60b6ccd6fc4973bafcb3b18c51dfbc 541db572d2324afa95616f75acdd5c23 - - - -] No more DHCP agents
2026-05-18 01:16:20.080 9 WARNING neutron.api.rpc.agentnotifiers.dhcp_rpc_agent_api [None req-87f94adb-e68b-4851-9e3d-05249af0ae90 2c60b6ccd6fc4973bafcb3b18c51dfbc 541db572d2324afa95616f75acdd5c23 - - - -] Unable to schedule network 1789723b-4cd4-4985-abb8-7edd76d122e7: no agents available; will retry on subsequent port and subnet creation events.
2026-05-18 01:16:20.611 9 INFO neutron.db.ovn_revision_numbers_db [None req-87f94adb-e68b-4851-9e3d-05249af0ae90 2c60b6ccd6fc4973bafcb3b18c51dfbc 541db572d2324afa95616f75acdd5c23 - - - -] Successfully bumped revision number for resource cfce2619-9238-4e61-a8e4-5e241112b7f8 (type: ports) to 2
2026-05-18 01:16:20.623 9 INFO neutron.db.ovn_revision_numbers_db [None req-87f94adb-e68b-4851-9e3d-05249af0ae90 2c60b6ccd6fc4973bafcb3b18c51dfbc 541db572d2324afa95616f75acdd5c23 - - - -] Successfully bumped revision number for resource 14308801-03df-44bf-8d82-70096ce84bdc (type: subnets) to 0
2026-05-18 01:16:20.635 9 INFO neutron.wsgi [None req-87f94adb-e68b-4851-9e3d-05249af0ae90 2c60b6ccd6fc4973bafcb3b18c51dfbc 541db572d2324afa95616f75acdd5c23 - - - -] 199.204.45.216,10.0.0.138 "POST /v2.0/subnets HTTP/1.1" status: 201 len: 821 time: 0.8269258
2026-05-18 01:16:25.006 15 INFO neutron.plugins.ml2.drivers.ovn.mech_driver.ovsdb.extensions.qos [None req-2c506933-e4e3-4d36-aeb2-6d7cb28f4663 - - - - - -] Starting OVNClientQosExtension
2026-05-18 01:16:25.024 15 INFO neutron.plugins.ml2.drivers.ovn.mech_driver.ovsdb.extensions.qos [None req-2c506933-e4e3-4d36-aeb2-6d7cb28f4663 - - - - - -] Starting OVNClientQosExtension
2026-05-18 01:16:34.877 10 INFO neutron.wsgi [-] 10.0.0.138 "GET / HTTP/1.1" status: 200 len: 247 time: 0.0025113
2026-05-18 01:16:49.875 10 INFO neutron.wsgi [-] 10.0.0.138 "GET / HTTP/1.1" status: 200 len: 247 time: 0.0015407
2026-05-18 01:17:04.881 10 INFO neutron.wsgi [-] 10.0.0.138 "GET / HTTP/1.1" status: 200 len: 247 time: 0.0056906
2026-05-18 01:17:19.875 9 INFO neutron.wsgi [-] 10.0.0.138 "GET / HTTP/1.1" status: 200 len: 247 time: 0.0015662
2026-05-18 01:17:19.877 10 INFO neutron.wsgi [-] 10.0.0.138 "GET / HTTP/1.1" status: 200 len: 247 time: 0.0027955
2026-05-18 01:17:34.876 9 INFO neutron.wsgi [-] 10.0.0.138 "GET / HTTP/1.1" status: 200 len: 247 time: 0.0025673
2026-05-18 01:17:34.877 10 INFO neutron.wsgi [-] 10.0.0.138 "GET / HTTP/1.1" status: 200 len: 247 time: 0.0030663
2026-05-18 01:17:49.877 10 INFO neutron.wsgi [-] 10.0.0.138 "GET / HTTP/1.1" status: 200 len: 247 time: 0.0026817
2026-05-18 01:17:49.879 9 INFO neutron.wsgi [-] 10.0.0.138 "GET / HTTP/1.1" status: 200 len: 247 time: 0.0036559
2026-05-18 01:18:04.878 10 INFO neutron.wsgi [-] 10.0.0.138 "GET / HTTP/1.1" status: 200 len: 247 time: 0.0028057
2026-05-18 01:18:04.878 9 INFO neutron.wsgi [-] 10.0.0.138 "GET / HTTP/1.1" status: 200 len: 247 time: 0.0029593
2026-05-18 01:18:19.878 10 INFO neutron.wsgi [-] 10.0.0.138 "GET / HTTP/1.1" status: 200 len: 247 time: 0.0032895
2026-05-18 01:18:19.878 9 INFO neutron.wsgi [-] 10.0.0.138 "GET / HTTP/1.1" status: 200 len: 247 time: 0.0037065
2026-05-18 01:18:34.878 9 INFO neutron.wsgi [-] 10.0.0.138 "GET / HTTP/1.1" status: 200 len: 247 time: 0.0035100
2026-05-18 01:18:34.878 10 INFO neutron.wsgi [-] 10.0.0.138 "GET / HTTP/1.1" status: 200 len: 247 time: 0.0031564
2026-05-18 01:18:49.877 9 INFO neutron.wsgi [-] 10.0.0.138 "GET / HTTP/1.1" status: 200 len: 247 time: 0.0023730
2026-05-18 01:18:49.880 9 INFO neutron.wsgi [-] 10.0.0.138 "GET / HTTP/1.1" status: 200 len: 247 time: 0.0019045
2026-05-18 01:19:04.878 9 INFO neutron.wsgi [-] 10.0.0.138 "GET / HTTP/1.1" status: 200 len: 247 time: 0.0038111
2026-05-18 01:19:04.882 9 INFO neutron.wsgi [-] 10.0.0.138 "GET / HTTP/1.1" status: 200 len: 247 time: 0.0018892
2026-05-18 01:19:19.877 9 INFO neutron.wsgi [-] 10.0.0.138 "GET / HTTP/1.1" status: 200 len: 247 time: 0.0024145
2026-05-18 01:19:19.878 10 INFO neutron.wsgi [-] 10.0.0.138 "GET / HTTP/1.1" status: 200 len: 247 time: 0.0034914
2026-05-18 01:19:34.877 10 INFO neutron.wsgi [-] 10.0.0.138 "GET / HTTP/1.1" status: 200 len: 247 time: 0.0021563
2026-05-18 01:19:34.879 9 INFO neutron.wsgi [-] 10.0.0.138 "GET / HTTP/1.1" status: 200 len: 247 time: 0.0040443
2026-05-18 01:19:49.876 10 INFO neutron.wsgi [-] 10.0.0.138 "GET / HTTP/1.1" status: 200 len: 247 time: 0.0023410
2026-05-18 01:19:49.877 9 INFO neutron.wsgi [-] 10.0.0.138 "GET / HTTP/1.1" status: 200 len: 247 time: 0.0025017
2026-05-18 01:20:04.877 9 INFO neutron.wsgi [-] 10.0.0.138 "GET / HTTP/1.1" status: 200 len: 247 time: 0.0027766
2026-05-18 01:20:04.877 10 INFO neutron.wsgi [-] 10.0.0.138 "GET / HTTP/1.1" status: 200 len: 247 time: 0.0025451
2026-05-18 01:20:19.876 9 INFO neutron.wsgi [-] 10.0.0.138 "GET / HTTP/1.1" status: 200 len: 247 time: 0.0016532
2026-05-18 01:20:19.878 10 INFO neutron.wsgi [-] 10.0.0.138 "GET / HTTP/1.1" status: 200 len: 247 time: 0.0028911
2026-05-18 01:20:34.876 10 INFO neutron.wsgi [-] 10.0.0.138 "GET / HTTP/1.1" status: 200 len: 247 time: 0.0016308
2026-05-18 01:20:34.878 9 INFO neutron.wsgi [-] 10.0.0.138 "GET / HTTP/1.1" status: 200 len: 247 time: 0.0035048
2026-05-18 01:20:49.878 10 INFO neutron.wsgi [-] 10.0.0.138 "GET / HTTP/1.1" status: 200 len: 247 time: 0.0026395
2026-05-18 01:20:49.879 9 INFO neutron.wsgi [-] 10.0.0.138 "GET / HTTP/1.1" status: 200 len: 247 time: 0.0036738
2026-05-18 01:21:04.878 10 INFO neutron.wsgi [-] 10.0.0.138 "GET / HTTP/1.1" status: 200 len: 247 time: 0.0028369
2026-05-18 01:21:04.878 9 INFO neutron.wsgi [-] 10.0.0.138 "GET / HTTP/1.1" status: 200 len: 247 time: 0.0027609
