2026-05-18 01:52:18.885 9 INFO neutron.notifiers.nova [-] Nova event matching ['req-b7c3d9a3-ac4e-4e4e-99db-9987c191dde0'] response: {'server_uuid': '045eb9d1-70d8-4b61-9947-9bcafb83fe46', 'name': 'network-vif-plugged', 'status': 'completed', 'tag': 'fd2c4817-5d12-42f2-8f97-03e25177445a', 'code': 200}
2026-05-18 01:52:18.885 9 INFO neutron.notifiers.nova [-] Nova event matching ['req-b7c3d9a3-ac4e-4e4e-99db-9987c191dde0'] response: {'server_uuid': 'b7fd3877-c388-45b0-95f8-112ee55f431d', 'name': 'network-vif-plugged', 'status': 'completed', 'tag': '90cc69b8-6abd-4a1e-b0cd-6635a6a7a976', 'code': 200}
2026-05-18 01:52:18.885 9 INFO neutron.notifiers.nova [-] Nova event matching ['req-b7c3d9a3-ac4e-4e4e-99db-9987c191dde0'] response: {'server_uuid': 'b7fd3877-c388-45b0-95f8-112ee55f431d', 'name': 'network-vif-plugged', 'status': 'completed', 'tag': '90cc69b8-6abd-4a1e-b0cd-6635a6a7a976', 'code': 200}
2026-05-18 01:52:18.944 9 INFO neutron.wsgi [req-54e72b46-fa27-4177-9536-88c9a1f867b2 req-ae8dae11-85da-4049-b28f-49b6705c042c 2a09fc53f2dc4f0b8ac87b226afb39c9 c3faecbe75944cfbbd276a4daecc6b77 - - default default] 10.0.0.184 "GET /v2.0/security-groups?tenant_id=c3faecbe75944cfbbd276a4daecc6b77 HTTP/1.1" status: 200 len: 7800 time: 0.0719314
2026-05-18 01:52:18.988 9 INFO neutron.wsgi [req-54e72b46-fa27-4177-9536-88c9a1f867b2 req-3d97671f-a3a7-4796-a873-188ea86114d5 2a09fc53f2dc4f0b8ac87b226afb39c9 c3faecbe75944cfbbd276a4daecc6b77 - - default default] 10.0.0.184 "GET /v2.0/security-groups/c2704975-c0c9-4b96-9b1e-4c6392e5d964 HTTP/1.1" status: 200 len: 2998 time: 0.0360236
2026-05-18 01:52:19.034 9 INFO neutron.wsgi [req-54e72b46-fa27-4177-9536-88c9a1f867b2 req-3eba9fba-1e8e-4f06-bd0d-2700bcecb079 2a09fc53f2dc4f0b8ac87b226afb39c9 c3faecbe75944cfbbd276a4daecc6b77 - - default default] 10.0.0.184 "GET /v2.0/security-groups/c2704975-c0c9-4b96-9b1e-4c6392e5d964 HTTP/1.1" status: 200 len: 2998 time: 0.0371382
2026-05-18 01:52:19.098 9 INFO neutron.wsgi [req-98dffa4c-2a3a-4755-b30a-dc94d4e38d92 req-aa9789e0-7894-41ec-89b2-eb12684de760 2a09fc53f2dc4f0b8ac87b226afb39c9 c3faecbe75944cfbbd276a4daecc6b77 - - default default] 10.0.0.184 "GET /v2.0/security-groups/7bf04b9e-20cd-4e02-a8f6-fafbbcd9a95f HTTP/1.1" status: 200 len: 1817 time: 0.0403409
2026-05-18 01:52:19.130 10 INFO neutron.wsgi [req-b0758083-8ad8-4f52-a9aa-ed9bc06359af req-ba4b7b95-5357-4ae7-97b5-39c2f9b0abb0 11ca766bf3d94043a081dc7abed6dff5 561afd0d7a904a3fb0866d99889ed133 - - default default] 10.0.0.184 "GET /v2.0/ports?device_id=045eb9d1-70d8-4b61-9947-9bcafb83fe46 HTTP/1.1" status: 200 len: 1174 time: 0.1117187
2026-05-18 01:52:19.175 10 INFO neutron.wsgi [req-b0758083-8ad8-4f52-a9aa-ed9bc06359af req-11233ccc-2bbc-401e-881b-3d309b91780e 11ca766bf3d94043a081dc7abed6dff5 561afd0d7a904a3fb0866d99889ed133 - - default default] 10.0.0.184 "GET /v2.0/security-groups?id=6b3b89c4-71b8-4030-8885-e004f8bd9f2d&fields=id&fields=name HTTP/1.1" status: 200 len: 312 time: 0.0353100
2026-05-18 01:52:19.219 9 INFO neutron.wsgi [None req-035a7747-bd48-4874-ba22-02900fd86a23 2a09fc53f2dc4f0b8ac87b226afb39c9 c3faecbe75944cfbbd276a4daecc6b77 - - - -] 10.0.0.184 "DELETE /v2.0/security-groups/7bf04b9e-20cd-4e02-a8f6-fafbbcd9a95f HTTP/1.1" status: 204 len: 173 time: 0.1127920
2026-05-18 01:52:19.259 9 INFO neutron.api.v2.resource [req-72fc481b-3046-4e51-ba18-dcca9dbec10e req-e55698c0-ce96-4b85-af6b-45b24aa98a45 2a09fc53f2dc4f0b8ac87b226afb39c9 c3faecbe75944cfbbd276a4daecc6b77 - - default default] show failed (client error): The resource could not be found.
2026-05-18 01:52:19.260 9 INFO neutron.wsgi [req-72fc481b-3046-4e51-ba18-dcca9dbec10e req-e55698c0-ce96-4b85-af6b-45b24aa98a45 2a09fc53f2dc4f0b8ac87b226afb39c9 c3faecbe75944cfbbd276a4daecc6b77 - - default default] 10.0.0.184 "GET /v2.0/security-groups/7bf04b9e-20cd-4e02-a8f6-fafbbcd9a95f HTTP/1.1" status: 404 len: 352 time: 0.0173895
2026-05-18 01:52:19.289 10 INFO neutron.wsgi [req-acdfbff8-e833-4d7c-9c0f-047a33e5c905 req-f041943f-2bc0-46d0-b2ce-882b4d1dfc0d 96fbaa1f56a74a48b53b49d8cdadd4dc 96bff13c71ac4edfafd9c57fd3fe72b4 - - default default] 10.0.0.184 "GET /v2.0/ports?device_id=b7fd3877-c388-45b0-95f8-112ee55f431d HTTP/1.1" status: 200 len: 1170 time: 0.0663412
2026-05-18 01:52:19.317 9 INFO neutron.wsgi [req-77e4d9e2-c03d-47a9-8b55-46f49c56b28d req-5c5307dc-a7e6-41b0-bcb9-5eb711d2a780 2a09fc53f2dc4f0b8ac87b226afb39c9 c3faecbe75944cfbbd276a4daecc6b77 - - default default] 10.0.0.184 "GET /v2.0/security-groups/07fc7b07-329f-4689-955e-34a68484b2cb HTTP/1.1" status: 200 len: 1818 time: 0.0357740
2026-05-18 01:52:19.335 10 INFO neutron.wsgi [req-acdfbff8-e833-4d7c-9c0f-047a33e5c905 req-c88d8713-a821-4723-87c4-0aa876ccbeb7 96fbaa1f56a74a48b53b49d8cdadd4dc 96bff13c71ac4edfafd9c57fd3fe72b4 - - default default] 10.0.0.184 "GET /v2.0/security-groups?id=78d92358-02d9-4359-a6e2-973f8f716c82&fields=id&fields=name HTTP/1.1" status: 200 len: 313 time: 0.0356662
2026-05-18 01:52:19.431 10 INFO neutron.wsgi [req-ecf9d9a9-b1f6-41ab-a06c-ca96cf536c8f req-8108338a-6418-45db-bcca-8a740e041460 96fbaa1f56a74a48b53b49d8cdadd4dc 96bff13c71ac4edfafd9c57fd3fe72b4 - - default default] 10.0.0.184 "GET /v2.0/ports?device_id=b7fd3877-c388-45b0-95f8-112ee55f431d HTTP/1.1" status: 200 len: 1170 time: 0.0387058
2026-05-18 01:52:19.442 9 INFO neutron.wsgi [None req-15a5bd00-986b-4a41-b278-0302a5becd31 2a09fc53f2dc4f0b8ac87b226afb39c9 c3faecbe75944cfbbd276a4daecc6b77 - - - -] 10.0.0.184 "DELETE /v2.0/security-groups/07fc7b07-329f-4689-955e-34a68484b2cb HTTP/1.1" status: 204 len: 173 time: 0.1166556
2026-05-18 01:52:19.499 10 INFO neutron.api.v2.resource [req-3cd3433e-03c6-4a94-9b87-a7cae3b8e078 req-9e5570f6-3e26-487e-8f0a-4b96abbe2f11 2a09fc53f2dc4f0b8ac87b226afb39c9 c3faecbe75944cfbbd276a4daecc6b77 - - default default] show failed (client error): The resource could not be found.
2026-05-18 01:52:19.500 10 INFO neutron.wsgi [req-3cd3433e-03c6-4a94-9b87-a7cae3b8e078 req-9e5570f6-3e26-487e-8f0a-4b96abbe2f11 2a09fc53f2dc4f0b8ac87b226afb39c9 c3faecbe75944cfbbd276a4daecc6b77 - - default default] 10.0.0.184 "GET /v2.0/security-groups/07fc7b07-329f-4689-955e-34a68484b2cb HTTP/1.1" status: 404 len: 352 time: 0.0188026
2026-05-18 01:52:19.552 9 INFO neutron.wsgi [req-8a8fa901-7ef1-4536-a8ff-549af75b0bb8 req-f2c5225c-e3af-4f66-bbec-a34e46e27080 2a09fc53f2dc4f0b8ac87b226afb39c9 c3faecbe75944cfbbd276a4daecc6b77 - - default default] 10.0.0.184 "GET /v2.0/security-groups/e6588dbc-008c-4c29-b020-863651290284 HTTP/1.1" status: 200 len: 1818 time: 0.0308962
2026-05-18 01:52:19.676 9 INFO neutron.wsgi [None req-392b5577-1891-46fd-871b-4127b73d2ec5 2a09fc53f2dc4f0b8ac87b226afb39c9 c3faecbe75944cfbbd276a4daecc6b77 - - - -] 10.0.0.184 "DELETE /v2.0/security-groups/e6588dbc-008c-4c29-b020-863651290284 HTTP/1.1" status: 204 len: 173 time: 0.1148465
2026-05-18 01:52:19.714 10 INFO neutron.api.v2.resource [req-f31917a7-e706-4c0e-a4b6-cb0904d6cfa4 req-c1ac197a-3029-4763-9eec-015dcd64d9a1 2a09fc53f2dc4f0b8ac87b226afb39c9 c3faecbe75944cfbbd276a4daecc6b77 - - default default] show failed (client error): The resource could not be found.
2026-05-18 01:52:19.715 10 INFO neutron.wsgi [req-f31917a7-e706-4c0e-a4b6-cb0904d6cfa4 req-c1ac197a-3029-4763-9eec-015dcd64d9a1 2a09fc53f2dc4f0b8ac87b226afb39c9 c3faecbe75944cfbbd276a4daecc6b77 - - default default] 10.0.0.184 "GET /v2.0/security-groups/e6588dbc-008c-4c29-b020-863651290284 HTTP/1.1" status: 404 len: 352 time: 0.0193322
2026-05-18 01:52:19.781 9 INFO neutron.wsgi [req-d647db4e-2088-473b-9e61-16e362163d18 req-4c5f6e9b-894a-4651-b539-7452d798846d 2a09fc53f2dc4f0b8ac87b226afb39c9 c3faecbe75944cfbbd276a4daecc6b77 - - default default] 10.0.0.184 "GET /v2.0/security-groups?tenant_id=c3faecbe75944cfbbd276a4daecc6b77 HTTP/1.1" status: 200 len: 3001 time: 0.0386875
2026-05-18 01:52:19.821 9 INFO neutron.wsgi [req-d647db4e-2088-473b-9e61-16e362163d18 req-4fb534b7-8729-4d7a-9a1a-9f2b9a140f8f 2a09fc53f2dc4f0b8ac87b226afb39c9 c3faecbe75944cfbbd276a4daecc6b77 - - default default] 10.0.0.184 "GET /v2.0/security-groups/c2704975-c0c9-4b96-9b1e-4c6392e5d964 HTTP/1.1" status: 200 len: 2998 time: 0.0314610
2026-05-18 01:52:19.859 9 INFO neutron.wsgi [req-d647db4e-2088-473b-9e61-16e362163d18 req-7f36732c-70a9-4c12-90fe-2ba4ceaee75c 2a09fc53f2dc4f0b8ac87b226afb39c9 c3faecbe75944cfbbd276a4daecc6b77 - - default default] 10.0.0.184 "GET /v2.0/security-groups/c2704975-c0c9-4b96-9b1e-4c6392e5d964 HTTP/1.1" status: 200 len: 2998 time: 0.0301948
2026-05-18 01:52:19.878 9 INFO neutron.wsgi [-] 10.0.0.138 "GET / HTTP/1.1" status: 200 len: 247 time: 0.0034013
2026-05-18 01:52:19.882 9 INFO neutron.wsgi [-] 10.0.0.138 "GET / HTTP/1.1" status: 200 len: 247 time: 0.0029593
2026-05-18 01:52:20.103 10 INFO neutron.api.v2.resource [req-67ef7845-0b4d-4f41-9e0d-05d1d4496b40 req-edbecf07-46ec-42a1-80f9-39d3ca82f67d 2a09fc53f2dc4f0b8ac87b226afb39c9 c3faecbe75944cfbbd276a4daecc6b77 - - default default] show failed (client error): The resource could not be found.
2026-05-18 01:52:20.104 10 INFO neutron.wsgi [req-67ef7845-0b4d-4f41-9e0d-05d1d4496b40 req-edbecf07-46ec-42a1-80f9-39d3ca82f67d 2a09fc53f2dc4f0b8ac87b226afb39c9 c3faecbe75944cfbbd276a4daecc6b77 - - default default] 10.0.0.184 "GET /v2.0/security-groups/e6588dbc-008c-4c29-b020-863651290284 HTTP/1.1" status: 404 len: 352 time: 0.0280857
2026-05-18 01:52:20.142 9 INFO neutron.api.v2.resource [req-d225a08c-84e9-45ee-8eab-c98ebd92b5df req-6c98f2c3-8676-4127-ab77-6dbb94834f6b 2a09fc53f2dc4f0b8ac87b226afb39c9 c3faecbe75944cfbbd276a4daecc6b77 - - default default] show failed (client error): The resource could not be found.
2026-05-18 01:52:20.144 9 INFO neutron.wsgi [req-d225a08c-84e9-45ee-8eab-c98ebd92b5df req-6c98f2c3-8676-4127-ab77-6dbb94834f6b 2a09fc53f2dc4f0b8ac87b226afb39c9 c3faecbe75944cfbbd276a4daecc6b77 - - default default] 10.0.0.184 "GET /v2.0/security-groups/07fc7b07-329f-4689-955e-34a68484b2cb HTTP/1.1" status: 404 len: 352 time: 0.0203450
2026-05-18 01:52:20.151 10 INFO neutron.db.l3_db [None req-12ffe2e3-281e-4afc-9ece-24b0933c4279 96fbaa1f56a74a48b53b49d8cdadd4dc 96bff13c71ac4edfafd9c57fd3fe72b4 - - - -] Floating IP 7eac5ff6-0b3a-4ef9-8c8d-33614b56e16b associated. External IP: 10.96.250.215, port: 90cc69b8-6abd-4a1e-b0cd-6635a6a7a976.
2026-05-18 01:52:20.244 10 INFO neutron.api.v2.resource [req-a64e57ae-3603-496e-8cc9-05dedfa15428 req-7846bc37-a518-4267-931a-43c21ef05fe6 2a09fc53f2dc4f0b8ac87b226afb39c9 c3faecbe75944cfbbd276a4daecc6b77 - - default default] show failed (client error): The resource could not be found.
2026-05-18 01:52:20.245 10 INFO neutron.wsgi [req-a64e57ae-3603-496e-8cc9-05dedfa15428 req-7846bc37-a518-4267-931a-43c21ef05fe6 2a09fc53f2dc4f0b8ac87b226afb39c9 c3faecbe75944cfbbd276a4daecc6b77 - - default default] 10.0.0.184 "GET /v2.0/security-groups/7bf04b9e-20cd-4e02-a8f6-fafbbcd9a95f HTTP/1.1" status: 404 len: 352 time: 0.0707979
2026-05-18 01:52:20.294 9 INFO neutron.wsgi [req-6f2f0496-82b8-4630-99de-b808965a117d req-fe395a37-70a6-4650-8c13-a36b78f93252 11ca766bf3d94043a081dc7abed6dff5 561afd0d7a904a3fb0866d99889ed133 - - default default] 10.0.0.184 "GET /v2.0/ports?device_id=045eb9d1-70d8-4b61-9947-9bcafb83fe46 HTTP/1.1" status: 200 len: 1174 time: 0.0380008
2026-05-18 01:52:20.330 9 INFO neutron.wsgi [req-6f2f0496-82b8-4630-99de-b808965a117d req-6a9cc1a7-90ad-4f1f-9204-b0531641ab03 11ca766bf3d94043a081dc7abed6dff5 561afd0d7a904a3fb0866d99889ed133 - - default default] 10.0.0.184 "GET /v2.0/security-groups?id=6b3b89c4-71b8-4030-8885-e004f8bd9f2d&fields=id&fields=name HTTP/1.1" status: 200 len: 312 time: 0.0300577
2026-05-18 01:52:20.502 10 INFO neutron.wsgi [req-49b60b7f-0205-4c4b-99be-35ac5703290a req-2293961a-e83b-4d73-9fb0-e4e3c4998f1c 11ca766bf3d94043a081dc7abed6dff5 561afd0d7a904a3fb0866d99889ed133 - - default default] 10.0.0.184 "GET /v2.0/ports?device_id=045eb9d1-70d8-4b61-9947-9bcafb83fe46 HTTP/1.1" status: 200 len: 1174 time: 0.1070974
2026-05-18 01:52:20.552 10 INFO neutron.db.ovn_revision_numbers_db [None req-12ffe2e3-281e-4afc-9ece-24b0933c4279 96fbaa1f56a74a48b53b49d8cdadd4dc 96bff13c71ac4edfafd9c57fd3fe72b4 - - - -] Successfully bumped revision number for resource 7eac5ff6-0b3a-4ef9-8c8d-33614b56e16b (type: floatingips) to 1
2026-05-18 01:52:20.695 10 INFO neutron.db.ovn_revision_numbers_db [None req-12ffe2e3-281e-4afc-9ece-24b0933c4279 96fbaa1f56a74a48b53b49d8cdadd4dc 96bff13c71ac4edfafd9c57fd3fe72b4 - - - -] Successfully bumped revision number for resource 7eac5ff6-0b3a-4ef9-8c8d-33614b56e16b (type: floatingips) to 2
2026-05-18 01:52:20.723 10 INFO neutron.wsgi [None req-12ffe2e3-281e-4afc-9ece-24b0933c4279 96fbaa1f56a74a48b53b49d8cdadd4dc 96bff13c71ac4edfafd9c57fd3fe72b4 - - - -] 10.0.0.96 "PUT /v2.0/floatingips/7eac5ff6-0b3a-4ef9-8c8d-33614b56e16b HTTP/1.1" status: 200 len: 1049 time: 1.2818561
2026-05-18 01:52:20.731 9 INFO neutron.db.l3_db [None req-12ba012a-6079-4c38-b418-592645bd763f 11ca766bf3d94043a081dc7abed6dff5 561afd0d7a904a3fb0866d99889ed133 - - - -] Floating IP bd93f06b-2153-4ca6-b64b-1713b967fcfb associated. External IP: 10.96.250.211, port: fd2c4817-5d12-42f2-8f97-03e25177445a.
2026-05-18 01:52:20.762 10 INFO neutron.notifiers.nova [-] Nova event matching ['req-f6ed0475-0cd1-439b-af32-6e8039ce98db'] response: {'name': 'network-changed', 'server_uuid': 'b7fd3877-c388-45b0-95f8-112ee55f431d', 'tag': '90cc69b8-6abd-4a1e-b0cd-6635a6a7a976', 'status': 'completed', 'code': 200}
2026-05-18 01:52:20.845 9 INFO neutron.wsgi [req-1ca7196d-8d21-4d22-bb6f-bcb19f4caf17 req-1ef93017-04a7-44c5-b864-904b8bb9fa3a 482563c3e50a4871a7b7a0056c860689 4c1fb3cc9e064e3aa1311af14731be2b - - 869e230c9c6040bc8c7ba358f0366bc5 869e230c9c6040bc8c7ba358f0366bc5] 199.204.45.216 "GET /v2.0/ports?tenant_id=96bff13c71ac4edfafd9c57fd3fe72b4&device_id=b7fd3877-c388-45b0-95f8-112ee55f431d HTTP/1.1" status: 200 len: 1361 time: 0.0585692
2026-05-18 01:52:20.928 9 INFO neutron.wsgi [req-3a2d345e-ac15-4418-b22b-7d6893e0fb93 req-beec300c-bef1-4454-8341-3e4411549a6c 96fbaa1f56a74a48b53b49d8cdadd4dc 96bff13c71ac4edfafd9c57fd3fe72b4 - - default default] 10.0.0.184 "GET /v2.0/ports?device_id=b7fd3877-c388-45b0-95f8-112ee55f431d HTTP/1.1" status: 200 len: 1170 time: 0.1489103
2026-05-18 01:52:20.954 9 INFO neutron.wsgi [req-1ca7196d-8d21-4d22-bb6f-bcb19f4caf17 req-965edc94-b833-4561-b2cb-8e30c03962c3 482563c3e50a4871a7b7a0056c860689 4c1fb3cc9e064e3aa1311af14731be2b - - 869e230c9c6040bc8c7ba358f0366bc5 869e230c9c6040bc8c7ba358f0366bc5] 199.204.45.216 "GET /v2.0/networks?id=7373bb86-4e3c-4471-95c2-e17e42368f7f HTTP/1.1" status: 200 len: 978 time: 0.0890234 /var/lib/openstack/lib/python3.10/site-packages/pycadf/identifier.py:71: UserWarning: Invalid uuid: neutron. To ensure interoperability, identifiers should be a valid uuid. warnings.warn(('Invalid uuid: %s. To ensure interoperability, '
2026-05-18 01:52:21.023 9 INFO neutron.wsgi [req-3a2d345e-ac15-4418-b22b-7d6893e0fb93 req-3bac8d78-64d4-4277-84ef-f669765cf018 96fbaa1f56a74a48b53b49d8cdadd4dc 96bff13c71ac4edfafd9c57fd3fe72b4 - - default default] 10.0.0.184 "GET /v2.0/security-groups?id=78d92358-02d9-4359-a6e2-973f8f716c82&fields=id&fields=name HTTP/1.1" status: 200 len: 313 time: 0.0833380
2026-05-18 01:52:21.028 9 INFO neutron.db.ovn_revision_numbers_db [None req-12ba012a-6079-4c38-b418-592645bd763f 11ca766bf3d94043a081dc7abed6dff5 561afd0d7a904a3fb0866d99889ed133 - - - -] Successfully bumped revision number for resource bd93f06b-2153-4ca6-b64b-1713b967fcfb (type: floatingips) to 1
2026-05-18 01:52:21.054 9 INFO neutron.wsgi [req-1ca7196d-8d21-4d22-bb6f-bcb19f4caf17 req-5c498346-58c3-414f-99f3-845aca6e5452 482563c3e50a4871a7b7a0056c860689 4c1fb3cc9e064e3aa1311af14731be2b - - 869e230c9c6040bc8c7ba358f0366bc5 869e230c9c6040bc8c7ba358f0366bc5] 199.204.45.216 "GET /v2.0/floatingips?fixed_ip_address=10.100.0.7&port_id=90cc69b8-6abd-4a1e-b0cd-6635a6a7a976 HTTP/1.1" status: 200 len: 1059 time: 0.0734830
2026-05-18 01:52:21.100 9 INFO neutron.wsgi [req-1ca7196d-8d21-4d22-bb6f-bcb19f4caf17 req-dbff2b24-937a-45db-89c7-2e3866985ccd 482563c3e50a4871a7b7a0056c860689 4c1fb3cc9e064e3aa1311af14731be2b - - 869e230c9c6040bc8c7ba358f0366bc5 869e230c9c6040bc8c7ba358f0366bc5] 199.204.45.216 "GET /v2.0/subnets?id=c4c48ab5-3a8a-49bb-bb55-90ef27450584 HTTP/1.1" status: 200 len: 873 time: 0.0294149
2026-05-18 01:52:21.117 9 INFO neutron.db.ovn_revision_numbers_db [None req-12ba012a-6079-4c38-b418-592645bd763f 11ca766bf3d94043a081dc7abed6dff5 561afd0d7a904a3fb0866d99889ed133 - - - -] Successfully bumped revision number for resource bd93f06b-2153-4ca6-b64b-1713b967fcfb (type: floatingips) to 2
2026-05-18 01:52:21.127 9 INFO neutron.wsgi [req-1ca7196d-8d21-4d22-bb6f-bcb19f4caf17 req-2fde6ce4-a956-4466-ae2a-68689866bc8b 482563c3e50a4871a7b7a0056c860689 4c1fb3cc9e064e3aa1311af14731be2b - - 869e230c9c6040bc8c7ba358f0366bc5 869e230c9c6040bc8c7ba358f0366bc5] 199.204.45.216 "GET /v2.0/ports?network_id=7373bb86-4e3c-4471-95c2-e17e42368f7f&device_owner=network%3Adhcp HTTP/1.1" status: 200 len: 210 time: 0.0179563
2026-05-18 01:52:21.150 9 INFO neutron.wsgi [None req-12ba012a-6079-4c38-b418-592645bd763f 11ca766bf3d94043a081dc7abed6dff5 561afd0d7a904a3fb0866d99889ed133 - - - -] 10.0.0.96 "PUT /v2.0/floatingips/bd93f06b-2153-4ca6-b64b-1713b967fcfb HTTP/1.1" status: 200 len: 1050 time: 0.6329157
2026-05-18 01:52:21.187 9 INFO neutron.notifiers.nova [-] Nova event matching ['req-8943b2bb-6219-4cd2-86f7-c38e5ea64591'] response: {'name': 'network-changed', 'server_uuid': '045eb9d1-70d8-4b61-9947-9bcafb83fe46', 'tag': 'fd2c4817-5d12-42f2-8f97-03e25177445a', 'status': 'completed', 'code': 200}
2026-05-18 01:52:21.197 9 INFO neutron.wsgi [req-1ca7196d-8d21-4d22-bb6f-bcb19f4caf17 req-f15037a3-45b2-4b7b-a4b5-cbad618f79d8 482563c3e50a4871a7b7a0056c860689 4c1fb3cc9e064e3aa1311af14731be2b - - 869e230c9c6040bc8c7ba358f0366bc5 869e230c9c6040bc8c7ba358f0366bc5] 199.204.45.216 "GET /v2.0/networks/7373bb86-4e3c-4471-95c2-e17e42368f7f?fields=segments HTTP/1.1" status: 200 len: 212 time: 0.0609083
2026-05-18 01:52:21.273 9 INFO neutron.wsgi [req-1ca7196d-8d21-4d22-bb6f-bcb19f4caf17 req-a66189fc-6ede-4e0a-8f3c-bf56208dbf23 482563c3e50a4871a7b7a0056c860689 4c1fb3cc9e064e3aa1311af14731be2b - - 869e230c9c6040bc8c7ba358f0366bc5 869e230c9c6040bc8c7ba358f0366bc5] 199.204.45.216 "GET /v2.0/networks/7373bb86-4e3c-4471-95c2-e17e42368f7f?fields=provider%3Aphysical_network&fields=provider%3Anetwork_type HTTP/1.1" status: 200 len: 277 time: 0.0706737
2026-05-18 01:52:21.323 9 INFO neutron.wsgi [req-9b318f9a-857b-4f86-b4e0-5142affc22e3 req-e1d8fe04-6c21-4181-933b-5e70e3a0fe45 11ca766bf3d94043a081dc7abed6dff5 561afd0d7a904a3fb0866d99889ed133 - - default default] 10.0.0.184 "GET /v2.0/ports?device_id=045eb9d1-70d8-4b61-9947-9bcafb83fe46 HTTP/1.1" status: 200 len: 1174 time: 0.1188707
2026-05-18 01:52:21.363 9 INFO neutron.wsgi [req-9b318f9a-857b-4f86-b4e0-5142affc22e3 req-a98e793f-5dc5-4f98-b7a0-c79628ed6e0d 11ca766bf3d94043a081dc7abed6dff5 561afd0d7a904a3fb0866d99889ed133 - - default default] 10.0.0.184 "GET /v2.0/security-groups?id=6b3b89c4-71b8-4030-8885-e004f8bd9f2d&fields=id&fields=name HTTP/1.1" status: 200 len: 312 time: 0.0336516
2026-05-18 01:52:21.403 9 INFO neutron.plugins.ml2.drivers.ovn.mech_driver.mech_driver [None req-112924e3-7ee5-4fb4-9c83-2b3b44b912a4 - - - - - -] OVN reports status down for port: 90cc69b8-6abd-4a1e-b0cd-6635a6a7a976
2026-05-18 01:52:21.602 10 INFO neutron.wsgi [req-68e5bb6a-0553-48d6-bda6-28dc997824a7 req-911583d2-ef01-4400-9563-dad511b69704 482563c3e50a4871a7b7a0056c860689 4c1fb3cc9e064e3aa1311af14731be2b - - 869e230c9c6040bc8c7ba358f0366bc5 869e230c9c6040bc8c7ba358f0366bc5] 199.204.45.216 "GET /v2.0/ports?tenant_id=561afd0d7a904a3fb0866d99889ed133&device_id=045eb9d1-70d8-4b61-9947-9bcafb83fe46 HTTP/1.1" status: 200 len: 1365 time: 0.3884227
2026-05-18 01:52:21.707 9 INFO neutron.db.ovn_revision_numbers_db [None req-112924e3-7ee5-4fb4-9c83-2b3b44b912a4 - - - - - -] Successfully bumped revision number for resource 90cc69b8-6abd-4a1e-b0cd-6635a6a7a976 (type: ports) to 5
2026-05-18 01:52:21.735 10 INFO neutron.wsgi [req-8cecb173-297e-44f9-adb5-816ef153d331 req-17cc2a16-9ec9-4a92-91b7-a8c7979af6f0 96fbaa1f56a74a48b53b49d8cdadd4dc 96bff13c71ac4edfafd9c57fd3fe72b4 - - default default] 10.0.0.184 "GET /v2.0/ports?device_id=b7fd3877-c388-45b0-95f8-112ee55f431d HTTP/1.1" status: 200 len: 1168 time: 0.1713250
2026-05-18 01:52:21.739 10 INFO neutron.wsgi [req-68e5bb6a-0553-48d6-bda6-28dc997824a7 req-d830d2fb-585c-46b3-b6c6-2baae91bb75e 482563c3e50a4871a7b7a0056c860689 4c1fb3cc9e064e3aa1311af14731be2b - - 869e230c9c6040bc8c7ba358f0366bc5 869e230c9c6040bc8c7ba358f0366bc5] 199.204.45.216 "GET /v2.0/networks?id=2ae4ac05-ac2f-4090-9963-f29408c08319 HTTP/1.1" status: 200 len: 982 time: 0.1152351
2026-05-18 01:52:21.782 9 INFO neutron.wsgi [req-b3d2fba5-5ab7-4c79-a9d5-6db363b07fe2 req-7ecb1191-388a-44da-9f38-dd1e843e42a4 96fbaa1f56a74a48b53b49d8cdadd4dc 96bff13c71ac4edfafd9c57fd3fe72b4 - - default default] 199.204.45.216 "GET /v2.0/ports?device_id=b7fd3877-c388-45b0-95f8-112ee55f431d HTTP/1.1" status: 200 len: 1168 time: 0.0546689 /var/lib/openstack/lib/python3.10/site-packages/pycadf/identifier.py:71: UserWarning: Invalid uuid: neutron. To ensure interoperability, identifiers should be a valid uuid. warnings.warn(('Invalid uuid: %s. To ensure interoperability, '
2026-05-18 01:52:21.836 10 INFO neutron.wsgi [req-8cecb173-297e-44f9-adb5-816ef153d331 req-62a34b4e-b4c6-4383-8d20-8cbc5f924012 96fbaa1f56a74a48b53b49d8cdadd4dc 96bff13c71ac4edfafd9c57fd3fe72b4 - - default default] 10.0.0.184 "GET /v2.0/security-groups?id=78d92358-02d9-4359-a6e2-973f8f716c82&fields=id&fields=name HTTP/1.1" status: 200 len: 313 time: 0.0933249
2026-05-18 01:52:21.850 10 INFO neutron.wsgi [req-68e5bb6a-0553-48d6-bda6-28dc997824a7 req-17009ed0-0f05-4459-8af5-8b76e4b8b663 482563c3e50a4871a7b7a0056c860689 4c1fb3cc9e064e3aa1311af14731be2b - - 869e230c9c6040bc8c7ba358f0366bc5 869e230c9c6040bc8c7ba358f0366bc5] 199.204.45.216 "GET /v2.0/floatingips?fixed_ip_address=10.100.0.12&port_id=fd2c4817-5d12-42f2-8f97-03e25177445a HTTP/1.1" status: 200 len: 1060 time: 0.0988944
2026-05-18 01:52:21.919 10 INFO neutron.wsgi [req-68e5bb6a-0553-48d6-bda6-28dc997824a7 req-16658ef5-6673-4d24-ae54-dd1b2f308db2 482563c3e50a4871a7b7a0056c860689 4c1fb3cc9e064e3aa1311af14731be2b - - 869e230c9c6040bc8c7ba358f0366bc5 869e230c9c6040bc8c7ba358f0366bc5] 199.204.45.216 "GET /v2.0/subnets?id=3e855fb0-9e95-4641-b049-1e20b03754df HTTP/1.1" status: 200 len: 877 time: 0.0599334
2026-05-18 01:52:21.949 10 INFO neutron.wsgi [req-68e5bb6a-0553-48d6-bda6-28dc997824a7 req-f0106e0c-254d-4177-89cb-a8d30c3b6e19 482563c3e50a4871a7b7a0056c860689 4c1fb3cc9e064e3aa1311af14731be2b - - 869e230c9c6040bc8c7ba358f0366bc5 869e230c9c6040bc8c7ba358f0366bc5] 199.204.45.216 "GET /v2.0/ports?network_id=2ae4ac05-ac2f-4090-9963-f29408c08319&device_owner=network%3Adhcp HTTP/1.1" status: 200 len: 210 time: 0.0212700
2026-05-18 01:52:22.016 10 INFO neutron.wsgi [req-68e5bb6a-0553-48d6-bda6-28dc997824a7 req-e89ba534-e449-4999-83e4-e44f20485a0a 482563c3e50a4871a7b7a0056c860689 4c1fb3cc9e064e3aa1311af14731be2b - - 869e230c9c6040bc8c7ba358f0366bc5 869e230c9c6040bc8c7ba358f0366bc5] 199.204.45.216 "GET /v2.0/networks/2ae4ac05-ac2f-4090-9963-f29408c08319?fields=segments HTTP/1.1" status: 200 len: 212 time: 0.0618005
2026-05-18 01:52:22.108 10 INFO neutron.wsgi [req-68e5bb6a-0553-48d6-bda6-28dc997824a7 req-29c08c1a-246b-45b3-a486-89cb4086e713 482563c3e50a4871a7b7a0056c860689 4c1fb3cc9e064e3aa1311af14731be2b - - 869e230c9c6040bc8c7ba358f0366bc5 869e230c9c6040bc8c7ba358f0366bc5] 199.204.45.216 "GET /v2.0/networks/2ae4ac05-ac2f-4090-9963-f29408c08319?fields=provider%3Aphysical_network&fields=provider%3Anetwork_type HTTP/1.1" status: 200 len: 277 time: 0.0776443
2026-05-18 01:52:22.311 10 INFO neutron.wsgi [None req-54f75604-61c2-41cd-a6bc-98e11fc69eb6 2c60b6ccd6fc4973bafcb3b18c51dfbc 541db572d2324afa95616f75acdd5c23 - - - -] 10.0.0.96 "PUT /v2.0/routers/7ea509cb-1cc7-4503-987a-c54e4ed35eb3/remove_router_interface HTTP/1.1" status: 200 len: 503 time: 2.0574970
2026-05-18 01:52:22.393 9 INFO neutron.db.l3_db [None req-042a561b-6726-48bb-9653-3704f7549d9e 96fbaa1f56a74a48b53b49d8cdadd4dc 96bff13c71ac4edfafd9c57fd3fe72b4 - - - -] Floating IP 7eac5ff6-0b3a-4ef9-8c8d-33614b56e16b disassociated. External IP: 10.96.250.215, port: 90cc69b8-6abd-4a1e-b0cd-6635a6a7a976.
2026-05-18 01:52:22.683 9 INFO neutron.wsgi [None req-042a561b-6726-48bb-9653-3704f7549d9e 96fbaa1f56a74a48b53b49d8cdadd4dc 96bff13c71ac4edfafd9c57fd3fe72b4 - - - -] 199.204.45.216 "DELETE /v2.0/ports/90cc69b8-6abd-4a1e-b0cd-6635a6a7a976 HTTP/1.1" status: 204 len: 173 time: 0.8947437
2026-05-18 01:52:22.933 9 INFO neutron.wsgi [req-4955ffd1-26f7-4022-98b4-0cac2819aba3 req-f17e278e-ed9c-4bb0-a4ba-b163ed989cbb 96fbaa1f56a74a48b53b49d8cdadd4dc 96bff13c71ac4edfafd9c57fd3fe72b4 - - default default] 10.0.0.184 "GET /v2.0/ports?device_id=b7fd3877-c388-45b0-95f8-112ee55f431d HTTP/1.1" status: 200 len: 210 time: 0.0252922
2026-05-18 01:52:23.047 9 INFO neutron.wsgi [None req-2fdfa142-af8b-425d-aca2-47d0ffd808df 2c60b6ccd6fc4973bafcb3b18c51dfbc 541db572d2324afa95616f75acdd5c23 - - - -] 10.0.0.96 "DELETE /v2.0/routers/7ea509cb-1cc7-4503-987a-c54e4ed35eb3 HTTP/1.1" status: 204 len: 168 time: 0.7265146
2026-05-18 01:52:23.241 9 INFO neutron.notifiers.nova [-] Nova event matching ['req-9efc4a20-bcf0-45e8-8fe6-b2edf0169418'] response: {'server_uuid': 'b7fd3877-c388-45b0-95f8-112ee55f431d', 'name': 'network-vif-unplugged', 'status': 'completed', 'tag': '90cc69b8-6abd-4a1e-b0cd-6635a6a7a976', 'code': 200}
2026-05-18 01:52:23.241 9 INFO neutron.notifiers.nova [-] Nova event matching ['req-9efc4a20-bcf0-45e8-8fe6-b2edf0169418'] response: {'server_uuid': 'b7fd3877-c388-45b0-95f8-112ee55f431d', 'name': 'network-vif-plugged', 'status': 'completed', 'tag': '90cc69b8-6abd-4a1e-b0cd-6635a6a7a976', 'code': 200}
2026-05-18 01:52:23.241 9 INFO neutron.notifiers.nova [-] Nova event matching ['req-9efc4a20-bcf0-45e8-8fe6-b2edf0169418'] response: {'server_uuid': 'b7fd3877-c388-45b0-95f8-112ee55f431d', 'name': 'network-vif-deleted', 'tag': '90cc69b8-6abd-4a1e-b0cd-6635a6a7a976', 'status': 'completed', 'code': 200}
2026-05-18 01:52:23.244 9 INFO neutron.wsgi [None req-d84eb6bd-e247-46a2-bbc1-8a4c095c1f93 2c60b6ccd6fc4973bafcb3b18c51dfbc 541db572d2324afa95616f75acdd5c23 - - - -] 10.0.0.96 "DELETE /v2.0/subnets/1513b8c0-352c-48e2-991f-d7e620f2a049 HTTP/1.1" status: 204 len: 168 time: 0.1916871
2026-05-18 01:52:23.820 9 INFO neutron.wsgi [None req-92af19d6-6273-41cb-9b48-2f4d52ef4c71 2c60b6ccd6fc4973bafcb3b18c51dfbc 541db572d2324afa95616f75acdd5c23 - - - -] 10.0.0.96 "DELETE /v2.0/networks/cc6bc623-ab92-4ae8-9720-9e229c02acc9 HTTP/1.1" status: 204 len: 168 time: 0.5699584
2026-05-18 01:52:23.960 9 INFO neutron.wsgi [None req-4eea7e71-72f1-47ae-ac23-bed75c2ae321 2c60b6ccd6fc4973bafcb3b18c51dfbc 541db572d2324afa95616f75acdd5c23 - - default default] 10.0.0.96 "GET /v2.0/security-groups?tenant_id=c3faecbe75944cfbbd276a4daecc6b77&name=default HTTP/1.1" status: 200 len: 2996 time: 0.0273979
2026-05-18 01:52:24.028 10 WARNING neutron.plugins.ml2.drivers.ovn.mech_driver.ovsdb.ovn_client [None req-b5e345bd-f316-4f6d-9b0e-09c747b0f037 - - - - - -] No port found with ID a10edeb4-1c60-4330-b46b-bd9c0aaafe42: RuntimeError: No port found with ID a10edeb4-1c60-4330-b46b-bd9c0aaafe42
2026-05-18 01:52:24.170 9 INFO neutron.wsgi [None req-d5512fb9-8a50-4209-b7e6-7303ba668632 96fbaa1f56a74a48b53b49d8cdadd4dc 96bff13c71ac4edfafd9c57fd3fe72b4 - - - -] 10.0.0.96 "DELETE /v2.0/security-groups/78d92358-02d9-4359-a6e2-973f8f716c82 HTTP/1.1" status: 204 len: 168 time: 0.1435273
2026-05-18 01:52:24.176 9 INFO neutron.wsgi [None req-3992176d-1561-4a9f-b6de-ba67f0bad7c6 2c60b6ccd6fc4973bafcb3b18c51dfbc 541db572d2324afa95616f75acdd5c23 - - - -] 10.0.0.96 "DELETE /v2.0/security-groups/c2704975-c0c9-4b96-9b1e-4c6392e5d964 HTTP/1.1" status: 204 len: 168 time: 0.2091119 /var/lib/openstack/lib/python3.10/site-packages/pycadf/identifier.py:71: UserWarning: Invalid uuid: neutron. To ensure interoperability, identifiers should be a valid uuid. warnings.warn(('Invalid uuid: %s. To ensure interoperability, '
2026-05-18 01:52:24.197 10 INFO neutron.api.v2.resource [None req-8775bf43-7f69-48ae-beba-405851ac0b4c 96fbaa1f56a74a48b53b49d8cdadd4dc 96bff13c71ac4edfafd9c57fd3fe72b4 - - default default] show failed (client error): The resource could not be found.
2026-05-18 01:52:24.198 10 INFO neutron.wsgi [None req-8775bf43-7f69-48ae-beba-405851ac0b4c 96fbaa1f56a74a48b53b49d8cdadd4dc 96bff13c71ac4edfafd9c57fd3fe72b4 - - default default] 10.0.0.96 "GET /v2.0/security-groups/78d92358-02d9-4359-a6e2-973f8f716c82 HTTP/1.1" status: 404 len: 347 time: 0.0190911
2026-05-18 01:52:24.225 9 INFO neutron.services.segments.plugin [-] Segment 0f9b020f-1e9d-44dd-a195-41dcf9c248a3 resource provider aggregate not found
2026-05-18 01:52:24.234 9 INFO neutron.services.segments.plugin [-] Segment 0f9b020f-1e9d-44dd-a195-41dcf9c248a3 resource provider aggregate not found
2026-05-18 01:52:24.245 9 INFO neutron.services.segments.plugin [-] Segment 0f9b020f-1e9d-44dd-a195-41dcf9c248a3 resource provider not found; error: Placement Client Error (4xx): {"errors": [{"status": 404, "title": "Not Found", "detail": "The resource could not be found.\n\n No resource provider with uuid 0f9b020f-1e9d-44dd-a195-41dcf9c248a3 found for delete ", "request_id": "req-9a8ed232-d83b-4744-b59a-8b2ae2fbd83d"}]}
2026-05-18 01:52:24.248 9 INFO neutron.services.segments.plugin [-] Segment 0f9b020f-1e9d-44dd-a195-41dcf9c248a3 resource provider not found; error: Placement Client Error (4xx): {"errors": [{"status": 404, "title": "Not Found", "detail": "The resource could not be found.\n\n No resource provider with uuid 0f9b020f-1e9d-44dd-a195-41dcf9c248a3 found for delete ", "request_id": "req-3d33a3e7-c7f3-4782-8ae6-eb7ce9b7a5f2"}]}
2026-05-18 01:52:24.547 10 INFO neutron.wsgi [None req-0cd63dd4-982f-4e82-a2d8-0c21805ea22b 96fbaa1f56a74a48b53b49d8cdadd4dc 96bff13c71ac4edfafd9c57fd3fe72b4 - - - -] 10.0.0.96 "DELETE /v2.0/floatingips/7eac5ff6-0b3a-4ef9-8c8d-33614b56e16b HTTP/1.1" status: 204 len: 168 time: 0.3428683 /var/lib/openstack/lib/python3.10/site-packages/pycadf/identifier.py:71: UserWarning: Invalid uuid: neutron. To ensure interoperability, identifiers should be a valid uuid. warnings.warn(('Invalid uuid: %s. To ensure interoperability, '
2026-05-18 01:52:26.030 10 INFO neutron.wsgi [None req-bb520420-27ae-427d-a835-4924613bfe9b 2c60b6ccd6fc4973bafcb3b18c51dfbc 541db572d2324afa95616f75acdd5c23 - - - -] 10.0.0.96 "PUT /v2.0/routers/87969dd4-6ff9-4419-829d-fad15e799718/remove_router_interface HTTP/1.1" status: 200 len: 503 time: 1.4772029
2026-05-18 01:52:26.190 10 INFO neutron.db.ovn_revision_numbers_db [None req-95006f38-f728-4d39-97f3-fe5d6f726c09 2c60b6ccd6fc4973bafcb3b18c51dfbc 541db572d2324afa95616f75acdd5c23 - - - -] Successfully bumped revision number for resource 9e93fa01-3959-4e17-b10f-2ae348656099 (type: security_groups) to 1
2026-05-18 01:52:26.257 10 INFO neutron.db.segments_db [None req-95006f38-f728-4d39-97f3-fe5d6f726c09 2c60b6ccd6fc4973bafcb3b18c51dfbc 541db572d2324afa95616f75acdd5c23 - - - -] Added segment d4a2d6c5-9d10-4eb1-b40c-773df9a76109 of type geneve for network bd70ee0f-9c59-42ad-8bbe-7da24fb1908b
2026-05-18 01:52:26.434 10 INFO neutron.db.ovn_revision_numbers_db [None req-95006f38-f728-4d39-97f3-fe5d6f726c09 2c60b6ccd6fc4973bafcb3b18c51dfbc 541db572d2324afa95616f75acdd5c23 - - - -] Successfully bumped revision number for resource bd70ee0f-9c59-42ad-8bbe-7da24fb1908b (type: networks) to 1
2026-05-18 01:52:26.651 10 WARNING neutron.scheduler.dhcp_agent_scheduler [None req-95006f38-f728-4d39-97f3-fe5d6f726c09 2c60b6ccd6fc4973bafcb3b18c51dfbc 541db572d2324afa95616f75acdd5c23 - - - -] No more DHCP agents
2026-05-18 01:52:26.653 10 WARNING neutron.api.rpc.agentnotifiers.dhcp_rpc_agent_api [None req-95006f38-f728-4d39-97f3-fe5d6f726c09 2c60b6ccd6fc4973bafcb3b18c51dfbc 541db572d2324afa95616f75acdd5c23 - - - -] Unable to schedule network bd70ee0f-9c59-42ad-8bbe-7da24fb1908b: no agents available; will retry on subsequent port and subnet creation events.
2026-05-18 01:52:26.761 10 INFO neutron.db.ovn_revision_numbers_db [None req-95006f38-f728-4d39-97f3-fe5d6f726c09 2c60b6ccd6fc4973bafcb3b18c51dfbc 541db572d2324afa95616f75acdd5c23 - - - -] Successfully bumped revision number for resource b139c721-c23c-4087-9c9d-8422995d37fa (type: ports) to 1
2026-05-18 01:52:26.791 10 INFO neutron.wsgi [None req-95006f38-f728-4d39-97f3-fe5d6f726c09 2c60b6ccd6fc4973bafcb3b18c51dfbc 541db572d2324afa95616f75acdd5c23 - - - -] 10.0.0.96 "POST /v2.0/networks HTTP/1.1" status: 201 len: 940 time: 0.9556899
2026-05-18 01:52:26.809 10 INFO neutron.wsgi [None req-5ae44bf4-b94f-48e5-a2c0-febf211cb150 2c60b6ccd6fc4973bafcb3b18c51dfbc 541db572d2324afa95616f75acdd5c23 - - - -] 10.0.0.96 "DELETE /v2.0/routers/87969dd4-6ff9-4419-829d-fad15e799718 HTTP/1.1" status: 204 len: 168 time: 0.7738557
2026-05-18 01:52:27.009 10 WARNING neutron.scheduler.dhcp_agent_scheduler [None req-d6e1ff29-b3fa-4770-90b0-6719f02981c0 2c60b6ccd6fc4973bafcb3b18c51dfbc 541db572d2324afa95616f75acdd5c23 - - - -] No more DHCP agents
2026-05-18 01:52:27.012 10 WARNING neutron.api.rpc.agentnotifiers.dhcp_rpc_agent_api [None req-d6e1ff29-b3fa-4770-90b0-6719f02981c0 2c60b6ccd6fc4973bafcb3b18c51dfbc 541db572d2324afa95616f75acdd5c23 - - - -] Unable to schedule network bd70ee0f-9c59-42ad-8bbe-7da24fb1908b: no agents available; will retry on subsequent port and subnet creation events.
2026-05-18 01:52:27.054 10 INFO neutron.wsgi [None req-1174e9b7-feb6-4d88-b5de-04cc7dd114d0 2c60b6ccd6fc4973bafcb3b18c51dfbc 541db572d2324afa95616f75acdd5c23 - - - -] 10.0.0.96 "DELETE /v2.0/subnets/c4c48ab5-3a8a-49bb-bb55-90ef27450584 HTTP/1.1" status: 204 len: 168 time: 0.2396135
2026-05-18 01:52:27.694 9 INFO neutron.wsgi [req-6419757e-dae9-4a52-b074-3fb20df0b9fa req-ec08ebd0-5fc5-4b02-865f-a8fa05f8f645 482563c3e50a4871a7b7a0056c860689 4c1fb3cc9e064e3aa1311af14731be2b - - 869e230c9c6040bc8c7ba358f0366bc5 869e230c9c6040bc8c7ba358f0366bc5] 10.0.0.254 "GET /v2.0/ports?device_id=7ad6f51b-f3d4-413b-b5e5-78547a101c15 HTTP/1.1" status: 200 len: 1365 time: 0.1351349
2026-05-18 01:52:27.705 10 INFO neutron.services.segments.plugin [-] Segment c8e71737-cacb-4491-b7a9-3dd90c684500 resource provider aggregate not found
2026-05-18 01:52:27.712 10 INFO neutron.services.segments.plugin [-] Segment c8e71737-cacb-4491-b7a9-3dd90c684500 resource provider aggregate not found
2026-05-18 01:52:27.739 9 INFO neutron.wsgi [req-6419757e-dae9-4a52-b074-3fb20df0b9fa req-3733ce70-5475-41c8-a4c5-90197ecf4a57 482563c3e50a4871a7b7a0056c860689 4c1fb3cc9e064e3aa1311af14731be2b - - 869e230c9c6040bc8c7ba358f0366bc5 869e230c9c6040bc8c7ba358f0366bc5] 10.0.0.254 "GET /v2.0/security-groups?id=e8f36dab-f27d-4a88-b125-d34d07d947c0&fields=id&fields=name HTTP/1.1" status: 200 len: 313 time: 0.0401273
2026-05-18 01:52:27.742 10 INFO neutron.services.segments.plugin [-] Segment c8e71737-cacb-4491-b7a9-3dd90c684500 resource provider not found; error: Placement Client Error (4xx): {"errors": [{"status": 404, "title": "Not Found", "detail": "The resource could not be found.\n\n No resource provider with uuid c8e71737-cacb-4491-b7a9-3dd90c684500 found for delete ", "request_id": "req-ef70e2d4-7e18-4446-becf-31245ec79115"}]}
2026-05-18 01:52:27.744 10 INFO neutron.services.segments.plugin [-] Segment c8e71737-cacb-4491-b7a9-3dd90c684500 resource provider not found; error: Placement Client Error (4xx): {"errors": [{"status": 404, "title": "Not Found", "detail": "The resource could not be found.\n\n No resource provider with uuid c8e71737-cacb-4491-b7a9-3dd90c684500 found for delete ", "request_id": "req-d3a29bb7-4c86-401f-a5a2-42f7a9fa3410"}]}
2026-05-18 01:52:27.777 10 INFO neutron.wsgi [None req-9f19af0b-934b-497e-8944-525cc1042523 2c60b6ccd6fc4973bafcb3b18c51dfbc 541db572d2324afa95616f75acdd5c23 - - - -] 10.0.0.96 "DELETE /v2.0/networks/7373bb86-4e3c-4471-95c2-e17e42368f7f HTTP/1.1" status: 204 len: 168 time: 0.7176254
2026-05-18 01:52:27.829 10 INFO neutron.db.ovn_revision_numbers_db [None req-d6e1ff29-b3fa-4770-90b0-6719f02981c0 2c60b6ccd6fc4973bafcb3b18c51dfbc 541db572d2324afa95616f75acdd5c23 - - - -] Successfully bumped revision number for resource b139c721-c23c-4087-9c9d-8422995d37fa (type: ports) to 2
2026-05-18 01:52:27.845 10 INFO neutron.db.ovn_revision_numbers_db [None req-d6e1ff29-b3fa-4770-90b0-6719f02981c0 2c60b6ccd6fc4973bafcb3b18c51dfbc 541db572d2324afa95616f75acdd5c23 - - - -] Successfully bumped revision number for resource b523fe6f-af9d-4e64-b48e-0fcf8219d832 (type: subnets) to 0
2026-05-18 01:52:27.860 10 INFO neutron.wsgi [None req-d6e1ff29-b3fa-4770-90b0-6719f02981c0 2c60b6ccd6fc4973bafcb3b18c51dfbc 541db572d2324afa95616f75acdd5c23 - - - -] 10.0.0.96 "POST /v2.0/subnets HTTP/1.1" status: 201 len: 860 time: 1.0611048
2026-05-18 01:52:27.969 9 INFO neutron.wsgi [None req-acf57a0d-0a03-480c-842b-90ef532823b5 2c60b6ccd6fc4973bafcb3b18c51dfbc 541db572d2324afa95616f75acdd5c23 - - default default] 10.0.0.96 "GET /v2.0/security-groups?tenant_id=96bff13c71ac4edfafd9c57fd3fe72b4&name=default HTTP/1.1" status: 200 len: 2992 time: 0.0542235
2026-05-18 01:52:28.170 9 INFO neutron.wsgi [None req-920ffe45-1466-49f7-bd8d-7f2520de7e22 2c60b6ccd6fc4973bafcb3b18c51dfbc 541db572d2324afa95616f75acdd5c23 - - - -] 10.0.0.96 "DELETE /v2.0/security-groups/ab689264-7afe-457e-81d9-a0b0a68326c1 HTTP/1.1" status: 204 len: 168 time: 0.1955385
2026-05-18 01:52:28.359 10 WARNING neutron.scheduler.dhcp_agent_scheduler [None req-5df74d31-93ee-45f7-8380-1731e1336124 2c60b6ccd6fc4973bafcb3b18c51dfbc 541db572d2324afa95616f75acdd5c23 - - - -] No more DHCP agents
2026-05-18 01:52:28.363 10 WARNING neutron.api.rpc.agentnotifiers.dhcp_rpc_agent_api [None req-5df74d31-93ee-45f7-8380-1731e1336124 2c60b6ccd6fc4973bafcb3b18c51dfbc 541db572d2324afa95616f75acdd5c23 - - - -] Unable to schedule network 1789723b-4cd4-4985-abb8-7edd76d122e7: no agents available; will retry on subsequent port and subnet creation events.
2026-05-18 01:52:28.513 10 INFO neutron.db.ovn_revision_numbers_db [None req-5df74d31-93ee-45f7-8380-1731e1336124 2c60b6ccd6fc4973bafcb3b18c51dfbc 541db572d2324afa95616f75acdd5c23 - - - -] Successfully bumped revision number for resource 7c4da728-8f97-443f-90d9-6a396eeefdf5 (type: ports) to 1
2026-05-18 01:52:29.121 9 INFO neutron.plugins.ml2.drivers.ovn.mech_driver.mech_driver [None req-112924e3-7ee5-4fb4-9c83-2b3b44b912a4 - - - - - -] OVN reports status up for port: 7c4da728-8f97-443f-90d9-6a396eeefdf5
2026-05-18 01:52:29.128 10 INFO neutron.db.ovn_revision_numbers_db [None req-5df74d31-93ee-45f7-8380-1731e1336124 2c60b6ccd6fc4973bafcb3b18c51dfbc 541db572d2324afa95616f75acdd5c23 - - - -] Successfully bumped revision number for resource 7c4da728-8f97-443f-90d9-6a396eeefdf5 (type: router_ports) to 1
2026-05-18 01:52:29.133 9 INFO neutron.plugins.ml2.drivers.ovn.mech_driver.ovsdb.ovsdb_monitor [None req-3cb5493a-fce4-4370-8a94-fcc0fec925a6 - - - - - -] Router 9d7169b6-b098-4213-81f1-69d940b4fbd5 is bound to host instance
2026-05-18 01:52:29.135 9 INFO neutron.plugins.ml2.plugin [None req-112924e3-7ee5-4fb4-9c83-2b3b44b912a4 - - - - - -] Attempt 1 to provision port 7c4da728-8f97-443f-90d9-6a396eeefdf5
2026-05-18 01:52:29.207 10 INFO neutron.db.ovn_revision_numbers_db [None req-5df74d31-93ee-45f7-8380-1731e1336124 2c60b6ccd6fc4973bafcb3b18c51dfbc 541db572d2324afa95616f75acdd5c23 - - - -] Successfully bumped revision number for resource 9d7169b6-b098-4213-81f1-69d940b4fbd5 (type: routers) to 3
2026-05-18 01:52:29.221 10 INFO neutron.wsgi [None req-5df74d31-93ee-45f7-8380-1731e1336124 2c60b6ccd6fc4973bafcb3b18c51dfbc 541db572d2324afa95616f75acdd5c23 - - - -] 10.0.0.96 "POST /v2.0/routers HTTP/1.1" status: 201 len: 871 time: 1.3559809
2026-05-18 01:52:29.658 9 INFO neutron.db.ovn_revision_numbers_db [None req-3cb5493a-fce4-4370-8a94-fcc0fec925a6 - - - - - -] Successfully bumped revision number for resource 7c4da728-8f97-443f-90d9-6a396eeefdf5 (type: ports) to 1
2026-05-18 01:52:29.840 10 WARNING neutron.scheduler.dhcp_agent_scheduler [None req-e8827ee8-867a-4464-abb2-6ff878319ff5 2c60b6ccd6fc4973bafcb3b18c51dfbc 541db572d2324afa95616f75acdd5c23 - - default default] No more DHCP agents
2026-05-18 01:52:29.841 10 WARNING neutron.api.rpc.agentnotifiers.dhcp_rpc_agent_api [None req-e8827ee8-867a-4464-abb2-6ff878319ff5 2c60b6ccd6fc4973bafcb3b18c51dfbc 541db572d2324afa95616f75acdd5c23 - - default default] Unable to schedule network bd70ee0f-9c59-42ad-8bbe-7da24fb1908b: no agents available; will retry on subsequent port and subnet creation events.
2026-05-18 01:52:29.896 9 INFO neutron.db.ovn_revision_numbers_db [None req-3cb5493a-fce4-4370-8a94-fcc0fec925a6 - - - - - -] Successfully bumped revision number for resource 7c4da728-8f97-443f-90d9-6a396eeefdf5 (type: router_ports) to 3
2026-05-18 01:52:29.983 10 INFO neutron.db.ovn_revision_numbers_db [None req-e8827ee8-867a-4464-abb2-6ff878319ff5 2c60b6ccd6fc4973bafcb3b18c51dfbc 541db572d2324afa95616f75acdd5c23 - - default default] Successfully bumped revision number for resource 4915d89e-375a-4e5e-b361-b65079b3c3b1 (type: ports) to 1
2026-05-18 01:52:30.028 9 INFO neutron.db.ovn_revision_numbers_db [None req-3cb5493a-fce4-4370-8a94-fcc0fec925a6 - - - - - -] Successfully bumped revision number for resource 7c4da728-8f97-443f-90d9-6a396eeefdf5 (type: ports) to 2
2026-05-18 01:52:30.236 9 INFO neutron.db.ovn_revision_numbers_db [None req-3cb5493a-fce4-4370-8a94-fcc0fec925a6 - - - - - -] Successfully bumped revision number for resource 7c4da728-8f97-443f-90d9-6a396eeefdf5 (type: ports) to 4
2026-05-18 01:52:30.380 10 INFO neutron.plugins.ml2.drivers.ovn.mech_driver.mech_driver [None req-b5e345bd-f316-4f6d-9b0e-09c747b0f037 - - - - - -] OVN reports status up for port: 4915d89e-375a-4e5e-b361-b65079b3c3b1
2026-05-18 01:52:30.399 10 INFO neutron.db.ovn_revision_numbers_db [None req-e8827ee8-867a-4464-abb2-6ff878319ff5 2c60b6ccd6fc4973bafcb3b18c51dfbc 541db572d2324afa95616f75acdd5c23 - - default default] Successfully bumped revision number for resource 4915d89e-375a-4e5e-b361-b65079b3c3b1 (type: router_ports) to 2
2026-05-18 01:52:30.472 10 INFO neutron.plugins.ml2.plugin [None req-b5e345bd-f316-4f6d-9b0e-09c747b0f037 - - - - - -] Attempt 1 to provision port 4915d89e-375a-4e5e-b361-b65079b3c3b1
2026-05-18 01:52:30.542 9 INFO neutron.db.ovn_revision_numbers_db [None req-3cb5493a-fce4-4370-8a94-fcc0fec925a6 - - - - - -] Successfully bumped revision number for resource 7c4da728-8f97-443f-90d9-6a396eeefdf5 (type: router_ports) to 4
2026-05-18 01:52:30.670 10 INFO neutron.db.ovn_revision_numbers_db [None req-e8827ee8-867a-4464-abb2-6ff878319ff5 2c60b6ccd6fc4973bafcb3b18c51dfbc 541db572d2324afa95616f75acdd5c23 - - default default] Successfully bumped revision number for resource 4915d89e-375a-4e5e-b361-b65079b3c3b1 (type: ports) to 2
2026-05-18 01:52:30.743 10 WARNING neutron.scheduler.dhcp_agent_scheduler [None req-e8827ee8-867a-4464-abb2-6ff878319ff5 2c60b6ccd6fc4973bafcb3b18c51dfbc 541db572d2324afa95616f75acdd5c23 - - default default] No more DHCP agents
2026-05-18 01:52:30.753 10 WARNING neutron.api.rpc.agentnotifiers.dhcp_rpc_agent_api [None req-e8827ee8-867a-4464-abb2-6ff878319ff5 2c60b6ccd6fc4973bafcb3b18c51dfbc 541db572d2324afa95616f75acdd5c23 - - default default] Unable to schedule network bd70ee0f-9c59-42ad-8bbe-7da24fb1908b: no agents available; will retry on subsequent port and subnet creation events.
2026-05-18 01:52:30.815 10 INFO neutron.db.ovn_revision_numbers_db [None req-b5e345bd-f316-4f6d-9b0e-09c747b0f037 - - - - - -] Successfully bumped revision number for resource 4915d89e-375a-4e5e-b361-b65079b3c3b1 (type: ports) to 3
2026-05-18 01:52:30.939 10 INFO neutron.db.ovn_revision_numbers_db [None req-b5e345bd-f316-4f6d-9b0e-09c747b0f037 - - - - - -] Successfully bumped revision number for resource 4915d89e-375a-4e5e-b361-b65079b3c3b1 (type: router_ports) to 3
2026-05-18 01:52:31.346 9 INFO neutron.wsgi [req-86219d88-6013-4e72-9524-ceb382575594 req-52286fab-00ce-4275-b9e0-ebd0b490be94 482563c3e50a4871a7b7a0056c860689 4c1fb3cc9e064e3aa1311af14731be2b - - 869e230c9c6040bc8c7ba358f0366bc5 869e230c9c6040bc8c7ba358f0366bc5] 10.0.0.254 "GET /v2.0/ports?device_id=045eb9d1-70d8-4b61-9947-9bcafb83fe46 HTTP/1.1" status: 200 len: 1365 time: 0.0334117
2026-05-18 01:52:31.382 10 INFO neutron.db.ovn_revision_numbers_db [None req-e8827ee8-867a-4464-abb2-6ff878319ff5 2c60b6ccd6fc4973bafcb3b18c51dfbc 541db572d2324afa95616f75acdd5c23 - - - -] Successfully bumped revision number for resource 4915d89e-375a-4e5e-b361-b65079b3c3b1 (type: router_ports) to 3
2026-05-18 01:52:31.382 9 INFO neutron.wsgi [req-86219d88-6013-4e72-9524-ceb382575594 req-1065b69d-8644-4956-b5f6-4c1de7435fdc 482563c3e50a4871a7b7a0056c860689 4c1fb3cc9e064e3aa1311af14731be2b - - 869e230c9c6040bc8c7ba358f0366bc5 869e230c9c6040bc8c7ba358f0366bc5] 10.0.0.254 "GET /v2.0/security-groups?id=6b3b89c4-71b8-4030-8885-e004f8bd9f2d&fields=id&fields=name HTTP/1.1" status: 200 len: 312 time: 0.0292833
2026-05-18 01:52:31.385 10 INFO neutron.wsgi [None req-e8827ee8-867a-4464-abb2-6ff878319ff5 2c60b6ccd6fc4973bafcb3b18c51dfbc 541db572d2324afa95616f75acdd5c23 - - - -] 10.0.0.96 "PUT /v2.0/routers/9d7169b6-b098-4213-81f1-69d940b4fbd5/add_router_interface HTTP/1.1" status: 200 len: 503 time: 2.1592150
2026-05-18 01:52:32.122 10 INFO neutron.db.ovn_revision_numbers_db [None req-b45b4605-2d51-4b23-b294-9c576c36b518 0afcca0668564968a51524fe38edf571 3fd35c8d07004373b0852ce901e5bd21 - - - -] Successfully bumped revision number for resource 5407ed21-79b3-49e3-8651-094b3e45e82f (type: security_groups) to 1
2026-05-18 01:52:32.143 10 INFO neutron.wsgi [None req-b45b4605-2d51-4b23-b294-9c576c36b518 0afcca0668564968a51524fe38edf571 3fd35c8d07004373b0852ce901e5bd21 - - - -] 10.0.0.96 "POST /v2.0/security-groups HTTP/1.1" status: 201 len: 1796 time: 0.1335692
2026-05-18 01:52:32.289 10 INFO neutron.db.ovn_revision_numbers_db [None req-bad1a39e-a2cb-46d1-ad71-c69cc1739b81 0afcca0668564968a51524fe38edf571 3fd35c8d07004373b0852ce901e5bd21 - - - -] Successfully bumped revision number for resource 67e84404-240e-4a78-8c39-5d58edd98170 (type: security_group_rules) to 0
2026-05-18 01:52:32.319 10 INFO neutron.wsgi [None req-bad1a39e-a2cb-46d1-ad71-c69cc1739b81 0afcca0668564968a51524fe38edf571 3fd35c8d07004373b0852ce901e5bd21 - - - -] 10.0.0.96 "POST /v2.0/security-group-rules HTTP/1.1" status: 201 len: 764 time: 0.1718791
2026-05-18 01:52:32.438 9 INFO neutron.db.ovn_revision_numbers_db [None req-8a929f61-b86c-4838-9a30-988391baf2bf 0afcca0668564968a51524fe38edf571 3fd35c8d07004373b0852ce901e5bd21 - - - -] Successfully bumped revision number for resource 681f3a01-0e99-417c-9f8c-df751355381c (type: security_group_rules) to 0
2026-05-18 01:52:32.443 10 INFO neutron.wsgi [req-3f3dbc70-7876-4f75-bcf6-a307c7cbca18 req-2a16150e-a51c-408d-b9d3-496d73b65a60 4ff512c6de634d99850397fa2ca4c1ee 149ccf8d6f5645fea76da61b172ab6f8 - - default default] 10.0.0.184 "GET /v2.0/ports?device_id=7ad6f51b-f3d4-413b-b5e5-78547a101c15 HTTP/1.1" status: 200 len: 1174 time: 0.1158428
2026-05-18 01:52:32.466 9 INFO neutron.wsgi [None req-8a929f61-b86c-4838-9a30-988391baf2bf 0afcca0668564968a51524fe38edf571 3fd35c8d07004373b0852ce901e5bd21 - - - -] 10.0.0.96 "POST /v2.0/security-group-rules HTTP/1.1" status: 201 len: 769 time: 0.1377852
2026-05-18 01:52:32.482 10 INFO neutron.wsgi [req-3f3dbc70-7876-4f75-bcf6-a307c7cbca18 req-b194df65-5e10-4c62-9675-574cf6f8b9d7 4ff512c6de634d99850397fa2ca4c1ee 149ccf8d6f5645fea76da61b172ab6f8 - - default default] 10.0.0.184 "GET /v2.0/security-groups?id=e8f36dab-f27d-4a88-b125-d34d07d947c0&fields=id&fields=name HTTP/1.1" status: 200 len: 313 time: 0.0315287
2026-05-18 01:52:32.645 9 INFO neutron.wsgi [req-91d28b7f-23a0-4819-8ebb-cf01e4a39ea6 req-48688d84-1bb6-4185-8725-a894da30f2c2 4ff512c6de634d99850397fa2ca4c1ee 149ccf8d6f5645fea76da61b172ab6f8 - - default default] 10.0.0.184 "GET /v2.0/ports?device_id=7ad6f51b-f3d4-413b-b5e5-78547a101c15 HTTP/1.1" status: 200 len: 1174 time: 0.1053696
2026-05-18 01:52:32.718 9 INFO neutron.wsgi [req-91d28b7f-23a0-4819-8ebb-cf01e4a39ea6 req-8eaf6013-04f5-47ac-beb7-ce315c16d252 4ff512c6de634d99850397fa2ca4c1ee 149ccf8d6f5645fea76da61b172ab6f8 - - default default] 10.0.0.184 "GET /v2.0/security-groups?id=e8f36dab-f27d-4a88-b125-d34d07d947c0&fields=id&fields=name HTTP/1.1" status: 200 len: 313 time: 0.0635333
2026-05-18 01:52:32.782 9 WARNING neutron.scheduler.dhcp_agent_scheduler [None req-a5a6b183-49f1-4283-aed0-89f7c0abf7c8 0afcca0668564968a51524fe38edf571 3fd35c8d07004373b0852ce901e5bd21 - - - -] No more DHCP agents
2026-05-18 01:52:32.785 9 INFO neutron.db.ovn_revision_numbers_db [None req-9524e2d6-bf73-4815-9238-ce0469655389 2c60b6ccd6fc4973bafcb3b18c51dfbc 541db572d2324afa95616f75acdd5c23 - - default default] Successfully bumped revision number for resource ffa3d57e-82e6-4e21-ae8e-67ade572821c (type: security_groups) to 1
2026-05-18 01:52:32.787 9 WARNING neutron.api.rpc.agentnotifiers.dhcp_rpc_agent_api [None req-a5a6b183-49f1-4283-aed0-89f7c0abf7c8 0afcca0668564968a51524fe38edf571 3fd35c8d07004373b0852ce901e5bd21 - - - -] Unable to schedule network 1789723b-4cd4-4985-abb8-7edd76d122e7: no agents available; will retry on subsequent port and subnet creation events.
2026-05-18 01:52:32.822 9 INFO neutron.wsgi [None req-9524e2d6-bf73-4815-9238-ce0469655389 2c60b6ccd6fc4973bafcb3b18c51dfbc 541db572d2324afa95616f75acdd5c23 - - default default] 10.0.0.96 "GET /v2.0/security-groups?tenant_id=575637512b81420d84b31086ecdfc37a&name=default HTTP/1.1" status: 200 len: 2996 time: 0.3803627
2026-05-18 01:52:33.282 9 INFO neutron.wsgi [None req-c5d2ade2-6d1b-4037-9264-ee9813bc0866 2c60b6ccd6fc4973bafcb3b18c51dfbc 541db572d2324afa95616f75acdd5c23 - - - -] 10.0.0.96 "DELETE /v2.0/security-groups/ffa3d57e-82e6-4e21-ae8e-67ade572821c HTTP/1.1" status: 204 len: 168 time: 0.4549723
