2026-05-18 01:52:33.298 9 INFO neutron.wsgi [req-9805d518-b861-44ab-a7bd-ddd67936e3f0 req-79204793-db9f-4f6d-a3ad-837ab9f637bf 4ff512c6de634d99850397fa2ca4c1ee 149ccf8d6f5645fea76da61b172ab6f8 - - default default] 10.0.0.184 "GET /v2.0/ports?device_id=7ad6f51b-f3d4-413b-b5e5-78547a101c15 HTTP/1.1" status: 200 len: 1174 time: 0.2281415
2026-05-18 01:52:33.328 9 INFO neutron.db.ovn_revision_numbers_db [None req-a5a6b183-49f1-4283-aed0-89f7c0abf7c8 0afcca0668564968a51524fe38edf571 3fd35c8d07004373b0852ce901e5bd21 - - - -] Successfully bumped revision number for resource f517bba2-557b-4fe3-bf5a-b3cd5c77ddbf (type: floatingips) to 0
2026-05-18 01:52:33.333 9 INFO neutron.wsgi [req-9805d518-b861-44ab-a7bd-ddd67936e3f0 req-f89a6303-742b-444d-93a9-a8a853a18b3a 4ff512c6de634d99850397fa2ca4c1ee 149ccf8d6f5645fea76da61b172ab6f8 - - default default] 10.0.0.184 "GET /v2.0/security-groups?id=e8f36dab-f27d-4a88-b125-d34d07d947c0&fields=id&fields=name HTTP/1.1" status: 200 len: 313 time: 0.0281320
2026-05-18 01:52:33.344 9 INFO neutron.wsgi [None req-a5a6b183-49f1-4283-aed0-89f7c0abf7c8 0afcca0668564968a51524fe38edf571 3fd35c8d07004373b0852ce901e5bd21 - - - -] 10.0.0.96 "POST /v2.0/floatingips HTTP/1.1" status: 201 len: 751 time: 0.8741462
2026-05-18 01:52:33.400 9 INFO neutron.wsgi [req-81f023e7-6f5f-4c75-a4c0-645203cf36e9 req-cb3fc55d-9298-4067-a888-240b86f70ec4 482563c3e50a4871a7b7a0056c860689 4c1fb3cc9e064e3aa1311af14731be2b - - 869e230c9c6040bc8c7ba358f0366bc5 869e230c9c6040bc8c7ba358f0366bc5] 199.204.45.216 "GET /v2.0/ports?tenant_id=149ccf8d6f5645fea76da61b172ab6f8&device_id=7ad6f51b-f3d4-413b-b5e5-78547a101c15 HTTP/1.1" status: 200 len: 1365 time: 0.0386498
2026-05-18 01:52:33.463 9 INFO neutron.wsgi [req-81f023e7-6f5f-4c75-a4c0-645203cf36e9 req-06599404-57cb-4d3c-adc9-8dbe08e4fcb7 482563c3e50a4871a7b7a0056c860689 4c1fb3cc9e064e3aa1311af14731be2b - - 869e230c9c6040bc8c7ba358f0366bc5 869e230c9c6040bc8c7ba358f0366bc5] 199.204.45.216 "GET /v2.0/networks?id=78fe8510-7f78-4f64-b501-71537e33d299 HTTP/1.1" status: 200 len: 973 time: 0.0587230
2026-05-18 01:52:33.509 9 INFO neutron.db.ovn_revision_numbers_db [None req-c67a1689-d21f-4870-b0e2-2333610919ba 2c60b6ccd6fc4973bafcb3b18c51dfbc 541db572d2324afa95616f75acdd5c23 - - default default] Successfully bumped revision number for resource a5e418c1-6764-43ff-b377-a2429aa8d2ae (type: security_groups) to 1
2026-05-18 01:52:33.516 9 INFO neutron.wsgi [req-81f023e7-6f5f-4c75-a4c0-645203cf36e9 req-d640026d-00cc-4463-a1a8-e8291496bd5e 482563c3e50a4871a7b7a0056c860689 4c1fb3cc9e064e3aa1311af14731be2b - - 869e230c9c6040bc8c7ba358f0366bc5 869e230c9c6040bc8c7ba358f0366bc5] 199.204.45.216 "GET /v2.0/floatingips?fixed_ip_address=10.100.0.12&port_id=69e2bb60-88a2-45e4-9c71-6b12bfdea2b4 HTTP/1.1" status: 200 len: 1060 time: 0.0386229
2026-05-18 01:52:33.541 9 INFO neutron.wsgi [None req-c67a1689-d21f-4870-b0e2-2333610919ba 2c60b6ccd6fc4973bafcb3b18c51dfbc 541db572d2324afa95616f75acdd5c23 - - default default] 10.0.0.96 "GET /v2.0/security-groups?tenant_id=e94200e3627e4a57a39571df3bad14cd&name=default HTTP/1.1" status: 200 len: 2996 time: 0.1561048
2026-05-18 01:52:33.557 9 INFO neutron.wsgi [req-81f023e7-6f5f-4c75-a4c0-645203cf36e9 req-e532c19c-2bae-42ec-a0d6-51065a283173 482563c3e50a4871a7b7a0056c860689 4c1fb3cc9e064e3aa1311af14731be2b - - 869e230c9c6040bc8c7ba358f0366bc5 869e230c9c6040bc8c7ba358f0366bc5] 199.204.45.216 "GET /v2.0/subnets?id=5a57554f-6ff9-4594-9773-93f8034ace83 HTTP/1.1" status: 200 len: 868 time: 0.0349765
2026-05-18 01:52:33.586 9 INFO neutron.wsgi [req-81f023e7-6f5f-4c75-a4c0-645203cf36e9 req-86fd7e98-b614-4dd9-b15d-11c951d648a0 482563c3e50a4871a7b7a0056c860689 4c1fb3cc9e064e3aa1311af14731be2b - - 869e230c9c6040bc8c7ba358f0366bc5 869e230c9c6040bc8c7ba358f0366bc5] 199.204.45.216 "GET /v2.0/ports?network_id=78fe8510-7f78-4f64-b501-71537e33d299&device_owner=network%3Adhcp HTTP/1.1" status: 200 len: 210 time: 0.0219390
2026-05-18 01:52:33.649 9 INFO neutron.wsgi [req-81f023e7-6f5f-4c75-a4c0-645203cf36e9 req-3de98716-b3ba-4ba1-95c5-3a346c0eeb42 482563c3e50a4871a7b7a0056c860689 4c1fb3cc9e064e3aa1311af14731be2b - - 869e230c9c6040bc8c7ba358f0366bc5 869e230c9c6040bc8c7ba358f0366bc5] 199.204.45.216 "GET /v2.0/networks/78fe8510-7f78-4f64-b501-71537e33d299?fields=segments HTTP/1.1" status: 200 len: 212 time: 0.0568013
2026-05-18 01:52:33.711 9 INFO neutron.wsgi [req-81f023e7-6f5f-4c75-a4c0-645203cf36e9 req-e225e868-3b30-465f-be86-53bdcc5d89a9 482563c3e50a4871a7b7a0056c860689 4c1fb3cc9e064e3aa1311af14731be2b - - 869e230c9c6040bc8c7ba358f0366bc5 869e230c9c6040bc8c7ba358f0366bc5] 199.204.45.216 "GET /v2.0/networks/78fe8510-7f78-4f64-b501-71537e33d299?fields=provider%3Aphysical_network&fields=provider%3Anetwork_type HTTP/1.1" status: 200 len: 277 time: 0.0556464
2026-05-18 01:52:33.764 9 INFO neutron.wsgi [None req-cc4601c9-fb75-48df-94da-603e72e29f16 2c60b6ccd6fc4973bafcb3b18c51dfbc 541db572d2324afa95616f75acdd5c23 - - - -] 10.0.0.96 "DELETE /v2.0/security-groups/a5e418c1-6764-43ff-b377-a2429aa8d2ae HTTP/1.1" status: 204 len: 168 time: 0.2179244
2026-05-18 01:52:33.814 10 INFO neutron.wsgi [req-2277eb5c-8d34-4f07-8801-6414f223f02e req-5d698d5a-377d-4bf7-bf76-cdf1eee310d7 0afcca0668564968a51524fe38edf571 3fd35c8d07004373b0852ce901e5bd21 - - default default] 10.0.0.184 "GET /v2.0/security-groups?name=tempest-securitygroup--1697953157&fields=id&tenant_id=3fd35c8d07004373b0852ce901e5bd21 HTTP/1.1" status: 200 len: 267 time: 0.0344825
2026-05-18 01:52:33.891 10 INFO neutron.wsgi [req-2277eb5c-8d34-4f07-8801-6414f223f02e req-32498936-cba8-4673-860e-8162f619f76e 0afcca0668564968a51524fe38edf571 3fd35c8d07004373b0852ce901e5bd21 - - default default] 10.0.0.184 "GET /v2.0/networks?id=bd70ee0f-9c59-42ad-8bbe-7da24fb1908b HTTP/1.1" status: 200 len: 869 time: 0.0704520
2026-05-18 01:52:33.908 10 INFO neutron.wsgi [req-2277eb5c-8d34-4f07-8801-6414f223f02e req-571fd7ea-164d-4d08-8d64-ebde09911b6d 0afcca0668564968a51524fe38edf571 3fd35c8d07004373b0852ce901e5bd21 - - default default] 10.0.0.184 "GET /v2.0/quotas/3fd35c8d07004373b0852ce901e5bd21 HTTP/1.1" status: 200 len: 386 time: 0.0118835
2026-05-18 01:52:34.030 10 INFO neutron.wsgi [req-2277eb5c-8d34-4f07-8801-6414f223f02e req-e3f840b3-1a74-4c27-9d9a-20be74aa1bef 0afcca0668564968a51524fe38edf571 3fd35c8d07004373b0852ce901e5bd21 - - default default] 10.0.0.184 "GET /v2.0/ports?tenant_id=3fd35c8d07004373b0852ce901e5bd21&fields=id HTTP/1.1" status: 200 len: 302 time: 0.1142254
2026-05-18 01:52:34.121 10 INFO neutron.wsgi [req-2277eb5c-8d34-4f07-8801-6414f223f02e req-3215333d-8b96-490b-893b-4113658c5511 482563c3e50a4871a7b7a0056c860689 4c1fb3cc9e064e3aa1311af14731be2b - - 869e230c9c6040bc8c7ba358f0366bc5 869e230c9c6040bc8c7ba358f0366bc5] 10.0.0.184 "GET /v2.0/networks/bd70ee0f-9c59-42ad-8bbe-7da24fb1908b?fields=segments HTTP/1.1" status: 200 len: 212 time: 0.0816021
2026-05-18 01:52:34.193 10 INFO neutron.wsgi [req-2277eb5c-8d34-4f07-8801-6414f223f02e req-eac47d24-d564-43dc-be76-fbe88b0dccf1 482563c3e50a4871a7b7a0056c860689 4c1fb3cc9e064e3aa1311af14731be2b - - 869e230c9c6040bc8c7ba358f0366bc5 869e230c9c6040bc8c7ba358f0366bc5] 10.0.0.184 "GET /v2.0/networks/bd70ee0f-9c59-42ad-8bbe-7da24fb1908b?fields=provider%3Aphysical_network&fields=provider%3Anetwork_type HTTP/1.1" status: 200 len: 277 time: 0.0658634
2026-05-18 01:52:34.345 9 INFO neutron.wsgi [req-8f4d997e-ec70-4b56-989d-dad8a5848d10 req-de8cc40c-2d04-4add-b1f5-813208c4787b 0afcca0668564968a51524fe38edf571 3fd35c8d07004373b0852ce901e5bd21 - - default default] 10.0.0.184 "GET /v2.0/ports?device_id=b8082bc7-5fd0-48d1-8ad7-52c326a60529 HTTP/1.1" status: 200 len: 210 time: 0.0267839
2026-05-18 01:52:34.431 10 INFO neutron.wsgi [req-e8587654-9814-4b2e-8afa-5aca036b0d9d req-e9c5b6ce-c18e-4799-affa-f223f0f5f87a 4ff512c6de634d99850397fa2ca4c1ee 149ccf8d6f5645fea76da61b172ab6f8 - - default default] 10.0.0.184 "GET /v2.0/ports?device_id=7ad6f51b-f3d4-413b-b5e5-78547a101c15 HTTP/1.1" status: 200 len: 1174 time: 0.0412927
2026-05-18 01:52:34.469 10 INFO neutron.wsgi [req-e8587654-9814-4b2e-8afa-5aca036b0d9d req-3f11ed4d-4d47-4898-9a56-d54e6aa6fce6 4ff512c6de634d99850397fa2ca4c1ee 149ccf8d6f5645fea76da61b172ab6f8 - - default default] 10.0.0.184 "GET /v2.0/security-groups?id=e8f36dab-f27d-4a88-b125-d34d07d947c0&fields=id&fields=name HTTP/1.1" status: 200 len: 313 time: 0.0304492
2026-05-18 01:52:34.877 10 INFO neutron.wsgi [-] 10.0.0.138 "GET / HTTP/1.1" status: 200 len: 247 time: 0.0025945
2026-05-18 01:52:34.877 9 INFO neutron.wsgi [-] 10.0.0.138 "GET / HTTP/1.1" status: 200 len: 247 time: 0.0026851
2026-05-18 01:52:35.133 9 INFO neutron.wsgi [req-2277eb5c-8d34-4f07-8801-6414f223f02e req-47dd36c1-4b7f-46a7-aee0-6924e1816454 0afcca0668564968a51524fe38edf571 3fd35c8d07004373b0852ce901e5bd21 - - default default] 199.204.45.216 "GET /v2.0/networks?id=bd70ee0f-9c59-42ad-8bbe-7da24fb1908b HTTP/1.1" status: 200 len: 869 time: 0.0717895
2026-05-18 01:52:35.185 9 INFO neutron.wsgi [req-2277eb5c-8d34-4f07-8801-6414f223f02e req-210365c8-a30e-41e3-8e0c-ee5254e7304c 0afcca0668564968a51524fe38edf571 3fd35c8d07004373b0852ce901e5bd21 - - default default] 199.204.45.216 "GET /v2.0/security-groups?fields=id&fields=name&tenant_id=3fd35c8d07004373b0852ce901e5bd21 HTTP/1.1" status: 200 len: 380 time: 0.0441055
2026-05-18 01:52:35.460 9 INFO neutron.wsgi [req-9c697a5f-701c-40c2-8296-784b1a4f8730 req-9c7fef5a-6399-4527-b841-cb54abf1773d 0afcca0668564968a51524fe38edf571 3fd35c8d07004373b0852ce901e5bd21 - - default default] 10.0.0.184 "GET /v2.0/ports?device_id=b8082bc7-5fd0-48d1-8ad7-52c326a60529 HTTP/1.1" status: 200 len: 210 time: 0.0422094
2026-05-18 01:52:35.557 9 WARNING neutron.scheduler.dhcp_agent_scheduler [None req-dde3f5ec-0615-4f49-a82e-82edf5b7cedc 0afcca0668564968a51524fe38edf571 3fd35c8d07004373b0852ce901e5bd21 - - - -] No more DHCP agents
2026-05-18 01:52:35.560 9 WARNING neutron.api.rpc.agentnotifiers.dhcp_rpc_agent_api [None req-dde3f5ec-0615-4f49-a82e-82edf5b7cedc 0afcca0668564968a51524fe38edf571 3fd35c8d07004373b0852ce901e5bd21 - - - -] Unable to schedule network bd70ee0f-9c59-42ad-8bbe-7da24fb1908b: no agents available; will retry on subsequent port and subnet creation events.
2026-05-18 01:52:35.601 10 INFO neutron.wsgi [req-06a108e4-dece-4951-b893-3ad1807f39f3 req-4eb415f8-7ee9-44bc-980d-16bda81ae614 4ff512c6de634d99850397fa2ca4c1ee 149ccf8d6f5645fea76da61b172ab6f8 - - default default] 10.0.0.184 "GET /v2.0/ports?device_id=7ad6f51b-f3d4-413b-b5e5-78547a101c15 HTTP/1.1" status: 200 len: 1174 time: 0.0550528
2026-05-18 01:52:35.605 10 WARNING neutron.plugins.ml2.drivers.ovn.mech_driver.ovsdb.ovn_client [None req-b5e345bd-f316-4f6d-9b0e-09c747b0f037 - - - - - -] No hosting information found for port 4915d89e-375a-4e5e-b361-b65079b3c3b1: RuntimeError: No hosting information found for port 4915d89e-375a-4e5e-b361-b65079b3c3b1
2026-05-18 01:52:35.605 10 INFO neutron.plugins.ml2.drivers.ovn.mech_driver.mech_driver [None req-b5e345bd-f316-4f6d-9b0e-09c747b0f037 - - - - - -] OVN reports status down for port: 69e2bb60-88a2-45e4-9c71-6b12bfdea2b4
2026-05-18 01:52:35.641 10 INFO neutron.wsgi [req-06a108e4-dece-4951-b893-3ad1807f39f3 req-d552fd02-ad02-49f0-a9bb-0ba027a2ffd7 4ff512c6de634d99850397fa2ca4c1ee 149ccf8d6f5645fea76da61b172ab6f8 - - default default] 10.0.0.184 "GET /v2.0/security-groups?id=e8f36dab-f27d-4a88-b125-d34d07d947c0&fields=id&fields=name HTTP/1.1" status: 200 len: 313 time: 0.0347936
2026-05-18 01:52:35.707 9 INFO neutron.db.ovn_revision_numbers_db [None req-dde3f5ec-0615-4f49-a82e-82edf5b7cedc 0afcca0668564968a51524fe38edf571 3fd35c8d07004373b0852ce901e5bd21 - - - -] Successfully bumped revision number for resource b13f7776-14f4-4825-8d8d-6711989c83cf (type: ports) to 1
2026-05-18 01:52:35.727 10 INFO neutron.notifiers.nova [-] Nova event matching ['req-4429776c-a5c5-4ffd-9e0e-581054999aa8'] response: {'server_uuid': '7ad6f51b-f3d4-413b-b5e5-78547a101c15', 'name': 'network-vif-unplugged', 'status': 'completed', 'tag': '69e2bb60-88a2-45e4-9c71-6b12bfdea2b4', 'code': 200}
2026-05-18 01:52:35.730 9 INFO neutron.wsgi [None req-dde3f5ec-0615-4f49-a82e-82edf5b7cedc 0afcca0668564968a51524fe38edf571 3fd35c8d07004373b0852ce901e5bd21 - - - -] 199.204.45.216 "POST /v2.0/ports HTTP/1.1" status: 201 len: 1162 time: 0.5358436 /var/lib/openstack/lib/python3.10/site-packages/pycadf/identifier.py:71: UserWarning: Invalid uuid: neutron. To ensure interoperability, identifiers should be a valid uuid. warnings.warn(('Invalid uuid: %s. To ensure interoperability, '
2026-05-18 01:52:35.864 10 INFO neutron.db.ovn_revision_numbers_db [None req-b5e345bd-f316-4f6d-9b0e-09c747b0f037 - - - - - -] Successfully bumped revision number for resource 69e2bb60-88a2-45e4-9c71-6b12bfdea2b4 (type: ports) to 5
2026-05-18 01:52:35.881 10 INFO neutron.plugins.ml2.drivers.ovn.mech_driver.mech_driver [None req-b5e345bd-f316-4f6d-9b0e-09c747b0f037 - - - - - -] OVN reports status up for port: 69e2bb60-88a2-45e4-9c71-6b12bfdea2b4
2026-05-18 01:52:35.902 10 INFO neutron.plugins.ml2.plugin [None req-b5e345bd-f316-4f6d-9b0e-09c747b0f037 - - - - - -] Attempt 1 to provision port 69e2bb60-88a2-45e4-9c71-6b12bfdea2b4
2026-05-18 01:52:36.091 9 INFO neutron.db.ovn_revision_numbers_db [None req-d50c05ef-5d8b-4226-be57-c75b49be75ae 482563c3e50a4871a7b7a0056c860689 4c1fb3cc9e064e3aa1311af14731be2b - - - -] Successfully bumped revision number for resource b13f7776-14f4-4825-8d8d-6711989c83cf (type: ports) to 2
2026-05-18 01:52:36.285 9 INFO neutron.db.ovn_revision_numbers_db [None req-d50c05ef-5d8b-4226-be57-c75b49be75ae 482563c3e50a4871a7b7a0056c860689 4c1fb3cc9e064e3aa1311af14731be2b - - - -] Successfully bumped revision number for resource b13f7776-14f4-4825-8d8d-6711989c83cf (type: ports) to 2
2026-05-18 01:52:36.324 9 INFO neutron.wsgi [None req-d50c05ef-5d8b-4226-be57-c75b49be75ae 482563c3e50a4871a7b7a0056c860689 4c1fb3cc9e064e3aa1311af14731be2b - - - -] 199.204.45.216 "PUT /v2.0/ports/b13f7776-14f4-4825-8d8d-6711989c83cf HTTP/1.1" status: 200 len: 1332 time: 0.5866935
2026-05-18 01:52:36.327 10 INFO neutron.db.ovn_revision_numbers_db [None req-b5e345bd-f316-4f6d-9b0e-09c747b0f037 - - - - - -] Successfully bumped revision number for resource 69e2bb60-88a2-45e4-9c71-6b12bfdea2b4 (type: ports) to 6
2026-05-18 01:52:36.372 9 INFO neutron.notifiers.nova [-] Nova event matching ['req-e3287777-1e24-4b45-99cf-f215a0f4dfc8'] response: {'name': 'network-changed', 'server_uuid': 'b8082bc7-5fd0-48d1-8ad7-52c326a60529', 'tag': 'b13f7776-14f4-4825-8d8d-6711989c83cf', 'status': 'completed', 'code': 200} /var/lib/openstack/lib/python3.10/site-packages/pycadf/identifier.py:71: UserWarning: Invalid uuid: neutron. To ensure interoperability, identifiers should be a valid uuid. warnings.warn(('Invalid uuid: %s. To ensure interoperability, '
2026-05-18 01:52:36.409 9 INFO neutron.wsgi [req-2277eb5c-8d34-4f07-8801-6414f223f02e req-ee3eba37-366d-46cd-9a19-a711645dc624 482563c3e50a4871a7b7a0056c860689 4c1fb3cc9e064e3aa1311af14731be2b - - 869e230c9c6040bc8c7ba358f0366bc5 869e230c9c6040bc8c7ba358f0366bc5] 199.204.45.216 "GET /v2.0/ports?tenant_id=3fd35c8d07004373b0852ce901e5bd21&device_id=b8082bc7-5fd0-48d1-8ad7-52c326a60529 HTTP/1.1" status: 200 len: 1363 time: 0.0331995
2026-05-18 01:52:36.443 9 INFO neutron.wsgi [req-2277eb5c-8d34-4f07-8801-6414f223f02e req-00e44800-321c-413f-8b32-e1a843c325b9 482563c3e50a4871a7b7a0056c860689 4c1fb3cc9e064e3aa1311af14731be2b - - 869e230c9c6040bc8c7ba358f0366bc5 869e230c9c6040bc8c7ba358f0366bc5] 199.204.45.216 "GET /v2.0/floatingips?fixed_ip_address=10.100.0.14&port_id=b13f7776-14f4-4825-8d8d-6711989c83cf HTTP/1.1" status: 200 len: 217 time: 0.0233996
2026-05-18 01:52:36.471 9 INFO neutron.wsgi [req-2277eb5c-8d34-4f07-8801-6414f223f02e req-d13b6a35-47c5-4c54-9093-d55dff7b189d 482563c3e50a4871a7b7a0056c860689 4c1fb3cc9e064e3aa1311af14731be2b - - 869e230c9c6040bc8c7ba358f0366bc5 869e230c9c6040bc8c7ba358f0366bc5] 199.204.45.216 "GET /v2.0/subnets?id=b523fe6f-af9d-4e64-b48e-0fcf8219d832 HTTP/1.1" status: 200 len: 863 time: 0.0232494
2026-05-18 01:52:36.498 9 INFO neutron.wsgi [req-2277eb5c-8d34-4f07-8801-6414f223f02e req-0bb2d441-e6c7-4638-8a44-1f6217735335 482563c3e50a4871a7b7a0056c860689 4c1fb3cc9e064e3aa1311af14731be2b - - 869e230c9c6040bc8c7ba358f0366bc5 869e230c9c6040bc8c7ba358f0366bc5] 199.204.45.216 "GET /v2.0/ports?network_id=bd70ee0f-9c59-42ad-8bbe-7da24fb1908b&device_owner=network%3Adhcp HTTP/1.1" status: 200 len: 210 time: 0.0219707
2026-05-18 01:52:36.574 9 INFO neutron.wsgi [req-2277eb5c-8d34-4f07-8801-6414f223f02e req-86aceff8-5c9a-49c3-b4bf-e1307c5fb404 482563c3e50a4871a7b7a0056c860689 4c1fb3cc9e064e3aa1311af14731be2b - - 869e230c9c6040bc8c7ba358f0366bc5 869e230c9c6040bc8c7ba358f0366bc5] 199.204.45.216 "GET /v2.0/networks/bd70ee0f-9c59-42ad-8bbe-7da24fb1908b?fields=segments HTTP/1.1" status: 200 len: 212 time: 0.0702486
2026-05-18 01:52:36.611 9 INFO neutron.wsgi [req-f7b7c069-7dd0-414b-a2e8-80c88d749b79 req-6dadfeaa-e856-4988-9b5b-30e5117ae774 0afcca0668564968a51524fe38edf571 3fd35c8d07004373b0852ce901e5bd21 - - default default] 10.0.0.184 "GET /v2.0/ports?device_id=b8082bc7-5fd0-48d1-8ad7-52c326a60529 HTTP/1.1" status: 200 len: 1172 time: 0.0972898
2026-05-18 01:52:36.654 9 INFO neutron.wsgi [req-2277eb5c-8d34-4f07-8801-6414f223f02e req-33e645e5-0ded-4e56-bac2-c2fcfe94b2ca 482563c3e50a4871a7b7a0056c860689 4c1fb3cc9e064e3aa1311af14731be2b - - 869e230c9c6040bc8c7ba358f0366bc5 869e230c9c6040bc8c7ba358f0366bc5] 199.204.45.216 "GET /v2.0/networks/bd70ee0f-9c59-42ad-8bbe-7da24fb1908b?fields=provider%3Aphysical_network&fields=provider%3Anetwork_type HTTP/1.1" status: 200 len: 277 time: 0.0703590
2026-05-18 01:52:36.657 9 INFO neutron.wsgi [req-f7b7c069-7dd0-414b-a2e8-80c88d749b79 req-fb85acc3-5195-4f5f-871a-62a6bef77cdd 0afcca0668564968a51524fe38edf571 3fd35c8d07004373b0852ce901e5bd21 - - default default] 10.0.0.184 "GET /v2.0/security-groups?id=5407ed21-79b3-49e3-8651-094b3e45e82f&fields=id&fields=name HTTP/1.1" status: 200 len: 313 time: 0.0369418
2026-05-18 01:52:36.729 9 INFO neutron.wsgi [req-56e375f5-62ac-4f8e-a58b-3c26b852c12d req-8fffbaeb-f55e-421a-94c4-06a4ec498e9a 482563c3e50a4871a7b7a0056c860689 4c1fb3cc9e064e3aa1311af14731be2b - - 869e230c9c6040bc8c7ba358f0366bc5 869e230c9c6040bc8c7ba358f0366bc5] 199.204.45.216 "GET /v2.0/ports?tenant_id=3fd35c8d07004373b0852ce901e5bd21&device_id=b8082bc7-5fd0-48d1-8ad7-52c326a60529 HTTP/1.1" status: 200 len: 1363 time: 0.0322506
2026-05-18 01:52:36.792 9 INFO neutron.wsgi [req-56e375f5-62ac-4f8e-a58b-3c26b852c12d req-07e46565-be86-4c6e-952a-3a56c5e0ddb5 482563c3e50a4871a7b7a0056c860689 4c1fb3cc9e064e3aa1311af14731be2b - - 869e230c9c6040bc8c7ba358f0366bc5 869e230c9c6040bc8c7ba358f0366bc5] 199.204.45.216 "GET /v2.0/networks?id=bd70ee0f-9c59-42ad-8bbe-7da24fb1908b HTTP/1.1" status: 200 len: 968 time: 0.0587606
2026-05-18 01:52:36.834 9 INFO neutron.wsgi [req-56e375f5-62ac-4f8e-a58b-3c26b852c12d req-143f1a52-9cef-4e06-9fda-b04c353d86ef 482563c3e50a4871a7b7a0056c860689 4c1fb3cc9e064e3aa1311af14731be2b - - 869e230c9c6040bc8c7ba358f0366bc5 869e230c9c6040bc8c7ba358f0366bc5] 199.204.45.216 "GET /v2.0/floatingips?fixed_ip_address=10.100.0.14&port_id=b13f7776-14f4-4825-8d8d-6711989c83cf HTTP/1.1" status: 200 len: 217 time: 0.0345218
2026-05-18 01:52:36.855 9 INFO neutron.plugins.ml2.drivers.ovn.mech_driver.mech_driver [None req-112924e3-7ee5-4fb4-9c83-2b3b44b912a4 - - - - - -] OVN reports status up for port: b13f7776-14f4-4825-8d8d-6711989c83cf
2026-05-18 01:52:36.880 9 INFO neutron.plugins.ml2.plugin [None req-112924e3-7ee5-4fb4-9c83-2b3b44b912a4 - - - - - -] Attempt 1 to provision port b13f7776-14f4-4825-8d8d-6711989c83cf
2026-05-18 01:52:36.885 9 INFO neutron.wsgi [req-56e375f5-62ac-4f8e-a58b-3c26b852c12d req-4990a24b-8def-4e01-bc10-e79fae40c0e8 482563c3e50a4871a7b7a0056c860689 4c1fb3cc9e064e3aa1311af14731be2b - - 869e230c9c6040bc8c7ba358f0366bc5 869e230c9c6040bc8c7ba358f0366bc5] 199.204.45.216 "GET /v2.0/subnets?id=b523fe6f-af9d-4e64-b48e-0fcf8219d832 HTTP/1.1" status: 200 len: 863 time: 0.0444093
2026-05-18 01:52:36.915 9 INFO neutron.wsgi [req-56e375f5-62ac-4f8e-a58b-3c26b852c12d req-026d6caa-b029-4db7-bf85-da0ae2ad8e32 482563c3e50a4871a7b7a0056c860689 4c1fb3cc9e064e3aa1311af14731be2b - - 869e230c9c6040bc8c7ba358f0366bc5 869e230c9c6040bc8c7ba358f0366bc5] 199.204.45.216 "GET /v2.0/ports?network_id=bd70ee0f-9c59-42ad-8bbe-7da24fb1908b&device_owner=network%3Adhcp HTTP/1.1" status: 200 len: 210 time: 0.0233545 /var/lib/openstack/lib/python3.10/site-packages/pycadf/identifier.py:71: UserWarning: Invalid uuid: neutron. To ensure interoperability, identifiers should be a valid uuid. warnings.warn(('Invalid uuid: %s. To ensure interoperability, '
2026-05-18 01:52:37.000 9 INFO neutron.wsgi [req-56e375f5-62ac-4f8e-a58b-3c26b852c12d req-a3511e64-93b8-4813-b5f2-754e56f0ff8e 482563c3e50a4871a7b7a0056c860689 4c1fb3cc9e064e3aa1311af14731be2b - - 869e230c9c6040bc8c7ba358f0366bc5 869e230c9c6040bc8c7ba358f0366bc5] 199.204.45.216 "GET /v2.0/networks/bd70ee0f-9c59-42ad-8bbe-7da24fb1908b?fields=segments HTTP/1.1" status: 200 len: 212 time: 0.0774071
2026-05-18 01:52:37.028 10 INFO neutron.wsgi [req-9bf5a326-1ee3-4e1b-9a95-cfe3cf9dafe7 req-3e381ab8-b3a8-441e-aa6e-01169e909979 11ca766bf3d94043a081dc7abed6dff5 561afd0d7a904a3fb0866d99889ed133 - - default default] 10.0.0.184 "GET /v2.0/ports?device_id=045eb9d1-70d8-4b61-9947-9bcafb83fe46 HTTP/1.1" status: 200 len: 1174 time: 0.1086378
2026-05-18 01:52:37.083 9 INFO neutron.wsgi [req-56e375f5-62ac-4f8e-a58b-3c26b852c12d req-456a737f-e6b4-437b-b8b1-2743a565e6d3 482563c3e50a4871a7b7a0056c860689 4c1fb3cc9e064e3aa1311af14731be2b - - 869e230c9c6040bc8c7ba358f0366bc5 869e230c9c6040bc8c7ba358f0366bc5] 199.204.45.216 "GET /v2.0/networks/bd70ee0f-9c59-42ad-8bbe-7da24fb1908b?fields=provider%3Aphysical_network&fields=provider%3Anetwork_type HTTP/1.1" status: 200 len: 277 time: 0.0720572
2026-05-18 01:52:37.199 9 INFO neutron.wsgi [req-cc29e5dd-3d85-42b4-a9be-af7d707ceeb4 req-4c8d7585-a15b-43a4-a92f-d26a3a7f6419 11ca766bf3d94043a081dc7abed6dff5 561afd0d7a904a3fb0866d99889ed133 - - default default] 10.0.0.184 "GET /v2.0/ports/fd2c4817-5d12-42f2-8f97-03e25177445a HTTP/1.1" status: 200 len: 1171 time: 0.1012886
2026-05-18 01:52:37.200 9 INFO neutron.db.ovn_revision_numbers_db [None req-112924e3-7ee5-4fb4-9c83-2b3b44b912a4 - - - - - -] Successfully bumped revision number for resource b13f7776-14f4-4825-8d8d-6711989c83cf (type: ports) to 4 /var/lib/openstack/lib/python3.10/site-packages/pycadf/identifier.py:71: UserWarning: Invalid uuid: neutron. To ensure interoperability, identifiers should be a valid uuid. warnings.warn(('Invalid uuid: %s. To ensure interoperability, '
2026-05-18 01:52:37.376 9 INFO neutron.wsgi [req-c1d69317-08ee-48b5-8672-bcc8153eefc6 req-72800c92-8c0d-4c60-ae09-0667cff4a300 11ca766bf3d94043a081dc7abed6dff5 561afd0d7a904a3fb0866d99889ed133 - - default default] 199.204.45.216 "GET /v2.0/subnets?network_id=2ae4ac05-ac2f-4090-9963-f29408c08319 HTTP/1.1" status: 200 len: 859 time: 0.0540051
2026-05-18 01:52:37.430 9 INFO neutron.wsgi [req-c1d69317-08ee-48b5-8672-bcc8153eefc6 req-7e0a204d-aada-4296-a3f3-4c1bf3317a43 11ca766bf3d94043a081dc7abed6dff5 561afd0d7a904a3fb0866d99889ed133 - - default default] 199.204.45.216 "GET /v2.0/ports?device_id=045eb9d1-70d8-4b61-9947-9bcafb83fe46&device_owner=compute%3Anova&network_id=2ae4ac05-ac2f-4090-9963-f29408c08319 HTTP/1.1" status: 200 len: 1174 time: 0.0506854
2026-05-18 01:52:37.767 10 INFO neutron.notifiers.nova [-] Nova event matching ['req-510a5ac0-6a29-45f8-bfb0-0bb332ed0105'] response: {'server_uuid': '7ad6f51b-f3d4-413b-b5e5-78547a101c15', 'name': 'network-vif-plugged', 'status': 'completed', 'tag': '69e2bb60-88a2-45e4-9c71-6b12bfdea2b4', 'code': 200}
2026-05-18 01:52:37.767 10 INFO neutron.notifiers.nova [-] Nova event matching ['req-510a5ac0-6a29-45f8-bfb0-0bb332ed0105'] response: {'server_uuid': '7ad6f51b-f3d4-413b-b5e5-78547a101c15', 'name': 'network-vif-plugged', 'status': 'completed', 'tag': '69e2bb60-88a2-45e4-9c71-6b12bfdea2b4', 'code': 200}
2026-05-18 01:52:37.768 10 INFO neutron.notifiers.nova [-] Nova event matching ['req-510a5ac0-6a29-45f8-bfb0-0bb332ed0105'] response: {'server_uuid': '7ad6f51b-f3d4-413b-b5e5-78547a101c15', 'name': 'network-vif-plugged', 'status': 'completed', 'tag': '69e2bb60-88a2-45e4-9c71-6b12bfdea2b4', 'code': 200}
2026-05-18 01:52:37.923 9 INFO neutron.wsgi [req-97d6f241-c345-423b-b052-a9e6b4619009 req-a75afa52-9351-46bf-a9a9-835631d13fd7 0afcca0668564968a51524fe38edf571 3fd35c8d07004373b0852ce901e5bd21 - - default default] 10.0.0.184 "GET /v2.0/ports?device_id=b8082bc7-5fd0-48d1-8ad7-52c326a60529 HTTP/1.1" status: 200 len: 1174 time: 0.0395858
2026-05-18 01:52:37.969 9 INFO neutron.wsgi [req-97d6f241-c345-423b-b052-a9e6b4619009 req-83a53bdf-be10-4610-a2d9-5902d706f04a 0afcca0668564968a51524fe38edf571 3fd35c8d07004373b0852ce901e5bd21 - - default default] 10.0.0.184 "GET /v2.0/security-groups?id=5407ed21-79b3-49e3-8651-094b3e45e82f&fields=id&fields=name HTTP/1.1" status: 200 len: 313 time: 0.0366621
2026-05-18 01:52:38.077 9 INFO neutron.db.ovn_revision_numbers_db [None req-4017206e-bd52-4f36-bdc7-080944b4ee62 11ca766bf3d94043a081dc7abed6dff5 561afd0d7a904a3fb0866d99889ed133 - - - -] Successfully bumped revision number for resource fd2c4817-5d12-42f2-8f97-03e25177445a (type: ports) to 5
2026-05-18 01:52:38.088 9 INFO neutron.wsgi [None req-4017206e-bd52-4f36-bdc7-080944b4ee62 11ca766bf3d94043a081dc7abed6dff5 561afd0d7a904a3fb0866d99889ed133 - - - -] 199.204.45.216 "PUT /v2.0/ports/fd2c4817-5d12-42f2-8f97-03e25177445a HTTP/1.1" status: 200 len: 1349 time: 0.6522532 /var/lib/openstack/lib/python3.10/site-packages/pycadf/identifier.py:71: UserWarning: Invalid uuid: neutron. To ensure interoperability, identifiers should be a valid uuid. warnings.warn(('Invalid uuid: %s. To ensure interoperability, '
2026-05-18 01:52:38.133 9 INFO neutron.wsgi [req-c1d69317-08ee-48b5-8672-bcc8153eefc6 req-04c38790-f52a-443d-9ce7-c64e03680cff 482563c3e50a4871a7b7a0056c860689 4c1fb3cc9e064e3aa1311af14731be2b - - 869e230c9c6040bc8c7ba358f0366bc5 869e230c9c6040bc8c7ba358f0366bc5] 199.204.45.216 "GET /v2.0/ports?tenant_id=561afd0d7a904a3fb0866d99889ed133&device_id=045eb9d1-70d8-4b61-9947-9bcafb83fe46 HTTP/1.1" status: 200 len: 1542 time: 0.0297201
2026-05-18 01:52:38.191 9 INFO neutron.wsgi [req-c1d69317-08ee-48b5-8672-bcc8153eefc6 req-8b523ad3-4170-4569-8481-08647834021f 482563c3e50a4871a7b7a0056c860689 4c1fb3cc9e064e3aa1311af14731be2b - - 869e230c9c6040bc8c7ba358f0366bc5 869e230c9c6040bc8c7ba358f0366bc5] 199.204.45.216 "GET /v2.0/networks?id=2ae4ac05-ac2f-4090-9963-f29408c08319 HTTP/1.1" status: 200 len: 982 time: 0.0516536
2026-05-18 01:52:38.248 9 INFO neutron.wsgi [req-c1d69317-08ee-48b5-8672-bcc8153eefc6 req-a94c3c8a-06c0-4635-a0f0-11101a802815 482563c3e50a4871a7b7a0056c860689 4c1fb3cc9e064e3aa1311af14731be2b - - 869e230c9c6040bc8c7ba358f0366bc5 869e230c9c6040bc8c7ba358f0366bc5] 199.204.45.216 "GET /v2.0/floatingips?fixed_ip_address=10.100.0.12&port_id=fd2c4817-5d12-42f2-8f97-03e25177445a HTTP/1.1" status: 200 len: 1060 time: 0.0504482
2026-05-18 01:52:38.278 9 INFO neutron.wsgi [req-c1d69317-08ee-48b5-8672-bcc8153eefc6 req-a838cfb5-ce59-46e5-afed-b1c6e33a3e65 482563c3e50a4871a7b7a0056c860689 4c1fb3cc9e064e3aa1311af14731be2b - - 869e230c9c6040bc8c7ba358f0366bc5 869e230c9c6040bc8c7ba358f0366bc5] 199.204.45.216 "GET /v2.0/floatingips?fixed_ip_address=10.100.0.9&port_id=fd2c4817-5d12-42f2-8f97-03e25177445a HTTP/1.1" status: 200 len: 217 time: 0.0240252
2026-05-18 01:52:38.315 9 INFO neutron.wsgi [req-c1d69317-08ee-48b5-8672-bcc8153eefc6 req-5da180dc-d631-4e9c-b35e-a087bd2b82e5 482563c3e50a4871a7b7a0056c860689 4c1fb3cc9e064e3aa1311af14731be2b - - 869e230c9c6040bc8c7ba358f0366bc5 869e230c9c6040bc8c7ba358f0366bc5] 199.204.45.216 "GET /v2.0/subnets?id=3e855fb0-9e95-4641-b049-1e20b03754df HTTP/1.1" status: 200 len: 877 time: 0.0303030
2026-05-18 01:52:38.338 9 INFO neutron.wsgi [req-c1d69317-08ee-48b5-8672-bcc8153eefc6 req-05911af5-d03b-4e7d-85f4-a59a191c160a 482563c3e50a4871a7b7a0056c860689 4c1fb3cc9e064e3aa1311af14731be2b - - 869e230c9c6040bc8c7ba358f0366bc5 869e230c9c6040bc8c7ba358f0366bc5] 199.204.45.216 "GET /v2.0/ports?network_id=2ae4ac05-ac2f-4090-9963-f29408c08319&device_owner=network%3Adhcp HTTP/1.1" status: 200 len: 210 time: 0.0171244
2026-05-18 01:52:38.411 9 INFO neutron.wsgi [req-c1d69317-08ee-48b5-8672-bcc8153eefc6 req-9a6fb95d-39d4-436e-b93a-843465f27d86 482563c3e50a4871a7b7a0056c860689 4c1fb3cc9e064e3aa1311af14731be2b - - 869e230c9c6040bc8c7ba358f0366bc5 869e230c9c6040bc8c7ba358f0366bc5] 199.204.45.216 "GET /v2.0/networks/2ae4ac05-ac2f-4090-9963-f29408c08319?fields=segments HTTP/1.1" status: 200 len: 212 time: 0.0670013
2026-05-18 01:52:38.418 9 INFO neutron.notifiers.nova [-] Nova event matching ['req-8bf1eb84-b670-4fb7-8ba4-c3273e54197b'] response: {'server_uuid': 'b8082bc7-5fd0-48d1-8ad7-52c326a60529', 'name': 'network-vif-plugged', 'status': 'completed', 'tag': 'b13f7776-14f4-4825-8d8d-6711989c83cf', 'code': 200}
2026-05-18 01:52:38.418 9 INFO neutron.notifiers.nova [-] Nova event matching ['req-8bf1eb84-b670-4fb7-8ba4-c3273e54197b'] response: {'server_uuid': 'b8082bc7-5fd0-48d1-8ad7-52c326a60529', 'name': 'network-vif-plugged', 'status': 'completed', 'tag': 'b13f7776-14f4-4825-8d8d-6711989c83cf', 'code': 200}
2026-05-18 01:52:38.418 9 INFO neutron.notifiers.nova [-] Nova event matching ['req-8bf1eb84-b670-4fb7-8ba4-c3273e54197b'] response: {'name': 'network-changed', 'server_uuid': '045eb9d1-70d8-4b61-9947-9bcafb83fe46', 'tag': 'fd2c4817-5d12-42f2-8f97-03e25177445a', 'status': 'completed', 'code': 200}
2026-05-18 01:52:38.487 9 INFO neutron.wsgi [req-c1d69317-08ee-48b5-8672-bcc8153eefc6 req-23d77d71-62ee-453e-8870-bccc291ffc11 482563c3e50a4871a7b7a0056c860689 4c1fb3cc9e064e3aa1311af14731be2b - - 869e230c9c6040bc8c7ba358f0366bc5 869e230c9c6040bc8c7ba358f0366bc5] 199.204.45.216 "GET /v2.0/networks/2ae4ac05-ac2f-4090-9963-f29408c08319?fields=provider%3Aphysical_network&fields=provider%3Anetwork_type HTTP/1.1" status: 200 len: 277 time: 0.0644174
2026-05-18 01:52:38.562 9 INFO neutron.wsgi [req-0d1673ae-7da4-4e33-a42e-2dce18893554 req-5690c366-cfb2-4231-b797-ab2f51b2c8b6 482563c3e50a4871a7b7a0056c860689 4c1fb3cc9e064e3aa1311af14731be2b - - 869e230c9c6040bc8c7ba358f0366bc5 869e230c9c6040bc8c7ba358f0366bc5] 199.204.45.216 "GET /v2.0/ports?tenant_id=561afd0d7a904a3fb0866d99889ed133&device_id=045eb9d1-70d8-4b61-9947-9bcafb83fe46 HTTP/1.1" status: 200 len: 1542 time: 0.0323796
2026-05-18 01:52:38.619 9 INFO neutron.wsgi [req-0d1673ae-7da4-4e33-a42e-2dce18893554 req-fdc8f649-638b-4332-aa73-088595cb27eb 482563c3e50a4871a7b7a0056c860689 4c1fb3cc9e064e3aa1311af14731be2b - - 869e230c9c6040bc8c7ba358f0366bc5 869e230c9c6040bc8c7ba358f0366bc5] 199.204.45.216 "GET /v2.0/networks?id=2ae4ac05-ac2f-4090-9963-f29408c08319 HTTP/1.1" status: 200 len: 982 time: 0.0525718
2026-05-18 01:52:38.664 9 INFO neutron.wsgi [req-0d1673ae-7da4-4e33-a42e-2dce18893554 req-df5674e9-2a67-4222-a6f1-68a0a666122c 482563c3e50a4871a7b7a0056c860689 4c1fb3cc9e064e3aa1311af14731be2b - - 869e230c9c6040bc8c7ba358f0366bc5 869e230c9c6040bc8c7ba358f0366bc5] 199.204.45.216 "GET /v2.0/floatingips?fixed_ip_address=10.100.0.12&port_id=fd2c4817-5d12-42f2-8f97-03e25177445a HTTP/1.1" status: 200 len: 1060 time: 0.0419922
2026-05-18 01:52:38.696 9 INFO neutron.wsgi [req-0d1673ae-7da4-4e33-a42e-2dce18893554 req-c6f13d5b-1b77-49da-9f56-6b63fa61b81e 482563c3e50a4871a7b7a0056c860689 4c1fb3cc9e064e3aa1311af14731be2b - - 869e230c9c6040bc8c7ba358f0366bc5 869e230c9c6040bc8c7ba358f0366bc5] 199.204.45.216 "GET /v2.0/floatingips?fixed_ip_address=10.100.0.9&port_id=fd2c4817-5d12-42f2-8f97-03e25177445a HTTP/1.1" status: 200 len: 217 time: 0.0262628
2026-05-18 01:52:38.728 9 INFO neutron.wsgi [req-0d1673ae-7da4-4e33-a42e-2dce18893554 req-e66ccc8a-f3db-4fde-a978-6f2c644cbe05 482563c3e50a4871a7b7a0056c860689 4c1fb3cc9e064e3aa1311af14731be2b - - 869e230c9c6040bc8c7ba358f0366bc5 869e230c9c6040bc8c7ba358f0366bc5] 199.204.45.216 "GET /v2.0/subnets?id=3e855fb0-9e95-4641-b049-1e20b03754df HTTP/1.1" status: 200 len: 877 time: 0.0266366
2026-05-18 01:52:38.760 9 INFO neutron.wsgi [req-0d1673ae-7da4-4e33-a42e-2dce18893554 req-bab1d512-68fa-479c-82e7-3d1004ca34c4 482563c3e50a4871a7b7a0056c860689 4c1fb3cc9e064e3aa1311af14731be2b - - 869e230c9c6040bc8c7ba358f0366bc5 869e230c9c6040bc8c7ba358f0366bc5] 199.204.45.216 "GET /v2.0/ports?network_id=2ae4ac05-ac2f-4090-9963-f29408c08319&device_owner=network%3Adhcp HTTP/1.1" status: 200 len: 210 time: 0.0253098
2026-05-18 01:52:38.833 9 INFO neutron.wsgi [req-0d1673ae-7da4-4e33-a42e-2dce18893554 req-a5e00cd7-bcc0-4f88-be1a-d7abab09c013 482563c3e50a4871a7b7a0056c860689 4c1fb3cc9e064e3aa1311af14731be2b - - 869e230c9c6040bc8c7ba358f0366bc5 869e230c9c6040bc8c7ba358f0366bc5] 199.204.45.216 "GET /v2.0/networks/2ae4ac05-ac2f-4090-9963-f29408c08319?fields=segments HTTP/1.1" status: 200 len: 212 time: 0.0666263
2026-05-18 01:52:38.905 9 INFO neutron.wsgi [req-0d1673ae-7da4-4e33-a42e-2dce18893554 req-85ad0619-e2af-4fae-8893-974a2caa007d 482563c3e50a4871a7b7a0056c860689 4c1fb3cc9e064e3aa1311af14731be2b - - 869e230c9c6040bc8c7ba358f0366bc5 869e230c9c6040bc8c7ba358f0366bc5] 199.204.45.216 "GET /v2.0/networks/2ae4ac05-ac2f-4090-9963-f29408c08319?fields=provider%3Aphysical_network&fields=provider%3Anetwork_type HTTP/1.1" status: 200 len: 277 time: 0.0658121
2026-05-18 01:52:39.071 9 INFO neutron.wsgi [req-27a9f438-7fd2-409e-9a2a-39f45cd3206e req-9c040cbc-ea60-4e6f-bf85-cb887424546c 0afcca0668564968a51524fe38edf571 3fd35c8d07004373b0852ce901e5bd21 - - default default] 10.0.0.184 "GET /v2.0/ports?device_id=b8082bc7-5fd0-48d1-8ad7-52c326a60529 HTTP/1.1" status: 200 len: 1174 time: 0.0388105
2026-05-18 01:52:39.116 9 INFO neutron.wsgi [req-27a9f438-7fd2-409e-9a2a-39f45cd3206e req-5263e7df-94a7-4fbc-a075-2ed67faf78c5 0afcca0668564968a51524fe38edf571 3fd35c8d07004373b0852ce901e5bd21 - - default default] 10.0.0.184 "GET /v2.0/security-groups?id=5407ed21-79b3-49e3-8651-094b3e45e82f&fields=id&fields=name HTTP/1.1" status: 200 len: 313 time: 0.0367334
2026-05-18 01:52:39.297 10 INFO neutron.wsgi [req-f126d530-811e-49d4-af83-f76a7c573e76 req-4d363583-a2ec-41ef-a5fb-a963da68d6b7 0afcca0668564968a51524fe38edf571 3fd35c8d07004373b0852ce901e5bd21 - - default default] 10.0.0.184 "GET /v2.0/ports?device_id=b8082bc7-5fd0-48d1-8ad7-52c326a60529 HTTP/1.1" status: 200 len: 1174 time: 0.1174421
2026-05-18 01:52:39.479 10 INFO neutron.wsgi [req-3c7e1d39-ec3d-4028-a304-795ba235e4df req-e4a342c2-cb9a-4300-b79e-26771d954c50 11ca766bf3d94043a081dc7abed6dff5 561afd0d7a904a3fb0866d99889ed133 - - default default] 10.0.0.184 "GET /v2.0/ports?device_id=045eb9d1-70d8-4b61-9947-9bcafb83fe46 HTTP/1.1" status: 200 len: 1352 time: 0.0354884
2026-05-18 01:52:39.512 10 INFO neutron.wsgi [req-3c7e1d39-ec3d-4028-a304-795ba235e4df req-e5a68b4c-def4-43aa-8e9c-701fd6e4699e 11ca766bf3d94043a081dc7abed6dff5 561afd0d7a904a3fb0866d99889ed133 - - default default] 10.0.0.184 "GET /v2.0/security-groups?id=6b3b89c4-71b8-4030-8885-e004f8bd9f2d&fields=id&fields=name HTTP/1.1" status: 200 len: 312 time: 0.0267718
2026-05-18 01:52:39.522 9 INFO neutron.db.l3_db [None req-6d289e62-a4e8-45b5-8377-0226e9f5e96a 0afcca0668564968a51524fe38edf571 3fd35c8d07004373b0852ce901e5bd21 - - - -] Floating IP f517bba2-557b-4fe3-bf5a-b3cd5c77ddbf associated. External IP: 10.96.250.212, port: b13f7776-14f4-4825-8d8d-6711989c83cf.
2026-05-18 01:52:39.725 9 INFO neutron.wsgi [req-74d23c8f-2b1b-4a84-ba41-c21a69cdc66c req-34794d6f-4526-40c6-9c06-91ded2c97b30 11ca766bf3d94043a081dc7abed6dff5 561afd0d7a904a3fb0866d99889ed133 - - default default] 199.204.45.216 "GET /v2.0/ports?device_id=045eb9d1-70d8-4b61-9947-9bcafb83fe46&device_owner=compute%3Anova&fixed_ips=ip_address%3D10.100.0.9 HTTP/1.1" status: 200 len: 1352 time: 0.0935080
2026-05-18 01:52:39.778 9 INFO neutron.db.ovn_revision_numbers_db [None req-6d289e62-a4e8-45b5-8377-0226e9f5e96a 0afcca0668564968a51524fe38edf571 3fd35c8d07004373b0852ce901e5bd21 - - - -] Successfully bumped revision number for resource f517bba2-557b-4fe3-bf5a-b3cd5c77ddbf (type: floatingips) to 1
2026-05-18 01:52:39.901 9 INFO neutron.db.ovn_revision_numbers_db [None req-6d289e62-a4e8-45b5-8377-0226e9f5e96a 0afcca0668564968a51524fe38edf571 3fd35c8d07004373b0852ce901e5bd21 - - - -] Successfully bumped revision number for resource f517bba2-557b-4fe3-bf5a-b3cd5c77ddbf (type: floatingips) to 2
2026-05-18 01:52:39.930 9 INFO neutron.wsgi [None req-6d289e62-a4e8-45b5-8377-0226e9f5e96a 0afcca0668564968a51524fe38edf571 3fd35c8d07004373b0852ce901e5bd21 - - - -] 10.0.0.96 "PUT /v2.0/floatingips/f517bba2-557b-4fe3-bf5a-b3cd5c77ddbf HTTP/1.1" status: 200 len: 1050 time: 0.6194153
2026-05-18 01:52:40.023 9 INFO neutron.wsgi [req-20ea1b7d-3799-42f0-9ff3-43762a43dbe3 req-ccf84029-b6de-4cff-9b53-05edffbdf303 0afcca0668564968a51524fe38edf571 3fd35c8d07004373b0852ce901e5bd21 - - default default] 10.0.0.184 "GET /v2.0/ports?device_id=b8082bc7-5fd0-48d1-8ad7-52c326a60529 HTTP/1.1" status: 200 len: 1174 time: 0.0426173
2026-05-18 01:52:40.076 9 INFO neutron.wsgi [req-20ea1b7d-3799-42f0-9ff3-43762a43dbe3 req-8a74aeb1-4c3a-433a-8030-dcafa4116d5e 0afcca0668564968a51524fe38edf571 3fd35c8d07004373b0852ce901e5bd21 - - default default] 10.0.0.184 "GET /v2.0/security-groups?id=5407ed21-79b3-49e3-8651-094b3e45e82f&fields=id&fields=name HTTP/1.1" status: 200 len: 313 time: 0.0470927
2026-05-18 01:52:40.283 9 INFO neutron.db.ovn_revision_numbers_db [None req-cbe58ca9-ced4-4e15-890a-94ee95bea185 11ca766bf3d94043a081dc7abed6dff5 561afd0d7a904a3fb0866d99889ed133 - - - -] Successfully bumped revision number for resource fd2c4817-5d12-42f2-8f97-03e25177445a (type: ports) to 6
2026-05-18 01:52:40.298 9 INFO neutron.wsgi [None req-cbe58ca9-ced4-4e15-890a-94ee95bea185 11ca766bf3d94043a081dc7abed6dff5 561afd0d7a904a3fb0866d99889ed133 - - - -] 199.204.45.216 "PUT /v2.0/ports/fd2c4817-5d12-42f2-8f97-03e25177445a HTTP/1.1" status: 200 len: 1171 time: 0.5640011 /var/lib/openstack/lib/python3.10/site-packages/pycadf/identifier.py:71: UserWarning: Invalid uuid: neutron. To ensure interoperability, identifiers should be a valid uuid. warnings.warn(('Invalid uuid: %s. To ensure interoperability, '
2026-05-18 01:52:40.358 9 INFO neutron.wsgi [req-74d23c8f-2b1b-4a84-ba41-c21a69cdc66c req-ec03a908-9fd2-457d-b5f8-18e19a1daa1e 482563c3e50a4871a7b7a0056c860689 4c1fb3cc9e064e3aa1311af14731be2b - - 869e230c9c6040bc8c7ba358f0366bc5 869e230c9c6040bc8c7ba358f0366bc5] 199.204.45.216 "GET /v2.0/ports?tenant_id=561afd0d7a904a3fb0866d99889ed133&device_id=045eb9d1-70d8-4b61-9947-9bcafb83fe46 HTTP/1.1" status: 200 len: 1365 time: 0.0418632 /var/lib/openstack/lib/python3.10/site-packages/pycadf/identifier.py:71: UserWarning: Invalid uuid: neutron. To ensure interoperability, identifiers should be a valid uuid. warnings.warn(('Invalid uuid: %s. To ensure interoperability, '
2026-05-18 01:52:40.419 9 INFO neutron.plugins.ml2.drivers.ovn.mech_driver.mech_driver [None req-112924e3-7ee5-4fb4-9c83-2b3b44b912a4 - - - - - -] OVN reports status down for port: b13f7776-14f4-4825-8d8d-6711989c83cf
2026-05-18 01:52:40.433 10 INFO neutron.wsgi [req-5da3b461-a9b2-4a6f-b5aa-9a710558021a req-b243470f-9a08-4925-9a1f-d6b6c2e98162 0afcca0668564968a51524fe38edf571 3fd35c8d07004373b0852ce901e5bd21 - - default default] 10.0.0.184 "GET /v2.0/ports?device_id=b8082bc7-5fd0-48d1-8ad7-52c326a60529 HTTP/1.1" status: 200 len: 1174 time: 0.0487795
2026-05-18 01:52:40.473 9 INFO neutron.notifiers.nova [-] Nova event matching ['req-755b5d48-256b-4461-9c0d-6b02fa1e96be'] response: {'name': 'network-changed', 'server_uuid': 'b8082bc7-5fd0-48d1-8ad7-52c326a60529', 'tag': 'b13f7776-14f4-4825-8d8d-6711989c83cf', 'status': 'completed', 'code': 200}
2026-05-18 01:52:40.473 9 INFO neutron.notifiers.nova [-] Nova event matching ['req-755b5d48-256b-4461-9c0d-6b02fa1e96be'] response: {'name': 'network-changed', 'server_uuid': '045eb9d1-70d8-4b61-9947-9bcafb83fe46', 'tag': 'fd2c4817-5d12-42f2-8f97-03e25177445a', 'status': 'completed', 'code': 200}
2026-05-18 01:52:40.474 10 INFO neutron.wsgi [req-5da3b461-a9b2-4a6f-b5aa-9a710558021a req-0051b3d9-8697-4259-bebf-95f8582ac281 0afcca0668564968a51524fe38edf571 3fd35c8d07004373b0852ce901e5bd21 - - default default] 10.0.0.184 "GET /v2.0/security-groups?id=5407ed21-79b3-49e3-8651-094b3e45e82f&fields=id&fields=name HTTP/1.1" status: 200 len: 313 time: 0.0331771
2026-05-18 01:52:40.492 9 INFO neutron.wsgi [req-74d23c8f-2b1b-4a84-ba41-c21a69cdc66c req-414e90b1-d378-420b-89f7-a978fdb73634 482563c3e50a4871a7b7a0056c860689 4c1fb3cc9e064e3aa1311af14731be2b - - 869e230c9c6040bc8c7ba358f0366bc5 869e230c9c6040bc8c7ba358f0366bc5] 199.204.45.216 "GET /v2.0/networks?id=2ae4ac05-ac2f-4090-9963-f29408c08319 HTTP/1.1" status: 200 len: 982 time: 0.1271613
2026-05-18 01:52:40.560 10 INFO neutron.wsgi [req-e9e2e78a-83c8-4b40-a4c1-b35fb5f150fd req-25f8f522-ba63-4159-91a9-4a380997d46c 482563c3e50a4871a7b7a0056c860689 4c1fb3cc9e064e3aa1311af14731be2b - - 869e230c9c6040bc8c7ba358f0366bc5 869e230c9c6040bc8c7ba358f0366bc5] 199.204.45.216 "GET /v2.0/ports?tenant_id=3fd35c8d07004373b0852ce901e5bd21&device_id=b8082bc7-5fd0-48d1-8ad7-52c326a60529 HTTP/1.1" status: 200 len: 1365 time: 0.0700374
2026-05-18 01:52:40.566 9 INFO neutron.wsgi [req-74d23c8f-2b1b-4a84-ba41-c21a69cdc66c req-e92b2f69-b55c-4449-9f5e-c1e596960d6d 482563c3e50a4871a7b7a0056c860689 4c1fb3cc9e064e3aa1311af14731be2b - - 869e230c9c6040bc8c7ba358f0366bc5 869e230c9c6040bc8c7ba358f0366bc5] 199.204.45.216 "GET /v2.0/floatingips?fixed_ip_address=10.100.0.12&port_id=fd2c4817-5d12-42f2-8f97-03e25177445a HTTP/1.1" status: 200 len: 1060 time: 0.0685575
2026-05-18 01:52:40.629 9 INFO neutron.wsgi [req-74d23c8f-2b1b-4a84-ba41-c21a69cdc66c req-1b1e9b33-07ec-4273-aa50-d45799a731f8 482563c3e50a4871a7b7a0056c860689 4c1fb3cc9e064e3aa1311af14731be2b - - 869e230c9c6040bc8c7ba358f0366bc5 869e230c9c6040bc8c7ba358f0366bc5] 199.204.45.216 "GET /v2.0/subnets?id=3e855fb0-9e95-4641-b049-1e20b03754df HTTP/1.1" status: 200 len: 877 time: 0.0564971
2026-05-18 01:52:40.664 9 INFO neutron.wsgi [req-74d23c8f-2b1b-4a84-ba41-c21a69cdc66c req-8e8c67db-abfb-41a0-8c25-c41ab3f3bcad 482563c3e50a4871a7b7a0056c860689 4c1fb3cc9e064e3aa1311af14731be2b - - 869e230c9c6040bc8c7ba358f0366bc5 869e230c9c6040bc8c7ba358f0366bc5] 199.204.45.216 "GET /v2.0/ports?network_id=2ae4ac05-ac2f-4090-9963-f29408c08319&device_owner=network%3Adhcp HTTP/1.1" status: 200 len: 210 time: 0.0254490
2026-05-18 01:52:40.676 10 INFO neutron.wsgi [req-e9e2e78a-83c8-4b40-a4c1-b35fb5f150fd req-42da4e5a-cc07-46c2-b70a-49d6212c4ee5 482563c3e50a4871a7b7a0056c860689 4c1fb3cc9e064e3aa1311af14731be2b - - 869e230c9c6040bc8c7ba358f0366bc5 869e230c9c6040bc8c7ba358f0366bc5] 199.204.45.216 "GET /v2.0/networks?id=bd70ee0f-9c59-42ad-8bbe-7da24fb1908b HTTP/1.1" status: 200 len: 968 time: 0.1045594
2026-05-18 01:52:40.738 9 INFO neutron.wsgi [req-74d23c8f-2b1b-4a84-ba41-c21a69cdc66c req-aaf1332d-0208-46d8-bf15-d23c5b4a5b87 482563c3e50a4871a7b7a0056c860689 4c1fb3cc9e064e3aa1311af14731be2b - - 869e230c9c6040bc8c7ba358f0366bc5 869e230c9c6040bc8c7ba358f0366bc5] 199.204.45.216 "GET /v2.0/networks/2ae4ac05-ac2f-4090-9963-f29408c08319?fields=segments HTTP/1.1" status: 200 len: 212 time: 0.0668626
2026-05-18 01:52:40.739 10 INFO neutron.wsgi [req-c5a95af3-2055-468d-8be9-6ea8d2e47b52 req-f5c3b9a7-9b98-4aff-985f-5beb5ca23427 0afcca0668564968a51524fe38edf571 3fd35c8d07004373b0852ce901e5bd21 - - default default] 199.204.45.216 "GET /v2.0/ports?device_id=b8082bc7-5fd0-48d1-8ad7-52c326a60529 HTTP/1.1" status: 200 len: 1172 time: 0.0464091
2026-05-18 01:52:40.742 10 INFO neutron.wsgi [req-e9e2e78a-83c8-4b40-a4c1-b35fb5f150fd req-77e63b26-f2e7-42e0-8b1d-ce1b4b5b453b 482563c3e50a4871a7b7a0056c860689 4c1fb3cc9e064e3aa1311af14731be2b - - 869e230c9c6040bc8c7ba358f0366bc5 869e230c9c6040bc8c7ba358f0366bc5] 199.204.45.216 "GET /v2.0/floatingips?fixed_ip_address=10.100.0.14&port_id=b13f7776-14f4-4825-8d8d-6711989c83cf HTTP/1.1" status: 200 len: 1058 time: 0.0570285
2026-05-18 01:52:40.807 9 INFO neutron.db.ovn_revision_numbers_db [None req-112924e3-7ee5-4fb4-9c83-2b3b44b912a4 - - - - - -] Successfully bumped revision number for resource b13f7776-14f4-4825-8d8d-6711989c83cf (type: ports) to 5
2026-05-18 01:52:40.811 10 INFO neutron.wsgi [req-e9e2e78a-83c8-4b40-a4c1-b35fb5f150fd req-71473e4e-01f3-4f96-b869-efbfa1d7e243 482563c3e50a4871a7b7a0056c860689 4c1fb3cc9e064e3aa1311af14731be2b - - 869e230c9c6040bc8c7ba358f0366bc5 869e230c9c6040bc8c7ba358f0366bc5] 199.204.45.216 "GET /v2.0/subnets?id=b523fe6f-af9d-4e64-b48e-0fcf8219d832 HTTP/1.1" status: 200 len: 863 time: 0.0572352
2026-05-18 01:52:40.813 9 INFO neutron.wsgi [req-74d23c8f-2b1b-4a84-ba41-c21a69cdc66c req-dfe03b31-0cd1-4cf7-bff3-e620517ffe93 482563c3e50a4871a7b7a0056c860689 4c1fb3cc9e064e3aa1311af14731be2b - - 869e230c9c6040bc8c7ba358f0366bc5 869e230c9c6040bc8c7ba358f0366bc5] 199.204.45.216 "GET /v2.0/networks/2ae4ac05-ac2f-4090-9963-f29408c08319?fields=provider%3Aphysical_network&fields=provider%3Anetwork_type HTTP/1.1" status: 200 len: 277 time: 0.0587757
2026-05-18 01:52:40.870 10 INFO neutron.wsgi [req-e9e2e78a-83c8-4b40-a4c1-b35fb5f150fd req-ea5b73e8-4cfa-4f4c-b036-df0d56ec1cb2 482563c3e50a4871a7b7a0056c860689 4c1fb3cc9e064e3aa1311af14731be2b - - 869e230c9c6040bc8c7ba358f0366bc5 869e230c9c6040bc8c7ba358f0366bc5] 199.204.45.216 "GET /v2.0/ports?network_id=bd70ee0f-9c59-42ad-8bbe-7da24fb1908b&device_owner=network%3Adhcp HTTP/1.1" status: 200 len: 210 time: 0.0436831
2026-05-18 01:52:40.979 10 INFO neutron.wsgi [req-e9e2e78a-83c8-4b40-a4c1-b35fb5f150fd req-8d18824e-47d3-4f68-9406-932fef337345 482563c3e50a4871a7b7a0056c860689 4c1fb3cc9e064e3aa1311af14731be2b - - 869e230c9c6040bc8c7ba358f0366bc5 869e230c9c6040bc8c7ba358f0366bc5] 199.204.45.216 "GET /v2.0/networks/bd70ee0f-9c59-42ad-8bbe-7da24fb1908b?fields=segments HTTP/1.1" status: 200 len: 212 time: 0.0986047
2026-05-18 01:52:40.996 10 INFO neutron.db.ovn_revision_numbers_db [None req-2f77d988-6819-41f4-8bf7-84086abee59c 2c60b6ccd6fc4973bafcb3b18c51dfbc 541db572d2324afa95616f75acdd5c23 - - default default] Successfully bumped revision number for resource edc0b9c7-f1a2-441a-8c06-785ac4fc1177 (type: security_groups) to 1
2026-05-18 01:52:41.068 10 INFO neutron.wsgi [None req-2f77d988-6819-41f4-8bf7-84086abee59c 2c60b6ccd6fc4973bafcb3b18c51dfbc 541db572d2324afa95616f75acdd5c23 - - default default] 10.0.0.96 "GET /v2.0/security-groups?tenant_id=adb4a0426d2e40d7a3f3e32525cb159d&name=default HTTP/1.1" status: 200 len: 2996 time: 0.4714489 /var/lib/openstack/lib/python3.10/site-packages/pycadf/identifier.py:71: UserWarning: Invalid uuid: neutron. To ensure interoperability, identifiers should be a valid uuid. warnings.warn(('Invalid uuid: %s. To ensure interoperability, '
2026-05-18 01:52:41.119 10 INFO neutron.wsgi [req-e9e2e78a-83c8-4b40-a4c1-b35fb5f150fd req-4fb46498-5dad-4b72-a7d7-69c307eacff7 482563c3e50a4871a7b7a0056c860689 4c1fb3cc9e064e3aa1311af14731be2b - - 869e230c9c6040bc8c7ba358f0366bc5 869e230c9c6040bc8c7ba358f0366bc5] 199.204.45.216 "GET /v2.0/networks/bd70ee0f-9c59-42ad-8bbe-7da24fb1908b?fields=provider%3Aphysical_network&fields=provider%3Anetwork_type HTTP/1.1" status: 200 len: 277 time: 0.1312590
2026-05-18 01:52:41.200 10 INFO neutron.wsgi [req-e9e2e78a-83c8-4b40-a4c1-b35fb5f150fd req-18e9e422-887f-49dc-8d28-b7c9eb58de67 482563c3e50a4871a7b7a0056c860689 4c1fb3cc9e064e3aa1311af14731be2b - - 869e230c9c6040bc8c7ba358f0366bc5 869e230c9c6040bc8c7ba358f0366bc5] 199.204.45.216 "GET /v2.0/ports?tenant_id=561afd0d7a904a3fb0866d99889ed133&device_id=045eb9d1-70d8-4b61-9947-9bcafb83fe46 HTTP/1.1" status: 200 len: 1365 time: 0.0433459
2026-05-18 01:52:41.262 10 INFO neutron.db.l3_db [None req-041a9bcb-bf9c-4419-b1d6-ce56ea6e3d9d 0afcca0668564968a51524fe38edf571 3fd35c8d07004373b0852ce901e5bd21 - - - -] Floating IP f517bba2-557b-4fe3-bf5a-b3cd5c77ddbf disassociated. External IP: 10.96.250.212, port: b13f7776-14f4-4825-8d8d-6711989c83cf.
2026-05-18 01:52:41.278 9 INFO neutron.wsgi [None req-52b022a1-18f2-400c-b164-2e0b70ca73a5 2c60b6ccd6fc4973bafcb3b18c51dfbc 541db572d2324afa95616f75acdd5c23 - - - -] 10.0.0.96 "DELETE /v2.0/security-groups/edc0b9c7-f1a2-441a-8c06-785ac4fc1177 HTTP/1.1" status: 204 len: 168 time: 0.2035050
2026-05-18 01:52:41.342 10 INFO neutron.wsgi [req-e9e2e78a-83c8-4b40-a4c1-b35fb5f150fd req-fd0695b8-302c-4644-9033-0a1a6e90d6ec 482563c3e50a4871a7b7a0056c860689 4c1fb3cc9e064e3aa1311af14731be2b - - 869e230c9c6040bc8c7ba358f0366bc5 869e230c9c6040bc8c7ba358f0366bc5] 199.204.45.216 "GET /v2.0/networks?id=2ae4ac05-ac2f-4090-9963-f29408c08319 HTTP/1.1" status: 200 len: 982 time: 0.1359344 /var/lib/openstack/lib/python3.10/site-packages/pycadf/identifier.py:71: UserWarning: Invalid uuid: neutron. To ensure interoperability, identifiers should be a valid uuid. warnings.warn(('Invalid uuid: %s. To ensure interoperability, '
2026-05-18 01:52:41.403 10 INFO neutron.wsgi [req-e9e2e78a-83c8-4b40-a4c1-b35fb5f150fd req-ec2316eb-4f28-4652-b9fe-67b1e2e68918 482563c3e50a4871a7b7a0056c860689 4c1fb3cc9e064e3aa1311af14731be2b - - 869e230c9c6040bc8c7ba358f0366bc5 869e230c9c6040bc8c7ba358f0366bc5] 199.204.45.216 "GET /v2.0/floatingips?fixed_ip_address=10.100.0.12&port_id=fd2c4817-5d12-42f2-8f97-03e25177445a HTTP/1.1" status: 200 len: 1060 time: 0.0523117
2026-05-18 01:52:41.454 10 INFO neutron.wsgi [req-e9e2e78a-83c8-4b40-a4c1-b35fb5f150fd req-4e30d535-2dc5-4249-a417-c87d68c27d65 482563c3e50a4871a7b7a0056c860689 4c1fb3cc9e064e3aa1311af14731be2b - - 869e230c9c6040bc8c7ba358f0366bc5 869e230c9c6040bc8c7ba358f0366bc5] 199.204.45.216 "GET /v2.0/subnets?id=3e855fb0-9e95-4641-b049-1e20b03754df HTTP/1.1" status: 200 len: 877 time: 0.0438416
