2026-05-18 01:53:48.131 9 INFO neutron.db.ovn_revision_numbers_db [None req-e2568154-ba2f-4003-8290-c33775da0936 e0bd54fa7b4641078b426ae254008f2d 2a8f48e1c91f45afb5e853cac0c542bd - - default default] Successfully bumped revision number for resource 0406ae2d-e599-46dc-ba48-543afd2b6b2f (type: ports) to 2
2026-05-18 01:53:48.233 9 WARNING neutron.scheduler.dhcp_agent_scheduler [None req-e2568154-ba2f-4003-8290-c33775da0936 e0bd54fa7b4641078b426ae254008f2d 2a8f48e1c91f45afb5e853cac0c542bd - - default default] No more DHCP agents
2026-05-18 01:53:48.234 9 WARNING neutron.api.rpc.agentnotifiers.dhcp_rpc_agent_api [None req-e2568154-ba2f-4003-8290-c33775da0936 e0bd54fa7b4641078b426ae254008f2d 2a8f48e1c91f45afb5e853cac0c542bd - - default default] Unable to schedule network 0610f444-8ef4-4e6e-bb55-8253b8c1b3e8: no agents available; will retry on subsequent port and subnet creation events.
2026-05-18 01:53:48.254 10 INFO neutron.services.segments.plugin [-] Segment 824991f8-8515-4502-ae60-846cb797ee08 resource provider aggregate not found
2026-05-18 01:53:48.259 10 INFO neutron.services.segments.plugin [-] Segment 824991f8-8515-4502-ae60-846cb797ee08 resource provider aggregate not found
2026-05-18 01:53:48.269 10 INFO neutron.wsgi [None req-6d73a5b0-95c8-4b9b-9d36-e11660f32568 44522fad636f43ab99d29d40ea3795cb ac1326d5a9bb4d9a8cfb01a704844ef7 - - default default] 10.0.0.96 "GET /v2.0/ports/e51f6f05-90be-4b19-adeb-08a3c550d776 HTTP/1.1" status: 200 len: 1137 time: 0.1586602
2026-05-18 01:53:48.286 10 INFO neutron.services.segments.plugin [-] Segment 824991f8-8515-4502-ae60-846cb797ee08 resource provider not found; error: Placement Client Error (4xx): {"errors": [{"status": 404, "title": "Not Found", "detail": "The resource could not be found.\n\n No resource provider with uuid 824991f8-8515-4502-ae60-846cb797ee08 found for delete ", "request_id": "req-bca5efd3-daa3-49f7-8d5f-d889f285723c"}]}
2026-05-18 01:53:48.287 10 INFO neutron.services.segments.plugin [-] Segment 824991f8-8515-4502-ae60-846cb797ee08 resource provider not found; error: Placement Client Error (4xx): {"errors": [{"status": 404, "title": "Not Found", "detail": "The resource could not be found.\n\n No resource provider with uuid 824991f8-8515-4502-ae60-846cb797ee08 found for delete ", "request_id": "req-02eba797-87e1-4923-9be3-54ef0d139963"}]}
2026-05-18 01:53:48.326 10 INFO neutron.wsgi [None req-6f7d6975-1f3e-462c-9889-e1992ce1f8d5 44522fad636f43ab99d29d40ea3795cb ac1326d5a9bb4d9a8cfb01a704844ef7 - - default default] 10.0.0.96 "GET /v2.0/ports/e51f6f05-90be-4b19-adeb-08a3c550d776 HTTP/1.1" status: 200 len: 1137 time: 0.0392959
2026-05-18 01:53:48.332 10 INFO neutron.wsgi [None req-d7543087-8cae-4492-96f6-a75c2f26bbdb ac117dc9f87f4387b37f5cbe567e28f8 8e002ee2bc20498b96a28dae861568b6 - - - -] 10.0.0.96 "DELETE /v2.0/networks/bc777b49-de02-4991-8ca2-75fd3268ea15 HTTP/1.1" status: 204 len: 168 time: 0.5582545
2026-05-18 01:53:48.487 9 INFO neutron.db.segments_db [None req-d73f46fe-f7bf-4f0d-bc96-e9b02a8a8fab ac117dc9f87f4387b37f5cbe567e28f8 8e002ee2bc20498b96a28dae861568b6 - - - -] Added segment 27c81c4d-ed59-4370-ad44-7e408e2eea5a of type geneve for network 41478f3a-1a24-42a9-a8bb-3c10a91051a9
2026-05-18 01:53:48.547 9 INFO neutron.db.ovn_revision_numbers_db [None req-e2568154-ba2f-4003-8290-c33775da0936 e0bd54fa7b4641078b426ae254008f2d 2a8f48e1c91f45afb5e853cac0c542bd - - - -] Successfully bumped revision number for resource 0406ae2d-e599-46dc-ba48-543afd2b6b2f (type: router_ports) to 2
2026-05-18 01:53:48.549 9 INFO neutron.wsgi [None req-e2568154-ba2f-4003-8290-c33775da0936 e0bd54fa7b4641078b426ae254008f2d 2a8f48e1c91f45afb5e853cac0c542bd - - - -] 10.0.0.96 "PUT /v2.0/routers/0411b5be-0f24-45c8-ac3c-991b9288230a/add_router_interface HTTP/1.1" status: 200 len: 503 time: 2.4678266
2026-05-18 01:53:48.649 10 INFO neutron.wsgi [None req-0114524c-c993-4dd8-a55a-54a0d2aa4b1e e0bd54fa7b4641078b426ae254008f2d 2a8f48e1c91f45afb5e853cac0c542bd - - default default] 10.0.0.96 "GET /v2.0/ports/0406ae2d-e599-46dc-ba48-543afd2b6b2f HTTP/1.1" status: 200 len: 1147 time: 0.0884585
2026-05-18 01:53:48.657 9 INFO neutron.db.ovn_revision_numbers_db [None req-d73f46fe-f7bf-4f0d-bc96-e9b02a8a8fab ac117dc9f87f4387b37f5cbe567e28f8 8e002ee2bc20498b96a28dae861568b6 - - - -] Successfully bumped revision number for resource 41478f3a-1a24-42a9-a8bb-3c10a91051a9 (type: networks) to 1
2026-05-18 01:53:48.691 10 INFO neutron.wsgi [None req-3281c050-3d7c-4c39-bef0-58ac30b1bc13 e0bd54fa7b4641078b426ae254008f2d 2a8f48e1c91f45afb5e853cac0c542bd - - default default] 10.0.0.96 "GET /v2.0/ports/0406ae2d-e599-46dc-ba48-543afd2b6b2f HTTP/1.1" status: 200 len: 1147 time: 0.0360413
2026-05-18 01:53:48.877 9 WARNING neutron.scheduler.dhcp_agent_scheduler [None req-d73f46fe-f7bf-4f0d-bc96-e9b02a8a8fab ac117dc9f87f4387b37f5cbe567e28f8 8e002ee2bc20498b96a28dae861568b6 - - - -] No more DHCP agents
2026-05-18 01:53:48.888 9 WARNING neutron.api.rpc.agentnotifiers.dhcp_rpc_agent_api [None req-d73f46fe-f7bf-4f0d-bc96-e9b02a8a8fab ac117dc9f87f4387b37f5cbe567e28f8 8e002ee2bc20498b96a28dae861568b6 - - - -] Unable to schedule network 41478f3a-1a24-42a9-a8bb-3c10a91051a9: no agents available; will retry on subsequent port and subnet creation events.
2026-05-18 01:53:48.981 9 INFO neutron.db.ovn_revision_numbers_db [None req-d73f46fe-f7bf-4f0d-bc96-e9b02a8a8fab ac117dc9f87f4387b37f5cbe567e28f8 8e002ee2bc20498b96a28dae861568b6 - - - -] Successfully bumped revision number for resource 4b1a4290-cd7b-46d3-8337-a3e4ac9239f0 (type: ports) to 1
2026-05-18 01:53:49.012 9 INFO neutron.wsgi [None req-d73f46fe-f7bf-4f0d-bc96-e9b02a8a8fab ac117dc9f87f4387b37f5cbe567e28f8 8e002ee2bc20498b96a28dae861568b6 - - - -] 10.0.0.96 "POST /v2.0/networks HTTP/1.1" status: 201 len: 831 time: 0.6722014
2026-05-18 01:53:49.247 9 INFO neutron.wsgi [None req-e95052db-cde5-46cd-b11e-18b88706e4b3 44522fad636f43ab99d29d40ea3795cb ac1326d5a9bb4d9a8cfb01a704844ef7 - - - -] 10.0.0.96 "PUT /v2.0/routers/88b809c1-be41-43b4-967a-b3476e1d65ef/remove_router_interface HTTP/1.1" status: 200 len: 503 time: 0.9158986
2026-05-18 01:53:49.279 10 INFO neutron.wsgi [None req-81e3c409-007d-40c8-a63a-3ba1d9af0401 44522fad636f43ab99d29d40ea3795cb ac1326d5a9bb4d9a8cfb01a704844ef7 - - default default] 10.0.0.96 "GET /v2.0/ports?device_id=88b809c1-be41-43b4-967a-b3476e1d65ef HTTP/1.1" status: 200 len: 205 time: 0.0255001
2026-05-18 01:53:49.357 9 WARNING neutron.scheduler.dhcp_agent_scheduler [None req-80fcfdfb-9496-48e2-b49e-6592ad40cfac ac117dc9f87f4387b37f5cbe567e28f8 8e002ee2bc20498b96a28dae861568b6 - - - -] No more DHCP agents
2026-05-18 01:53:49.359 9 WARNING neutron.api.rpc.agentnotifiers.dhcp_rpc_agent_api [None req-80fcfdfb-9496-48e2-b49e-6592ad40cfac ac117dc9f87f4387b37f5cbe567e28f8 8e002ee2bc20498b96a28dae861568b6 - - - -] Unable to schedule network 41478f3a-1a24-42a9-a8bb-3c10a91051a9: no agents available; will retry on subsequent port and subnet creation events.
2026-05-18 01:53:49.694 10 INFO neutron.wsgi [None req-6307a802-502d-4c08-bf61-59164a0eeee6 44522fad636f43ab99d29d40ea3795cb ac1326d5a9bb4d9a8cfb01a704844ef7 - - - -] 10.0.0.96 "DELETE /v2.0/routers/88b809c1-be41-43b4-967a-b3476e1d65ef HTTP/1.1" status: 204 len: 168 time: 0.4110789
2026-05-18 01:53:49.753 10 INFO neutron.wsgi [None req-5c4768cf-968d-4e57-ba6d-3e86e8277799 e0bd54fa7b4641078b426ae254008f2d 2a8f48e1c91f45afb5e853cac0c542bd - - default default] 10.0.0.96 "GET /v2.0/ports/0406ae2d-e599-46dc-ba48-543afd2b6b2f HTTP/1.1" status: 200 len: 1147 time: 0.0543530
2026-05-18 01:53:49.875 10 INFO neutron.wsgi [-] 10.0.0.138 "GET / HTTP/1.1" status: 200 len: 247 time: 0.0013974
2026-05-18 01:53:49.879 10 INFO neutron.wsgi [-] 10.0.0.138 "GET / HTTP/1.1" status: 200 len: 247 time: 0.0034006
2026-05-18 01:53:50.036 9 INFO neutron.db.ovn_revision_numbers_db [None req-80fcfdfb-9496-48e2-b49e-6592ad40cfac ac117dc9f87f4387b37f5cbe567e28f8 8e002ee2bc20498b96a28dae861568b6 - - - -] Successfully bumped revision number for resource 4b1a4290-cd7b-46d3-8337-a3e4ac9239f0 (type: ports) to 2
2026-05-18 01:53:50.157 10 INFO neutron.wsgi [None req-2ba5eae3-87ce-4fd0-827e-e3c9c283ea0c 44522fad636f43ab99d29d40ea3795cb ac1326d5a9bb4d9a8cfb01a704844ef7 - - - -] 10.0.0.96 "DELETE /v2.0/subnets/6cd521a1-12f5-4208-9fb8-0bd820727206 HTTP/1.1" status: 204 len: 168 time: 0.4587486 /var/lib/openstack/lib/python3.10/site-packages/pycadf/identifier.py:71: UserWarning: Invalid uuid: neutron. To ensure interoperability, identifiers should be a valid uuid. warnings.warn(('Invalid uuid: %s. To ensure interoperability, '
2026-05-18 01:53:50.195 9 INFO neutron.db.ovn_revision_numbers_db [None req-80fcfdfb-9496-48e2-b49e-6592ad40cfac ac117dc9f87f4387b37f5cbe567e28f8 8e002ee2bc20498b96a28dae861568b6 - - - -] Successfully bumped revision number for resource 6e405513-0e89-49bc-b36d-5dd3a93c1fe5 (type: subnets) to 0
2026-05-18 01:53:50.348 9 INFO neutron.wsgi [None req-80fcfdfb-9496-48e2-b49e-6592ad40cfac ac117dc9f87f4387b37f5cbe567e28f8 8e002ee2bc20498b96a28dae861568b6 - - - -] 10.0.0.96 "POST /v2.0/subnets HTTP/1.1" status: 201 len: 801 time: 1.3310075
2026-05-18 01:53:50.917 9 INFO neutron.wsgi [None req-18abea9e-3ecb-4b0f-b7fe-729fb462d583 e0bd54fa7b4641078b426ae254008f2d 2a8f48e1c91f45afb5e853cac0c542bd - - default default] 10.0.0.96 "GET /v2.0/ports/0406ae2d-e599-46dc-ba48-543afd2b6b2f HTTP/1.1" status: 200 len: 1147 time: 0.1586833
2026-05-18 01:53:50.993 9 INFO neutron.services.segments.plugin [-] Segment 9a100ec0-bf7f-4566-ae70-87c236c0fab5 resource provider aggregate not found
2026-05-18 01:53:50.998 9 INFO neutron.services.segments.plugin [-] Segment 9a100ec0-bf7f-4566-ae70-87c236c0fab5 resource provider aggregate not found
2026-05-18 01:53:51.014 9 WARNING neutron.scheduler.dhcp_agent_scheduler [None req-b4df70d3-ef7a-4ebb-8858-6f25ea9ab462 ac117dc9f87f4387b37f5cbe567e28f8 8e002ee2bc20498b96a28dae861568b6 - - - -] No more DHCP agents
2026-05-18 01:53:51.015 9 INFO neutron.services.segments.plugin [-] Segment 9a100ec0-bf7f-4566-ae70-87c236c0fab5 resource provider not found; error: Placement Client Error (4xx): {"errors": [{"status": 404, "title": "Not Found", "detail": "The resource could not be found.\n\n No resource provider with uuid 9a100ec0-bf7f-4566-ae70-87c236c0fab5 found for delete ", "request_id": "req-96d4b05e-1409-42bf-ae72-8bfb36d93b45"}]}
2026-05-18 01:53:51.016 9 INFO neutron.services.segments.plugin [-] Segment 9a100ec0-bf7f-4566-ae70-87c236c0fab5 resource provider not found; error: Placement Client Error (4xx): {"errors": [{"status": 404, "title": "Not Found", "detail": "The resource could not be found.\n\n No resource provider with uuid 9a100ec0-bf7f-4566-ae70-87c236c0fab5 found for delete ", "request_id": "req-9e3505e9-4137-4e21-b535-cbcd2ac71d66"}]}
2026-05-18 01:53:51.017 9 WARNING neutron.api.rpc.agentnotifiers.dhcp_rpc_agent_api [None req-b4df70d3-ef7a-4ebb-8858-6f25ea9ab462 ac117dc9f87f4387b37f5cbe567e28f8 8e002ee2bc20498b96a28dae861568b6 - - - -] Unable to schedule network 41478f3a-1a24-42a9-a8bb-3c10a91051a9: no agents available; will retry on subsequent port and subnet creation events.
2026-05-18 01:53:51.109 10 WARNING neutron.plugins.ml2.drivers.ovn.mech_driver.ovsdb.ovn_client [None req-b5e345bd-f316-4f6d-9b0e-09c747b0f037 - - - - - -] No hosting information found for port da27feec-64c7-4e5b-ac95-eba4431b2a80: RuntimeError: No hosting information found for port da27feec-64c7-4e5b-ac95-eba4431b2a80
2026-05-18 01:53:51.156 9 INFO neutron.wsgi [None req-22df045e-a6bd-4e4d-84cc-d228759bdf70 44522fad636f43ab99d29d40ea3795cb ac1326d5a9bb4d9a8cfb01a704844ef7 - - - -] 10.0.0.96 "DELETE /v2.0/networks/93eaa45b-ce03-4d21-8f5a-1ade60631121 HTTP/1.1" status: 204 len: 168 time: 0.9941204
2026-05-18 01:53:51.206 9 INFO neutron.db.ovn_revision_numbers_db [None req-b4df70d3-ef7a-4ebb-8858-6f25ea9ab462 ac117dc9f87f4387b37f5cbe567e28f8 8e002ee2bc20498b96a28dae861568b6 - - - -] Successfully bumped revision number for resource 5c98afa2-afe7-46c5-9837-e026e2fae45e (type: ports) to 1
2026-05-18 01:53:51.270 9 INFO neutron.wsgi [None req-b4df70d3-ef7a-4ebb-8858-6f25ea9ab462 ac117dc9f87f4387b37f5cbe567e28f8 8e002ee2bc20498b96a28dae861568b6 - - - -] 10.0.0.96 "POST /v2.0/ports HTTP/1.1" status: 201 len: 1115 time: 0.9178078
2026-05-18 01:53:51.780 10 WARNING neutron.scheduler.dhcp_agent_scheduler [None req-40085c43-0875-4238-8b8d-1ca7555ad4a0 44522fad636f43ab99d29d40ea3795cb ac1326d5a9bb4d9a8cfb01a704844ef7 - - - -] No more DHCP agents
2026-05-18 01:53:51.781 10 WARNING neutron.api.rpc.agentnotifiers.dhcp_rpc_agent_api [None req-40085c43-0875-4238-8b8d-1ca7555ad4a0 44522fad636f43ab99d29d40ea3795cb ac1326d5a9bb4d9a8cfb01a704844ef7 - - - -] Unable to schedule network 1789723b-4cd4-4985-abb8-7edd76d122e7: no agents available; will retry on subsequent port and subnet creation events.
2026-05-18 01:53:51.957 9 INFO neutron.wsgi [None req-1c41b10d-a312-4618-83b2-301a1b6ae78c e0bd54fa7b4641078b426ae254008f2d 2a8f48e1c91f45afb5e853cac0c542bd - - default default] 10.0.0.96 "GET /v2.0/ports/0406ae2d-e599-46dc-ba48-543afd2b6b2f HTTP/1.1" status: 200 len: 1147 time: 0.0334866
2026-05-18 01:53:51.969 10 INFO neutron.db.ovn_revision_numbers_db [None req-40085c43-0875-4238-8b8d-1ca7555ad4a0 44522fad636f43ab99d29d40ea3795cb ac1326d5a9bb4d9a8cfb01a704844ef7 - - - -] Successfully bumped revision number for resource 7d64299a-e088-400f-94c6-f00349617ad5 (type: ports) to 1
2026-05-18 01:53:51.979 9 INFO neutron.wsgi [None req-3af52e09-350d-4060-9f54-7e06537db699 ac117dc9f87f4387b37f5cbe567e28f8 8e002ee2bc20498b96a28dae861568b6 - - - -] 10.0.0.96 "DELETE /v2.0/ports/5c98afa2-afe7-46c5-9837-e026e2fae45e HTTP/1.1" status: 204 len: 168 time: 0.7051022
2026-05-18 01:53:52.012 9 INFO neutron.pecan_wsgi.hooks.translation [None req-78dc87f2-a7f9-43fd-9bb1-efe6166afcdf ac117dc9f87f4387b37f5cbe567e28f8 8e002ee2bc20498b96a28dae861568b6 - - default default] GET failed (client error): The resource could not be found.
2026-05-18 01:53:52.013 9 INFO neutron.wsgi [None req-78dc87f2-a7f9-43fd-9bb1-efe6166afcdf ac117dc9f87f4387b37f5cbe567e28f8 8e002ee2bc20498b96a28dae861568b6 - - default default] 10.0.0.96 "GET /v2.0/ports/5c98afa2-afe7-46c5-9837-e026e2fae45e HTTP/1.1" status: 404 len: 333 time: 0.0285821
2026-05-18 01:53:52.270 9 INFO neutron.wsgi [None req-7867af76-842d-4498-9c3c-ace7b129410a ac117dc9f87f4387b37f5cbe567e28f8 8e002ee2bc20498b96a28dae861568b6 - - - -] 10.0.0.96 "DELETE /v2.0/subnets/6e405513-0e89-49bc-b36d-5dd3a93c1fe5 HTTP/1.1" status: 204 len: 168 time: 0.2516899
2026-05-18 01:53:52.989 10 INFO neutron.db.ovn_revision_numbers_db [None req-40085c43-0875-4238-8b8d-1ca7555ad4a0 44522fad636f43ab99d29d40ea3795cb ac1326d5a9bb4d9a8cfb01a704844ef7 - - - -] Successfully bumped revision number for resource 7d64299a-e088-400f-94c6-f00349617ad5 (type: router_ports) to 1
2026-05-18 01:53:53.025 10 INFO neutron.wsgi [None req-64575666-bd78-4546-beb3-3104505c3b2d e0bd54fa7b4641078b426ae254008f2d 2a8f48e1c91f45afb5e853cac0c542bd - - default default] 10.0.0.96 "GET /v2.0/ports/0406ae2d-e599-46dc-ba48-543afd2b6b2f HTTP/1.1" status: 200 len: 1147 time: 0.0565016
2026-05-18 01:53:53.063 10 INFO neutron.services.segments.plugin [-] Segment 27c81c4d-ed59-4370-ad44-7e408e2eea5a resource provider aggregate not found
2026-05-18 01:53:53.068 10 INFO neutron.services.segments.plugin [-] Segment 27c81c4d-ed59-4370-ad44-7e408e2eea5a resource provider aggregate not found
2026-05-18 01:53:53.088 10 INFO neutron.services.segments.plugin [-] Segment 27c81c4d-ed59-4370-ad44-7e408e2eea5a resource provider not found; error: Placement Client Error (4xx): {"errors": [{"status": 404, "title": "Not Found", "detail": "The resource could not be found.\n\n No resource provider with uuid 27c81c4d-ed59-4370-ad44-7e408e2eea5a found for delete ", "request_id": "req-0f7c2198-6bed-4f32-8dcb-94f633eeb1a7"}]}
2026-05-18 01:53:53.090 10 INFO neutron.services.segments.plugin [-] Segment 27c81c4d-ed59-4370-ad44-7e408e2eea5a resource provider not found; error: Placement Client Error (4xx): {"errors": [{"status": 404, "title": "Not Found", "detail": "The resource could not be found.\n\n No resource provider with uuid 27c81c4d-ed59-4370-ad44-7e408e2eea5a found for delete ", "request_id": "req-8aec3781-e3b9-4286-94a5-1193037b7ae4"}]}
2026-05-18 01:53:53.110 10 INFO neutron.db.ovn_revision_numbers_db [None req-40085c43-0875-4238-8b8d-1ca7555ad4a0 44522fad636f43ab99d29d40ea3795cb ac1326d5a9bb4d9a8cfb01a704844ef7 - - - -] Successfully bumped revision number for resource 0406ed25-4c5a-4fe2-8649-b5ddc1b31c78 (type: routers) to 3
2026-05-18 01:53:53.126 10 INFO neutron.wsgi [None req-f5bac633-f62a-49ca-b9b5-fef3b6263f40 ac117dc9f87f4387b37f5cbe567e28f8 8e002ee2bc20498b96a28dae861568b6 - - - -] 10.0.0.96 "DELETE /v2.0/networks/41478f3a-1a24-42a9-a8bb-3c10a91051a9 HTTP/1.1" status: 204 len: 168 time: 0.8506432
2026-05-18 01:53:53.139 10 INFO neutron.wsgi [None req-40085c43-0875-4238-8b8d-1ca7555ad4a0 44522fad636f43ab99d29d40ea3795cb ac1326d5a9bb4d9a8cfb01a704844ef7 - - - -] 10.0.0.96 "POST /v2.0/routers HTTP/1.1" status: 201 len: 867 time: 1.9754899
2026-05-18 01:53:53.206 10 INFO neutron.wsgi [None req-6f025123-99e1-4866-98d3-37331c328e2d 44522fad636f43ab99d29d40ea3795cb ac1326d5a9bb4d9a8cfb01a704844ef7 - - default default] 10.0.0.96 "GET /v2.0/routers/0406ed25-4c5a-4fe2-8649-b5ddc1b31c78 HTTP/1.1" status: 200 len: 868 time: 0.0632229
2026-05-18 01:53:53.347 10 INFO neutron.wsgi [None req-a2a9a6bb-f47e-4153-ab96-93f2f0724187 44522fad636f43ab99d29d40ea3795cb ac1326d5a9bb4d9a8cfb01a704844ef7 - - default default] 10.0.0.96 "GET /v2.0/routers HTTP/1.1" status: 200 len: 871 time: 0.1347892
2026-05-18 01:53:53.369 9 WARNING neutron.scheduler.dhcp_agent_scheduler [None req-2f0d7108-ad71-4178-804d-2a73c83fae5a ac117dc9f87f4387b37f5cbe567e28f8 8e002ee2bc20498b96a28dae861568b6 - - - -] No more DHCP agents
2026-05-18 01:53:53.371 9 WARNING neutron.api.rpc.agentnotifiers.dhcp_rpc_agent_api [None req-2f0d7108-ad71-4178-804d-2a73c83fae5a ac117dc9f87f4387b37f5cbe567e28f8 8e002ee2bc20498b96a28dae861568b6 - - - -] Unable to schedule network abfd0290-b5d1-4857-8b42-865d6af0a497: no agents available; will retry on subsequent port and subnet creation events.
2026-05-18 01:53:53.436 9 INFO neutron.db.ovn_revision_numbers_db [None req-2f0d7108-ad71-4178-804d-2a73c83fae5a ac117dc9f87f4387b37f5cbe567e28f8 8e002ee2bc20498b96a28dae861568b6 - - - -] Successfully bumped revision number for resource 083fdae5-833a-4867-899b-9cab0304024c (type: ports) to 1
2026-05-18 01:53:53.458 9 INFO neutron.wsgi [None req-2f0d7108-ad71-4178-804d-2a73c83fae5a ac117dc9f87f4387b37f5cbe567e28f8 8e002ee2bc20498b96a28dae861568b6 - - - -] 10.0.0.96 "POST /v2.0/ports HTTP/1.1" status: 201 len: 973 time: 0.3239343 /var/lib/openstack/lib/python3.10/site-packages/pycadf/identifier.py:71: UserWarning: Invalid uuid: neutron. To ensure interoperability, identifiers should be a valid uuid. warnings.warn(('Invalid uuid: %s. To ensure interoperability, '
2026-05-18 01:53:53.668 9 WARNING neutron.plugins.ml2.drivers.ovn.mech_driver.ovsdb.ovn_client [None req-112924e3-7ee5-4fb4-9c83-2b3b44b912a4 - - - - - -] No port found with ID e51f6f05-90be-4b19-adeb-08a3c550d776: RuntimeError: No port found with ID e51f6f05-90be-4b19-adeb-08a3c550d776
2026-05-18 01:53:53.668 9 INFO neutron.plugins.ml2.drivers.ovn.mech_driver.mech_driver [None req-112924e3-7ee5-4fb4-9c83-2b3b44b912a4 - - - - - -] OVN reports status up for port: 0406ae2d-e599-46dc-ba48-543afd2b6b2f
2026-05-18 01:53:53.683 9 INFO neutron.plugins.ml2.plugin [None req-112924e3-7ee5-4fb4-9c83-2b3b44b912a4 - - - - - -] Attempt 1 to provision port 0406ae2d-e599-46dc-ba48-543afd2b6b2f
2026-05-18 01:53:53.738 9 INFO neutron.db.ovn_revision_numbers_db [None req-c003ecc3-4a12-44de-9371-9dcb1698d3a8 ac117dc9f87f4387b37f5cbe567e28f8 8e002ee2bc20498b96a28dae861568b6 - - - -] Successfully bumped revision number for resource 083fdae5-833a-4867-899b-9cab0304024c (type: ports) to 2
2026-05-18 01:53:53.749 9 INFO neutron.wsgi [None req-c003ecc3-4a12-44de-9371-9dcb1698d3a8 ac117dc9f87f4387b37f5cbe567e28f8 8e002ee2bc20498b96a28dae861568b6 - - - -] 10.0.0.96 "PUT /v2.0/ports/083fdae5-833a-4867-899b-9cab0304024c HTTP/1.1" status: 200 len: 946 time: 0.2840388
2026-05-18 01:53:53.766 10 INFO neutron.db.ovn_revision_numbers_db [None req-e9a29c33-a17a-4fec-a2c2-47f27bc8f135 44522fad636f43ab99d29d40ea3795cb ac1326d5a9bb4d9a8cfb01a704844ef7 - - - -] Successfully bumped revision number for resource 0406ed25-4c5a-4fe2-8649-b5ddc1b31c78 (type: routers) to 4 /var/lib/openstack/lib/python3.10/site-packages/pycadf/identifier.py:71: UserWarning: Invalid uuid: neutron. To ensure interoperability, identifiers should be a valid uuid. warnings.warn(('Invalid uuid: %s. To ensure interoperability, '
2026-05-18 01:53:53.772 10 INFO neutron.wsgi [None req-e9a29c33-a17a-4fec-a2c2-47f27bc8f135 44522fad636f43ab99d29d40ea3795cb ac1326d5a9bb4d9a8cfb01a704844ef7 - - - -] 10.0.0.96 "PUT /v2.0/routers/0406ed25-4c5a-4fe2-8649-b5ddc1b31c78 HTTP/1.1" status: 200 len: 875 time: 0.4182134
2026-05-18 01:53:53.836 10 INFO neutron.wsgi [None req-6f24ae4c-6808-41a5-a65a-fd2f8e8aa8f2 44522fad636f43ab99d29d40ea3795cb ac1326d5a9bb4d9a8cfb01a704844ef7 - - default default] 10.0.0.96 "GET /v2.0/routers/0406ed25-4c5a-4fe2-8649-b5ddc1b31c78 HTTP/1.1" status: 200 len: 875 time: 0.0573771
2026-05-18 01:53:53.862 10 INFO neutron.wsgi [None req-68dc421c-607b-4650-8be6-cdd3dee223bd 44522fad636f43ab99d29d40ea3795cb ac1326d5a9bb4d9a8cfb01a704844ef7 - - default default] 10.0.0.96 "GET /v2.0/ports?device_id=0406ed25-4c5a-4fe2-8649-b5ddc1b31c78 HTTP/1.1" status: 200 len: 205 time: 0.0201759
2026-05-18 01:53:53.988 9 INFO neutron.db.ovn_revision_numbers_db [None req-112924e3-7ee5-4fb4-9c83-2b3b44b912a4 - - - - - -] Successfully bumped revision number for resource 0406ae2d-e599-46dc-ba48-543afd2b6b2f (type: ports) to 3
2026-05-18 01:53:54.058 9 INFO neutron.wsgi [None req-25a5e317-8b4e-4f95-8090-930d1eefd65f ac117dc9f87f4387b37f5cbe567e28f8 8e002ee2bc20498b96a28dae861568b6 - - - -] 10.0.0.96 "DELETE /v2.0/ports/083fdae5-833a-4867-899b-9cab0304024c HTTP/1.1" status: 204 len: 168 time: 0.3020551
2026-05-18 01:53:54.071 9 INFO neutron.wsgi [None req-52e55a2c-b95e-48da-af87-b67c226d19ca e0bd54fa7b4641078b426ae254008f2d 2a8f48e1c91f45afb5e853cac0c542bd - - default default] 10.0.0.96 "GET /v2.0/ports/0406ae2d-e599-46dc-ba48-543afd2b6b2f HTTP/1.1" status: 200 len: 1149 time: 0.0376782
2026-05-18 01:53:54.113 9 INFO neutron.db.ovn_revision_numbers_db [None req-112924e3-7ee5-4fb4-9c83-2b3b44b912a4 - - - - - -] Successfully bumped revision number for resource 0406ae2d-e599-46dc-ba48-543afd2b6b2f (type: router_ports) to 3
2026-05-18 01:53:54.174 10 INFO neutron.wsgi [None req-d0a3894b-b2bb-4dbd-9cb7-4845e8d00113 ac117dc9f87f4387b37f5cbe567e28f8 8e002ee2bc20498b96a28dae861568b6 - - default default] 10.0.0.96 "GET /v2.0/ports HTTP/1.1" status: 200 len: 1728 time: 0.1130373
2026-05-18 01:53:54.211 10 INFO neutron.pecan_wsgi.hooks.translation [None req-cd2622d5-4b70-4194-8c5e-fdfdad2226cf ac117dc9f87f4387b37f5cbe567e28f8 8e002ee2bc20498b96a28dae861568b6 - - default default] GET failed (client error): The resource could not be found.
2026-05-18 01:53:54.213 10 INFO neutron.wsgi [None req-cd2622d5-4b70-4194-8c5e-fdfdad2226cf ac117dc9f87f4387b37f5cbe567e28f8 8e002ee2bc20498b96a28dae861568b6 - - default default] 10.0.0.96 "GET /v2.0/ports/083fdae5-833a-4867-899b-9cab0304024c HTTP/1.1" status: 404 len: 333 time: 0.0327227
2026-05-18 01:53:54.333 9 INFO neutron.wsgi [None req-0aca60bf-62f4-4d3e-8a6d-74ae58659bb6 ac117dc9f87f4387b37f5cbe567e28f8 8e002ee2bc20498b96a28dae861568b6 - - default default] 10.0.0.96 "GET /v2.0/ports HTTP/1.1" status: 200 len: 1728 time: 0.1123152
2026-05-18 01:53:54.370 9 INFO neutron.wsgi [None req-e78ce58b-cc3f-4287-8271-cbbeaa186c83 ac117dc9f87f4387b37f5cbe567e28f8 8e002ee2bc20498b96a28dae861568b6 - - default default] 10.0.0.96 "GET /v2.0/ports/4305806b-14df-44da-b57a-4e4218d0b718 HTTP/1.1" status: 200 len: 968 time: 0.0313983
2026-05-18 01:53:54.397 9 INFO neutron.pecan_wsgi.hooks.translation [None req-e89cbd78-27c1-4599-b74d-7689667c7df5 ac117dc9f87f4387b37f5cbe567e28f8 8e002ee2bc20498b96a28dae861568b6 - - - -] DELETE failed (client error): The resource could not be found.
2026-05-18 01:53:54.400 9 INFO neutron.wsgi [None req-e89cbd78-27c1-4599-b74d-7689667c7df5 ac117dc9f87f4387b37f5cbe567e28f8 8e002ee2bc20498b96a28dae861568b6 - - - -] 10.0.0.96 "DELETE /v2.0/ports/5c98afa2-afe7-46c5-9837-e026e2fae45e HTTP/1.1" status: 404 len: 333 time: 0.0229139
2026-05-18 01:53:54.423 9 INFO neutron.pecan_wsgi.hooks.translation [None req-967116fb-43c3-4418-abc1-8f4fda37f4af ac117dc9f87f4387b37f5cbe567e28f8 8e002ee2bc20498b96a28dae861568b6 - - - -] DELETE failed (client error): The resource could not be found.
2026-05-18 01:53:54.425 9 INFO neutron.wsgi [None req-967116fb-43c3-4418-abc1-8f4fda37f4af ac117dc9f87f4387b37f5cbe567e28f8 8e002ee2bc20498b96a28dae861568b6 - - - -] 10.0.0.96 "DELETE /v2.0/subnets/6e405513-0e89-49bc-b36d-5dd3a93c1fe5 HTTP/1.1" status: 404 len: 337 time: 0.0200016
2026-05-18 01:53:54.449 9 INFO neutron.pecan_wsgi.hooks.translation [None req-f8abdd17-374d-41fd-b7ec-9f3f5665e1c2 ac117dc9f87f4387b37f5cbe567e28f8 8e002ee2bc20498b96a28dae861568b6 - - - -] DELETE failed (client error): The resource could not be found.
2026-05-18 01:53:54.451 9 INFO neutron.wsgi [None req-f8abdd17-374d-41fd-b7ec-9f3f5665e1c2 ac117dc9f87f4387b37f5cbe567e28f8 8e002ee2bc20498b96a28dae861568b6 - - - -] 10.0.0.96 "DELETE /v2.0/subnets/bd4dcefb-48b9-461b-98fd-491c7467e721 HTTP/1.1" status: 404 len: 337 time: 0.0208707
2026-05-18 01:53:54.712 9 INFO neutron.wsgi [None req-df6c6926-3d22-4ece-aa4d-44844dfc0556 ac117dc9f87f4387b37f5cbe567e28f8 8e002ee2bc20498b96a28dae861568b6 - - - -] 10.0.0.96 "DELETE /v2.0/ports/4305806b-14df-44da-b57a-4e4218d0b718 HTTP/1.1" status: 204 len: 168 time: 0.2568052
2026-05-18 01:53:54.985 10 INFO neutron.wsgi [None req-b35c18f9-83c3-411e-aaa8-6847a0201fbd 44522fad636f43ab99d29d40ea3795cb ac1326d5a9bb4d9a8cfb01a704844ef7 - - - -] 10.0.0.96 "DELETE /v2.0/routers/0406ed25-4c5a-4fe2-8649-b5ddc1b31c78 HTTP/1.1" status: 204 len: 168 time: 1.1186538
2026-05-18 01:53:55.014 10 INFO neutron.wsgi [None req-2a2d6b9a-ac9f-462f-81b3-26e1cf986efc 44522fad636f43ab99d29d40ea3795cb ac1326d5a9bb4d9a8cfb01a704844ef7 - - default default] 10.0.0.96 "GET /v2.0/ports?device_id=0406ed25-4c5a-4fe2-8649-b5ddc1b31c78 HTTP/1.1" status: 200 len: 205 time: 0.0231717
2026-05-18 01:53:55.056 9 INFO neutron.api.v2.resource [None req-d0e7f96e-c0d1-4515-88d5-a570e24df98b 44522fad636f43ab99d29d40ea3795cb ac1326d5a9bb4d9a8cfb01a704844ef7 - - - -] delete failed (client error): The resource could not be found.
2026-05-18 01:53:55.057 9 INFO neutron.wsgi [None req-d0e7f96e-c0d1-4515-88d5-a570e24df98b 44522fad636f43ab99d29d40ea3795cb ac1326d5a9bb4d9a8cfb01a704844ef7 - - - -] 10.0.0.96 "DELETE /v2.0/routers/0406ed25-4c5a-4fe2-8649-b5ddc1b31c78 HTTP/1.1" status: 404 len: 336 time: 0.0356517
2026-05-18 01:53:55.083 9 INFO neutron.wsgi [None req-de86bda6-f368-41d2-9d7d-7e571baa2ea6 44522fad636f43ab99d29d40ea3795cb ac1326d5a9bb4d9a8cfb01a704844ef7 - - default default] 10.0.0.96 "GET /v2.0/ports?device_id=88b809c1-be41-43b4-967a-b3476e1d65ef HTTP/1.1" status: 200 len: 205 time: 0.0212698
2026-05-18 01:53:55.109 9 INFO neutron.api.v2.resource [None req-e750fca8-7be8-4a73-a896-ead0428d56f2 44522fad636f43ab99d29d40ea3795cb ac1326d5a9bb4d9a8cfb01a704844ef7 - - - -] delete failed (client error): The resource could not be found.
2026-05-18 01:53:55.110 9 INFO neutron.wsgi [None req-e750fca8-7be8-4a73-a896-ead0428d56f2 44522fad636f43ab99d29d40ea3795cb ac1326d5a9bb4d9a8cfb01a704844ef7 - - - -] 10.0.0.96 "DELETE /v2.0/routers/88b809c1-be41-43b4-967a-b3476e1d65ef HTTP/1.1" status: 404 len: 336 time: 0.0205958
2026-05-18 01:53:55.132 9 INFO neutron.services.segments.plugin [-] Segment 7a101ca2-4770-4d24-84f8-60780ffecdae resource provider aggregate not found
2026-05-18 01:53:55.138 9 INFO neutron.services.segments.plugin [-] Segment 7a101ca2-4770-4d24-84f8-60780ffecdae resource provider aggregate not found
2026-05-18 01:53:55.151 10 INFO neutron.pecan_wsgi.hooks.translation [None req-5f495ca0-0360-4d58-b674-857ffba12e75 44522fad636f43ab99d29d40ea3795cb ac1326d5a9bb4d9a8cfb01a704844ef7 - - - -] DELETE failed (client error): The resource could not be found.
2026-05-18 01:53:55.154 10 INFO neutron.wsgi [None req-5f495ca0-0360-4d58-b674-857ffba12e75 44522fad636f43ab99d29d40ea3795cb ac1326d5a9bb4d9a8cfb01a704844ef7 - - - -] 10.0.0.96 "DELETE /v2.0/subnets/6cd521a1-12f5-4208-9fb8-0bd820727206 HTTP/1.1" status: 404 len: 337 time: 0.0343843
2026-05-18 01:53:55.154 9 INFO neutron.services.segments.plugin [-] Segment 7a101ca2-4770-4d24-84f8-60780ffecdae resource provider not found; error: Placement Client Error (4xx): {"errors": [{"status": 404, "title": "Not Found", "detail": "The resource could not be found.\n\n No resource provider with uuid 7a101ca2-4770-4d24-84f8-60780ffecdae found for delete ", "request_id": "req-6a341dc3-99b1-484d-86a2-5b9b9851ca89"}]}
2026-05-18 01:53:55.169 9 INFO neutron.services.segments.plugin [-] Segment 7a101ca2-4770-4d24-84f8-60780ffecdae resource provider not found; error: Placement Client Error (4xx): {"errors": [{"status": 404, "title": "Not Found", "detail": "The resource could not be found.\n\n No resource provider with uuid 7a101ca2-4770-4d24-84f8-60780ffecdae found for delete ", "request_id": "req-b41a1ba1-e921-49fd-9519-15009f7af41c"}]}
2026-05-18 01:53:55.183 9 INFO neutron.wsgi [None req-1d5bc949-4cd1-492b-8bf4-e509a57991ec 44522fad636f43ab99d29d40ea3795cb ac1326d5a9bb4d9a8cfb01a704844ef7 - - default default] 10.0.0.96 "GET /v2.0/ports?device_id=025d557e-7113-48a8-867a-bfdc3d978341 HTTP/1.1" status: 200 len: 205 time: 0.0228698
2026-05-18 01:53:55.196 9 INFO neutron.wsgi [None req-a58abd0c-f8ba-41e4-9acf-2224f26d846c ac117dc9f87f4387b37f5cbe567e28f8 8e002ee2bc20498b96a28dae861568b6 - - - -] 10.0.0.96 "DELETE /v2.0/networks/abfd0290-b5d1-4857-8b42-865d6af0a497 HTTP/1.1" status: 204 len: 168 time: 0.4788320
2026-05-18 01:53:55.246 10 INFO neutron.api.v2.resource [None req-2db35c7d-4161-4bc1-8e6c-fec8d8d535ec 44522fad636f43ab99d29d40ea3795cb ac1326d5a9bb4d9a8cfb01a704844ef7 - - - -] delete failed (client error): The resource could not be found.
2026-05-18 01:53:55.248 10 INFO neutron.wsgi [None req-2db35c7d-4161-4bc1-8e6c-fec8d8d535ec 44522fad636f43ab99d29d40ea3795cb ac1326d5a9bb4d9a8cfb01a704844ef7 - - - -] 10.0.0.96 "DELETE /v2.0/routers/025d557e-7113-48a8-867a-bfdc3d978341 HTTP/1.1" status: 404 len: 336 time: 0.0563154
2026-05-18 01:53:55.251 10 INFO neutron.wsgi [None req-8699d1c9-fc1e-45d7-bd46-ecd71c11a49f e0bd54fa7b4641078b426ae254008f2d 2a8f48e1c91f45afb5e853cac0c542bd - - - -] 10.0.0.96 "PUT /v2.0/routers/0411b5be-0f24-45c8-ac3c-991b9288230a/remove_router_interface HTTP/1.1" status: 200 len: 503 time: 1.1715615 /var/lib/openstack/lib/python3.10/site-packages/pycadf/identifier.py:71: UserWarning: Invalid uuid: neutron. To ensure interoperability, identifiers should be a valid uuid. warnings.warn(('Invalid uuid: %s. To ensure interoperability, '
2026-05-18 01:53:55.278 9 INFO neutron.pecan_wsgi.hooks.translation [None req-74089c86-ce72-4691-819f-c19fabb0d7ff 44522fad636f43ab99d29d40ea3795cb ac1326d5a9bb4d9a8cfb01a704844ef7 - - - -] DELETE failed (client error): The resource could not be found.
2026-05-18 01:53:55.281 9 INFO neutron.wsgi [None req-74089c86-ce72-4691-819f-c19fabb0d7ff 44522fad636f43ab99d29d40ea3795cb ac1326d5a9bb4d9a8cfb01a704844ef7 - - - -] 10.0.0.96 "DELETE /v2.0/subnets/5f9c70b4-0fc3-4c08-b548-24757f5bba4f HTTP/1.1" status: 404 len: 337 time: 0.0273318
2026-05-18 01:53:55.314 9 INFO neutron.wsgi [None req-7a64e979-fc24-47de-bdb4-1428568c3352 44522fad636f43ab99d29d40ea3795cb ac1326d5a9bb4d9a8cfb01a704844ef7 - - default default] 10.0.0.96 "GET /v2.0/ports?device_id=2f7dab4a-7298-41f4-89cc-709763263b97 HTTP/1.1" status: 200 len: 205 time: 0.0285370
2026-05-18 01:53:55.342 9 INFO neutron.api.v2.resource [None req-94848b44-a8bb-4072-bec4-b4706f6c5e95 44522fad636f43ab99d29d40ea3795cb ac1326d5a9bb4d9a8cfb01a704844ef7 - - - -] delete failed (client error): The resource could not be found.
2026-05-18 01:53:55.344 9 INFO neutron.wsgi [None req-94848b44-a8bb-4072-bec4-b4706f6c5e95 44522fad636f43ab99d29d40ea3795cb ac1326d5a9bb4d9a8cfb01a704844ef7 - - - -] 10.0.0.96 "DELETE /v2.0/routers/2f7dab4a-7298-41f4-89cc-709763263b97 HTTP/1.1" status: 404 len: 336 time: 0.0241849
2026-05-18 01:53:55.345 10 INFO neutron.wsgi [None req-4ac07bd5-b483-450e-af14-323ad8b719ee e0bd54fa7b4641078b426ae254008f2d 2a8f48e1c91f45afb5e853cac0c542bd - - default default] 10.0.0.96 "GET /v2.0/ports/da27feec-64c7-4e5b-ac95-eba4431b2a80 HTTP/1.1" status: 200 len: 1141 time: 0.0878942
2026-05-18 01:53:55.367 10 INFO neutron.pecan_wsgi.hooks.translation [None req-044da209-8dc4-407f-a974-6af9a483e933 44522fad636f43ab99d29d40ea3795cb ac1326d5a9bb4d9a8cfb01a704844ef7 - - - -] DELETE failed (client error): The resource could not be found.
2026-05-18 01:53:55.370 10 INFO neutron.wsgi [None req-044da209-8dc4-407f-a974-6af9a483e933 44522fad636f43ab99d29d40ea3795cb ac1326d5a9bb4d9a8cfb01a704844ef7 - - - -] 10.0.0.96 "DELETE /v2.0/subnets/e36d6604-57f8-4528-a0fe-6c19c4e79a37 HTTP/1.1" status: 404 len: 337 time: 0.0214176
2026-05-18 01:53:55.390 10 INFO neutron.pecan_wsgi.hooks.translation [None req-899bbfed-c7b7-467b-9d55-9f29728f1696 44522fad636f43ab99d29d40ea3795cb ac1326d5a9bb4d9a8cfb01a704844ef7 - - - -] DELETE failed (client error): The resource could not be found.
2026-05-18 01:53:55.391 10 INFO neutron.wsgi [None req-899bbfed-c7b7-467b-9d55-9f29728f1696 44522fad636f43ab99d29d40ea3795cb ac1326d5a9bb4d9a8cfb01a704844ef7 - - - -] 10.0.0.96 "DELETE /v2.0/subnets/ea6468d9-bce0-4ea3-a2aa-a724802a80cf HTTP/1.1" status: 404 len: 337 time: 0.0173788
2026-05-18 01:53:55.872 10 INFO neutron.wsgi [None req-113da2ca-d0ff-4a1d-bd77-8d67e753e0b3 2c60b6ccd6fc4973bafcb3b18c51dfbc 541db572d2324afa95616f75acdd5c23 - - default default] 10.0.0.96 "GET /v2.0/security-groups?tenant_id=8e002ee2bc20498b96a28dae861568b6&name=default HTTP/1.1" status: 200 len: 2996 time: 0.1739156
2026-05-18 01:53:55.923 10 INFO neutron.wsgi [None req-6ee28b6a-0d17-444a-9e53-a8bf33517997 2c60b6ccd6fc4973bafcb3b18c51dfbc 541db572d2324afa95616f75acdd5c23 - - default default] 10.0.0.96 "GET /v2.0/security-groups?tenant_id=ac1326d5a9bb4d9a8cfb01a704844ef7&name=default HTTP/1.1" status: 200 len: 2996 time: 0.0767643
2026-05-18 01:53:55.943 9 INFO neutron.wsgi [None req-1a581abb-e97a-414b-9f8a-cfc15644a4b3 e0bd54fa7b4641078b426ae254008f2d 2a8f48e1c91f45afb5e853cac0c542bd - - - -] 10.0.0.96 "PUT /v2.0/routers/0411b5be-0f24-45c8-ac3c-991b9288230a/remove_router_interface HTTP/1.1" status: 200 len: 503 time: 0.5928640 /var/lib/openstack/lib/python3.10/site-packages/pycadf/identifier.py:71: UserWarning: Invalid uuid: neutron. To ensure interoperability, identifiers should be a valid uuid. warnings.warn(('Invalid uuid: %s. To ensure interoperability, '
2026-05-18 01:53:55.973 9 INFO neutron.wsgi [None req-ef24e645-4b9e-4d12-bb83-b56e659f3da8 e0bd54fa7b4641078b426ae254008f2d 2a8f48e1c91f45afb5e853cac0c542bd - - default default] 10.0.0.96 "GET /v2.0/ports?device_id=0411b5be-0f24-45c8-ac3c-991b9288230a HTTP/1.1" status: 200 len: 205 time: 0.0250690
2026-05-18 01:53:56.093 10 INFO neutron.wsgi [None req-4701bae8-49f8-4691-adf8-17aff150602e 2c60b6ccd6fc4973bafcb3b18c51dfbc 541db572d2324afa95616f75acdd5c23 - - - -] 10.0.0.96 "DELETE /v2.0/security-groups/23c9ddbd-6ea4-4bae-8f87-a408ea1df32f HTTP/1.1" status: 204 len: 168 time: 0.2149343
2026-05-18 01:53:56.126 10 INFO neutron.wsgi [None req-d859cf33-c3d1-4a69-a5a4-dd6d8dddbd1b 2c60b6ccd6fc4973bafcb3b18c51dfbc 541db572d2324afa95616f75acdd5c23 - - - -] 10.0.0.96 "DELETE /v2.0/security-groups/00f2007a-2266-4464-b6ab-3dd10f1f23a8 HTTP/1.1" status: 204 len: 168 time: 0.1979523
2026-05-18 01:53:56.209 9 INFO neutron.wsgi [None req-a577c751-bb6e-47f2-b41e-ab6565a90d9d e0bd54fa7b4641078b426ae254008f2d 2a8f48e1c91f45afb5e853cac0c542bd - - - -] 10.0.0.96 "DELETE /v2.0/routers/0411b5be-0f24-45c8-ac3c-991b9288230a HTTP/1.1" status: 204 len: 168 time: 0.2307630
2026-05-18 01:53:56.415 9 INFO neutron.wsgi [None req-881df573-1cf8-4ffb-aa6d-3cf923377a58 e0bd54fa7b4641078b426ae254008f2d 2a8f48e1c91f45afb5e853cac0c542bd - - - -] 10.0.0.96 "DELETE /v2.0/subnets/12c403ad-78d6-42b7-a940-d906818f904c HTTP/1.1" status: 204 len: 168 time: 0.2003868
2026-05-18 01:53:56.621 9 INFO neutron.wsgi [None req-05803348-2152-4809-b47a-3f71ba890fb8 e0bd54fa7b4641078b426ae254008f2d 2a8f48e1c91f45afb5e853cac0c542bd - - - -] 10.0.0.96 "DELETE /v2.0/subnets/af3be440-c738-4703-9921-10de1fa585e6 HTTP/1.1" status: 204 len: 168 time: 0.1933076
2026-05-18 01:53:57.272 9 INFO neutron.services.segments.plugin [-] Segment c94751d1-893c-415c-9b84-a989c23b3e55 resource provider aggregate not found
2026-05-18 01:53:57.276 9 INFO neutron.services.segments.plugin [-] Segment c94751d1-893c-415c-9b84-a989c23b3e55 resource provider aggregate not found
2026-05-18 01:53:57.293 9 INFO neutron.services.segments.plugin [-] Segment c94751d1-893c-415c-9b84-a989c23b3e55 resource provider not found; error: Placement Client Error (4xx): {"errors": [{"status": 404, "title": "Not Found", "detail": "The resource could not be found.\n\n No resource provider with uuid c94751d1-893c-415c-9b84-a989c23b3e55 found for delete ", "request_id": "req-779434de-409d-44ef-87de-51e964c81ac6"}]}
2026-05-18 01:53:57.301 9 INFO neutron.services.segments.plugin [-] Segment c94751d1-893c-415c-9b84-a989c23b3e55 resource provider not found; error: Placement Client Error (4xx): {"errors": [{"status": 404, "title": "Not Found", "detail": "The resource could not be found.\n\n No resource provider with uuid c94751d1-893c-415c-9b84-a989c23b3e55 found for delete ", "request_id": "req-d83982aa-72ba-4cec-94d4-be83d9df6d96"}]}
2026-05-18 01:53:57.328 9 INFO neutron.wsgi [None req-05bb79cd-cd92-4fb3-8ab9-bb3f5a28d793 e0bd54fa7b4641078b426ae254008f2d 2a8f48e1c91f45afb5e853cac0c542bd - - - -] 10.0.0.96 "DELETE /v2.0/networks/0610f444-8ef4-4e6e-bb55-8253b8c1b3e8 HTTP/1.1" status: 204 len: 168 time: 0.7031336
2026-05-18 01:53:57.693 10 INFO neutron.services.segments.plugin [-] Segment 58958177-8fbc-46ec-9a1e-c53790cbc73d resource provider aggregate not found
2026-05-18 01:53:57.720 10 INFO neutron.services.segments.plugin [-] Segment 58958177-8fbc-46ec-9a1e-c53790cbc73d resource provider aggregate not found
2026-05-18 01:53:57.736 10 INFO neutron.services.segments.plugin [-] Segment 58958177-8fbc-46ec-9a1e-c53790cbc73d resource provider not found; error: Placement Client Error (4xx): {"errors": [{"status": 404, "title": "Not Found", "detail": "The resource could not be found.\n\n No resource provider with uuid 58958177-8fbc-46ec-9a1e-c53790cbc73d found for delete ", "request_id": "req-b0ffb0ae-4aa3-4e6f-83c9-aea45273b6f4"}]}
2026-05-18 01:53:57.740 10 INFO neutron.services.segments.plugin [-] Segment 58958177-8fbc-46ec-9a1e-c53790cbc73d resource provider not found; error: Placement Client Error (4xx): {"errors": [{"status": 404, "title": "Not Found", "detail": "The resource could not be found.\n\n No resource provider with uuid 58958177-8fbc-46ec-9a1e-c53790cbc73d found for delete ", "request_id": "req-ca1eef71-0220-4f84-b420-b4310c040c0e"}]}
2026-05-18 01:53:57.754 10 INFO neutron.wsgi [None req-8cb0faf5-ac58-4bed-a0b1-b30ac53a5a8c e0bd54fa7b4641078b426ae254008f2d 2a8f48e1c91f45afb5e853cac0c542bd - - - -] 10.0.0.96 "DELETE /v2.0/networks/71bb2c04-5600-4e01-9a1a-6c602382cdf8 HTTP/1.1" status: 204 len: 168 time: 0.4207633
2026-05-18 01:53:57.863 9 INFO neutron.db.segments_db [None req-65c967a0-8f10-4f44-8012-47751828ae35 e0bd54fa7b4641078b426ae254008f2d 2a8f48e1c91f45afb5e853cac0c542bd - - - -] Added segment 22709dfa-3f47-4916-9392-d396e6bb3ae7 of type geneve for network 870bd117-5bf8-43ce-add7-96faeb1130a0
2026-05-18 01:53:58.036 9 INFO neutron.db.ovn_revision_numbers_db [None req-65c967a0-8f10-4f44-8012-47751828ae35 e0bd54fa7b4641078b426ae254008f2d 2a8f48e1c91f45afb5e853cac0c542bd - - - -] Successfully bumped revision number for resource 870bd117-5bf8-43ce-add7-96faeb1130a0 (type: networks) to 1
2026-05-18 01:53:58.229 9 WARNING neutron.scheduler.dhcp_agent_scheduler [None req-65c967a0-8f10-4f44-8012-47751828ae35 e0bd54fa7b4641078b426ae254008f2d 2a8f48e1c91f45afb5e853cac0c542bd - - - -] No more DHCP agents
2026-05-18 01:53:58.235 10 INFO neutron.wsgi [None req-302bd53e-186d-4c34-8773-ba779ecd75b3 617d4a7ba51c43528a703beea2739524 b74643fa21e84d3da905bf6cd5b647ec - - - -] 10.0.0.96 "POST /v2.0/subnetpools HTTP/1.1" status: 201 len: 747 time: 0.3671801
2026-05-18 01:53:58.236 9 WARNING neutron.api.rpc.agentnotifiers.dhcp_rpc_agent_api [None req-65c967a0-8f10-4f44-8012-47751828ae35 e0bd54fa7b4641078b426ae254008f2d 2a8f48e1c91f45afb5e853cac0c542bd - - - -] Unable to schedule network 870bd117-5bf8-43ce-add7-96faeb1130a0: no agents available; will retry on subsequent port and subnet creation events.
2026-05-18 01:53:58.279 9 INFO neutron.wsgi [None req-69feb6cb-344f-41dd-953a-041c4feeeaa2 617d4a7ba51c43528a703beea2739524 b74643fa21e84d3da905bf6cd5b647ec - - default default] 10.0.0.96 "GET /v2.0/subnetpools/ff4096aa-c633-4385-afda-dc96fc2d6c63 HTTP/1.1" status: 200 len: 742 time: 0.0396991
2026-05-18 01:53:58.354 9 INFO neutron.db.ovn_revision_numbers_db [None req-65c967a0-8f10-4f44-8012-47751828ae35 e0bd54fa7b4641078b426ae254008f2d 2a8f48e1c91f45afb5e853cac0c542bd - - - -] Successfully bumped revision number for resource ad9bf045-0010-41a1-bb2e-bb72eb4eca9a (type: ports) to 1
2026-05-18 01:53:58.382 9 INFO neutron.wsgi [None req-65c967a0-8f10-4f44-8012-47751828ae35 e0bd54fa7b4641078b426ae254008f2d 2a8f48e1c91f45afb5e853cac0c542bd - - - -] 10.0.0.96 "POST /v2.0/networks HTTP/1.1" status: 201 len: 832 time: 0.6197836
2026-05-18 01:53:58.386 9 INFO neutron.wsgi [None req-1dbdb247-0c25-4f0e-8d73-30eb7d91f5ff 617d4a7ba51c43528a703beea2739524 b74643fa21e84d3da905bf6cd5b647ec - - - -] 10.0.0.96 "PUT /v2.0/subnetpools/ff4096aa-c633-4385-afda-dc96fc2d6c63 HTTP/1.1" status: 200 len: 695 time: 0.1018198
2026-05-18 01:53:58.442 9 INFO neutron.wsgi [None req-ebc6c85c-df53-48c0-8642-5ba29d10b5af 617d4a7ba51c43528a703beea2739524 b74643fa21e84d3da905bf6cd5b647ec - - - -] 10.0.0.96 "DELETE /v2.0/subnetpools/ff4096aa-c633-4385-afda-dc96fc2d6c63 HTTP/1.1" status: 204 len: 168 time: 0.0516036
2026-05-18 01:53:58.474 10 INFO neutron.api.v2.resource [None req-6c419716-95c0-49ba-8cdc-c784da501254 617d4a7ba51c43528a703beea2739524 b74643fa21e84d3da905bf6cd5b647ec - - default default] show failed (client error): The resource could not be found.
2026-05-18 01:53:58.475 10 INFO neutron.wsgi [None req-6c419716-95c0-49ba-8cdc-c784da501254 617d4a7ba51c43528a703beea2739524 b74643fa21e84d3da905bf6cd5b647ec - - default default] 10.0.0.96 "GET /v2.0/subnetpools/ff4096aa-c633-4385-afda-dc96fc2d6c63 HTTP/1.1" status: 404 len: 346 time: 0.0275946
2026-05-18 01:53:58.494 9 INFO neutron.api.v2.resource [None req-1cf01be3-1577-406d-b4d4-f43005d2c17f 617d4a7ba51c43528a703beea2739524 b74643fa21e84d3da905bf6cd5b647ec - - - -] delete failed (client error): The resource could not be found.
2026-05-18 01:53:58.496 9 INFO neutron.wsgi [None req-1cf01be3-1577-406d-b4d4-f43005d2c17f 617d4a7ba51c43528a703beea2739524 b74643fa21e84d3da905bf6cd5b647ec - - - -] 10.0.0.96 "DELETE /v2.0/subnetpools/ff4096aa-c633-4385-afda-dc96fc2d6c63 HTTP/1.1" status: 404 len: 346 time: 0.0152812
2026-05-18 01:53:58.663 10 WARNING neutron.scheduler.dhcp_agent_scheduler [None req-4563c4ad-99cb-414d-91a6-378214706d09 e0bd54fa7b4641078b426ae254008f2d 2a8f48e1c91f45afb5e853cac0c542bd - - - -] No more DHCP agents
2026-05-18 01:53:58.666 10 WARNING neutron.api.rpc.agentnotifiers.dhcp_rpc_agent_api [None req-4563c4ad-99cb-414d-91a6-378214706d09 e0bd54fa7b4641078b426ae254008f2d 2a8f48e1c91f45afb5e853cac0c542bd - - - -] Unable to schedule network 870bd117-5bf8-43ce-add7-96faeb1130a0: no agents available; will retry on subsequent port and subnet creation events.
2026-05-18 01:53:58.678 10 INFO neutron.db.ovn_revision_numbers_db [None req-4563c4ad-99cb-414d-91a6-378214706d09 e0bd54fa7b4641078b426ae254008f2d 2a8f48e1c91f45afb5e853cac0c542bd - - - -] Successfully bumped revision number for resource 4c4c98e1-3550-4712-bbbc-568261ffdb01 (type: subnets) to 0
2026-05-18 01:53:58.695 10 INFO neutron.wsgi [None req-4563c4ad-99cb-414d-91a6-378214706d09 e0bd54fa7b4641078b426ae254008f2d 2a8f48e1c91f45afb5e853cac0c542bd - - - -] 10.0.0.96 "POST /v2.0/subnets HTTP/1.1" status: 201 len: 821 time: 0.3085251
2026-05-18 01:53:58.906 10 INFO neutron.db.ovn_revision_numbers_db [None req-df52afe0-7493-410e-b51b-93bae601eb27 e0bd54fa7b4641078b426ae254008f2d 2a8f48e1c91f45afb5e853cac0c542bd - - - -] Successfully bumped revision number for resource 6c655998-12b1-4be2-94b4-2a3ee006c17e (type: routers) to 1
2026-05-18 01:53:58.920 10 INFO neutron.wsgi [None req-df52afe0-7493-410e-b51b-93bae601eb27 e0bd54fa7b4641078b426ae254008f2d 2a8f48e1c91f45afb5e853cac0c542bd - - - -] 10.0.0.96 "POST /v2.0/routers HTTP/1.1" status: 201 len: 691 time: 0.2189994
2026-05-18 01:53:59.039 9 WARNING neutron.plugins.ml2.drivers.ovn.mech_driver.ovsdb.ovn_client [None req-112924e3-7ee5-4fb4-9c83-2b3b44b912a4 - - - - - -] No port found with ID 0406ae2d-e599-46dc-ba48-543afd2b6b2f: RuntimeError: No port found with ID 0406ae2d-e599-46dc-ba48-543afd2b6b2f
2026-05-18 01:53:59.040 9 INFO neutron.plugins.ml2.drivers.ovn.mech_driver.mech_driver [None req-112924e3-7ee5-4fb4-9c83-2b3b44b912a4 - - - - - -] OVN reports status up for port: 7d64299a-e088-400f-94c6-f00349617ad5
2026-05-18 01:53:59.310 10 WARNING neutron.scheduler.dhcp_agent_scheduler [None req-9bafea58-63fd-4897-9491-99c6fef6c9ae e0bd54fa7b4641078b426ae254008f2d 2a8f48e1c91f45afb5e853cac0c542bd - - - -] No more DHCP agents
2026-05-18 01:53:59.311 10 WARNING neutron.api.rpc.agentnotifiers.dhcp_rpc_agent_api [None req-9bafea58-63fd-4897-9491-99c6fef6c9ae e0bd54fa7b4641078b426ae254008f2d 2a8f48e1c91f45afb5e853cac0c542bd - - - -] Unable to schedule network 870bd117-5bf8-43ce-add7-96faeb1130a0: no agents available; will retry on subsequent port and subnet creation events.
2026-05-18 01:53:59.322 10 INFO neutron.db.ovn_revision_numbers_db [None req-dbf09a69-b8a9-4b1d-b9f4-413c5fab6a83 2c60b6ccd6fc4973bafcb3b18c51dfbc 541db572d2324afa95616f75acdd5c23 - - default default] Successfully bumped revision number for resource c0df90a3-853b-4153-ae76-ce33d7e48a4d (type: security_groups) to 1
2026-05-18 01:53:59.351 10 INFO neutron.wsgi [None req-dbf09a69-b8a9-4b1d-b9f4-413c5fab6a83 2c60b6ccd6fc4973bafcb3b18c51dfbc 541db572d2324afa95616f75acdd5c23 - - default default] 10.0.0.96 "GET /v2.0/security-groups?tenant_id=b74643fa21e84d3da905bf6cd5b647ec&name=default HTTP/1.1" status: 200 len: 2996 time: 0.3137081
2026-05-18 01:53:59.409 10 INFO neutron.db.ovn_revision_numbers_db [None req-9bafea58-63fd-4897-9491-99c6fef6c9ae e0bd54fa7b4641078b426ae254008f2d 2a8f48e1c91f45afb5e853cac0c542bd - - - -] Successfully bumped revision number for resource dd71649c-7b2f-4ae9-a634-2a3e5432fe46 (type: ports) to 1
2026-05-18 01:53:59.431 10 INFO neutron.wsgi [None req-9bafea58-63fd-4897-9491-99c6fef6c9ae e0bd54fa7b4641078b426ae254008f2d 2a8f48e1c91f45afb5e853cac0c542bd - - - -] 10.0.0.96 "POST /v2.0/ports HTTP/1.1" status: 201 len: 1163 time: 0.5054307
2026-05-18 01:53:59.628 9 INFO neutron.wsgi [None req-b13888af-494b-45b4-871f-3f990130f8ad 2c60b6ccd6fc4973bafcb3b18c51dfbc 541db572d2324afa95616f75acdd5c23 - - - -] 10.0.0.96 "DELETE /v2.0/security-groups/c0df90a3-853b-4153-ae76-ce33d7e48a4d HTTP/1.1" status: 204 len: 168 time: 0.2725627
2026-05-18 01:53:59.896 10 INFO neutron.plugins.ml2.drivers.ovn.mech_driver.mech_driver [None req-b5e345bd-f316-4f6d-9b0e-09c747b0f037 - - - - - -] OVN reports status up for port: dd71649c-7b2f-4ae9-a634-2a3e5432fe46
2026-05-18 01:53:59.904 10 INFO neutron.plugins.ml2.plugin [None req-b5e345bd-f316-4f6d-9b0e-09c747b0f037 - - - - - -] Attempt 1 to provision port dd71649c-7b2f-4ae9-a634-2a3e5432fe46
2026-05-18 01:53:59.906 9 INFO neutron.db.ovn_revision_numbers_db [None req-ec082424-27e2-4a20-b531-141b1525dbfa e0bd54fa7b4641078b426ae254008f2d 2a8f48e1c91f45afb5e853cac0c542bd - - default default] Successfully bumped revision number for resource dd71649c-7b2f-4ae9-a634-2a3e5432fe46 (type: router_ports) to 2
2026-05-18 01:54:00.031 9 INFO neutron.db.ovn_revision_numbers_db [None req-ec082424-27e2-4a20-b531-141b1525dbfa e0bd54fa7b4641078b426ae254008f2d 2a8f48e1c91f45afb5e853cac0c542bd - - default default] Successfully bumped revision number for resource dd71649c-7b2f-4ae9-a634-2a3e5432fe46 (type: ports) to 2
2026-05-18 01:54:00.189 10 INFO neutron.db.ovn_revision_numbers_db [None req-b5e345bd-f316-4f6d-9b0e-09c747b0f037 - - - - - -] Successfully bumped revision number for resource dd71649c-7b2f-4ae9-a634-2a3e5432fe46 (type: ports) to 3
2026-05-18 01:54:00.289 10 INFO neutron.db.ovn_revision_numbers_db [None req-b5e345bd-f316-4f6d-9b0e-09c747b0f037 - - - - - -] Successfully bumped revision number for resource dd71649c-7b2f-4ae9-a634-2a3e5432fe46 (type: router_ports) to 3
2026-05-18 01:54:00.583 9 INFO neutron.db.ovn_revision_numbers_db [None req-ec082424-27e2-4a20-b531-141b1525dbfa e0bd54fa7b4641078b426ae254008f2d 2a8f48e1c91f45afb5e853cac0c542bd - - default default] Successfully bumped revision number for resource dd71649c-7b2f-4ae9-a634-2a3e5432fe46 (type: ports) to 4
2026-05-18 01:54:00.650 9 WARNING neutron.scheduler.dhcp_agent_scheduler [None req-ec082424-27e2-4a20-b531-141b1525dbfa e0bd54fa7b4641078b426ae254008f2d 2a8f48e1c91f45afb5e853cac0c542bd - - default default] No more DHCP agents
