2026-05-18 01:55:34.172 9 WARNING neutron.api.rpc.agentnotifiers.dhcp_rpc_agent_api [None req-7af7688f-2933-48d9-9946-6d7a7ffaaff7 24c50508f2654adaadbc244a66d9e27d e7d957023e294fbabe899ddf4f5cc1b8 - - - -] Unable to schedule network 1789723b-4cd4-4985-abb8-7edd76d122e7: no agents available; will retry on subsequent port and subnet creation events.
2026-05-18 01:55:34.292 9 INFO neutron.db.ovn_revision_numbers_db [None req-7af7688f-2933-48d9-9946-6d7a7ffaaff7 24c50508f2654adaadbc244a66d9e27d e7d957023e294fbabe899ddf4f5cc1b8 - - - -] Successfully bumped revision number for resource 31accc13-a894-4cea-8a23-9dc041dfc798 (type: ports) to 1
2026-05-18 01:55:34.626 10 INFO neutron.db.ovn_revision_numbers_db [None req-443de129-4598-4bdf-945d-ef5e35a87b65 2c60b6ccd6fc4973bafcb3b18c51dfbc 541db572d2324afa95616f75acdd5c23 - - - -] Successfully bumped revision number for resource 8af22f22-e8ba-4c2b-b88f-ac21974e68c5 (type: router_ports) to 1
2026-05-18 01:55:34.629 9 INFO neutron.plugins.ml2.drivers.ovn.mech_driver.ovsdb.ovsdb_monitor [None req-3cb5493a-fce4-4370-8a94-fcc0fec925a6 - - - - - -] Router a83a0491-9887-46a2-aa16-c678e76137bc is bound to host instance
2026-05-18 01:55:34.876 10 INFO neutron.wsgi [-] 10.0.0.138 "GET / HTTP/1.1" status: 200 len: 247 time: 0.0014250
2026-05-18 01:55:34.878 10 INFO neutron.wsgi [-] 10.0.0.138 "GET / HTTP/1.1" status: 200 len: 247 time: 0.0010576
2026-05-18 01:55:34.906 10 INFO neutron.db.ovn_revision_numbers_db [None req-443de129-4598-4bdf-945d-ef5e35a87b65 2c60b6ccd6fc4973bafcb3b18c51dfbc 541db572d2324afa95616f75acdd5c23 - - - -] Successfully bumped revision number for resource a83a0491-9887-46a2-aa16-c678e76137bc (type: routers) to 3
2026-05-18 01:55:34.921 10 INFO neutron.wsgi [None req-443de129-4598-4bdf-945d-ef5e35a87b65 2c60b6ccd6fc4973bafcb3b18c51dfbc 541db572d2324afa95616f75acdd5c23 - - - -] 10.0.0.96 "POST /v2.0/routers HTTP/1.1" status: 201 len: 873 time: 1.5073647
2026-05-18 01:55:35.198 10 INFO neutron.plugins.ml2.drivers.ovn.mech_driver.mech_driver [None req-b5e345bd-f316-4f6d-9b0e-09c747b0f037 - - - - - -] OVN reports status up for port: 31accc13-a894-4cea-8a23-9dc041dfc798
2026-05-18 01:55:35.209 10 INFO neutron.plugins.ml2.drivers.ovn.mech_driver.ovsdb.ovsdb_monitor [None req-9c54d9dc-7ee6-4357-9e8e-23a66d359662 - - - - - -] Router c045a7d1-0126-48b2-910e-4d9d6c446789 is bound to host instance
2026-05-18 01:55:35.233 9 INFO neutron.db.ovn_revision_numbers_db [None req-7af7688f-2933-48d9-9946-6d7a7ffaaff7 24c50508f2654adaadbc244a66d9e27d e7d957023e294fbabe899ddf4f5cc1b8 - - - -] Successfully bumped revision number for resource 31accc13-a894-4cea-8a23-9dc041dfc798 (type: router_ports) to 1
2026-05-18 01:55:35.246 10 INFO neutron.plugins.ml2.plugin [None req-b5e345bd-f316-4f6d-9b0e-09c747b0f037 - - - - - -] Attempt 1 to provision port 31accc13-a894-4cea-8a23-9dc041dfc798
2026-05-18 01:55:35.347 9 INFO neutron.db.ovn_revision_numbers_db [None req-7af7688f-2933-48d9-9946-6d7a7ffaaff7 24c50508f2654adaadbc244a66d9e27d e7d957023e294fbabe899ddf4f5cc1b8 - - - -] Successfully bumped revision number for resource c045a7d1-0126-48b2-910e-4d9d6c446789 (type: routers) to 3
2026-05-18 01:55:35.364 9 INFO neutron.wsgi [None req-7af7688f-2933-48d9-9946-6d7a7ffaaff7 24c50508f2654adaadbc244a66d9e27d e7d957023e294fbabe899ddf4f5cc1b8 - - - -] 10.0.0.96 "POST /v2.0/routers HTTP/1.1" status: 201 len: 864 time: 1.6843657
2026-05-18 01:55:35.517 10 WARNING neutron.scheduler.dhcp_agent_scheduler [None req-b2913b73-f03a-4f6c-acf5-ab9cddbdfeb3 2c60b6ccd6fc4973bafcb3b18c51dfbc 541db572d2324afa95616f75acdd5c23 - - default default] No more DHCP agents
2026-05-18 01:55:35.520 10 WARNING neutron.api.rpc.agentnotifiers.dhcp_rpc_agent_api [None req-b2913b73-f03a-4f6c-acf5-ab9cddbdfeb3 2c60b6ccd6fc4973bafcb3b18c51dfbc 541db572d2324afa95616f75acdd5c23 - - default default] Unable to schedule network 8ff15d0d-7dc7-4d40-b696-1332dd065239: no agents available; will retry on subsequent port and subnet creation events.
2026-05-18 01:55:35.561 9 INFO neutron.db.ovn_revision_numbers_db [None req-3cb5493a-fce4-4370-8a94-fcc0fec925a6 - - - - - -] Successfully bumped revision number for resource 8af22f22-e8ba-4c2b-b88f-ac21974e68c5 (type: ports) to 1
2026-05-18 01:55:35.713 10 INFO neutron.db.ovn_revision_numbers_db [None req-b2913b73-f03a-4f6c-acf5-ab9cddbdfeb3 2c60b6ccd6fc4973bafcb3b18c51dfbc 541db572d2324afa95616f75acdd5c23 - - default default] Successfully bumped revision number for resource bc482041-1041-4a20-ace9-3fd332614045 (type: ports) to 1
2026-05-18 01:55:35.889 10 INFO neutron.db.ovn_revision_numbers_db [None req-9c54d9dc-7ee6-4357-9e8e-23a66d359662 - - - - - -] Successfully bumped revision number for resource 31accc13-a894-4cea-8a23-9dc041dfc798 (type: ports) to 1
2026-05-18 01:55:36.027 9 INFO neutron.db.ovn_revision_numbers_db [None req-3cb5493a-fce4-4370-8a94-fcc0fec925a6 - - - - - -] Successfully bumped revision number for resource 8af22f22-e8ba-4c2b-b88f-ac21974e68c5 (type: router_ports) to 3
2026-05-18 01:55:36.075 9 WARNING neutron.scheduler.dhcp_agent_scheduler [None req-30b206d5-5815-40f0-baf5-b74fdac33950 24c50508f2654adaadbc244a66d9e27d e7d957023e294fbabe899ddf4f5cc1b8 - - default default] No more DHCP agents
2026-05-18 01:55:36.088 9 WARNING neutron.api.rpc.agentnotifiers.dhcp_rpc_agent_api [None req-30b206d5-5815-40f0-baf5-b74fdac33950 24c50508f2654adaadbc244a66d9e27d e7d957023e294fbabe899ddf4f5cc1b8 - - default default] Unable to schedule network 3eb8d1bb-b915-4be2-b76f-f5f010977c27: no agents available; will retry on subsequent port and subnet creation events.
2026-05-18 01:55:36.176 9 INFO neutron.db.ovn_revision_numbers_db [None req-e861330a-67e2-4120-b675-fe7acf0c0ac1 1742333779084c7b8112363137660479 bdd570240f8045e3953b5a84bad9ec75 - - - -] Successfully bumped revision number for resource 4206d4fb-2ae7-4307-b3fa-67b701087b14 (type: security_groups) to 1
2026-05-18 01:55:36.268 9 INFO neutron.db.segments_db [None req-e861330a-67e2-4120-b675-fe7acf0c0ac1 1742333779084c7b8112363137660479 bdd570240f8045e3953b5a84bad9ec75 - - - -] Added segment 28e7f72b-3cd0-40d8-9e6f-ba7d6713c7f4 of type geneve for network 83578e73-f525-4e12-a54b-2a7e206cede8
2026-05-18 01:55:36.283 9 INFO neutron.db.ovn_revision_numbers_db [None req-3cb5493a-fce4-4370-8a94-fcc0fec925a6 - - - - - -] Successfully bumped revision number for resource 8af22f22-e8ba-4c2b-b88f-ac21974e68c5 (type: ports) to 2
2026-05-18 01:55:36.286 9 WARNING neutron.plugins.ml2.drivers.ovn.mech_driver.ovsdb.ovn_client [None req-112924e3-7ee5-4fb4-9c83-2b3b44b912a4 - - - - - -] No hosting information found for port fa8439df-9e6f-406d-bd8f-a20138bdcfba: RuntimeError: No hosting information found for port fa8439df-9e6f-406d-bd8f-a20138bdcfba
2026-05-18 01:55:36.286 9 INFO neutron.plugins.ml2.drivers.ovn.mech_driver.mech_driver [None req-112924e3-7ee5-4fb4-9c83-2b3b44b912a4 - - - - - -] OVN reports status up for port: 8af22f22-e8ba-4c2b-b88f-ac21974e68c5
2026-05-18 01:55:36.313 9 INFO neutron.plugins.ml2.plugin [None req-112924e3-7ee5-4fb4-9c83-2b3b44b912a4 - - - - - -] Attempt 1 to provision port 8af22f22-e8ba-4c2b-b88f-ac21974e68c5
2026-05-18 01:55:36.335 9 INFO neutron.plugins.ml2.plugin [None req-3cb5493a-fce4-4370-8a94-fcc0fec925a6 - - - - - -] Attempt 1 to provision port 8af22f22-e8ba-4c2b-b88f-ac21974e68c5
2026-05-18 01:55:36.404 9 INFO neutron.db.ovn_revision_numbers_db [None req-30b206d5-5815-40f0-baf5-b74fdac33950 24c50508f2654adaadbc244a66d9e27d e7d957023e294fbabe899ddf4f5cc1b8 - - default default] Successfully bumped revision number for resource 4eab5b15-8427-463f-93b5-d6faa64d1282 (type: ports) to 1
2026-05-18 01:55:36.423 10 INFO neutron.db.ovn_revision_numbers_db [None req-9c54d9dc-7ee6-4357-9e8e-23a66d359662 - - - - - -] Successfully bumped revision number for resource 31accc13-a894-4cea-8a23-9dc041dfc798 (type: router_ports) to 3
2026-05-18 01:55:36.451 10 INFO neutron.db.ovn_revision_numbers_db [None req-b2913b73-f03a-4f6c-acf5-ab9cddbdfeb3 2c60b6ccd6fc4973bafcb3b18c51dfbc 541db572d2324afa95616f75acdd5c23 - - default default] Successfully bumped revision number for resource bc482041-1041-4a20-ace9-3fd332614045 (type: router_ports) to 2
2026-05-18 01:55:36.504 9 INFO neutron.db.ovn_revision_numbers_db [None req-e861330a-67e2-4120-b675-fe7acf0c0ac1 1742333779084c7b8112363137660479 bdd570240f8045e3953b5a84bad9ec75 - - - -] Successfully bumped revision number for resource 83578e73-f525-4e12-a54b-2a7e206cede8 (type: networks) to 1
2026-05-18 01:55:36.594 10 INFO neutron.db.ovn_revision_numbers_db [None req-9c54d9dc-7ee6-4357-9e8e-23a66d359662 - - - - - -] Successfully bumped revision number for resource 31accc13-a894-4cea-8a23-9dc041dfc798 (type: ports) to 2
2026-05-18 01:55:36.608 10 INFO neutron.db.ovn_revision_numbers_db [None req-b2913b73-f03a-4f6c-acf5-ab9cddbdfeb3 2c60b6ccd6fc4973bafcb3b18c51dfbc 541db572d2324afa95616f75acdd5c23 - - default default] Successfully bumped revision number for resource bc482041-1041-4a20-ace9-3fd332614045 (type: ports) to 2
2026-05-18 01:55:36.701 10 WARNING neutron.scheduler.dhcp_agent_scheduler [None req-b2913b73-f03a-4f6c-acf5-ab9cddbdfeb3 2c60b6ccd6fc4973bafcb3b18c51dfbc 541db572d2324afa95616f75acdd5c23 - - default default] No more DHCP agents
2026-05-18 01:55:36.703 10 WARNING neutron.api.rpc.agentnotifiers.dhcp_rpc_agent_api [None req-b2913b73-f03a-4f6c-acf5-ab9cddbdfeb3 2c60b6ccd6fc4973bafcb3b18c51dfbc 541db572d2324afa95616f75acdd5c23 - - default default] Unable to schedule network 8ff15d0d-7dc7-4d40-b696-1332dd065239: no agents available; will retry on subsequent port and subnet creation events.
2026-05-18 01:55:36.854 10 INFO neutron.db.ovn_revision_numbers_db [None req-9c54d9dc-7ee6-4357-9e8e-23a66d359662 - - - - - -] Successfully bumped revision number for resource 31accc13-a894-4cea-8a23-9dc041dfc798 (type: ports) to 4
2026-05-18 01:55:37.143 10 INFO neutron.db.ovn_revision_numbers_db [None req-9c54d9dc-7ee6-4357-9e8e-23a66d359662 - - - - - -] Successfully bumped revision number for resource 31accc13-a894-4cea-8a23-9dc041dfc798 (type: router_ports) to 4
2026-05-18 01:55:37.174 9 WARNING neutron.scheduler.dhcp_agent_scheduler [None req-e861330a-67e2-4120-b675-fe7acf0c0ac1 1742333779084c7b8112363137660479 bdd570240f8045e3953b5a84bad9ec75 - - - -] No more DHCP agents
2026-05-18 01:55:37.177 9 WARNING neutron.api.rpc.agentnotifiers.dhcp_rpc_agent_api [None req-e861330a-67e2-4120-b675-fe7acf0c0ac1 1742333779084c7b8112363137660479 bdd570240f8045e3953b5a84bad9ec75 - - - -] Unable to schedule network 83578e73-f525-4e12-a54b-2a7e206cede8: no agents available; will retry on subsequent port and subnet creation events.
2026-05-18 01:55:37.191 9 INFO neutron.db.ovn_revision_numbers_db [None req-112924e3-7ee5-4fb4-9c83-2b3b44b912a4 - - - - - -] Successfully bumped revision number for resource 8af22f22-e8ba-4c2b-b88f-ac21974e68c5 (type: ports) to 4
2026-05-18 01:55:37.325 9 INFO neutron.db.ovn_revision_numbers_db [None req-e861330a-67e2-4120-b675-fe7acf0c0ac1 1742333779084c7b8112363137660479 bdd570240f8045e3953b5a84bad9ec75 - - - -] Successfully bumped revision number for resource bd4802d7-8b4c-48c0-a7ff-87fb752d68d3 (type: ports) to 1
2026-05-18 01:55:37.363 9 INFO neutron.wsgi [None req-e861330a-67e2-4120-b675-fe7acf0c0ac1 1742333779084c7b8112363137660479 bdd570240f8045e3953b5a84bad9ec75 - - - -] 10.0.0.96 "POST /v2.0/networks HTTP/1.1" status: 201 len: 830 time: 1.6020069
2026-05-18 01:55:37.424 10 INFO neutron.db.ovn_revision_numbers_db [None req-b2913b73-f03a-4f6c-acf5-ab9cddbdfeb3 2c60b6ccd6fc4973bafcb3b18c51dfbc 541db572d2324afa95616f75acdd5c23 - - - -] Successfully bumped revision number for resource bc482041-1041-4a20-ace9-3fd332614045 (type: router_ports) to 2
2026-05-18 01:55:37.427 10 INFO neutron.wsgi [None req-b2913b73-f03a-4f6c-acf5-ab9cddbdfeb3 2c60b6ccd6fc4973bafcb3b18c51dfbc 541db572d2324afa95616f75acdd5c23 - - - -] 10.0.0.96 "PUT /v2.0/routers/a83a0491-9887-46a2-aa16-c678e76137bc/add_router_interface HTTP/1.1" status: 200 len: 503 time: 2.5014482
2026-05-18 01:55:37.536 9 INFO neutron.db.segments_db [None req-05d683ef-b402-43c8-9a47-a36cb659959e 1742333779084c7b8112363137660479 bdd570240f8045e3953b5a84bad9ec75 - - - -] Added segment b426bc63-8b61-4fcf-83fa-e2508438e276 of type geneve for network d0a06f5e-8242-4955-82de-da23309ca275
2026-05-18 01:55:37.602 9 INFO neutron.db.ovn_revision_numbers_db [None req-112924e3-7ee5-4fb4-9c83-2b3b44b912a4 - - - - - -] Successfully bumped revision number for resource 8af22f22-e8ba-4c2b-b88f-ac21974e68c5 (type: router_ports) to 4
2026-05-18 01:55:37.671 9 INFO neutron.db.ovn_revision_numbers_db [None req-30b206d5-5815-40f0-baf5-b74fdac33950 24c50508f2654adaadbc244a66d9e27d e7d957023e294fbabe899ddf4f5cc1b8 - - default default] Successfully bumped revision number for resource 4eab5b15-8427-463f-93b5-d6faa64d1282 (type: router_ports) to 2
2026-05-18 01:55:37.756 9 INFO neutron.db.ovn_revision_numbers_db [None req-05d683ef-b402-43c8-9a47-a36cb659959e 1742333779084c7b8112363137660479 bdd570240f8045e3953b5a84bad9ec75 - - - -] Successfully bumped revision number for resource d0a06f5e-8242-4955-82de-da23309ca275 (type: networks) to 1
2026-05-18 01:55:37.773 9 INFO neutron.plugins.ml2.drivers.ovn.mech_driver.mech_driver [None req-112924e3-7ee5-4fb4-9c83-2b3b44b912a4 - - - - - -] OVN reports status up for port: bc482041-1041-4a20-ace9-3fd332614045
2026-05-18 01:55:37.801 9 INFO neutron.plugins.ml2.plugin [None req-112924e3-7ee5-4fb4-9c83-2b3b44b912a4 - - - - - -] Attempt 1 to provision port bc482041-1041-4a20-ace9-3fd332614045
2026-05-18 01:55:37.945 9 INFO neutron.db.ovn_revision_numbers_db [None req-30b206d5-5815-40f0-baf5-b74fdac33950 24c50508f2654adaadbc244a66d9e27d e7d957023e294fbabe899ddf4f5cc1b8 - - default default] Successfully bumped revision number for resource 4eab5b15-8427-463f-93b5-d6faa64d1282 (type: ports) to 2
2026-05-18 01:55:38.142 10 INFO neutron.db.ovn_revision_numbers_db [None req-3cff6174-ce1d-44f2-ba8a-812f4fd220be dcd8d914995b4d57909568dad8609e3c 9c096b1b9f234b5dbc37cc4125b06d3d - - - -] Successfully bumped revision number for resource df0cfe29-5122-4444-81b5-9fb8332e5e14 (type: security_groups) to 1
2026-05-18 01:55:38.170 10 INFO neutron.wsgi [None req-3cff6174-ce1d-44f2-ba8a-812f4fd220be dcd8d914995b4d57909568dad8609e3c 9c096b1b9f234b5dbc37cc4125b06d3d - - - -] 10.0.0.96 "POST /v2.0/security-groups HTTP/1.1" status: 201 len: 1811 time: 0.1270232
2026-05-18 01:55:38.288 10 INFO neutron.db.ovn_revision_numbers_db [None req-5bfcef22-131f-4bf2-a2af-d520deb3c246 dcd8d914995b4d57909568dad8609e3c 9c096b1b9f234b5dbc37cc4125b06d3d - - - -] Successfully bumped revision number for resource 1368a2bd-32db-4af0-a22c-c495270307dd (type: security_group_rules) to 0
2026-05-18 01:55:38.305 9 WARNING neutron.scheduler.dhcp_agent_scheduler [None req-05d683ef-b402-43c8-9a47-a36cb659959e 1742333779084c7b8112363137660479 bdd570240f8045e3953b5a84bad9ec75 - - - -] No more DHCP agents
2026-05-18 01:55:38.307 9 WARNING neutron.scheduler.dhcp_agent_scheduler [None req-30b206d5-5815-40f0-baf5-b74fdac33950 24c50508f2654adaadbc244a66d9e27d e7d957023e294fbabe899ddf4f5cc1b8 - - default default] No more DHCP agents
2026-05-18 01:55:38.309 9 WARNING neutron.api.rpc.agentnotifiers.dhcp_rpc_agent_api [None req-05d683ef-b402-43c8-9a47-a36cb659959e 1742333779084c7b8112363137660479 bdd570240f8045e3953b5a84bad9ec75 - - - -] Unable to schedule network d0a06f5e-8242-4955-82de-da23309ca275: no agents available; will retry on subsequent port and subnet creation events.
2026-05-18 01:55:38.311 9 WARNING neutron.api.rpc.agentnotifiers.dhcp_rpc_agent_api [None req-30b206d5-5815-40f0-baf5-b74fdac33950 24c50508f2654adaadbc244a66d9e27d e7d957023e294fbabe899ddf4f5cc1b8 - - default default] Unable to schedule network 3eb8d1bb-b915-4be2-b76f-f5f010977c27: no agents available; will retry on subsequent port and subnet creation events.
2026-05-18 01:55:38.314 10 INFO neutron.wsgi [None req-5bfcef22-131f-4bf2-a2af-d520deb3c246 dcd8d914995b4d57909568dad8609e3c 9c096b1b9f234b5dbc37cc4125b06d3d - - - -] 10.0.0.96 "POST /v2.0/security-group-rules HTTP/1.1" status: 201 len: 764 time: 0.1385062
2026-05-18 01:55:38.429 10 INFO neutron.db.ovn_revision_numbers_db [None req-6281b649-6f6d-46d0-ad04-80e7b54f55b8 dcd8d914995b4d57909568dad8609e3c 9c096b1b9f234b5dbc37cc4125b06d3d - - - -] Successfully bumped revision number for resource 2a382afe-b1a3-4ad7-b567-33fc6ef08ffc (type: security_group_rules) to 0
2026-05-18 01:55:38.431 9 INFO neutron.db.ovn_revision_numbers_db [None req-05d683ef-b402-43c8-9a47-a36cb659959e 1742333779084c7b8112363137660479 bdd570240f8045e3953b5a84bad9ec75 - - - -] Successfully bumped revision number for resource 3367de28-28ac-453e-96f5-15b650db1342 (type: ports) to 1
2026-05-18 01:55:38.454 10 INFO neutron.wsgi [None req-6281b649-6f6d-46d0-ad04-80e7b54f55b8 dcd8d914995b4d57909568dad8609e3c 9c096b1b9f234b5dbc37cc4125b06d3d - - - -] 10.0.0.96 "POST /v2.0/security-group-rules HTTP/1.1" status: 201 len: 763 time: 0.1339271
2026-05-18 01:55:38.470 9 INFO neutron.wsgi [None req-05d683ef-b402-43c8-9a47-a36cb659959e 1742333779084c7b8112363137660479 bdd570240f8045e3953b5a84bad9ec75 - - - -] 10.0.0.96 "POST /v2.0/networks HTTP/1.1" status: 201 len: 830 time: 1.0766451
2026-05-18 01:55:38.477 9 INFO neutron.db.ovn_revision_numbers_db [None req-112924e3-7ee5-4fb4-9c83-2b3b44b912a4 - - - - - -] Successfully bumped revision number for resource bc482041-1041-4a20-ace9-3fd332614045 (type: ports) to 3
2026-05-18 01:55:38.526 10 INFO neutron.wsgi [None req-e7bfe47e-702e-4259-aa99-487ac4213047 1742333779084c7b8112363137660479 bdd570240f8045e3953b5a84bad9ec75 - - - -] 10.0.0.96 "PUT /v2.0/networks/83578e73-f525-4e12-a54b-2a7e206cede8/tags HTTP/1.1" status: 200 len: 218 time: 0.0521758
2026-05-18 01:55:38.588 10 INFO neutron.db.ovn_revision_numbers_db [None req-09ed6413-3122-4c43-a63d-711a50ce34a4 dcd8d914995b4d57909568dad8609e3c 9c096b1b9f234b5dbc37cc4125b06d3d - - - -] Successfully bumped revision number for resource 3cf14c51-caff-46a9-8f98-683006c0227e (type: security_group_rules) to 0
2026-05-18 01:55:38.591 9 INFO neutron.wsgi [None req-dcdf167b-5a88-40f9-9ac0-3fe957130ec8 1742333779084c7b8112363137660479 bdd570240f8045e3953b5a84bad9ec75 - - default default] 10.0.0.96 "GET /v2.0/networks/83578e73-f525-4e12-a54b-2a7e206cede8/tags HTTP/1.1" status: 200 len: 218 time: 0.0590761
2026-05-18 01:55:38.620 10 INFO neutron.wsgi [None req-09ed6413-3122-4c43-a63d-711a50ce34a4 dcd8d914995b4d57909568dad8609e3c 9c096b1b9f234b5dbc37cc4125b06d3d - - - -] 10.0.0.96 "POST /v2.0/security-group-rules HTTP/1.1" status: 201 len: 769 time: 0.1615610
2026-05-18 01:55:38.639 9 INFO neutron.db.ovn_revision_numbers_db [None req-112924e3-7ee5-4fb4-9c83-2b3b44b912a4 - - - - - -] Successfully bumped revision number for resource bc482041-1041-4a20-ace9-3fd332614045 (type: router_ports) to 3
2026-05-18 01:55:38.655 10 INFO neutron.wsgi [None req-b8fd2a59-fc46-4b5f-b0cf-053379c5813c 1742333779084c7b8112363137660479 bdd570240f8045e3953b5a84bad9ec75 - - - -] 10.0.0.96 "PUT /v2.0/networks/d0a06f5e-8242-4955-82de-da23309ca275/tags HTTP/1.1" status: 200 len: 210 time: 0.0558114
2026-05-18 01:55:38.715 9 INFO neutron.wsgi [None req-809b2a41-2b45-4a32-8115-97eaf4154a83 1742333779084c7b8112363137660479 bdd570240f8045e3953b5a84bad9ec75 - - default default] 10.0.0.96 "GET /v2.0/networks/d0a06f5e-8242-4955-82de-da23309ca275/tags HTTP/1.1" status: 200 len: 210 time: 0.0553863
2026-05-18 01:55:38.769 10 INFO neutron.db.ovn_revision_numbers_db [None req-d95a3362-4eac-4daf-b4af-362f3edb9c0d dcd8d914995b4d57909568dad8609e3c 9c096b1b9f234b5dbc37cc4125b06d3d - - - -] Successfully bumped revision number for resource 39645e3b-d59e-41aa-a638-4e62f8b91bd0 (type: security_group_rules) to 0
2026-05-18 01:55:38.797 10 INFO neutron.wsgi [None req-d95a3362-4eac-4daf-b4af-362f3edb9c0d dcd8d914995b4d57909568dad8609e3c 9c096b1b9f234b5dbc37cc4125b06d3d - - - -] 10.0.0.96 "POST /v2.0/security-group-rules HTTP/1.1" status: 201 len: 768 time: 0.1693351
2026-05-18 01:55:38.813 9 INFO neutron.wsgi [None req-88c56b0c-3601-488b-b87f-17ce4968548f 1742333779084c7b8112363137660479 bdd570240f8045e3953b5a84bad9ec75 - - - -] 10.0.0.96 "PUT /v2.0/networks/d0a06f5e-8242-4955-82de-da23309ca275/tags HTTP/1.1" status: 200 len: 205 time: 0.0942934
2026-05-18 01:55:38.838 9 INFO neutron.db.ovn_revision_numbers_db [None req-30b206d5-5815-40f0-baf5-b74fdac33950 24c50508f2654adaadbc244a66d9e27d e7d957023e294fbabe899ddf4f5cc1b8 - - - -] Successfully bumped revision number for resource 4eab5b15-8427-463f-93b5-d6faa64d1282 (type: router_ports) to 2
2026-05-18 01:55:38.842 9 INFO neutron.wsgi [None req-30b206d5-5815-40f0-baf5-b74fdac33950 24c50508f2654adaadbc244a66d9e27d e7d957023e294fbabe899ddf4f5cc1b8 - - - -] 10.0.0.96 "PUT /v2.0/routers/c045a7d1-0126-48b2-910e-4d9d6c446789/add_router_interface HTTP/1.1" status: 200 len: 503 time: 3.4716687
2026-05-18 01:55:38.842 9 INFO neutron.db.securitygroups_db [None req-cfb7685a-35db-4ee9-bb27-bf84b4d8a342 dcd8d914995b4d57909568dad8609e3c 9c096b1b9f234b5dbc37cc4125b06d3d - - - -] Project 9c096b1b9f234b5dbc37cc4125b06d3d added a security group rule with legacy IPv6 ICMP protocol name icmp, ipv6-icmp should be used instead. It was automatically converted.
2026-05-18 01:55:38.937 9 INFO neutron.db.ovn_revision_numbers_db [None req-cfb7685a-35db-4ee9-bb27-bf84b4d8a342 dcd8d914995b4d57909568dad8609e3c 9c096b1b9f234b5dbc37cc4125b06d3d - - - -] Successfully bumped revision number for resource 3bff9073-7b12-4e5d-900b-406ddbd8af62 (type: security_group_rules) to 0
2026-05-18 01:55:38.962 9 INFO neutron.wsgi [None req-cfb7685a-35db-4ee9-bb27-bf84b4d8a342 dcd8d914995b4d57909568dad8609e3c 9c096b1b9f234b5dbc37cc4125b06d3d - - - -] 10.0.0.96 "POST /v2.0/security-group-rules HTTP/1.1" status: 201 len: 774 time: 0.1601636
2026-05-18 01:55:38.989 9 INFO neutron.db.securitygroups_db [None req-0df32686-237c-4e44-8925-2463eec69669 dcd8d914995b4d57909568dad8609e3c 9c096b1b9f234b5dbc37cc4125b06d3d - - - -] Project 9c096b1b9f234b5dbc37cc4125b06d3d added a security group rule with legacy IPv6 ICMP protocol name icmp, ipv6-icmp should be used instead. It was automatically converted.
2026-05-18 01:55:39.090 10 INFO neutron.wsgi [None req-56146a99-580f-442d-b920-6b6f66b4974a 1742333779084c7b8112363137660479 bdd570240f8045e3953b5a84bad9ec75 - - default default] 10.0.0.96 "GET /v2.0/networks/d0a06f5e-8242-4955-82de-da23309ca275/tags HTTP/1.1" status: 200 len: 205 time: 0.2713978
2026-05-18 01:55:39.111 9 INFO neutron.db.ovn_revision_numbers_db [None req-0df32686-237c-4e44-8925-2463eec69669 dcd8d914995b4d57909568dad8609e3c 9c096b1b9f234b5dbc37cc4125b06d3d - - - -] Successfully bumped revision number for resource da19aed5-fb76-407c-af90-0b5037eacd21 (type: security_group_rules) to 0
2026-05-18 01:55:39.139 9 INFO neutron.wsgi [None req-b71181d2-7125-45bf-b989-d586349b189a 1742333779084c7b8112363137660479 bdd570240f8045e3953b5a84bad9ec75 - - default default] 10.0.0.96 "GET /v2.0/networks/83578e73-f525-4e12-a54b-2a7e206cede8/tags HTTP/1.1" status: 200 len: 218 time: 0.0422876
2026-05-18 01:55:39.162 9 INFO neutron.wsgi [None req-0df32686-237c-4e44-8925-2463eec69669 dcd8d914995b4d57909568dad8609e3c 9c096b1b9f234b5dbc37cc4125b06d3d - - - -] 10.0.0.96 "POST /v2.0/security-group-rules HTTP/1.1" status: 201 len: 773 time: 0.1952918
2026-05-18 01:55:39.653 9 INFO neutron.services.segments.plugin [-] Segment 28e7f72b-3cd0-40d8-9e6f-ba7d6713c7f4 resource provider aggregate not found
2026-05-18 01:55:39.658 9 INFO neutron.services.segments.plugin [-] Segment 28e7f72b-3cd0-40d8-9e6f-ba7d6713c7f4 resource provider aggregate not found
2026-05-18 01:55:39.671 9 INFO neutron.services.segments.plugin [-] Segment 28e7f72b-3cd0-40d8-9e6f-ba7d6713c7f4 resource provider not found; error: Placement Client Error (4xx): {"errors": [{"status": 404, "title": "Not Found", "detail": "The resource could not be found.\n\n No resource provider with uuid 28e7f72b-3cd0-40d8-9e6f-ba7d6713c7f4 found for delete ", "request_id": "req-5e3918e9-a522-49f3-8698-e19367787f7e"}]}
2026-05-18 01:55:39.678 9 INFO neutron.services.segments.plugin [-] Segment 28e7f72b-3cd0-40d8-9e6f-ba7d6713c7f4 resource provider not found; error: Placement Client Error (4xx): {"errors": [{"status": 404, "title": "Not Found", "detail": "The resource could not be found.\n\n No resource provider with uuid 28e7f72b-3cd0-40d8-9e6f-ba7d6713c7f4 found for delete ", "request_id": "req-bb4b3d57-04ef-4489-bab5-7029be87bfb5"}]}
2026-05-18 01:55:39.692 9 INFO neutron.wsgi [None req-b4c34ea4-f34f-4d72-9988-cefbbe57d6d7 1742333779084c7b8112363137660479 bdd570240f8045e3953b5a84bad9ec75 - - - -] 10.0.0.96 "DELETE /v2.0/networks/83578e73-f525-4e12-a54b-2a7e206cede8 HTTP/1.1" status: 204 len: 168 time: 0.5421126
2026-05-18 01:55:39.731 10 INFO neutron.db.ovn_revision_numbers_db [None req-618b2406-0074-4324-a961-b573fbbe2098 dcd8d914995b4d57909568dad8609e3c 9c096b1b9f234b5dbc37cc4125b06d3d - - - -] Successfully bumped revision number for resource 83f9bf6a-7889-4818-adb2-20d0b37e0529 (type: security_groups) to 1
2026-05-18 01:55:39.754 10 INFO neutron.wsgi [None req-618b2406-0074-4324-a961-b573fbbe2098 dcd8d914995b4d57909568dad8609e3c 9c096b1b9f234b5dbc37cc4125b06d3d - - - -] 10.0.0.96 "POST /v2.0/security-groups HTTP/1.1" status: 201 len: 1797 time: 0.1963942
2026-05-18 01:55:39.783 10 WARNING neutron.scheduler.dhcp_agent_scheduler [None req-d94f7e5b-aacf-47da-ab17-c8b0b62d8605 24c50508f2654adaadbc244a66d9e27d e7d957023e294fbabe899ddf4f5cc1b8 - - default default] No more DHCP agents
2026-05-18 01:55:39.784 10 WARNING neutron.api.rpc.agentnotifiers.dhcp_rpc_agent_api [None req-d94f7e5b-aacf-47da-ab17-c8b0b62d8605 24c50508f2654adaadbc244a66d9e27d e7d957023e294fbabe899ddf4f5cc1b8 - - default default] Unable to schedule network fcf3a788-4f56-4f60-9fe0-3c5c353f629d: no agents available; will retry on subsequent port and subnet creation events.
2026-05-18 01:55:39.931 10 INFO neutron.db.ovn_revision_numbers_db [None req-d94f7e5b-aacf-47da-ab17-c8b0b62d8605 24c50508f2654adaadbc244a66d9e27d e7d957023e294fbabe899ddf4f5cc1b8 - - default default] Successfully bumped revision number for resource f1a2b835-c593-468b-b5da-75a393ac4a0e (type: ports) to 1
2026-05-18 01:55:39.932 9 INFO neutron.db.ovn_revision_numbers_db [None req-366a05ec-c4e9-408c-82db-fce57fcce8b7 dcd8d914995b4d57909568dad8609e3c 9c096b1b9f234b5dbc37cc4125b06d3d - - - -] Successfully bumped revision number for resource e6da1abe-64d6-454d-9620-1e2996b8a0b1 (type: security_group_rules) to 0
2026-05-18 01:55:39.968 9 INFO neutron.wsgi [None req-366a05ec-c4e9-408c-82db-fce57fcce8b7 dcd8d914995b4d57909568dad8609e3c 9c096b1b9f234b5dbc37cc4125b06d3d - - - -] 10.0.0.96 "POST /v2.0/security-group-rules HTTP/1.1" status: 201 len: 764 time: 0.2092180
2026-05-18 01:55:40.124 9 INFO neutron.wsgi [None req-8848aae7-6353-40a6-949d-c4442a069d43 1742333779084c7b8112363137660479 bdd570240f8045e3953b5a84bad9ec75 - - - -] 10.0.0.96 "DELETE /v2.0/networks/d0a06f5e-8242-4955-82de-da23309ca275 HTTP/1.1" status: 204 len: 168 time: 0.4265466
2026-05-18 01:55:40.126 10 INFO neutron.db.ovn_revision_numbers_db [None req-1f7d5aa2-9de6-4179-8418-3a70d6def7cc dcd8d914995b4d57909568dad8609e3c 9c096b1b9f234b5dbc37cc4125b06d3d - - - -] Successfully bumped revision number for resource 6131c00c-b8cd-485a-859e-df8bd58cc68b (type: security_group_rules) to 0
2026-05-18 01:55:40.175 10 INFO neutron.wsgi [None req-1f7d5aa2-9de6-4179-8418-3a70d6def7cc dcd8d914995b4d57909568dad8609e3c 9c096b1b9f234b5dbc37cc4125b06d3d - - - -] 10.0.0.96 "POST /v2.0/security-group-rules HTTP/1.1" status: 201 len: 769 time: 0.2029004
2026-05-18 01:55:40.489 10 INFO neutron.db.ovn_revision_numbers_db [None req-d94f7e5b-aacf-47da-ab17-c8b0b62d8605 24c50508f2654adaadbc244a66d9e27d e7d957023e294fbabe899ddf4f5cc1b8 - - default default] Successfully bumped revision number for resource f1a2b835-c593-468b-b5da-75a393ac4a0e (type: router_ports) to 2
2026-05-18 01:55:40.498 9 WARNING neutron.scheduler.dhcp_agent_scheduler [None req-d36c56a4-276b-4af4-9d85-0374944e4a94 dcd8d914995b4d57909568dad8609e3c 9c096b1b9f234b5dbc37cc4125b06d3d - - - -] No more DHCP agents
2026-05-18 01:55:40.500 9 WARNING neutron.api.rpc.agentnotifiers.dhcp_rpc_agent_api [None req-d36c56a4-276b-4af4-9d85-0374944e4a94 dcd8d914995b4d57909568dad8609e3c 9c096b1b9f234b5dbc37cc4125b06d3d - - - -] Unable to schedule network 1789723b-4cd4-4985-abb8-7edd76d122e7: no agents available; will retry on subsequent port and subnet creation events.
2026-05-18 01:55:40.639 10 INFO neutron.db.ovn_revision_numbers_db [None req-d94f7e5b-aacf-47da-ab17-c8b0b62d8605 24c50508f2654adaadbc244a66d9e27d e7d957023e294fbabe899ddf4f5cc1b8 - - default default] Successfully bumped revision number for resource f1a2b835-c593-468b-b5da-75a393ac4a0e (type: ports) to 2
2026-05-18 01:55:40.698 10 WARNING neutron.scheduler.dhcp_agent_scheduler [None req-d94f7e5b-aacf-47da-ab17-c8b0b62d8605 24c50508f2654adaadbc244a66d9e27d e7d957023e294fbabe899ddf4f5cc1b8 - - default default] No more DHCP agents
2026-05-18 01:55:40.699 10 WARNING neutron.api.rpc.agentnotifiers.dhcp_rpc_agent_api [None req-d94f7e5b-aacf-47da-ab17-c8b0b62d8605 24c50508f2654adaadbc244a66d9e27d e7d957023e294fbabe899ddf4f5cc1b8 - - default default] Unable to schedule network fcf3a788-4f56-4f60-9fe0-3c5c353f629d: no agents available; will retry on subsequent port and subnet creation events.
2026-05-18 01:55:40.813 9 INFO neutron.db.ovn_revision_numbers_db [None req-d36c56a4-276b-4af4-9d85-0374944e4a94 dcd8d914995b4d57909568dad8609e3c 9c096b1b9f234b5dbc37cc4125b06d3d - - - -] Successfully bumped revision number for resource be8e6965-94c9-4577-b1ca-7b1a62f3892a (type: floatingips) to 0
2026-05-18 01:55:40.828 9 INFO neutron.wsgi [None req-d36c56a4-276b-4af4-9d85-0374944e4a94 dcd8d914995b4d57909568dad8609e3c 9c096b1b9f234b5dbc37cc4125b06d3d - - - -] 10.0.0.96 "POST /v2.0/floatingips HTTP/1.1" status: 201 len: 751 time: 0.6447968
2026-05-18 01:55:40.952 10 INFO neutron.wsgi [req-8cc6456a-3a06-4eb8-b5d2-2092263c80e9 req-d33d9133-7094-4924-8ded-211ffcae00f3 dcd8d914995b4d57909568dad8609e3c 9c096b1b9f234b5dbc37cc4125b06d3d - - default default] 10.0.0.184 "GET /v2.0/security-groups?name=tempest-securitygroup--2077119004&fields=id&tenant_id=9c096b1b9f234b5dbc37cc4125b06d3d HTTP/1.1" status: 200 len: 267 time: 0.0574653
2026-05-18 01:55:41.009 10 INFO neutron.wsgi [req-8cc6456a-3a06-4eb8-b5d2-2092263c80e9 req-0fb5cb15-9f43-4715-bcee-833903b24c75 dcd8d914995b4d57909568dad8609e3c 9c096b1b9f234b5dbc37cc4125b06d3d - - default default] 10.0.0.184 "GET /v2.0/security-groups?name=tempest-secgroup-smoke-1830184639&fields=id&tenant_id=9c096b1b9f234b5dbc37cc4125b06d3d HTTP/1.1" status: 200 len: 267 time: 0.0504422
2026-05-18 01:55:41.032 9 INFO neutron.db.ovn_revision_numbers_db [None req-67e1225e-7c50-4cf3-9897-150454671507 2c60b6ccd6fc4973bafcb3b18c51dfbc 541db572d2324afa95616f75acdd5c23 - - default default] Successfully bumped revision number for resource 5e80a368-ca50-40bc-a435-bc1e4fff3f9b (type: security_groups) to 1
2026-05-18 01:55:41.068 9 INFO neutron.wsgi [None req-67e1225e-7c50-4cf3-9897-150454671507 2c60b6ccd6fc4973bafcb3b18c51dfbc 541db572d2324afa95616f75acdd5c23 - - default default] 10.0.0.96 "GET /v2.0/security-groups?tenant_id=9d77826731434b9b88b4df0cd097a5e8&name=default HTTP/1.1" status: 200 len: 3000 time: 0.2336640
2026-05-18 01:55:41.076 10 INFO neutron.db.ovn_revision_numbers_db [None req-d94f7e5b-aacf-47da-ab17-c8b0b62d8605 24c50508f2654adaadbc244a66d9e27d e7d957023e294fbabe899ddf4f5cc1b8 - - - -] Successfully bumped revision number for resource f1a2b835-c593-468b-b5da-75a393ac4a0e (type: router_ports) to 2
2026-05-18 01:55:41.079 10 INFO neutron.wsgi [None req-d94f7e5b-aacf-47da-ab17-c8b0b62d8605 24c50508f2654adaadbc244a66d9e27d e7d957023e294fbabe899ddf4f5cc1b8 - - - -] 10.0.0.96 "PUT /v2.0/routers/c045a7d1-0126-48b2-910e-4d9d6c446789/add_router_interface HTTP/1.1" status: 200 len: 503 time: 2.2315667
2026-05-18 01:55:41.182 10 INFO neutron.wsgi [req-8cc6456a-3a06-4eb8-b5d2-2092263c80e9 req-4eef4626-bf33-4038-95a4-16de1c786497 dcd8d914995b4d57909568dad8609e3c 9c096b1b9f234b5dbc37cc4125b06d3d - - default default] 10.0.0.184 "GET /v2.0/networks?id=81956753-4744-403c-bf28-a461518aa5de HTTP/1.1" status: 200 len: 872 time: 0.1628761
2026-05-18 01:55:41.204 10 INFO neutron.wsgi [req-8cc6456a-3a06-4eb8-b5d2-2092263c80e9 req-4d669e36-124b-4bd2-b483-026605cfe22e dcd8d914995b4d57909568dad8609e3c 9c096b1b9f234b5dbc37cc4125b06d3d - - default default] 10.0.0.184 "GET /v2.0/quotas/9c096b1b9f234b5dbc37cc4125b06d3d HTTP/1.1" status: 200 len: 386 time: 0.0144718
2026-05-18 01:55:41.250 9 INFO neutron.wsgi [None req-85a69324-97f9-456b-ab98-6e4a2c4a67d3 2c60b6ccd6fc4973bafcb3b18c51dfbc 541db572d2324afa95616f75acdd5c23 - - - -] 10.0.0.96 "DELETE /v2.0/security-groups/5e80a368-ca50-40bc-a435-bc1e4fff3f9b HTTP/1.1" status: 204 len: 168 time: 0.1753988
2026-05-18 01:55:41.374 9 INFO neutron.wsgi [None req-0ebadbf3-7f45-4261-9275-a330e37832a4 2c60b6ccd6fc4973bafcb3b18c51dfbc 541db572d2324afa95616f75acdd5c23 - - default default] 10.0.0.96 "GET /v2.0/security-groups?tenant_id=bdd570240f8045e3953b5a84bad9ec75&name=default HTTP/1.1" status: 200 len: 2996 time: 0.0361693
2026-05-18 01:55:41.564 9 INFO neutron.wsgi [None req-01e3b284-dda3-40ab-bdaf-90bb90a9b9cf 2c60b6ccd6fc4973bafcb3b18c51dfbc 541db572d2324afa95616f75acdd5c23 - - - -] 10.0.0.96 "DELETE /v2.0/security-groups/4206d4fb-2ae7-4307-b3fa-67b701087b14 HTTP/1.1" status: 204 len: 168 time: 0.1866419
2026-05-18 01:55:41.584 10 INFO neutron.wsgi [req-8cc6456a-3a06-4eb8-b5d2-2092263c80e9 req-23da3f35-fc02-4032-9b44-2bb68d607e89 dcd8d914995b4d57909568dad8609e3c 9c096b1b9f234b5dbc37cc4125b06d3d - - default default] 10.0.0.184 "GET /v2.0/ports?tenant_id=9c096b1b9f234b5dbc37cc4125b06d3d&fields=id HTTP/1.1" status: 200 len: 302 time: 0.1317866
2026-05-18 01:55:41.680 10 INFO neutron.wsgi [req-8cc6456a-3a06-4eb8-b5d2-2092263c80e9 req-51b71d3a-4e0d-4aa3-bf6f-4ec1547bf290 482563c3e50a4871a7b7a0056c860689 4c1fb3cc9e064e3aa1311af14731be2b - - 869e230c9c6040bc8c7ba358f0366bc5 869e230c9c6040bc8c7ba358f0366bc5] 10.0.0.184 "GET /v2.0/networks/81956753-4744-403c-bf28-a461518aa5de?fields=segments HTTP/1.1" status: 200 len: 212 time: 0.0853302
2026-05-18 01:55:41.693 9 INFO neutron.services.segments.plugin [-] Segment b426bc63-8b61-4fcf-83fa-e2508438e276 resource provider aggregate not found
2026-05-18 01:55:41.701 9 INFO neutron.services.segments.plugin [-] Segment b426bc63-8b61-4fcf-83fa-e2508438e276 resource provider aggregate not found
2026-05-18 01:55:41.710 9 INFO neutron.services.segments.plugin [-] Segment b426bc63-8b61-4fcf-83fa-e2508438e276 resource provider not found; error: Placement Client Error (4xx): {"errors": [{"status": 404, "title": "Not Found", "detail": "The resource could not be found.\n\n No resource provider with uuid b426bc63-8b61-4fcf-83fa-e2508438e276 found for delete ", "request_id": "req-ca2e99c7-5ab0-43bd-a01b-c405dad5f2b5"}]}
2026-05-18 01:55:41.721 9 INFO neutron.services.segments.plugin [-] Segment b426bc63-8b61-4fcf-83fa-e2508438e276 resource provider not found; error: Placement Client Error (4xx): {"errors": [{"status": 404, "title": "Not Found", "detail": "The resource could not be found.\n\n No resource provider with uuid b426bc63-8b61-4fcf-83fa-e2508438e276 found for delete ", "request_id": "req-fb3defd3-292e-4527-be0a-c1d80176abe3"}]}
2026-05-18 01:55:41.771 10 INFO neutron.wsgi [req-8cc6456a-3a06-4eb8-b5d2-2092263c80e9 req-1337f609-cf82-46e6-8e9a-0f1964b99723 482563c3e50a4871a7b7a0056c860689 4c1fb3cc9e064e3aa1311af14731be2b - - 869e230c9c6040bc8c7ba358f0366bc5 869e230c9c6040bc8c7ba358f0366bc5] 10.0.0.184 "GET /v2.0/networks/81956753-4744-403c-bf28-a461518aa5de?fields=provider%3Aphysical_network&fields=provider%3Anetwork_type HTTP/1.1" status: 200 len: 277 time: 0.0824971
2026-05-18 01:55:41.946 9 INFO neutron.wsgi [req-6edafee5-090d-46ba-b634-bf5cd4eb2f14 req-735dbada-5f17-483e-aadc-46d9a12ab05f dcd8d914995b4d57909568dad8609e3c 9c096b1b9f234b5dbc37cc4125b06d3d - - default default] 10.0.0.184 "GET /v2.0/ports?device_id=97090024-afe2-4cca-a7dd-31ca368b49d4 HTTP/1.1" status: 200 len: 210 time: 0.0249557
2026-05-18 01:55:42.046 10 WARNING neutron.scheduler.dhcp_agent_scheduler [None req-ebe600aa-2890-4b00-919b-8066ec3e10e5 24c50508f2654adaadbc244a66d9e27d e7d957023e294fbabe899ddf4f5cc1b8 - - default default] No more DHCP agents
2026-05-18 01:55:42.061 10 WARNING neutron.api.rpc.agentnotifiers.dhcp_rpc_agent_api [None req-ebe600aa-2890-4b00-919b-8066ec3e10e5 24c50508f2654adaadbc244a66d9e27d e7d957023e294fbabe899ddf4f5cc1b8 - - default default] Unable to schedule network cb96d403-b4d2-4cb5-9b9c-a8b905dfed98: no agents available; will retry on subsequent port and subnet creation events.
2026-05-18 01:55:42.228 10 INFO neutron.db.ovn_revision_numbers_db [None req-ebe600aa-2890-4b00-919b-8066ec3e10e5 24c50508f2654adaadbc244a66d9e27d e7d957023e294fbabe899ddf4f5cc1b8 - - default default] Successfully bumped revision number for resource fdc6519e-1339-4c5b-8dbf-f1cc4e7b23c5 (type: ports) to 1
2026-05-18 01:55:42.337 10 INFO neutron.wsgi [None req-2ba18dd3-dde9-4fb7-970c-8a4f6185d755 2c60b6ccd6fc4973bafcb3b18c51dfbc 541db572d2324afa95616f75acdd5c23 - - default default] 10.0.0.213 "GET /v2.0/networks HTTP/1.1" status: 200 len: 6235 time: 0.2970958
2026-05-18 01:55:42.387 10 INFO neutron.wsgi [None req-12a568e3-6350-476b-9889-11b909f30bfa 2c60b6ccd6fc4973bafcb3b18c51dfbc 541db572d2324afa95616f75acdd5c23 - - default default] 10.0.0.213 "GET /v2.0/floatingips HTTP/1.1" status: 200 len: 730 time: 0.0468004
2026-05-18 01:55:42.442 10 INFO neutron.wsgi [None req-9d1e0deb-bf23-439b-9306-623a6cab6735 2c60b6ccd6fc4973bafcb3b18c51dfbc 541db572d2324afa95616f75acdd5c23 - - default default] 10.0.0.213 "GET /v2.0/subnets HTTP/1.1" status: 200 len: 6802 time: 0.0536346
2026-05-18 01:55:42.461 10 INFO neutron.wsgi [None req-80f9598d-5bca-4b1d-afb7-0768cc8db106 2c60b6ccd6fc4973bafcb3b18c51dfbc 541db572d2324afa95616f75acdd5c23 - - default default] 10.0.0.213 "GET /v2.0/agents HTTP/1.1" status: 200 len: 997 time: 0.0171204
2026-05-18 01:55:42.506 10 INFO neutron.wsgi [None req-ad401d89-82e9-4f2d-ba18-93b6c30bc12f 2c60b6ccd6fc4973bafcb3b18c51dfbc 541db572d2324afa95616f75acdd5c23 - - default default] 10.0.0.213 "GET /v2.0/subnets HTTP/1.1" status: 200 len: 6802 time: 0.0423698
2026-05-18 01:55:42.528 10 INFO neutron.wsgi [None req-a2b8da57-4521-4fab-9fee-4336fa3eee90 2c60b6ccd6fc4973bafcb3b18c51dfbc 541db572d2324afa95616f75acdd5c23 - - default default] 10.0.0.213 "GET /v2.0/subnetpools HTTP/1.1" status: 200 len: 193 time: 0.0205960
2026-05-18 01:55:42.589 10 INFO neutron.wsgi [None req-7522dcef-ae11-43f1-b973-95c20f0c321b 2c60b6ccd6fc4973bafcb3b18c51dfbc 541db572d2324afa95616f75acdd5c23 - - default default] 10.0.0.213 "GET /v2.0/ports HTTP/1.1" status: 200 len: 19939 time: 0.0597115
2026-05-18 01:55:42.980 10 INFO neutron.wsgi [req-8cc6456a-3a06-4eb8-b5d2-2092263c80e9 req-63a156d8-acd5-4608-b538-94c4bdd914a1 dcd8d914995b4d57909568dad8609e3c 9c096b1b9f234b5dbc37cc4125b06d3d - - default default] 199.204.45.216 "GET /v2.0/networks?id=81956753-4744-403c-bf28-a461518aa5de HTTP/1.1" status: 200 len: 872 time: 0.3618958
2026-05-18 01:55:42.982 10 INFO neutron.wsgi [None req-666a833d-16e8-483e-b69c-68b4b09bd0b9 2c60b6ccd6fc4973bafcb3b18c51dfbc 541db572d2324afa95616f75acdd5c23 - - default default] 10.0.0.213 "GET /v2.0/routers HTTP/1.1" status: 200 len: 2191 time: 0.3848026
2026-05-18 01:55:43.010 10 INFO neutron.wsgi [None req-93c65458-2dfd-4346-9689-723c14715248 2c60b6ccd6fc4973bafcb3b18c51dfbc 541db572d2324afa95616f75acdd5c23 - - default default] 10.0.0.213 "GET /v2.0/agents?binary=ovn-controller HTTP/1.1" status: 200 len: 591 time: 0.0273438
2026-05-18 01:55:43.086 10 INFO neutron.wsgi [req-dc814871-318e-4d0c-9e1c-d7d9762d36d1 req-cf7598e6-c6a9-4b2b-b85e-f2e5be13e0f6 dcd8d914995b4d57909568dad8609e3c 9c096b1b9f234b5dbc37cc4125b06d3d - - default default] 10.0.0.184 "GET /v2.0/ports?device_id=97090024-afe2-4cca-a7dd-31ca368b49d4 HTTP/1.1" status: 200 len: 210 time: 0.0467069
2026-05-18 01:55:43.114 10 INFO neutron.wsgi [req-8cc6456a-3a06-4eb8-b5d2-2092263c80e9 req-96a203b0-4e94-466e-8050-621821ea8b24 dcd8d914995b4d57909568dad8609e3c 9c096b1b9f234b5dbc37cc4125b06d3d - - default default] 199.204.45.216 "GET /v2.0/security-groups?fields=id&fields=name&tenant_id=9c096b1b9f234b5dbc37cc4125b06d3d HTTP/1.1" status: 200 len: 473 time: 0.1183462
2026-05-18 01:55:43.236 10 INFO neutron.wsgi [None req-60453770-e411-4cfb-a425-2ce48eb991dc 2c60b6ccd6fc4973bafcb3b18c51dfbc 541db572d2324afa95616f75acdd5c23 - - default default] 10.0.0.213 "GET /v2.0/security-groups HTTP/1.1" status: 200 len: 32980 time: 0.2216990
2026-05-18 01:55:43.264 10 INFO neutron.wsgi [None req-e058b710-dfa5-4ba6-9b38-fd16a532c716 2c60b6ccd6fc4973bafcb3b18c51dfbc 541db572d2324afa95616f75acdd5c23 - - default default] 10.0.0.213 "GET /v2.0/network-ip-availabilities HTTP/1.1" status: 200 len: 4305 time: 0.0196927
2026-05-18 01:55:43.426 10 INFO neutron.plugins.ml2.drivers.ovn.mech_driver.mech_driver [None req-b5e345bd-f316-4f6d-9b0e-09c747b0f037 - - - - - -] OVN reports status up for port: fdc6519e-1339-4c5b-8dbf-f1cc4e7b23c5
2026-05-18 01:55:43.445 10 INFO neutron.plugins.ml2.plugin [None req-b5e345bd-f316-4f6d-9b0e-09c747b0f037 - - - - - -] Attempt 1 to provision port fdc6519e-1339-4c5b-8dbf-f1cc4e7b23c5
2026-05-18 01:55:43.447 10 INFO neutron.db.ovn_revision_numbers_db [None req-ebe600aa-2890-4b00-919b-8066ec3e10e5 24c50508f2654adaadbc244a66d9e27d e7d957023e294fbabe899ddf4f5cc1b8 - - default default] Successfully bumped revision number for resource fdc6519e-1339-4c5b-8dbf-f1cc4e7b23c5 (type: router_ports) to 2
2026-05-18 01:55:43.653 10 WARNING neutron.scheduler.dhcp_agent_scheduler [None req-1826af09-aeff-4e81-8799-42ce65676835 dcd8d914995b4d57909568dad8609e3c 9c096b1b9f234b5dbc37cc4125b06d3d - - - -] No more DHCP agents
2026-05-18 01:55:43.660 10 WARNING neutron.api.rpc.agentnotifiers.dhcp_rpc_agent_api [None req-1826af09-aeff-4e81-8799-42ce65676835 dcd8d914995b4d57909568dad8609e3c 9c096b1b9f234b5dbc37cc4125b06d3d - - - -] Unable to schedule network 81956753-4744-403c-bf28-a461518aa5de: no agents available; will retry on subsequent port and subnet creation events.
2026-05-18 01:55:43.697 10 INFO neutron.db.ovn_revision_numbers_db [None req-ebe600aa-2890-4b00-919b-8066ec3e10e5 24c50508f2654adaadbc244a66d9e27d e7d957023e294fbabe899ddf4f5cc1b8 - - default default] Successfully bumped revision number for resource fdc6519e-1339-4c5b-8dbf-f1cc4e7b23c5 (type: ports) to 2
2026-05-18 01:55:43.844 10 WARNING neutron.scheduler.dhcp_agent_scheduler [None req-ebe600aa-2890-4b00-919b-8066ec3e10e5 24c50508f2654adaadbc244a66d9e27d e7d957023e294fbabe899ddf4f5cc1b8 - - default default] No more DHCP agents
2026-05-18 01:55:43.849 10 WARNING neutron.api.rpc.agentnotifiers.dhcp_rpc_agent_api [None req-ebe600aa-2890-4b00-919b-8066ec3e10e5 24c50508f2654adaadbc244a66d9e27d e7d957023e294fbabe899ddf4f5cc1b8 - - default default] Unable to schedule network cb96d403-b4d2-4cb5-9b9c-a8b905dfed98: no agents available; will retry on subsequent port and subnet creation events.
2026-05-18 01:55:43.915 10 INFO neutron.db.ovn_revision_numbers_db [None req-b5e345bd-f316-4f6d-9b0e-09c747b0f037 - - - - - -] Successfully bumped revision number for resource fdc6519e-1339-4c5b-8dbf-f1cc4e7b23c5 (type: ports) to 3
2026-05-18 01:55:43.928 10 INFO neutron.db.ovn_revision_numbers_db [None req-1826af09-aeff-4e81-8799-42ce65676835 dcd8d914995b4d57909568dad8609e3c 9c096b1b9f234b5dbc37cc4125b06d3d - - - -] Successfully bumped revision number for resource 942de797-4d17-48f9-b3cc-401a4a5b0901 (type: ports) to 1
2026-05-18 01:55:43.984 10 INFO neutron.wsgi [None req-1826af09-aeff-4e81-8799-42ce65676835 dcd8d914995b4d57909568dad8609e3c 9c096b1b9f234b5dbc37cc4125b06d3d - - - -] 199.204.45.216 "POST /v2.0/ports HTTP/1.1" status: 201 len: 1197 time: 0.8662152 /var/lib/openstack/lib/python3.10/site-packages/pycadf/identifier.py:71: UserWarning: Invalid uuid: neutron. To ensure interoperability, identifiers should be a valid uuid. warnings.warn(('Invalid uuid: %s. To ensure interoperability, '
2026-05-18 01:55:44.102 10 INFO neutron.db.ovn_revision_numbers_db [None req-b5e345bd-f316-4f6d-9b0e-09c747b0f037 - - - - - -] Successfully bumped revision number for resource fdc6519e-1339-4c5b-8dbf-f1cc4e7b23c5 (type: router_ports) to 3
2026-05-18 01:55:44.244 9 WARNING neutron.plugins.ml2.drivers.ovn.mech_driver.ovsdb.ovn_client [None req-112924e3-7ee5-4fb4-9c83-2b3b44b912a4 - - - - - -] No hosting information found for port bc482041-1041-4a20-ace9-3fd332614045: RuntimeError: No hosting information found for port bc482041-1041-4a20-ace9-3fd332614045
2026-05-18 01:55:44.245 9 INFO neutron.plugins.ml2.drivers.ovn.mech_driver.mech_driver [None req-112924e3-7ee5-4fb4-9c83-2b3b44b912a4 - - - - - -] OVN reports status up for port: 4eab5b15-8427-463f-93b5-d6faa64d1282
2026-05-18 01:55:44.254 9 INFO neutron.plugins.ml2.plugin [None req-112924e3-7ee5-4fb4-9c83-2b3b44b912a4 - - - - - -] Attempt 1 to provision port 4eab5b15-8427-463f-93b5-d6faa64d1282
2026-05-18 01:55:44.279 9 INFO neutron.wsgi [req-b8f84ca6-3d35-44f2-be20-7cbc52dd2219 req-21926fe1-91c0-4474-b382-85d7b58477b5 dcd8d914995b4d57909568dad8609e3c 9c096b1b9f234b5dbc37cc4125b06d3d - - default default] 10.0.0.184 "GET /v2.0/ports?device_id=97090024-afe2-4cca-a7dd-31ca368b49d4 HTTP/1.1" status: 200 len: 1195 time: 0.1314192
2026-05-18 01:55:44.579 9 INFO neutron.wsgi [req-b8f84ca6-3d35-44f2-be20-7cbc52dd2219 req-d76e9343-3e3d-4575-8355-700c00b60a0d dcd8d914995b4d57909568dad8609e3c 9c096b1b9f234b5dbc37cc4125b06d3d - - default default] 10.0.0.184 "GET /v2.0/security-groups?id=df0cfe29-5122-4444-81b5-9fb8332e5e14&id=83f9bf6a-7889-4818-adb2-20d0b37e0529&fields=id&fields=name HTTP/1.1" status: 200 len: 406 time: 0.2790136
2026-05-18 01:55:44.652 10 INFO neutron.db.ovn_revision_numbers_db [None req-ebe600aa-2890-4b00-919b-8066ec3e10e5 24c50508f2654adaadbc244a66d9e27d e7d957023e294fbabe899ddf4f5cc1b8 - - - -] Successfully bumped revision number for resource fdc6519e-1339-4c5b-8dbf-f1cc4e7b23c5 (type: router_ports) to 3
2026-05-18 01:55:44.654 10 INFO neutron.wsgi [None req-ebe600aa-2890-4b00-919b-8066ec3e10e5 24c50508f2654adaadbc244a66d9e27d e7d957023e294fbabe899ddf4f5cc1b8 - - - -] 10.0.0.96 "PUT /v2.0/routers/c045a7d1-0126-48b2-910e-4d9d6c446789/add_router_interface HTTP/1.1" status: 200 len: 503 time: 3.5720370 /var/lib/openstack/lib/python3.10/site-packages/pycadf/identifier.py:71: UserWarning: Invalid uuid: neutron. To ensure interoperability, identifiers should be a valid uuid. warnings.warn(('Invalid uuid: %s. To ensure interoperability, '
2026-05-18 01:55:44.756 9 INFO neutron.db.ovn_revision_numbers_db [None req-112924e3-7ee5-4fb4-9c83-2b3b44b912a4 - - - - - -] Successfully bumped revision number for resource 4eab5b15-8427-463f-93b5-d6faa64d1282 (type: ports) to 3
2026-05-18 01:55:44.793 10 INFO neutron.db.ovn_revision_numbers_db [None req-f23778e2-3916-4664-ab05-5683a47678bd 482563c3e50a4871a7b7a0056c860689 4c1fb3cc9e064e3aa1311af14731be2b - - - -] Successfully bumped revision number for resource 942de797-4d17-48f9-b3cc-401a4a5b0901 (type: ports) to 2
2026-05-18 01:55:44.832 10 INFO neutron.db.ovn_revision_numbers_db [None req-ec1dc6e6-aca5-4b88-9dc9-c6db47a10677 24c50508f2654adaadbc244a66d9e27d e7d957023e294fbabe899ddf4f5cc1b8 - - - -] Successfully bumped revision number for resource 1c74e251-9d13-49b3-a534-167368fe338f (type: security_groups) to 1
2026-05-18 01:55:44.869 10 INFO neutron.wsgi [None req-ec1dc6e6-aca5-4b88-9dc9-c6db47a10677 24c50508f2654adaadbc244a66d9e27d e7d957023e294fbabe899ddf4f5cc1b8 - - - -] 10.0.0.96 "POST /v2.0/security-groups HTTP/1.1" status: 201 len: 1765 time: 0.1571438
2026-05-18 01:55:44.886 9 INFO neutron.db.ovn_revision_numbers_db [None req-112924e3-7ee5-4fb4-9c83-2b3b44b912a4 - - - - - -] Successfully bumped revision number for resource 4eab5b15-8427-463f-93b5-d6faa64d1282 (type: router_ports) to 3
2026-05-18 01:55:44.997 10 INFO neutron.db.ovn_revision_numbers_db [None req-f23778e2-3916-4664-ab05-5683a47678bd 482563c3e50a4871a7b7a0056c860689 4c1fb3cc9e064e3aa1311af14731be2b - - - -] Successfully bumped revision number for resource 942de797-4d17-48f9-b3cc-401a4a5b0901 (type: ports) to 2
2026-05-18 01:55:45.014 10 INFO neutron.wsgi [None req-f23778e2-3916-4664-ab05-5683a47678bd 482563c3e50a4871a7b7a0056c860689 4c1fb3cc9e064e3aa1311af14731be2b - - - -] 199.204.45.216 "PUT /v2.0/ports/942de797-4d17-48f9-b3cc-401a4a5b0901 HTTP/1.1" status: 200 len: 1367 time: 1.0222750
2026-05-18 01:55:45.027 10 INFO neutron.db.ovn_revision_numbers_db [None req-6c71ca99-f86c-4713-95ec-46a90cf323c0 24c50508f2654adaadbc244a66d9e27d e7d957023e294fbabe899ddf4f5cc1b8 - - - -] Successfully bumped revision number for resource 7bc074ee-3048-4e9b-bb2f-74097e606282 (type: security_group_rules) to 0
2026-05-18 01:55:45.044 10 INFO neutron.notifiers.nova [-] Nova event matching ['req-5639e9af-d938-4d72-a57e-9e00dc7c4a48'] response: {'name': 'network-changed', 'server_uuid': '97090024-afe2-4cca-a7dd-31ca368b49d4', 'tag': '942de797-4d17-48f9-b3cc-401a4a5b0901', 'status': 'completed', 'code': 200}
2026-05-18 01:55:45.049 10 INFO neutron.wsgi [None req-6c71ca99-f86c-4713-95ec-46a90cf323c0 24c50508f2654adaadbc244a66d9e27d e7d957023e294fbabe899ddf4f5cc1b8 - - - -] 10.0.0.96 "POST /v2.0/security-group-rules HTTP/1.1" status: 201 len: 764 time: 0.1741521 /var/lib/openstack/lib/python3.10/site-packages/pycadf/identifier.py:71: UserWarning: Invalid uuid: neutron. To ensure interoperability, identifiers should be a valid uuid. warnings.warn(('Invalid uuid: %s. To ensure interoperability, '
