2026-05-18 01:52:55.208 9 WARNING neutron.api.rpc.agentnotifiers.dhcp_rpc_agent_api [None req-3f9df7a2-cbfa-46c5-aac0-ac02689ac098 00167952455a4cbfbf92d37e77420878 689443de6a90401386dab5947a82ca8d - - - -] Unable to schedule network bdc1bc57-5afe-4eb4-9a3d-180fff8107d9: no agents available; will retry on subsequent port and subnet creation events.
2026-05-18 01:52:55.366 9 INFO neutron.db.ovn_revision_numbers_db [None req-3f9df7a2-cbfa-46c5-aac0-ac02689ac098 00167952455a4cbfbf92d37e77420878 689443de6a90401386dab5947a82ca8d - - - -] Successfully bumped revision number for resource e49e8caf-216c-4d9e-9798-23217912cd84 (type: ports) to 1
2026-05-18 01:52:55.393 9 INFO neutron.wsgi [None req-3f9df7a2-cbfa-46c5-aac0-ac02689ac098 00167952455a4cbfbf92d37e77420878 689443de6a90401386dab5947a82ca8d - - - -] 10.0.0.96 "POST /v2.0/ports HTTP/1.1" status: 201 len: 1158 time: 0.5410428
2026-05-18 01:52:55.397 10 INFO neutron.db.ovn_revision_numbers_db [None req-9c54d9dc-7ee6-4357-9e8e-23a66d359662 - - - - - -] Successfully bumped revision number for resource 2dc96bbb-1d4f-4f8f-9ce3-d16bb99e81f3 (type: router_ports) to 3 /var/lib/openstack/lib/python3.10/site-packages/pycadf/identifier.py:71: UserWarning: Invalid uuid: neutron. To ensure interoperability, identifiers should be a valid uuid. warnings.warn(('Invalid uuid: %s. To ensure interoperability, '
2026-05-18 01:52:55.675 9 WARNING neutron.scheduler.dhcp_agent_scheduler [None req-2217cf73-d23a-4ce5-bb88-6478249d079a 00167952455a4cbfbf92d37e77420878 689443de6a90401386dab5947a82ca8d - - - -] No more DHCP agents
2026-05-18 01:52:55.677 9 WARNING neutron.api.rpc.agentnotifiers.dhcp_rpc_agent_api [None req-2217cf73-d23a-4ce5-bb88-6478249d079a 00167952455a4cbfbf92d37e77420878 689443de6a90401386dab5947a82ca8d - - - -] Unable to schedule network 1789723b-4cd4-4985-abb8-7edd76d122e7: no agents available; will retry on subsequent port and subnet creation events.
2026-05-18 01:52:55.695 10 INFO neutron.db.ovn_revision_numbers_db [None req-9c54d9dc-7ee6-4357-9e8e-23a66d359662 - - - - - -] Successfully bumped revision number for resource 2dc96bbb-1d4f-4f8f-9ce3-d16bb99e81f3 (type: ports) to 2
2026-05-18 01:52:56.165 10 INFO neutron.db.ovn_revision_numbers_db [None req-b33ea154-b91e-4431-b123-fce0d71fa9a9 2c60b6ccd6fc4973bafcb3b18c51dfbc 541db572d2324afa95616f75acdd5c23 - - default default] Successfully bumped revision number for resource 774ae707-35fa-46ed-a622-47c25cac1c06 (type: router_ports) to 2
2026-05-18 01:52:56.324 10 INFO neutron.db.ovn_revision_numbers_db [None req-9c54d9dc-7ee6-4357-9e8e-23a66d359662 - - - - - -] Successfully bumped revision number for resource 2dc96bbb-1d4f-4f8f-9ce3-d16bb99e81f3 (type: ports) to 4
2026-05-18 01:52:56.371 9 INFO neutron.db.l3_db [None req-2217cf73-d23a-4ce5-bb88-6478249d079a 00167952455a4cbfbf92d37e77420878 689443de6a90401386dab5947a82ca8d - - - -] Floating IP 2647acef-e1d4-44b4-b446-9e18c8dd95bd associated. External IP: 10.96.250.217, port: e49e8caf-216c-4d9e-9798-23217912cd84.
2026-05-18 01:52:56.450 10 INFO neutron.db.ovn_revision_numbers_db [None req-b33ea154-b91e-4431-b123-fce0d71fa9a9 2c60b6ccd6fc4973bafcb3b18c51dfbc 541db572d2324afa95616f75acdd5c23 - - default default] Successfully bumped revision number for resource 774ae707-35fa-46ed-a622-47c25cac1c06 (type: ports) to 2
2026-05-18 01:52:56.558 9 INFO neutron.db.ovn_revision_numbers_db [None req-2217cf73-d23a-4ce5-bb88-6478249d079a 00167952455a4cbfbf92d37e77420878 689443de6a90401386dab5947a82ca8d - - - -] Successfully bumped revision number for resource 2647acef-e1d4-44b4-b446-9e18c8dd95bd (type: floatingips) to 0
2026-05-18 01:52:56.606 10 WARNING neutron.scheduler.dhcp_agent_scheduler [None req-b33ea154-b91e-4431-b123-fce0d71fa9a9 2c60b6ccd6fc4973bafcb3b18c51dfbc 541db572d2324afa95616f75acdd5c23 - - default default] No more DHCP agents
2026-05-18 01:52:56.608 10 WARNING neutron.api.rpc.agentnotifiers.dhcp_rpc_agent_api [None req-b33ea154-b91e-4431-b123-fce0d71fa9a9 2c60b6ccd6fc4973bafcb3b18c51dfbc 541db572d2324afa95616f75acdd5c23 - - default default] Unable to schedule network 34d5ef2d-388a-4fec-8c79-fad8218edcf3: no agents available; will retry on subsequent port and subnet creation events.
2026-05-18 01:52:56.652 9 INFO neutron.db.ovn_revision_numbers_db [None req-2217cf73-d23a-4ce5-bb88-6478249d079a 00167952455a4cbfbf92d37e77420878 689443de6a90401386dab5947a82ca8d - - - -] Successfully bumped revision number for resource 2647acef-e1d4-44b4-b446-9e18c8dd95bd (type: floatingips) to 1
2026-05-18 01:52:56.697 9 INFO neutron.wsgi [None req-2217cf73-d23a-4ce5-bb88-6478249d079a 00167952455a4cbfbf92d37e77420878 689443de6a90401386dab5947a82ca8d - - - -] 10.0.0.96 "POST /v2.0/floatingips HTTP/1.1" status: 201 len: 1042 time: 1.2991238
2026-05-18 01:52:56.763 10 INFO neutron.db.ovn_revision_numbers_db [None req-9c54d9dc-7ee6-4357-9e8e-23a66d359662 - - - - - -] Successfully bumped revision number for resource 2dc96bbb-1d4f-4f8f-9ce3-d16bb99e81f3 (type: router_ports) to 4
2026-05-18 01:52:56.857 9 INFO neutron.db.l3_db [None req-5ce68a3b-0d02-4cd2-a773-0982f142a28c 00167952455a4cbfbf92d37e77420878 689443de6a90401386dab5947a82ca8d - - - -] Floating IP 2647acef-e1d4-44b4-b446-9e18c8dd95bd disassociated. External IP: 10.96.250.217, port: e49e8caf-216c-4d9e-9798-23217912cd84.
2026-05-18 01:52:56.880 9 INFO neutron.db.ovn_revision_numbers_db [None req-5ce68a3b-0d02-4cd2-a773-0982f142a28c 00167952455a4cbfbf92d37e77420878 689443de6a90401386dab5947a82ca8d - - - -] Successfully bumped revision number for resource 2647acef-e1d4-44b4-b446-9e18c8dd95bd (type: floatingips) to 2
2026-05-18 01:52:56.953 9 INFO neutron.wsgi [None req-5ce68a3b-0d02-4cd2-a773-0982f142a28c 00167952455a4cbfbf92d37e77420878 689443de6a90401386dab5947a82ca8d - - - -] 10.0.0.96 "PUT /v2.0/floatingips/2647acef-e1d4-44b4-b446-9e18c8dd95bd HTTP/1.1" status: 200 len: 748 time: 0.2464023
2026-05-18 01:52:57.331 10 INFO neutron.wsgi [None req-45eee13e-dfbd-4d1a-9790-0338f9aff735 2c60b6ccd6fc4973bafcb3b18c51dfbc 541db572d2324afa95616f75acdd5c23 - - - -] 10.0.0.96 "PUT /v2.0/routers/4b7d7f9e-c570-4a0b-b1b6-19d1d12e9bd4/remove_router_interface HTTP/1.1" status: 200 len: 503 time: 2.2957327 /var/lib/openstack/lib/python3.10/site-packages/pycadf/identifier.py:71: UserWarning: Invalid uuid: neutron. To ensure interoperability, identifiers should be a valid uuid. warnings.warn(('Invalid uuid: %s. To ensure interoperability, '
2026-05-18 01:52:57.502 9 WARNING neutron.plugins.ml2.drivers.ovn.mech_driver.ovsdb.ovn_client [None req-112924e3-7ee5-4fb4-9c83-2b3b44b912a4 - - - - - -] No hosting information found for port 465b5fe2-7d31-4d35-b376-5405e1414e6c: RuntimeError: No hosting information found for port 465b5fe2-7d31-4d35-b376-5405e1414e6c
2026-05-18 01:52:57.544 9 INFO neutron.wsgi [None req-91406dc7-cb2e-4280-a6eb-232b2a3f52ba 00167952455a4cbfbf92d37e77420878 689443de6a90401386dab5947a82ca8d - - - -] 10.0.0.96 "DELETE /v2.0/floatingips/2647acef-e1d4-44b4-b446-9e18c8dd95bd HTTP/1.1" status: 204 len: 168 time: 0.5869546 /var/lib/openstack/lib/python3.10/site-packages/pycadf/identifier.py:71: UserWarning: Invalid uuid: neutron. To ensure interoperability, identifiers should be a valid uuid. warnings.warn(('Invalid uuid: %s. To ensure interoperability, '
2026-05-18 01:52:57.681 10 INFO neutron.db.ovn_revision_numbers_db [None req-b33ea154-b91e-4431-b123-fce0d71fa9a9 2c60b6ccd6fc4973bafcb3b18c51dfbc 541db572d2324afa95616f75acdd5c23 - - - -] Successfully bumped revision number for resource 774ae707-35fa-46ed-a622-47c25cac1c06 (type: router_ports) to 2
2026-05-18 01:52:57.683 10 INFO neutron.wsgi [None req-b33ea154-b91e-4431-b123-fce0d71fa9a9 2c60b6ccd6fc4973bafcb3b18c51dfbc 541db572d2324afa95616f75acdd5c23 - - - -] 10.0.0.96 "PUT /v2.0/routers/e707f9f3-2b7c-457e-aa26-309e57a071d5/add_router_interface HTTP/1.1" status: 200 len: 503 time: 3.7508504
2026-05-18 01:52:57.835 9 WARNING neutron.scheduler.dhcp_agent_scheduler [None req-dbb12e95-f856-403b-86dd-a44ab3a1231f 00167952455a4cbfbf92d37e77420878 689443de6a90401386dab5947a82ca8d - - - -] No more DHCP agents
2026-05-18 01:52:57.840 9 WARNING neutron.api.rpc.agentnotifiers.dhcp_rpc_agent_api [None req-dbb12e95-f856-403b-86dd-a44ab3a1231f 00167952455a4cbfbf92d37e77420878 689443de6a90401386dab5947a82ca8d - - - -] Unable to schedule network 1789723b-4cd4-4985-abb8-7edd76d122e7: no agents available; will retry on subsequent port and subnet creation events.
2026-05-18 01:52:58.058 10 INFO neutron.wsgi [None req-5a87ea0d-909c-409b-a483-1808d9b7c160 2c60b6ccd6fc4973bafcb3b18c51dfbc 541db572d2324afa95616f75acdd5c23 - - - -] 10.0.0.96 "DELETE /v2.0/routers/4b7d7f9e-c570-4a0b-b1b6-19d1d12e9bd4 HTTP/1.1" status: 204 len: 168 time: 0.7231331
2026-05-18 01:52:58.238 10 INFO neutron.wsgi [None req-553491a4-3a4b-4191-953b-ce0276cb39a2 2c60b6ccd6fc4973bafcb3b18c51dfbc 541db572d2324afa95616f75acdd5c23 - - - -] 10.0.0.96 "DELETE /v2.0/subnets/5a57554f-6ff9-4594-9773-93f8034ace83 HTTP/1.1" status: 204 len: 168 time: 0.1763258
2026-05-18 01:52:58.279 9 INFO neutron.db.l3_db [None req-dbb12e95-f856-403b-86dd-a44ab3a1231f 00167952455a4cbfbf92d37e77420878 689443de6a90401386dab5947a82ca8d - - - -] Floating IP f7276282-3146-48c0-893e-533d3329217d associated. External IP: 10.96.250.207, port: 7ee0149e-7281-4048-897d-ed80dd6b3b5a.
2026-05-18 01:52:58.472 9 INFO neutron.db.ovn_revision_numbers_db [None req-dbb12e95-f856-403b-86dd-a44ab3a1231f 00167952455a4cbfbf92d37e77420878 689443de6a90401386dab5947a82ca8d - - - -] Successfully bumped revision number for resource f7276282-3146-48c0-893e-533d3329217d (type: floatingips) to 0
2026-05-18 01:52:58.475 10 INFO neutron.db.ovn_revision_numbers_db [None req-ca652394-495e-47ec-90af-038ad685cdfd 7221d7751dfd4973a641ec934d54c5fc 1289497aa682444696d74aa0123e86aa - - - -] Successfully bumped revision number for resource 766764fb-63b1-4090-933e-b442550cb4db (type: security_groups) to 1
2026-05-18 01:52:58.506 10 INFO neutron.wsgi [None req-ca652394-495e-47ec-90af-038ad685cdfd 7221d7751dfd4973a641ec934d54c5fc 1289497aa682444696d74aa0123e86aa - - - -] 10.0.0.96 "POST /v2.0/security-groups HTTP/1.1" status: 201 len: 1796 time: 0.1692371
2026-05-18 01:52:58.567 9 INFO neutron.db.ovn_revision_numbers_db [None req-dbb12e95-f856-403b-86dd-a44ab3a1231f 00167952455a4cbfbf92d37e77420878 689443de6a90401386dab5947a82ca8d - - - -] Successfully bumped revision number for resource f7276282-3146-48c0-893e-533d3329217d (type: floatingips) to 1
2026-05-18 01:52:58.607 9 INFO neutron.wsgi [None req-dbb12e95-f856-403b-86dd-a44ab3a1231f 00167952455a4cbfbf92d37e77420878 689443de6a90401386dab5947a82ca8d - - - -] 10.0.0.96 "POST /v2.0/floatingips HTTP/1.1" status: 201 len: 1042 time: 1.0556157 /var/lib/openstack/lib/python3.10/site-packages/pycadf/identifier.py:71: UserWarning: Invalid uuid: neutron. To ensure interoperability, identifiers should be a valid uuid. warnings.warn(('Invalid uuid: %s. To ensure interoperability, '
2026-05-18 01:52:58.625 10 INFO neutron.services.segments.plugin [-] Segment a392033d-9274-4e90-b7db-5fc66710c2f8 resource provider aggregate not found
2026-05-18 01:52:58.630 10 INFO neutron.services.segments.plugin [-] Segment a392033d-9274-4e90-b7db-5fc66710c2f8 resource provider aggregate not found
2026-05-18 01:52:58.646 10 INFO neutron.services.segments.plugin [-] Segment a392033d-9274-4e90-b7db-5fc66710c2f8 resource provider not found; error: Placement Client Error (4xx): {"errors": [{"status": 404, "title": "Not Found", "detail": "The resource could not be found.\n\n No resource provider with uuid a392033d-9274-4e90-b7db-5fc66710c2f8 found for delete ", "request_id": "req-2bae0f3d-b22f-4071-bdf7-6f2a3e4e9661"}]}
2026-05-18 01:52:58.650 9 INFO neutron.wsgi [None req-8ba32d39-b081-48a5-8f7d-2953ff25bddc 00167952455a4cbfbf92d37e77420878 689443de6a90401386dab5947a82ca8d - - default default] 10.0.0.96 "GET /v2.0/floatingips/f7276282-3146-48c0-893e-533d3329217d HTTP/1.1" status: 200 len: 1039 time: 0.0396709
2026-05-18 01:52:58.651 10 INFO neutron.services.segments.plugin [-] Segment a392033d-9274-4e90-b7db-5fc66710c2f8 resource provider not found; error: Placement Client Error (4xx): {"errors": [{"status": 404, "title": "Not Found", "detail": "The resource could not be found.\n\n No resource provider with uuid a392033d-9274-4e90-b7db-5fc66710c2f8 found for delete ", "request_id": "req-3faa1f05-d252-4c91-b077-e0d01c55bdf5"}]}
2026-05-18 01:52:58.663 10 INFO neutron.wsgi [None req-1ce12123-21cf-4b0c-b9d6-78c56419010e 2c60b6ccd6fc4973bafcb3b18c51dfbc 541db572d2324afa95616f75acdd5c23 - - - -] 10.0.0.96 "DELETE /v2.0/networks/78fe8510-7f78-4f64-b501-71537e33d299 HTTP/1.1" status: 204 len: 168 time: 0.4193113
2026-05-18 01:52:58.695 10 INFO neutron.db.ovn_revision_numbers_db [None req-9b4583e8-dcae-4f41-a6cf-c4a161c06864 7221d7751dfd4973a641ec934d54c5fc 1289497aa682444696d74aa0123e86aa - - - -] Successfully bumped revision number for resource 2a0f7b36-a374-4fc4-9281-c11a0bb32fe8 (type: security_group_rules) to 0
2026-05-18 01:52:58.720 10 INFO neutron.wsgi [None req-9b4583e8-dcae-4f41-a6cf-c4a161c06864 7221d7751dfd4973a641ec934d54c5fc 1289497aa682444696d74aa0123e86aa - - - -] 10.0.0.96 "POST /v2.0/security-group-rules HTTP/1.1" status: 201 len: 764 time: 0.2055123
2026-05-18 01:52:58.720 9 INFO neutron.wsgi [None req-f9b73ab2-7f28-4a7c-abd8-6276730d9c01 00167952455a4cbfbf92d37e77420878 689443de6a90401386dab5947a82ca8d - - default default] 10.0.0.96 "GET /v2.0/floatingips HTTP/1.1" status: 200 len: 1042 time: 0.0656111
2026-05-18 01:52:58.818 9 INFO neutron.wsgi [None req-27172b67-a937-4b93-be26-38ad9e6375a4 2c60b6ccd6fc4973bafcb3b18c51dfbc 541db572d2324afa95616f75acdd5c23 - - default default] 10.0.0.96 "GET /v2.0/security-groups?tenant_id=149ccf8d6f5645fea76da61b172ab6f8&name=default HTTP/1.1" status: 200 len: 2992 time: 0.0371635
2026-05-18 01:52:58.831 9 INFO neutron.db.ovn_revision_numbers_db [None req-a4f670af-62d5-4ef5-a6c1-b150adc620e6 2c60b6ccd6fc4973bafcb3b18c51dfbc 541db572d2324afa95616f75acdd5c23 - - default default] Successfully bumped revision number for resource 80260ab1-ed72-40b2-96da-b39b0abb7f16 (type: security_groups) to 1
2026-05-18 01:52:58.852 9 INFO neutron.wsgi [None req-a4f670af-62d5-4ef5-a6c1-b150adc620e6 2c60b6ccd6fc4973bafcb3b18c51dfbc 541db572d2324afa95616f75acdd5c23 - - default default] 10.0.0.96 "GET /v2.0/security-groups?tenant_id=39c18c0b0bfa49499b727338d0a67866&name=default HTTP/1.1" status: 200 len: 2996 time: 0.3165255
2026-05-18 01:52:58.870 9 INFO neutron.db.ovn_revision_numbers_db [None req-3c00963f-968c-42a0-821a-aed83621d737 7221d7751dfd4973a641ec934d54c5fc 1289497aa682444696d74aa0123e86aa - - - -] Successfully bumped revision number for resource e2cf395d-438d-40d2-95b9-87455704682f (type: security_group_rules) to 0
2026-05-18 01:52:58.899 9 INFO neutron.wsgi [None req-3c00963f-968c-42a0-821a-aed83621d737 7221d7751dfd4973a641ec934d54c5fc 1289497aa682444696d74aa0123e86aa - - - -] 10.0.0.96 "POST /v2.0/security-group-rules HTTP/1.1" status: 201 len: 769 time: 0.1746697
2026-05-18 01:52:59.014 10 INFO neutron.db.l3_db [None req-47dade57-ba1f-4dd1-9c35-a909bcf6ae67 00167952455a4cbfbf92d37e77420878 689443de6a90401386dab5947a82ca8d - - - -] Floating IP f7276282-3146-48c0-893e-533d3329217d associated. External IP: 10.96.250.207, port: 7ee0149e-7281-4048-897d-ed80dd6b3b5a.
2026-05-18 01:52:59.117 9 INFO neutron.wsgi [None req-585bb93b-8e40-44a0-9a3a-38d8c1370c5a 2c60b6ccd6fc4973bafcb3b18c51dfbc 541db572d2324afa95616f75acdd5c23 - - - -] 10.0.0.96 "DELETE /v2.0/security-groups/80260ab1-ed72-40b2-96da-b39b0abb7f16 HTTP/1.1" status: 204 len: 168 time: 0.2614260
2026-05-18 01:52:59.146 10 INFO neutron.wsgi [None req-fd3e80f3-c700-4d7c-9a4f-e3ff0985319c 2c60b6ccd6fc4973bafcb3b18c51dfbc 541db572d2324afa95616f75acdd5c23 - - - -] 10.0.0.96 "DELETE /v2.0/security-groups/6e6793a4-3ba7-4137-aed9-7e2d62c4bdb6 HTTP/1.1" status: 204 len: 168 time: 0.3224883
2026-05-18 01:52:59.167 10 INFO neutron.db.ovn_revision_numbers_db [None req-47dade57-ba1f-4dd1-9c35-a909bcf6ae67 00167952455a4cbfbf92d37e77420878 689443de6a90401386dab5947a82ca8d - - - -] Successfully bumped revision number for resource f7276282-3146-48c0-893e-533d3329217d (type: floatingips) to 2
2026-05-18 01:52:59.219 9 WARNING neutron.scheduler.dhcp_agent_scheduler [None req-d4401f9f-966d-438f-b11c-f6f56de9b643 7221d7751dfd4973a641ec934d54c5fc 1289497aa682444696d74aa0123e86aa - - - -] No more DHCP agents
2026-05-18 01:52:59.221 9 WARNING neutron.api.rpc.agentnotifiers.dhcp_rpc_agent_api [None req-d4401f9f-966d-438f-b11c-f6f56de9b643 7221d7751dfd4973a641ec934d54c5fc 1289497aa682444696d74aa0123e86aa - - - -] Unable to schedule network 1789723b-4cd4-4985-abb8-7edd76d122e7: no agents available; will retry on subsequent port and subnet creation events.
2026-05-18 01:52:59.259 10 INFO neutron.db.ovn_revision_numbers_db [None req-47dade57-ba1f-4dd1-9c35-a909bcf6ae67 00167952455a4cbfbf92d37e77420878 689443de6a90401386dab5947a82ca8d - - - -] Successfully bumped revision number for resource f7276282-3146-48c0-893e-533d3329217d (type: floatingips) to 3
2026-05-18 01:52:59.309 10 INFO neutron.wsgi [None req-47dade57-ba1f-4dd1-9c35-a909bcf6ae67 00167952455a4cbfbf92d37e77420878 689443de6a90401386dab5947a82ca8d - - - -] 10.0.0.96 "PUT /v2.0/floatingips/f7276282-3146-48c0-893e-533d3329217d HTTP/1.1" status: 200 len: 1039 time: 0.5792508 /var/lib/openstack/lib/python3.10/site-packages/pycadf/identifier.py:71: UserWarning: Invalid uuid: neutron. To ensure interoperability, identifiers should be a valid uuid. warnings.warn(('Invalid uuid: %s. To ensure interoperability, '
2026-05-18 01:52:59.450 10 INFO neutron.db.l3_db [None req-a964c289-85d8-4b44-89ac-593f916e62d7 00167952455a4cbfbf92d37e77420878 689443de6a90401386dab5947a82ca8d - - - -] Floating IP f7276282-3146-48c0-893e-533d3329217d disassociated. External IP: 10.96.250.207, port: e49e8caf-216c-4d9e-9798-23217912cd84.
2026-05-18 01:52:59.474 9 INFO neutron.db.ovn_revision_numbers_db [None req-b30e6cd9-8151-4859-9521-8ee9eecceaf6 2c60b6ccd6fc4973bafcb3b18c51dfbc 541db572d2324afa95616f75acdd5c23 - - default default] Successfully bumped revision number for resource 63c3f022-206a-410f-92d9-97626e6ce4ed (type: security_groups) to 1
2026-05-18 01:52:59.480 10 INFO neutron.db.ovn_revision_numbers_db [None req-a964c289-85d8-4b44-89ac-593f916e62d7 00167952455a4cbfbf92d37e77420878 689443de6a90401386dab5947a82ca8d - - - -] Successfully bumped revision number for resource f7276282-3146-48c0-893e-533d3329217d (type: floatingips) to 4
2026-05-18 01:52:59.513 9 INFO neutron.wsgi [None req-b30e6cd9-8151-4859-9521-8ee9eecceaf6 2c60b6ccd6fc4973bafcb3b18c51dfbc 541db572d2324afa95616f75acdd5c23 - - default default] 10.0.0.96 "GET /v2.0/security-groups?tenant_id=7fe7fad9f04b4284998cb50e59d86741&name=default HTTP/1.1" status: 200 len: 2996 time: 0.1760397
2026-05-18 01:52:59.562 10 INFO neutron.wsgi [None req-a964c289-85d8-4b44-89ac-593f916e62d7 00167952455a4cbfbf92d37e77420878 689443de6a90401386dab5947a82ca8d - - - -] 10.0.0.96 "PUT /v2.0/floatingips/f7276282-3146-48c0-893e-533d3329217d HTTP/1.1" status: 200 len: 748 time: 0.2472515
2026-05-18 01:52:59.571 9 INFO neutron.db.ovn_revision_numbers_db [None req-d4401f9f-966d-438f-b11c-f6f56de9b643 7221d7751dfd4973a641ec934d54c5fc 1289497aa682444696d74aa0123e86aa - - - -] Successfully bumped revision number for resource 816b1ab0-c02a-4615-af3d-e53c9ac332da (type: floatingips) to 0
2026-05-18 01:52:59.590 9 INFO neutron.wsgi [None req-d4401f9f-966d-438f-b11c-f6f56de9b643 7221d7751dfd4973a641ec934d54c5fc 1289497aa682444696d74aa0123e86aa - - - -] 10.0.0.96 "POST /v2.0/floatingips HTTP/1.1" status: 201 len: 751 time: 0.6849582
2026-05-18 01:52:59.710 9 INFO neutron.wsgi [None req-908617f0-1452-4870-b2d0-cf5da144cd76 2c60b6ccd6fc4973bafcb3b18c51dfbc 541db572d2324afa95616f75acdd5c23 - - - -] 10.0.0.96 "DELETE /v2.0/security-groups/63c3f022-206a-410f-92d9-97626e6ce4ed HTTP/1.1" status: 204 len: 168 time: 0.1894188
2026-05-18 01:52:59.945 10 INFO neutron.wsgi [None req-06fee1d8-a762-43de-9da3-d34ebaadb392 00167952455a4cbfbf92d37e77420878 689443de6a90401386dab5947a82ca8d - - - -] 10.0.0.96 "DELETE /v2.0/floatingips/f7276282-3146-48c0-893e-533d3329217d HTTP/1.1" status: 204 len: 168 time: 0.3733022
2026-05-18 01:52:59.986 9 INFO neutron.api.v2.resource [None req-204c399f-5da2-4215-8bda-bd5e56045d54 00167952455a4cbfbf92d37e77420878 689443de6a90401386dab5947a82ca8d - - - -] delete failed (client error): The resource could not be found.
2026-05-18 01:52:59.987 9 INFO neutron.wsgi [None req-204c399f-5da2-4215-8bda-bd5e56045d54 00167952455a4cbfbf92d37e77420878 689443de6a90401386dab5947a82ca8d - - - -] 10.0.0.96 "DELETE /v2.0/floatingips/f7276282-3146-48c0-893e-533d3329217d HTTP/1.1" status: 404 len: 345 time: 0.0355141
2026-05-18 01:53:00.086 9 INFO neutron.wsgi [req-14008340-85e3-47f2-b235-3535e9038626 req-8cce3b0f-a0d9-4934-90b9-d45d6d43c126 7221d7751dfd4973a641ec934d54c5fc 1289497aa682444696d74aa0123e86aa - - default default] 10.0.0.184 "GET /v2.0/security-groups?name=tempest-securitygroup--1635792440&fields=id&tenant_id=1289497aa682444696d74aa0123e86aa HTTP/1.1" status: 200 len: 267 time: 0.0406775
2026-05-18 01:53:00.186 9 INFO neutron.wsgi [req-14008340-85e3-47f2-b235-3535e9038626 req-0da96006-a3a5-4800-a3a1-4f8a282b490a 7221d7751dfd4973a641ec934d54c5fc 1289497aa682444696d74aa0123e86aa - - default default] 10.0.0.184 "GET /v2.0/networks?id=34d5ef2d-388a-4fec-8c79-fad8218edcf3 HTTP/1.1" status: 200 len: 874 time: 0.0910330
2026-05-18 01:53:00.208 9 INFO neutron.wsgi [req-14008340-85e3-47f2-b235-3535e9038626 req-1a9dba2f-978e-43fa-a1c4-a74a183c045a 7221d7751dfd4973a641ec934d54c5fc 1289497aa682444696d74aa0123e86aa - - default default] 10.0.0.184 "GET /v2.0/quotas/1289497aa682444696d74aa0123e86aa HTTP/1.1" status: 200 len: 386 time: 0.0098197
2026-05-18 01:53:00.315 9 INFO neutron.wsgi [req-14008340-85e3-47f2-b235-3535e9038626 req-a0d9fb12-8594-4587-92b3-6a31e8b5dd9c 7221d7751dfd4973a641ec934d54c5fc 1289497aa682444696d74aa0123e86aa - - default default] 10.0.0.184 "GET /v2.0/ports?tenant_id=1289497aa682444696d74aa0123e86aa&fields=id HTTP/1.1" status: 200 len: 302 time: 0.0984199
2026-05-18 01:53:00.388 9 INFO neutron.wsgi [req-14008340-85e3-47f2-b235-3535e9038626 req-aad5adf7-af9c-440d-b183-dea764bccac7 482563c3e50a4871a7b7a0056c860689 4c1fb3cc9e064e3aa1311af14731be2b - - 869e230c9c6040bc8c7ba358f0366bc5 869e230c9c6040bc8c7ba358f0366bc5] 10.0.0.184 "GET /v2.0/networks/34d5ef2d-388a-4fec-8c79-fad8218edcf3?fields=segments HTTP/1.1" status: 200 len: 212 time: 0.0596130
2026-05-18 01:53:00.392 9 INFO neutron.wsgi [None req-e97257d2-bdd4-49a9-9764-ebc548ce69fd 00167952455a4cbfbf92d37e77420878 689443de6a90401386dab5947a82ca8d - - - -] 10.0.0.96 "DELETE /v2.0/ports/e49e8caf-216c-4d9e-9798-23217912cd84 HTTP/1.1" status: 204 len: 168 time: 0.3989825
2026-05-18 01:53:00.483 9 INFO neutron.wsgi [req-14008340-85e3-47f2-b235-3535e9038626 req-3b47a719-a65b-4924-a86b-bc47b9eb7bd8 482563c3e50a4871a7b7a0056c860689 4c1fb3cc9e064e3aa1311af14731be2b - - 869e230c9c6040bc8c7ba358f0366bc5 869e230c9c6040bc8c7ba358f0366bc5] 10.0.0.184 "GET /v2.0/networks/34d5ef2d-388a-4fec-8c79-fad8218edcf3?fields=provider%3Aphysical_network&fields=provider%3Anetwork_type HTTP/1.1" status: 200 len: 277 time: 0.0867374
2026-05-18 01:53:00.560 10 WARNING neutron.plugins.ml2.drivers.ovn.mech_driver.ovsdb.ovn_client [None req-b5e345bd-f316-4f6d-9b0e-09c747b0f037 - - - - - -] No hosting information found for port cec23029-8e7c-4376-ac9b-8a34a99635ce: RuntimeError: No hosting information found for port cec23029-8e7c-4376-ac9b-8a34a99635ce
2026-05-18 01:53:00.561 10 INFO neutron.plugins.ml2.drivers.ovn.mech_driver.mech_driver [None req-b5e345bd-f316-4f6d-9b0e-09c747b0f037 - - - - - -] OVN reports status up for port: 2dc96bbb-1d4f-4f8f-9ce3-d16bb99e81f3
2026-05-18 01:53:00.575 10 INFO neutron.plugins.ml2.plugin [None req-b5e345bd-f316-4f6d-9b0e-09c747b0f037 - - - - - -] Attempt 1 to provision port 2dc96bbb-1d4f-4f8f-9ce3-d16bb99e81f3
2026-05-18 01:53:00.783 9 INFO neutron.wsgi [None req-2255830a-2f98-4d0f-834d-06fd7cb8401e 00167952455a4cbfbf92d37e77420878 689443de6a90401386dab5947a82ca8d - - - -] 10.0.0.96 "DELETE /v2.0/ports/7ee0149e-7281-4048-897d-ed80dd6b3b5a HTTP/1.1" status: 204 len: 168 time: 0.3845463
2026-05-18 01:53:00.886 10 INFO neutron.wsgi [req-a5433aa6-8016-4b66-8cb7-dc8f127fecf4 req-2b10a1e1-c1db-45d2-8b19-f9158acea76c 7221d7751dfd4973a641ec934d54c5fc 1289497aa682444696d74aa0123e86aa - - default default] 10.0.0.184 "GET /v2.0/ports?device_id=fdfd6f62-ac9c-44bd-adea-cb5f8d731bf3 HTTP/1.1" status: 200 len: 210 time: 0.2433991
2026-05-18 01:53:00.897 9 INFO neutron.wsgi [None req-cf1a9545-eb03-4f28-ad7f-0e670e99c388 00167952455a4cbfbf92d37e77420878 689443de6a90401386dab5947a82ca8d - - default default] 10.0.0.96 "GET /v2.0/ports?device_id=e6d9d757-b704-4156-b6c0-20df2a74ecb4 HTTP/1.1" status: 200 len: 1140 time: 0.1098433
2026-05-18 01:53:00.918 10 INFO neutron.plugins.ml2.drivers.ovn.mech_driver.mech_driver [None req-b5e345bd-f316-4f6d-9b0e-09c747b0f037 - - - - - -] OVN reports status up for port: 774ae707-35fa-46ed-a622-47c25cac1c06
2026-05-18 01:53:00.925 10 INFO neutron.plugins.ml2.plugin [None req-b5e345bd-f316-4f6d-9b0e-09c747b0f037 - - - - - -] Attempt 1 to provision port 774ae707-35fa-46ed-a622-47c25cac1c06
2026-05-18 01:53:01.173 10 INFO neutron.db.ovn_revision_numbers_db [None req-b5e345bd-f316-4f6d-9b0e-09c747b0f037 - - - - - -] Successfully bumped revision number for resource 774ae707-35fa-46ed-a622-47c25cac1c06 (type: ports) to 3
2026-05-18 01:53:01.199 9 INFO neutron.db.ovn_revision_numbers_db [None req-8ae2701c-fb72-48e2-99e2-f03b238cb763 2c60b6ccd6fc4973bafcb3b18c51dfbc 541db572d2324afa95616f75acdd5c23 - - - -] Successfully bumped revision number for resource 3d459543-695c-4eb5-b113-9370258a474c (type: security_groups) to 1
2026-05-18 01:53:01.262 9 INFO neutron.db.segments_db [None req-8ae2701c-fb72-48e2-99e2-f03b238cb763 2c60b6ccd6fc4973bafcb3b18c51dfbc 541db572d2324afa95616f75acdd5c23 - - - -] Added segment a9f57892-273d-49d1-bfac-b17d7d9cd4f4 of type geneve for network cc7389f6-be2f-45fe-b679-b4e10cc0ffb7
2026-05-18 01:53:01.307 10 INFO neutron.db.ovn_revision_numbers_db [None req-b5e345bd-f316-4f6d-9b0e-09c747b0f037 - - - - - -] Successfully bumped revision number for resource 774ae707-35fa-46ed-a622-47c25cac1c06 (type: router_ports) to 3
2026-05-18 01:53:01.510 10 INFO neutron.wsgi [req-14008340-85e3-47f2-b235-3535e9038626 req-0eb50af3-0cb8-4a53-9f87-36061f58fff3 7221d7751dfd4973a641ec934d54c5fc 1289497aa682444696d74aa0123e86aa - - default default] 199.204.45.216 "GET /v2.0/networks?id=34d5ef2d-388a-4fec-8c79-fad8218edcf3 HTTP/1.1" status: 200 len: 874 time: 0.0710859
2026-05-18 01:53:01.561 10 INFO neutron.wsgi [req-14008340-85e3-47f2-b235-3535e9038626 req-ae02ef8a-1b9b-4d27-b984-6444e6dcca19 7221d7751dfd4973a641ec934d54c5fc 1289497aa682444696d74aa0123e86aa - - default default] 199.204.45.216 "GET /v2.0/security-groups?fields=id&fields=name&tenant_id=1289497aa682444696d74aa0123e86aa HTTP/1.1" status: 200 len: 380 time: 0.0446384
2026-05-18 01:53:01.619 9 INFO neutron.db.ovn_revision_numbers_db [None req-8ae2701c-fb72-48e2-99e2-f03b238cb763 2c60b6ccd6fc4973bafcb3b18c51dfbc 541db572d2324afa95616f75acdd5c23 - - - -] Successfully bumped revision number for resource cc7389f6-be2f-45fe-b679-b4e10cc0ffb7 (type: networks) to 1
2026-05-18 01:53:01.867 9 WARNING neutron.scheduler.dhcp_agent_scheduler [None req-8ae2701c-fb72-48e2-99e2-f03b238cb763 2c60b6ccd6fc4973bafcb3b18c51dfbc 541db572d2324afa95616f75acdd5c23 - - - -] No more DHCP agents
2026-05-18 01:53:01.869 9 WARNING neutron.api.rpc.agentnotifiers.dhcp_rpc_agent_api [None req-8ae2701c-fb72-48e2-99e2-f03b238cb763 2c60b6ccd6fc4973bafcb3b18c51dfbc 541db572d2324afa95616f75acdd5c23 - - - -] Unable to schedule network cc7389f6-be2f-45fe-b679-b4e10cc0ffb7: no agents available; will retry on subsequent port and subnet creation events.
2026-05-18 01:53:01.944 10 WARNING neutron.scheduler.dhcp_agent_scheduler [None req-18d17432-c178-4779-aee7-7aeeed874187 7221d7751dfd4973a641ec934d54c5fc 1289497aa682444696d74aa0123e86aa - - - -] No more DHCP agents
2026-05-18 01:53:01.945 9 INFO neutron.db.ovn_revision_numbers_db [None req-8ae2701c-fb72-48e2-99e2-f03b238cb763 2c60b6ccd6fc4973bafcb3b18c51dfbc 541db572d2324afa95616f75acdd5c23 - - - -] Successfully bumped revision number for resource bffa7abb-24e5-4d0d-924d-2ee749296804 (type: ports) to 1
2026-05-18 01:53:01.946 10 WARNING neutron.api.rpc.agentnotifiers.dhcp_rpc_agent_api [None req-18d17432-c178-4779-aee7-7aeeed874187 7221d7751dfd4973a641ec934d54c5fc 1289497aa682444696d74aa0123e86aa - - - -] Unable to schedule network 34d5ef2d-388a-4fec-8c79-fad8218edcf3: no agents available; will retry on subsequent port and subnet creation events.
2026-05-18 01:53:01.997 9 INFO neutron.wsgi [None req-8ae2701c-fb72-48e2-99e2-f03b238cb763 2c60b6ccd6fc4973bafcb3b18c51dfbc 541db572d2324afa95616f75acdd5c23 - - - -] 10.0.0.96 "POST /v2.0/networks HTTP/1.1" status: 201 len: 948 time: 1.1896362
2026-05-18 01:53:02.005 9 INFO neutron.wsgi [req-e06e9b12-dd04-41a0-854c-10297119276b req-15c5fe49-6bbf-47d6-8227-4e8f3daae9d5 7221d7751dfd4973a641ec934d54c5fc 1289497aa682444696d74aa0123e86aa - - default default] 10.0.0.184 "GET /v2.0/ports?device_id=fdfd6f62-ac9c-44bd-adea-cb5f8d731bf3 HTTP/1.1" status: 200 len: 1160 time: 0.0425501
2026-05-18 01:53:02.072 9 INFO neutron.wsgi [req-e06e9b12-dd04-41a0-854c-10297119276b req-e192bd67-e5de-4702-8409-372805820f59 7221d7751dfd4973a641ec934d54c5fc 1289497aa682444696d74aa0123e86aa - - default default] 10.0.0.184 "GET /v2.0/security-groups?id=766764fb-63b1-4090-933e-b442550cb4db&fields=id&fields=name HTTP/1.1" status: 200 len: 313 time: 0.0545130
2026-05-18 01:53:02.096 10 INFO neutron.db.ovn_revision_numbers_db [None req-18d17432-c178-4779-aee7-7aeeed874187 7221d7751dfd4973a641ec934d54c5fc 1289497aa682444696d74aa0123e86aa - - - -] Successfully bumped revision number for resource 99bf90ce-9211-45e8-93c8-8a0827223dc0 (type: ports) to 1
2026-05-18 01:53:02.134 10 INFO neutron.wsgi [None req-18d17432-c178-4779-aee7-7aeeed874187 7221d7751dfd4973a641ec934d54c5fc 1289497aa682444696d74aa0123e86aa - - - -] 199.204.45.216 "POST /v2.0/ports HTTP/1.1" status: 201 len: 1162 time: 0.5695543 /var/lib/openstack/lib/python3.10/site-packages/pycadf/identifier.py:71: UserWarning: Invalid uuid: neutron. To ensure interoperability, identifiers should be a valid uuid. warnings.warn(('Invalid uuid: %s. To ensure interoperability, ' /var/lib/openstack/lib/python3.10/site-packages/pycadf/identifier.py:71: UserWarning: Invalid uuid: neutron. To ensure interoperability, identifiers should be a valid uuid. warnings.warn(('Invalid uuid: %s. To ensure interoperability, '
2026-05-18 01:53:02.253 9 WARNING neutron.scheduler.dhcp_agent_scheduler [None req-c32e22f9-0ffb-417d-a8fa-fea2c7494358 2c60b6ccd6fc4973bafcb3b18c51dfbc 541db572d2324afa95616f75acdd5c23 - - - -] No more DHCP agents
2026-05-18 01:53:02.256 9 INFO neutron.wsgi [None req-6dfb1dab-c668-4b89-871b-323706def2e4 00167952455a4cbfbf92d37e77420878 689443de6a90401386dab5947a82ca8d - - - -] 10.0.0.96 "PUT /v2.0/routers/e6d9d757-b704-4156-b6c0-20df2a74ecb4/remove_router_interface HTTP/1.1" status: 200 len: 503 time: 1.3540611
2026-05-18 01:53:02.259 9 WARNING neutron.api.rpc.agentnotifiers.dhcp_rpc_agent_api [None req-c32e22f9-0ffb-417d-a8fa-fea2c7494358 2c60b6ccd6fc4973bafcb3b18c51dfbc 541db572d2324afa95616f75acdd5c23 - - - -] Unable to schedule network cc7389f6-be2f-45fe-b679-b4e10cc0ffb7: no agents available; will retry on subsequent port and subnet creation events.
2026-05-18 01:53:02.429 9 INFO neutron.db.ovn_revision_numbers_db [None req-cc8c6afd-a7bf-424a-ab88-04906427f077 2c60b6ccd6fc4973bafcb3b18c51dfbc 541db572d2324afa95616f75acdd5c23 - - default default] Successfully bumped revision number for resource 157f028b-d57d-4cf1-8723-219ec01cbb3c (type: security_groups) to 1
2026-05-18 01:53:02.468 9 INFO neutron.wsgi [None req-cc8c6afd-a7bf-424a-ab88-04906427f077 2c60b6ccd6fc4973bafcb3b18c51dfbc 541db572d2324afa95616f75acdd5c23 - - default default] 10.0.0.96 "GET /v2.0/security-groups?tenant_id=94baf9ed00da437b8d65a3ef3dc0a6a3&name=default HTTP/1.1" status: 200 len: 2996 time: 0.4844847 /var/lib/openstack/lib/python3.10/site-packages/pycadf/identifier.py:71: UserWarning: Invalid uuid: neutron. To ensure interoperability, identifiers should be a valid uuid. warnings.warn(('Invalid uuid: %s. To ensure interoperability, '
2026-05-18 01:53:02.516 10 INFO neutron.db.ovn_revision_numbers_db [None req-980fd057-36c2-4836-bd02-6b1b1f971f1b 482563c3e50a4871a7b7a0056c860689 4c1fb3cc9e064e3aa1311af14731be2b - - - -] Successfully bumped revision number for resource 99bf90ce-9211-45e8-93c8-8a0827223dc0 (type: ports) to 2
2026-05-18 01:53:02.706 10 INFO neutron.db.ovn_revision_numbers_db [None req-980fd057-36c2-4836-bd02-6b1b1f971f1b 482563c3e50a4871a7b7a0056c860689 4c1fb3cc9e064e3aa1311af14731be2b - - - -] Successfully bumped revision number for resource 99bf90ce-9211-45e8-93c8-8a0827223dc0 (type: ports) to 2
2026-05-18 01:53:02.715 10 INFO neutron.wsgi [None req-9c395af7-fcc2-4589-9bc5-fefee7eed145 2c60b6ccd6fc4973bafcb3b18c51dfbc 541db572d2324afa95616f75acdd5c23 - - - -] 10.0.0.96 "DELETE /v2.0/security-groups/157f028b-d57d-4cf1-8723-219ec01cbb3c HTTP/1.1" status: 204 len: 168 time: 0.2420354
2026-05-18 01:53:02.724 10 INFO neutron.wsgi [None req-980fd057-36c2-4836-bd02-6b1b1f971f1b 482563c3e50a4871a7b7a0056c860689 4c1fb3cc9e064e3aa1311af14731be2b - - - -] 199.204.45.216 "PUT /v2.0/ports/99bf90ce-9211-45e8-93c8-8a0827223dc0 HTTP/1.1" status: 200 len: 1332 time: 0.5808134 /var/lib/openstack/lib/python3.10/site-packages/pycadf/identifier.py:71: UserWarning: Invalid uuid: neutron. To ensure interoperability, identifiers should be a valid uuid. warnings.warn(('Invalid uuid: %s. To ensure interoperability, '
2026-05-18 01:53:02.767 10 INFO neutron.notifiers.nova [-] Nova event matching ['req-e6444197-7994-4f8a-bfcb-915374f4fdc8'] response: {'name': 'network-changed', 'server_uuid': 'fdfd6f62-ac9c-44bd-adea-cb5f8d731bf3', 'tag': '99bf90ce-9211-45e8-93c8-8a0827223dc0', 'status': 'completed', 'code': 200}
2026-05-18 01:53:02.787 10 INFO neutron.wsgi [req-14008340-85e3-47f2-b235-3535e9038626 req-b1d10679-2783-4f66-a5be-c469592dd920 482563c3e50a4871a7b7a0056c860689 4c1fb3cc9e064e3aa1311af14731be2b - - 869e230c9c6040bc8c7ba358f0366bc5 869e230c9c6040bc8c7ba358f0366bc5] 199.204.45.216 "GET /v2.0/ports?tenant_id=1289497aa682444696d74aa0123e86aa&device_id=fdfd6f62-ac9c-44bd-adea-cb5f8d731bf3 HTTP/1.1" status: 200 len: 1363 time: 0.0318160
2026-05-18 01:53:02.819 10 INFO neutron.wsgi [req-14008340-85e3-47f2-b235-3535e9038626 req-7351f43b-1c10-4195-803c-892b4145e79f 482563c3e50a4871a7b7a0056c860689 4c1fb3cc9e064e3aa1311af14731be2b - - 869e230c9c6040bc8c7ba358f0366bc5 869e230c9c6040bc8c7ba358f0366bc5] 199.204.45.216 "GET /v2.0/floatingips?fixed_ip_address=10.100.0.12&port_id=99bf90ce-9211-45e8-93c8-8a0827223dc0 HTTP/1.1" status: 200 len: 217 time: 0.0257673
2026-05-18 01:53:02.850 10 INFO neutron.wsgi [req-14008340-85e3-47f2-b235-3535e9038626 req-d216dbee-d40d-4867-a5b2-fa748652b2c1 482563c3e50a4871a7b7a0056c860689 4c1fb3cc9e064e3aa1311af14731be2b - - 869e230c9c6040bc8c7ba358f0366bc5 869e230c9c6040bc8c7ba358f0366bc5] 199.204.45.216 "GET /v2.0/subnets?id=2e315dad-f633-460e-a6d9-770582770dca HTTP/1.1" status: 200 len: 868 time: 0.0250919
2026-05-18 01:53:02.878 10 INFO neutron.wsgi [req-14008340-85e3-47f2-b235-3535e9038626 req-93fc7cfe-c8e0-430c-8c5d-bf056da5aa6a 482563c3e50a4871a7b7a0056c860689 4c1fb3cc9e064e3aa1311af14731be2b - - 869e230c9c6040bc8c7ba358f0366bc5 869e230c9c6040bc8c7ba358f0366bc5] 199.204.45.216 "GET /v2.0/ports?network_id=34d5ef2d-388a-4fec-8c79-fad8218edcf3&device_owner=network%3Adhcp HTTP/1.1" status: 200 len: 210 time: 0.0202112
2026-05-18 01:53:02.939 10 INFO neutron.wsgi [req-14008340-85e3-47f2-b235-3535e9038626 req-afb9b9c4-1001-413a-bb2c-b6698164032c 482563c3e50a4871a7b7a0056c860689 4c1fb3cc9e064e3aa1311af14731be2b - - 869e230c9c6040bc8c7ba358f0366bc5 869e230c9c6040bc8c7ba358f0366bc5] 199.204.45.216 "GET /v2.0/networks/34d5ef2d-388a-4fec-8c79-fad8218edcf3?fields=segments HTTP/1.1" status: 200 len: 212 time: 0.0553579
2026-05-18 01:53:03.018 10 INFO neutron.wsgi [req-14008340-85e3-47f2-b235-3535e9038626 req-6ec672a1-9dcd-4021-9d3e-208d0faef266 482563c3e50a4871a7b7a0056c860689 4c1fb3cc9e064e3aa1311af14731be2b - - 869e230c9c6040bc8c7ba358f0366bc5 869e230c9c6040bc8c7ba358f0366bc5] 199.204.45.216 "GET /v2.0/networks/34d5ef2d-388a-4fec-8c79-fad8218edcf3?fields=provider%3Aphysical_network&fields=provider%3Anetwork_type HTTP/1.1" status: 200 len: 277 time: 0.0710909
2026-05-18 01:53:03.093 9 INFO neutron.db.ovn_revision_numbers_db [None req-c32e22f9-0ffb-417d-a8fa-fea2c7494358 2c60b6ccd6fc4973bafcb3b18c51dfbc 541db572d2324afa95616f75acdd5c23 - - - -] Successfully bumped revision number for resource bffa7abb-24e5-4d0d-924d-2ee749296804 (type: ports) to 2
2026-05-18 01:53:03.103 10 INFO neutron.wsgi [req-16f9f3a9-9228-4a55-a7ad-4d0fa3c4e324 req-7d419f0a-ca7b-468a-9959-22c3be67536d 482563c3e50a4871a7b7a0056c860689 4c1fb3cc9e064e3aa1311af14731be2b - - 869e230c9c6040bc8c7ba358f0366bc5 869e230c9c6040bc8c7ba358f0366bc5] 199.204.45.216 "GET /v2.0/ports?tenant_id=1289497aa682444696d74aa0123e86aa&device_id=fdfd6f62-ac9c-44bd-adea-cb5f8d731bf3 HTTP/1.1" status: 200 len: 1363 time: 0.0450568
2026-05-18 01:53:03.124 9 INFO neutron.db.ovn_revision_numbers_db [None req-c32e22f9-0ffb-417d-a8fa-fea2c7494358 2c60b6ccd6fc4973bafcb3b18c51dfbc 541db572d2324afa95616f75acdd5c23 - - - -] Successfully bumped revision number for resource 02807e66-143b-4319-b720-9627894d6aad (type: subnets) to 0
2026-05-18 01:53:03.137 9 INFO neutron.wsgi [None req-c32e22f9-0ffb-417d-a8fa-fea2c7494358 2c60b6ccd6fc4973bafcb3b18c51dfbc 541db572d2324afa95616f75acdd5c23 - - - -] 10.0.0.96 "POST /v2.0/subnets HTTP/1.1" status: 201 len: 868 time: 1.1359453
2026-05-18 01:53:03.178 10 INFO neutron.wsgi [req-16f9f3a9-9228-4a55-a7ad-4d0fa3c4e324 req-02832fa4-c341-4dba-a371-f2584bf27916 482563c3e50a4871a7b7a0056c860689 4c1fb3cc9e064e3aa1311af14731be2b - - 869e230c9c6040bc8c7ba358f0366bc5 869e230c9c6040bc8c7ba358f0366bc5] 199.204.45.216 "GET /v2.0/networks?id=34d5ef2d-388a-4fec-8c79-fad8218edcf3 HTTP/1.1" status: 200 len: 973 time: 0.0699296
2026-05-18 01:53:03.222 10 INFO neutron.wsgi [req-16f9f3a9-9228-4a55-a7ad-4d0fa3c4e324 req-41484379-c068-4330-bb67-c4c9c37ef346 482563c3e50a4871a7b7a0056c860689 4c1fb3cc9e064e3aa1311af14731be2b - - 869e230c9c6040bc8c7ba358f0366bc5 869e230c9c6040bc8c7ba358f0366bc5] 199.204.45.216 "GET /v2.0/floatingips?fixed_ip_address=10.100.0.12&port_id=99bf90ce-9211-45e8-93c8-8a0827223dc0 HTTP/1.1" status: 200 len: 217 time: 0.0346563
2026-05-18 01:53:03.225 9 INFO neutron.plugins.ml2.drivers.ovn.mech_driver.mech_driver [None req-112924e3-7ee5-4fb4-9c83-2b3b44b912a4 - - - - - -] OVN reports status up for port: 99bf90ce-9211-45e8-93c8-8a0827223dc0
2026-05-18 01:53:03.257 9 INFO neutron.wsgi [req-bfc14a04-f77a-4684-923f-a5aad665650a req-8aacdf80-61c7-45dd-8d11-a84b4655e07b 7221d7751dfd4973a641ec934d54c5fc 1289497aa682444696d74aa0123e86aa - - default default] 10.0.0.184 "GET /v2.0/ports?device_id=fdfd6f62-ac9c-44bd-adea-cb5f8d731bf3 HTTP/1.1" status: 200 len: 1172 time: 0.0747485
2026-05-18 01:53:03.258 9 INFO neutron.plugins.ml2.plugin [None req-112924e3-7ee5-4fb4-9c83-2b3b44b912a4 - - - - - -] Attempt 1 to provision port 99bf90ce-9211-45e8-93c8-8a0827223dc0
2026-05-18 01:53:03.265 10 INFO neutron.wsgi [req-16f9f3a9-9228-4a55-a7ad-4d0fa3c4e324 req-f1f69f5a-e3a9-428e-bfa6-617a58dc5c06 482563c3e50a4871a7b7a0056c860689 4c1fb3cc9e064e3aa1311af14731be2b - - 869e230c9c6040bc8c7ba358f0366bc5 869e230c9c6040bc8c7ba358f0366bc5] 199.204.45.216 "GET /v2.0/subnets?id=2e315dad-f633-460e-a6d9-770582770dca HTTP/1.1" status: 200 len: 868 time: 0.0384648
2026-05-18 01:53:03.301 10 INFO neutron.wsgi [req-16f9f3a9-9228-4a55-a7ad-4d0fa3c4e324 req-a1045598-c411-4971-8e17-ac21f62a1a00 482563c3e50a4871a7b7a0056c860689 4c1fb3cc9e064e3aa1311af14731be2b - - 869e230c9c6040bc8c7ba358f0366bc5 869e230c9c6040bc8c7ba358f0366bc5] 199.204.45.216 "GET /v2.0/ports?network_id=34d5ef2d-388a-4fec-8c79-fad8218edcf3&device_owner=network%3Adhcp HTTP/1.1" status: 200 len: 210 time: 0.0279088
2026-05-18 01:53:03.327 9 INFO neutron.wsgi [req-bfc14a04-f77a-4684-923f-a5aad665650a req-6d39a4a6-c6a6-4f28-bebf-f87b70589177 7221d7751dfd4973a641ec934d54c5fc 1289497aa682444696d74aa0123e86aa - - default default] 10.0.0.184 "GET /v2.0/security-groups?id=766764fb-63b1-4090-933e-b442550cb4db&fields=id&fields=name HTTP/1.1" status: 200 len: 313 time: 0.0650766
2026-05-18 01:53:03.346 9 INFO neutron.wsgi [None req-f3077ca9-198d-4df9-bf34-b88a678a1d13 00167952455a4cbfbf92d37e77420878 689443de6a90401386dab5947a82ca8d - - - -] 10.0.0.96 "DELETE /v2.0/routers/e6d9d757-b704-4156-b6c0-20df2a74ecb4 HTTP/1.1" status: 204 len: 168 time: 1.0829577
2026-05-18 01:53:03.378 10 INFO neutron.wsgi [req-16f9f3a9-9228-4a55-a7ad-4d0fa3c4e324 req-3a5267af-7bfe-460b-be9a-248a14dcf80e 482563c3e50a4871a7b7a0056c860689 4c1fb3cc9e064e3aa1311af14731be2b - - 869e230c9c6040bc8c7ba358f0366bc5 869e230c9c6040bc8c7ba358f0366bc5] 199.204.45.216 "GET /v2.0/networks/34d5ef2d-388a-4fec-8c79-fad8218edcf3?fields=segments HTTP/1.1" status: 200 len: 212 time: 0.0717540
2026-05-18 01:53:03.442 9 INFO neutron.notifiers.nova [-] Nova event matching ['req-559a60c8-e81f-4fe8-bf74-85333a9628f1'] response: {'server_uuid': 'fdfd6f62-ac9c-44bd-adea-cb5f8d731bf3', 'name': 'network-vif-plugged', 'status': 'completed', 'tag': '99bf90ce-9211-45e8-93c8-8a0827223dc0', 'code': 200}
2026-05-18 01:53:03.471 10 INFO neutron.wsgi [req-16f9f3a9-9228-4a55-a7ad-4d0fa3c4e324 req-7b8fa4ea-4231-4382-91b1-13f1cc986260 482563c3e50a4871a7b7a0056c860689 4c1fb3cc9e064e3aa1311af14731be2b - - 869e230c9c6040bc8c7ba358f0366bc5 869e230c9c6040bc8c7ba358f0366bc5] 199.204.45.216 "GET /v2.0/networks/34d5ef2d-388a-4fec-8c79-fad8218edcf3?fields=provider%3Aphysical_network&fields=provider%3Anetwork_type HTTP/1.1" status: 200 len: 277 time: 0.0859976
2026-05-18 01:53:03.562 10 INFO neutron.wsgi [None req-afd1e8ee-e219-4c8a-9b64-cc0eebf69491 00167952455a4cbfbf92d37e77420878 689443de6a90401386dab5947a82ca8d - - - -] 10.0.0.96 "DELETE /v2.0/subnets/e4703264-289a-4c66-b4fe-a2aec9e8685b HTTP/1.1" status: 204 len: 168 time: 0.2090700
2026-05-18 01:53:03.632 9 INFO neutron.db.ovn_revision_numbers_db [None req-112924e3-7ee5-4fb4-9c83-2b3b44b912a4 - - - - - -] Successfully bumped revision number for resource 99bf90ce-9211-45e8-93c8-8a0827223dc0 (type: ports) to 4
2026-05-18 01:53:03.765 9 WARNING neutron.scheduler.dhcp_agent_scheduler [None req-e0a5f95f-7883-4638-8e77-d31abc0b0b91 2c60b6ccd6fc4973bafcb3b18c51dfbc 541db572d2324afa95616f75acdd5c23 - - - -] No more DHCP agents
2026-05-18 01:53:03.767 9 WARNING neutron.api.rpc.agentnotifiers.dhcp_rpc_agent_api [None req-e0a5f95f-7883-4638-8e77-d31abc0b0b91 2c60b6ccd6fc4973bafcb3b18c51dfbc 541db572d2324afa95616f75acdd5c23 - - - -] Unable to schedule network 1789723b-4cd4-4985-abb8-7edd76d122e7: no agents available; will retry on subsequent port and subnet creation events.
2026-05-18 01:53:03.900 9 INFO neutron.db.ovn_revision_numbers_db [None req-e0a5f95f-7883-4638-8e77-d31abc0b0b91 2c60b6ccd6fc4973bafcb3b18c51dfbc 541db572d2324afa95616f75acdd5c23 - - - -] Successfully bumped revision number for resource 0cb28879-ce28-41c5-a4c4-a038e5a06c09 (type: ports) to 1
2026-05-18 01:53:03.946 10 INFO neutron.services.segments.plugin [-] Segment 1ef6fdea-5f54-4950-9b7a-ba801135ca32 resource provider aggregate not found
2026-05-18 01:53:03.952 10 INFO neutron.services.segments.plugin [-] Segment 1ef6fdea-5f54-4950-9b7a-ba801135ca32 resource provider aggregate not found
2026-05-18 01:53:03.975 10 INFO neutron.services.segments.plugin [-] Segment 1ef6fdea-5f54-4950-9b7a-ba801135ca32 resource provider not found; error: Placement Client Error (4xx): {"errors": [{"status": 404, "title": "Not Found", "detail": "The resource could not be found.\n\n No resource provider with uuid 1ef6fdea-5f54-4950-9b7a-ba801135ca32 found for delete ", "request_id": "req-78d2ed36-f3b7-4097-9c91-8c1a7e8be5a4"}]}
2026-05-18 01:53:03.979 10 INFO neutron.services.segments.plugin [-] Segment 1ef6fdea-5f54-4950-9b7a-ba801135ca32 resource provider not found; error: Placement Client Error (4xx): {"errors": [{"status": 404, "title": "Not Found", "detail": "The resource could not be found.\n\n No resource provider with uuid 1ef6fdea-5f54-4950-9b7a-ba801135ca32 found for delete ", "request_id": "req-e9d39cf9-71bb-4991-81f2-297187b26b14"}]}
2026-05-18 01:53:04.001 10 INFO neutron.wsgi [None req-e94bbc48-bed4-4787-8da2-dd2f5ebc4a83 00167952455a4cbfbf92d37e77420878 689443de6a90401386dab5947a82ca8d - - - -] 10.0.0.96 "DELETE /v2.0/networks/bdc1bc57-5afe-4eb4-9a3d-180fff8107d9 HTTP/1.1" status: 204 len: 168 time: 0.4346094 /var/lib/openstack/lib/python3.10/site-packages/pycadf/identifier.py:71: UserWarning: Invalid uuid: neutron. To ensure interoperability, identifiers should be a valid uuid. warnings.warn(('Invalid uuid: %s. To ensure interoperability, '
2026-05-18 01:53:04.461 9 INFO neutron.wsgi [req-048e68bd-065b-41bc-b72a-832646b7b75c req-b29efebb-53bd-4dc3-846f-d9d76ce31b7a 7221d7751dfd4973a641ec934d54c5fc 1289497aa682444696d74aa0123e86aa - - default default] 10.0.0.184 "GET /v2.0/ports?device_id=fdfd6f62-ac9c-44bd-adea-cb5f8d731bf3 HTTP/1.1" status: 200 len: 1174 time: 0.0507362
2026-05-18 01:53:04.469 9 INFO neutron.db.ovn_revision_numbers_db [None req-e0a5f95f-7883-4638-8e77-d31abc0b0b91 2c60b6ccd6fc4973bafcb3b18c51dfbc 541db572d2324afa95616f75acdd5c23 - - - -] Successfully bumped revision number for resource 0cb28879-ce28-41c5-a4c4-a038e5a06c09 (type: router_ports) to 1
2026-05-18 01:53:04.474 10 INFO neutron.plugins.ml2.drivers.ovn.mech_driver.ovsdb.ovsdb_monitor [None req-9c54d9dc-7ee6-4357-9e8e-23a66d359662 - - - - - -] Router ac6200be-f940-43e3-bf29-ca272aedec6f is bound to host instance
2026-05-18 01:53:04.527 9 INFO neutron.wsgi [req-048e68bd-065b-41bc-b72a-832646b7b75c req-1cb57468-fb25-4ad0-abe3-ea18dcb5c112 7221d7751dfd4973a641ec934d54c5fc 1289497aa682444696d74aa0123e86aa - - default default] 10.0.0.184 "GET /v2.0/security-groups?id=766764fb-63b1-4090-933e-b442550cb4db&fields=id&fields=name HTTP/1.1" status: 200 len: 313 time: 0.0581775
2026-05-18 01:53:04.539 9 INFO neutron.db.ovn_revision_numbers_db [None req-e0a5f95f-7883-4638-8e77-d31abc0b0b91 2c60b6ccd6fc4973bafcb3b18c51dfbc 541db572d2324afa95616f75acdd5c23 - - - -] Successfully bumped revision number for resource ac6200be-f940-43e3-bf29-ca272aedec6f (type: routers) to 3
2026-05-18 01:53:04.556 9 INFO neutron.wsgi [None req-e0a5f95f-7883-4638-8e77-d31abc0b0b91 2c60b6ccd6fc4973bafcb3b18c51dfbc 541db572d2324afa95616f75acdd5c23 - - - -] 10.0.0.96 "POST /v2.0/routers HTTP/1.1" status: 201 len: 879 time: 1.4043734
2026-05-18 01:53:04.720 10 INFO neutron.wsgi [req-c64e05a4-b049-4f84-af45-c475263007ac req-8dc765ac-72f3-4b5f-b7aa-6926d011365e 7221d7751dfd4973a641ec934d54c5fc 1289497aa682444696d74aa0123e86aa - - default default] 10.0.0.184 "GET /v2.0/ports?device_id=fdfd6f62-ac9c-44bd-adea-cb5f8d731bf3 HTTP/1.1" status: 200 len: 1174 time: 0.1196156
2026-05-18 01:53:04.844 9 INFO neutron.wsgi [None req-95245b62-dd5c-4c1a-88bc-8d2bfaf6c479 2c60b6ccd6fc4973bafcb3b18c51dfbc 541db572d2324afa95616f75acdd5c23 - - default default] 10.0.0.96 "GET /v2.0/security-groups?tenant_id=689443de6a90401386dab5947a82ca8d&name=default HTTP/1.1" status: 200 len: 2996 time: 0.3807218
2026-05-18 01:53:04.875 10 INFO neutron.wsgi [-] 10.0.0.138 "GET / HTTP/1.1" status: 200 len: 247 time: 0.0012918
2026-05-18 01:53:04.875 9 INFO neutron.wsgi [-] 10.0.0.138 "GET / HTTP/1.1" status: 200 len: 247 time: 0.0011718
2026-05-18 01:53:05.153 9 WARNING neutron.scheduler.dhcp_agent_scheduler [None req-aec05578-4c14-4fa7-a348-55f05e0cb1d7 2c60b6ccd6fc4973bafcb3b18c51dfbc 541db572d2324afa95616f75acdd5c23 - - default default] No more DHCP agents
2026-05-18 01:53:05.154 9 WARNING neutron.api.rpc.agentnotifiers.dhcp_rpc_agent_api [None req-aec05578-4c14-4fa7-a348-55f05e0cb1d7 2c60b6ccd6fc4973bafcb3b18c51dfbc 541db572d2324afa95616f75acdd5c23 - - default default] Unable to schedule network cc7389f6-be2f-45fe-b679-b4e10cc0ffb7: no agents available; will retry on subsequent port and subnet creation events.
2026-05-18 01:53:05.259 9 INFO neutron.db.ovn_revision_numbers_db [None req-aec05578-4c14-4fa7-a348-55f05e0cb1d7 2c60b6ccd6fc4973bafcb3b18c51dfbc 541db572d2324afa95616f75acdd5c23 - - default default] Successfully bumped revision number for resource 18cb5255-94bd-4698-9aec-82ce98216636 (type: ports) to 1
2026-05-18 01:53:05.337 10 INFO neutron.db.l3_db [None req-370e006b-91a4-409a-9e32-9fb134d886b6 7221d7751dfd4973a641ec934d54c5fc 1289497aa682444696d74aa0123e86aa - - - -] Floating IP 816b1ab0-c02a-4615-af3d-e53c9ac332da associated. External IP: 10.96.250.216, port: 99bf90ce-9211-45e8-93c8-8a0827223dc0.
2026-05-18 01:53:05.485 9 INFO neutron.notifiers.nova [-] Nova event matching ['req-71f7a9c2-0a86-4fbf-9c9b-e82a6351f239'] response: {'server_uuid': 'fdfd6f62-ac9c-44bd-adea-cb5f8d731bf3', 'name': 'network-vif-plugged', 'status': 'completed', 'tag': '99bf90ce-9211-45e8-93c8-8a0827223dc0', 'code': 200}
2026-05-18 01:53:05.533 10 INFO neutron.wsgi [None req-7bc5181f-8f05-4929-8721-e23b4e50eb64 2c60b6ccd6fc4973bafcb3b18c51dfbc 541db572d2324afa95616f75acdd5c23 - - - -] 10.0.0.96 "DELETE /v2.0/security-groups/9add9866-7e1a-4139-841a-2bdfa2b2eee2 HTTP/1.1" status: 204 len: 168 time: 0.6836019
2026-05-18 01:53:05.546 10 INFO neutron.db.ovn_revision_numbers_db [None req-9c54d9dc-7ee6-4357-9e8e-23a66d359662 - - - - - -] Successfully bumped revision number for resource 0cb28879-ce28-41c5-a4c4-a038e5a06c09 (type: ports) to 1
