2026-05-18 01:52:10.709 10 INFO neutron.wsgi [req-b40f3800-436d-48a4-8bee-9247806e1462 req-de97a5c3-f8bb-40fc-9fcb-a43707bccaca 11ca766bf3d94043a081dc7abed6dff5 561afd0d7a904a3fb0866d99889ed133 - - default default] 199.204.45.216 "GET /v2.0/security-groups?fields=id&fields=name&tenant_id=561afd0d7a904a3fb0866d99889ed133 HTTP/1.1" status: 200 len: 379 time: 0.0323539
2026-05-18 01:52:10.848 10 INFO neutron.wsgi [req-1cc039c8-97ec-4221-8318-f395875b409c req-00ba48fe-d9c0-4f15-abb8-3e5152df72a3 96fbaa1f56a74a48b53b49d8cdadd4dc 96bff13c71ac4edfafd9c57fd3fe72b4 - - default default] 10.0.0.184 "GET /v2.0/ports?device_id=b7fd3877-c388-45b0-95f8-112ee55f431d HTTP/1.1" status: 200 len: 210 time: 0.0248733
2026-05-18 01:52:10.863 9 INFO neutron.wsgi [req-31e669a6-9af7-48fd-9ddd-d4b586a63bbe req-d3767f78-fd39-4b5e-ad77-23c8c50fc6d2 4ff512c6de634d99850397fa2ca4c1ee 149ccf8d6f5645fea76da61b172ab6f8 - - default default] 10.0.0.184 "GET /v2.0/ports?device_id=7ad6f51b-f3d4-413b-b5e5-78547a101c15 HTTP/1.1" status: 200 len: 1172 time: 0.1036983
2026-05-18 01:52:10.903 9 INFO neutron.wsgi [req-31e669a6-9af7-48fd-9ddd-d4b586a63bbe req-4207d834-6eb7-4ba7-80a5-cfc0274e91c9 4ff512c6de634d99850397fa2ca4c1ee 149ccf8d6f5645fea76da61b172ab6f8 - - default default] 10.0.0.184 "GET /v2.0/security-groups?id=e8f36dab-f27d-4a88-b125-d34d07d947c0&fields=id&fields=name HTTP/1.1" status: 200 len: 313 time: 0.0338724
2026-05-18 01:52:11.083 10 WARNING neutron.scheduler.dhcp_agent_scheduler [None req-14ded02f-03e4-46e8-ad34-d251f479a0df 11ca766bf3d94043a081dc7abed6dff5 561afd0d7a904a3fb0866d99889ed133 - - - -] No more DHCP agents
2026-05-18 01:52:11.086 10 WARNING neutron.api.rpc.agentnotifiers.dhcp_rpc_agent_api [None req-14ded02f-03e4-46e8-ad34-d251f479a0df 11ca766bf3d94043a081dc7abed6dff5 561afd0d7a904a3fb0866d99889ed133 - - - -] Unable to schedule network 2ae4ac05-ac2f-4090-9963-f29408c08319: no agents available; will retry on subsequent port and subnet creation events.
2026-05-18 01:52:11.142 10 INFO neutron.db.ovn_revision_numbers_db [None req-20009634-9533-4123-a91e-720e8e2ab5a0 2c60b6ccd6fc4973bafcb3b18c51dfbc 541db572d2324afa95616f75acdd5c23 - - - -] Successfully bumped revision number for resource c2704975-c0c9-4b96-9b1e-4c6392e5d964 (type: security_groups) to 1
2026-05-18 01:52:11.207 10 INFO neutron.db.segments_db [None req-20009634-9533-4123-a91e-720e8e2ab5a0 2c60b6ccd6fc4973bafcb3b18c51dfbc 541db572d2324afa95616f75acdd5c23 - - - -] Added segment 0f9b020f-1e9d-44dd-a195-41dcf9c248a3 of type geneve for network cc6bc623-ab92-4ae8-9720-9e229c02acc9
2026-05-18 01:52:11.302 10 INFO neutron.db.ovn_revision_numbers_db [None req-14ded02f-03e4-46e8-ad34-d251f479a0df 11ca766bf3d94043a081dc7abed6dff5 561afd0d7a904a3fb0866d99889ed133 - - - -] Successfully bumped revision number for resource fd2c4817-5d12-42f2-8f97-03e25177445a (type: ports) to 1
2026-05-18 01:52:11.333 10 INFO neutron.wsgi [None req-14ded02f-03e4-46e8-ad34-d251f479a0df 11ca766bf3d94043a081dc7abed6dff5 561afd0d7a904a3fb0866d99889ed133 - - - -] 199.204.45.216 "POST /v2.0/ports HTTP/1.1" status: 201 len: 1162 time: 0.6200445 /var/lib/openstack/lib/python3.10/site-packages/pycadf/identifier.py:71: UserWarning: Invalid uuid: neutron. To ensure interoperability, identifiers should be a valid uuid. warnings.warn(('Invalid uuid: %s. To ensure interoperability, '
2026-05-18 01:52:11.358 10 INFO neutron.db.ovn_revision_numbers_db [None req-20009634-9533-4123-a91e-720e8e2ab5a0 2c60b6ccd6fc4973bafcb3b18c51dfbc 541db572d2324afa95616f75acdd5c23 - - - -] Successfully bumped revision number for resource cc6bc623-ab92-4ae8-9720-9e229c02acc9 (type: networks) to 1
2026-05-18 01:52:11.575 9 INFO neutron.wsgi [req-02f7d6d4-6cc3-4c85-b84f-642c3c0a77ed req-8be75f79-516d-4232-bea0-297bafd8208a 96fbaa1f56a74a48b53b49d8cdadd4dc 96bff13c71ac4edfafd9c57fd3fe72b4 - - default default] 199.204.45.216 "GET /v2.0/networks?id=7373bb86-4e3c-4471-95c2-e17e42368f7f HTTP/1.1" status: 200 len: 879 time: 0.0728879
2026-05-18 01:52:11.619 9 INFO neutron.wsgi [req-02f7d6d4-6cc3-4c85-b84f-642c3c0a77ed req-196871aa-5970-4394-8398-eb8928bccc2f 96fbaa1f56a74a48b53b49d8cdadd4dc 96bff13c71ac4edfafd9c57fd3fe72b4 - - default default] 199.204.45.216 "GET /v2.0/security-groups?fields=id&fields=name&tenant_id=96bff13c71ac4edfafd9c57fd3fe72b4 HTTP/1.1" status: 200 len: 380 time: 0.0378673
2026-05-18 01:52:11.789 10 WARNING neutron.scheduler.dhcp_agent_scheduler [None req-20009634-9533-4123-a91e-720e8e2ab5a0 2c60b6ccd6fc4973bafcb3b18c51dfbc 541db572d2324afa95616f75acdd5c23 - - - -] No more DHCP agents
2026-05-18 01:52:11.808 10 WARNING neutron.api.rpc.agentnotifiers.dhcp_rpc_agent_api [None req-20009634-9533-4123-a91e-720e8e2ab5a0 2c60b6ccd6fc4973bafcb3b18c51dfbc 541db572d2324afa95616f75acdd5c23 - - - -] Unable to schedule network cc6bc623-ab92-4ae8-9720-9e229c02acc9: no agents available; will retry on subsequent port and subnet creation events.
2026-05-18 01:52:11.880 10 INFO neutron.wsgi [req-1109eb2f-30b7-48e7-b817-d76238a4c47b req-a89027f6-933f-45b6-b410-fc849491d31e 11ca766bf3d94043a081dc7abed6dff5 561afd0d7a904a3fb0866d99889ed133 - - default default] 10.0.0.184 "GET /v2.0/ports?device_id=045eb9d1-70d8-4b61-9947-9bcafb83fe46 HTTP/1.1" status: 200 len: 1160 time: 0.1681037
2026-05-18 01:52:11.924 10 INFO neutron.db.ovn_revision_numbers_db [None req-20009634-9533-4123-a91e-720e8e2ab5a0 2c60b6ccd6fc4973bafcb3b18c51dfbc 541db572d2324afa95616f75acdd5c23 - - - -] Successfully bumped revision number for resource 0f51b009-cabe-4598-ad95-dfdba694d030 (type: ports) to 1
2026-05-18 01:52:11.935 10 INFO neutron.wsgi [req-1109eb2f-30b7-48e7-b817-d76238a4c47b req-96f2d799-a2b8-49a0-a6fe-beafffea682e 11ca766bf3d94043a081dc7abed6dff5 561afd0d7a904a3fb0866d99889ed133 - - default default] 10.0.0.184 "GET /v2.0/security-groups?id=6b3b89c4-71b8-4030-8885-e004f8bd9f2d&fields=id&fields=name HTTP/1.1" status: 200 len: 312 time: 0.0444710
2026-05-18 01:52:11.984 9 INFO neutron.wsgi [req-6561ff9f-d008-46f5-80e1-15129d7f8f2f req-a9d792ab-0b93-4c31-bad1-368444e16b7d 96fbaa1f56a74a48b53b49d8cdadd4dc 96bff13c71ac4edfafd9c57fd3fe72b4 - - default default] 10.0.0.184 "GET /v2.0/ports?device_id=b7fd3877-c388-45b0-95f8-112ee55f431d HTTP/1.1" status: 200 len: 210 time: 0.0331810
2026-05-18 01:52:12.013 10 INFO neutron.wsgi [None req-20009634-9533-4123-a91e-720e8e2ab5a0 2c60b6ccd6fc4973bafcb3b18c51dfbc 541db572d2324afa95616f75acdd5c23 - - - -] 10.0.0.96 "POST /v2.0/networks HTTP/1.1" status: 201 len: 946 time: 1.1891208 /var/lib/openstack/lib/python3.10/site-packages/pycadf/identifier.py:71: UserWarning: Invalid uuid: neutron. To ensure interoperability, identifiers should be a valid uuid. warnings.warn(('Invalid uuid: %s. To ensure interoperability, '
2026-05-18 01:52:12.072 10 INFO neutron.db.ovn_revision_numbers_db [None req-72703c66-2aa0-4db6-83c2-bd65ead515b3 482563c3e50a4871a7b7a0056c860689 4c1fb3cc9e064e3aa1311af14731be2b - - - -] Successfully bumped revision number for resource fd2c4817-5d12-42f2-8f97-03e25177445a (type: ports) to 2
2026-05-18 01:52:12.083 9 WARNING neutron.plugins.ml2.drivers.ovn.mech_driver.ovsdb.ovn_client [None req-112924e3-7ee5-4fb4-9c83-2b3b44b912a4 - - - - - -] No hosting information found for port 4ffa15e7-537f-4241-8755-de5f88b895ca: RuntimeError: No hosting information found for port 4ffa15e7-537f-4241-8755-de5f88b895ca
2026-05-18 01:52:12.083 9 INFO neutron.plugins.ml2.drivers.ovn.mech_driver.mech_driver [None req-112924e3-7ee5-4fb4-9c83-2b3b44b912a4 - - - - - -] OVN reports status up for port: 2571f3b0-2b01-46e4-9f4f-0ac92b6c4df8
2026-05-18 01:52:12.104 9 INFO neutron.plugins.ml2.plugin [None req-112924e3-7ee5-4fb4-9c83-2b3b44b912a4 - - - - - -] Attempt 1 to provision port 2571f3b0-2b01-46e4-9f4f-0ac92b6c4df8
2026-05-18 01:52:12.133 10 INFO neutron.wsgi [req-7ccaf468-fedd-4ea0-8ac6-3b3ff1407182 req-1ee244af-161b-4b35-9c3a-76e8d690aa06 4ff512c6de634d99850397fa2ca4c1ee 149ccf8d6f5645fea76da61b172ab6f8 - - default default] 10.0.0.184 "GET /v2.0/ports?device_id=7ad6f51b-f3d4-413b-b5e5-78547a101c15 HTTP/1.1" status: 200 len: 1172 time: 0.1243060
2026-05-18 01:52:12.196 10 INFO neutron.wsgi [req-7ccaf468-fedd-4ea0-8ac6-3b3ff1407182 req-b6740288-0b10-4256-a465-f93e193defde 4ff512c6de634d99850397fa2ca4c1ee 149ccf8d6f5645fea76da61b172ab6f8 - - default default] 10.0.0.184 "GET /v2.0/security-groups?id=e8f36dab-f27d-4a88-b125-d34d07d947c0&fields=id&fields=name HTTP/1.1" status: 200 len: 313 time: 0.0551145
2026-05-18 01:52:12.283 10 WARNING neutron.scheduler.dhcp_agent_scheduler [None req-64d7e3d2-5870-4ff4-9a2e-1f5195137753 2c60b6ccd6fc4973bafcb3b18c51dfbc 541db572d2324afa95616f75acdd5c23 - - - -] No more DHCP agents
2026-05-18 01:52:12.286 9 WARNING neutron.scheduler.dhcp_agent_scheduler [None req-76def35c-05d2-43f5-8dc0-5204e3fe5ec8 96fbaa1f56a74a48b53b49d8cdadd4dc 96bff13c71ac4edfafd9c57fd3fe72b4 - - - -] No more DHCP agents
2026-05-18 01:52:12.291 10 WARNING neutron.api.rpc.agentnotifiers.dhcp_rpc_agent_api [None req-64d7e3d2-5870-4ff4-9a2e-1f5195137753 2c60b6ccd6fc4973bafcb3b18c51dfbc 541db572d2324afa95616f75acdd5c23 - - - -] Unable to schedule network cc6bc623-ab92-4ae8-9720-9e229c02acc9: no agents available; will retry on subsequent port and subnet creation events.
2026-05-18 01:52:12.292 9 WARNING neutron.api.rpc.agentnotifiers.dhcp_rpc_agent_api [None req-76def35c-05d2-43f5-8dc0-5204e3fe5ec8 96fbaa1f56a74a48b53b49d8cdadd4dc 96bff13c71ac4edfafd9c57fd3fe72b4 - - - -] Unable to schedule network 7373bb86-4e3c-4471-95c2-e17e42368f7f: no agents available; will retry on subsequent port and subnet creation events.
2026-05-18 01:52:12.387 10 INFO neutron.db.ovn_revision_numbers_db [None req-72703c66-2aa0-4db6-83c2-bd65ead515b3 482563c3e50a4871a7b7a0056c860689 4c1fb3cc9e064e3aa1311af14731be2b - - - -] Successfully bumped revision number for resource fd2c4817-5d12-42f2-8f97-03e25177445a (type: ports) to 2
2026-05-18 01:52:12.418 10 INFO neutron.wsgi [None req-72703c66-2aa0-4db6-83c2-bd65ead515b3 482563c3e50a4871a7b7a0056c860689 4c1fb3cc9e064e3aa1311af14731be2b - - - -] 199.204.45.216 "PUT /v2.0/ports/fd2c4817-5d12-42f2-8f97-03e25177445a HTTP/1.1" status: 200 len: 1332 time: 1.0688491
2026-05-18 01:52:12.454 10 INFO neutron.notifiers.nova [-] Nova event matching ['req-8b4c65a7-5be7-4b93-82e2-478e9c3703c1'] response: {'name': 'network-changed', 'server_uuid': '045eb9d1-70d8-4b61-9947-9bcafb83fe46', 'tag': 'fd2c4817-5d12-42f2-8f97-03e25177445a', 'status': 'completed', 'code': 200} /var/lib/openstack/lib/python3.10/site-packages/pycadf/identifier.py:71: UserWarning: Invalid uuid: neutron. To ensure interoperability, identifiers should be a valid uuid. warnings.warn(('Invalid uuid: %s. To ensure interoperability, '
2026-05-18 01:52:12.510 10 INFO neutron.wsgi [req-0f3faea7-2459-49c7-a110-89d1d297c2bc req-e18ce394-4e2f-43f8-987d-4509604be8e9 482563c3e50a4871a7b7a0056c860689 4c1fb3cc9e064e3aa1311af14731be2b - - 869e230c9c6040bc8c7ba358f0366bc5 869e230c9c6040bc8c7ba358f0366bc5] 199.204.45.216 "GET /v2.0/ports?tenant_id=561afd0d7a904a3fb0866d99889ed133&device_id=045eb9d1-70d8-4b61-9947-9bcafb83fe46 HTTP/1.1" status: 200 len: 1363 time: 0.0371413
2026-05-18 01:52:12.540 9 INFO neutron.db.ovn_revision_numbers_db [None req-76def35c-05d2-43f5-8dc0-5204e3fe5ec8 96fbaa1f56a74a48b53b49d8cdadd4dc 96bff13c71ac4edfafd9c57fd3fe72b4 - - - -] Successfully bumped revision number for resource 90cc69b8-6abd-4a1e-b0cd-6635a6a7a976 (type: ports) to 1
2026-05-18 01:52:12.578 9 INFO neutron.wsgi [None req-76def35c-05d2-43f5-8dc0-5204e3fe5ec8 96fbaa1f56a74a48b53b49d8cdadd4dc 96bff13c71ac4edfafd9c57fd3fe72b4 - - - -] 199.204.45.216 "POST /v2.0/ports HTTP/1.1" status: 201 len: 1158 time: 0.9319499
2026-05-18 01:52:12.579 9 INFO neutron.db.ovn_revision_numbers_db [None req-112924e3-7ee5-4fb4-9c83-2b3b44b912a4 - - - - - -] Successfully bumped revision number for resource 2571f3b0-2b01-46e4-9f4f-0ac92b6c4df8 (type: ports) to 3 /var/lib/openstack/lib/python3.10/site-packages/pycadf/identifier.py:71: UserWarning: Invalid uuid: neutron. To ensure interoperability, identifiers should be a valid uuid. warnings.warn(('Invalid uuid: %s. To ensure interoperability, '
2026-05-18 01:52:12.653 10 INFO neutron.wsgi [req-0f3faea7-2459-49c7-a110-89d1d297c2bc req-691cdcc6-aee1-4348-a51a-4e7787b9ce3a 482563c3e50a4871a7b7a0056c860689 4c1fb3cc9e064e3aa1311af14731be2b - - 869e230c9c6040bc8c7ba358f0366bc5 869e230c9c6040bc8c7ba358f0366bc5] 199.204.45.216 "GET /v2.0/networks?tenant_id=561afd0d7a904a3fb0866d99889ed133&shared=False HTTP/1.1" status: 200 len: 982 time: 0.1329794
2026-05-18 01:52:12.737 9 INFO neutron.db.ovn_revision_numbers_db [None req-112924e3-7ee5-4fb4-9c83-2b3b44b912a4 - - - - - -] Successfully bumped revision number for resource 2571f3b0-2b01-46e4-9f4f-0ac92b6c4df8 (type: router_ports) to 3
2026-05-18 01:52:12.778 10 INFO neutron.wsgi [req-0f3faea7-2459-49c7-a110-89d1d297c2bc req-0cfe352c-0f40-499f-8ca5-7535caec8b9c 482563c3e50a4871a7b7a0056c860689 4c1fb3cc9e064e3aa1311af14731be2b - - 869e230c9c6040bc8c7ba358f0366bc5 869e230c9c6040bc8c7ba358f0366bc5] 199.204.45.216 "GET /v2.0/networks?shared=True HTTP/1.1" status: 200 len: 952 time: 0.1165187
2026-05-18 01:52:12.847 10 INFO neutron.wsgi [req-b40f3800-436d-48a4-8bee-9247806e1462 req-9668c463-939e-4616-8500-2b977a567ab3 482563c3e50a4871a7b7a0056c860689 4c1fb3cc9e064e3aa1311af14731be2b - - 869e230c9c6040bc8c7ba358f0366bc5 869e230c9c6040bc8c7ba358f0366bc5] 199.204.45.216 "GET /v2.0/ports?tenant_id=561afd0d7a904a3fb0866d99889ed133&device_id=045eb9d1-70d8-4b61-9947-9bcafb83fe46 HTTP/1.1" status: 200 len: 1363 time: 0.0364714
2026-05-18 01:52:12.997 9 INFO neutron.db.ovn_revision_numbers_db [None req-436e6424-f9d7-4f6d-ab7e-1bb5caef8ebb 482563c3e50a4871a7b7a0056c860689 4c1fb3cc9e064e3aa1311af14731be2b - - - -] Successfully bumped revision number for resource 90cc69b8-6abd-4a1e-b0cd-6635a6a7a976 (type: ports) to 2 /var/lib/openstack/lib/python3.10/site-packages/pycadf/identifier.py:71: UserWarning: Invalid uuid: neutron. To ensure interoperability, identifiers should be a valid uuid. warnings.warn(('Invalid uuid: %s. To ensure interoperability, '
2026-05-18 01:52:13.091 10 INFO neutron.wsgi [req-b40f3800-436d-48a4-8bee-9247806e1462 req-7bb3f943-6832-4911-a960-2847521a8b4b 482563c3e50a4871a7b7a0056c860689 4c1fb3cc9e064e3aa1311af14731be2b - - 869e230c9c6040bc8c7ba358f0366bc5 869e230c9c6040bc8c7ba358f0366bc5] 199.204.45.216 "GET /v2.0/floatingips?fixed_ip_address=10.100.0.12&port_id=fd2c4817-5d12-42f2-8f97-03e25177445a HTTP/1.1" status: 200 len: 217 time: 0.2348189
2026-05-18 01:52:13.132 10 INFO neutron.plugins.ml2.drivers.ovn.mech_driver.mech_driver [None req-b5e345bd-f316-4f6d-9b0e-09c747b0f037 - - - - - -] OVN reports status up for port: 69e2bb60-88a2-45e4-9c71-6b12bfdea2b4
2026-05-18 01:52:13.163 10 INFO neutron.wsgi [req-20c5a42e-f638-4b69-83f7-36a9a092abe2 req-273ce5c9-82aa-4cba-afe8-5b3f2996ee0f 11ca766bf3d94043a081dc7abed6dff5 561afd0d7a904a3fb0866d99889ed133 - - default default] 10.0.0.184 "GET /v2.0/ports?device_id=045eb9d1-70d8-4b61-9947-9bcafb83fe46 HTTP/1.1" status: 200 len: 1172 time: 0.0853980
2026-05-18 01:52:13.178 10 INFO neutron.plugins.ml2.plugin [None req-b5e345bd-f316-4f6d-9b0e-09c747b0f037 - - - - - -] Attempt 1 to provision port 69e2bb60-88a2-45e4-9c71-6b12bfdea2b4
2026-05-18 01:52:13.187 9 INFO neutron.wsgi [req-4934bf3c-c9ee-4cc3-8daa-185f0f4d7052 req-f920fc50-71c8-42d1-a875-0448e122d20d 96fbaa1f56a74a48b53b49d8cdadd4dc 96bff13c71ac4edfafd9c57fd3fe72b4 - - default default] 10.0.0.184 "GET /v2.0/ports?device_id=b7fd3877-c388-45b0-95f8-112ee55f431d HTTP/1.1" status: 200 len: 1168 time: 0.1207120
2026-05-18 01:52:13.199 10 INFO neutron.wsgi [req-b40f3800-436d-48a4-8bee-9247806e1462 req-f860f4ff-10fa-4434-885e-b824fcbd231e 482563c3e50a4871a7b7a0056c860689 4c1fb3cc9e064e3aa1311af14731be2b - - 869e230c9c6040bc8c7ba358f0366bc5 869e230c9c6040bc8c7ba358f0366bc5] 199.204.45.216 "GET /v2.0/subnets?id=3e855fb0-9e95-4641-b049-1e20b03754df HTTP/1.1" status: 200 len: 877 time: 0.0968690
2026-05-18 01:52:13.243 10 INFO neutron.wsgi [req-20c5a42e-f638-4b69-83f7-36a9a092abe2 req-614d3d67-6981-4ba3-9b11-0a64d56d6a4a 11ca766bf3d94043a081dc7abed6dff5 561afd0d7a904a3fb0866d99889ed133 - - default default] 10.0.0.184 "GET /v2.0/security-groups?id=6b3b89c4-71b8-4030-8885-e004f8bd9f2d&fields=id&fields=name HTTP/1.1" status: 200 len: 312 time: 0.0725472
2026-05-18 01:52:13.254 10 INFO neutron.wsgi [req-b40f3800-436d-48a4-8bee-9247806e1462 req-17564210-c866-474a-98fd-28137527b8c5 482563c3e50a4871a7b7a0056c860689 4c1fb3cc9e064e3aa1311af14731be2b - - 869e230c9c6040bc8c7ba358f0366bc5 869e230c9c6040bc8c7ba358f0366bc5] 199.204.45.216 "GET /v2.0/ports?network_id=2ae4ac05-ac2f-4090-9963-f29408c08319&device_owner=network%3Adhcp HTTP/1.1" status: 200 len: 210 time: 0.0481660
2026-05-18 01:52:13.270 9 INFO neutron.wsgi [req-4934bf3c-c9ee-4cc3-8daa-185f0f4d7052 req-d95de1d4-2220-4d14-a472-2e5f2be6e0b0 96fbaa1f56a74a48b53b49d8cdadd4dc 96bff13c71ac4edfafd9c57fd3fe72b4 - - default default] 10.0.0.184 "GET /v2.0/security-groups?id=78d92358-02d9-4359-a6e2-973f8f716c82&fields=id&fields=name HTTP/1.1" status: 200 len: 313 time: 0.0587785
2026-05-18 01:52:13.320 9 INFO neutron.db.ovn_revision_numbers_db [None req-436e6424-f9d7-4f6d-ab7e-1bb5caef8ebb 482563c3e50a4871a7b7a0056c860689 4c1fb3cc9e064e3aa1311af14731be2b - - - -] Successfully bumped revision number for resource 90cc69b8-6abd-4a1e-b0cd-6635a6a7a976 (type: ports) to 2
2026-05-18 01:52:13.336 9 INFO neutron.wsgi [None req-436e6424-f9d7-4f6d-ab7e-1bb5caef8ebb 482563c3e50a4871a7b7a0056c860689 4c1fb3cc9e064e3aa1311af14731be2b - - - -] 199.204.45.216 "PUT /v2.0/ports/90cc69b8-6abd-4a1e-b0cd-6635a6a7a976 HTTP/1.1" status: 200 len: 1328 time: 0.7485211
2026-05-18 01:52:13.346 10 INFO neutron.db.ovn_revision_numbers_db [None req-64d7e3d2-5870-4ff4-9a2e-1f5195137753 2c60b6ccd6fc4973bafcb3b18c51dfbc 541db572d2324afa95616f75acdd5c23 - - - -] Successfully bumped revision number for resource 0f51b009-cabe-4598-ad95-dfdba694d030 (type: ports) to 2
2026-05-18 01:52:13.368 10 INFO neutron.wsgi [req-e8314f0e-8a7a-4dbc-9252-b8c971b4db65 req-ead79baa-94d6-4349-a5ce-8e39abcbc9fa 4ff512c6de634d99850397fa2ca4c1ee 149ccf8d6f5645fea76da61b172ab6f8 - - default default] 10.0.0.184 "GET /v2.0/ports?device_id=7ad6f51b-f3d4-413b-b5e5-78547a101c15 HTTP/1.1" status: 200 len: 1172 time: 0.0590498
2026-05-18 01:52:13.390 10 INFO neutron.wsgi [req-b40f3800-436d-48a4-8bee-9247806e1462 req-7a5a0a63-5cbb-4347-b6ea-943f90d96c01 482563c3e50a4871a7b7a0056c860689 4c1fb3cc9e064e3aa1311af14731be2b - - 869e230c9c6040bc8c7ba358f0366bc5 869e230c9c6040bc8c7ba358f0366bc5] 199.204.45.216 "GET /v2.0/networks/2ae4ac05-ac2f-4090-9963-f29408c08319?fields=segments HTTP/1.1" status: 200 len: 212 time: 0.1264241
2026-05-18 01:52:13.396 10 INFO neutron.db.ovn_revision_numbers_db [None req-64d7e3d2-5870-4ff4-9a2e-1f5195137753 2c60b6ccd6fc4973bafcb3b18c51dfbc 541db572d2324afa95616f75acdd5c23 - - - -] Successfully bumped revision number for resource 1513b8c0-352c-48e2-991f-d7e620f2a049 (type: subnets) to 0 /var/lib/openstack/lib/python3.10/site-packages/pycadf/identifier.py:71: UserWarning: Invalid uuid: neutron. To ensure interoperability, identifiers should be a valid uuid. warnings.warn(('Invalid uuid: %s. To ensure interoperability, '
2026-05-18 01:52:13.418 10 INFO neutron.wsgi [None req-64d7e3d2-5870-4ff4-9a2e-1f5195137753 2c60b6ccd6fc4973bafcb3b18c51dfbc 541db572d2324afa95616f75acdd5c23 - - - -] 10.0.0.96 "POST /v2.0/subnets HTTP/1.1" status: 201 len: 866 time: 1.3948030
2026-05-18 01:52:13.435 10 INFO neutron.wsgi [req-e8314f0e-8a7a-4dbc-9252-b8c971b4db65 req-d3703c5f-f010-4fdd-80b7-e18748a8a648 4ff512c6de634d99850397fa2ca4c1ee 149ccf8d6f5645fea76da61b172ab6f8 - - default default] 10.0.0.184 "GET /v2.0/security-groups?id=e8f36dab-f27d-4a88-b125-d34d07d947c0&fields=id&fields=name HTTP/1.1" status: 200 len: 313 time: 0.0571744
2026-05-18 01:52:13.459 9 INFO neutron.wsgi [req-02f7d6d4-6cc3-4c85-b84f-642c3c0a77ed req-993341db-400b-469e-a805-297af8efacaa 482563c3e50a4871a7b7a0056c860689 4c1fb3cc9e064e3aa1311af14731be2b - - 869e230c9c6040bc8c7ba358f0366bc5 869e230c9c6040bc8c7ba358f0366bc5] 199.204.45.216 "GET /v2.0/ports?tenant_id=96bff13c71ac4edfafd9c57fd3fe72b4&device_id=b7fd3877-c388-45b0-95f8-112ee55f431d HTTP/1.1" status: 200 len: 1359 time: 0.0617216
2026-05-18 01:52:13.480 10 INFO neutron.wsgi [req-b40f3800-436d-48a4-8bee-9247806e1462 req-fb1ba30f-0ffd-4e69-8b09-6a58353d0aad 482563c3e50a4871a7b7a0056c860689 4c1fb3cc9e064e3aa1311af14731be2b - - 869e230c9c6040bc8c7ba358f0366bc5 869e230c9c6040bc8c7ba358f0366bc5] 199.204.45.216 "GET /v2.0/networks/2ae4ac05-ac2f-4090-9963-f29408c08319?fields=provider%3Aphysical_network&fields=provider%3Anetwork_type HTTP/1.1" status: 200 len: 277 time: 0.0825121
2026-05-18 01:52:13.506 9 INFO neutron.wsgi [req-02f7d6d4-6cc3-4c85-b84f-642c3c0a77ed req-d93b3e90-de64-4f8c-9a35-1c36e863d0ed 482563c3e50a4871a7b7a0056c860689 4c1fb3cc9e064e3aa1311af14731be2b - - 869e230c9c6040bc8c7ba358f0366bc5 869e230c9c6040bc8c7ba358f0366bc5] 199.204.45.216 "GET /v2.0/floatingips?fixed_ip_address=10.100.0.7&port_id=90cc69b8-6abd-4a1e-b0cd-6635a6a7a976 HTTP/1.1" status: 200 len: 217 time: 0.0357292
2026-05-18 01:52:13.559 9 INFO neutron.wsgi [req-02f7d6d4-6cc3-4c85-b84f-642c3c0a77ed req-87610ec0-7110-4455-9175-bafa2a60c763 482563c3e50a4871a7b7a0056c860689 4c1fb3cc9e064e3aa1311af14731be2b - - 869e230c9c6040bc8c7ba358f0366bc5 869e230c9c6040bc8c7ba358f0366bc5] 199.204.45.216 "GET /v2.0/subnets?id=c4c48ab5-3a8a-49bb-bb55-90ef27450584 HTTP/1.1" status: 200 len: 873 time: 0.0423155
2026-05-18 01:52:13.756 10 INFO neutron.db.ovn_revision_numbers_db [None req-b5e345bd-f316-4f6d-9b0e-09c747b0f037 - - - - - -] Successfully bumped revision number for resource 69e2bb60-88a2-45e4-9c71-6b12bfdea2b4 (type: ports) to 4
2026-05-18 01:52:13.762 9 INFO neutron.wsgi [req-02f7d6d4-6cc3-4c85-b84f-642c3c0a77ed req-adb3f46a-8c03-4468-8d07-4df5feb2a7af 482563c3e50a4871a7b7a0056c860689 4c1fb3cc9e064e3aa1311af14731be2b - - 869e230c9c6040bc8c7ba358f0366bc5 869e230c9c6040bc8c7ba358f0366bc5] 199.204.45.216 "GET /v2.0/ports?network_id=7373bb86-4e3c-4471-95c2-e17e42368f7f&device_owner=network%3Adhcp HTTP/1.1" status: 200 len: 210 time: 0.1939857
2026-05-18 01:52:13.863 9 INFO neutron.wsgi [req-02f7d6d4-6cc3-4c85-b84f-642c3c0a77ed req-2fc29b41-bd81-43db-9dbe-03e4a4a3eb7d 482563c3e50a4871a7b7a0056c860689 4c1fb3cc9e064e3aa1311af14731be2b - - 869e230c9c6040bc8c7ba358f0366bc5 869e230c9c6040bc8c7ba358f0366bc5] 199.204.45.216 "GET /v2.0/networks/7373bb86-4e3c-4471-95c2-e17e42368f7f?fields=segments HTTP/1.1" status: 200 len: 212 time: 0.0940106
2026-05-18 01:52:13.892 9 INFO neutron.notifiers.nova [-] Nova event matching ['req-1fd55cf8-1005-4728-ac0e-ab3fb4c474af'] response: {'name': 'network-changed', 'server_uuid': 'b7fd3877-c388-45b0-95f8-112ee55f431d', 'tag': '90cc69b8-6abd-4a1e-b0cd-6635a6a7a976', 'status': 'completed', 'code': 200}
2026-05-18 01:52:13.934 9 INFO neutron.wsgi [req-02f7d6d4-6cc3-4c85-b84f-642c3c0a77ed req-2095426c-25ef-4cd2-b5e2-28f7d3ec0466 482563c3e50a4871a7b7a0056c860689 4c1fb3cc9e064e3aa1311af14731be2b - - 869e230c9c6040bc8c7ba358f0366bc5 869e230c9c6040bc8c7ba358f0366bc5] 199.204.45.216 "GET /v2.0/networks/7373bb86-4e3c-4471-95c2-e17e42368f7f?fields=provider%3Aphysical_network&fields=provider%3Anetwork_type HTTP/1.1" status: 200 len: 277 time: 0.0619562
2026-05-18 01:52:14.016 9 INFO neutron.wsgi [req-1a33b21c-f1c2-4f9b-9937-6199e03750eb req-674feed8-b701-4a85-9cbb-624029e5a026 482563c3e50a4871a7b7a0056c860689 4c1fb3cc9e064e3aa1311af14731be2b - - 869e230c9c6040bc8c7ba358f0366bc5 869e230c9c6040bc8c7ba358f0366bc5] 199.204.45.216 "GET /v2.0/ports?tenant_id=96bff13c71ac4edfafd9c57fd3fe72b4&device_id=b7fd3877-c388-45b0-95f8-112ee55f431d HTTP/1.1" status: 200 len: 1359 time: 0.0336041
2026-05-18 01:52:14.086 10 WARNING neutron.scheduler.dhcp_agent_scheduler [None req-9ce77a12-9394-4b5e-b8ae-0161354d1fa7 2c60b6ccd6fc4973bafcb3b18c51dfbc 541db572d2324afa95616f75acdd5c23 - - - -] No more DHCP agents
2026-05-18 01:52:14.089 9 INFO neutron.wsgi [req-1a33b21c-f1c2-4f9b-9937-6199e03750eb req-0b66eedf-8469-44b3-b8ea-820e85776495 482563c3e50a4871a7b7a0056c860689 4c1fb3cc9e064e3aa1311af14731be2b - - 869e230c9c6040bc8c7ba358f0366bc5 869e230c9c6040bc8c7ba358f0366bc5] 199.204.45.216 "GET /v2.0/networks?id=7373bb86-4e3c-4471-95c2-e17e42368f7f HTTP/1.1" status: 200 len: 978 time: 0.0684011
2026-05-18 01:52:14.092 10 WARNING neutron.api.rpc.agentnotifiers.dhcp_rpc_agent_api [None req-9ce77a12-9394-4b5e-b8ae-0161354d1fa7 2c60b6ccd6fc4973bafcb3b18c51dfbc 541db572d2324afa95616f75acdd5c23 - - - -] Unable to schedule network 1789723b-4cd4-4985-abb8-7edd76d122e7: no agents available; will retry on subsequent port and subnet creation events.
2026-05-18 01:52:14.120 9 INFO neutron.wsgi [req-1a33b21c-f1c2-4f9b-9937-6199e03750eb req-0f95b4b9-f75c-45c1-97bb-ddde09767277 482563c3e50a4871a7b7a0056c860689 4c1fb3cc9e064e3aa1311af14731be2b - - 869e230c9c6040bc8c7ba358f0366bc5 869e230c9c6040bc8c7ba358f0366bc5] 199.204.45.216 "GET /v2.0/floatingips?fixed_ip_address=10.100.0.7&port_id=90cc69b8-6abd-4a1e-b0cd-6635a6a7a976 HTTP/1.1" status: 200 len: 217 time: 0.0242398
2026-05-18 01:52:14.153 9 INFO neutron.wsgi [req-1a33b21c-f1c2-4f9b-9937-6199e03750eb req-8afc154a-03f2-4cfe-81c9-6aacfc02e648 482563c3e50a4871a7b7a0056c860689 4c1fb3cc9e064e3aa1311af14731be2b - - 869e230c9c6040bc8c7ba358f0366bc5 869e230c9c6040bc8c7ba358f0366bc5] 199.204.45.216 "GET /v2.0/subnets?id=c4c48ab5-3a8a-49bb-bb55-90ef27450584 HTTP/1.1" status: 200 len: 873 time: 0.0286310
2026-05-18 01:52:14.183 9 INFO neutron.wsgi [req-1a33b21c-f1c2-4f9b-9937-6199e03750eb req-171dc33c-3cd9-406f-9778-cf2c2170e637 482563c3e50a4871a7b7a0056c860689 4c1fb3cc9e064e3aa1311af14731be2b - - 869e230c9c6040bc8c7ba358f0366bc5 869e230c9c6040bc8c7ba358f0366bc5] 199.204.45.216 "GET /v2.0/ports?network_id=7373bb86-4e3c-4471-95c2-e17e42368f7f&device_owner=network%3Adhcp HTTP/1.1" status: 200 len: 210 time: 0.0254877
2026-05-18 01:52:14.231 10 INFO neutron.db.ovn_revision_numbers_db [None req-9ce77a12-9394-4b5e-b8ae-0161354d1fa7 2c60b6ccd6fc4973bafcb3b18c51dfbc 541db572d2324afa95616f75acdd5c23 - - - -] Successfully bumped revision number for resource 43e77115-fb53-40aa-83d7-ee95464e48ba (type: ports) to 1
2026-05-18 01:52:14.245 9 INFO neutron.wsgi [req-1a33b21c-f1c2-4f9b-9937-6199e03750eb req-4b23ff99-020f-4a6b-ac42-d8789e815d9a 482563c3e50a4871a7b7a0056c860689 4c1fb3cc9e064e3aa1311af14731be2b - - 869e230c9c6040bc8c7ba358f0366bc5 869e230c9c6040bc8c7ba358f0366bc5] 199.204.45.216 "GET /v2.0/networks/7373bb86-4e3c-4471-95c2-e17e42368f7f?fields=segments HTTP/1.1" status: 200 len: 212 time: 0.0543997
2026-05-18 01:52:14.307 9 INFO neutron.wsgi [req-1a33b21c-f1c2-4f9b-9937-6199e03750eb req-d43ae043-cc3c-47b3-82f1-fe4772bd7422 482563c3e50a4871a7b7a0056c860689 4c1fb3cc9e064e3aa1311af14731be2b - - 869e230c9c6040bc8c7ba358f0366bc5 869e230c9c6040bc8c7ba358f0366bc5] 199.204.45.216 "GET /v2.0/networks/7373bb86-4e3c-4471-95c2-e17e42368f7f?fields=provider%3Aphysical_network&fields=provider%3Anetwork_type HTTP/1.1" status: 200 len: 277 time: 0.0569000 /var/lib/openstack/lib/python3.10/site-packages/pycadf/identifier.py:71: UserWarning: Invalid uuid: neutron. To ensure interoperability, identifiers should be a valid uuid. warnings.warn(('Invalid uuid: %s. To ensure interoperability, '
2026-05-18 01:52:14.364 10 INFO neutron.wsgi [req-018fa7d2-c638-403a-a0fd-d845bc16240f req-3449554e-958a-4ba1-85ec-61dad2fc837f 11ca766bf3d94043a081dc7abed6dff5 561afd0d7a904a3fb0866d99889ed133 - - default default] 10.0.0.184 "GET /v2.0/ports?device_id=045eb9d1-70d8-4b61-9947-9bcafb83fe46 HTTP/1.1" status: 200 len: 1172 time: 0.0469117
2026-05-18 01:52:14.386 9 INFO neutron.wsgi [req-bf04fe2d-e77b-4393-9f66-8c42b013588d req-8c1247f8-25bf-42f6-a510-b1554e9029a8 96fbaa1f56a74a48b53b49d8cdadd4dc 96bff13c71ac4edfafd9c57fd3fe72b4 - - default default] 10.0.0.184 "GET /v2.0/ports?device_id=b7fd3877-c388-45b0-95f8-112ee55f431d HTTP/1.1" status: 200 len: 1168 time: 0.0461962
2026-05-18 01:52:14.424 10 INFO neutron.wsgi [req-018fa7d2-c638-403a-a0fd-d845bc16240f req-780677fa-581c-4c09-853c-0376226caff3 11ca766bf3d94043a081dc7abed6dff5 561afd0d7a904a3fb0866d99889ed133 - - default default] 10.0.0.184 "GET /v2.0/security-groups?id=6b3b89c4-71b8-4030-8885-e004f8bd9f2d&fields=id&fields=name HTTP/1.1" status: 200 len: 312 time: 0.0543675
2026-05-18 01:52:14.432 9 INFO neutron.wsgi [req-bf04fe2d-e77b-4393-9f66-8c42b013588d req-fc5a6bc9-e245-4a0f-99d2-2d8f4d114995 96fbaa1f56a74a48b53b49d8cdadd4dc 96bff13c71ac4edfafd9c57fd3fe72b4 - - default default] 10.0.0.184 "GET /v2.0/security-groups?id=78d92358-02d9-4359-a6e2-973f8f716c82&fields=id&fields=name HTTP/1.1" status: 200 len: 313 time: 0.0380454
2026-05-18 01:52:14.501 10 INFO neutron.notifiers.nova [-] Nova event matching ['req-11e92fe8-19bf-44ea-9a31-ff5178ce0319'] response: {'server_uuid': '7ad6f51b-f3d4-413b-b5e5-78547a101c15', 'name': 'network-vif-plugged', 'status': 'completed', 'tag': '69e2bb60-88a2-45e4-9c71-6b12bfdea2b4', 'code': 200}
2026-05-18 01:52:14.501 10 INFO neutron.notifiers.nova [-] Nova event matching ['req-11e92fe8-19bf-44ea-9a31-ff5178ce0319'] response: {'server_uuid': '7ad6f51b-f3d4-413b-b5e5-78547a101c15', 'name': 'network-vif-plugged', 'status': 'completed', 'tag': '69e2bb60-88a2-45e4-9c71-6b12bfdea2b4', 'code': 200}
2026-05-18 01:52:14.539 10 INFO neutron.wsgi [req-305c3afc-3b87-4d4b-8854-b5e52b10cf8e req-58e70f51-617d-4a37-9d62-9681494ff99c 4ff512c6de634d99850397fa2ca4c1ee 149ccf8d6f5645fea76da61b172ab6f8 - - default default] 10.0.0.184 "GET /v2.0/ports?device_id=7ad6f51b-f3d4-413b-b5e5-78547a101c15 HTTP/1.1" status: 200 len: 1174 time: 0.0412381
2026-05-18 01:52:14.598 10 INFO neutron.wsgi [req-305c3afc-3b87-4d4b-8854-b5e52b10cf8e req-41d80fac-c131-4f77-bb90-bdf3e2bb0080 4ff512c6de634d99850397fa2ca4c1ee 149ccf8d6f5645fea76da61b172ab6f8 - - default default] 10.0.0.184 "GET /v2.0/security-groups?id=e8f36dab-f27d-4a88-b125-d34d07d947c0&fields=id&fields=name HTTP/1.1" status: 200 len: 313 time: 0.0436671
2026-05-18 01:52:15.037 10 INFO neutron.plugins.ml2.drivers.ovn.mech_driver.mech_driver [None req-b5e345bd-f316-4f6d-9b0e-09c747b0f037 - - - - - -] OVN reports status up for port: 43e77115-fb53-40aa-83d7-ee95464e48ba
2026-05-18 01:52:15.046 10 INFO neutron.plugins.ml2.plugin [None req-b5e345bd-f316-4f6d-9b0e-09c747b0f037 - - - - - -] Attempt 1 to provision port 43e77115-fb53-40aa-83d7-ee95464e48ba
2026-05-18 01:52:15.049 10 INFO neutron.plugins.ml2.drivers.ovn.mech_driver.ovsdb.ovsdb_monitor [None req-9c54d9dc-7ee6-4357-9e8e-23a66d359662 - - - - - -] Router 7ea509cb-1cc7-4503-987a-c54e4ed35eb3 is bound to host instance
2026-05-18 01:52:15.059 10 INFO neutron.db.ovn_revision_numbers_db [None req-9ce77a12-9394-4b5e-b8ae-0161354d1fa7 2c60b6ccd6fc4973bafcb3b18c51dfbc 541db572d2324afa95616f75acdd5c23 - - - -] Successfully bumped revision number for resource 43e77115-fb53-40aa-83d7-ee95464e48ba (type: router_ports) to 1
2026-05-18 01:52:15.192 10 INFO neutron.db.ovn_revision_numbers_db [None req-9ce77a12-9394-4b5e-b8ae-0161354d1fa7 2c60b6ccd6fc4973bafcb3b18c51dfbc 541db572d2324afa95616f75acdd5c23 - - - -] Successfully bumped revision number for resource 7ea509cb-1cc7-4503-987a-c54e4ed35eb3 (type: routers) to 3
2026-05-18 01:52:15.212 10 INFO neutron.wsgi [None req-9ce77a12-9394-4b5e-b8ae-0161354d1fa7 2c60b6ccd6fc4973bafcb3b18c51dfbc 541db572d2324afa95616f75acdd5c23 - - - -] 10.0.0.96 "POST /v2.0/routers HTTP/1.1" status: 201 len: 877 time: 1.7754540
2026-05-18 01:52:15.572 9 INFO neutron.wsgi [req-f0515160-f67c-4537-859b-f422e2113bed req-9f703644-2b61-425c-8c25-803029bdb523 11ca766bf3d94043a081dc7abed6dff5 561afd0d7a904a3fb0866d99889ed133 - - default default] 10.0.0.184 "GET /v2.0/ports?device_id=045eb9d1-70d8-4b61-9947-9bcafb83fe46 HTTP/1.1" status: 200 len: 1172 time: 0.0873559
2026-05-18 01:52:15.612 9 INFO neutron.wsgi [req-f0515160-f67c-4537-859b-f422e2113bed req-c4718a64-113e-423a-9a8a-ef7fdf8a3061 11ca766bf3d94043a081dc7abed6dff5 561afd0d7a904a3fb0866d99889ed133 - - default default] 10.0.0.184 "GET /v2.0/security-groups?id=6b3b89c4-71b8-4030-8885-e004f8bd9f2d&fields=id&fields=name HTTP/1.1" status: 200 len: 312 time: 0.0290875
2026-05-18 01:52:15.660 10 INFO neutron.wsgi [req-e87ae87d-f12a-4954-808b-4ccf9d624dab req-969d3d66-ba1a-46d7-a4eb-d0201ee6bedf 96fbaa1f56a74a48b53b49d8cdadd4dc 96bff13c71ac4edfafd9c57fd3fe72b4 - - default default] 10.0.0.184 "GET /v2.0/ports?device_id=b7fd3877-c388-45b0-95f8-112ee55f431d HTTP/1.1" status: 200 len: 1168 time: 0.1438737
2026-05-18 01:52:15.707 9 INFO neutron.wsgi [req-13ae6859-a174-46e5-9dc3-97d28927c6e2 req-1ba7ce9b-a7bb-48f6-8887-0b840f6909c8 4ff512c6de634d99850397fa2ca4c1ee 149ccf8d6f5645fea76da61b172ab6f8 - - default default] 10.0.0.184 "GET /v2.0/ports?device_id=7ad6f51b-f3d4-413b-b5e5-78547a101c15 HTTP/1.1" status: 200 len: 1174 time: 0.0331497
2026-05-18 01:52:15.732 10 INFO neutron.wsgi [req-e87ae87d-f12a-4954-808b-4ccf9d624dab req-7a9199da-8c83-4ad0-9658-91a77bc15f37 96fbaa1f56a74a48b53b49d8cdadd4dc 96bff13c71ac4edfafd9c57fd3fe72b4 - - default default] 10.0.0.184 "GET /v2.0/security-groups?id=78d92358-02d9-4359-a6e2-973f8f716c82&fields=id&fields=name HTTP/1.1" status: 200 len: 313 time: 0.0659308
2026-05-18 01:52:15.748 9 INFO neutron.wsgi [req-13ae6859-a174-46e5-9dc3-97d28927c6e2 req-8f3e5150-e078-4612-a5cd-19e4e49a9e43 4ff512c6de634d99850397fa2ca4c1ee 149ccf8d6f5645fea76da61b172ab6f8 - - default default] 10.0.0.184 "GET /v2.0/security-groups?id=e8f36dab-f27d-4a88-b125-d34d07d947c0&fields=id&fields=name HTTP/1.1" status: 200 len: 313 time: 0.0306857
2026-05-18 01:52:15.991 10 WARNING neutron.scheduler.dhcp_agent_scheduler [None req-846de3b9-3db1-4ae4-91b0-ac19eeeb3c10 2c60b6ccd6fc4973bafcb3b18c51dfbc 541db572d2324afa95616f75acdd5c23 - - default default] No more DHCP agents
2026-05-18 01:52:15.998 10 INFO neutron.wsgi [req-745a6bb8-9457-4af3-8430-604eb7a5c2e3 req-c239b289-66b8-4176-ac1a-cbb69a743d59 4ff512c6de634d99850397fa2ca4c1ee 149ccf8d6f5645fea76da61b172ab6f8 - - default default] 10.0.0.184 "GET /v2.0/ports?device_id=7ad6f51b-f3d4-413b-b5e5-78547a101c15 HTTP/1.1" status: 200 len: 1174 time: 0.0510476
2026-05-18 01:52:16.000 10 WARNING neutron.api.rpc.agentnotifiers.dhcp_rpc_agent_api [None req-846de3b9-3db1-4ae4-91b0-ac19eeeb3c10 2c60b6ccd6fc4973bafcb3b18c51dfbc 541db572d2324afa95616f75acdd5c23 - - default default] Unable to schedule network cc6bc623-ab92-4ae8-9720-9e229c02acc9: no agents available; will retry on subsequent port and subnet creation events.
2026-05-18 01:52:16.011 10 INFO neutron.db.ovn_revision_numbers_db [None req-9c54d9dc-7ee6-4357-9e8e-23a66d359662 - - - - - -] Successfully bumped revision number for resource 43e77115-fb53-40aa-83d7-ee95464e48ba (type: ports) to 1
2026-05-18 01:52:16.201 10 INFO neutron.db.ovn_revision_numbers_db [None req-846de3b9-3db1-4ae4-91b0-ac19eeeb3c10 2c60b6ccd6fc4973bafcb3b18c51dfbc 541db572d2324afa95616f75acdd5c23 - - default default] Successfully bumped revision number for resource a10edeb4-1c60-4330-b46b-bd9c0aaafe42 (type: ports) to 1
2026-05-18 01:52:16.311 10 INFO neutron.db.ovn_revision_numbers_db [None req-9c54d9dc-7ee6-4357-9e8e-23a66d359662 - - - - - -] Successfully bumped revision number for resource 43e77115-fb53-40aa-83d7-ee95464e48ba (type: router_ports) to 3
2026-05-18 01:52:16.319 9 INFO neutron.db.l3_db [None req-a6595a26-2e2a-49e3-8809-83a13be251c3 4ff512c6de634d99850397fa2ca4c1ee 149ccf8d6f5645fea76da61b172ab6f8 - - - -] Floating IP 10c121e9-1b8d-4345-8798-3980ed73aa5a associated. External IP: 10.96.250.213, port: 69e2bb60-88a2-45e4-9c71-6b12bfdea2b4.
2026-05-18 01:52:16.496 9 INFO neutron.db.ovn_revision_numbers_db [None req-a6595a26-2e2a-49e3-8809-83a13be251c3 4ff512c6de634d99850397fa2ca4c1ee 149ccf8d6f5645fea76da61b172ab6f8 - - - -] Successfully bumped revision number for resource 10c121e9-1b8d-4345-8798-3980ed73aa5a (type: floatingips) to 1
2026-05-18 01:52:16.499 10 INFO neutron.db.ovn_revision_numbers_db [None req-9c54d9dc-7ee6-4357-9e8e-23a66d359662 - - - - - -] Successfully bumped revision number for resource 43e77115-fb53-40aa-83d7-ee95464e48ba (type: ports) to 2
2026-05-18 01:52:16.698 10 INFO neutron.db.ovn_revision_numbers_db [None req-846de3b9-3db1-4ae4-91b0-ac19eeeb3c10 2c60b6ccd6fc4973bafcb3b18c51dfbc 541db572d2324afa95616f75acdd5c23 - - default default] Successfully bumped revision number for resource a10edeb4-1c60-4330-b46b-bd9c0aaafe42 (type: router_ports) to 2
2026-05-18 01:52:16.745 9 INFO neutron.wsgi [req-73ce876e-cac5-4f12-ae95-12e11cff6f69 req-e69b0dc4-3f5c-4de1-94fa-ed66731a1fd0 11ca766bf3d94043a081dc7abed6dff5 561afd0d7a904a3fb0866d99889ed133 - - default default] 10.0.0.184 "GET /v2.0/ports?device_id=045eb9d1-70d8-4b61-9947-9bcafb83fe46 HTTP/1.1" status: 200 len: 1172 time: 0.0363748
2026-05-18 01:52:16.760 9 INFO neutron.db.ovn_revision_numbers_db [None req-a6595a26-2e2a-49e3-8809-83a13be251c3 4ff512c6de634d99850397fa2ca4c1ee 149ccf8d6f5645fea76da61b172ab6f8 - - - -] Successfully bumped revision number for resource 10c121e9-1b8d-4345-8798-3980ed73aa5a (type: floatingips) to 2
2026-05-18 01:52:16.769 10 INFO neutron.db.ovn_revision_numbers_db [None req-9c54d9dc-7ee6-4357-9e8e-23a66d359662 - - - - - -] Successfully bumped revision number for resource 43e77115-fb53-40aa-83d7-ee95464e48ba (type: ports) to 4
2026-05-18 01:52:16.785 9 INFO neutron.wsgi [None req-a6595a26-2e2a-49e3-8809-83a13be251c3 4ff512c6de634d99850397fa2ca4c1ee 149ccf8d6f5645fea76da61b172ab6f8 - - - -] 10.0.0.96 "PUT /v2.0/floatingips/10c121e9-1b8d-4345-8798-3980ed73aa5a HTTP/1.1" status: 200 len: 1050 time: 0.7688875
2026-05-18 01:52:16.792 9 INFO neutron.wsgi [req-73ce876e-cac5-4f12-ae95-12e11cff6f69 req-00dc471f-2ec0-4997-aab1-649a574a01ad 11ca766bf3d94043a081dc7abed6dff5 561afd0d7a904a3fb0866d99889ed133 - - default default] 10.0.0.184 "GET /v2.0/security-groups?id=6b3b89c4-71b8-4030-8885-e004f8bd9f2d&fields=id&fields=name HTTP/1.1" status: 200 len: 312 time: 0.0392108
2026-05-18 01:52:16.825 9 INFO neutron.notifiers.nova [-] Nova event matching ['req-c560f449-ca0a-4d68-b5ac-664222065f2d'] response: {'name': 'network-changed', 'server_uuid': '7ad6f51b-f3d4-413b-b5e5-78547a101c15', 'tag': '69e2bb60-88a2-45e4-9c71-6b12bfdea2b4', 'status': 'completed', 'code': 200}
2026-05-18 01:52:16.870 10 INFO neutron.wsgi [req-c4e5a19a-d2c4-418c-aecf-6e113f6915e2 req-bd7dfd5b-ed34-4d98-89a9-f5bce5c788cd 96fbaa1f56a74a48b53b49d8cdadd4dc 96bff13c71ac4edfafd9c57fd3fe72b4 - - default default] 10.0.0.184 "GET /v2.0/ports?device_id=b7fd3877-c388-45b0-95f8-112ee55f431d HTTP/1.1" status: 200 len: 1168 time: 0.0632000
2026-05-18 01:52:16.872 9 INFO neutron.wsgi [req-6e702e8e-6eeb-4eef-97b0-a6230c211a00 req-d35bf1d5-c85c-415c-822b-e3efd16f54da 482563c3e50a4871a7b7a0056c860689 4c1fb3cc9e064e3aa1311af14731be2b - - 869e230c9c6040bc8c7ba358f0366bc5 869e230c9c6040bc8c7ba358f0366bc5] 199.204.45.216 "GET /v2.0/ports?tenant_id=149ccf8d6f5645fea76da61b172ab6f8&device_id=7ad6f51b-f3d4-413b-b5e5-78547a101c15 HTTP/1.1" status: 200 len: 1365 time: 0.0292182
2026-05-18 01:52:16.909 10 INFO neutron.db.ovn_revision_numbers_db [None req-846de3b9-3db1-4ae4-91b0-ac19eeeb3c10 2c60b6ccd6fc4973bafcb3b18c51dfbc 541db572d2324afa95616f75acdd5c23 - - default default] Successfully bumped revision number for resource a10edeb4-1c60-4330-b46b-bd9c0aaafe42 (type: ports) to 2
2026-05-18 01:52:16.928 10 INFO neutron.wsgi [req-c4e5a19a-d2c4-418c-aecf-6e113f6915e2 req-39d4aa5f-29e9-47c0-b66a-fd8c4bd8040b 96fbaa1f56a74a48b53b49d8cdadd4dc 96bff13c71ac4edfafd9c57fd3fe72b4 - - default default] 10.0.0.184 "GET /v2.0/security-groups?id=78d92358-02d9-4359-a6e2-973f8f716c82&fields=id&fields=name HTTP/1.1" status: 200 len: 313 time: 0.0463519
2026-05-18 01:52:16.933 9 INFO neutron.wsgi [req-6e702e8e-6eeb-4eef-97b0-a6230c211a00 req-b1e82409-6bde-4dab-bc64-1a5321a23b0c 482563c3e50a4871a7b7a0056c860689 4c1fb3cc9e064e3aa1311af14731be2b - - 869e230c9c6040bc8c7ba358f0366bc5 869e230c9c6040bc8c7ba358f0366bc5] 199.204.45.216 "GET /v2.0/networks?id=78fe8510-7f78-4f64-b501-71537e33d299 HTTP/1.1" status: 200 len: 973 time: 0.0564795
2026-05-18 01:52:16.994 9 INFO neutron.wsgi [req-6e702e8e-6eeb-4eef-97b0-a6230c211a00 req-124b4848-f0e4-4dc4-aabc-dffbe1bc202a 482563c3e50a4871a7b7a0056c860689 4c1fb3cc9e064e3aa1311af14731be2b - - 869e230c9c6040bc8c7ba358f0366bc5 869e230c9c6040bc8c7ba358f0366bc5] 199.204.45.216 "GET /v2.0/floatingips?fixed_ip_address=10.100.0.12&port_id=69e2bb60-88a2-45e4-9c71-6b12bfdea2b4 HTTP/1.1" status: 200 len: 1060 time: 0.0525908
2026-05-18 01:52:17.005 10 WARNING neutron.scheduler.dhcp_agent_scheduler [None req-846de3b9-3db1-4ae4-91b0-ac19eeeb3c10 2c60b6ccd6fc4973bafcb3b18c51dfbc 541db572d2324afa95616f75acdd5c23 - - default default] No more DHCP agents
2026-05-18 01:52:17.012 10 WARNING neutron.api.rpc.agentnotifiers.dhcp_rpc_agent_api [None req-846de3b9-3db1-4ae4-91b0-ac19eeeb3c10 2c60b6ccd6fc4973bafcb3b18c51dfbc 541db572d2324afa95616f75acdd5c23 - - default default] Unable to schedule network cc6bc623-ab92-4ae8-9720-9e229c02acc9: no agents available; will retry on subsequent port and subnet creation events.
2026-05-18 01:52:17.029 9 INFO neutron.wsgi [req-6e702e8e-6eeb-4eef-97b0-a6230c211a00 req-1f7ffc31-634e-4f6a-827d-1cb8875fe45e 482563c3e50a4871a7b7a0056c860689 4c1fb3cc9e064e3aa1311af14731be2b - - 869e230c9c6040bc8c7ba358f0366bc5 869e230c9c6040bc8c7ba358f0366bc5] 199.204.45.216 "GET /v2.0/subnets?id=5a57554f-6ff9-4594-9773-93f8034ace83 HTTP/1.1" status: 200 len: 868 time: 0.0275965
2026-05-18 01:52:17.057 9 INFO neutron.wsgi [req-6e702e8e-6eeb-4eef-97b0-a6230c211a00 req-17a51fcd-1dee-4828-a436-76971fb0ef41 482563c3e50a4871a7b7a0056c860689 4c1fb3cc9e064e3aa1311af14731be2b - - 869e230c9c6040bc8c7ba358f0366bc5 869e230c9c6040bc8c7ba358f0366bc5] 199.204.45.216 "GET /v2.0/ports?network_id=78fe8510-7f78-4f64-b501-71537e33d299&device_owner=network%3Adhcp HTTP/1.1" status: 200 len: 210 time: 0.0214782
2026-05-18 01:52:17.102 10 INFO neutron.db.ovn_revision_numbers_db [None req-9c54d9dc-7ee6-4357-9e8e-23a66d359662 - - - - - -] Successfully bumped revision number for resource 43e77115-fb53-40aa-83d7-ee95464e48ba (type: router_ports) to 4
2026-05-18 01:52:17.128 9 INFO neutron.wsgi [req-6e702e8e-6eeb-4eef-97b0-a6230c211a00 req-75e7626b-a75f-46a2-b05d-0ae459b265a9 482563c3e50a4871a7b7a0056c860689 4c1fb3cc9e064e3aa1311af14731be2b - - 869e230c9c6040bc8c7ba358f0366bc5 869e230c9c6040bc8c7ba358f0366bc5] 199.204.45.216 "GET /v2.0/networks/78fe8510-7f78-4f64-b501-71537e33d299?fields=segments HTTP/1.1" status: 200 len: 212 time: 0.0646014
2026-05-18 01:52:17.181 9 INFO neutron.wsgi [req-6e702e8e-6eeb-4eef-97b0-a6230c211a00 req-64981191-a7e1-4735-b600-6881ffd3cc39 482563c3e50a4871a7b7a0056c860689 4c1fb3cc9e064e3aa1311af14731be2b - - 869e230c9c6040bc8c7ba358f0366bc5 869e230c9c6040bc8c7ba358f0366bc5] 199.204.45.216 "GET /v2.0/networks/78fe8510-7f78-4f64-b501-71537e33d299?fields=provider%3Aphysical_network&fields=provider%3Anetwork_type HTTP/1.1" status: 200 len: 277 time: 0.0465443
2026-05-18 01:52:17.859 10 INFO neutron.plugins.ml2.drivers.ovn.mech_driver.mech_driver [None req-b5e345bd-f316-4f6d-9b0e-09c747b0f037 - - - - - -] OVN reports status up for port: a10edeb4-1c60-4330-b46b-bd9c0aaafe42
2026-05-18 01:52:17.876 10 INFO neutron.plugins.ml2.plugin [None req-b5e345bd-f316-4f6d-9b0e-09c747b0f037 - - - - - -] Attempt 1 to provision port a10edeb4-1c60-4330-b46b-bd9c0aaafe42
2026-05-18 01:52:17.900 9 INFO neutron.wsgi [req-d2ad1497-c26c-4ba5-bdda-3a888e61a04d req-e749703a-016b-4cc9-8e8d-9e63be284517 11ca766bf3d94043a081dc7abed6dff5 561afd0d7a904a3fb0866d99889ed133 - - default default] 10.0.0.184 "GET /v2.0/ports?device_id=045eb9d1-70d8-4b61-9947-9bcafb83fe46 HTTP/1.1" status: 200 len: 1172 time: 0.0352845
2026-05-18 01:52:17.943 9 INFO neutron.wsgi [req-d2ad1497-c26c-4ba5-bdda-3a888e61a04d req-7c1f3ba6-ee76-4dae-8206-b3e4a8430166 11ca766bf3d94043a081dc7abed6dff5 561afd0d7a904a3fb0866d99889ed133 - - default default] 10.0.0.184 "GET /v2.0/security-groups?id=6b3b89c4-71b8-4030-8885-e004f8bd9f2d&fields=id&fields=name HTTP/1.1" status: 200 len: 312 time: 0.0337701
2026-05-18 01:52:17.968 10 INFO neutron.db.ovn_revision_numbers_db [None req-846de3b9-3db1-4ae4-91b0-ac19eeeb3c10 2c60b6ccd6fc4973bafcb3b18c51dfbc 541db572d2324afa95616f75acdd5c23 - - - -] Successfully bumped revision number for resource a10edeb4-1c60-4330-b46b-bd9c0aaafe42 (type: router_ports) to 2
2026-05-18 01:52:17.971 10 INFO neutron.wsgi [None req-846de3b9-3db1-4ae4-91b0-ac19eeeb3c10 2c60b6ccd6fc4973bafcb3b18c51dfbc 541db572d2324afa95616f75acdd5c23 - - - -] 10.0.0.96 "PUT /v2.0/routers/7ea509cb-1cc7-4503-987a-c54e4ed35eb3/add_router_interface HTTP/1.1" status: 200 len: 503 time: 2.7526848
2026-05-18 01:52:18.054 10 INFO neutron.wsgi [req-c85ac599-7a6e-4836-9673-26b2ca0c3a13 req-cb5f77ae-b774-4325-9839-16066f98c4aa 96fbaa1f56a74a48b53b49d8cdadd4dc 96bff13c71ac4edfafd9c57fd3fe72b4 - - default default] 10.0.0.184 "GET /v2.0/ports?device_id=b7fd3877-c388-45b0-95f8-112ee55f431d HTTP/1.1" status: 200 len: 1168 time: 0.0415425
2026-05-18 01:52:18.077 9 WARNING neutron.plugins.ml2.drivers.ovn.mech_driver.ovsdb.ovn_client [None req-112924e3-7ee5-4fb4-9c83-2b3b44b912a4 - - - - - -] No hosting information found for port 2571f3b0-2b01-46e4-9f4f-0ac92b6c4df8: RuntimeError: No hosting information found for port 2571f3b0-2b01-46e4-9f4f-0ac92b6c4df8
2026-05-18 01:52:18.077 9 INFO neutron.plugins.ml2.drivers.ovn.mech_driver.mech_driver [None req-112924e3-7ee5-4fb4-9c83-2b3b44b912a4 - - - - - -] OVN reports status up for port: fd2c4817-5d12-42f2-8f97-03e25177445a
2026-05-18 01:52:18.108 9 INFO neutron.plugins.ml2.plugin [None req-112924e3-7ee5-4fb4-9c83-2b3b44b912a4 - - - - - -] Attempt 1 to provision port fd2c4817-5d12-42f2-8f97-03e25177445a
2026-05-18 01:52:18.119 10 INFO neutron.wsgi [req-c85ac599-7a6e-4836-9673-26b2ca0c3a13 req-7c264830-3243-44b0-9283-358f6936785d 96fbaa1f56a74a48b53b49d8cdadd4dc 96bff13c71ac4edfafd9c57fd3fe72b4 - - default default] 10.0.0.184 "GET /v2.0/security-groups?id=78d92358-02d9-4359-a6e2-973f8f716c82&fields=id&fields=name HTTP/1.1" status: 200 len: 313 time: 0.0582795
2026-05-18 01:52:18.196 10 INFO neutron.db.ovn_revision_numbers_db [None req-b5e345bd-f316-4f6d-9b0e-09c747b0f037 - - - - - -] Successfully bumped revision number for resource a10edeb4-1c60-4330-b46b-bd9c0aaafe42 (type: ports) to 3
2026-05-18 01:52:18.306 10 INFO neutron.db.ovn_revision_numbers_db [None req-b5e345bd-f316-4f6d-9b0e-09c747b0f037 - - - - - -] Successfully bumped revision number for resource a10edeb4-1c60-4330-b46b-bd9c0aaafe42 (type: router_ports) to 3
2026-05-18 01:52:18.336 9 INFO neutron.db.ovn_revision_numbers_db [None req-112924e3-7ee5-4fb4-9c83-2b3b44b912a4 - - - - - -] Successfully bumped revision number for resource fd2c4817-5d12-42f2-8f97-03e25177445a (type: ports) to 4
2026-05-18 01:52:18.388 9 INFO neutron.plugins.ml2.drivers.ovn.mech_driver.mech_driver [None req-112924e3-7ee5-4fb4-9c83-2b3b44b912a4 - - - - - -] OVN reports status up for port: 90cc69b8-6abd-4a1e-b0cd-6635a6a7a976
2026-05-18 01:52:18.401 9 INFO neutron.plugins.ml2.plugin [None req-112924e3-7ee5-4fb4-9c83-2b3b44b912a4 - - - - - -] Attempt 1 to provision port 90cc69b8-6abd-4a1e-b0cd-6635a6a7a976 /var/lib/openstack/lib/python3.10/site-packages/pycadf/identifier.py:71: UserWarning: Invalid uuid: neutron. To ensure interoperability, identifiers should be a valid uuid. warnings.warn(('Invalid uuid: %s. To ensure interoperability, '
2026-05-18 01:52:18.543 9 INFO neutron.db.ovn_revision_numbers_db [None req-9bfdcb30-f644-4c4e-bd73-c8fb1f130795 2a09fc53f2dc4f0b8ac87b226afb39c9 c3faecbe75944cfbbd276a4daecc6b77 - - - -] Successfully bumped revision number for resource 7bf04b9e-20cd-4e02-a8f6-fafbbcd9a95f (type: security_groups) to 1
2026-05-18 01:52:18.565 9 INFO neutron.wsgi [None req-9bfdcb30-f644-4c4e-bd73-c8fb1f130795 2a09fc53f2dc4f0b8ac87b226afb39c9 c3faecbe75944cfbbd276a4daecc6b77 - - - -] 10.0.0.184 "POST /v2.0/security-groups HTTP/1.1" status: 201 len: 1822 time: 0.1627204
2026-05-18 01:52:18.658 9 INFO neutron.db.ovn_revision_numbers_db [None req-112924e3-7ee5-4fb4-9c83-2b3b44b912a4 - - - - - -] Successfully bumped revision number for resource 90cc69b8-6abd-4a1e-b0cd-6635a6a7a976 (type: ports) to 4
2026-05-18 01:52:18.679 10 INFO neutron.db.ovn_revision_numbers_db [None req-a942d89d-eccf-4c0e-8eb6-4beef30d1180 2a09fc53f2dc4f0b8ac87b226afb39c9 c3faecbe75944cfbbd276a4daecc6b77 - - - -] Successfully bumped revision number for resource 07fc7b07-329f-4689-955e-34a68484b2cb (type: security_groups) to 1
2026-05-18 01:52:18.700 10 INFO neutron.wsgi [None req-a942d89d-eccf-4c0e-8eb6-4beef30d1180 2a09fc53f2dc4f0b8ac87b226afb39c9 c3faecbe75944cfbbd276a4daecc6b77 - - - -] 10.0.0.184 "POST /v2.0/security-groups HTTP/1.1" status: 201 len: 1823 time: 0.1071923 /var/lib/openstack/lib/python3.10/site-packages/pycadf/identifier.py:71: UserWarning: Invalid uuid: neutron. To ensure interoperability, identifiers should be a valid uuid. warnings.warn(('Invalid uuid: %s. To ensure interoperability, '
2026-05-18 01:52:18.820 9 INFO neutron.db.ovn_revision_numbers_db [None req-b0e43dc8-3eae-4117-976b-8b2f81238ea5 2a09fc53f2dc4f0b8ac87b226afb39c9 c3faecbe75944cfbbd276a4daecc6b77 - - - -] Successfully bumped revision number for resource e6588dbc-008c-4c29-b020-863651290284 (type: security_groups) to 1
2026-05-18 01:52:18.849 9 INFO neutron.wsgi [None req-b0e43dc8-3eae-4117-976b-8b2f81238ea5 2a09fc53f2dc4f0b8ac87b226afb39c9 c3faecbe75944cfbbd276a4daecc6b77 - - - -] 10.0.0.184 "POST /v2.0/security-groups HTTP/1.1" status: 201 len: 1823 time: 0.1237261
2026-05-18 01:52:18.885 9 INFO neutron.notifiers.nova [-] Nova event matching ['req-b7c3d9a3-ac4e-4e4e-99db-9987c191dde0'] response: {'server_uuid': '045eb9d1-70d8-4b61-9947-9bcafb83fe46', 'name': 'network-vif-plugged', 'status': 'completed', 'tag': 'fd2c4817-5d12-42f2-8f97-03e25177445a', 'code': 200}
