2026-05-18 01:54:32.837 9 INFO neutron.wsgi [None req-4dfd72a9-8d47-413a-a732-938f274e68dc 2c60b6ccd6fc4973bafcb3b18c51dfbc 541db572d2324afa95616f75acdd5c23 - - - -] 10.0.0.96 "DELETE /v2.0/security-groups/27c1db9c-2127-4f33-bc54-8d2cbce1ec56 HTTP/1.1" status: 204 len: 168 time: 0.3053887
2026-05-18 01:54:32.911 10 INFO neutron.db.ovn_revision_numbers_db [None req-bb0b61fa-2914-4b45-ac92-695b08e84a31 1658fc3778c6404e887d7ebf38d7cc87 37e90b86007c4c1787a7c36f5d9777a6 - - - -] Successfully bumped revision number for resource 7439d86c-44f1-4821-8032-7269a6ffac25 (type: floatingips) to 0
2026-05-18 01:54:32.946 9 INFO neutron.wsgi [None req-9494d484-b6ba-4570-b6ac-13a85fcb405e 2c60b6ccd6fc4973bafcb3b18c51dfbc 541db572d2324afa95616f75acdd5c23 - - - -] 10.0.0.96 "DELETE /v2.0/security-groups/5aa94f89-e4f1-4620-bc90-57b6c6818d33 HTTP/1.1" status: 204 len: 168 time: 0.2807570
2026-05-18 01:54:33.117 10 INFO neutron.db.ovn_revision_numbers_db [None req-bb0b61fa-2914-4b45-ac92-695b08e84a31 1658fc3778c6404e887d7ebf38d7cc87 37e90b86007c4c1787a7c36f5d9777a6 - - - -] Successfully bumped revision number for resource 7439d86c-44f1-4821-8032-7269a6ffac25 (type: floatingips) to 1
2026-05-18 01:54:33.190 10 INFO neutron.wsgi [None req-bb0b61fa-2914-4b45-ac92-695b08e84a31 1658fc3778c6404e887d7ebf38d7cc87 37e90b86007c4c1787a7c36f5d9777a6 - - - -] 10.0.0.96 "POST /v2.0/floatingips HTTP/1.1" status: 201 len: 1054 time: 1.5994503
2026-05-18 01:54:33.195 10 WARNING neutron.scheduler.dhcp_agent_scheduler [None req-47e8633d-41c5-472c-a8cd-866fc275189f cceb3eb028364bf7bb513021d61eeeda 42e9efe30d3c438bbc0ff14c22f16fbe - - - -] No more DHCP agents
2026-05-18 01:54:33.197 10 WARNING neutron.api.rpc.agentnotifiers.dhcp_rpc_agent_api [None req-47e8633d-41c5-472c-a8cd-866fc275189f cceb3eb028364bf7bb513021d61eeeda 42e9efe30d3c438bbc0ff14c22f16fbe - - - -] Unable to schedule network 013d747a-cd7b-4d56-ade5-edfc60dd1668: no agents available; will retry on subsequent port and subnet creation events.
2026-05-18 01:54:33.254 10 INFO neutron.notifiers.nova [-] Nova event matching ['req-240b8d2e-6ee3-46ed-af7c-7a8eaa3e7951'] response: {'name': 'network-changed', 'server_uuid': '16e6510c-6096-4089-b586-c3cb67cbe074', 'tag': '4f5d9b20-1d90-45c0-95f6-48841ddf6612', 'status': 'completed', 'code': 200}
2026-05-18 01:54:33.256 9 INFO neutron.wsgi [None req-d1ce9cb1-0617-4e6b-a47d-3f339b195511 1658fc3778c6404e887d7ebf38d7cc87 37e90b86007c4c1787a7c36f5d9777a6 - - default default] 10.0.0.96 "GET /v2.0/floatingips/7439d86c-44f1-4821-8032-7269a6ffac25 HTTP/1.1" status: 200 len: 1051 time: 0.0599408 /var/lib/openstack/lib/python3.10/site-packages/pycadf/identifier.py:71: UserWarning: Invalid uuid: neutron. To ensure interoperability, identifiers should be a valid uuid. warnings.warn(('Invalid uuid: %s. To ensure interoperability, '
2026-05-18 01:54:33.287 10 INFO neutron.db.ovn_revision_numbers_db [None req-47e8633d-41c5-472c-a8cd-866fc275189f cceb3eb028364bf7bb513021d61eeeda 42e9efe30d3c438bbc0ff14c22f16fbe - - - -] Successfully bumped revision number for resource 140761e7-6dd6-4a48-aeee-7e8060b42f13 (type: ports) to 1
2026-05-18 01:54:33.310 10 INFO neutron.wsgi [req-b522fd6c-dee4-4120-b5dc-d980ff0e1535 req-825c76f4-425e-4508-97a3-532def055d63 482563c3e50a4871a7b7a0056c860689 4c1fb3cc9e064e3aa1311af14731be2b - - 869e230c9c6040bc8c7ba358f0366bc5 869e230c9c6040bc8c7ba358f0366bc5] 199.204.45.216 "GET /v2.0/ports?tenant_id=37e90b86007c4c1787a7c36f5d9777a6&device_id=16e6510c-6096-4089-b586-c3cb67cbe074 HTTP/1.1" status: 200 len: 1361 time: 0.0342762
2026-05-18 01:54:33.361 10 INFO neutron.wsgi [None req-47e8633d-41c5-472c-a8cd-866fc275189f cceb3eb028364bf7bb513021d61eeeda 42e9efe30d3c438bbc0ff14c22f16fbe - - - -] 10.0.0.96 "POST /v2.0/ports HTTP/1.1" status: 201 len: 942 time: 0.5918238
2026-05-18 01:54:33.376 10 INFO neutron.wsgi [req-b522fd6c-dee4-4120-b5dc-d980ff0e1535 req-7b7642e9-9523-4e90-8020-981ee16baea0 482563c3e50a4871a7b7a0056c860689 4c1fb3cc9e064e3aa1311af14731be2b - - 869e230c9c6040bc8c7ba358f0366bc5 869e230c9c6040bc8c7ba358f0366bc5] 199.204.45.216 "GET /v2.0/networks?id=df8cd0de-cf9c-4de5-8cf8-e8c671e02fd6 HTTP/1.1" status: 200 len: 958 time: 0.0590241
2026-05-18 01:54:33.415 9 INFO neutron.db.ovn_revision_numbers_db [None req-ed41b724-a578-43c4-a02a-5d408f711512 2c60b6ccd6fc4973bafcb3b18c51dfbc 541db572d2324afa95616f75acdd5c23 - - default default] Successfully bumped revision number for resource e4581a51-0d68-4d40-ae58-9a3823a86c5b (type: security_groups) to 1
2026-05-18 01:54:33.443 10 INFO neutron.wsgi [req-b522fd6c-dee4-4120-b5dc-d980ff0e1535 req-6029caf3-3fa2-4d76-8e5d-f089922f6c92 482563c3e50a4871a7b7a0056c860689 4c1fb3cc9e064e3aa1311af14731be2b - - 869e230c9c6040bc8c7ba358f0366bc5 869e230c9c6040bc8c7ba358f0366bc5] 199.204.45.216 "GET /v2.0/floatingips?fixed_ip_address=10.100.0.7&port_id=4f5d9b20-1d90-45c0-95f6-48841ddf6612 HTTP/1.1" status: 200 len: 1059 time: 0.0607378
2026-05-18 01:54:33.444 9 INFO neutron.wsgi [None req-ed41b724-a578-43c4-a02a-5d408f711512 2c60b6ccd6fc4973bafcb3b18c51dfbc 541db572d2324afa95616f75acdd5c23 - - default default] 10.0.0.96 "GET /v2.0/security-groups?tenant_id=42d0a2030a594c9cad00b5dadf1b53c8&name=default HTTP/1.1" status: 200 len: 2996 time: 0.2857053
2026-05-18 01:54:33.486 10 INFO neutron.wsgi [req-b522fd6c-dee4-4120-b5dc-d980ff0e1535 req-01f745ba-bb7c-4197-9efd-84ee65d3abff 482563c3e50a4871a7b7a0056c860689 4c1fb3cc9e064e3aa1311af14731be2b - - 869e230c9c6040bc8c7ba358f0366bc5 869e230c9c6040bc8c7ba358f0366bc5] 199.204.45.216 "GET /v2.0/subnets?id=6ab90249-b701-4850-ae56-240a2753c4d8 HTTP/1.1" status: 200 len: 853 time: 0.0375695
2026-05-18 01:54:33.512 10 INFO neutron.wsgi [req-b522fd6c-dee4-4120-b5dc-d980ff0e1535 req-359019f0-fcd1-4662-bb03-d65025232467 482563c3e50a4871a7b7a0056c860689 4c1fb3cc9e064e3aa1311af14731be2b - - 869e230c9c6040bc8c7ba358f0366bc5 869e230c9c6040bc8c7ba358f0366bc5] 199.204.45.216 "GET /v2.0/ports?network_id=df8cd0de-cf9c-4de5-8cf8-e8c671e02fd6&device_owner=network%3Adhcp HTTP/1.1" status: 200 len: 210 time: 0.0203359
2026-05-18 01:54:33.768 9 INFO neutron.wsgi [None req-0b03bf13-48a1-4d79-b8fa-596f0a57a0ae 2c60b6ccd6fc4973bafcb3b18c51dfbc 541db572d2324afa95616f75acdd5c23 - - - -] 10.0.0.96 "DELETE /v2.0/security-groups/e4581a51-0d68-4d40-ae58-9a3823a86c5b HTTP/1.1" status: 204 len: 168 time: 0.3181038
2026-05-18 01:54:33.772 9 INFO neutron.wsgi [None req-8299da50-8271-48da-a4ab-4dedda8cf4d6 cceb3eb028364bf7bb513021d61eeeda 42e9efe30d3c438bbc0ff14c22f16fbe - - - -] 10.0.0.96 "POST /v2.0/trunks HTTP/1.1" status: 201 len: 608 time: 0.4065259
2026-05-18 01:54:33.861 10 INFO neutron.wsgi [req-b522fd6c-dee4-4120-b5dc-d980ff0e1535 req-149ca19f-b302-490a-a6d6-7412618767bc 482563c3e50a4871a7b7a0056c860689 4c1fb3cc9e064e3aa1311af14731be2b - - 869e230c9c6040bc8c7ba358f0366bc5 869e230c9c6040bc8c7ba358f0366bc5] 199.204.45.216 "GET /v2.0/networks/df8cd0de-cf9c-4de5-8cf8-e8c671e02fd6?fields=segments HTTP/1.1" status: 200 len: 212 time: 0.3428140
2026-05-18 01:54:33.899 9 INFO neutron.db.segments_db [None req-de180354-2707-43ed-8026-005b06b66644 cceb3eb028364bf7bb513021d61eeeda 42e9efe30d3c438bbc0ff14c22f16fbe - - - -] Added segment ab431c20-e1dc-487d-af75-ff066a15b212 of type geneve for network b7ea1786-931b-42ca-9da9-7faf30e08b7d
2026-05-18 01:54:33.927 10 INFO neutron.wsgi [req-b522fd6c-dee4-4120-b5dc-d980ff0e1535 req-f48cad01-a92a-40d8-9d9e-0888a2495e92 482563c3e50a4871a7b7a0056c860689 4c1fb3cc9e064e3aa1311af14731be2b - - 869e230c9c6040bc8c7ba358f0366bc5 869e230c9c6040bc8c7ba358f0366bc5] 199.204.45.216 "GET /v2.0/networks/df8cd0de-cf9c-4de5-8cf8-e8c671e02fd6?fields=provider%3Aphysical_network&fields=provider%3Anetwork_type HTTP/1.1" status: 200 len: 277 time: 0.0582178
2026-05-18 01:54:34.033 9 INFO neutron.db.ovn_revision_numbers_db [None req-de180354-2707-43ed-8026-005b06b66644 cceb3eb028364bf7bb513021d61eeeda 42e9efe30d3c438bbc0ff14c22f16fbe - - - -] Successfully bumped revision number for resource b7ea1786-931b-42ca-9da9-7faf30e08b7d (type: networks) to 1
2026-05-18 01:54:34.212 9 WARNING neutron.scheduler.dhcp_agent_scheduler [None req-de180354-2707-43ed-8026-005b06b66644 cceb3eb028364bf7bb513021d61eeeda 42e9efe30d3c438bbc0ff14c22f16fbe - - - -] No more DHCP agents
2026-05-18 01:54:34.213 9 WARNING neutron.api.rpc.agentnotifiers.dhcp_rpc_agent_api [None req-de180354-2707-43ed-8026-005b06b66644 cceb3eb028364bf7bb513021d61eeeda 42e9efe30d3c438bbc0ff14c22f16fbe - - - -] Unable to schedule network b7ea1786-931b-42ca-9da9-7faf30e08b7d: no agents available; will retry on subsequent port and subnet creation events.
2026-05-18 01:54:34.332 9 INFO neutron.db.ovn_revision_numbers_db [None req-de180354-2707-43ed-8026-005b06b66644 cceb3eb028364bf7bb513021d61eeeda 42e9efe30d3c438bbc0ff14c22f16fbe - - - -] Successfully bumped revision number for resource 0fe8725a-d8df-4340-b8ac-fea1ab7ebe81 (type: ports) to 1
2026-05-18 01:54:34.370 9 INFO neutron.wsgi [None req-de180354-2707-43ed-8026-005b06b66644 cceb3eb028364bf7bb513021d61eeeda 42e9efe30d3c438bbc0ff14c22f16fbe - - - -] 10.0.0.96 "POST /v2.0/networks HTTP/1.1" status: 201 len: 831 time: 0.5924492
2026-05-18 01:54:34.705 9 WARNING neutron.scheduler.dhcp_agent_scheduler [None req-576c4f96-2e2a-4cb9-ae1d-4227bf9aa21a cceb3eb028364bf7bb513021d61eeeda 42e9efe30d3c438bbc0ff14c22f16fbe - - - -] No more DHCP agents
2026-05-18 01:54:34.708 9 WARNING neutron.api.rpc.agentnotifiers.dhcp_rpc_agent_api [None req-576c4f96-2e2a-4cb9-ae1d-4227bf9aa21a cceb3eb028364bf7bb513021d61eeeda 42e9efe30d3c438bbc0ff14c22f16fbe - - - -] Unable to schedule network b7ea1786-931b-42ca-9da9-7faf30e08b7d: no agents available; will retry on subsequent port and subnet creation events.
2026-05-18 01:54:34.823 9 INFO neutron.db.ovn_revision_numbers_db [None req-576c4f96-2e2a-4cb9-ae1d-4227bf9aa21a cceb3eb028364bf7bb513021d61eeeda 42e9efe30d3c438bbc0ff14c22f16fbe - - - -] Successfully bumped revision number for resource 169a0375-f865-4944-a246-c2969b1fab6a (type: ports) to 1
2026-05-18 01:54:34.876 10 INFO neutron.wsgi [-] 10.0.0.138 "GET / HTTP/1.1" status: 200 len: 247 time: 0.0019383
2026-05-18 01:54:34.878 10 INFO neutron.wsgi [-] 10.0.0.138 "GET / HTTP/1.1" status: 200 len: 247 time: 0.0011377
2026-05-18 01:54:34.901 9 INFO neutron.wsgi [None req-576c4f96-2e2a-4cb9-ae1d-4227bf9aa21a cceb3eb028364bf7bb513021d61eeeda 42e9efe30d3c438bbc0ff14c22f16fbe - - - -] 10.0.0.96 "POST /v2.0/ports HTTP/1.1" status: 201 len: 942 time: 0.5234604
2026-05-18 01:54:35.355 10 INFO neutron.wsgi [None req-58879d5a-fdc2-490c-bc1f-d8c9d8328604 cceb3eb028364bf7bb513021d61eeeda 42e9efe30d3c438bbc0ff14c22f16fbe - - - -] 10.0.0.96 "POST /v2.0/trunks HTTP/1.1" status: 201 len: 608 time: 0.4488399
2026-05-18 01:54:35.496 10 INFO neutron.db.segments_db [None req-7ab08191-5953-4c29-8146-c62c7d7bccca cceb3eb028364bf7bb513021d61eeeda 42e9efe30d3c438bbc0ff14c22f16fbe - - - -] Added segment 6a26df78-abe6-4f8f-8d13-f34ba442a202 of type geneve for network 6d38119c-2640-43c1-98c3-7dae35b79ce1
2026-05-18 01:54:35.722 10 INFO neutron.db.ovn_revision_numbers_db [None req-7ab08191-5953-4c29-8146-c62c7d7bccca cceb3eb028364bf7bb513021d61eeeda 42e9efe30d3c438bbc0ff14c22f16fbe - - - -] Successfully bumped revision number for resource 6d38119c-2640-43c1-98c3-7dae35b79ce1 (type: networks) to 1
2026-05-18 01:54:35.964 10 WARNING neutron.scheduler.dhcp_agent_scheduler [None req-7ab08191-5953-4c29-8146-c62c7d7bccca cceb3eb028364bf7bb513021d61eeeda 42e9efe30d3c438bbc0ff14c22f16fbe - - - -] No more DHCP agents
2026-05-18 01:54:35.967 10 WARNING neutron.api.rpc.agentnotifiers.dhcp_rpc_agent_api [None req-7ab08191-5953-4c29-8146-c62c7d7bccca cceb3eb028364bf7bb513021d61eeeda 42e9efe30d3c438bbc0ff14c22f16fbe - - - -] Unable to schedule network 6d38119c-2640-43c1-98c3-7dae35b79ce1: no agents available; will retry on subsequent port and subnet creation events.
2026-05-18 01:54:36.060 10 INFO neutron.db.ovn_revision_numbers_db [None req-7ab08191-5953-4c29-8146-c62c7d7bccca cceb3eb028364bf7bb513021d61eeeda 42e9efe30d3c438bbc0ff14c22f16fbe - - - -] Successfully bumped revision number for resource d772e6e0-fe08-405b-b032-b3063d6b6079 (type: ports) to 1
2026-05-18 01:54:36.202 10 INFO neutron.wsgi [None req-7ab08191-5953-4c29-8146-c62c7d7bccca cceb3eb028364bf7bb513021d61eeeda 42e9efe30d3c438bbc0ff14c22f16fbe - - - -] 10.0.0.96 "POST /v2.0/networks HTTP/1.1" status: 201 len: 830 time: 0.8429632
2026-05-18 01:54:36.513 10 WARNING neutron.scheduler.dhcp_agent_scheduler [None req-a910135f-d794-42be-948a-f33cc1f25272 cceb3eb028364bf7bb513021d61eeeda 42e9efe30d3c438bbc0ff14c22f16fbe - - - -] No more DHCP agents
2026-05-18 01:54:36.515 10 WARNING neutron.api.rpc.agentnotifiers.dhcp_rpc_agent_api [None req-a910135f-d794-42be-948a-f33cc1f25272 cceb3eb028364bf7bb513021d61eeeda 42e9efe30d3c438bbc0ff14c22f16fbe - - - -] Unable to schedule network 6d38119c-2640-43c1-98c3-7dae35b79ce1: no agents available; will retry on subsequent port and subnet creation events.
2026-05-18 01:54:36.695 10 INFO neutron.db.ovn_revision_numbers_db [None req-a910135f-d794-42be-948a-f33cc1f25272 cceb3eb028364bf7bb513021d61eeeda 42e9efe30d3c438bbc0ff14c22f16fbe - - - -] Successfully bumped revision number for resource 259eeb09-d1ea-4f0f-8e92-e3828d5c6e8d (type: ports) to 1
2026-05-18 01:54:36.744 10 INFO neutron.wsgi [None req-a910135f-d794-42be-948a-f33cc1f25272 cceb3eb028364bf7bb513021d61eeeda 42e9efe30d3c438bbc0ff14c22f16fbe - - - -] 10.0.0.96 "POST /v2.0/ports HTTP/1.1" status: 201 len: 942 time: 0.5360749 /var/lib/openstack/lib/python3.10/site-packages/pycadf/identifier.py:71: UserWarning: Invalid uuid: neutron. To ensure interoperability, identifiers should be a valid uuid. warnings.warn(('Invalid uuid: %s. To ensure interoperability, '
2026-05-18 01:54:37.274 10 INFO neutron.wsgi [None req-d9fa9d6d-b219-4cb8-bfc1-94132a4e374b cceb3eb028364bf7bb513021d61eeeda 42e9efe30d3c438bbc0ff14c22f16fbe - - - -] 10.0.0.96 "POST /v2.0/trunks HTTP/1.1" status: 201 len: 608 time: 0.5242326 /var/lib/openstack/lib/python3.10/site-packages/pycadf/identifier.py:71: UserWarning: Invalid uuid: neutron. To ensure interoperability, identifiers should be a valid uuid. warnings.warn(('Invalid uuid: %s. To ensure interoperability, '
2026-05-18 01:54:37.418 9 INFO neutron.db.segments_db [None req-601b4f6c-fd01-45e9-aceb-085b1dc0fd4f cceb3eb028364bf7bb513021d61eeeda 42e9efe30d3c438bbc0ff14c22f16fbe - - - -] Added segment dbb77811-1cee-478c-92a3-ba6e69b42a3b of type geneve for network 871acf37-8789-4b29-9275-54f71b08ca6e
2026-05-18 01:54:37.530 9 INFO neutron.db.ovn_revision_numbers_db [None req-601b4f6c-fd01-45e9-aceb-085b1dc0fd4f cceb3eb028364bf7bb513021d61eeeda 42e9efe30d3c438bbc0ff14c22f16fbe - - - -] Successfully bumped revision number for resource 871acf37-8789-4b29-9275-54f71b08ca6e (type: networks) to 1
2026-05-18 01:54:37.761 9 WARNING neutron.scheduler.dhcp_agent_scheduler [None req-601b4f6c-fd01-45e9-aceb-085b1dc0fd4f cceb3eb028364bf7bb513021d61eeeda 42e9efe30d3c438bbc0ff14c22f16fbe - - - -] No more DHCP agents
2026-05-18 01:54:37.767 9 WARNING neutron.api.rpc.agentnotifiers.dhcp_rpc_agent_api [None req-601b4f6c-fd01-45e9-aceb-085b1dc0fd4f cceb3eb028364bf7bb513021d61eeeda 42e9efe30d3c438bbc0ff14c22f16fbe - - - -] Unable to schedule network 871acf37-8789-4b29-9275-54f71b08ca6e: no agents available; will retry on subsequent port and subnet creation events.
2026-05-18 01:54:37.849 9 INFO neutron.db.ovn_revision_numbers_db [None req-601b4f6c-fd01-45e9-aceb-085b1dc0fd4f cceb3eb028364bf7bb513021d61eeeda 42e9efe30d3c438bbc0ff14c22f16fbe - - - -] Successfully bumped revision number for resource f3a73115-52b6-4c5c-b225-40d158bb1d30 (type: ports) to 1
2026-05-18 01:54:37.871 9 INFO neutron.wsgi [None req-601b4f6c-fd01-45e9-aceb-085b1dc0fd4f cceb3eb028364bf7bb513021d61eeeda 42e9efe30d3c438bbc0ff14c22f16fbe - - - -] 10.0.0.96 "POST /v2.0/networks HTTP/1.1" status: 201 len: 831 time: 0.5919337
2026-05-18 01:54:37.969 10 INFO neutron.db.ovn_revision_numbers_db [None req-8098d301-e23b-4142-95c7-24d20baf19ff 0d120c1c0f11422daf55d370750e1519 7e8390f4b4de490f98b740b173539962 - - - -] Successfully bumped revision number for resource 4a43f6dd-0b01-4993-83b9-4534f776bbd4 (type: security_groups) to 1
2026-05-18 01:54:38.022 10 INFO neutron.db.segments_db [None req-8098d301-e23b-4142-95c7-24d20baf19ff 0d120c1c0f11422daf55d370750e1519 7e8390f4b4de490f98b740b173539962 - - - -] Added segment ea50fd7b-4506-4b68-8ef5-2c6aa373b912 of type geneve for network 30da4304-346c-478e-856b-f513693bfb41
2026-05-18 01:54:38.142 9 WARNING neutron.scheduler.dhcp_agent_scheduler [None req-a3fbf60d-1230-40b1-9b36-27b93313e4e2 cceb3eb028364bf7bb513021d61eeeda 42e9efe30d3c438bbc0ff14c22f16fbe - - - -] No more DHCP agents
2026-05-18 01:54:38.144 9 WARNING neutron.api.rpc.agentnotifiers.dhcp_rpc_agent_api [None req-a3fbf60d-1230-40b1-9b36-27b93313e4e2 cceb3eb028364bf7bb513021d61eeeda 42e9efe30d3c438bbc0ff14c22f16fbe - - - -] Unable to schedule network 871acf37-8789-4b29-9275-54f71b08ca6e: no agents available; will retry on subsequent port and subnet creation events.
2026-05-18 01:54:38.187 10 INFO neutron.db.ovn_revision_numbers_db [None req-8098d301-e23b-4142-95c7-24d20baf19ff 0d120c1c0f11422daf55d370750e1519 7e8390f4b4de490f98b740b173539962 - - - -] Successfully bumped revision number for resource 30da4304-346c-478e-856b-f513693bfb41 (type: networks) to 1
2026-05-18 01:54:38.219 9 INFO neutron.db.ovn_revision_numbers_db [None req-a3fbf60d-1230-40b1-9b36-27b93313e4e2 cceb3eb028364bf7bb513021d61eeeda 42e9efe30d3c438bbc0ff14c22f16fbe - - - -] Successfully bumped revision number for resource 5c3cb67b-a82e-4232-92a2-6f5d7f51c390 (type: ports) to 1
2026-05-18 01:54:38.239 9 INFO neutron.wsgi [None req-a3fbf60d-1230-40b1-9b36-27b93313e4e2 cceb3eb028364bf7bb513021d61eeeda 42e9efe30d3c438bbc0ff14c22f16fbe - - - -] 10.0.0.96 "POST /v2.0/ports HTTP/1.1" status: 201 len: 942 time: 0.3616853 /var/lib/openstack/lib/python3.10/site-packages/pycadf/identifier.py:71: UserWarning: Invalid uuid: neutron. To ensure interoperability, identifiers should be a valid uuid. warnings.warn(('Invalid uuid: %s. To ensure interoperability, '
2026-05-18 01:54:38.376 10 WARNING neutron.scheduler.dhcp_agent_scheduler [None req-8098d301-e23b-4142-95c7-24d20baf19ff 0d120c1c0f11422daf55d370750e1519 7e8390f4b4de490f98b740b173539962 - - - -] No more DHCP agents
2026-05-18 01:54:38.378 10 WARNING neutron.api.rpc.agentnotifiers.dhcp_rpc_agent_api [None req-8098d301-e23b-4142-95c7-24d20baf19ff 0d120c1c0f11422daf55d370750e1519 7e8390f4b4de490f98b740b173539962 - - - -] Unable to schedule network 30da4304-346c-478e-856b-f513693bfb41: no agents available; will retry on subsequent port and subnet creation events.
2026-05-18 01:54:38.428 9 INFO neutron.wsgi [None req-86ea6c92-55eb-4ebd-b796-5475cb32323a cceb3eb028364bf7bb513021d61eeeda 42e9efe30d3c438bbc0ff14c22f16fbe - - - -] 10.0.0.96 "POST /v2.0/trunks HTTP/1.1" status: 201 len: 608 time: 0.1843259
2026-05-18 01:54:38.442 10 INFO neutron.db.ovn_revision_numbers_db [None req-8098d301-e23b-4142-95c7-24d20baf19ff 0d120c1c0f11422daf55d370750e1519 7e8390f4b4de490f98b740b173539962 - - - -] Successfully bumped revision number for resource 7af66502-2ab2-41f9-9e87-24c57464052b (type: ports) to 1
2026-05-18 01:54:38.463 10 INFO neutron.wsgi [None req-8098d301-e23b-4142-95c7-24d20baf19ff 0d120c1c0f11422daf55d370750e1519 7e8390f4b4de490f98b740b173539962 - - - -] 10.0.0.96 "POST /v2.0/networks HTTP/1.1" status: 201 len: 830 time: 0.8271306
2026-05-18 01:54:38.466 9 INFO neutron.wsgi [None req-aa94b9f4-57bc-4775-a985-4b9774aebdfc cceb3eb028364bf7bb513021d61eeeda 42e9efe30d3c438bbc0ff14c22f16fbe - - - -] 10.0.0.96 "PUT /v2.0/trunks/b77a04ca-7ff8-49b1-976b-9f886a6d28bd/tags HTTP/1.1" status: 200 len: 210 time: 0.0273297
2026-05-18 01:54:38.498 10 INFO neutron.wsgi [None req-7887d402-a9b2-4fdb-a14f-7c74d8b24217 cceb3eb028364bf7bb513021d61eeeda 42e9efe30d3c438bbc0ff14c22f16fbe - - - -] 10.0.0.96 "PUT /v2.0/trunks/99475d98-9545-4067-8210-080a3f0ffac2/tags HTTP/1.1" status: 200 len: 218 time: 0.0272613
2026-05-18 01:54:38.526 10 INFO neutron.wsgi [None req-646a3519-bc69-4f79-ac7a-ab03307ead75 cceb3eb028364bf7bb513021d61eeeda 42e9efe30d3c438bbc0ff14c22f16fbe - - - -] 10.0.0.96 "PUT /v2.0/trunks/a2a5f182-de9a-49a1-8d61-41d7e94da0e8/tags HTTP/1.1" status: 200 len: 227 time: 0.0234447
2026-05-18 01:54:38.550 9 INFO neutron.db.segments_db [None req-90069ad9-9004-4006-9b89-8c0686da4bdf 0d120c1c0f11422daf55d370750e1519 7e8390f4b4de490f98b740b173539962 - - - -] Added segment ef4aff22-9494-4a09-b56e-a9404974dfd2 of type geneve for network a73744c2-7c26-40cc-9129-109248eed8a7
2026-05-18 01:54:38.558 10 INFO neutron.wsgi [None req-ae3e2f2b-d2ca-4275-aba6-365698ad2311 cceb3eb028364bf7bb513021d61eeeda 42e9efe30d3c438bbc0ff14c22f16fbe - - - -] 10.0.0.96 "PUT /v2.0/trunks/a55f30aa-b934-4e6a-935a-1f43dc548a40/tags HTTP/1.1" status: 200 len: 212 time: 0.0286708
2026-05-18 01:54:38.604 10 INFO neutron.wsgi [None req-bb3de452-dbfd-47d7-98a1-4e99bfd355a6 cceb3eb028364bf7bb513021d61eeeda 42e9efe30d3c438bbc0ff14c22f16fbe - - default default] 10.0.0.96 "GET /v2.0/trunks?tags=red HTTP/1.1" status: 200 len: 1447 time: 0.0280833
2026-05-18 01:54:38.644 9 INFO neutron.wsgi [None req-4f8d9f6d-0497-4b8a-a813-fc93a5c34cd1 cceb3eb028364bf7bb513021d61eeeda 42e9efe30d3c438bbc0ff14c22f16fbe - - default default] 10.0.0.96 "GET /v2.0/trunks?tags=red%2Cblue HTTP/1.1" status: 200 len: 1041 time: 0.0362265
2026-05-18 01:54:38.671 10 INFO neutron.wsgi [None req-bffb6d5d-ae92-499f-a8c0-18b424cbd4d2 cceb3eb028364bf7bb513021d61eeeda 42e9efe30d3c438bbc0ff14c22f16fbe - - default default] 10.0.0.96 "GET /v2.0/trunks?tags-any=blue HTTP/1.1" status: 200 len: 1041 time: 0.0218785
2026-05-18 01:54:38.695 10 INFO neutron.wsgi [None req-0605287c-a876-49e6-8cbc-37ae6bfe5184 cceb3eb028364bf7bb513021d61eeeda 42e9efe30d3c438bbc0ff14c22f16fbe - - default default] 10.0.0.96 "GET /v2.0/trunks?tags-any=red%2Cblue HTTP/1.1" status: 200 len: 1447 time: 0.0190744
2026-05-18 01:54:38.706 9 INFO neutron.db.ovn_revision_numbers_db [None req-90069ad9-9004-4006-9b89-8c0686da4bdf 0d120c1c0f11422daf55d370750e1519 7e8390f4b4de490f98b740b173539962 - - - -] Successfully bumped revision number for resource a73744c2-7c26-40cc-9129-109248eed8a7 (type: networks) to 1
2026-05-18 01:54:38.726 9 INFO neutron.wsgi [None req-6fa1b0aa-5b3d-48ca-92b6-138cc48ab474 cceb3eb028364bf7bb513021d61eeeda 42e9efe30d3c438bbc0ff14c22f16fbe - - default default] 10.0.0.96 "GET /v2.0/trunks?not-tags=red HTTP/1.1" status: 200 len: 1013 time: 0.0268474
2026-05-18 01:54:38.761 10 INFO neutron.wsgi [None req-3817ac2b-6ad5-4d99-9299-4d3e71249ec5 cceb3eb028364bf7bb513021d61eeeda 42e9efe30d3c438bbc0ff14c22f16fbe - - default default] 10.0.0.96 "GET /v2.0/trunks?not-tags=red%2Cblue HTTP/1.1" status: 200 len: 1419 time: 0.0277734
2026-05-18 01:54:38.791 10 INFO neutron.wsgi [None req-552abe26-4286-4fb0-ad88-3addb10d039e cceb3eb028364bf7bb513021d61eeeda 42e9efe30d3c438bbc0ff14c22f16fbe - - default default] 10.0.0.96 "GET /v2.0/trunks?not-tags-any=blue HTTP/1.1" status: 200 len: 1419 time: 0.0250556
2026-05-18 01:54:38.832 9 INFO neutron.wsgi [None req-7df47fc9-1429-46c0-8856-a8f8186851fd cceb3eb028364bf7bb513021d61eeeda 42e9efe30d3c438bbc0ff14c22f16fbe - - default default] 10.0.0.96 "GET /v2.0/trunks?not-tags-any=red%2Cblue HTTP/1.1" status: 200 len: 1013 time: 0.0358253
2026-05-18 01:54:38.853 10 INFO neutron.wsgi [None req-338e3b38-6ecc-4b4e-b7a3-6aeb63fcc13f cceb3eb028364bf7bb513021d61eeeda 42e9efe30d3c438bbc0ff14c22f16fbe - - default default] 10.0.0.96 "GET /v2.0/trunks/b77a04ca-7ff8-49b1-976b-9f886a6d28bd HTTP/1.1" status: 200 len: 608 time: 0.0149431
2026-05-18 01:54:38.863 10 INFO neutron.db.ovn_revision_numbers_db [None req-5bab600f-5fdd-4b21-ae7e-5effc3bae107 2c60b6ccd6fc4973bafcb3b18c51dfbc 541db572d2324afa95616f75acdd5c23 - - default default] Successfully bumped revision number for resource d774e438-b67a-4b2c-bf13-799035fd4929 (type: security_groups) to 1
2026-05-18 01:54:38.908 9 WARNING neutron.scheduler.dhcp_agent_scheduler [None req-90069ad9-9004-4006-9b89-8c0686da4bdf 0d120c1c0f11422daf55d370750e1519 7e8390f4b4de490f98b740b173539962 - - - -] No more DHCP agents
2026-05-18 01:54:38.910 9 WARNING neutron.api.rpc.agentnotifiers.dhcp_rpc_agent_api [None req-90069ad9-9004-4006-9b89-8c0686da4bdf 0d120c1c0f11422daf55d370750e1519 7e8390f4b4de490f98b740b173539962 - - - -] Unable to schedule network a73744c2-7c26-40cc-9129-109248eed8a7: no agents available; will retry on subsequent port and subnet creation events.
2026-05-18 01:54:38.910 10 INFO neutron.wsgi [None req-5bab600f-5fdd-4b21-ae7e-5effc3bae107 2c60b6ccd6fc4973bafcb3b18c51dfbc 541db572d2324afa95616f75acdd5c23 - - default default] 10.0.0.96 "GET /v2.0/security-groups?tenant_id=cac702308f8b4cf8b9f2f00f5abe73ad&name=default HTTP/1.1" status: 200 len: 2996 time: 0.3023698
2026-05-18 01:54:38.967 9 INFO neutron.db.ovn_revision_numbers_db [None req-90069ad9-9004-4006-9b89-8c0686da4bdf 0d120c1c0f11422daf55d370750e1519 7e8390f4b4de490f98b740b173539962 - - - -] Successfully bumped revision number for resource 7aad1aea-ecbd-4fa9-b2f9-8a95279673fd (type: ports) to 1
2026-05-18 01:54:38.969 10 INFO neutron.wsgi [None req-878baddd-91c7-4dda-ae53-d5cbc0af0ec9 cceb3eb028364bf7bb513021d61eeeda 42e9efe30d3c438bbc0ff14c22f16fbe - - default default] 10.0.0.96 "GET /v2.0/ports/8fd8d8af-e498-49f9-87d7-ddcd13df9c96 HTTP/1.1" status: 200 len: 1020 time: 0.1126373
2026-05-18 01:54:38.985 9 INFO neutron.wsgi [None req-90069ad9-9004-4006-9b89-8c0686da4bdf 0d120c1c0f11422daf55d370750e1519 7e8390f4b4de490f98b740b173539962 - - - -] 10.0.0.96 "POST /v2.0/networks HTTP/1.1" status: 201 len: 831 time: 0.5159454
2026-05-18 01:54:39.058 9 INFO neutron.db.segments_db [None req-6e297447-45bb-4abc-801c-5c568e91df5d 0d120c1c0f11422daf55d370750e1519 7e8390f4b4de490f98b740b173539962 - - - -] Added segment 1d654ea5-09ef-4fa7-9b98-e95d7241e387 of type geneve for network 01a4bf5d-47dc-4db6-8873-2164c6cd7148
2026-05-18 01:54:39.084 10 INFO neutron.wsgi [None req-4cd7f0e1-7f3b-4158-9123-fae5448cfcab cceb3eb028364bf7bb513021d61eeeda 42e9efe30d3c438bbc0ff14c22f16fbe - - - -] 10.0.0.96 "DELETE /v2.0/trunks/b77a04ca-7ff8-49b1-976b-9f886a6d28bd HTTP/1.1" status: 204 len: 168 time: 0.1103504
2026-05-18 01:54:39.107 10 INFO neutron.wsgi [None req-3b35b33d-0609-408e-9950-049235e34fd2 cceb3eb028364bf7bb513021d61eeeda 42e9efe30d3c438bbc0ff14c22f16fbe - - default default] 10.0.0.96 "GET /v2.0/trunks/99475d98-9545-4067-8210-080a3f0ffac2 HTTP/1.1" status: 200 len: 616 time: 0.0191395
2026-05-18 01:54:39.189 9 INFO neutron.db.ovn_revision_numbers_db [None req-6e297447-45bb-4abc-801c-5c568e91df5d 0d120c1c0f11422daf55d370750e1519 7e8390f4b4de490f98b740b173539962 - - - -] Successfully bumped revision number for resource 01a4bf5d-47dc-4db6-8873-2164c6cd7148 (type: networks) to 1
2026-05-18 01:54:39.204 10 INFO neutron.wsgi [None req-177dbf89-52f5-42da-821c-d33b0a2cbf98 cceb3eb028364bf7bb513021d61eeeda 42e9efe30d3c438bbc0ff14c22f16fbe - - default default] 10.0.0.96 "GET /v2.0/ports/140761e7-6dd6-4a48-aeee-7e8060b42f13 HTTP/1.1" status: 200 len: 1020 time: 0.0918329
2026-05-18 01:54:39.217 10 INFO neutron.wsgi [None req-320c23a2-8c26-4ec5-bd10-02e5863a6907 2c60b6ccd6fc4973bafcb3b18c51dfbc 541db572d2324afa95616f75acdd5c23 - - - -] 10.0.0.96 "DELETE /v2.0/security-groups/d774e438-b67a-4b2c-bf13-799035fd4929 HTTP/1.1" status: 204 len: 168 time: 0.2986975
2026-05-18 01:54:39.300 10 INFO neutron.wsgi [None req-91b333a0-3c66-472b-be50-7eaebec1a387 cceb3eb028364bf7bb513021d61eeeda 42e9efe30d3c438bbc0ff14c22f16fbe - - - -] 10.0.0.96 "DELETE /v2.0/trunks/99475d98-9545-4067-8210-080a3f0ffac2 HTTP/1.1" status: 204 len: 168 time: 0.0910943
2026-05-18 01:54:39.323 10 INFO neutron.wsgi [None req-225f83c3-7c7f-4998-9c96-afca08719092 cceb3eb028364bf7bb513021d61eeeda 42e9efe30d3c438bbc0ff14c22f16fbe - - default default] 10.0.0.96 "GET /v2.0/trunks/a2a5f182-de9a-49a1-8d61-41d7e94da0e8 HTTP/1.1" status: 200 len: 625 time: 0.0177636
2026-05-18 01:54:39.359 9 WARNING neutron.scheduler.dhcp_agent_scheduler [None req-6e297447-45bb-4abc-801c-5c568e91df5d 0d120c1c0f11422daf55d370750e1519 7e8390f4b4de490f98b740b173539962 - - - -] No more DHCP agents
2026-05-18 01:54:39.360 9 WARNING neutron.api.rpc.agentnotifiers.dhcp_rpc_agent_api [None req-6e297447-45bb-4abc-801c-5c568e91df5d 0d120c1c0f11422daf55d370750e1519 7e8390f4b4de490f98b740b173539962 - - - -] Unable to schedule network 01a4bf5d-47dc-4db6-8873-2164c6cd7148: no agents available; will retry on subsequent port and subnet creation events.
2026-05-18 01:54:39.403 10 INFO neutron.wsgi [None req-af071e54-953b-4a07-a134-aa7aedbfbddc cceb3eb028364bf7bb513021d61eeeda 42e9efe30d3c438bbc0ff14c22f16fbe - - default default] 10.0.0.96 "GET /v2.0/ports/169a0375-f865-4944-a246-c2969b1fab6a HTTP/1.1" status: 200 len: 1020 time: 0.0770438
2026-05-18 01:54:39.428 9 INFO neutron.db.ovn_revision_numbers_db [None req-6e297447-45bb-4abc-801c-5c568e91df5d 0d120c1c0f11422daf55d370750e1519 7e8390f4b4de490f98b740b173539962 - - - -] Successfully bumped revision number for resource 19f07c44-8978-41a8-82c6-2bfbb642d3d0 (type: ports) to 1
2026-05-18 01:54:39.455 9 INFO neutron.wsgi [None req-6e297447-45bb-4abc-801c-5c568e91df5d 0d120c1c0f11422daf55d370750e1519 7e8390f4b4de490f98b740b173539962 - - - -] 10.0.0.96 "POST /v2.0/networks HTTP/1.1" status: 201 len: 830 time: 0.4662099
2026-05-18 01:54:39.542 9 INFO neutron.wsgi [None req-288f7ed8-d05b-4896-9d70-5e170c721d2a cceb3eb028364bf7bb513021d61eeeda 42e9efe30d3c438bbc0ff14c22f16fbe - - - -] 10.0.0.96 "DELETE /v2.0/trunks/a2a5f182-de9a-49a1-8d61-41d7e94da0e8 HTTP/1.1" status: 204 len: 168 time: 0.1259837
2026-05-18 01:54:39.562 9 INFO neutron.wsgi [None req-c2a60504-ee9d-4c4d-affe-5fec6def6d12 cceb3eb028364bf7bb513021d61eeeda 42e9efe30d3c438bbc0ff14c22f16fbe - - default default] 10.0.0.96 "GET /v2.0/trunks/a55f30aa-b934-4e6a-935a-1f43dc548a40 HTTP/1.1" status: 200 len: 610 time: 0.0161552
2026-05-18 01:54:39.564 9 INFO neutron.db.segments_db [None req-c7b035bf-4811-4982-a400-7742f80a7797 0d120c1c0f11422daf55d370750e1519 7e8390f4b4de490f98b740b173539962 - - - -] Added segment ff8dc2e8-2b2c-4046-bb2a-1c49caeb2fdf of type geneve for network 44c0f3c1-134c-4455-b991-37bd50a5e82b
2026-05-18 01:54:39.659 10 INFO neutron.wsgi [None req-d857d676-99d0-4a4c-b8c9-cac715491562 cceb3eb028364bf7bb513021d61eeeda 42e9efe30d3c438bbc0ff14c22f16fbe - - default default] 10.0.0.96 "GET /v2.0/ports/259eeb09-d1ea-4f0f-8e92-e3828d5c6e8d HTTP/1.1" status: 200 len: 1020 time: 0.0915854
2026-05-18 01:54:39.764 10 INFO neutron.wsgi [None req-fe81757c-abed-4969-a21a-fae092ba7745 cceb3eb028364bf7bb513021d61eeeda 42e9efe30d3c438bbc0ff14c22f16fbe - - - -] 10.0.0.96 "DELETE /v2.0/trunks/a55f30aa-b934-4e6a-935a-1f43dc548a40 HTTP/1.1" status: 204 len: 168 time: 0.0995531
2026-05-18 01:54:39.790 10 INFO neutron.wsgi [None req-c7248957-71ec-46fb-8dcc-861728811a5c cceb3eb028364bf7bb513021d61eeeda 42e9efe30d3c438bbc0ff14c22f16fbe - - default default] 10.0.0.96 "GET /v2.0/trunks/6a467951-1828-4dd5-8bcf-007453434eca HTTP/1.1" status: 200 len: 603 time: 0.0209010
2026-05-18 01:54:39.892 10 INFO neutron.wsgi [None req-f7dd056c-2b93-43e1-9356-30075e5f02b3 cceb3eb028364bf7bb513021d61eeeda 42e9efe30d3c438bbc0ff14c22f16fbe - - default default] 10.0.0.96 "GET /v2.0/ports/5c3cb67b-a82e-4232-92a2-6f5d7f51c390 HTTP/1.1" status: 200 len: 1020 time: 0.0888827
2026-05-18 01:54:39.939 9 INFO neutron.db.ovn_revision_numbers_db [None req-c7b035bf-4811-4982-a400-7742f80a7797 0d120c1c0f11422daf55d370750e1519 7e8390f4b4de490f98b740b173539962 - - - -] Successfully bumped revision number for resource 44c0f3c1-134c-4455-b991-37bd50a5e82b (type: networks) to 1
2026-05-18 01:54:40.004 10 INFO neutron.wsgi [None req-8c684687-1dc5-4cc2-a439-243d61a390ca cceb3eb028364bf7bb513021d61eeeda 42e9efe30d3c438bbc0ff14c22f16fbe - - - -] 10.0.0.96 "DELETE /v2.0/trunks/6a467951-1828-4dd5-8bcf-007453434eca HTTP/1.1" status: 204 len: 168 time: 0.1062675
2026-05-18 01:54:40.195 9 WARNING neutron.scheduler.dhcp_agent_scheduler [None req-c7b035bf-4811-4982-a400-7742f80a7797 0d120c1c0f11422daf55d370750e1519 7e8390f4b4de490f98b740b173539962 - - - -] No more DHCP agents
2026-05-18 01:54:40.199 9 WARNING neutron.api.rpc.agentnotifiers.dhcp_rpc_agent_api [None req-c7b035bf-4811-4982-a400-7742f80a7797 0d120c1c0f11422daf55d370750e1519 7e8390f4b4de490f98b740b173539962 - - - -] Unable to schedule network 44c0f3c1-134c-4455-b991-37bd50a5e82b: no agents available; will retry on subsequent port and subnet creation events.
2026-05-18 01:54:40.292 9 INFO neutron.db.ovn_revision_numbers_db [None req-c7b035bf-4811-4982-a400-7742f80a7797 0d120c1c0f11422daf55d370750e1519 7e8390f4b4de490f98b740b173539962 - - - -] Successfully bumped revision number for resource 513c4431-0857-4e9a-8175-77a6753fca5a (type: ports) to 1
2026-05-18 01:54:40.319 9 INFO neutron.wsgi [None req-c7b035bf-4811-4982-a400-7742f80a7797 0d120c1c0f11422daf55d370750e1519 7e8390f4b4de490f98b740b173539962 - - - -] 10.0.0.96 "POST /v2.0/networks HTTP/1.1" status: 201 len: 831 time: 0.8592627
2026-05-18 01:54:40.350 9 INFO neutron.wsgi [None req-c12fec46-3f0b-4f62-8050-1a7b336973c4 cceb3eb028364bf7bb513021d61eeeda 42e9efe30d3c438bbc0ff14c22f16fbe - - - -] 10.0.0.96 "DELETE /v2.0/ports/8fd8d8af-e498-49f9-87d7-ddcd13df9c96 HTTP/1.1" status: 204 len: 168 time: 0.3398581
2026-05-18 01:54:40.414 10 INFO neutron.db.segments_db [None req-1513ca85-bc76-4841-8ae8-7c8a7d820632 0d120c1c0f11422daf55d370750e1519 7e8390f4b4de490f98b740b173539962 - - - -] Added segment a7618cb5-a03f-4126-a9ce-17e125eed3e9 of type geneve for network 6ca95a62-eb13-4ae8-94d4-21d622046362
2026-05-18 01:54:40.549 10 INFO neutron.db.ovn_revision_numbers_db [None req-1513ca85-bc76-4841-8ae8-7c8a7d820632 0d120c1c0f11422daf55d370750e1519 7e8390f4b4de490f98b740b173539962 - - - -] Successfully bumped revision number for resource 6ca95a62-eb13-4ae8-94d4-21d622046362 (type: networks) to 1
2026-05-18 01:54:40.616 9 INFO neutron.wsgi [None req-e6408336-ff74-4a19-ab00-6d1820d8a38a cceb3eb028364bf7bb513021d61eeeda 42e9efe30d3c438bbc0ff14c22f16fbe - - - -] 10.0.0.96 "DELETE /v2.0/ports/140761e7-6dd6-4a48-aeee-7e8060b42f13 HTTP/1.1" status: 204 len: 168 time: 0.2605007
2026-05-18 01:54:40.730 10 WARNING neutron.scheduler.dhcp_agent_scheduler [None req-1513ca85-bc76-4841-8ae8-7c8a7d820632 0d120c1c0f11422daf55d370750e1519 7e8390f4b4de490f98b740b173539962 - - - -] No more DHCP agents
2026-05-18 01:54:40.732 10 WARNING neutron.api.rpc.agentnotifiers.dhcp_rpc_agent_api [None req-1513ca85-bc76-4841-8ae8-7c8a7d820632 0d120c1c0f11422daf55d370750e1519 7e8390f4b4de490f98b740b173539962 - - - -] Unable to schedule network 6ca95a62-eb13-4ae8-94d4-21d622046362: no agents available; will retry on subsequent port and subnet creation events.
2026-05-18 01:54:40.810 10 INFO neutron.db.ovn_revision_numbers_db [None req-1513ca85-bc76-4841-8ae8-7c8a7d820632 0d120c1c0f11422daf55d370750e1519 7e8390f4b4de490f98b740b173539962 - - - -] Successfully bumped revision number for resource f6354ef9-4223-45d4-93c7-c0af57780e83 (type: ports) to 1
2026-05-18 01:54:40.835 10 INFO neutron.wsgi [None req-1513ca85-bc76-4841-8ae8-7c8a7d820632 0d120c1c0f11422daf55d370750e1519 7e8390f4b4de490f98b740b173539962 - - - -] 10.0.0.96 "POST /v2.0/networks HTTP/1.1" status: 201 len: 830 time: 0.5084727
2026-05-18 01:54:40.901 9 INFO neutron.wsgi [None req-91b5350d-305d-45d6-a9c5-2a157bf781e0 0d120c1c0f11422daf55d370750e1519 7e8390f4b4de490f98b740b173539962 - - - -] 10.0.0.96 "PUT /v2.0/networks/30da4304-346c-478e-856b-f513693bfb41/tags HTTP/1.1" status: 200 len: 210 time: 0.0609012
2026-05-18 01:54:40.925 9 INFO neutron.wsgi [None req-7aa023eb-1a8c-40e7-a6d0-f31708b132c1 cceb3eb028364bf7bb513021d61eeeda 42e9efe30d3c438bbc0ff14c22f16fbe - - - -] 10.0.0.96 "DELETE /v2.0/ports/169a0375-f865-4944-a246-c2969b1fab6a HTTP/1.1" status: 204 len: 168 time: 0.3034697
2026-05-18 01:54:40.965 10 INFO neutron.wsgi [None req-99f26008-9d2c-40df-bb9a-71aeb11125ef 0d120c1c0f11422daf55d370750e1519 7e8390f4b4de490f98b740b173539962 - - - -] 10.0.0.96 "PUT /v2.0/networks/a73744c2-7c26-40cc-9129-109248eed8a7/tags HTTP/1.1" status: 200 len: 218 time: 0.0584071
2026-05-18 01:54:41.027 10 INFO neutron.wsgi [None req-e137b6d1-90b2-4abe-94ec-9c5aff6d72f0 0d120c1c0f11422daf55d370750e1519 7e8390f4b4de490f98b740b173539962 - - - -] 10.0.0.96 "PUT /v2.0/networks/01a4bf5d-47dc-4db6-8873-2164c6cd7148/tags HTTP/1.1" status: 200 len: 227 time: 0.0571787
2026-05-18 01:54:41.079 10 INFO neutron.wsgi [None req-34e52571-9faf-4e6a-90f8-c46be783d48f 0d120c1c0f11422daf55d370750e1519 7e8390f4b4de490f98b740b173539962 - - - -] 10.0.0.96 "PUT /v2.0/networks/44c0f3c1-134c-4455-b991-37bd50a5e82b/tags HTTP/1.1" status: 200 len: 212 time: 0.0473952
2026-05-18 01:54:41.172 9 INFO neutron.wsgi [None req-931f4dc7-060b-494b-adf6-ca5f3d6c9347 cceb3eb028364bf7bb513021d61eeeda 42e9efe30d3c438bbc0ff14c22f16fbe - - - -] 10.0.0.96 "DELETE /v2.0/ports/259eeb09-d1ea-4f0f-8e92-e3828d5c6e8d HTTP/1.1" status: 204 len: 168 time: 0.2415683
2026-05-18 01:54:41.175 10 INFO neutron.wsgi [None req-f8bc46f2-206c-4c1c-8702-f3601970bffb 0d120c1c0f11422daf55d370750e1519 7e8390f4b4de490f98b740b173539962 - - default default] 10.0.0.96 "GET /v2.0/networks?tags=red HTTP/1.1" status: 200 len: 2068 time: 0.0906534
2026-05-18 01:54:41.267 9 INFO neutron.wsgi [None req-cb67b268-e40b-4ba1-86f6-f734a6c94440 0d120c1c0f11422daf55d370750e1519 7e8390f4b4de490f98b740b173539962 - - default default] 10.0.0.96 "GET /v2.0/networks?tags=red%2Cblue HTTP/1.1" status: 200 len: 1456 time: 0.0868161
2026-05-18 01:54:41.348 9 INFO neutron.wsgi [None req-6ab4e736-5f18-4763-add9-f4434c827035 0d120c1c0f11422daf55d370750e1519 7e8390f4b4de490f98b740b173539962 - - default default] 10.0.0.96 "GET /v2.0/networks?tags-any=blue HTTP/1.1" status: 200 len: 1456 time: 0.0757163
2026-05-18 01:54:41.419 10 INFO neutron.wsgi [None req-6beb238f-3e21-4ea3-b287-bca46b5d9113 cceb3eb028364bf7bb513021d61eeeda 42e9efe30d3c438bbc0ff14c22f16fbe - - - -] 10.0.0.96 "DELETE /v2.0/ports/5c3cb67b-a82e-4232-92a2-6f5d7f51c390 HTTP/1.1" status: 204 len: 168 time: 0.2397110
2026-05-18 01:54:41.424 9 INFO neutron.wsgi [None req-fb1b9622-07ba-46c1-9914-9fbfa9586df3 0d120c1c0f11422daf55d370750e1519 7e8390f4b4de490f98b740b173539962 - - default default] 10.0.0.96 "GET /v2.0/networks?tags-any=red%2Cblue HTTP/1.1" status: 200 len: 2068 time: 0.0716767
2026-05-18 01:54:41.550 9 INFO neutron.wsgi [None req-921afd9b-7a70-41ed-886c-8a9862329ebb 0d120c1c0f11422daf55d370750e1519 7e8390f4b4de490f98b740b173539962 - - default default] 10.0.0.96 "GET /v2.0/networks?not-tags=red HTTP/1.1" status: 200 len: 2068 time: 0.1217835
2026-05-18 01:54:41.676 9 INFO neutron.wsgi [None req-b1868869-b88a-4cae-bee3-447f57aa4c00 0d120c1c0f11422daf55d370750e1519 7e8390f4b4de490f98b740b173539962 - - default default] 10.0.0.96 "GET /v2.0/networks?not-tags=red%2Cblue HTTP/1.1" status: 200 len: 2680 time: 0.1208019
2026-05-18 01:54:41.797 9 INFO neutron.wsgi [None req-ed1d885b-2841-47f1-9f80-efd9412d47c3 0d120c1c0f11422daf55d370750e1519 7e8390f4b4de490f98b740b173539962 - - default default] 10.0.0.96 "GET /v2.0/networks?not-tags-any=blue HTTP/1.1" status: 200 len: 2680 time: 0.1168079
2026-05-18 01:54:41.882 9 INFO neutron.wsgi [None req-660df2fa-ed7c-42d0-8472-b18a6fafbc31 0d120c1c0f11422daf55d370750e1519 7e8390f4b4de490f98b740b173539962 - - default default] 10.0.0.96 "GET /v2.0/networks?not-tags-any=red%2Cblue HTTP/1.1" status: 200 len: 2068 time: 0.0796642
2026-05-18 01:54:42.124 10 INFO neutron.services.segments.plugin [-] Segment 38a39ae2-445d-41ec-b5c5-09d6f20b73c8 resource provider aggregate not found
2026-05-18 01:54:42.132 10 INFO neutron.services.segments.plugin [-] Segment 38a39ae2-445d-41ec-b5c5-09d6f20b73c8 resource provider aggregate not found
2026-05-18 01:54:42.161 10 INFO neutron.services.segments.plugin [-] Segment 38a39ae2-445d-41ec-b5c5-09d6f20b73c8 resource provider not found; error: Placement Client Error (4xx): {"errors": [{"status": 404, "title": "Not Found", "detail": "The resource could not be found.\n\n No resource provider with uuid 38a39ae2-445d-41ec-b5c5-09d6f20b73c8 found for delete ", "request_id": "req-85135617-cca5-48a0-8568-f068f432d00d"}]}
2026-05-18 01:54:42.162 10 INFO neutron.services.segments.plugin [-] Segment 38a39ae2-445d-41ec-b5c5-09d6f20b73c8 resource provider not found; error: Placement Client Error (4xx): {"errors": [{"status": 404, "title": "Not Found", "detail": "The resource could not be found.\n\n No resource provider with uuid 38a39ae2-445d-41ec-b5c5-09d6f20b73c8 found for delete ", "request_id": "req-8a3b912d-2e54-47ba-a0f4-046460785ffd"}]}
2026-05-18 01:54:42.202 10 INFO neutron.wsgi [None req-c6c0882f-7848-4efa-8a0e-71a3a7ff7f8e cceb3eb028364bf7bb513021d61eeeda 42e9efe30d3c438bbc0ff14c22f16fbe - - - -] 10.0.0.96 "DELETE /v2.0/networks/3bebec70-376e-437e-8f72-9433001fe46c HTTP/1.1" status: 204 len: 168 time: 0.7791882
2026-05-18 01:54:42.289 10 INFO neutron.wsgi [None req-38fa4778-dec7-4c34-9a75-7afc77bb768e 2c60b6ccd6fc4973bafcb3b18c51dfbc 541db572d2324afa95616f75acdd5c23 - - default default] 10.0.0.213 "GET /v2.0/networks HTTP/1.1" status: 200 len: 9497 time: 0.2424271
2026-05-18 01:54:42.461 10 INFO neutron.wsgi [None req-b6003894-107e-46f2-a3d6-9c07468d5328 2c60b6ccd6fc4973bafcb3b18c51dfbc 541db572d2324afa95616f75acdd5c23 - - default default] 10.0.0.213 "GET /v2.0/routers HTTP/1.1" status: 200 len: 860 time: 0.1681247
2026-05-18 01:54:42.480 10 INFO neutron.wsgi [None req-852a9fd4-5695-421f-9394-e94b4ecea618 2c60b6ccd6fc4973bafcb3b18c51dfbc 541db572d2324afa95616f75acdd5c23 - - default default] 10.0.0.213 "GET /v2.0/agents?binary=ovn-controller HTTP/1.1" status: 200 len: 591 time: 0.0173261
2026-05-18 01:54:42.582 10 INFO neutron.wsgi [None req-549fd1cb-4bed-45dd-9c3a-4feba62d2cab 2c60b6ccd6fc4973bafcb3b18c51dfbc 541db572d2324afa95616f75acdd5c23 - - default default] 10.0.0.213 "GET /v2.0/security-groups HTTP/1.1" status: 200 len: 30237 time: 0.0993259
2026-05-18 01:54:42.659 10 INFO neutron.wsgi [None req-8c7dc872-5ec2-4572-a332-6838cf90c182 2c60b6ccd6fc4973bafcb3b18c51dfbc 541db572d2324afa95616f75acdd5c23 - - default default] 10.0.0.213 "GET /v2.0/ports HTTP/1.1" status: 200 len: 17585 time: 0.0703566
2026-05-18 01:54:42.674 9 INFO neutron.services.segments.plugin [-] Segment ea50fd7b-4506-4b68-8ef5-2c6aa373b912 resource provider aggregate not found
2026-05-18 01:54:42.681 9 INFO neutron.services.segments.plugin [-] Segment ea50fd7b-4506-4b68-8ef5-2c6aa373b912 resource provider aggregate not found
2026-05-18 01:54:42.697 9 INFO neutron.services.segments.plugin [-] Segment ea50fd7b-4506-4b68-8ef5-2c6aa373b912 resource provider not found; error: Placement Client Error (4xx): {"errors": [{"status": 404, "title": "Not Found", "detail": "The resource could not be found.\n\n No resource provider with uuid ea50fd7b-4506-4b68-8ef5-2c6aa373b912 found for delete ", "request_id": "req-14bd296b-14be-415c-b48e-7282e0e6248a"}]}
2026-05-18 01:54:42.709 9 INFO neutron.services.segments.plugin [-] Segment ea50fd7b-4506-4b68-8ef5-2c6aa373b912 resource provider not found; error: Placement Client Error (4xx): {"errors": [{"status": 404, "title": "Not Found", "detail": "The resource could not be found.\n\n No resource provider with uuid ea50fd7b-4506-4b68-8ef5-2c6aa373b912 found for delete ", "request_id": "req-84108f2c-0211-4b9b-8263-c8e575589ef5"}]}
2026-05-18 01:54:42.727 10 INFO neutron.wsgi [None req-1b370387-3370-4c65-b7f7-a670e4132640 2c60b6ccd6fc4973bafcb3b18c51dfbc 541db572d2324afa95616f75acdd5c23 - - default default] 10.0.0.213 "GET /v2.0/subnets HTTP/1.1" status: 200 len: 2078 time: 0.0498853
2026-05-18 01:54:42.744 10 INFO neutron.wsgi [None req-62c9376e-75b7-4538-8624-bc8a3d9fe65f 2c60b6ccd6fc4973bafcb3b18c51dfbc 541db572d2324afa95616f75acdd5c23 - - default default] 10.0.0.213 "GET /v2.0/subnetpools HTTP/1.1" status: 200 len: 193 time: 0.0153987
2026-05-18 01:54:42.757 10 INFO neutron.wsgi [None req-ca7caa8e-93ff-472b-a881-68d0b8aedfb6 2c60b6ccd6fc4973bafcb3b18c51dfbc 541db572d2324afa95616f75acdd5c23 - - default default] 10.0.0.213 "GET /v2.0/agents HTTP/1.1" status: 200 len: 997 time: 0.0119631
2026-05-18 01:54:42.777 10 INFO neutron.wsgi [None req-0b3b6c0d-0603-4c28-9a91-1c41f1dd46b7 2c60b6ccd6fc4973bafcb3b18c51dfbc 541db572d2324afa95616f75acdd5c23 - - default default] 10.0.0.213 "GET /v2.0/network-ip-availabilities HTTP/1.1" status: 200 len: 3866 time: 0.0184112
2026-05-18 01:54:42.782 9 INFO neutron.wsgi [None req-3de1b95c-033c-4a1d-bfee-92f5c6571a65 0d120c1c0f11422daf55d370750e1519 7e8390f4b4de490f98b740b173539962 - - - -] 10.0.0.96 "DELETE /v2.0/networks/30da4304-346c-478e-856b-f513693bfb41 HTTP/1.1" status: 204 len: 168 time: 0.8927710
2026-05-18 01:54:42.844 10 INFO neutron.wsgi [None req-af1db0a8-6fd7-4e39-a2db-239674f12933 2c60b6ccd6fc4973bafcb3b18c51dfbc 541db572d2324afa95616f75acdd5c23 - - default default] 10.0.0.213 "GET /v2.0/floatingips HTTP/1.1" status: 200 len: 1035 time: 0.0652471
2026-05-18 01:54:42.881 10 INFO neutron.wsgi [None req-1c004404-3340-43b1-9a46-98d0e904dfc9 2c60b6ccd6fc4973bafcb3b18c51dfbc 541db572d2324afa95616f75acdd5c23 - - default default] 10.0.0.213 "GET /v2.0/subnets HTTP/1.1" status: 200 len: 2078 time: 0.0348818
2026-05-18 01:54:43.087 9 INFO neutron.wsgi [None req-9dc685b7-cc07-43e8-9a51-c3f59a4f1f0f cceb3eb028364bf7bb513021d61eeeda 42e9efe30d3c438bbc0ff14c22f16fbe - - - -] 10.0.0.96 "DELETE /v2.0/networks/013d747a-cd7b-4d56-ade5-edfc60dd1668 HTTP/1.1" status: 204 len: 168 time: 0.8780606
2026-05-18 01:54:43.314 9 INFO neutron.wsgi [None req-fc4e7253-fc9a-4037-a562-1eed307db6d7 0d120c1c0f11422daf55d370750e1519 7e8390f4b4de490f98b740b173539962 - - - -] 10.0.0.96 "DELETE /v2.0/networks/a73744c2-7c26-40cc-9129-109248eed8a7 HTTP/1.1" status: 204 len: 168 time: 0.5250525
2026-05-18 01:54:43.486 9 INFO neutron.db.ovn_revision_numbers_db [None req-a1eb74e6-6bb5-4248-a8fe-f90c8c3cd66a 2c60b6ccd6fc4973bafcb3b18c51dfbc 541db572d2324afa95616f75acdd5c23 - - default default] Successfully bumped revision number for resource 65622caf-668f-4e30-addb-9b5bce132b20 (type: security_groups) to 1
2026-05-18 01:54:43.510 9 INFO neutron.wsgi [None req-a1eb74e6-6bb5-4248-a8fe-f90c8c3cd66a 2c60b6ccd6fc4973bafcb3b18c51dfbc 541db572d2324afa95616f75acdd5c23 - - default default] 10.0.0.96 "GET /v2.0/security-groups?tenant_id=436813d059e84cabb04d0782c3b21111&name=default HTTP/1.1" status: 200 len: 2996 time: 0.2551215
2026-05-18 01:54:43.670 10 INFO neutron.wsgi [None req-0fe0b67c-cf73-4877-a3bf-bcb9cfea75b2 cceb3eb028364bf7bb513021d61eeeda 42e9efe30d3c438bbc0ff14c22f16fbe - - - -] 10.0.0.96 "DELETE /v2.0/networks/b7ea1786-931b-42ca-9da9-7faf30e08b7d HTTP/1.1" status: 204 len: 168 time: 0.5771616
2026-05-18 01:54:43.768 9 INFO neutron.wsgi [None req-28681a46-c516-4952-9de8-3de33c81939c 2c60b6ccd6fc4973bafcb3b18c51dfbc 541db572d2324afa95616f75acdd5c23 - - - -] 10.0.0.96 "DELETE /v2.0/security-groups/65622caf-668f-4e30-addb-9b5bce132b20 HTTP/1.1" status: 204 len: 168 time: 0.2535868
2026-05-18 01:54:43.997 10 INFO neutron.wsgi [None req-e9e01e9d-9d23-40bd-ab8e-957b284e6a6f 0d120c1c0f11422daf55d370750e1519 7e8390f4b4de490f98b740b173539962 - - - -] 10.0.0.96 "DELETE /v2.0/networks/01a4bf5d-47dc-4db6-8873-2164c6cd7148 HTTP/1.1" status: 204 len: 168 time: 0.6764224
2026-05-18 01:54:44.195 10 INFO neutron.services.segments.plugin [-] Segment ab431c20-e1dc-487d-af75-ff066a15b212 resource provider aggregate not found
2026-05-18 01:54:44.204 10 INFO neutron.services.segments.plugin [-] Segment ab431c20-e1dc-487d-af75-ff066a15b212 resource provider aggregate not found
2026-05-18 01:54:44.216 9 INFO neutron.wsgi [None req-b241ad74-58e8-4e35-aa02-710ce0294af4 cceb3eb028364bf7bb513021d61eeeda 42e9efe30d3c438bbc0ff14c22f16fbe - - - -] 10.0.0.96 "DELETE /v2.0/networks/6d38119c-2640-43c1-98c3-7dae35b79ce1 HTTP/1.1" status: 204 len: 168 time: 0.5418663
2026-05-18 01:54:44.222 10 INFO neutron.services.segments.plugin [-] Segment ab431c20-e1dc-487d-af75-ff066a15b212 resource provider not found; error: Placement Client Error (4xx): {"errors": [{"status": 404, "title": "Not Found", "detail": "The resource could not be found.\n\n No resource provider with uuid ab431c20-e1dc-487d-af75-ff066a15b212 found for delete ", "request_id": "req-1779f93c-28f5-4cba-8546-19989593d0ea"}]}
2026-05-18 01:54:44.229 10 INFO neutron.services.segments.plugin [-] Segment ab431c20-e1dc-487d-af75-ff066a15b212 resource provider not found; error: Placement Client Error (4xx): {"errors": [{"status": 404, "title": "Not Found", "detail": "The resource could not be found.\n\n No resource provider with uuid ab431c20-e1dc-487d-af75-ff066a15b212 found for delete ", "request_id": "req-e0d2ac94-932a-41e4-a879-bf840a23ac1f"}]}
2026-05-18 01:54:44.247 10 INFO neutron.services.segments.plugin [-] Segment 1d654ea5-09ef-4fa7-9b98-e95d7241e387 resource provider aggregate not found
2026-05-18 01:54:44.257 10 INFO neutron.services.segments.plugin [-] Segment 1d654ea5-09ef-4fa7-9b98-e95d7241e387 resource provider aggregate not found
2026-05-18 01:54:44.265 10 INFO neutron.services.segments.plugin [-] Segment 1d654ea5-09ef-4fa7-9b98-e95d7241e387 resource provider not found; error: Placement Client Error (4xx): {"errors": [{"status": 404, "title": "Not Found", "detail": "The resource could not be found.\n\n No resource provider with uuid 1d654ea5-09ef-4fa7-9b98-e95d7241e387 found for delete ", "request_id": "req-b1924ef1-e9f4-4ac3-aad0-d38637c69015"}]}
2026-05-18 01:54:44.275 10 INFO neutron.services.segments.plugin [-] Segment 1d654ea5-09ef-4fa7-9b98-e95d7241e387 resource provider not found; error: Placement Client Error (4xx): {"errors": [{"status": 404, "title": "Not Found", "detail": "The resource could not be found.\n\n No resource provider with uuid 1d654ea5-09ef-4fa7-9b98-e95d7241e387 found for delete ", "request_id": "req-e8471cea-4e3f-4522-9b5e-3944b3f44428"}]}
