2026-05-18 01:53:10.758 9 WARNING neutron.api.rpc.agentnotifiers.dhcp_rpc_agent_api [None req-c2e4dfdb-e816-4f4d-a8ab-0634b64fde21 4f3a6939bc3e46c282d7cebbbac1f7cb e309f450e9a4494ca2ae45c416fdfbdc - - - -] Unable to schedule network e1f70d52-fff8-4d7e-9ab1-9b93dc35a586: no agents available; will retry on subsequent port and subnet creation events.
2026-05-18 01:53:10.771 9 INFO neutron.wsgi [None req-3fc1fd45-15e4-490f-a40d-e17afe5798df 9f9d42fc5dcb4617b7472cf2769b5b57 df725e60fc6d4874b4ca2117b26948cf - - default default] 10.0.0.96 "GET /v2.0/extensions/trunk-details HTTP/1.1" status: 200 len: 362 time: 0.0108957
2026-05-18 01:53:10.799 10 INFO neutron.wsgi [req-10af9460-a699-4886-861b-0c3cb1886b0c req-c0cb832e-f435-490b-b927-cab0290bb7f1 482563c3e50a4871a7b7a0056c860689 4c1fb3cc9e064e3aa1311af14731be2b - - 869e230c9c6040bc8c7ba358f0366bc5 869e230c9c6040bc8c7ba358f0366bc5] 199.204.45.216 "GET /v2.0/floatingips?fixed_ip_address=10.100.0.12&port_id=9e97e5c3-3ac2-4640-ae5a-13b1377f228a HTTP/1.1" status: 200 len: 217 time: 0.3072460
2026-05-18 01:53:10.822 9 INFO neutron.db.ovn_revision_numbers_db [None req-c2e4dfdb-e816-4f4d-a8ab-0634b64fde21 4f3a6939bc3e46c282d7cebbbac1f7cb e309f450e9a4494ca2ae45c416fdfbdc - - - -] Successfully bumped revision number for resource 86ea7239-4875-49bb-b638-e432075b192f (type: ports) to 1
2026-05-18 01:53:10.850 9 INFO neutron.wsgi [None req-c2e4dfdb-e816-4f4d-a8ab-0634b64fde21 4f3a6939bc3e46c282d7cebbbac1f7cb e309f450e9a4494ca2ae45c416fdfbdc - - - -] 10.0.0.96 "POST /v2.0/networks HTTP/1.1" status: 201 len: 852 time: 0.5929439
2026-05-18 01:53:10.852 10 INFO neutron.wsgi [req-10af9460-a699-4886-861b-0c3cb1886b0c req-137d6c98-d9d0-42da-9694-dba85bbe53b6 482563c3e50a4871a7b7a0056c860689 4c1fb3cc9e064e3aa1311af14731be2b - - 869e230c9c6040bc8c7ba358f0366bc5 869e230c9c6040bc8c7ba358f0366bc5] 199.204.45.216 "GET /v2.0/subnets?id=02807e66-143b-4319-b720-9627894d6aad HTTP/1.1" status: 200 len: 871 time: 0.0420244
2026-05-18 01:53:10.892 10 INFO neutron.wsgi [req-10af9460-a699-4886-861b-0c3cb1886b0c req-cd2906a3-52ac-4658-92f2-46677dd78957 482563c3e50a4871a7b7a0056c860689 4c1fb3cc9e064e3aa1311af14731be2b - - 869e230c9c6040bc8c7ba358f0366bc5 869e230c9c6040bc8c7ba358f0366bc5] 199.204.45.216 "GET /v2.0/ports?network_id=cc7389f6-be2f-45fe-b679-b4e10cc0ffb7&device_owner=network%3Adhcp HTTP/1.1" status: 200 len: 210 time: 0.0303679
2026-05-18 01:53:10.947 9 INFO neutron.db.segments_db [None req-528eab89-cbd7-42be-9820-9c37c4900f43 4f3a6939bc3e46c282d7cebbbac1f7cb e309f450e9a4494ca2ae45c416fdfbdc - - - -] Added segment b8fbc97a-eb62-4a65-ac67-5112b122baba of type geneve for network 77b5a7d9-20cf-46b7-a683-59517b22d4ca
2026-05-18 01:53:11.009 10 INFO neutron.wsgi [req-f8989ce2-174c-4699-9f6f-3b5ba815c688 req-0288001b-03a5-4054-86e2-894f0e19c9aa 1f14f1d6e8334e5ab94b00895a7151b4 016fb6217804405484feaf7a03ca98e8 - - default default] 10.0.0.184 "GET /v2.0/ports?device_id=8d3d89f4-03d8-4582-b440-ae2714309cac HTTP/1.1" status: 200 len: 1172 time: 0.0774834
2026-05-18 01:53:11.012 10 INFO neutron.wsgi [req-10af9460-a699-4886-861b-0c3cb1886b0c req-bacbc572-9e25-4d7e-b633-993abc2e5975 482563c3e50a4871a7b7a0056c860689 4c1fb3cc9e064e3aa1311af14731be2b - - 869e230c9c6040bc8c7ba358f0366bc5 869e230c9c6040bc8c7ba358f0366bc5] 199.204.45.216 "GET /v2.0/networks/cc7389f6-be2f-45fe-b679-b4e10cc0ffb7?fields=segments HTTP/1.1" status: 200 len: 212 time: 0.1119516
2026-05-18 01:53:11.060 9 INFO neutron.db.ovn_revision_numbers_db [None req-528eab89-cbd7-42be-9820-9c37c4900f43 4f3a6939bc3e46c282d7cebbbac1f7cb e309f450e9a4494ca2ae45c416fdfbdc - - - -] Successfully bumped revision number for resource 77b5a7d9-20cf-46b7-a683-59517b22d4ca (type: networks) to 1
2026-05-18 01:53:11.100 10 INFO neutron.wsgi [req-f8989ce2-174c-4699-9f6f-3b5ba815c688 req-601bda7c-ff1d-42af-b878-95a5e1350463 1f14f1d6e8334e5ab94b00895a7151b4 016fb6217804405484feaf7a03ca98e8 - - default default] 10.0.0.184 "GET /v2.0/security-groups?id=3d459543-695c-4eb5-b113-9370258a474c&fields=id&fields=name HTTP/1.1" status: 200 len: 286 time: 0.0677402
2026-05-18 01:53:11.122 10 INFO neutron.wsgi [req-10af9460-a699-4886-861b-0c3cb1886b0c req-b58016bd-a1a1-43d5-b837-2260e9685f35 482563c3e50a4871a7b7a0056c860689 4c1fb3cc9e064e3aa1311af14731be2b - - 869e230c9c6040bc8c7ba358f0366bc5 869e230c9c6040bc8c7ba358f0366bc5] 199.204.45.216 "GET /v2.0/networks/cc7389f6-be2f-45fe-b679-b4e10cc0ffb7?fields=provider%3Aphysical_network&fields=provider%3Anetwork_type HTTP/1.1" status: 200 len: 277 time: 0.0905361
2026-05-18 01:53:11.230 10 INFO neutron.wsgi [req-3d8af8b8-6756-4cfc-a7dc-6bb59dbb94ee req-7ab01986-841d-4695-9532-88655598210a 482563c3e50a4871a7b7a0056c860689 4c1fb3cc9e064e3aa1311af14731be2b - - 869e230c9c6040bc8c7ba358f0366bc5 869e230c9c6040bc8c7ba358f0366bc5] 199.204.45.216 "GET /v2.0/ports?tenant_id=016fb6217804405484feaf7a03ca98e8&device_id=8d3d89f4-03d8-4582-b440-ae2714309cac HTTP/1.1" status: 200 len: 1363 time: 0.0501781
2026-05-18 01:53:11.261 9 WARNING neutron.scheduler.dhcp_agent_scheduler [None req-528eab89-cbd7-42be-9820-9c37c4900f43 4f3a6939bc3e46c282d7cebbbac1f7cb e309f450e9a4494ca2ae45c416fdfbdc - - - -] No more DHCP agents
2026-05-18 01:53:11.263 9 WARNING neutron.api.rpc.agentnotifiers.dhcp_rpc_agent_api [None req-528eab89-cbd7-42be-9820-9c37c4900f43 4f3a6939bc3e46c282d7cebbbac1f7cb e309f450e9a4494ca2ae45c416fdfbdc - - - -] Unable to schedule network 77b5a7d9-20cf-46b7-a683-59517b22d4ca: no agents available; will retry on subsequent port and subnet creation events.
2026-05-18 01:53:11.330 10 INFO neutron.wsgi [req-3d8af8b8-6756-4cfc-a7dc-6bb59dbb94ee req-94d5a14e-3460-4747-a8b8-16a844ef610c 482563c3e50a4871a7b7a0056c860689 4c1fb3cc9e064e3aa1311af14731be2b - - 869e230c9c6040bc8c7ba358f0366bc5 869e230c9c6040bc8c7ba358f0366bc5] 199.204.45.216 "GET /v2.0/networks?id=cc7389f6-be2f-45fe-b679-b4e10cc0ffb7 HTTP/1.1" status: 200 len: 976 time: 0.0891488
2026-05-18 01:53:11.344 10 INFO neutron.plugins.ml2.drivers.ovn.mech_driver.mech_driver [None req-b5e345bd-f316-4f6d-9b0e-09c747b0f037 - - - - - -] OVN reports status up for port: 9e97e5c3-3ac2-4640-ae5a-13b1377f228a
2026-05-18 01:53:11.364 9 INFO neutron.db.ovn_revision_numbers_db [None req-528eab89-cbd7-42be-9820-9c37c4900f43 4f3a6939bc3e46c282d7cebbbac1f7cb e309f450e9a4494ca2ae45c416fdfbdc - - - -] Successfully bumped revision number for resource 2cf938c9-07b6-4430-ac56-7f9c82a52774 (type: ports) to 1
2026-05-18 01:53:11.401 9 INFO neutron.wsgi [None req-528eab89-cbd7-42be-9820-9c37c4900f43 4f3a6939bc3e46c282d7cebbbac1f7cb e309f450e9a4494ca2ae45c416fdfbdc - - - -] 10.0.0.96 "POST /v2.0/networks HTTP/1.1" status: 201 len: 852 time: 0.5471249
2026-05-18 01:53:11.427 10 INFO neutron.wsgi [req-3d8af8b8-6756-4cfc-a7dc-6bb59dbb94ee req-460e9d68-3946-49a6-8a82-643eaab08b4f 482563c3e50a4871a7b7a0056c860689 4c1fb3cc9e064e3aa1311af14731be2b - - 869e230c9c6040bc8c7ba358f0366bc5 869e230c9c6040bc8c7ba358f0366bc5] 199.204.45.216 "GET /v2.0/floatingips?fixed_ip_address=10.100.0.12&port_id=9e97e5c3-3ac2-4640-ae5a-13b1377f228a HTTP/1.1" status: 200 len: 217 time: 0.0795648
2026-05-18 01:53:11.430 10 INFO neutron.wsgi [None req-5660ab5e-02dc-4a2b-9ee2-39f33de6e8a2 2c60b6ccd6fc4973bafcb3b18c51dfbc 541db572d2324afa95616f75acdd5c23 - - - -] 10.0.0.96 "PUT /v2.0/routers/e707f9f3-2b7c-457e-aa26-309e57a071d5/remove_router_interface HTTP/1.1" status: 200 len: 503 time: 1.9311171
2026-05-18 01:53:11.431 10 INFO neutron.plugins.ml2.plugin [None req-b5e345bd-f316-4f6d-9b0e-09c747b0f037 - - - - - -] Attempt 1 to provision port 9e97e5c3-3ac2-4640-ae5a-13b1377f228a /var/lib/openstack/lib/python3.10/site-packages/pycadf/identifier.py:71: UserWarning: Invalid uuid: neutron. To ensure interoperability, identifiers should be a valid uuid. warnings.warn(('Invalid uuid: %s. To ensure interoperability, '
2026-05-18 01:53:11.481 10 INFO neutron.wsgi [req-3d8af8b8-6756-4cfc-a7dc-6bb59dbb94ee req-8ecefe25-8d09-4514-abe0-d19e7933a396 482563c3e50a4871a7b7a0056c860689 4c1fb3cc9e064e3aa1311af14731be2b - - 869e230c9c6040bc8c7ba358f0366bc5 869e230c9c6040bc8c7ba358f0366bc5] 199.204.45.216 "GET /v2.0/subnets?id=02807e66-143b-4319-b720-9627894d6aad HTTP/1.1" status: 200 len: 871 time: 0.0454431
2026-05-18 01:53:11.517 10 INFO neutron.wsgi [req-3d8af8b8-6756-4cfc-a7dc-6bb59dbb94ee req-55f2debe-c8a6-4bcf-9cb5-d1c22e358df9 482563c3e50a4871a7b7a0056c860689 4c1fb3cc9e064e3aa1311af14731be2b - - 869e230c9c6040bc8c7ba358f0366bc5 869e230c9c6040bc8c7ba358f0366bc5] 199.204.45.216 "GET /v2.0/ports?network_id=cc7389f6-be2f-45fe-b679-b4e10cc0ffb7&device_owner=network%3Adhcp HTTP/1.1" status: 200 len: 210 time: 0.0295992
2026-05-18 01:53:11.594 10 INFO neutron.wsgi [req-3d8af8b8-6756-4cfc-a7dc-6bb59dbb94ee req-490f939f-a202-496c-87b7-68891acdc748 482563c3e50a4871a7b7a0056c860689 4c1fb3cc9e064e3aa1311af14731be2b - - 869e230c9c6040bc8c7ba358f0366bc5 869e230c9c6040bc8c7ba358f0366bc5] 199.204.45.216 "GET /v2.0/networks/cc7389f6-be2f-45fe-b679-b4e10cc0ffb7?fields=segments HTTP/1.1" status: 200 len: 212 time: 0.0666757
2026-05-18 01:53:11.670 10 INFO neutron.wsgi [req-3d8af8b8-6756-4cfc-a7dc-6bb59dbb94ee req-157f474b-404b-40e7-9a24-804e432c054f 482563c3e50a4871a7b7a0056c860689 4c1fb3cc9e064e3aa1311af14731be2b - - 869e230c9c6040bc8c7ba358f0366bc5 869e230c9c6040bc8c7ba358f0366bc5] 199.204.45.216 "GET /v2.0/networks/cc7389f6-be2f-45fe-b679-b4e10cc0ffb7?fields=provider%3Aphysical_network&fields=provider%3Anetwork_type HTTP/1.1" status: 200 len: 277 time: 0.0619442
2026-05-18 01:53:11.735 9 INFO neutron.services.segments.plugin [-] Segment 8ef83084-aae5-4d81-b702-069aa48155bc resource provider aggregate not found
2026-05-18 01:53:11.742 9 INFO neutron.services.segments.plugin [-] Segment 8ef83084-aae5-4d81-b702-069aa48155bc resource provider aggregate not found
2026-05-18 01:53:11.755 10 INFO neutron.db.ovn_revision_numbers_db [None req-b5e345bd-f316-4f6d-9b0e-09c747b0f037 - - - - - -] Successfully bumped revision number for resource 9e97e5c3-3ac2-4640-ae5a-13b1377f228a (type: ports) to 4
2026-05-18 01:53:11.778 9 INFO neutron.services.segments.plugin [-] Segment 8ef83084-aae5-4d81-b702-069aa48155bc resource provider not found; error: Placement Client Error (4xx): {"errors": [{"status": 404, "title": "Not Found", "detail": "The resource could not be found.\n\n No resource provider with uuid 8ef83084-aae5-4d81-b702-069aa48155bc found for delete ", "request_id": "req-6d63b88e-7acb-4ef3-b455-74c4e70619a3"}]}
2026-05-18 01:53:11.779 9 INFO neutron.services.segments.plugin [-] Segment 8ef83084-aae5-4d81-b702-069aa48155bc resource provider not found; error: Placement Client Error (4xx): {"errors": [{"status": 404, "title": "Not Found", "detail": "The resource could not be found.\n\n No resource provider with uuid 8ef83084-aae5-4d81-b702-069aa48155bc found for delete ", "request_id": "req-8638ead8-26b1-469b-83ed-0f7d51f0283d"}]}
2026-05-18 01:53:11.782 9 INFO neutron.db.ovn_revision_numbers_db [None req-3a351fcd-9b3c-424e-ab43-3dd2af140b72 2c60b6ccd6fc4973bafcb3b18c51dfbc 541db572d2324afa95616f75acdd5c23 - - default default] Successfully bumped revision number for resource cde5dd6f-1ac9-486a-8d6e-65af4b69e6bf (type: security_groups) to 1
2026-05-18 01:53:11.813 9 INFO neutron.wsgi [None req-3a351fcd-9b3c-424e-ab43-3dd2af140b72 2c60b6ccd6fc4973bafcb3b18c51dfbc 541db572d2324afa95616f75acdd5c23 - - default default] 10.0.0.96 "GET /v2.0/security-groups?tenant_id=df725e60fc6d4874b4ca2117b26948cf&name=default HTTP/1.1" status: 200 len: 2996 time: 0.4679372
2026-05-18 01:53:11.816 9 WARNING neutron.plugins.ml2.drivers.ovn.mech_driver.ovsdb.ovn_client [None req-112924e3-7ee5-4fb4-9c83-2b3b44b912a4 - - - - - -] No hosting information found for port 18cb5255-94bd-4698-9aec-82ce98216636: RuntimeError: No hosting information found for port 18cb5255-94bd-4698-9aec-82ce98216636
2026-05-18 01:53:11.817 9 INFO neutron.plugins.ml2.drivers.ovn.mech_driver.mech_driver [None req-112924e3-7ee5-4fb4-9c83-2b3b44b912a4 - - - - - -] OVN reports status down for port: 99bf90ce-9211-45e8-93c8-8a0827223dc0 /var/lib/openstack/lib/python3.10/site-packages/pycadf/identifier.py:71: UserWarning: Invalid uuid: neutron. To ensure interoperability, identifiers should be a valid uuid. warnings.warn(('Invalid uuid: %s. To ensure interoperability, '
2026-05-18 01:53:12.016 10 INFO neutron.wsgi [None req-b69a0a65-141f-4ef2-b7fa-85d3639a0316 2c60b6ccd6fc4973bafcb3b18c51dfbc 541db572d2324afa95616f75acdd5c23 - - - -] 10.0.0.96 "DELETE /v2.0/security-groups/cde5dd6f-1ac9-486a-8d6e-65af4b69e6bf HTTP/1.1" status: 204 len: 168 time: 0.1976695 /var/lib/openstack/lib/python3.10/site-packages/pycadf/identifier.py:71: UserWarning: Invalid uuid: neutron. To ensure interoperability, identifiers should be a valid uuid. warnings.warn(('Invalid uuid: %s. To ensure interoperability, '
2026-05-18 01:53:12.314 9 INFO neutron.wsgi [req-7cfc4db1-9f2f-481f-8444-9ea3b8fad6f1 req-1fe04c09-f534-4afc-9ceb-e7c7175e4160 1f14f1d6e8334e5ab94b00895a7151b4 016fb6217804405484feaf7a03ca98e8 - - default default] 10.0.0.184 "GET /v2.0/ports?device_id=8d3d89f4-03d8-4582-b440-ae2714309cac HTTP/1.1" status: 200 len: 1174 time: 0.1345541
2026-05-18 01:53:12.380 9 INFO neutron.wsgi [req-7cfc4db1-9f2f-481f-8444-9ea3b8fad6f1 req-66fbfaa2-6e31-43ac-8a34-be3ee4200779 1f14f1d6e8334e5ab94b00895a7151b4 016fb6217804405484feaf7a03ca98e8 - - default default] 10.0.0.184 "GET /v2.0/security-groups?id=3d459543-695c-4eb5-b113-9370258a474c&fields=id&fields=name HTTP/1.1" status: 200 len: 286 time: 0.0502193
2026-05-18 01:53:12.394 9 WARNING neutron.scheduler.dhcp_agent_scheduler [None req-9abd3cce-8a05-490a-ac9a-4fde0eb074ff 4f3a6939bc3e46c282d7cebbbac1f7cb e309f450e9a4494ca2ae45c416fdfbdc - - - -] No more DHCP agents
2026-05-18 01:53:12.397 9 WARNING neutron.api.rpc.agentnotifiers.dhcp_rpc_agent_api [None req-9abd3cce-8a05-490a-ac9a-4fde0eb074ff 4f3a6939bc3e46c282d7cebbbac1f7cb e309f450e9a4494ca2ae45c416fdfbdc - - - -] Unable to schedule network e1f70d52-fff8-4d7e-9ab1-9b93dc35a586: no agents available; will retry on subsequent port and subnet creation events.
2026-05-18 01:53:12.464 10 INFO neutron.notifiers.nova [-] Nova event matching ['req-c76fe1e8-c67a-488e-82aa-70f96d13cfe3'] response: {'server_uuid': '8d3d89f4-03d8-4582-b440-ae2714309cac', 'name': 'network-vif-plugged', 'status': 'completed', 'tag': '9e97e5c3-3ac2-4640-ae5a-13b1377f228a', 'code': 200}
2026-05-18 01:53:12.464 10 INFO neutron.notifiers.nova [-] Nova event matching ['req-c76fe1e8-c67a-488e-82aa-70f96d13cfe3'] response: {'server_uuid': '8d3d89f4-03d8-4582-b440-ae2714309cac', 'name': 'network-vif-plugged', 'status': 'completed', 'tag': '9e97e5c3-3ac2-4640-ae5a-13b1377f228a', 'code': 200}
2026-05-18 01:53:12.484 9 INFO neutron.db.ovn_revision_numbers_db [None req-9abd3cce-8a05-490a-ac9a-4fde0eb074ff 4f3a6939bc3e46c282d7cebbbac1f7cb e309f450e9a4494ca2ae45c416fdfbdc - - - -] Successfully bumped revision number for resource 34678024-4c52-456c-890a-4eeb2364752a (type: ports) to 1
2026-05-18 01:53:12.529 9 WARNING neutron.scheduler.dhcp_agent_scheduler [None req-9abd3cce-8a05-490a-ac9a-4fde0eb074ff 4f3a6939bc3e46c282d7cebbbac1f7cb e309f450e9a4494ca2ae45c416fdfbdc - - - -] No more DHCP agents
2026-05-18 01:53:12.531 9 WARNING neutron.api.rpc.agentnotifiers.dhcp_rpc_agent_api [None req-9abd3cce-8a05-490a-ac9a-4fde0eb074ff 4f3a6939bc3e46c282d7cebbbac1f7cb e309f450e9a4494ca2ae45c416fdfbdc - - - -] Unable to schedule network 77b5a7d9-20cf-46b7-a683-59517b22d4ca: no agents available; will retry on subsequent port and subnet creation events.
2026-05-18 01:53:12.652 9 INFO neutron.db.ovn_revision_numbers_db [None req-9abd3cce-8a05-490a-ac9a-4fde0eb074ff 4f3a6939bc3e46c282d7cebbbac1f7cb e309f450e9a4494ca2ae45c416fdfbdc - - - -] Successfully bumped revision number for resource b1655bb8-c1ac-4e3d-970e-57cb3996bc67 (type: ports) to 1
2026-05-18 01:53:12.668 9 INFO neutron.wsgi [None req-319021a1-4c4d-4c42-9474-70c2dfad6b58 2c60b6ccd6fc4973bafcb3b18c51dfbc 541db572d2324afa95616f75acdd5c23 - - - -] 10.0.0.96 "DELETE /v2.0/routers/e707f9f3-2b7c-457e-aa26-309e57a071d5 HTTP/1.1" status: 204 len: 168 time: 1.2321773 /var/lib/openstack/lib/python3.10/site-packages/pycadf/identifier.py:71: UserWarning: Invalid uuid: neutron. To ensure interoperability, identifiers should be a valid uuid. warnings.warn(('Invalid uuid: %s. To ensure interoperability, '
2026-05-18 01:53:12.702 9 INFO neutron.wsgi [None req-9abd3cce-8a05-490a-ac9a-4fde0eb074ff 4f3a6939bc3e46c282d7cebbbac1f7cb e309f450e9a4494ca2ae45c416fdfbdc - - - -] 10.0.0.96 "POST /v2.0/ports HTTP/1.1" status: 201 len: 1706 time: 1.2965689
2026-05-18 01:53:12.873 9 INFO neutron.wsgi [None req-d12fc6e1-0659-43ee-b322-4d912794de65 4f3a6939bc3e46c282d7cebbbac1f7cb e309f450e9a4494ca2ae45c416fdfbdc - - default default] 10.0.0.96 "GET /v2.0/ports HTTP/1.1" status: 200 len: 3213 time: 0.1658514
2026-05-18 01:53:12.968 9 INFO neutron.wsgi [None req-6e406c7f-6cb6-4c25-86f0-4e03233c9452 2c60b6ccd6fc4973bafcb3b18c51dfbc 541db572d2324afa95616f75acdd5c23 - - - -] 10.0.0.96 "DELETE /v2.0/subnets/2e315dad-f633-460e-a6d9-770582770dca HTTP/1.1" status: 204 len: 168 time: 0.2937825
2026-05-18 01:53:13.270 10 INFO neutron.wsgi [None req-42ed0aa6-a015-46e9-858c-e7ff8d599d24 4f3a6939bc3e46c282d7cebbbac1f7cb e309f450e9a4494ca2ae45c416fdfbdc - - - -] 10.0.0.96 "DELETE /v2.0/ports/34678024-4c52-456c-890a-4eeb2364752a HTTP/1.1" status: 204 len: 168 time: 0.3898232
2026-05-18 01:53:13.395 9 INFO neutron.wsgi [None req-aee716fc-b183-4e2e-adcf-d5d7525550cf 2c60b6ccd6fc4973bafcb3b18c51dfbc 541db572d2324afa95616f75acdd5c23 - - - -] 10.0.0.96 "DELETE /v2.0/networks/34d5ef2d-388a-4fec-8c79-fad8218edcf3 HTTP/1.1" status: 204 len: 168 time: 0.4216816
2026-05-18 01:53:13.481 9 INFO neutron.wsgi [req-05587c49-324f-4431-9cf5-9f7e4026ce1a req-424c5261-1c50-4bcd-bf38-cd4e4bbfce74 1f14f1d6e8334e5ab94b00895a7151b4 016fb6217804405484feaf7a03ca98e8 - - default default] 10.0.0.184 "GET /v2.0/ports?device_id=8d3d89f4-03d8-4582-b440-ae2714309cac HTTP/1.1" status: 200 len: 1174 time: 0.0336664
2026-05-18 01:53:13.517 9 INFO neutron.wsgi [req-05587c49-324f-4431-9cf5-9f7e4026ce1a req-3bc04f61-f85d-4778-8d94-4eec8ce1a515 1f14f1d6e8334e5ab94b00895a7151b4 016fb6217804405484feaf7a03ca98e8 - - default default] 10.0.0.184 "GET /v2.0/security-groups?id=3d459543-695c-4eb5-b113-9370258a474c&fields=id&fields=name HTTP/1.1" status: 200 len: 286 time: 0.0283411
2026-05-18 01:53:13.562 10 INFO neutron.wsgi [None req-dcccbe5c-24f9-4eb1-ac0b-3febb50bfe1e 4f3a6939bc3e46c282d7cebbbac1f7cb e309f450e9a4494ca2ae45c416fdfbdc - - - -] 10.0.0.96 "DELETE /v2.0/ports/b1655bb8-c1ac-4e3d-970e-57cb3996bc67 HTTP/1.1" status: 204 len: 168 time: 0.2872417
2026-05-18 01:53:13.615 9 INFO neutron.wsgi [None req-c87dc477-99e2-456f-bb45-0d41ecbd3168 2c60b6ccd6fc4973bafcb3b18c51dfbc 541db572d2324afa95616f75acdd5c23 - - default default] 10.0.0.96 "GET /v2.0/security-groups?tenant_id=1289497aa682444696d74aa0123e86aa&name=default HTTP/1.1" status: 200 len: 2996 time: 0.0361283
2026-05-18 01:53:13.724 10 INFO neutron.wsgi [None req-3749cae9-f073-49ca-9734-345fdf91d2fe 4f3a6939bc3e46c282d7cebbbac1f7cb e309f450e9a4494ca2ae45c416fdfbdc - - default default] 10.0.0.96 "GET /v2.0/ports HTTP/1.1" status: 200 len: 1718 time: 0.1573825
2026-05-18 01:53:13.800 9 INFO neutron.services.segments.plugin [-] Segment d0cdb666-c13e-4e44-84bd-10e4cf983513 resource provider aggregate not found
2026-05-18 01:53:13.807 9 INFO neutron.services.segments.plugin [-] Segment d0cdb666-c13e-4e44-84bd-10e4cf983513 resource provider aggregate not found
2026-05-18 01:53:13.819 10 INFO neutron.db.segments_db [None req-c2c31451-f8d6-499d-8989-cb61a98c93ad 4f3a6939bc3e46c282d7cebbbac1f7cb e309f450e9a4494ca2ae45c416fdfbdc - - - -] Added segment 466dd299-f289-4acd-aa46-8d92c7f6fe2d of type geneve for network affe89c3-1d8d-40e4-8efa-eb25d681b8f8
2026-05-18 01:53:13.819 9 INFO neutron.services.segments.plugin [-] Segment d0cdb666-c13e-4e44-84bd-10e4cf983513 resource provider not found; error: Placement Client Error (4xx): {"errors": [{"status": 404, "title": "Not Found", "detail": "The resource could not be found.\n\n No resource provider with uuid d0cdb666-c13e-4e44-84bd-10e4cf983513 found for delete ", "request_id": "req-bb98e0dc-af09-465c-8eb9-ea6311c6b083"}]}
2026-05-18 01:53:13.826 9 INFO neutron.services.segments.plugin [-] Segment d0cdb666-c13e-4e44-84bd-10e4cf983513 resource provider not found; error: Placement Client Error (4xx): {"errors": [{"status": 404, "title": "Not Found", "detail": "The resource could not be found.\n\n No resource provider with uuid d0cdb666-c13e-4e44-84bd-10e4cf983513 found for delete ", "request_id": "req-70c7ce5c-a48a-4d6e-bcb1-01a3fc716834"}]}
2026-05-18 01:53:13.830 9 INFO neutron.wsgi [None req-a096bc4e-2a2f-4ebf-a199-b80dad85babc 2c60b6ccd6fc4973bafcb3b18c51dfbc 541db572d2324afa95616f75acdd5c23 - - - -] 10.0.0.96 "DELETE /v2.0/security-groups/f0aff7e5-b7c5-4241-958c-8401844f1d7b HTTP/1.1" status: 204 len: 168 time: 0.2101908
2026-05-18 01:53:13.905 10 INFO neutron.plugins.ml2.drivers.ovn.mech_driver.mech_driver [None req-b5e345bd-f316-4f6d-9b0e-09c747b0f037 - - - - - -] OVN reports status down for port: 9e97e5c3-3ac2-4640-ae5a-13b1377f228a
2026-05-18 01:53:14.005 10 INFO neutron.wsgi [req-4acb742b-5004-436c-84c8-21883d49323d req-d2e0776c-1862-42d9-8478-0d9966b1d5c1 1f14f1d6e8334e5ab94b00895a7151b4 016fb6217804405484feaf7a03ca98e8 - - default default] 10.0.0.184 "GET /v2.0/ports?device_id=8d3d89f4-03d8-4582-b440-ae2714309cac HTTP/1.1" status: 200 len: 1174 time: 0.1413267
2026-05-18 01:53:14.007 10 INFO neutron.db.ovn_revision_numbers_db [None req-c2c31451-f8d6-499d-8989-cb61a98c93ad 4f3a6939bc3e46c282d7cebbbac1f7cb e309f450e9a4494ca2ae45c416fdfbdc - - - -] Successfully bumped revision number for resource affe89c3-1d8d-40e4-8efa-eb25d681b8f8 (type: networks) to 1
2026-05-18 01:53:14.088 9 INFO neutron.db.ovn_revision_numbers_db [None req-4936939f-f81b-4519-92d0-3b654910e92b 080f543f95ab4b3db94cb8ecd2e54e7b 2cb658e0b59f4b80b35e04d418a52021 - - - -] Successfully bumped revision number for resource f375dbe4-a420-4454-a720-4f100e7d27a8 (type: security_groups) to 1
2026-05-18 01:53:14.116 10 INFO neutron.wsgi [req-4acb742b-5004-436c-84c8-21883d49323d req-e4dbb4fb-8a25-4a64-b96e-b98fe8ed223e 1f14f1d6e8334e5ab94b00895a7151b4 016fb6217804405484feaf7a03ca98e8 - - default default] 10.0.0.184 "GET /v2.0/security-groups?id=3d459543-695c-4eb5-b113-9370258a474c&fields=id&fields=name HTTP/1.1" status: 200 len: 286 time: 0.0995507
2026-05-18 01:53:14.150 9 INFO neutron.db.segments_db [None req-4936939f-f81b-4519-92d0-3b654910e92b 080f543f95ab4b3db94cb8ecd2e54e7b 2cb658e0b59f4b80b35e04d418a52021 - - - -] Added segment 007152d1-6ac7-4871-8c71-2c908ec7f8af of type geneve for network 7e45c943-ccda-419c-b683-d5ee643e9668
2026-05-18 01:53:14.250 10 INFO neutron.wsgi [req-f08c9799-7a8e-47da-bd8b-0c1b16bc9b8a req-5516f541-6714-4fae-a8a6-a3b5e60b39c9 1f14f1d6e8334e5ab94b00895a7151b4 016fb6217804405484feaf7a03ca98e8 - - default default] 199.204.45.216 "GET /v2.0/ports?device_id=8d3d89f4-03d8-4582-b440-ae2714309cac HTTP/1.1" status: 200 len: 1172 time: 0.0676348
2026-05-18 01:53:14.283 9 INFO neutron.db.ovn_revision_numbers_db [None req-4936939f-f81b-4519-92d0-3b654910e92b 080f543f95ab4b3db94cb8ecd2e54e7b 2cb658e0b59f4b80b35e04d418a52021 - - - -] Successfully bumped revision number for resource 7e45c943-ccda-419c-b683-d5ee643e9668 (type: networks) to 1
2026-05-18 01:53:14.397 10 WARNING neutron.scheduler.dhcp_agent_scheduler [None req-c2c31451-f8d6-499d-8989-cb61a98c93ad 4f3a6939bc3e46c282d7cebbbac1f7cb e309f450e9a4494ca2ae45c416fdfbdc - - - -] No more DHCP agents
2026-05-18 01:53:14.399 10 WARNING neutron.api.rpc.agentnotifiers.dhcp_rpc_agent_api [None req-c2c31451-f8d6-499d-8989-cb61a98c93ad 4f3a6939bc3e46c282d7cebbbac1f7cb e309f450e9a4494ca2ae45c416fdfbdc - - - -] Unable to schedule network affe89c3-1d8d-40e4-8efa-eb25d681b8f8: no agents available; will retry on subsequent port and subnet creation events.
2026-05-18 01:53:14.466 9 WARNING neutron.scheduler.dhcp_agent_scheduler [None req-4936939f-f81b-4519-92d0-3b654910e92b 080f543f95ab4b3db94cb8ecd2e54e7b 2cb658e0b59f4b80b35e04d418a52021 - - - -] No more DHCP agents
2026-05-18 01:53:14.468 9 WARNING neutron.api.rpc.agentnotifiers.dhcp_rpc_agent_api [None req-4936939f-f81b-4519-92d0-3b654910e92b 080f543f95ab4b3db94cb8ecd2e54e7b 2cb658e0b59f4b80b35e04d418a52021 - - - -] Unable to schedule network 7e45c943-ccda-419c-b683-d5ee643e9668: no agents available; will retry on subsequent port and subnet creation events.
2026-05-18 01:53:14.476 10 INFO neutron.db.ovn_revision_numbers_db [None req-b5e345bd-f316-4f6d-9b0e-09c747b0f037 - - - - - -] Successfully bumped revision number for resource 9e97e5c3-3ac2-4640-ae5a-13b1377f228a (type: ports) to 5
2026-05-18 01:53:14.523 10 INFO neutron.notifiers.nova [-] Nova event matching ['req-b979f23e-2fd7-4754-b49f-049788e46187'] response: {'server_uuid': '8d3d89f4-03d8-4582-b440-ae2714309cac', 'name': 'network-vif-unplugged', 'status': 'completed', 'tag': '9e97e5c3-3ac2-4640-ae5a-13b1377f228a', 'code': 200}
2026-05-18 01:53:14.529 9 INFO neutron.db.ovn_revision_numbers_db [None req-4936939f-f81b-4519-92d0-3b654910e92b 080f543f95ab4b3db94cb8ecd2e54e7b 2cb658e0b59f4b80b35e04d418a52021 - - - -] Successfully bumped revision number for resource 36d53d96-f201-4b61-acfe-3898bad18cc3 (type: ports) to 1
2026-05-18 01:53:14.532 10 INFO neutron.db.ovn_revision_numbers_db [None req-c2c31451-f8d6-499d-8989-cb61a98c93ad 4f3a6939bc3e46c282d7cebbbac1f7cb e309f450e9a4494ca2ae45c416fdfbdc - - - -] Successfully bumped revision number for resource 5b897642-ebd2-46fb-a4c7-dd1609425f91 (type: ports) to 1
2026-05-18 01:53:14.547 9 INFO neutron.wsgi [None req-4936939f-f81b-4519-92d0-3b654910e92b 080f543f95ab4b3db94cb8ecd2e54e7b 2cb658e0b59f4b80b35e04d418a52021 - - - -] 10.0.0.96 "POST /v2.0/networks HTTP/1.1" status: 201 len: 846 time: 0.7772901
2026-05-18 01:53:14.581 10 INFO neutron.wsgi [None req-c2c31451-f8d6-499d-8989-cb61a98c93ad 4f3a6939bc3e46c282d7cebbbac1f7cb e309f450e9a4494ca2ae45c416fdfbdc - - - -] 10.0.0.96 "POST /v2.0/networks HTTP/1.1" status: 201 len: 852 time: 0.8467820
2026-05-18 01:53:14.688 9 INFO neutron.db.segments_db [None req-5ff1c17e-3aad-4e53-ad57-a6ba2c089f6c 4f3a6939bc3e46c282d7cebbbac1f7cb e309f450e9a4494ca2ae45c416fdfbdc - - - -] Added segment 8cbfafbf-2023-452c-ac24-e6ef0a54f2a7 of type geneve for network 59cc8d8a-4623-4b58-b405-1608abf4296e
2026-05-18 01:53:14.726 10 INFO neutron.wsgi [None req-dec2e9ad-6218-4849-8679-622a3bb1a67e 1f14f1d6e8334e5ab94b00895a7151b4 016fb6217804405484feaf7a03ca98e8 - - - -] 199.204.45.216 "DELETE /v2.0/ports/9e97e5c3-3ac2-4640-ae5a-13b1377f228a HTTP/1.1" status: 204 len: 173 time: 0.4651854
2026-05-18 01:53:14.837 9 INFO neutron.db.ovn_revision_numbers_db [None req-5ff1c17e-3aad-4e53-ad57-a6ba2c089f6c 4f3a6939bc3e46c282d7cebbbac1f7cb e309f450e9a4494ca2ae45c416fdfbdc - - - -] Successfully bumped revision number for resource 59cc8d8a-4623-4b58-b405-1608abf4296e (type: networks) to 1 /var/lib/openstack/lib/python3.10/site-packages/pycadf/identifier.py:71: UserWarning: Invalid uuid: neutron. To ensure interoperability, identifiers should be a valid uuid. warnings.warn(('Invalid uuid: %s. To ensure interoperability, '
2026-05-18 01:53:15.022 9 WARNING neutron.scheduler.dhcp_agent_scheduler [None req-5ff1c17e-3aad-4e53-ad57-a6ba2c089f6c 4f3a6939bc3e46c282d7cebbbac1f7cb e309f450e9a4494ca2ae45c416fdfbdc - - - -] No more DHCP agents
2026-05-18 01:53:15.024 9 WARNING neutron.api.rpc.agentnotifiers.dhcp_rpc_agent_api [None req-5ff1c17e-3aad-4e53-ad57-a6ba2c089f6c 4f3a6939bc3e46c282d7cebbbac1f7cb e309f450e9a4494ca2ae45c416fdfbdc - - - -] Unable to schedule network 59cc8d8a-4623-4b58-b405-1608abf4296e: no agents available; will retry on subsequent port and subnet creation events.
2026-05-18 01:53:15.125 9 INFO neutron.db.ovn_revision_numbers_db [None req-5ff1c17e-3aad-4e53-ad57-a6ba2c089f6c 4f3a6939bc3e46c282d7cebbbac1f7cb e309f450e9a4494ca2ae45c416fdfbdc - - - -] Successfully bumped revision number for resource 95f83145-aaa7-4b48-baab-b861fb05d583 (type: ports) to 1
2026-05-18 01:53:15.154 9 INFO neutron.wsgi [None req-5ff1c17e-3aad-4e53-ad57-a6ba2c089f6c 4f3a6939bc3e46c282d7cebbbac1f7cb e309f450e9a4494ca2ae45c416fdfbdc - - - -] 10.0.0.96 "POST /v2.0/networks HTTP/1.1" status: 201 len: 852 time: 0.5617075
2026-05-18 01:53:15.547 10 WARNING neutron.scheduler.dhcp_agent_scheduler [None req-69a6acb3-6c50-455b-a3d3-a4904b32d26c 080f543f95ab4b3db94cb8ecd2e54e7b 2cb658e0b59f4b80b35e04d418a52021 - - - -] No more DHCP agents
2026-05-18 01:53:15.550 10 WARNING neutron.api.rpc.agentnotifiers.dhcp_rpc_agent_api [None req-69a6acb3-6c50-455b-a3d3-a4904b32d26c 080f543f95ab4b3db94cb8ecd2e54e7b 2cb658e0b59f4b80b35e04d418a52021 - - - -] Unable to schedule network 7e45c943-ccda-419c-b683-d5ee643e9668: no agents available; will retry on subsequent port and subnet creation events.
2026-05-18 01:53:15.563 10 INFO neutron.db.ovn_revision_numbers_db [None req-69a6acb3-6c50-455b-a3d3-a4904b32d26c 080f543f95ab4b3db94cb8ecd2e54e7b 2cb658e0b59f4b80b35e04d418a52021 - - - -] Successfully bumped revision number for resource 6b598c21-59dd-411b-864a-b46ac1daa363 (type: subnets) to 0
2026-05-18 01:53:15.593 10 INFO neutron.wsgi [None req-69a6acb3-6c50-455b-a3d3-a4904b32d26c 080f543f95ab4b3db94cb8ecd2e54e7b 2cb658e0b59f4b80b35e04d418a52021 - - - -] 10.0.0.96 "POST /v2.0/subnets HTTP/1.1" status: 201 len: 848 time: 0.5792646
2026-05-18 01:53:15.677 10 INFO neutron.db.segments_db [None req-761ffbc2-105f-45e0-bc07-37e84b65ddaf 080f543f95ab4b3db94cb8ecd2e54e7b 2cb658e0b59f4b80b35e04d418a52021 - - - -] Added segment 50392450-5bcf-4316-b423-d4410e49b945 of type geneve for network 78f18c13-d16e-40f2-b171-8d0e9b6c6d57
2026-05-18 01:53:15.797 10 INFO neutron.db.ovn_revision_numbers_db [None req-761ffbc2-105f-45e0-bc07-37e84b65ddaf 080f543f95ab4b3db94cb8ecd2e54e7b 2cb658e0b59f4b80b35e04d418a52021 - - - -] Successfully bumped revision number for resource 78f18c13-d16e-40f2-b171-8d0e9b6c6d57 (type: networks) to 1
2026-05-18 01:53:16.003 10 WARNING neutron.scheduler.dhcp_agent_scheduler [None req-761ffbc2-105f-45e0-bc07-37e84b65ddaf 080f543f95ab4b3db94cb8ecd2e54e7b 2cb658e0b59f4b80b35e04d418a52021 - - - -] No more DHCP agents
2026-05-18 01:53:16.010 10 WARNING neutron.api.rpc.agentnotifiers.dhcp_rpc_agent_api [None req-761ffbc2-105f-45e0-bc07-37e84b65ddaf 080f543f95ab4b3db94cb8ecd2e54e7b 2cb658e0b59f4b80b35e04d418a52021 - - - -] Unable to schedule network 78f18c13-d16e-40f2-b171-8d0e9b6c6d57: no agents available; will retry on subsequent port and subnet creation events.
2026-05-18 01:53:16.077 10 INFO neutron.db.ovn_revision_numbers_db [None req-761ffbc2-105f-45e0-bc07-37e84b65ddaf 080f543f95ab4b3db94cb8ecd2e54e7b 2cb658e0b59f4b80b35e04d418a52021 - - - -] Successfully bumped revision number for resource 661571ad-c63a-4942-b17d-aed2406db3bc (type: ports) to 1
2026-05-18 01:53:16.104 10 INFO neutron.wsgi [None req-761ffbc2-105f-45e0-bc07-37e84b65ddaf 080f543f95ab4b3db94cb8ecd2e54e7b 2cb658e0b59f4b80b35e04d418a52021 - - - -] 10.0.0.96 "POST /v2.0/networks HTTP/1.1" status: 201 len: 847 time: 0.5051732
2026-05-18 01:53:16.135 9 WARNING neutron.scheduler.dhcp_agent_scheduler [None req-cad0efcc-877b-453d-929d-0cfc35833b93 4f3a6939bc3e46c282d7cebbbac1f7cb e309f450e9a4494ca2ae45c416fdfbdc - - - -] No more DHCP agents
2026-05-18 01:53:16.139 9 WARNING neutron.api.rpc.agentnotifiers.dhcp_rpc_agent_api [None req-cad0efcc-877b-453d-929d-0cfc35833b93 4f3a6939bc3e46c282d7cebbbac1f7cb e309f450e9a4494ca2ae45c416fdfbdc - - - -] Unable to schedule network affe89c3-1d8d-40e4-8efa-eb25d681b8f8: no agents available; will retry on subsequent port and subnet creation events.
2026-05-18 01:53:16.160 9 INFO neutron.db.ovn_revision_numbers_db [None req-cad0efcc-877b-453d-929d-0cfc35833b93 4f3a6939bc3e46c282d7cebbbac1f7cb e309f450e9a4494ca2ae45c416fdfbdc - - - -] Successfully bumped revision number for resource b0218a1c-6399-4c5b-94ce-f56e77a8cc73 (type: subnets) to 0
2026-05-18 01:53:16.220 9 WARNING neutron.scheduler.dhcp_agent_scheduler [None req-cad0efcc-877b-453d-929d-0cfc35833b93 4f3a6939bc3e46c282d7cebbbac1f7cb e309f450e9a4494ca2ae45c416fdfbdc - - - -] No more DHCP agents
2026-05-18 01:53:16.228 9 WARNING neutron.api.rpc.agentnotifiers.dhcp_rpc_agent_api [None req-cad0efcc-877b-453d-929d-0cfc35833b93 4f3a6939bc3e46c282d7cebbbac1f7cb e309f450e9a4494ca2ae45c416fdfbdc - - - -] Unable to schedule network 59cc8d8a-4623-4b58-b405-1608abf4296e: no agents available; will retry on subsequent port and subnet creation events.
2026-05-18 01:53:16.236 9 INFO neutron.wsgi [None req-e35f8438-abd7-43b3-8c29-54220b55ad4d 2c60b6ccd6fc4973bafcb3b18c51dfbc 541db572d2324afa95616f75acdd5c23 - - - -] 10.0.0.96 "PUT /v2.0/routers/ac6200be-f940-43e3-bf29-ca272aedec6f/remove_router_interface HTTP/1.1" status: 200 len: 503 time: 1.0531092
2026-05-18 01:53:16.252 9 INFO neutron.db.ovn_revision_numbers_db [None req-cad0efcc-877b-453d-929d-0cfc35833b93 4f3a6939bc3e46c282d7cebbbac1f7cb e309f450e9a4494ca2ae45c416fdfbdc - - - -] Successfully bumped revision number for resource 50494be7-307f-4ef6-9cd6-be2751406791 (type: subnets) to 0
2026-05-18 01:53:16.277 9 INFO neutron.wsgi [None req-cad0efcc-877b-453d-929d-0cfc35833b93 4f3a6939bc3e46c282d7cebbbac1f7cb e309f450e9a4494ca2ae45c416fdfbdc - - - -] 10.0.0.96 "POST /v2.0/subnets HTTP/1.1" status: 201 len: 1476 time: 0.6635270 /var/lib/openstack/lib/python3.10/site-packages/pycadf/identifier.py:71: UserWarning: Invalid uuid: neutron. To ensure interoperability, identifiers should be a valid uuid. warnings.warn(('Invalid uuid: %s. To ensure interoperability, '
2026-05-18 01:53:16.351 9 INFO neutron.wsgi [None req-348ea1eb-ca63-437a-8ff0-d961453e5b26 4f3a6939bc3e46c282d7cebbbac1f7cb e309f450e9a4494ca2ae45c416fdfbdc - - default default] 10.0.0.96 "GET /v2.0/subnets HTTP/1.1" status: 200 len: 2084 time: 0.0687492
2026-05-18 01:53:16.393 10 INFO neutron.db.ovn_revision_numbers_db [None req-8f380fbd-92df-4cfe-b8a2-5784d1675705 080f543f95ab4b3db94cb8ecd2e54e7b 2cb658e0b59f4b80b35e04d418a52021 - - - -] Successfully bumped revision number for resource 78f18c13-d16e-40f2-b171-8d0e9b6c6d57 (type: networks) to 2
2026-05-18 01:53:16.397 10 INFO neutron.wsgi [None req-8f380fbd-92df-4cfe-b8a2-5784d1675705 080f543f95ab4b3db94cb8ecd2e54e7b 2cb658e0b59f4b80b35e04d418a52021 - - - -] 10.0.0.96 "PUT /v2.0/networks/78f18c13-d16e-40f2-b171-8d0e9b6c6d57 HTTP/1.1" status: 200 len: 792 time: 0.2831795
2026-05-18 01:53:16.570 10 INFO neutron.notifiers.nova [-] Nova event matching ['req-e1496d91-2945-4190-85ea-b0a02bbc9f3f'] response: {'server_uuid': '8d3d89f4-03d8-4582-b440-ae2714309cac', 'name': 'network-vif-plugged', 'status': 'completed', 'tag': '9e97e5c3-3ac2-4640-ae5a-13b1377f228a', 'code': 200}
2026-05-18 01:53:16.570 10 INFO neutron.notifiers.nova [-] Nova event matching ['req-e1496d91-2945-4190-85ea-b0a02bbc9f3f'] response: {'server_uuid': '8d3d89f4-03d8-4582-b440-ae2714309cac', 'name': 'network-vif-deleted', 'tag': '9e97e5c3-3ac2-4640-ae5a-13b1377f228a', 'status': 'completed', 'code': 200}
2026-05-18 01:53:16.839 9 INFO neutron.wsgi [None req-851bee4e-b344-4c28-ab78-897e69cb6299 4f3a6939bc3e46c282d7cebbbac1f7cb e309f450e9a4494ca2ae45c416fdfbdc - - - -] 10.0.0.96 "DELETE /v2.0/subnets/b0218a1c-6399-4c5b-94ce-f56e77a8cc73 HTTP/1.1" status: 204 len: 168 time: 0.4681420
2026-05-18 01:53:16.894 10 INFO neutron.wsgi [None req-a50dadc7-647c-4b6a-b81c-7aea750d64b1 2c60b6ccd6fc4973bafcb3b18c51dfbc 541db572d2324afa95616f75acdd5c23 - - - -] 10.0.0.96 "DELETE /v2.0/routers/ac6200be-f940-43e3-bf29-ca272aedec6f HTTP/1.1" status: 204 len: 168 time: 0.6480703
2026-05-18 01:53:16.936 9 WARNING neutron.scheduler.dhcp_agent_scheduler [None req-a2490630-32f0-4ea8-b66c-78f350a2a4a1 080f543f95ab4b3db94cb8ecd2e54e7b 2cb658e0b59f4b80b35e04d418a52021 - - - -] No more DHCP agents
2026-05-18 01:53:16.937 9 WARNING neutron.api.rpc.agentnotifiers.dhcp_rpc_agent_api [None req-a2490630-32f0-4ea8-b66c-78f350a2a4a1 080f543f95ab4b3db94cb8ecd2e54e7b 2cb658e0b59f4b80b35e04d418a52021 - - - -] Unable to schedule network 78f18c13-d16e-40f2-b171-8d0e9b6c6d57: no agents available; will retry on subsequent port and subnet creation events.
2026-05-18 01:53:16.960 9 INFO neutron.db.ovn_revision_numbers_db [None req-a2490630-32f0-4ea8-b66c-78f350a2a4a1 080f543f95ab4b3db94cb8ecd2e54e7b 2cb658e0b59f4b80b35e04d418a52021 - - - -] Successfully bumped revision number for resource e8f2e95a-48bd-4307-b911-dad5940cdc98 (type: subnets) to 0
2026-05-18 01:53:16.979 9 INFO neutron.wsgi [None req-a2490630-32f0-4ea8-b66c-78f350a2a4a1 080f543f95ab4b3db94cb8ecd2e54e7b 2cb658e0b59f4b80b35e04d418a52021 - - - -] 10.0.0.96 "POST /v2.0/subnets HTTP/1.1" status: 201 len: 821 time: 0.5761445
2026-05-18 01:53:17.063 9 INFO neutron.wsgi [None req-7223e2f7-8cdb-4ca7-928b-30e78a85581c 4f3a6939bc3e46c282d7cebbbac1f7cb e309f450e9a4494ca2ae45c416fdfbdc - - - -] 10.0.0.96 "DELETE /v2.0/subnets/50494be7-307f-4ef6-9cd6-be2751406791 HTTP/1.1" status: 204 len: 168 time: 0.2162898
2026-05-18 01:53:17.139 10 INFO neutron.wsgi [None req-8681b408-6140-4e6c-9869-dec68fbecea8 4f3a6939bc3e46c282d7cebbbac1f7cb e309f450e9a4494ca2ae45c416fdfbdc - - default default] 10.0.0.96 "GET /v2.0/subnets HTTP/1.1" status: 200 len: 820 time: 0.0669134
2026-05-18 01:53:17.185 10 INFO neutron.wsgi [None req-302f2411-87f9-4930-b1e9-eaae565d0123 2c60b6ccd6fc4973bafcb3b18c51dfbc 541db572d2324afa95616f75acdd5c23 - - - -] 10.0.0.96 "DELETE /v2.0/subnets/02807e66-143b-4319-b720-9627894d6aad HTTP/1.1" status: 204 len: 168 time: 0.2879617
2026-05-18 01:53:17.586 9 INFO neutron.services.segments.plugin [-] Segment 8cbfafbf-2023-452c-ac24-e6ef0a54f2a7 resource provider aggregate not found
2026-05-18 01:53:17.593 9 INFO neutron.services.segments.plugin [-] Segment 8cbfafbf-2023-452c-ac24-e6ef0a54f2a7 resource provider aggregate not found
2026-05-18 01:53:17.613 9 INFO neutron.services.segments.plugin [-] Segment 8cbfafbf-2023-452c-ac24-e6ef0a54f2a7 resource provider not found; error: Placement Client Error (4xx): {"errors": [{"status": 404, "title": "Not Found", "detail": "The resource could not be found.\n\n No resource provider with uuid 8cbfafbf-2023-452c-ac24-e6ef0a54f2a7 found for delete ", "request_id": "req-792d61ec-d027-44d3-a32b-9879202ac3a2"}]}
2026-05-18 01:53:17.614 9 INFO neutron.services.segments.plugin [-] Segment 8cbfafbf-2023-452c-ac24-e6ef0a54f2a7 resource provider not found; error: Placement Client Error (4xx): {"errors": [{"status": 404, "title": "Not Found", "detail": "The resource could not be found.\n\n No resource provider with uuid 8cbfafbf-2023-452c-ac24-e6ef0a54f2a7 found for delete ", "request_id": "req-b75d7e1e-4bd7-44cd-8b67-88852e01ec02"}]}
2026-05-18 01:53:17.654 9 INFO neutron.wsgi [None req-87cb2333-a038-4fde-a0ce-2bf7b452f79b 4f3a6939bc3e46c282d7cebbbac1f7cb e309f450e9a4494ca2ae45c416fdfbdc - - - -] 10.0.0.96 "DELETE /v2.0/networks/59cc8d8a-4623-4b58-b405-1608abf4296e HTTP/1.1" status: 204 len: 168 time: 0.5082684
2026-05-18 01:53:17.675 9 INFO neutron.wsgi [None req-c16f90fd-06be-461d-a0eb-2913ce316b41 2c60b6ccd6fc4973bafcb3b18c51dfbc 541db572d2324afa95616f75acdd5c23 - - - -] 10.0.0.96 "DELETE /v2.0/networks/cc7389f6-be2f-45fe-b679-b4e10cc0ffb7 HTTP/1.1" status: 204 len: 168 time: 0.4857781
2026-05-18 01:53:17.748 10 INFO neutron.db.ovn_revision_numbers_db [None req-d4d2c0f5-31fb-4f65-b3df-6c516e5de89f 080f543f95ab4b3db94cb8ecd2e54e7b 2cb658e0b59f4b80b35e04d418a52021 - - - -] Successfully bumped revision number for resource 661571ad-c63a-4942-b17d-aed2406db3bc (type: ports) to 2
2026-05-18 01:53:17.768 10 INFO neutron.db.ovn_revision_numbers_db [None req-d4d2c0f5-31fb-4f65-b3df-6c516e5de89f 080f543f95ab4b3db94cb8ecd2e54e7b 2cb658e0b59f4b80b35e04d418a52021 - - - -] Successfully bumped revision number for resource e8f2e95a-48bd-4307-b911-dad5940cdc98 (type: subnets) to 1
2026-05-18 01:53:17.771 10 INFO neutron.wsgi [None req-d4d2c0f5-31fb-4f65-b3df-6c516e5de89f 080f543f95ab4b3db94cb8ecd2e54e7b 2cb658e0b59f4b80b35e04d418a52021 - - - -] 10.0.0.96 "PUT /v2.0/subnets/e8f2e95a-48bd-4307-b911-dad5940cdc98 HTTP/1.1" status: 200 len: 826 time: 0.7889605
2026-05-18 01:53:17.888 10 INFO neutron.wsgi [None req-82b9d072-d31a-4453-85a7-7a108e204f63 2c60b6ccd6fc4973bafcb3b18c51dfbc 541db572d2324afa95616f75acdd5c23 - - default default] 10.0.0.96 "GET /v2.0/security-groups?tenant_id=016fb6217804405484feaf7a03ca98e8&name=default HTTP/1.1" status: 200 len: 2996 time: 0.0349121
2026-05-18 01:53:18.057 9 INFO neutron.db.ovn_revision_numbers_db [None req-0efa1f2d-7444-41f1-9f6c-0e6d57ddbf52 2c60b6ccd6fc4973bafcb3b18c51dfbc 541db572d2324afa95616f75acdd5c23 - - default default] Successfully bumped revision number for resource 1b62490b-0cc8-4911-91cd-69518292f4ea (type: security_groups) to 1
2026-05-18 01:53:18.061 10 INFO neutron.services.segments.plugin [-] Segment 466dd299-f289-4acd-aa46-8d92c7f6fe2d resource provider aggregate not found
2026-05-18 01:53:18.066 10 INFO neutron.services.segments.plugin [-] Segment 466dd299-f289-4acd-aa46-8d92c7f6fe2d resource provider aggregate not found
2026-05-18 01:53:18.084 10 INFO neutron.services.segments.plugin [-] Segment 466dd299-f289-4acd-aa46-8d92c7f6fe2d resource provider not found; error: Placement Client Error (4xx): {"errors": [{"status": 404, "title": "Not Found", "detail": "The resource could not be found.\n\n No resource provider with uuid 466dd299-f289-4acd-aa46-8d92c7f6fe2d found for delete ", "request_id": "req-8c66f078-e12e-4fae-b3ee-60e907b0ae9e"}]}
2026-05-18 01:53:18.102 9 INFO neutron.wsgi [None req-0efa1f2d-7444-41f1-9f6c-0e6d57ddbf52 2c60b6ccd6fc4973bafcb3b18c51dfbc 541db572d2324afa95616f75acdd5c23 - - default default] 10.0.0.96 "GET /v2.0/security-groups?tenant_id=c6ef335aa5d5423595f42b336ae046a7&name=default HTTP/1.1" status: 200 len: 2996 time: 0.3875687
2026-05-18 01:53:18.112 10 INFO neutron.services.segments.plugin [-] Segment 466dd299-f289-4acd-aa46-8d92c7f6fe2d resource provider not found; error: Placement Client Error (4xx): {"errors": [{"status": 404, "title": "Not Found", "detail": "The resource could not be found.\n\n No resource provider with uuid 466dd299-f289-4acd-aa46-8d92c7f6fe2d found for delete ", "request_id": "req-98b8613b-070c-4350-a5d6-7af84c1331ca"}]}
2026-05-18 01:53:18.123 10 INFO neutron.wsgi [None req-af860278-85db-40b0-9eec-254f7327398a 4f3a6939bc3e46c282d7cebbbac1f7cb e309f450e9a4494ca2ae45c416fdfbdc - - - -] 10.0.0.96 "DELETE /v2.0/networks/affe89c3-1d8d-40e4-8efa-eb25d681b8f8 HTTP/1.1" status: 204 len: 168 time: 0.4637794
2026-05-18 01:53:18.168 10 INFO neutron.wsgi [None req-0e285575-edd7-4f0d-abe6-31193c56d115 2c60b6ccd6fc4973bafcb3b18c51dfbc 541db572d2324afa95616f75acdd5c23 - - - -] 10.0.0.96 "DELETE /v2.0/security-groups/3d459543-695c-4eb5-b113-9370258a474c HTTP/1.1" status: 204 len: 168 time: 0.2762811
2026-05-18 01:53:18.522 9 INFO neutron.wsgi [None req-7d9ff6ef-3afa-4448-bb46-9e5147bf4029 2c60b6ccd6fc4973bafcb3b18c51dfbc 541db572d2324afa95616f75acdd5c23 - - - -] 10.0.0.96 "DELETE /v2.0/security-groups/1b62490b-0cc8-4911-91cd-69518292f4ea HTTP/1.1" status: 204 len: 168 time: 0.4094408
2026-05-18 01:53:18.583 9 INFO neutron.wsgi [None req-538686fa-49cb-451d-8b0e-8d6b3130d8c0 080f543f95ab4b3db94cb8ecd2e54e7b 2cb658e0b59f4b80b35e04d418a52021 - - - -] 10.0.0.96 "DELETE /v2.0/networks/78f18c13-d16e-40f2-b171-8d0e9b6c6d57 HTTP/1.1" status: 204 len: 168 time: 0.8049011
2026-05-18 01:53:18.612 10 INFO neutron.pecan_wsgi.hooks.translation [None req-4b668b35-a66c-4ca8-8c4e-5e4778857571 080f543f95ab4b3db94cb8ecd2e54e7b 2cb658e0b59f4b80b35e04d418a52021 - - - -] DELETE failed (client error): The resource could not be found.
2026-05-18 01:53:18.615 10 INFO neutron.wsgi [None req-4b668b35-a66c-4ca8-8c4e-5e4778857571 080f543f95ab4b3db94cb8ecd2e54e7b 2cb658e0b59f4b80b35e04d418a52021 - - - -] 10.0.0.96 "DELETE /v2.0/networks/78f18c13-d16e-40f2-b171-8d0e9b6c6d57 HTTP/1.1" status: 404 len: 339 time: 0.0251603
2026-05-18 01:53:18.697 9 INFO neutron.wsgi [None req-c3f8750d-e714-4473-b2fa-cd2af1b1daa9 4f3a6939bc3e46c282d7cebbbac1f7cb e309f450e9a4494ca2ae45c416fdfbdc - - - -] 10.0.0.96 "DELETE /v2.0/networks/77b5a7d9-20cf-46b7-a683-59517b22d4ca HTTP/1.1" status: 204 len: 168 time: 0.5668504
2026-05-18 01:53:19.019 10 INFO neutron.wsgi [None req-f836a652-deb4-4671-9612-bb13140ee3f4 080f543f95ab4b3db94cb8ecd2e54e7b 2cb658e0b59f4b80b35e04d418a52021 - - default default] 10.0.0.96 "GET /v2.0/networks?router%3Aexternal=True HTTP/1.1" status: 200 len: 845 time: 0.3966393
2026-05-18 01:53:19.079 10 INFO neutron.wsgi [None req-2318f183-3eaf-4e49-90b2-b0687a353f04 080f543f95ab4b3db94cb8ecd2e54e7b 2cb658e0b59f4b80b35e04d418a52021 - - default default] 10.0.0.96 "GET /v2.0/subnets?network_id=1789723b-4cd4-4985-abb8-7edd76d122e7 HTTP/1.1" status: 200 len: 820 time: 0.0550711
2026-05-18 01:53:19.089 10 INFO neutron.wsgi [None req-00a55997-6acf-4452-a80f-1d11d60a91f3 080f543f95ab4b3db94cb8ecd2e54e7b 2cb658e0b59f4b80b35e04d418a52021 - - default default] 10.0.0.96 "GET /v2.0/extensions HTTP/1.1" status: 200 len: 16520 time: 0.0064719
2026-05-18 01:53:19.113 9 INFO neutron.wsgi [None req-bf7a9ce8-207c-4a05-b6e2-80dfe2d4049f 4f3a6939bc3e46c282d7cebbbac1f7cb e309f450e9a4494ca2ae45c416fdfbdc - - - -] 10.0.0.96 "DELETE /v2.0/networks/e1f70d52-fff8-4d7e-9ab1-9b93dc35a586 HTTP/1.1" status: 204 len: 168 time: 0.4082005
2026-05-18 01:53:19.157 10 INFO neutron.db.ovn_revision_numbers_db [None req-58e1a3c3-949e-4887-88dc-d49f6c734ad3 2c60b6ccd6fc4973bafcb3b18c51dfbc 541db572d2324afa95616f75acdd5c23 - - default default] Successfully bumped revision number for resource 59577164-6ac6-4cb6-a311-ed258c583a75 (type: security_groups) to 1
2026-05-18 01:53:19.194 10 INFO neutron.wsgi [None req-58e1a3c3-949e-4887-88dc-d49f6c734ad3 2c60b6ccd6fc4973bafcb3b18c51dfbc 541db572d2324afa95616f75acdd5c23 - - default default] 10.0.0.96 "GET /v2.0/security-groups?tenant_id=d72233bcb11f470c822841b4d9b4cd5f&name=default HTTP/1.1" status: 200 len: 2996 time: 0.5301402
2026-05-18 01:53:19.200 10 INFO neutron.wsgi [None req-dd6a7413-412a-44fa-9f43-3f70f6046d48 080f543f95ab4b3db94cb8ecd2e54e7b 2cb658e0b59f4b80b35e04d418a52021 - - default default] 10.0.0.96 "GET /v2.0/networks HTTP/1.1" status: 200 len: 1507 time: 0.1058083
2026-05-18 01:53:19.270 10 INFO neutron.wsgi [None req-23623bfe-1461-4d87-aa61-5465e40824c4 080f543f95ab4b3db94cb8ecd2e54e7b 2cb658e0b59f4b80b35e04d418a52021 - - default default] 10.0.0.96 "GET /v2.0/subnets HTTP/1.1" status: 200 len: 1460 time: 0.0637395
2026-05-18 01:53:19.354 10 INFO neutron.wsgi [None req-ef0be9e4-d320-4149-8e91-8e1564c39b1c 080f543f95ab4b3db94cb8ecd2e54e7b 2cb658e0b59f4b80b35e04d418a52021 - - default default] 10.0.0.96 "GET /v2.0/networks/7e45c943-ccda-419c-b683-d5ee643e9668 HTTP/1.1" status: 200 len: 866 time: 0.0750492
2026-05-18 01:53:19.398 9 INFO neutron.wsgi [None req-877d2c49-34c3-47c9-a5ee-7b75df885bc5 2c60b6ccd6fc4973bafcb3b18c51dfbc 541db572d2324afa95616f75acdd5c23 - - - -] 10.0.0.96 "DELETE /v2.0/security-groups/59577164-6ac6-4cb6-a311-ed258c583a75 HTTP/1.1" status: 204 len: 168 time: 0.1973078
2026-05-18 01:53:19.400 10 INFO neutron.wsgi [None req-b29db777-4a57-4122-bce9-011f58631472 080f543f95ab4b3db94cb8ecd2e54e7b 2cb658e0b59f4b80b35e04d418a52021 - - default default] 10.0.0.96 "GET /v2.0/subnets/6b598c21-59dd-411b-864a-b46ac1daa363 HTTP/1.1" status: 200 len: 843 time: 0.0392494
2026-05-18 01:53:19.426 9 INFO neutron.pecan_wsgi.hooks.translation [None req-097b8a7c-2384-437e-b471-f9e7e97b5ae6 080f543f95ab4b3db94cb8ecd2e54e7b 2cb658e0b59f4b80b35e04d418a52021 - - - -] DELETE failed (client error): The resource could not be found.
2026-05-18 01:53:19.429 9 INFO neutron.wsgi [None req-097b8a7c-2384-437e-b471-f9e7e97b5ae6 080f543f95ab4b3db94cb8ecd2e54e7b 2cb658e0b59f4b80b35e04d418a52021 - - - -] 10.0.0.96 "DELETE /v2.0/subnets/e8f2e95a-48bd-4307-b911-dad5940cdc98 HTTP/1.1" status: 404 len: 337 time: 0.0237927
2026-05-18 01:53:19.450 9 INFO neutron.pecan_wsgi.hooks.translation [None req-d97d3e11-a499-4843-97e3-78498fe987fb 080f543f95ab4b3db94cb8ecd2e54e7b 2cb658e0b59f4b80b35e04d418a52021 - - - -] DELETE failed (client error): The resource could not be found.
2026-05-18 01:53:19.453 9 INFO neutron.wsgi [None req-d97d3e11-a499-4843-97e3-78498fe987fb 080f543f95ab4b3db94cb8ecd2e54e7b 2cb658e0b59f4b80b35e04d418a52021 - - - -] 10.0.0.96 "DELETE /v2.0/networks/78f18c13-d16e-40f2-b171-8d0e9b6c6d57 HTTP/1.1" status: 404 len: 339 time: 0.0185821
2026-05-18 01:53:19.631 9 INFO neutron.services.segments.plugin [-] Segment a9f57892-273d-49d1-bfac-b17d7d9cd4f4 resource provider aggregate not found
2026-05-18 01:53:19.641 9 INFO neutron.services.segments.plugin [-] Segment a9f57892-273d-49d1-bfac-b17d7d9cd4f4 resource provider aggregate not found
2026-05-18 01:53:19.651 9 INFO neutron.services.segments.plugin [-] Segment a9f57892-273d-49d1-bfac-b17d7d9cd4f4 resource provider not found; error: Placement Client Error (4xx): {"errors": [{"status": 404, "title": "Not Found", "detail": "The resource could not be found.\n\n No resource provider with uuid a9f57892-273d-49d1-bfac-b17d7d9cd4f4 found for delete ", "request_id": "req-1e107614-c6d1-4ac9-b1a4-244b75ce3715"}]}
2026-05-18 01:53:19.661 9 INFO neutron.wsgi [None req-d4e61941-b0e5-4d36-bc2a-a54320792f3d 080f543f95ab4b3db94cb8ecd2e54e7b 2cb658e0b59f4b80b35e04d418a52021 - - - -] 10.0.0.96 "DELETE /v2.0/subnets/6b598c21-59dd-411b-864a-b46ac1daa363 HTTP/1.1" status: 204 len: 168 time: 0.2026575
2026-05-18 01:53:19.668 9 INFO neutron.services.segments.plugin [-] Segment a9f57892-273d-49d1-bfac-b17d7d9cd4f4 resource provider not found; error: Placement Client Error (4xx): {"errors": [{"status": 404, "title": "Not Found", "detail": "The resource could not be found.\n\n No resource provider with uuid a9f57892-273d-49d1-bfac-b17d7d9cd4f4 found for delete ", "request_id": "req-a005663c-2f64-41c1-94fc-b2feff8c61cb"}]}
