2026-05-18 01:55:45.079 10 INFO neutron.wsgi [req-8cc6456a-3a06-4eb8-b5d2-2092263c80e9 req-614d658d-dc97-4dd7-92d3-4e46580489fe 482563c3e50a4871a7b7a0056c860689 4c1fb3cc9e064e3aa1311af14731be2b - - 869e230c9c6040bc8c7ba358f0366bc5 869e230c9c6040bc8c7ba358f0366bc5] 199.204.45.216 "GET /v2.0/ports?tenant_id=9c096b1b9f234b5dbc37cc4125b06d3d&device_id=97090024-afe2-4cca-a7dd-31ca368b49d4 HTTP/1.1" status: 200 len: 1398 time: 0.0267031
2026-05-18 01:55:45.114 10 INFO neutron.wsgi [req-8cc6456a-3a06-4eb8-b5d2-2092263c80e9 req-1ebcef61-8290-434e-bbdc-927909a17c2f 482563c3e50a4871a7b7a0056c860689 4c1fb3cc9e064e3aa1311af14731be2b - - 869e230c9c6040bc8c7ba358f0366bc5 869e230c9c6040bc8c7ba358f0366bc5] 199.204.45.216 "GET /v2.0/floatingips?fixed_ip_address=10.100.0.9&port_id=942de797-4d17-48f9-b3cc-401a4a5b0901 HTTP/1.1" status: 200 len: 217 time: 0.0261729
2026-05-18 01:55:45.155 10 INFO neutron.wsgi [req-8cc6456a-3a06-4eb8-b5d2-2092263c80e9 req-0d1bcc42-b47c-4e93-9f05-a1863d2d0182 482563c3e50a4871a7b7a0056c860689 4c1fb3cc9e064e3aa1311af14731be2b - - 869e230c9c6040bc8c7ba358f0366bc5 869e230c9c6040bc8c7ba358f0366bc5] 199.204.45.216 "GET /v2.0/subnets?id=312e72a6-045b-45a9-a501-8ffdec1d9900 HTTP/1.1" status: 200 len: 866 time: 0.0346789
2026-05-18 01:55:45.170 9 INFO neutron.db.ovn_revision_numbers_db [None req-7f93bc28-d0ec-46a9-9dbc-62d234bd6afa 24c50508f2654adaadbc244a66d9e27d e7d957023e294fbabe899ddf4f5cc1b8 - - - -] Successfully bumped revision number for resource 3108e22c-c003-4398-9bb1-909e5732d5f0 (type: security_group_rules) to 0
2026-05-18 01:55:45.186 10 INFO neutron.wsgi [req-8cc6456a-3a06-4eb8-b5d2-2092263c80e9 req-2bc3687a-c675-47bf-adfe-6793d8155ca9 482563c3e50a4871a7b7a0056c860689 4c1fb3cc9e064e3aa1311af14731be2b - - 869e230c9c6040bc8c7ba358f0366bc5 869e230c9c6040bc8c7ba358f0366bc5] 199.204.45.216 "GET /v2.0/ports?network_id=81956753-4744-403c-bf28-a461518aa5de&device_owner=network%3Adhcp HTTP/1.1" status: 200 len: 210 time: 0.0229714
2026-05-18 01:55:45.200 9 INFO neutron.wsgi [None req-7f93bc28-d0ec-46a9-9dbc-62d234bd6afa 24c50508f2654adaadbc244a66d9e27d e7d957023e294fbabe899ddf4f5cc1b8 - - - -] 10.0.0.96 "POST /v2.0/security-group-rules HTTP/1.1" status: 201 len: 764 time: 0.1464088
2026-05-18 01:55:45.248 10 INFO neutron.wsgi [req-8cc6456a-3a06-4eb8-b5d2-2092263c80e9 req-35d9fb62-31e7-4191-90aa-9846567f4be0 482563c3e50a4871a7b7a0056c860689 4c1fb3cc9e064e3aa1311af14731be2b - - 869e230c9c6040bc8c7ba358f0366bc5 869e230c9c6040bc8c7ba358f0366bc5] 199.204.45.216 "GET /v2.0/networks/81956753-4744-403c-bf28-a461518aa5de?fields=segments HTTP/1.1" status: 200 len: 212 time: 0.0552015
2026-05-18 01:55:45.303 10 INFO neutron.wsgi [req-8cc6456a-3a06-4eb8-b5d2-2092263c80e9 req-be5b6d31-a6a0-4a5a-b0e5-6b6bff31e9d3 482563c3e50a4871a7b7a0056c860689 4c1fb3cc9e064e3aa1311af14731be2b - - 869e230c9c6040bc8c7ba358f0366bc5 869e230c9c6040bc8c7ba358f0366bc5] 199.204.45.216 "GET /v2.0/networks/81956753-4744-403c-bf28-a461518aa5de?fields=provider%3Aphysical_network&fields=provider%3Anetwork_type HTTP/1.1" status: 200 len: 277 time: 0.0488644
2026-05-18 01:55:45.308 9 INFO neutron.db.ovn_revision_numbers_db [None req-5946daa2-cdbb-4a99-b5e4-f15a38628f59 24c50508f2654adaadbc244a66d9e27d e7d957023e294fbabe899ddf4f5cc1b8 - - - -] Successfully bumped revision number for resource 5d9a107d-828b-4ee8-be1d-d9a6120de0ce (type: security_group_rules) to 0
2026-05-18 01:55:45.333 9 INFO neutron.wsgi [None req-5946daa2-cdbb-4a99-b5e4-f15a38628f59 24c50508f2654adaadbc244a66d9e27d e7d957023e294fbabe899ddf4f5cc1b8 - - - -] 10.0.0.96 "POST /v2.0/security-group-rules HTTP/1.1" status: 201 len: 766 time: 0.1273010
2026-05-18 01:55:45.379 10 INFO neutron.wsgi [req-583acaf0-6f89-4098-9ca8-b06378fd15bd req-3cc77c55-9fd2-4ebb-9aa3-7da8b2d16426 482563c3e50a4871a7b7a0056c860689 4c1fb3cc9e064e3aa1311af14731be2b - - 869e230c9c6040bc8c7ba358f0366bc5 869e230c9c6040bc8c7ba358f0366bc5] 199.204.45.216 "GET /v2.0/ports?tenant_id=9c096b1b9f234b5dbc37cc4125b06d3d&device_id=97090024-afe2-4cca-a7dd-31ca368b49d4 HTTP/1.1" status: 200 len: 1398 time: 0.0334334
2026-05-18 01:55:45.437 9 INFO neutron.db.ovn_revision_numbers_db [None req-b298b737-193a-48ba-8c18-392713384115 24c50508f2654adaadbc244a66d9e27d e7d957023e294fbabe899ddf4f5cc1b8 - - - -] Successfully bumped revision number for resource dd85aea0-1b0c-486c-9bc1-437220b61076 (type: security_group_rules) to 0
2026-05-18 01:55:45.440 10 INFO neutron.wsgi [req-583acaf0-6f89-4098-9ca8-b06378fd15bd req-10448203-45f6-4d39-a775-92c56c12772b 482563c3e50a4871a7b7a0056c860689 4c1fb3cc9e064e3aa1311af14731be2b - - 869e230c9c6040bc8c7ba358f0366bc5 869e230c9c6040bc8c7ba358f0366bc5] 199.204.45.216 "GET /v2.0/networks?id=81956753-4744-403c-bf28-a461518aa5de HTTP/1.1" status: 200 len: 971 time: 0.0561752
2026-05-18 01:55:45.464 9 INFO neutron.wsgi [None req-b298b737-193a-48ba-8c18-392713384115 24c50508f2654adaadbc244a66d9e27d e7d957023e294fbabe899ddf4f5cc1b8 - - - -] 10.0.0.96 "POST /v2.0/security-group-rules HTTP/1.1" status: 201 len: 768 time: 0.1256208
2026-05-18 01:55:45.491 10 INFO neutron.wsgi [req-583acaf0-6f89-4098-9ca8-b06378fd15bd req-ba1e62b3-4335-4d06-8414-fd6132bcd4ff 482563c3e50a4871a7b7a0056c860689 4c1fb3cc9e064e3aa1311af14731be2b - - 869e230c9c6040bc8c7ba358f0366bc5 869e230c9c6040bc8c7ba358f0366bc5] 199.204.45.216 "GET /v2.0/floatingips?fixed_ip_address=10.100.0.9&port_id=942de797-4d17-48f9-b3cc-401a4a5b0901 HTTP/1.1" status: 200 len: 217 time: 0.0356832
2026-05-18 01:55:45.500 10 INFO neutron.wsgi [req-5b11b0e3-dd88-4c2f-9c6c-b73973743e79 req-9609de6e-1d6e-4968-a6ca-5303804d939c 482563c3e50a4871a7b7a0056c860689 4c1fb3cc9e064e3aa1311af14731be2b - - 869e230c9c6040bc8c7ba358f0366bc5 869e230c9c6040bc8c7ba358f0366bc5] 199.204.45.216 "GET /v2.0/ports?device_id=97090024-afe2-4cca-a7dd-31ca368b49d4 HTTP/1.1" status: 200 len: 1398 time: 0.0436220
2026-05-18 01:55:45.543 10 INFO neutron.wsgi [req-583acaf0-6f89-4098-9ca8-b06378fd15bd req-9854d0ee-40b4-4229-bf35-bf63e0e25f61 482563c3e50a4871a7b7a0056c860689 4c1fb3cc9e064e3aa1311af14731be2b - - 869e230c9c6040bc8c7ba358f0366bc5 869e230c9c6040bc8c7ba358f0366bc5] 199.204.45.216 "GET /v2.0/subnets?id=312e72a6-045b-45a9-a501-8ffdec1d9900 HTTP/1.1" status: 200 len: 866 time: 0.0388577
2026-05-18 01:55:45.562 10 INFO neutron.wsgi [req-5b11b0e3-dd88-4c2f-9c6c-b73973743e79 req-c356f313-0be3-4286-8447-813b0d1a0f11 482563c3e50a4871a7b7a0056c860689 4c1fb3cc9e064e3aa1311af14731be2b - - 869e230c9c6040bc8c7ba358f0366bc5 869e230c9c6040bc8c7ba358f0366bc5] 199.204.45.216 "GET /v2.0/security-groups?id=83f9bf6a-7889-4818-adb2-20d0b37e0529&id=df0cfe29-5122-4444-81b5-9fb8332e5e14&fields=id&fields=name HTTP/1.1" status: 200 len: 406 time: 0.0567527
2026-05-18 01:55:45.570 10 INFO neutron.wsgi [req-583acaf0-6f89-4098-9ca8-b06378fd15bd req-b8e76fd4-1784-42ee-aa43-8ae9309713e1 482563c3e50a4871a7b7a0056c860689 4c1fb3cc9e064e3aa1311af14731be2b - - 869e230c9c6040bc8c7ba358f0366bc5 869e230c9c6040bc8c7ba358f0366bc5] 199.204.45.216 "GET /v2.0/ports?network_id=81956753-4744-403c-bf28-a461518aa5de&device_owner=network%3Adhcp HTTP/1.1" status: 200 len: 210 time: 0.0194345
2026-05-18 01:55:45.589 9 INFO neutron.db.ovn_revision_numbers_db [None req-b264ef31-d41f-41d2-9a6e-64cfdf91317e 24c50508f2654adaadbc244a66d9e27d e7d957023e294fbabe899ddf4f5cc1b8 - - - -] Successfully bumped revision number for resource 1880fd73-ff28-4c13-bbba-7ef0a42c540a (type: security_group_rules) to 0
2026-05-18 01:55:45.619 9 INFO neutron.wsgi [None req-b264ef31-d41f-41d2-9a6e-64cfdf91317e 24c50508f2654adaadbc244a66d9e27d e7d957023e294fbabe899ddf4f5cc1b8 - - - -] 10.0.0.96 "POST /v2.0/security-group-rules HTTP/1.1" status: 201 len: 768 time: 0.1510284
2026-05-18 01:55:45.708 10 INFO neutron.wsgi [req-583acaf0-6f89-4098-9ca8-b06378fd15bd req-8a7da930-8744-4ad5-97a2-c05ee18da02f 482563c3e50a4871a7b7a0056c860689 4c1fb3cc9e064e3aa1311af14731be2b - - 869e230c9c6040bc8c7ba358f0366bc5 869e230c9c6040bc8c7ba358f0366bc5] 199.204.45.216 "GET /v2.0/networks/81956753-4744-403c-bf28-a461518aa5de?fields=segments HTTP/1.1" status: 200 len: 212 time: 0.1059060
2026-05-18 01:55:45.713 10 INFO neutron.wsgi [req-78eee4fd-09a0-4325-89d0-d965e896195f req-fa4fda6e-febe-467e-bf7a-c2f2ca58c313 dcd8d914995b4d57909568dad8609e3c 9c096b1b9f234b5dbc37cc4125b06d3d - - default default] 10.0.0.184 "GET /v2.0/ports?device_id=97090024-afe2-4cca-a7dd-31ca368b49d4 HTTP/1.1" status: 200 len: 1208 time: 0.0633402
2026-05-18 01:55:45.763 9 INFO neutron.db.ovn_revision_numbers_db [None req-0be0156b-d8db-48ab-9474-61635e7c7d0d 24c50508f2654adaadbc244a66d9e27d e7d957023e294fbabe899ddf4f5cc1b8 - - - -] Successfully bumped revision number for resource fdc2cf3b-a13f-4a84-a5bf-b6de43a03c49 (type: security_group_rules) to 0
2026-05-18 01:55:45.790 10 INFO neutron.wsgi [req-583acaf0-6f89-4098-9ca8-b06378fd15bd req-a06d354a-c898-434b-87e7-c32bff230deb 482563c3e50a4871a7b7a0056c860689 4c1fb3cc9e064e3aa1311af14731be2b - - 869e230c9c6040bc8c7ba358f0366bc5 869e230c9c6040bc8c7ba358f0366bc5] 199.204.45.216 "GET /v2.0/networks/81956753-4744-403c-bf28-a461518aa5de?fields=provider%3Aphysical_network&fields=provider%3Anetwork_type HTTP/1.1" status: 200 len: 277 time: 0.0759509
2026-05-18 01:55:45.790 9 INFO neutron.wsgi [None req-0be0156b-d8db-48ab-9474-61635e7c7d0d 24c50508f2654adaadbc244a66d9e27d e7d957023e294fbabe899ddf4f5cc1b8 - - - -] 10.0.0.96 "POST /v2.0/security-group-rules HTTP/1.1" status: 201 len: 764 time: 0.1656775
2026-05-18 01:55:45.794 10 INFO neutron.wsgi [req-78eee4fd-09a0-4325-89d0-d965e896195f req-593efc2f-222b-4c4a-bdb3-d2329b7de9b0 dcd8d914995b4d57909568dad8609e3c 9c096b1b9f234b5dbc37cc4125b06d3d - - default default] 10.0.0.184 "GET /v2.0/security-groups?id=df0cfe29-5122-4444-81b5-9fb8332e5e14&id=83f9bf6a-7889-4818-adb2-20d0b37e0529&fields=id&fields=name HTTP/1.1" status: 200 len: 406 time: 0.0722179
2026-05-18 01:55:45.939 9 INFO neutron.db.ovn_revision_numbers_db [None req-3ad6fcfd-356a-4f27-a042-3a89f087fc62 24c50508f2654adaadbc244a66d9e27d e7d957023e294fbabe899ddf4f5cc1b8 - - - -] Successfully bumped revision number for resource 9beb6761-dd12-42d9-9fd2-2ae53ff4391f (type: security_group_rules) to 0
2026-05-18 01:55:45.965 9 INFO neutron.wsgi [None req-3ad6fcfd-356a-4f27-a042-3a89f087fc62 24c50508f2654adaadbc244a66d9e27d e7d957023e294fbabe899ddf4f5cc1b8 - - - -] 10.0.0.96 "POST /v2.0/security-group-rules HTTP/1.1" status: 201 len: 764 time: 0.1698501
2026-05-18 01:55:46.082 9 INFO neutron.db.ovn_revision_numbers_db [None req-ab9c2230-f96e-42bb-a638-07a530d83e96 24c50508f2654adaadbc244a66d9e27d e7d957023e294fbabe899ddf4f5cc1b8 - - - -] Successfully bumped revision number for resource e7ab400f-9b73-4bbd-a3dc-a1132fd3f310 (type: security_group_rules) to 0
2026-05-18 01:55:46.106 9 INFO neutron.wsgi [None req-ab9c2230-f96e-42bb-a638-07a530d83e96 24c50508f2654adaadbc244a66d9e27d e7d957023e294fbabe899ddf4f5cc1b8 - - - -] 10.0.0.96 "POST /v2.0/security-group-rules HTTP/1.1" status: 201 len: 764 time: 0.1352143
2026-05-18 01:55:46.221 9 INFO neutron.db.ovn_revision_numbers_db [None req-e6c1034a-c2a8-4d7e-86d2-d0eb0a270e39 24c50508f2654adaadbc244a66d9e27d e7d957023e294fbabe899ddf4f5cc1b8 - - - -] Successfully bumped revision number for resource 4401ad4a-95d1-4fca-9c57-efa49677ac08 (type: security_group_rules) to 0
2026-05-18 01:55:46.244 9 INFO neutron.wsgi [None req-e6c1034a-c2a8-4d7e-86d2-d0eb0a270e39 24c50508f2654adaadbc244a66d9e27d e7d957023e294fbabe899ddf4f5cc1b8 - - - -] 10.0.0.96 "POST /v2.0/security-group-rules HTTP/1.1" status: 201 len: 766 time: 0.1340837
2026-05-18 01:55:46.373 9 INFO neutron.db.ovn_revision_numbers_db [None req-60144a88-ff23-45b7-915a-88fdeb2f633f 24c50508f2654adaadbc244a66d9e27d e7d957023e294fbabe899ddf4f5cc1b8 - - - -] Successfully bumped revision number for resource 561c8cf1-7cb1-4a3d-baa7-88f200e1a9e0 (type: security_group_rules) to 0
2026-05-18 01:55:46.400 9 INFO neutron.wsgi [None req-60144a88-ff23-45b7-915a-88fdeb2f633f 24c50508f2654adaadbc244a66d9e27d e7d957023e294fbabe899ddf4f5cc1b8 - - - -] 10.0.0.96 "POST /v2.0/security-group-rules HTTP/1.1" status: 201 len: 768 time: 0.1500516
2026-05-18 01:55:46.517 9 INFO neutron.db.ovn_revision_numbers_db [None req-0aba6737-ccfb-4552-a0fc-5cf76906d18a 24c50508f2654adaadbc244a66d9e27d e7d957023e294fbabe899ddf4f5cc1b8 - - - -] Successfully bumped revision number for resource f24b5fa0-40cd-4e29-92a4-0bc70cb5c485 (type: security_group_rules) to 0
2026-05-18 01:55:46.541 9 INFO neutron.wsgi [None req-0aba6737-ccfb-4552-a0fc-5cf76906d18a 24c50508f2654adaadbc244a66d9e27d e7d957023e294fbabe899ddf4f5cc1b8 - - - -] 10.0.0.96 "POST /v2.0/security-group-rules HTTP/1.1" status: 201 len: 764 time: 0.1344268
2026-05-18 01:55:46.828 9 INFO neutron.wsgi [req-7122d036-1a33-4953-8f8e-6b34bd3048ed req-18440b2e-4611-4dc2-82e1-388b78741407 24c50508f2654adaadbc244a66d9e27d e7d957023e294fbabe899ddf4f5cc1b8 - - default default] 10.0.0.184 "GET /v2.0/security-groups?name=tempest-lb_member_SG-804195984&fields=id&tenant_id=e7d957023e294fbabe899ddf4f5cc1b8 HTTP/1.1" status: 200 len: 267 time: 0.0444205
2026-05-18 01:55:46.936 10 INFO neutron.wsgi [req-d38cee3d-2242-43ba-912b-b712cd12c612 req-4dfbe3e4-f2c6-4c62-9110-e126d56f5c36 dcd8d914995b4d57909568dad8609e3c 9c096b1b9f234b5dbc37cc4125b06d3d - - default default] 10.0.0.184 "GET /v2.0/ports?device_id=97090024-afe2-4cca-a7dd-31ca368b49d4 HTTP/1.1" status: 200 len: 1208 time: 0.0831900
2026-05-18 01:55:46.940 9 INFO neutron.wsgi [req-7122d036-1a33-4953-8f8e-6b34bd3048ed req-f791d0f0-fa14-4091-ac11-3bd17627b73d 24c50508f2654adaadbc244a66d9e27d e7d957023e294fbabe899ddf4f5cc1b8 - - default default] 10.0.0.184 "GET /v2.0/networks?id=fcf3a788-4f56-4f60-9fe0-3c5c353f629d HTTP/1.1" status: 200 len: 904 time: 0.1054783
2026-05-18 01:55:46.957 9 INFO neutron.wsgi [req-7122d036-1a33-4953-8f8e-6b34bd3048ed req-e148507e-0a69-4009-9ebf-edf082e7e82c 24c50508f2654adaadbc244a66d9e27d e7d957023e294fbabe899ddf4f5cc1b8 - - default default] 10.0.0.184 "GET /v2.0/quotas/e7d957023e294fbabe899ddf4f5cc1b8 HTTP/1.1" status: 200 len: 386 time: 0.0091500
2026-05-18 01:55:46.983 10 INFO neutron.wsgi [req-d38cee3d-2242-43ba-912b-b712cd12c612 req-f9dc011d-265b-48cb-890d-5316c0bb1fdf dcd8d914995b4d57909568dad8609e3c 9c096b1b9f234b5dbc37cc4125b06d3d - - default default] 10.0.0.184 "GET /v2.0/security-groups?id=df0cfe29-5122-4444-81b5-9fb8332e5e14&id=83f9bf6a-7889-4818-adb2-20d0b37e0529&fields=id&fields=name HTTP/1.1" status: 200 len: 406 time: 0.0392439
2026-05-18 01:55:47.170 9 INFO neutron.wsgi [req-7122d036-1a33-4953-8f8e-6b34bd3048ed req-af78d080-c79c-4c20-aa3a-811aface9856 24c50508f2654adaadbc244a66d9e27d e7d957023e294fbabe899ddf4f5cc1b8 - - default default] 10.0.0.184 "GET /v2.0/ports?tenant_id=e7d957023e294fbabe899ddf4f5cc1b8&fields=id HTTP/1.1" status: 200 len: 486 time: 0.2035222
2026-05-18 01:55:47.223 9 INFO neutron.wsgi [req-7122d036-1a33-4953-8f8e-6b34bd3048ed req-74ac9626-2f8d-47af-bebf-cea7a421b5b1 482563c3e50a4871a7b7a0056c860689 4c1fb3cc9e064e3aa1311af14731be2b - - 869e230c9c6040bc8c7ba358f0366bc5 869e230c9c6040bc8c7ba358f0366bc5] 10.0.0.184 "GET /v2.0/networks/fcf3a788-4f56-4f60-9fe0-3c5c353f629d?fields=segments HTTP/1.1" status: 200 len: 212 time: 0.0420909
2026-05-18 01:55:47.289 9 INFO neutron.wsgi [req-7122d036-1a33-4953-8f8e-6b34bd3048ed req-fe72e59a-40f3-4358-bec6-e97474caec74 482563c3e50a4871a7b7a0056c860689 4c1fb3cc9e064e3aa1311af14731be2b - - 869e230c9c6040bc8c7ba358f0366bc5 869e230c9c6040bc8c7ba358f0366bc5] 10.0.0.184 "GET /v2.0/networks/fcf3a788-4f56-4f60-9fe0-3c5c353f629d?fields=provider%3Aphysical_network&fields=provider%3Anetwork_type HTTP/1.1" status: 200 len: 277 time: 0.0581160
2026-05-18 01:55:47.430 10 INFO neutron.wsgi [req-4d5d81ec-29bb-4cd0-a38b-385d67139b48 req-aed9fd74-46f1-42c9-b017-934ec76398ea 24c50508f2654adaadbc244a66d9e27d e7d957023e294fbabe899ddf4f5cc1b8 - - default default] 10.0.0.184 "GET /v2.0/ports?device_id=1339a300-d8bb-42b1-aecf-fc884af68cb9 HTTP/1.1" status: 200 len: 210 time: 0.0254884
2026-05-18 01:55:48.083 9 INFO neutron.wsgi [req-2d9f783a-b5bc-415d-b5d5-61eaff8d8d0e req-e1b7bb3b-8d54-4989-a959-8a184ce291c4 dcd8d914995b4d57909568dad8609e3c 9c096b1b9f234b5dbc37cc4125b06d3d - - default default] 10.0.0.184 "GET /v2.0/ports?device_id=97090024-afe2-4cca-a7dd-31ca368b49d4 HTTP/1.1" status: 200 len: 1208 time: 0.0392945
2026-05-18 01:55:48.132 9 INFO neutron.wsgi [req-2d9f783a-b5bc-415d-b5d5-61eaff8d8d0e req-f4ef7b2f-8234-428e-8f53-cecbc988c759 dcd8d914995b4d57909568dad8609e3c 9c096b1b9f234b5dbc37cc4125b06d3d - - default default] 10.0.0.184 "GET /v2.0/security-groups?id=df0cfe29-5122-4444-81b5-9fb8332e5e14&id=83f9bf6a-7889-4818-adb2-20d0b37e0529&fields=id&fields=name HTTP/1.1" status: 200 len: 406 time: 0.0438044
2026-05-18 01:55:48.141 10 INFO neutron.wsgi [req-7122d036-1a33-4953-8f8e-6b34bd3048ed req-ce58f740-a911-4daf-a855-927a3e9d6a98 24c50508f2654adaadbc244a66d9e27d e7d957023e294fbabe899ddf4f5cc1b8 - - default default] 199.204.45.216 "GET /v2.0/networks?id=fcf3a788-4f56-4f60-9fe0-3c5c353f629d HTTP/1.1" status: 200 len: 904 time: 0.0722408
2026-05-18 01:55:48.183 10 INFO neutron.wsgi [req-7122d036-1a33-4953-8f8e-6b34bd3048ed req-77010732-1401-4060-a4ff-e241b02ff391 24c50508f2654adaadbc244a66d9e27d e7d957023e294fbabe899ddf4f5cc1b8 - - default default] 199.204.45.216 "GET /v2.0/security-groups?fields=id&fields=name&tenant_id=e7d957023e294fbabe899ddf4f5cc1b8 HTTP/1.1" status: 200 len: 377 time: 0.0369532
2026-05-18 01:55:48.537 10 WARNING neutron.scheduler.dhcp_agent_scheduler [None req-6cc8f513-33da-41c4-92c4-da073f164ccd 24c50508f2654adaadbc244a66d9e27d e7d957023e294fbabe899ddf4f5cc1b8 - - - -] No more DHCP agents
2026-05-18 01:55:48.539 10 WARNING neutron.api.rpc.agentnotifiers.dhcp_rpc_agent_api [None req-6cc8f513-33da-41c4-92c4-da073f164ccd 24c50508f2654adaadbc244a66d9e27d e7d957023e294fbabe899ddf4f5cc1b8 - - - -] Unable to schedule network fcf3a788-4f56-4f60-9fe0-3c5c353f629d: no agents available; will retry on subsequent port and subnet creation events.
2026-05-18 01:55:48.686 10 INFO neutron.db.ovn_revision_numbers_db [None req-6cc8f513-33da-41c4-92c4-da073f164ccd 24c50508f2654adaadbc244a66d9e27d e7d957023e294fbabe899ddf4f5cc1b8 - - - -] Successfully bumped revision number for resource e406489d-53b6-4bd6-9780-227232eb0c72 (type: ports) to 1
2026-05-18 01:55:48.706 10 INFO neutron.wsgi [None req-6cc8f513-33da-41c4-92c4-da073f164ccd 24c50508f2654adaadbc244a66d9e27d e7d957023e294fbabe899ddf4f5cc1b8 - - - -] 199.204.45.216 "POST /v2.0/ports HTTP/1.1" status: 201 len: 1388 time: 0.5168304 /var/lib/openstack/lib/python3.10/site-packages/pycadf/identifier.py:71: UserWarning: Invalid uuid: neutron. To ensure interoperability, identifiers should be a valid uuid. warnings.warn(('Invalid uuid: %s. To ensure interoperability, '
2026-05-18 01:55:49.104 10 INFO neutron.db.ovn_revision_numbers_db [None req-81eb0bf4-7de3-42de-84b8-27b68f993a1c 482563c3e50a4871a7b7a0056c860689 4c1fb3cc9e064e3aa1311af14731be2b - - - -] Successfully bumped revision number for resource e406489d-53b6-4bd6-9780-227232eb0c72 (type: ports) to 2 /var/lib/openstack/lib/python3.10/site-packages/pycadf/identifier.py:71: UserWarning: Invalid uuid: neutron. To ensure interoperability, identifiers should be a valid uuid. warnings.warn(('Invalid uuid: %s. To ensure interoperability, '
2026-05-18 01:55:49.245 10 INFO neutron.wsgi [req-13ae6d3d-3897-40f3-b5c1-a57d1a112532 req-3ba3a3c1-a857-486e-9893-b4752ef17ed2 dcd8d914995b4d57909568dad8609e3c 9c096b1b9f234b5dbc37cc4125b06d3d - - default default] 10.0.0.184 "GET /v2.0/ports?device_id=97090024-afe2-4cca-a7dd-31ca368b49d4 HTTP/1.1" status: 200 len: 1208 time: 0.0474586 /var/lib/openstack/lib/python3.10/site-packages/pycadf/identifier.py:71: UserWarning: Invalid uuid: neutron. To ensure interoperability, identifiers should be a valid uuid. warnings.warn(('Invalid uuid: %s. To ensure interoperability, '
2026-05-18 01:55:49.298 10 INFO neutron.db.ovn_revision_numbers_db [None req-81eb0bf4-7de3-42de-84b8-27b68f993a1c 482563c3e50a4871a7b7a0056c860689 4c1fb3cc9e064e3aa1311af14731be2b - - - -] Successfully bumped revision number for resource e406489d-53b6-4bd6-9780-227232eb0c72 (type: ports) to 2
2026-05-18 01:55:49.306 10 INFO neutron.wsgi [req-13ae6d3d-3897-40f3-b5c1-a57d1a112532 req-afb85ef0-cd68-476c-aacb-3fa2092d4115 dcd8d914995b4d57909568dad8609e3c 9c096b1b9f234b5dbc37cc4125b06d3d - - default default] 10.0.0.184 "GET /v2.0/security-groups?id=df0cfe29-5122-4444-81b5-9fb8332e5e14&id=83f9bf6a-7889-4818-adb2-20d0b37e0529&fields=id&fields=name HTTP/1.1" status: 200 len: 406 time: 0.0462630
2026-05-18 01:55:49.316 10 INFO neutron.wsgi [None req-81eb0bf4-7de3-42de-84b8-27b68f993a1c 482563c3e50a4871a7b7a0056c860689 4c1fb3cc9e064e3aa1311af14731be2b - - - -] 199.204.45.216 "PUT /v2.0/ports/e406489d-53b6-4bd6-9780-227232eb0c72 HTTP/1.1" status: 200 len: 1557 time: 0.6007504
2026-05-18 01:55:49.355 10 INFO neutron.notifiers.nova [-] Nova event matching ['req-f1c4d585-fd48-4f93-a71d-f4a7fa3ed541'] response: {'name': 'network-changed', 'server_uuid': '1339a300-d8bb-42b1-aecf-fc884af68cb9', 'tag': 'e406489d-53b6-4bd6-9780-227232eb0c72', 'status': 'completed', 'code': 200}
2026-05-18 01:55:49.383 10 INFO neutron.wsgi [req-7122d036-1a33-4953-8f8e-6b34bd3048ed req-e9f00df7-c5e5-435d-a346-16339ce92756 482563c3e50a4871a7b7a0056c860689 4c1fb3cc9e064e3aa1311af14731be2b - - 869e230c9c6040bc8c7ba358f0366bc5 869e230c9c6040bc8c7ba358f0366bc5] 199.204.45.216 "GET /v2.0/ports?tenant_id=e7d957023e294fbabe899ddf4f5cc1b8&device_id=1339a300-d8bb-42b1-aecf-fc884af68cb9 HTTP/1.1" status: 200 len: 1588 time: 0.0313215
2026-05-18 01:55:49.419 10 INFO neutron.wsgi [req-7122d036-1a33-4953-8f8e-6b34bd3048ed req-987e81f8-d9c0-4bca-9aac-926baa249bd5 482563c3e50a4871a7b7a0056c860689 4c1fb3cc9e064e3aa1311af14731be2b - - 869e230c9c6040bc8c7ba358f0366bc5 869e230c9c6040bc8c7ba358f0366bc5] 199.204.45.216 "GET /v2.0/floatingips?fixed_ip_address=10.2.1.159&port_id=e406489d-53b6-4bd6-9780-227232eb0c72 HTTP/1.1" status: 200 len: 217 time: 0.0289893
2026-05-18 01:55:49.450 10 INFO neutron.wsgi [req-7122d036-1a33-4953-8f8e-6b34bd3048ed req-aa4a01d0-a2fb-45cf-b6ff-a402c7f5fb90 482563c3e50a4871a7b7a0056c860689 4c1fb3cc9e064e3aa1311af14731be2b - - 869e230c9c6040bc8c7ba358f0366bc5 869e230c9c6040bc8c7ba358f0366bc5] 199.204.45.216 "GET /v2.0/floatingips?fixed_ip_address=fd7b%3Af9f7%3Afff%3A4eca%3A%3A322&port_id=e406489d-53b6-4bd6-9780-227232eb0c72 HTTP/1.1" status: 200 len: 217 time: 0.0236890
2026-05-18 01:55:49.496 10 INFO neutron.wsgi [req-7122d036-1a33-4953-8f8e-6b34bd3048ed req-a409ba84-1bfd-4785-b369-096958393b47 482563c3e50a4871a7b7a0056c860689 4c1fb3cc9e064e3aa1311af14731be2b - - 869e230c9c6040bc8c7ba358f0366bc5 869e230c9c6040bc8c7ba358f0366bc5] 199.204.45.216 "GET /v2.0/subnets?id=89320329-5cda-4a94-ab9f-c318e3d2af26&id=610bca63-d193-444d-821b-d0456b21cefd HTTP/1.1" status: 200 len: 1560 time: 0.0387101
2026-05-18 01:55:49.522 10 INFO neutron.wsgi [req-7122d036-1a33-4953-8f8e-6b34bd3048ed req-98c0f42b-41fd-44c4-ba97-c0014ece1518 482563c3e50a4871a7b7a0056c860689 4c1fb3cc9e064e3aa1311af14731be2b - - 869e230c9c6040bc8c7ba358f0366bc5 869e230c9c6040bc8c7ba358f0366bc5] 199.204.45.216 "GET /v2.0/ports?network_id=fcf3a788-4f56-4f60-9fe0-3c5c353f629d&device_owner=network%3Adhcp HTTP/1.1" status: 200 len: 210 time: 0.0209780
2026-05-18 01:55:49.553 10 INFO neutron.wsgi [req-7122d036-1a33-4953-8f8e-6b34bd3048ed req-e396463d-4ef7-4053-99e1-63e00103e404 482563c3e50a4871a7b7a0056c860689 4c1fb3cc9e064e3aa1311af14731be2b - - 869e230c9c6040bc8c7ba358f0366bc5 869e230c9c6040bc8c7ba358f0366bc5] 199.204.45.216 "GET /v2.0/ports?network_id=fcf3a788-4f56-4f60-9fe0-3c5c353f629d&device_owner=network%3Adhcp HTTP/1.1" status: 200 len: 210 time: 0.0249090
2026-05-18 01:55:49.644 10 INFO neutron.wsgi [req-7122d036-1a33-4953-8f8e-6b34bd3048ed req-e6752d46-c04a-4315-8328-b85cfc512aa6 482563c3e50a4871a7b7a0056c860689 4c1fb3cc9e064e3aa1311af14731be2b - - 869e230c9c6040bc8c7ba358f0366bc5 869e230c9c6040bc8c7ba358f0366bc5] 199.204.45.216 "GET /v2.0/networks/fcf3a788-4f56-4f60-9fe0-3c5c353f629d?fields=segments HTTP/1.1" status: 200 len: 212 time: 0.0811944
2026-05-18 01:55:49.683 10 WARNING neutron.plugins.ml2.drivers.ovn.mech_driver.ovsdb.ovn_client [None req-b5e345bd-f316-4f6d-9b0e-09c747b0f037 - - - - - -] No hosting information found for port fdc6519e-1339-4c5b-8dbf-f1cc4e7b23c5: RuntimeError: No hosting information found for port fdc6519e-1339-4c5b-8dbf-f1cc4e7b23c5
2026-05-18 01:55:49.683 10 INFO neutron.plugins.ml2.drivers.ovn.mech_driver.mech_driver [None req-b5e345bd-f316-4f6d-9b0e-09c747b0f037 - - - - - -] OVN reports status up for port: 942de797-4d17-48f9-b3cc-401a4a5b0901
2026-05-18 01:55:49.707 10 INFO neutron.plugins.ml2.plugin [None req-b5e345bd-f316-4f6d-9b0e-09c747b0f037 - - - - - -] Attempt 1 to provision port 942de797-4d17-48f9-b3cc-401a4a5b0901
2026-05-18 01:55:49.737 9 WARNING neutron.plugins.ml2.drivers.ovn.mech_driver.ovsdb.ovn_client [None req-112924e3-7ee5-4fb4-9c83-2b3b44b912a4 - - - - - -] No hosting information found for port 4eab5b15-8427-463f-93b5-d6faa64d1282: RuntimeError: No hosting information found for port 4eab5b15-8427-463f-93b5-d6faa64d1282
2026-05-18 01:55:49.737 9 INFO neutron.plugins.ml2.drivers.ovn.mech_driver.mech_driver [None req-112924e3-7ee5-4fb4-9c83-2b3b44b912a4 - - - - - -] OVN reports status up for port: f1a2b835-c593-468b-b5da-75a393ac4a0e
2026-05-18 01:55:49.739 10 INFO neutron.wsgi [req-7122d036-1a33-4953-8f8e-6b34bd3048ed req-d770e846-a970-4bca-9c40-36a983d4dc3b 482563c3e50a4871a7b7a0056c860689 4c1fb3cc9e064e3aa1311af14731be2b - - 869e230c9c6040bc8c7ba358f0366bc5 869e230c9c6040bc8c7ba358f0366bc5] 199.204.45.216 "GET /v2.0/networks/fcf3a788-4f56-4f60-9fe0-3c5c353f629d?fields=provider%3Aphysical_network&fields=provider%3Anetwork_type HTTP/1.1" status: 200 len: 277 time: 0.0797000
2026-05-18 01:55:49.744 9 INFO neutron.plugins.ml2.plugin [None req-112924e3-7ee5-4fb4-9c83-2b3b44b912a4 - - - - - -] Attempt 1 to provision port f1a2b835-c593-468b-b5da-75a393ac4a0e
2026-05-18 01:55:49.837 10 INFO neutron.wsgi [req-31e86d43-5246-4b26-981b-e2d042c76743 req-a0db33f6-2a27-405d-85d8-b2a15a71df4c 482563c3e50a4871a7b7a0056c860689 4c1fb3cc9e064e3aa1311af14731be2b - - 869e230c9c6040bc8c7ba358f0366bc5 869e230c9c6040bc8c7ba358f0366bc5] 199.204.45.216 "GET /v2.0/ports?tenant_id=e7d957023e294fbabe899ddf4f5cc1b8&device_id=1339a300-d8bb-42b1-aecf-fc884af68cb9 HTTP/1.1" status: 200 len: 1588 time: 0.0409169
2026-05-18 01:55:49.876 9 INFO neutron.wsgi [-] 10.0.0.138 "GET / HTTP/1.1" status: 200 len: 247 time: 0.0016654
2026-05-18 01:55:49.878 9 INFO neutron.wsgi [-] 10.0.0.138 "GET / HTTP/1.1" status: 200 len: 247 time: 0.0015278
2026-05-18 01:55:49.957 10 INFO neutron.wsgi [req-31e86d43-5246-4b26-981b-e2d042c76743 req-59ab0511-fb4b-44cc-88a8-dc06b4924418 482563c3e50a4871a7b7a0056c860689 4c1fb3cc9e064e3aa1311af14731be2b - - 869e230c9c6040bc8c7ba358f0366bc5 869e230c9c6040bc8c7ba358f0366bc5] 199.204.45.216 "GET /v2.0/networks?id=fcf3a788-4f56-4f60-9fe0-3c5c353f629d HTTP/1.1" status: 200 len: 1002 time: 0.1071360
2026-05-18 01:55:50.006 10 INFO neutron.wsgi [req-31e86d43-5246-4b26-981b-e2d042c76743 req-04167799-ddb5-43a2-8e80-ff98131fbea2 482563c3e50a4871a7b7a0056c860689 4c1fb3cc9e064e3aa1311af14731be2b - - 869e230c9c6040bc8c7ba358f0366bc5 869e230c9c6040bc8c7ba358f0366bc5] 199.204.45.216 "GET /v2.0/floatingips?fixed_ip_address=10.2.1.159&port_id=e406489d-53b6-4bd6-9780-227232eb0c72 HTTP/1.1" status: 200 len: 217 time: 0.0436854
2026-05-18 01:55:50.087 9 INFO neutron.db.ovn_revision_numbers_db [None req-112924e3-7ee5-4fb4-9c83-2b3b44b912a4 - - - - - -] Successfully bumped revision number for resource f1a2b835-c593-468b-b5da-75a393ac4a0e (type: ports) to 3
2026-05-18 01:55:50.198 9 INFO neutron.db.ovn_revision_numbers_db [None req-112924e3-7ee5-4fb4-9c83-2b3b44b912a4 - - - - - -] Successfully bumped revision number for resource f1a2b835-c593-468b-b5da-75a393ac4a0e (type: router_ports) to 3
2026-05-18 01:55:50.315 10 INFO neutron.wsgi [req-31e86d43-5246-4b26-981b-e2d042c76743 req-ca7634e5-ebd7-4a9f-b6b9-4ea440a98097 482563c3e50a4871a7b7a0056c860689 4c1fb3cc9e064e3aa1311af14731be2b - - 869e230c9c6040bc8c7ba358f0366bc5 869e230c9c6040bc8c7ba358f0366bc5] 199.204.45.216 "GET /v2.0/floatingips?fixed_ip_address=fd7b%3Af9f7%3Afff%3A4eca%3A%3A322&port_id=e406489d-53b6-4bd6-9780-227232eb0c72 HTTP/1.1" status: 200 len: 217 time: 0.2881494
2026-05-18 01:55:50.363 10 INFO neutron.wsgi [req-31e86d43-5246-4b26-981b-e2d042c76743 req-90274a2c-eb5a-4731-be2f-31d3fcc18c71 482563c3e50a4871a7b7a0056c860689 4c1fb3cc9e064e3aa1311af14731be2b - - 869e230c9c6040bc8c7ba358f0366bc5 869e230c9c6040bc8c7ba358f0366bc5] 199.204.45.216 "GET /v2.0/subnets?id=89320329-5cda-4a94-ab9f-c318e3d2af26&id=610bca63-d193-444d-821b-d0456b21cefd HTTP/1.1" status: 200 len: 1560 time: 0.0374722
2026-05-18 01:55:50.364 10 INFO neutron.db.ovn_revision_numbers_db [None req-b5e345bd-f316-4f6d-9b0e-09c747b0f037 - - - - - -] Successfully bumped revision number for resource 942de797-4d17-48f9-b3cc-401a4a5b0901 (type: ports) to 4
2026-05-18 01:55:50.435 10 INFO neutron.wsgi [req-31e86d43-5246-4b26-981b-e2d042c76743 req-ef62efa9-97f2-47e3-a19c-cb7177938c3f 482563c3e50a4871a7b7a0056c860689 4c1fb3cc9e064e3aa1311af14731be2b - - 869e230c9c6040bc8c7ba358f0366bc5 869e230c9c6040bc8c7ba358f0366bc5] 199.204.45.216 "GET /v2.0/ports?network_id=fcf3a788-4f56-4f60-9fe0-3c5c353f629d&device_owner=network%3Adhcp HTTP/1.1" status: 200 len: 210 time: 0.0599270
2026-05-18 01:55:50.447 10 INFO neutron.wsgi [req-92ae38e3-d397-4c66-89ea-00a90178f9b8 req-fe7d5822-d5f4-48de-9b6e-58fd0cae8b89 dcd8d914995b4d57909568dad8609e3c 9c096b1b9f234b5dbc37cc4125b06d3d - - default default] 10.0.0.184 "GET /v2.0/ports?device_id=97090024-afe2-4cca-a7dd-31ca368b49d4 HTTP/1.1" status: 200 len: 1210 time: 0.0749843
2026-05-18 01:55:50.460 10 INFO neutron.plugins.ml2.drivers.ovn.mech_driver.mech_driver [None req-b5e345bd-f316-4f6d-9b0e-09c747b0f037 - - - - - -] OVN reports status up for port: e406489d-53b6-4bd6-9780-227232eb0c72
2026-05-18 01:55:50.482 10 INFO neutron.wsgi [req-31e86d43-5246-4b26-981b-e2d042c76743 req-6797e030-39f3-466b-9803-1cf4df1f6032 482563c3e50a4871a7b7a0056c860689 4c1fb3cc9e064e3aa1311af14731be2b - - 869e230c9c6040bc8c7ba358f0366bc5 869e230c9c6040bc8c7ba358f0366bc5] 199.204.45.216 "GET /v2.0/ports?network_id=fcf3a788-4f56-4f60-9fe0-3c5c353f629d&device_owner=network%3Adhcp HTTP/1.1" status: 200 len: 210 time: 0.0322394 /var/lib/openstack/lib/python3.10/site-packages/pycadf/identifier.py:71: UserWarning: Invalid uuid: neutron. To ensure interoperability, identifiers should be a valid uuid. warnings.warn(('Invalid uuid: %s. To ensure interoperability, '
2026-05-18 01:55:50.510 10 INFO neutron.plugins.ml2.plugin [None req-b5e345bd-f316-4f6d-9b0e-09c747b0f037 - - - - - -] Attempt 1 to provision port e406489d-53b6-4bd6-9780-227232eb0c72
2026-05-18 01:55:50.560 10 INFO neutron.wsgi [req-92ae38e3-d397-4c66-89ea-00a90178f9b8 req-b6e6cc7d-806a-464f-93c7-bcd909ab2b9b dcd8d914995b4d57909568dad8609e3c 9c096b1b9f234b5dbc37cc4125b06d3d - - default default] 10.0.0.184 "GET /v2.0/security-groups?id=df0cfe29-5122-4444-81b5-9fb8332e5e14&id=83f9bf6a-7889-4818-adb2-20d0b37e0529&fields=id&fields=name HTTP/1.1" status: 200 len: 406 time: 0.1054976
2026-05-18 01:55:50.580 10 INFO neutron.wsgi [req-31e86d43-5246-4b26-981b-e2d042c76743 req-5de25d21-0c0f-4d4f-92e6-398167bb6761 482563c3e50a4871a7b7a0056c860689 4c1fb3cc9e064e3aa1311af14731be2b - - 869e230c9c6040bc8c7ba358f0366bc5 869e230c9c6040bc8c7ba358f0366bc5] 199.204.45.216 "GET /v2.0/networks/fcf3a788-4f56-4f60-9fe0-3c5c353f629d?fields=segments HTTP/1.1" status: 200 len: 212 time: 0.0834470
2026-05-18 01:55:50.659 10 INFO neutron.wsgi [req-31e86d43-5246-4b26-981b-e2d042c76743 req-2b6a5d1b-73fe-439e-851f-a2e3d8a56fd9 482563c3e50a4871a7b7a0056c860689 4c1fb3cc9e064e3aa1311af14731be2b - - 869e230c9c6040bc8c7ba358f0366bc5 869e230c9c6040bc8c7ba358f0366bc5] 199.204.45.216 "GET /v2.0/networks/fcf3a788-4f56-4f60-9fe0-3c5c353f629d?fields=provider%3Aphysical_network&fields=provider%3Anetwork_type HTTP/1.1" status: 200 len: 277 time: 0.0622871
2026-05-18 01:55:50.830 10 INFO neutron.db.ovn_revision_numbers_db [None req-b5e345bd-f316-4f6d-9b0e-09c747b0f037 - - - - - -] Successfully bumped revision number for resource e406489d-53b6-4bd6-9780-227232eb0c72 (type: ports) to 4
2026-05-18 01:55:51.396 10 INFO neutron.notifiers.nova [-] Nova event matching ['req-334a81ea-aacc-47fa-bd9e-e186d1e75406'] response: {'server_uuid': '97090024-afe2-4cca-a7dd-31ca368b49d4', 'name': 'network-vif-plugged', 'status': 'completed', 'tag': '942de797-4d17-48f9-b3cc-401a4a5b0901', 'code': 200}
2026-05-18 01:55:51.397 10 INFO neutron.notifiers.nova [-] Nova event matching ['req-334a81ea-aacc-47fa-bd9e-e186d1e75406'] response: {'server_uuid': '97090024-afe2-4cca-a7dd-31ca368b49d4', 'name': 'network-vif-plugged', 'status': 'completed', 'tag': '942de797-4d17-48f9-b3cc-401a4a5b0901', 'code': 200}
2026-05-18 01:55:51.397 10 INFO neutron.notifiers.nova [-] Nova event matching ['req-334a81ea-aacc-47fa-bd9e-e186d1e75406'] response: {'server_uuid': '1339a300-d8bb-42b1-aecf-fc884af68cb9', 'name': 'network-vif-plugged', 'status': 'completed', 'tag': 'e406489d-53b6-4bd6-9780-227232eb0c72', 'code': 200}
2026-05-18 01:55:51.397 10 INFO neutron.notifiers.nova [-] Nova event matching ['req-334a81ea-aacc-47fa-bd9e-e186d1e75406'] response: {'server_uuid': '1339a300-d8bb-42b1-aecf-fc884af68cb9', 'name': 'network-vif-plugged', 'status': 'completed', 'tag': 'e406489d-53b6-4bd6-9780-227232eb0c72', 'code': 200} /var/lib/openstack/lib/python3.10/site-packages/pycadf/identifier.py:71: UserWarning: Invalid uuid: neutron. To ensure interoperability, identifiers should be a valid uuid. warnings.warn(('Invalid uuid: %s. To ensure interoperability, '
2026-05-18 01:55:51.689 10 INFO neutron.wsgi [req-cfa6f1ad-81e3-4e52-ba62-7869742d7839 req-4265623a-6e9e-4d8f-9d6e-20d96b296120 dcd8d914995b4d57909568dad8609e3c 9c096b1b9f234b5dbc37cc4125b06d3d - - default default] 10.0.0.184 "GET /v2.0/ports?device_id=97090024-afe2-4cca-a7dd-31ca368b49d4 HTTP/1.1" status: 200 len: 1210 time: 0.0410259
2026-05-18 01:55:51.741 10 INFO neutron.wsgi [req-cfa6f1ad-81e3-4e52-ba62-7869742d7839 req-ab212117-d14c-48d1-8022-7ad1c2c40547 dcd8d914995b4d57909568dad8609e3c 9c096b1b9f234b5dbc37cc4125b06d3d - - default default] 10.0.0.184 "GET /v2.0/security-groups?id=df0cfe29-5122-4444-81b5-9fb8332e5e14&id=83f9bf6a-7889-4818-adb2-20d0b37e0529&fields=id&fields=name HTTP/1.1" status: 200 len: 406 time: 0.0459950
2026-05-18 01:55:51.895 9 INFO neutron.wsgi [req-13f92b97-a322-4725-b869-c0186c0c0062 req-3474ffc9-d8fe-41c0-9152-749d59157997 dcd8d914995b4d57909568dad8609e3c 9c096b1b9f234b5dbc37cc4125b06d3d - - default default] 10.0.0.184 "GET /v2.0/ports?device_id=97090024-afe2-4cca-a7dd-31ca368b49d4 HTTP/1.1" status: 200 len: 1210 time: 0.0903728
2026-05-18 01:55:52.222 9 INFO neutron.db.l3_db [None req-03ab2fe9-75e2-4f41-be04-2a60f7b074a2 dcd8d914995b4d57909568dad8609e3c 9c096b1b9f234b5dbc37cc4125b06d3d - - - -] Floating IP be8e6965-94c9-4577-b1ca-7b1a62f3892a associated. External IP: 10.96.250.204, port: 942de797-4d17-48f9-b3cc-401a4a5b0901.
2026-05-18 01:55:52.603 10 INFO neutron.wsgi [req-3e9f82f6-9d96-4c75-b175-c98f6cec1665 req-71e06528-cdea-41c0-9637-78ea54d104c7 24c50508f2654adaadbc244a66d9e27d e7d957023e294fbabe899ddf4f5cc1b8 - - default default] 10.0.0.184 "GET /v2.0/ports?device_id=1339a300-d8bb-42b1-aecf-fc884af68cb9 HTTP/1.1" status: 200 len: 1400 time: 0.0975926
2026-05-18 01:55:52.643 9 INFO neutron.db.ovn_revision_numbers_db [None req-03ab2fe9-75e2-4f41-be04-2a60f7b074a2 dcd8d914995b4d57909568dad8609e3c 9c096b1b9f234b5dbc37cc4125b06d3d - - - -] Successfully bumped revision number for resource be8e6965-94c9-4577-b1ca-7b1a62f3892a (type: floatingips) to 1
2026-05-18 01:55:52.663 10 INFO neutron.wsgi [req-3e9f82f6-9d96-4c75-b175-c98f6cec1665 req-1ee6aa57-e7c5-4610-92a2-cee205d180ba 24c50508f2654adaadbc244a66d9e27d e7d957023e294fbabe899ddf4f5cc1b8 - - default default] 10.0.0.184 "GET /v2.0/security-groups?id=1c74e251-9d13-49b3-a534-167368fe338f&fields=id&fields=name HTTP/1.1" status: 200 len: 310 time: 0.0524364
2026-05-18 01:55:52.751 10 INFO neutron.wsgi [None req-974e0a06-374f-489f-bde4-88a31b31960c 24c50508f2654adaadbc244a66d9e27d e7d957023e294fbabe899ddf4f5cc1b8 - - default default] 10.0.0.96 "GET /v2.0/ports?network_id=fcf3a788-4f56-4f60-9fe0-3c5c353f629d&mac_address=fa%3A16%3A3e%3A08%3Aa1%3A76 HTTP/1.1" status: 200 len: 1395 time: 0.0589185
2026-05-18 01:55:52.757 9 INFO neutron.db.ovn_revision_numbers_db [None req-03ab2fe9-75e2-4f41-be04-2a60f7b074a2 dcd8d914995b4d57909568dad8609e3c 9c096b1b9f234b5dbc37cc4125b06d3d - - - -] Successfully bumped revision number for resource be8e6965-94c9-4577-b1ca-7b1a62f3892a (type: floatingips) to 2
2026-05-18 01:55:52.785 9 INFO neutron.wsgi [None req-03ab2fe9-75e2-4f41-be04-2a60f7b074a2 dcd8d914995b4d57909568dad8609e3c 9c096b1b9f234b5dbc37cc4125b06d3d - - - -] 10.0.0.96 "PUT /v2.0/floatingips/be8e6965-94c9-4577-b1ca-7b1a62f3892a HTTP/1.1" status: 200 len: 1049 time: 0.8773432
2026-05-18 01:55:52.831 9 INFO neutron.notifiers.nova [-] Nova event matching ['req-b806f10e-0922-47a1-abb5-7af87ed59123'] response: {'name': 'network-changed', 'server_uuid': '97090024-afe2-4cca-a7dd-31ca368b49d4', 'tag': '942de797-4d17-48f9-b3cc-401a4a5b0901', 'status': 'completed', 'code': 200}
2026-05-18 01:55:52.889 10 INFO neutron.wsgi [req-4360b2b5-821e-415b-aeac-8be2f6a50699 req-e8683351-f505-48a3-84e7-1ae00f6f786e 482563c3e50a4871a7b7a0056c860689 4c1fb3cc9e064e3aa1311af14731be2b - - 869e230c9c6040bc8c7ba358f0366bc5 869e230c9c6040bc8c7ba358f0366bc5] 199.204.45.216 "GET /v2.0/ports?tenant_id=9c096b1b9f234b5dbc37cc4125b06d3d&device_id=97090024-afe2-4cca-a7dd-31ca368b49d4 HTTP/1.1" status: 200 len: 1400 time: 0.0373991
2026-05-18 01:55:52.967 10 INFO neutron.wsgi [req-4360b2b5-821e-415b-aeac-8be2f6a50699 req-6e3e304d-206f-4394-b119-53cd3d8a5035 482563c3e50a4871a7b7a0056c860689 4c1fb3cc9e064e3aa1311af14731be2b - - 869e230c9c6040bc8c7ba358f0366bc5 869e230c9c6040bc8c7ba358f0366bc5] 199.204.45.216 "GET /v2.0/networks?id=81956753-4744-403c-bf28-a461518aa5de HTTP/1.1" status: 200 len: 971 time: 0.0684984
2026-05-18 01:55:53.027 10 INFO neutron.wsgi [req-4360b2b5-821e-415b-aeac-8be2f6a50699 req-5c5d45a9-c09c-4771-b4e3-d4eaf07f5f9b 482563c3e50a4871a7b7a0056c860689 4c1fb3cc9e064e3aa1311af14731be2b - - 869e230c9c6040bc8c7ba358f0366bc5 869e230c9c6040bc8c7ba358f0366bc5] 199.204.45.216 "GET /v2.0/floatingips?fixed_ip_address=10.100.0.9&port_id=942de797-4d17-48f9-b3cc-401a4a5b0901 HTTP/1.1" status: 200 len: 1059 time: 0.0530679
2026-05-18 01:55:53.063 10 WARNING neutron.scheduler.dhcp_agent_scheduler [None req-6b92fb99-5479-4830-91ee-74514f32a8b2 24c50508f2654adaadbc244a66d9e27d e7d957023e294fbabe899ddf4f5cc1b8 - - - -] No more DHCP agents
2026-05-18 01:55:53.069 10 WARNING neutron.api.rpc.agentnotifiers.dhcp_rpc_agent_api [None req-6b92fb99-5479-4830-91ee-74514f32a8b2 24c50508f2654adaadbc244a66d9e27d e7d957023e294fbabe899ddf4f5cc1b8 - - - -] Unable to schedule network 1789723b-4cd4-4985-abb8-7edd76d122e7: no agents available; will retry on subsequent port and subnet creation events.
2026-05-18 01:55:53.089 10 INFO neutron.wsgi [req-4360b2b5-821e-415b-aeac-8be2f6a50699 req-df8d52c2-902b-4649-9588-0c0bb5589615 482563c3e50a4871a7b7a0056c860689 4c1fb3cc9e064e3aa1311af14731be2b - - 869e230c9c6040bc8c7ba358f0366bc5 869e230c9c6040bc8c7ba358f0366bc5] 199.204.45.216 "GET /v2.0/subnets?id=312e72a6-045b-45a9-a501-8ffdec1d9900 HTTP/1.1" status: 200 len: 866 time: 0.0549762
2026-05-18 01:55:53.122 10 INFO neutron.wsgi [req-4360b2b5-821e-415b-aeac-8be2f6a50699 req-e0856606-16b1-4d90-bc5e-e53e4171b4cf 482563c3e50a4871a7b7a0056c860689 4c1fb3cc9e064e3aa1311af14731be2b - - 869e230c9c6040bc8c7ba358f0366bc5 869e230c9c6040bc8c7ba358f0366bc5] 199.204.45.216 "GET /v2.0/ports?network_id=81956753-4744-403c-bf28-a461518aa5de&device_owner=network%3Adhcp HTTP/1.1" status: 200 len: 210 time: 0.0253642
2026-05-18 01:55:53.203 10 INFO neutron.wsgi [req-4360b2b5-821e-415b-aeac-8be2f6a50699 req-528ecfcf-3025-4d3b-8c2f-8ada988377ef 482563c3e50a4871a7b7a0056c860689 4c1fb3cc9e064e3aa1311af14731be2b - - 869e230c9c6040bc8c7ba358f0366bc5 869e230c9c6040bc8c7ba358f0366bc5] 199.204.45.216 "GET /v2.0/networks/81956753-4744-403c-bf28-a461518aa5de?fields=segments HTTP/1.1" status: 200 len: 212 time: 0.0726595
2026-05-18 01:55:53.348 10 INFO neutron.wsgi [req-4360b2b5-821e-415b-aeac-8be2f6a50699 req-ef33b8fc-555a-4ae3-8590-b679e7a22bf0 482563c3e50a4871a7b7a0056c860689 4c1fb3cc9e064e3aa1311af14731be2b - - 869e230c9c6040bc8c7ba358f0366bc5 869e230c9c6040bc8c7ba358f0366bc5] 199.204.45.216 "GET /v2.0/networks/81956753-4744-403c-bf28-a461518aa5de?fields=provider%3Aphysical_network&fields=provider%3Anetwork_type HTTP/1.1" status: 200 len: 277 time: 0.1352775
2026-05-18 01:55:53.579 10 INFO neutron.db.l3_db [None req-6b92fb99-5479-4830-91ee-74514f32a8b2 24c50508f2654adaadbc244a66d9e27d e7d957023e294fbabe899ddf4f5cc1b8 - - - -] Floating IP a54df7c6-5b6c-4622-b254-3ddfd7358f02 associated. External IP: 10.96.250.201, port: e406489d-53b6-4bd6-9780-227232eb0c72.
2026-05-18 01:55:54.074 10 INFO neutron.db.ovn_revision_numbers_db [None req-6b92fb99-5479-4830-91ee-74514f32a8b2 24c50508f2654adaadbc244a66d9e27d e7d957023e294fbabe899ddf4f5cc1b8 - - - -] Successfully bumped revision number for resource a54df7c6-5b6c-4622-b254-3ddfd7358f02 (type: floatingips) to 0
2026-05-18 01:55:54.160 10 INFO neutron.db.ovn_revision_numbers_db [None req-6b92fb99-5479-4830-91ee-74514f32a8b2 24c50508f2654adaadbc244a66d9e27d e7d957023e294fbabe899ddf4f5cc1b8 - - - -] Successfully bumped revision number for resource a54df7c6-5b6c-4622-b254-3ddfd7358f02 (type: floatingips) to 1
2026-05-18 01:55:54.194 10 INFO neutron.wsgi [None req-6b92fb99-5479-4830-91ee-74514f32a8b2 24c50508f2654adaadbc244a66d9e27d e7d957023e294fbabe899ddf4f5cc1b8 - - - -] 10.0.0.96 "POST /v2.0/floatingips HTTP/1.1" status: 201 len: 1054 time: 1.4366393
2026-05-18 01:55:54.234 10 INFO neutron.notifiers.nova [-] Nova event matching ['req-6e1f9775-4ea4-43ae-bb38-3877c52487f7'] response: {'name': 'network-changed', 'server_uuid': '1339a300-d8bb-42b1-aecf-fc884af68cb9', 'tag': 'e406489d-53b6-4bd6-9780-227232eb0c72', 'status': 'completed', 'code': 200} /var/lib/openstack/lib/python3.10/site-packages/pycadf/identifier.py:71: UserWarning: Invalid uuid: neutron. To ensure interoperability, identifiers should be a valid uuid. warnings.warn(('Invalid uuid: %s. To ensure interoperability, '
2026-05-18 01:55:54.293 10 INFO neutron.wsgi [req-9031cec2-46fa-4827-9972-70d374347d6c req-a7ec5a80-f969-449e-b546-1d2fc1076a11 482563c3e50a4871a7b7a0056c860689 4c1fb3cc9e064e3aa1311af14731be2b - - 869e230c9c6040bc8c7ba358f0366bc5 869e230c9c6040bc8c7ba358f0366bc5] 199.204.45.216 "GET /v2.0/ports?tenant_id=e7d957023e294fbabe899ddf4f5cc1b8&device_id=1339a300-d8bb-42b1-aecf-fc884af68cb9 HTTP/1.1" status: 200 len: 1590 time: 0.0403359
2026-05-18 01:55:54.312 10 INFO neutron.wsgi [req-e8307b71-4d90-4552-a4d0-cce73a4d7862 req-1269bd4c-a1d5-4305-adaa-36ff3fd0e16c 24c50508f2654adaadbc244a66d9e27d e7d957023e294fbabe899ddf4f5cc1b8 - - default default] 10.0.0.184 "GET /v2.0/security-groups?name=tempest-lb_member_SG-804195984&fields=id&tenant_id=e7d957023e294fbabe899ddf4f5cc1b8 HTTP/1.1" status: 200 len: 267 time: 0.0476236
2026-05-18 01:55:54.396 10 INFO neutron.wsgi [req-9031cec2-46fa-4827-9972-70d374347d6c req-c19dbe7c-a72a-4cb0-8ef7-0e14c06c7041 482563c3e50a4871a7b7a0056c860689 4c1fb3cc9e064e3aa1311af14731be2b - - 869e230c9c6040bc8c7ba358f0366bc5 869e230c9c6040bc8c7ba358f0366bc5] 199.204.45.216 "GET /v2.0/networks?id=fcf3a788-4f56-4f60-9fe0-3c5c353f629d HTTP/1.1" status: 200 len: 1002 time: 0.0950823
2026-05-18 01:55:54.416 10 INFO neutron.wsgi [req-e8307b71-4d90-4552-a4d0-cce73a4d7862 req-0e36deac-d9fa-4ccc-9c7a-d09d701d25fe 24c50508f2654adaadbc244a66d9e27d e7d957023e294fbabe899ddf4f5cc1b8 - - default default] 10.0.0.184 "GET /v2.0/networks?id=cb96d403-b4d2-4cb5-9b9c-a8b905dfed98 HTTP/1.1" status: 200 len: 904 time: 0.0958254
2026-05-18 01:55:54.444 10 INFO neutron.wsgi [req-e8307b71-4d90-4552-a4d0-cce73a4d7862 req-95e3cb65-bf2f-4366-8138-78431a9b06ef 24c50508f2654adaadbc244a66d9e27d e7d957023e294fbabe899ddf4f5cc1b8 - - default default] 10.0.0.184 "GET /v2.0/quotas/e7d957023e294fbabe899ddf4f5cc1b8 HTTP/1.1" status: 200 len: 386 time: 0.0156887
2026-05-18 01:55:54.452 10 INFO neutron.wsgi [req-9031cec2-46fa-4827-9972-70d374347d6c req-6885fced-39d1-4c0a-bf4d-37a15ed89f35 482563c3e50a4871a7b7a0056c860689 4c1fb3cc9e064e3aa1311af14731be2b - - 869e230c9c6040bc8c7ba358f0366bc5 869e230c9c6040bc8c7ba358f0366bc5] 199.204.45.216 "GET /v2.0/floatingips?fixed_ip_address=10.2.1.159&port_id=e406489d-53b6-4bd6-9780-227232eb0c72 HTTP/1.1" status: 200 len: 1059 time: 0.0473154
2026-05-18 01:55:54.494 10 INFO neutron.wsgi [req-9031cec2-46fa-4827-9972-70d374347d6c req-84bbecdd-e218-4307-8d16-f38e1b7dfdd4 482563c3e50a4871a7b7a0056c860689 4c1fb3cc9e064e3aa1311af14731be2b - - 869e230c9c6040bc8c7ba358f0366bc5 869e230c9c6040bc8c7ba358f0366bc5] 199.204.45.216 "GET /v2.0/floatingips?fixed_ip_address=fd7b%3Af9f7%3Afff%3A4eca%3A%3A322&port_id=e406489d-53b6-4bd6-9780-227232eb0c72 HTTP/1.1" status: 200 len: 217 time: 0.0321164
2026-05-18 01:55:54.550 10 INFO neutron.wsgi [req-9031cec2-46fa-4827-9972-70d374347d6c req-a4f99953-08b7-475c-a9be-951e5a5d153c 482563c3e50a4871a7b7a0056c860689 4c1fb3cc9e064e3aa1311af14731be2b - - 869e230c9c6040bc8c7ba358f0366bc5 869e230c9c6040bc8c7ba358f0366bc5] 199.204.45.216 "GET /v2.0/subnets?id=89320329-5cda-4a94-ab9f-c318e3d2af26&id=610bca63-d193-444d-821b-d0456b21cefd HTTP/1.1" status: 200 len: 1560 time: 0.0476713
2026-05-18 01:55:54.588 10 INFO neutron.wsgi [req-9031cec2-46fa-4827-9972-70d374347d6c req-59f1b36e-222e-4575-a27d-7485d10a37e0 482563c3e50a4871a7b7a0056c860689 4c1fb3cc9e064e3aa1311af14731be2b - - 869e230c9c6040bc8c7ba358f0366bc5 869e230c9c6040bc8c7ba358f0366bc5] 199.204.45.216 "GET /v2.0/ports?network_id=fcf3a788-4f56-4f60-9fe0-3c5c353f629d&device_owner=network%3Adhcp HTTP/1.1" status: 200 len: 210 time: 0.0280159
2026-05-18 01:55:54.626 10 INFO neutron.wsgi [req-9031cec2-46fa-4827-9972-70d374347d6c req-27257757-6be3-4bea-bb8d-4b75693958b1 482563c3e50a4871a7b7a0056c860689 4c1fb3cc9e064e3aa1311af14731be2b - - 869e230c9c6040bc8c7ba358f0366bc5 869e230c9c6040bc8c7ba358f0366bc5] 199.204.45.216 "GET /v2.0/ports?network_id=fcf3a788-4f56-4f60-9fe0-3c5c353f629d&device_owner=network%3Adhcp HTTP/1.1" status: 200 len: 210 time: 0.0336380
2026-05-18 01:55:54.648 10 INFO neutron.wsgi [req-e8307b71-4d90-4552-a4d0-cce73a4d7862 req-04ca3084-6df1-4bdb-879a-cfd3a6a71e65 24c50508f2654adaadbc244a66d9e27d e7d957023e294fbabe899ddf4f5cc1b8 - - default default] 10.0.0.184 "GET /v2.0/ports?tenant_id=e7d957023e294fbabe899ddf4f5cc1b8&fields=id HTTP/1.1" status: 200 len: 532 time: 0.1947038
2026-05-18 01:55:54.720 10 INFO neutron.wsgi [req-9031cec2-46fa-4827-9972-70d374347d6c req-f774496d-9ab8-436f-ab84-f8c6153b08af 482563c3e50a4871a7b7a0056c860689 4c1fb3cc9e064e3aa1311af14731be2b - - 869e230c9c6040bc8c7ba358f0366bc5 869e230c9c6040bc8c7ba358f0366bc5] 199.204.45.216 "GET /v2.0/networks/fcf3a788-4f56-4f60-9fe0-3c5c353f629d?fields=segments HTTP/1.1" status: 200 len: 212 time: 0.0850766
2026-05-18 01:55:54.742 10 INFO neutron.wsgi [req-e8307b71-4d90-4552-a4d0-cce73a4d7862 req-28c9b3d4-987b-4ccc-a1d8-c1f874d028bc 482563c3e50a4871a7b7a0056c860689 4c1fb3cc9e064e3aa1311af14731be2b - - 869e230c9c6040bc8c7ba358f0366bc5 869e230c9c6040bc8c7ba358f0366bc5] 10.0.0.184 "GET /v2.0/networks/cb96d403-b4d2-4cb5-9b9c-a8b905dfed98?fields=segments HTTP/1.1" status: 200 len: 212 time: 0.0806720
2026-05-18 01:55:54.800 10 INFO neutron.wsgi [req-9031cec2-46fa-4827-9972-70d374347d6c req-c43c8d9d-26be-4c29-a7ad-e86010036acf 482563c3e50a4871a7b7a0056c860689 4c1fb3cc9e064e3aa1311af14731be2b - - 869e230c9c6040bc8c7ba358f0366bc5 869e230c9c6040bc8c7ba358f0366bc5] 199.204.45.216 "GET /v2.0/networks/fcf3a788-4f56-4f60-9fe0-3c5c353f629d?fields=provider%3Aphysical_network&fields=provider%3Anetwork_type HTTP/1.1" status: 200 len: 277 time: 0.0731556
2026-05-18 01:55:54.816 10 INFO neutron.wsgi [req-e8307b71-4d90-4552-a4d0-cce73a4d7862 req-f2d02d5c-9378-405a-93b5-40a364823322 482563c3e50a4871a7b7a0056c860689 4c1fb3cc9e064e3aa1311af14731be2b - - 869e230c9c6040bc8c7ba358f0366bc5 869e230c9c6040bc8c7ba358f0366bc5] 10.0.0.184 "GET /v2.0/networks/cb96d403-b4d2-4cb5-9b9c-a8b905dfed98?fields=provider%3Aphysical_network&fields=provider%3Anetwork_type HTTP/1.1" status: 200 len: 277 time: 0.0656216
2026-05-18 01:55:54.945 9 INFO neutron.wsgi [req-1b45f4d6-5aae-4813-ae24-31adf6d5a14e req-455d056c-3800-4791-be9c-afbff80015db 24c50508f2654adaadbc244a66d9e27d e7d957023e294fbabe899ddf4f5cc1b8 - - default default] 10.0.0.184 "GET /v2.0/ports?device_id=bb7a50ba-c1bb-4d3e-9f4b-70a4fba13b1b HTTP/1.1" status: 200 len: 210 time: 0.0214536
2026-05-18 01:55:55.725 9 WARNING neutron.plugins.ml2.drivers.ovn.mech_driver.ovsdb.ovn_client [None req-112924e3-7ee5-4fb4-9c83-2b3b44b912a4 - - - - - -] No hosting information found for port f1a2b835-c593-468b-b5da-75a393ac4a0e: RuntimeError: No hosting information found for port f1a2b835-c593-468b-b5da-75a393ac4a0e
2026-05-18 01:55:55.726 10 INFO neutron.wsgi [req-e8307b71-4d90-4552-a4d0-cce73a4d7862 req-4831d633-f252-4014-9b8a-b5c3a8fe408c 24c50508f2654adaadbc244a66d9e27d e7d957023e294fbabe899ddf4f5cc1b8 - - default default] 199.204.45.216 "GET /v2.0/networks?id=cb96d403-b4d2-4cb5-9b9c-a8b905dfed98 HTTP/1.1" status: 200 len: 904 time: 0.0845549
2026-05-18 01:55:55.776 10 INFO neutron.wsgi [req-e8307b71-4d90-4552-a4d0-cce73a4d7862 req-46b9ef85-e9a3-4ec4-926f-def9ed961f37 24c50508f2654adaadbc244a66d9e27d e7d957023e294fbabe899ddf4f5cc1b8 - - default default] 199.204.45.216 "GET /v2.0/security-groups?fields=id&fields=name&tenant_id=e7d957023e294fbabe899ddf4f5cc1b8 HTTP/1.1" status: 200 len: 377 time: 0.0392132
