2026-05-18 01:57:09.568 10 INFO neutron.wsgi [req-72609b79-8ef8-4576-96a0-96366d31db2f req-2176d8c3-e2a8-4941-9ee4-ae88998f3e21 482563c3e50a4871a7b7a0056c860689 4c1fb3cc9e064e3aa1311af14731be2b - - 869e230c9c6040bc8c7ba358f0366bc5 869e230c9c6040bc8c7ba358f0366bc5] 199.204.45.216 "GET /v2.0/ports?network_id=fe026ebf-2e5f-4191-a09d-059e317be792&device_owner=network%3Adhcp HTTP/1.1" status: 200 len: 210 time: 0.0400846
2026-05-18 01:57:09.630 10 INFO neutron.wsgi [req-72609b79-8ef8-4576-96a0-96366d31db2f req-24f41632-fd06-4d66-9b97-8828c6f8afc6 482563c3e50a4871a7b7a0056c860689 4c1fb3cc9e064e3aa1311af14731be2b - - 869e230c9c6040bc8c7ba358f0366bc5 869e230c9c6040bc8c7ba358f0366bc5] 199.204.45.216 "GET /v2.0/networks/fe026ebf-2e5f-4191-a09d-059e317be792?fields=segments HTTP/1.1" status: 200 len: 212 time: 0.0527153
2026-05-18 01:57:09.688 10 INFO neutron.wsgi [req-72609b79-8ef8-4576-96a0-96366d31db2f req-69ce6da8-4d53-442c-8bda-5fab15363681 482563c3e50a4871a7b7a0056c860689 4c1fb3cc9e064e3aa1311af14731be2b - - 869e230c9c6040bc8c7ba358f0366bc5 869e230c9c6040bc8c7ba358f0366bc5] 199.204.45.216 "GET /v2.0/networks/fe026ebf-2e5f-4191-a09d-059e317be792?fields=provider%3Aphysical_network&fields=provider%3Anetwork_type HTTP/1.1" status: 200 len: 277 time: 0.0501926
2026-05-18 01:57:09.719 10 INFO neutron.wsgi [req-72609b79-8ef8-4576-96a0-96366d31db2f req-87fadf39-3998-49a7-96ef-799097ffa48f 482563c3e50a4871a7b7a0056c860689 4c1fb3cc9e064e3aa1311af14731be2b - - 869e230c9c6040bc8c7ba358f0366bc5 869e230c9c6040bc8c7ba358f0366bc5] 199.204.45.216 "GET /v2.0/floatingips?fixed_ip_address=10.1.1.14&port_id=7ec3633a-5963-45f8-9fa5-b2e2351456c6 HTTP/1.1" status: 200 len: 217 time: 0.0232773
2026-05-18 01:57:09.765 10 INFO neutron.wsgi [req-72609b79-8ef8-4576-96a0-96366d31db2f req-bd544da9-e4ab-44ae-a9ef-36c1f51a7ac8 482563c3e50a4871a7b7a0056c860689 4c1fb3cc9e064e3aa1311af14731be2b - - 869e230c9c6040bc8c7ba358f0366bc5 869e230c9c6040bc8c7ba358f0366bc5] 199.204.45.216 "GET /v2.0/subnets?id=48db10a5-b060-4bc1-b8e5-88511596b761 HTTP/1.1" status: 200 len: 854 time: 0.0374033
2026-05-18 01:57:09.807 10 INFO neutron.wsgi [req-72609b79-8ef8-4576-96a0-96366d31db2f req-6e9a4d53-7aca-42f5-9bdd-45f2895f4b3d 482563c3e50a4871a7b7a0056c860689 4c1fb3cc9e064e3aa1311af14731be2b - - 869e230c9c6040bc8c7ba358f0366bc5 869e230c9c6040bc8c7ba358f0366bc5] 199.204.45.216 "GET /v2.0/ports?network_id=3eb8d1bb-b915-4be2-b76f-f5f010977c27&device_owner=network%3Adhcp HTTP/1.1" status: 200 len: 210 time: 0.0327072
2026-05-18 01:57:09.880 10 INFO neutron.wsgi [req-72609b79-8ef8-4576-96a0-96366d31db2f req-b7596094-277d-40ba-b90f-78bee1bc1228 482563c3e50a4871a7b7a0056c860689 4c1fb3cc9e064e3aa1311af14731be2b - - 869e230c9c6040bc8c7ba358f0366bc5 869e230c9c6040bc8c7ba358f0366bc5] 199.204.45.216 "GET /v2.0/networks/3eb8d1bb-b915-4be2-b76f-f5f010977c27?fields=segments HTTP/1.1" status: 200 len: 212 time: 0.0617495
2026-05-18 01:57:09.947 10 INFO neutron.wsgi [req-72609b79-8ef8-4576-96a0-96366d31db2f req-531d5fd7-a29a-4de2-94d0-b98283cba886 482563c3e50a4871a7b7a0056c860689 4c1fb3cc9e064e3aa1311af14731be2b - - 869e230c9c6040bc8c7ba358f0366bc5 869e230c9c6040bc8c7ba358f0366bc5] 199.204.45.216 "GET /v2.0/networks/3eb8d1bb-b915-4be2-b76f-f5f010977c27?fields=provider%3Aphysical_network&fields=provider%3Anetwork_type HTTP/1.1" status: 200 len: 277 time: 0.0575709
2026-05-18 01:57:10.077 9 INFO neutron.plugins.ml2.drivers.ovn.mech_driver.mech_driver [None req-112924e3-7ee5-4fb4-9c83-2b3b44b912a4 - - - - - -] OVN reports status up for port: 7ec3633a-5963-45f8-9fa5-b2e2351456c6
2026-05-18 01:57:10.087 10 INFO neutron.wsgi [req-6fbe9396-6e31-4c64-8041-f717fbb1c1a3 req-86c4550b-a4a0-4c78-9a1f-1a4638b7727e 482563c3e50a4871a7b7a0056c860689 4c1fb3cc9e064e3aa1311af14731be2b - - 869e230c9c6040bc8c7ba358f0366bc5 869e230c9c6040bc8c7ba358f0366bc5] 199.204.45.216 "GET /v2.0/ports?tenant_id=541db572d2324afa95616f75acdd5c23&device_id=f24337ef-896b-439b-93c0-7c6740667957 HTTP/1.1" status: 200 len: 2565 time: 0.0849996
2026-05-18 01:57:10.097 9 INFO neutron.plugins.ml2.plugin [None req-112924e3-7ee5-4fb4-9c83-2b3b44b912a4 - - - - - -] Attempt 1 to provision port 7ec3633a-5963-45f8-9fa5-b2e2351456c6
2026-05-18 01:57:10.180 10 INFO neutron.wsgi [req-6fbe9396-6e31-4c64-8041-f717fbb1c1a3 req-c71365dc-469b-45c0-832b-f93daf4da87a 482563c3e50a4871a7b7a0056c860689 4c1fb3cc9e064e3aa1311af14731be2b - - 869e230c9c6040bc8c7ba358f0366bc5 869e230c9c6040bc8c7ba358f0366bc5] 199.204.45.216 "GET /v2.0/networks?id=3eb8d1bb-b915-4be2-b76f-f5f010977c27 HTTP/1.1" status: 200 len: 1005 time: 0.0878005
2026-05-18 01:57:10.216 10 INFO neutron.wsgi [req-6fbe9396-6e31-4c64-8041-f717fbb1c1a3 req-427cac4b-bdca-409e-b43b-0f19193ea5f9 482563c3e50a4871a7b7a0056c860689 4c1fb3cc9e064e3aa1311af14731be2b - - 869e230c9c6040bc8c7ba358f0366bc5 869e230c9c6040bc8c7ba358f0366bc5] 199.204.45.216 "GET /v2.0/floatingips?fixed_ip_address=10.1.1.14&port_id=7ec3633a-5963-45f8-9fa5-b2e2351456c6 HTTP/1.1" status: 200 len: 217 time: 0.0291822
2026-05-18 01:57:10.283 10 INFO neutron.wsgi [req-6fbe9396-6e31-4c64-8041-f717fbb1c1a3 req-cf73162a-1fc3-45b3-9977-216c6bb26fd0 482563c3e50a4871a7b7a0056c860689 4c1fb3cc9e064e3aa1311af14731be2b - - 869e230c9c6040bc8c7ba358f0366bc5 869e230c9c6040bc8c7ba358f0366bc5] 199.204.45.216 "GET /v2.0/subnets?id=48db10a5-b060-4bc1-b8e5-88511596b761 HTTP/1.1" status: 200 len: 854 time: 0.0608120
2026-05-18 01:57:10.288 10 INFO neutron.wsgi [req-72609b79-8ef8-4576-96a0-96366d31db2f req-a93d376e-404a-4016-928a-f2888b56782f 2c60b6ccd6fc4973bafcb3b18c51dfbc 541db572d2324afa95616f75acdd5c23 - - default default] 10.0.0.184 "GET /v2.0/ports/7ec3633a-5963-45f8-9fa5-b2e2351456c6 HTTP/1.1" status: 200 len: 1406 time: 0.0433600
2026-05-18 01:57:10.314 10 INFO neutron.wsgi [req-6fbe9396-6e31-4c64-8041-f717fbb1c1a3 req-a27a56af-32ce-485f-8fed-f31671c6351f 482563c3e50a4871a7b7a0056c860689 4c1fb3cc9e064e3aa1311af14731be2b - - 869e230c9c6040bc8c7ba358f0366bc5 869e230c9c6040bc8c7ba358f0366bc5] 199.204.45.216 "GET /v2.0/ports?network_id=3eb8d1bb-b915-4be2-b76f-f5f010977c27&device_owner=network%3Adhcp HTTP/1.1" status: 200 len: 210 time: 0.0245390
2026-05-18 01:57:10.346 10 INFO neutron.db.ovn_revision_numbers_db [None req-f9311feb-4065-446d-ae29-59f66fae9c41 2c60b6ccd6fc4973bafcb3b18c51dfbc 541db572d2324afa95616f75acdd5c23 - - default default] Successfully bumped revision number for resource 9dfa3d52-c31e-402d-995f-a96e73e9df4f (type: security_groups) to 1
2026-05-18 01:57:10.385 10 INFO neutron.wsgi [None req-f9311feb-4065-446d-ae29-59f66fae9c41 2c60b6ccd6fc4973bafcb3b18c51dfbc 541db572d2324afa95616f75acdd5c23 - - default default] 10.0.0.96 "GET /v2.0/security-groups?tenant_id=9c28eda905b249a7aca6fdc96eec1ade&name=default HTTP/1.1" status: 200 len: 3000 time: 0.5128014
2026-05-18 01:57:10.407 10 INFO neutron.wsgi [req-6fbe9396-6e31-4c64-8041-f717fbb1c1a3 req-df4dd9eb-8d8b-4d8f-971a-79eff337e12a 482563c3e50a4871a7b7a0056c860689 4c1fb3cc9e064e3aa1311af14731be2b - - 869e230c9c6040bc8c7ba358f0366bc5 869e230c9c6040bc8c7ba358f0366bc5] 199.204.45.216 "GET /v2.0/networks/3eb8d1bb-b915-4be2-b76f-f5f010977c27?fields=segments HTTP/1.1" status: 200 len: 212 time: 0.0810618
2026-05-18 01:57:10.497 10 INFO neutron.wsgi [req-6fbe9396-6e31-4c64-8041-f717fbb1c1a3 req-c8d255b6-5477-4b46-8f2b-2be8ea3e66d7 482563c3e50a4871a7b7a0056c860689 4c1fb3cc9e064e3aa1311af14731be2b - - 869e230c9c6040bc8c7ba358f0366bc5 869e230c9c6040bc8c7ba358f0366bc5] 199.204.45.216 "GET /v2.0/networks/3eb8d1bb-b915-4be2-b76f-f5f010977c27?fields=provider%3Aphysical_network&fields=provider%3Anetwork_type HTTP/1.1" status: 200 len: 277 time: 0.0801270
2026-05-18 01:57:10.550 9 INFO neutron.notifiers.nova [-] Nova event matching ['req-d2211f73-68e4-4d69-81fc-72073653e54c'] response: {'server_uuid': 'f24337ef-896b-439b-93c0-7c6740667957', 'name': 'network-vif-plugged', 'status': 'completed', 'tag': '7ec3633a-5963-45f8-9fa5-b2e2351456c6', 'code': 200}
2026-05-18 01:57:10.626 10 INFO neutron.wsgi [None req-4a4622c2-8c8c-410f-9680-c8cf3f5ef109 2c60b6ccd6fc4973bafcb3b18c51dfbc 541db572d2324afa95616f75acdd5c23 - - - -] 10.0.0.96 "DELETE /v2.0/security-groups/9dfa3d52-c31e-402d-995f-a96e73e9df4f HTTP/1.1" status: 204 len: 168 time: 0.2333760
2026-05-18 01:57:10.726 9 INFO neutron.db.ovn_revision_numbers_db [None req-112924e3-7ee5-4fb4-9c83-2b3b44b912a4 - - - - - -] Successfully bumped revision number for resource 7ec3633a-5963-45f8-9fa5-b2e2351456c6 (type: ports) to 4
2026-05-18 01:57:10.843 10 INFO neutron.db.ovn_revision_numbers_db [None req-697c999e-a589-4a9a-b018-2f7f221c30a6 2c60b6ccd6fc4973bafcb3b18c51dfbc 541db572d2324afa95616f75acdd5c23 - - default default] Successfully bumped revision number for resource 27c068f1-c464-45e3-bd2e-87ac74fa33c6 (type: security_groups) to 1
2026-05-18 01:57:10.862 10 INFO neutron.wsgi [None req-697c999e-a589-4a9a-b018-2f7f221c30a6 2c60b6ccd6fc4973bafcb3b18c51dfbc 541db572d2324afa95616f75acdd5c23 - - default default] 10.0.0.96 "GET /v2.0/security-groups?tenant_id=c319ef8d43a740feb77da9c5bd2590ac&name=default HTTP/1.1" status: 200 len: 3000 time: 0.1431201 /var/lib/openstack/lib/python3.10/site-packages/pycadf/identifier.py:71: UserWarning: Invalid uuid: neutron. To ensure interoperability, identifiers should be a valid uuid. warnings.warn(('Invalid uuid: %s. To ensure interoperability, '
2026-05-18 01:57:10.957 9 INFO neutron.db.ovn_revision_numbers_db [None req-c893ecfc-88f0-4094-a78e-9a9006ea5783 2c60b6ccd6fc4973bafcb3b18c51dfbc 541db572d2324afa95616f75acdd5c23 - - - -] Successfully bumped revision number for resource 7ec3633a-5963-45f8-9fa5-b2e2351456c6 (type: ports) to 5
2026-05-18 01:57:10.971 9 INFO neutron.wsgi [None req-c893ecfc-88f0-4094-a78e-9a9006ea5783 2c60b6ccd6fc4973bafcb3b18c51dfbc 541db572d2324afa95616f75acdd5c23 - - - -] 199.204.45.216 "PUT /v2.0/ports/7ec3633a-5963-45f8-9fa5-b2e2351456c6 HTTP/1.1" status: 200 len: 1439 time: 0.4215405
2026-05-18 01:57:11.007 9 INFO neutron.wsgi [None req-fd12b9d8-bda9-4d68-ab19-dcd05200412b 2c60b6ccd6fc4973bafcb3b18c51dfbc 541db572d2324afa95616f75acdd5c23 - - default default] 199.204.45.216 "GET /v2.0/security-groups?name=lb-c6e55f07-f5c9-41f0-a98f-8c557ef1aff0 HTTP/1.1" status: 200 len: 1777 time: 0.0321987
2026-05-18 01:57:11.154 9 INFO neutron.wsgi [None req-98d72692-073d-4ba4-a88b-edb5d9f8daa7 2c60b6ccd6fc4973bafcb3b18c51dfbc 541db572d2324afa95616f75acdd5c23 - - - -] 10.0.0.96 "DELETE /v2.0/security-groups/27c068f1-c464-45e3-bd2e-87ac74fa33c6 HTTP/1.1" status: 204 len: 168 time: 0.2837765
2026-05-18 01:57:11.351 9 INFO neutron.db.ovn_revision_numbers_db [None req-b0af588c-6eef-4c81-8cbc-17a81dfb0a0a 2c60b6ccd6fc4973bafcb3b18c51dfbc 541db572d2324afa95616f75acdd5c23 - - - -] Successfully bumped revision number for resource 7ec3633a-5963-45f8-9fa5-b2e2351456c6 (type: ports) to 6
2026-05-18 01:57:11.362 9 INFO neutron.wsgi [None req-b0af588c-6eef-4c81-8cbc-17a81dfb0a0a 2c60b6ccd6fc4973bafcb3b18c51dfbc 541db572d2324afa95616f75acdd5c23 - - - -] 199.204.45.216 "PUT /v2.0/ports/7ec3633a-5963-45f8-9fa5-b2e2351456c6 HTTP/1.1" status: 200 len: 1439 time: 0.3473673 /var/lib/openstack/lib/python3.10/site-packages/pycadf/identifier.py:71: UserWarning: Invalid uuid: neutron. To ensure interoperability, identifiers should be a valid uuid. warnings.warn(('Invalid uuid: %s. To ensure interoperability, '
2026-05-18 01:57:11.479 9 INFO neutron.wsgi [None req-5abe6b10-f493-4a68-96bb-b04da62921cb 2c60b6ccd6fc4973bafcb3b18c51dfbc 541db572d2324afa95616f75acdd5c23 - - default default] 199.204.45.216 "GET /v2.0/extensions/security-group HTTP/1.1" status: 200 len: 369 time: 0.0121171
2026-05-18 01:57:11.488 9 INFO neutron.wsgi [None req-607bf0b5-bb5e-4f51-aaea-9f001d74afff 2c60b6ccd6fc4973bafcb3b18c51dfbc 541db572d2324afa95616f75acdd5c23 - - default default] 199.204.45.216 "GET /v2.0/extensions/dns-integration HTTP/1.1" status: 200 len: 371 time: 0.0041525
2026-05-18 01:57:11.500 9 INFO neutron.wsgi [None req-3a06621e-7ba7-4ce0-8fdd-543a7d3c995e 2c60b6ccd6fc4973bafcb3b18c51dfbc 541db572d2324afa95616f75acdd5c23 - - default default] 199.204.45.216 "GET /v2.0/extensions/qos HTTP/1.1" status: 200 len: 365 time: 0.0067508
2026-05-18 01:57:11.513 9 INFO neutron.wsgi [None req-79bb14bc-b9db-4fe5-b3bf-4e74309db7b4 2c60b6ccd6fc4973bafcb3b18c51dfbc 541db572d2324afa95616f75acdd5c23 - - default default] 199.204.45.216 "GET /v2.0/extensions/allowed-address-pairs HTTP/1.1" status: 200 len: 383 time: 0.0070140
2026-05-18 01:57:11.557 9 INFO neutron.wsgi [None req-d81dc9d6-3ee4-4078-a2d3-aad8864a8652 2c60b6ccd6fc4973bafcb3b18c51dfbc 541db572d2324afa95616f75acdd5c23 - - default default] 199.204.45.216 "GET /v2.0/subnets/48db10a5-b060-4bc1-b8e5-88511596b761 HTTP/1.1" status: 200 len: 851 time: 0.0344431
2026-05-18 01:57:11.607 9 INFO neutron.wsgi [None req-77256947-3abd-442e-a261-69391ae39652 2c60b6ccd6fc4973bafcb3b18c51dfbc 541db572d2324afa95616f75acdd5c23 - - default default] 199.204.45.216 "GET /v2.0/ports/0cc2e06b-c926-4f14-85ed-d04f702bc757 HTTP/1.1" status: 200 len: 1332 time: 0.0320287
2026-05-18 01:57:11.638 9 INFO neutron.wsgi [None req-c117150e-c856-4716-ad21-798504b1b6bb 2c60b6ccd6fc4973bafcb3b18c51dfbc 541db572d2324afa95616f75acdd5c23 - - default default] 199.204.45.216 "GET /v2.0/ports/7ec3633a-5963-45f8-9fa5-b2e2351456c6 HTTP/1.1" status: 200 len: 1467 time: 0.0250123
2026-05-18 01:57:11.674 9 INFO neutron.wsgi [None req-a66f8f30-11d8-47a9-b7a2-029eea135b69 2c60b6ccd6fc4973bafcb3b18c51dfbc 541db572d2324afa95616f75acdd5c23 - - default default] 199.204.45.216 "GET /v2.0/subnets/48db10a5-b060-4bc1-b8e5-88511596b761 HTTP/1.1" status: 200 len: 851 time: 0.0290937
2026-05-18 01:57:11.745 9 INFO neutron.wsgi [None req-ac0a6026-de65-4777-8846-e1cf0c939406 2c60b6ccd6fc4973bafcb3b18c51dfbc 541db572d2324afa95616f75acdd5c23 - - default default] 199.204.45.216 "GET /v2.0/networks/3eb8d1bb-b915-4be2-b76f-f5f010977c27 HTTP/1.1" status: 200 len: 1002 time: 0.0638595
2026-05-18 01:57:11.781 9 INFO neutron.wsgi [None req-848b0073-9060-4d41-9f24-d05c3f1a8227 2c60b6ccd6fc4973bafcb3b18c51dfbc 541db572d2324afa95616f75acdd5c23 - - default default] 199.204.45.216 "GET /v2.0/ports/0cc2e06b-c926-4f14-85ed-d04f702bc757 HTTP/1.1" status: 200 len: 1332 time: 0.0309479
2026-05-18 01:57:11.832 9 INFO neutron.wsgi [None req-191f1325-de06-46fa-86bb-d8c1df564348 2c60b6ccd6fc4973bafcb3b18c51dfbc 541db572d2324afa95616f75acdd5c23 - - default default] 199.204.45.216 "GET /v2.0/subnets/48db10a5-b060-4bc1-b8e5-88511596b761 HTTP/1.1" status: 200 len: 851 time: 0.0422158
2026-05-18 01:57:12.784 9 INFO neutron.notifiers.nova [-] Nova event matching ['req-6137c6ff-3691-4570-9c66-18ee72050098'] response: {'server_uuid': 'f24337ef-896b-439b-93c0-7c6740667957', 'name': 'network-vif-plugged', 'status': 'completed', 'tag': '7ec3633a-5963-45f8-9fa5-b2e2351456c6', 'code': 200}
2026-05-18 01:57:12.785 9 INFO neutron.notifiers.nova [-] Nova event matching ['req-6137c6ff-3691-4570-9c66-18ee72050098'] response: {'name': 'network-changed', 'server_uuid': 'f24337ef-896b-439b-93c0-7c6740667957', 'tag': '7ec3633a-5963-45f8-9fa5-b2e2351456c6', 'status': 'completed', 'code': 200}
2026-05-18 01:57:12.785 9 INFO neutron.notifiers.nova [-] Nova event matching ['req-6137c6ff-3691-4570-9c66-18ee72050098'] response: {'name': 'network-changed', 'server_uuid': 'f24337ef-896b-439b-93c0-7c6740667957', 'tag': '7ec3633a-5963-45f8-9fa5-b2e2351456c6', 'status': 'completed', 'code': 200}
2026-05-18 01:57:12.853 10 INFO neutron.wsgi [req-fce24c9f-d090-425c-b0e5-4bb9165c8373 req-e484b809-a5ee-4e51-9929-3f8b57c9c0ea 482563c3e50a4871a7b7a0056c860689 4c1fb3cc9e064e3aa1311af14731be2b - - 869e230c9c6040bc8c7ba358f0366bc5 869e230c9c6040bc8c7ba358f0366bc5] 199.204.45.216 "GET /v2.0/ports?tenant_id=541db572d2324afa95616f75acdd5c23&device_id=f24337ef-896b-439b-93c0-7c6740667957 HTTP/1.1" status: 200 len: 2628 time: 0.0432718
2026-05-18 01:57:12.954 10 INFO neutron.wsgi [req-fce24c9f-d090-425c-b0e5-4bb9165c8373 req-1ddb47fb-c5c7-4fba-bcad-839dcd34c898 482563c3e50a4871a7b7a0056c860689 4c1fb3cc9e064e3aa1311af14731be2b - - 869e230c9c6040bc8c7ba358f0366bc5 869e230c9c6040bc8c7ba358f0366bc5] 199.204.45.216 "GET /v2.0/networks?id=3eb8d1bb-b915-4be2-b76f-f5f010977c27 HTTP/1.1" status: 200 len: 1005 time: 0.0908384
2026-05-18 01:57:12.988 10 INFO neutron.wsgi [req-fce24c9f-d090-425c-b0e5-4bb9165c8373 req-ab65e8d3-11c5-45e8-8df7-29382b0aa5a3 482563c3e50a4871a7b7a0056c860689 4c1fb3cc9e064e3aa1311af14731be2b - - 869e230c9c6040bc8c7ba358f0366bc5 869e230c9c6040bc8c7ba358f0366bc5] 199.204.45.216 "GET /v2.0/floatingips?fixed_ip_address=10.1.1.14&port_id=7ec3633a-5963-45f8-9fa5-b2e2351456c6 HTTP/1.1" status: 200 len: 217 time: 0.0281386
2026-05-18 01:57:13.028 10 INFO neutron.wsgi [req-fce24c9f-d090-425c-b0e5-4bb9165c8373 req-de179a7b-abf6-4c26-90e6-714a25e15c7c 482563c3e50a4871a7b7a0056c860689 4c1fb3cc9e064e3aa1311af14731be2b - - 869e230c9c6040bc8c7ba358f0366bc5 869e230c9c6040bc8c7ba358f0366bc5] 199.204.45.216 "GET /v2.0/subnets?id=48db10a5-b060-4bc1-b8e5-88511596b761 HTTP/1.1" status: 200 len: 854 time: 0.0332620
2026-05-18 01:57:13.061 10 INFO neutron.wsgi [req-fce24c9f-d090-425c-b0e5-4bb9165c8373 req-dcf847e3-de89-4c59-a22d-733c43d36ea6 482563c3e50a4871a7b7a0056c860689 4c1fb3cc9e064e3aa1311af14731be2b - - 869e230c9c6040bc8c7ba358f0366bc5 869e230c9c6040bc8c7ba358f0366bc5] 199.204.45.216 "GET /v2.0/ports?network_id=3eb8d1bb-b915-4be2-b76f-f5f010977c27&device_owner=network%3Adhcp HTTP/1.1" status: 200 len: 210 time: 0.0250380
2026-05-18 01:57:13.119 10 INFO neutron.wsgi [req-fce24c9f-d090-425c-b0e5-4bb9165c8373 req-2b4dfdab-b372-4902-bf89-ab6cca7e4b8a 482563c3e50a4871a7b7a0056c860689 4c1fb3cc9e064e3aa1311af14731be2b - - 869e230c9c6040bc8c7ba358f0366bc5 869e230c9c6040bc8c7ba358f0366bc5] 199.204.45.216 "GET /v2.0/networks/3eb8d1bb-b915-4be2-b76f-f5f010977c27?fields=segments HTTP/1.1" status: 200 len: 212 time: 0.0490146
2026-05-18 01:57:13.183 10 INFO neutron.wsgi [req-fce24c9f-d090-425c-b0e5-4bb9165c8373 req-e4d37905-7adc-42fd-9ea4-36fe2162fae0 482563c3e50a4871a7b7a0056c860689 4c1fb3cc9e064e3aa1311af14731be2b - - 869e230c9c6040bc8c7ba358f0366bc5 869e230c9c6040bc8c7ba358f0366bc5] 199.204.45.216 "GET /v2.0/networks/3eb8d1bb-b915-4be2-b76f-f5f010977c27?fields=provider%3Aphysical_network&fields=provider%3Anetwork_type HTTP/1.1" status: 200 len: 277 time: 0.0598009
2026-05-18 01:57:13.271 10 INFO neutron.wsgi [req-fce24c9f-d090-425c-b0e5-4bb9165c8373 req-f603f30e-47ec-4667-9849-d9511e9cbce6 482563c3e50a4871a7b7a0056c860689 4c1fb3cc9e064e3aa1311af14731be2b - - 869e230c9c6040bc8c7ba358f0366bc5 869e230c9c6040bc8c7ba358f0366bc5] 199.204.45.216 "GET /v2.0/ports?tenant_id=541db572d2324afa95616f75acdd5c23&device_id=f24337ef-896b-439b-93c0-7c6740667957 HTTP/1.1" status: 200 len: 2628 time: 0.0383806
2026-05-18 01:57:13.343 10 INFO neutron.wsgi [req-fce24c9f-d090-425c-b0e5-4bb9165c8373 req-8ba1d13a-0b1d-43e2-89a5-509fef8ddd16 482563c3e50a4871a7b7a0056c860689 4c1fb3cc9e064e3aa1311af14731be2b - - 869e230c9c6040bc8c7ba358f0366bc5 869e230c9c6040bc8c7ba358f0366bc5] 199.204.45.216 "GET /v2.0/networks?id=3eb8d1bb-b915-4be2-b76f-f5f010977c27 HTTP/1.1" status: 200 len: 1005 time: 0.0644038
2026-05-18 01:57:13.376 10 INFO neutron.wsgi [req-fce24c9f-d090-425c-b0e5-4bb9165c8373 req-dd17c7fc-82ec-41e0-ba9e-d235588c55dc 482563c3e50a4871a7b7a0056c860689 4c1fb3cc9e064e3aa1311af14731be2b - - 869e230c9c6040bc8c7ba358f0366bc5 869e230c9c6040bc8c7ba358f0366bc5] 199.204.45.216 "GET /v2.0/floatingips?fixed_ip_address=10.1.1.14&port_id=7ec3633a-5963-45f8-9fa5-b2e2351456c6 HTTP/1.1" status: 200 len: 217 time: 0.0247562
2026-05-18 01:57:13.444 10 INFO neutron.wsgi [req-fce24c9f-d090-425c-b0e5-4bb9165c8373 req-82a1f45b-3ac7-4a8f-84e6-1cdbc2a77da2 482563c3e50a4871a7b7a0056c860689 4c1fb3cc9e064e3aa1311af14731be2b - - 869e230c9c6040bc8c7ba358f0366bc5 869e230c9c6040bc8c7ba358f0366bc5] 199.204.45.216 "GET /v2.0/subnets?id=48db10a5-b060-4bc1-b8e5-88511596b761 HTTP/1.1" status: 200 len: 854 time: 0.0604277
2026-05-18 01:57:13.479 10 INFO neutron.wsgi [req-fce24c9f-d090-425c-b0e5-4bb9165c8373 req-43c2462e-294d-4c95-b740-322446e75579 482563c3e50a4871a7b7a0056c860689 4c1fb3cc9e064e3aa1311af14731be2b - - 869e230c9c6040bc8c7ba358f0366bc5 869e230c9c6040bc8c7ba358f0366bc5] 199.204.45.216 "GET /v2.0/ports?network_id=3eb8d1bb-b915-4be2-b76f-f5f010977c27&device_owner=network%3Adhcp HTTP/1.1" status: 200 len: 210 time: 0.0256443
2026-05-18 01:57:13.552 10 INFO neutron.wsgi [req-fce24c9f-d090-425c-b0e5-4bb9165c8373 req-bf0260ec-84c2-4627-8bb4-6653f170f2ff 482563c3e50a4871a7b7a0056c860689 4c1fb3cc9e064e3aa1311af14731be2b - - 869e230c9c6040bc8c7ba358f0366bc5 869e230c9c6040bc8c7ba358f0366bc5] 199.204.45.216 "GET /v2.0/networks/3eb8d1bb-b915-4be2-b76f-f5f010977c27?fields=segments HTTP/1.1" status: 200 len: 212 time: 0.0656288
2026-05-18 01:57:13.615 10 INFO neutron.wsgi [req-fce24c9f-d090-425c-b0e5-4bb9165c8373 req-0f7668c0-711b-434c-aea4-00f95a646510 482563c3e50a4871a7b7a0056c860689 4c1fb3cc9e064e3aa1311af14731be2b - - 869e230c9c6040bc8c7ba358f0366bc5 869e230c9c6040bc8c7ba358f0366bc5] 199.204.45.216 "GET /v2.0/networks/3eb8d1bb-b915-4be2-b76f-f5f010977c27?fields=provider%3Aphysical_network&fields=provider%3Anetwork_type HTTP/1.1" status: 200 len: 277 time: 0.0540609
2026-05-18 01:57:14.650 9 INFO neutron.db.ovn_revision_numbers_db [None req-e0e76aae-9c98-4fb7-9fc9-31beb2494aa9 9a1021925559439b95cdf11209769248 1db2d9796518478dae154df4af2b0bb1 - - - -] Successfully bumped revision number for resource 5218514f-3d30-4e22-b26f-7617fe50fc5d (type: security_groups) to 1
2026-05-18 01:57:14.702 9 INFO neutron.db.segments_db [None req-e0e76aae-9c98-4fb7-9fc9-31beb2494aa9 9a1021925559439b95cdf11209769248 1db2d9796518478dae154df4af2b0bb1 - - - -] Added segment 885428b3-2112-41d1-ae53-5b77a19e6082 of type geneve for network f211866e-7540-41e0-87a2-1e845f2bb2ca
2026-05-18 01:57:14.822 9 INFO neutron.db.ovn_revision_numbers_db [None req-e0e76aae-9c98-4fb7-9fc9-31beb2494aa9 9a1021925559439b95cdf11209769248 1db2d9796518478dae154df4af2b0bb1 - - - -] Successfully bumped revision number for resource f211866e-7540-41e0-87a2-1e845f2bb2ca (type: networks) to 1
2026-05-18 01:57:15.012 9 WARNING neutron.scheduler.dhcp_agent_scheduler [None req-e0e76aae-9c98-4fb7-9fc9-31beb2494aa9 9a1021925559439b95cdf11209769248 1db2d9796518478dae154df4af2b0bb1 - - - -] No more DHCP agents
2026-05-18 01:57:15.014 9 WARNING neutron.api.rpc.agentnotifiers.dhcp_rpc_agent_api [None req-e0e76aae-9c98-4fb7-9fc9-31beb2494aa9 9a1021925559439b95cdf11209769248 1db2d9796518478dae154df4af2b0bb1 - - - -] Unable to schedule network f211866e-7540-41e0-87a2-1e845f2bb2ca: no agents available; will retry on subsequent port and subnet creation events.
2026-05-18 01:57:15.076 9 INFO neutron.db.ovn_revision_numbers_db [None req-e0e76aae-9c98-4fb7-9fc9-31beb2494aa9 9a1021925559439b95cdf11209769248 1db2d9796518478dae154df4af2b0bb1 - - - -] Successfully bumped revision number for resource cf3263f2-1f23-4aa0-a680-c04fe38a14f7 (type: ports) to 1
2026-05-18 01:57:15.095 9 INFO neutron.wsgi [None req-e0e76aae-9c98-4fb7-9fc9-31beb2494aa9 9a1021925559439b95cdf11209769248 1db2d9796518478dae154df4af2b0bb1 - - - -] 10.0.0.96 "POST /v2.0/networks HTTP/1.1" status: 201 len: 830 time: 0.7127504
2026-05-18 01:57:15.346 9 WARNING neutron.scheduler.dhcp_agent_scheduler [None req-446d272d-806a-4dbf-8975-9eab39e30bca 9a1021925559439b95cdf11209769248 1db2d9796518478dae154df4af2b0bb1 - - - -] No more DHCP agents
2026-05-18 01:57:15.352 9 WARNING neutron.api.rpc.agentnotifiers.dhcp_rpc_agent_api [None req-446d272d-806a-4dbf-8975-9eab39e30bca 9a1021925559439b95cdf11209769248 1db2d9796518478dae154df4af2b0bb1 - - - -] Unable to schedule network f211866e-7540-41e0-87a2-1e845f2bb2ca: no agents available; will retry on subsequent port and subnet creation events.
2026-05-18 01:57:15.757 9 INFO neutron.db.ovn_revision_numbers_db [None req-446d272d-806a-4dbf-8975-9eab39e30bca 9a1021925559439b95cdf11209769248 1db2d9796518478dae154df4af2b0bb1 - - - -] Successfully bumped revision number for resource cf3263f2-1f23-4aa0-a680-c04fe38a14f7 (type: ports) to 2
2026-05-18 01:57:15.771 9 INFO neutron.db.ovn_revision_numbers_db [None req-446d272d-806a-4dbf-8975-9eab39e30bca 9a1021925559439b95cdf11209769248 1db2d9796518478dae154df4af2b0bb1 - - - -] Successfully bumped revision number for resource d7644516-e8f6-4608-be76-0da172627737 (type: subnets) to 0
2026-05-18 01:57:15.786 9 INFO neutron.wsgi [None req-446d272d-806a-4dbf-8975-9eab39e30bca 9a1021925559439b95cdf11209769248 1db2d9796518478dae154df4af2b0bb1 - - - -] 10.0.0.96 "POST /v2.0/subnets HTTP/1.1" status: 201 len: 801 time: 0.6851158
2026-05-18 01:57:15.832 9 INFO neutron.wsgi [None req-9ac6207a-b0f8-44ab-8375-2362f88a7b3d 9a1021925559439b95cdf11209769248 1db2d9796518478dae154df4af2b0bb1 - - - -] 10.0.0.96 "PUT /v2.0/subnets/d7644516-e8f6-4608-be76-0da172627737/tags HTTP/1.1" status: 200 len: 218 time: 0.0404389
2026-05-18 01:57:15.869 9 INFO neutron.wsgi [None req-f7bd7c2b-b236-40dd-b9b7-daec4862a0f0 9a1021925559439b95cdf11209769248 1db2d9796518478dae154df4af2b0bb1 - - default default] 10.0.0.96 "GET /v2.0/subnets/d7644516-e8f6-4608-be76-0da172627737/tags HTTP/1.1" status: 200 len: 218 time: 0.0329492
2026-05-18 01:57:15.916 9 INFO neutron.wsgi [None req-e32fda1a-c19f-483d-9aa8-970e726f7fb3 9a1021925559439b95cdf11209769248 1db2d9796518478dae154df4af2b0bb1 - - - -] 10.0.0.96 "PUT /v2.0/subnets/d7644516-e8f6-4608-be76-0da172627737/tags/green HTTP/1.1" status: 201 len: 201 time: 0.0420163
2026-05-18 01:57:15.951 9 INFO neutron.wsgi [None req-29d79ee9-e32f-44b5-b7ac-027f89e99b02 9a1021925559439b95cdf11209769248 1db2d9796518478dae154df4af2b0bb1 - - default default] 10.0.0.96 "GET /v2.0/subnets/d7644516-e8f6-4608-be76-0da172627737/tags HTTP/1.1" status: 200 len: 227 time: 0.0318139
2026-05-18 01:57:15.989 9 INFO neutron.wsgi [None req-5723b77a-67bc-4a5b-b0d5-5f21b1892e6e 9a1021925559439b95cdf11209769248 1db2d9796518478dae154df4af2b0bb1 - - - -] 10.0.0.96 "PUT /v2.0/subnets/d7644516-e8f6-4608-be76-0da172627737/tags/red HTTP/1.1" status: 201 len: 201 time: 0.0334888
2026-05-18 01:57:16.048 10 INFO neutron.wsgi [None req-09401867-dd76-4872-abd0-fb67986d6eb5 9a1021925559439b95cdf11209769248 1db2d9796518478dae154df4af2b0bb1 - - default default] 10.0.0.96 "GET /v2.0/subnets/d7644516-e8f6-4608-be76-0da172627737/tags HTTP/1.1" status: 200 len: 227 time: 0.0535553
2026-05-18 01:57:16.094 10 INFO neutron.wsgi [None req-8119eec0-e7b4-4ae5-b2df-88d6083a39ed 9a1021925559439b95cdf11209769248 1db2d9796518478dae154df4af2b0bb1 - - - -] 10.0.0.96 "PUT /v2.0/subnets/d7644516-e8f6-4608-be76-0da172627737/tags/black.or.white HTTP/1.1" status: 201 len: 201 time: 0.0418465
2026-05-18 01:57:16.131 10 INFO neutron.wsgi [None req-62791b94-ba66-4e9c-b050-919dfa7b1430 9a1021925559439b95cdf11209769248 1db2d9796518478dae154df4af2b0bb1 - - default default] 10.0.0.96 "GET /v2.0/subnets/d7644516-e8f6-4608-be76-0da172627737/tags HTTP/1.1" status: 200 len: 245 time: 0.0319800
2026-05-18 01:57:16.180 10 INFO neutron.wsgi [None req-cf703919-14e2-4146-86ac-91468f708078 9a1021925559439b95cdf11209769248 1db2d9796518478dae154df4af2b0bb1 - - - -] 10.0.0.96 "PUT /v2.0/subnets/d7644516-e8f6-4608-be76-0da172627737/tags HTTP/1.1" status: 200 len: 230 time: 0.0438774
2026-05-18 01:57:16.216 10 INFO neutron.wsgi [None req-1cfff39d-8c3e-42b5-b644-c7ee9c2f4dd8 9a1021925559439b95cdf11209769248 1db2d9796518478dae154df4af2b0bb1 - - default default] 10.0.0.96 "GET /v2.0/subnets/d7644516-e8f6-4608-be76-0da172627737/tags HTTP/1.1" status: 200 len: 230 time: 0.0317822
2026-05-18 01:57:16.264 10 INFO neutron.wsgi [None req-f544fcc4-cfbc-4acf-82b6-98b77b7f7a61 9a1021925559439b95cdf11209769248 1db2d9796518478dae154df4af2b0bb1 - - default default] 10.0.0.96 "GET /v2.0/subnets/d7644516-e8f6-4608-be76-0da172627737/tags/red HTTP/1.1" status: 204 len: 168 time: 0.0431144
2026-05-18 01:57:16.305 10 INFO neutron.api.v2.resource [None req-a7e7f19e-ce83-40c8-8165-ca3ec8fb9777 9a1021925559439b95cdf11209769248 1db2d9796518478dae154df4af2b0bb1 - - default default] show failed (client error): The resource could not be found.
2026-05-18 01:57:16.307 10 INFO neutron.wsgi [None req-a7e7f19e-ce83-40c8-8165-ca3ec8fb9777 9a1021925559439b95cdf11209769248 1db2d9796518478dae154df4af2b0bb1 - - default default] 10.0.0.96 "GET /v2.0/subnets/d7644516-e8f6-4608-be76-0da172627737/tags/green HTTP/1.1" status: 404 len: 299 time: 0.0382884
2026-05-18 01:57:16.358 10 INFO neutron.wsgi [None req-172df42c-73b5-48b0-8743-ca9133d0ab17 9a1021925559439b95cdf11209769248 1db2d9796518478dae154df4af2b0bb1 - - - -] 10.0.0.96 "DELETE /v2.0/subnets/d7644516-e8f6-4608-be76-0da172627737/tags/red HTTP/1.1" status: 204 len: 168 time: 0.0465746
2026-05-18 01:57:16.394 10 INFO neutron.wsgi [None req-b3a3ed11-d019-4ca5-af28-88ab0a441dd1 9a1021925559439b95cdf11209769248 1db2d9796518478dae154df4af2b0bb1 - - default default] 10.0.0.96 "GET /v2.0/subnets/d7644516-e8f6-4608-be76-0da172627737/tags HTTP/1.1" status: 200 len: 223 time: 0.0317864
2026-05-18 01:57:16.434 10 INFO neutron.api.v2.resource [None req-41773812-b992-42e6-b3f9-4c71e49813eb 9a1021925559439b95cdf11209769248 1db2d9796518478dae154df4af2b0bb1 - - - -] delete failed (client error): The resource could not be found.
2026-05-18 01:57:16.435 10 INFO neutron.wsgi [None req-41773812-b992-42e6-b3f9-4c71e49813eb 9a1021925559439b95cdf11209769248 1db2d9796518478dae154df4af2b0bb1 - - - -] 10.0.0.96 "DELETE /v2.0/subnets/d7644516-e8f6-4608-be76-0da172627737/tags/green HTTP/1.1" status: 404 len: 299 time: 0.0364401
2026-05-18 01:57:16.487 9 INFO neutron.wsgi [None req-7c7add4f-f8de-441f-9e30-59790ad4fd03 9a1021925559439b95cdf11209769248 1db2d9796518478dae154df4af2b0bb1 - - - -] 10.0.0.96 "DELETE /v2.0/subnets/d7644516-e8f6-4608-be76-0da172627737/tags HTTP/1.1" status: 204 len: 168 time: 0.0453355
2026-05-18 01:57:16.527 9 INFO neutron.wsgi [None req-dc82e05d-08a2-428d-8251-053cbafd3f8a 9a1021925559439b95cdf11209769248 1db2d9796518478dae154df4af2b0bb1 - - default default] 10.0.0.96 "GET /v2.0/subnets/d7644516-e8f6-4608-be76-0da172627737/tags HTTP/1.1" status: 200 len: 205 time: 0.0339246
2026-05-18 01:57:16.771 10 INFO neutron.wsgi [None req-f7f27e7b-7751-41d2-9e22-b19ee1d463db 9a1021925559439b95cdf11209769248 1db2d9796518478dae154df4af2b0bb1 - - - -] 10.0.0.96 "DELETE /v2.0/subnets/d7644516-e8f6-4608-be76-0da172627737 HTTP/1.1" status: 204 len: 168 time: 0.2370820
2026-05-18 01:57:17.170 10 INFO neutron.wsgi [None req-570ca1da-9fd4-4e5a-9c6e-c8cf236e7993 9a1021925559439b95cdf11209769248 1db2d9796518478dae154df4af2b0bb1 - - - -] 10.0.0.96 "DELETE /v2.0/networks/f211866e-7540-41e0-87a2-1e845f2bb2ca HTTP/1.1" status: 204 len: 168 time: 0.3932559
2026-05-18 01:57:17.239 10 INFO neutron.services.segments.plugin [-] Segment 885428b3-2112-41d1-ae53-5b77a19e6082 resource provider aggregate not found
2026-05-18 01:57:17.248 10 INFO neutron.services.segments.plugin [-] Segment 885428b3-2112-41d1-ae53-5b77a19e6082 resource provider aggregate not found
2026-05-18 01:57:17.266 10 INFO neutron.services.segments.plugin [-] Segment 885428b3-2112-41d1-ae53-5b77a19e6082 resource provider not found; error: Placement Client Error (4xx): {"errors": [{"status": 404, "title": "Not Found", "detail": "The resource could not be found.\n\n No resource provider with uuid 885428b3-2112-41d1-ae53-5b77a19e6082 found for delete ", "request_id": "req-14f57624-2a70-4b59-8092-884aafe8fa85"}]}
2026-05-18 01:57:17.276 10 INFO neutron.services.segments.plugin [-] Segment 885428b3-2112-41d1-ae53-5b77a19e6082 resource provider not found; error: Placement Client Error (4xx): {"errors": [{"status": 404, "title": "Not Found", "detail": "The resource could not be found.\n\n No resource provider with uuid 885428b3-2112-41d1-ae53-5b77a19e6082 found for delete ", "request_id": "req-03a9f215-b8de-4a08-bd03-f6f1b055ad29"}]}
2026-05-18 01:57:18.016 9 INFO neutron.db.ovn_revision_numbers_db [None req-e2241724-654c-4698-b533-1ba78b201a9f 2c60b6ccd6fc4973bafcb3b18c51dfbc 541db572d2324afa95616f75acdd5c23 - - default default] Successfully bumped revision number for resource 0751bbe3-d1cf-4717-ba78-2880bff0d83f (type: security_groups) to 1
2026-05-18 01:57:18.041 9 INFO neutron.wsgi [None req-e2241724-654c-4698-b533-1ba78b201a9f 2c60b6ccd6fc4973bafcb3b18c51dfbc 541db572d2324afa95616f75acdd5c23 - - default default] 10.0.0.96 "GET /v2.0/security-groups?tenant_id=6325be3fd2334c92bcc05b616140eeb1&name=default HTTP/1.1" status: 200 len: 3000 time: 0.2222536
2026-05-18 01:57:18.218 9 INFO neutron.wsgi [None req-3ae26581-e86f-400a-833f-e0a964785c81 2c60b6ccd6fc4973bafcb3b18c51dfbc 541db572d2324afa95616f75acdd5c23 - - - -] 10.0.0.96 "DELETE /v2.0/security-groups/0751bbe3-d1cf-4717-ba78-2880bff0d83f HTTP/1.1" status: 204 len: 168 time: 0.1740973
2026-05-18 01:57:18.352 10 INFO neutron.wsgi [None req-a536405f-7081-4813-998e-ccd346b8e10c 2c60b6ccd6fc4973bafcb3b18c51dfbc 541db572d2324afa95616f75acdd5c23 - - default default] 10.0.0.96 "GET /v2.0/security-groups?tenant_id=1db2d9796518478dae154df4af2b0bb1&name=default HTTP/1.1" status: 200 len: 3000 time: 0.0358319
2026-05-18 01:57:18.532 10 INFO neutron.wsgi [None req-3302bbb5-7f1b-4b18-9e96-12f5cd1709b2 2c60b6ccd6fc4973bafcb3b18c51dfbc 541db572d2324afa95616f75acdd5c23 - - - -] 10.0.0.96 "DELETE /v2.0/security-groups/5218514f-3d30-4e22-b26f-7617fe50fc5d HTTP/1.1" status: 204 len: 168 time: 0.1757584
2026-05-18 01:57:18.858 10 WARNING neutron.scheduler.dhcp_agent_scheduler [None req-ea2ca109-bc42-4989-b206-852d9e4fdad1 24c50508f2654adaadbc244a66d9e27d e7d957023e294fbabe899ddf4f5cc1b8 - - - -] No more DHCP agents
2026-05-18 01:57:18.860 10 WARNING neutron.api.rpc.agentnotifiers.dhcp_rpc_agent_api [None req-ea2ca109-bc42-4989-b206-852d9e4fdad1 24c50508f2654adaadbc244a66d9e27d e7d957023e294fbabe899ddf4f5cc1b8 - - - -] Unable to schedule network 1789723b-4cd4-4985-abb8-7edd76d122e7: no agents available; will retry on subsequent port and subnet creation events.
2026-05-18 01:57:19.268 10 INFO neutron.db.l3_db [None req-ea2ca109-bc42-4989-b206-852d9e4fdad1 24c50508f2654adaadbc244a66d9e27d e7d957023e294fbabe899ddf4f5cc1b8 - - - -] Floating IP 20aa3ca4-7ece-4695-a129-fff9709b6235 associated. External IP: 10.96.250.208, port: 0cc2e06b-c926-4f14-85ed-d04f702bc757.
2026-05-18 01:57:19.433 10 INFO neutron.db.ovn_revision_numbers_db [None req-ea2ca109-bc42-4989-b206-852d9e4fdad1 24c50508f2654adaadbc244a66d9e27d e7d957023e294fbabe899ddf4f5cc1b8 - - - -] Successfully bumped revision number for resource 20aa3ca4-7ece-4695-a129-fff9709b6235 (type: floatingips) to 0
2026-05-18 01:57:19.536 10 INFO neutron.db.ovn_revision_numbers_db [None req-ea2ca109-bc42-4989-b206-852d9e4fdad1 24c50508f2654adaadbc244a66d9e27d e7d957023e294fbabe899ddf4f5cc1b8 - - - -] Successfully bumped revision number for resource 20aa3ca4-7ece-4695-a129-fff9709b6235 (type: floatingips) to 1
2026-05-18 01:57:19.570 10 INFO neutron.wsgi [None req-ea2ca109-bc42-4989-b206-852d9e4fdad1 24c50508f2654adaadbc244a66d9e27d e7d957023e294fbabe899ddf4f5cc1b8 - - - -] 10.0.0.96 "POST /v2.0/floatingips HTTP/1.1" status: 201 len: 1098 time: 0.9842465
2026-05-18 01:57:19.876 10 INFO neutron.wsgi [-] 10.0.0.138 "GET / HTTP/1.1" status: 200 len: 247 time: 0.0017874
2026-05-18 01:57:19.876 9 INFO neutron.wsgi [-] 10.0.0.138 "GET / HTTP/1.1" status: 200 len: 247 time: 0.0022399
2026-05-18 01:57:21.993 10 INFO neutron.db.ovn_revision_numbers_db [None req-cd8e29de-2075-43be-aab0-3a5c0b4a3d5d ac5cb0f0ebc84bd8ab0fe284c868eb18 a2f9e90f2bd94a9e8693e677d62f8f13 - - - -] Successfully bumped revision number for resource 90605f00-615b-426c-bcc0-42a7ea913a85 (type: security_groups) to 1
2026-05-18 01:57:22.055 10 INFO neutron.db.segments_db [None req-cd8e29de-2075-43be-aab0-3a5c0b4a3d5d ac5cb0f0ebc84bd8ab0fe284c868eb18 a2f9e90f2bd94a9e8693e677d62f8f13 - - - -] Added segment 68e9c214-bac7-498b-b955-440c048995c7 of type geneve for network dd07af81-53e1-42b1-a199-992c70e8437a
2026-05-18 01:57:22.489 10 INFO neutron.db.ovn_revision_numbers_db [None req-cd8e29de-2075-43be-aab0-3a5c0b4a3d5d ac5cb0f0ebc84bd8ab0fe284c868eb18 a2f9e90f2bd94a9e8693e677d62f8f13 - - - -] Successfully bumped revision number for resource dd07af81-53e1-42b1-a199-992c70e8437a (type: networks) to 1
2026-05-18 01:57:22.562 10 INFO neutron.plugins.ml2.drivers.ovn.mech_driver.mech_driver [None req-b5e345bd-f316-4f6d-9b0e-09c747b0f037 - - - - - -] OVN reports status up for port: 0cc2e06b-c926-4f14-85ed-d04f702bc757
2026-05-18 01:57:22.576 10 INFO neutron.plugins.ml2.plugin [None req-b5e345bd-f316-4f6d-9b0e-09c747b0f037 - - - - - -] Attempt 1 to provision port 0cc2e06b-c926-4f14-85ed-d04f702bc757
2026-05-18 01:57:22.694 10 WARNING neutron.scheduler.dhcp_agent_scheduler [None req-cd8e29de-2075-43be-aab0-3a5c0b4a3d5d ac5cb0f0ebc84bd8ab0fe284c868eb18 a2f9e90f2bd94a9e8693e677d62f8f13 - - - -] No more DHCP agents
2026-05-18 01:57:22.696 10 WARNING neutron.api.rpc.agentnotifiers.dhcp_rpc_agent_api [None req-cd8e29de-2075-43be-aab0-3a5c0b4a3d5d ac5cb0f0ebc84bd8ab0fe284c868eb18 a2f9e90f2bd94a9e8693e677d62f8f13 - - - -] Unable to schedule network dd07af81-53e1-42b1-a199-992c70e8437a: no agents available; will retry on subsequent port and subnet creation events.
2026-05-18 01:57:22.767 10 INFO neutron.db.ovn_revision_numbers_db [None req-cd8e29de-2075-43be-aab0-3a5c0b4a3d5d ac5cb0f0ebc84bd8ab0fe284c868eb18 a2f9e90f2bd94a9e8693e677d62f8f13 - - - -] Successfully bumped revision number for resource ea264127-aff8-4bc3-a281-a38fd6c9a39a (type: ports) to 1
2026-05-18 01:57:22.787 10 INFO neutron.wsgi [None req-cd8e29de-2075-43be-aab0-3a5c0b4a3d5d ac5cb0f0ebc84bd8ab0fe284c868eb18 a2f9e90f2bd94a9e8693e677d62f8f13 - - - -] 10.0.0.96 "POST /v2.0/networks HTTP/1.1" status: 201 len: 830 time: 1.0996888
2026-05-18 01:57:23.010 10 WARNING neutron.scheduler.dhcp_agent_scheduler [None req-224867e4-b5c1-4c8f-a7db-51c92b835d71 ac5cb0f0ebc84bd8ab0fe284c868eb18 a2f9e90f2bd94a9e8693e677d62f8f13 - - - -] No more DHCP agents
2026-05-18 01:57:23.013 10 WARNING neutron.api.rpc.agentnotifiers.dhcp_rpc_agent_api [None req-224867e4-b5c1-4c8f-a7db-51c92b835d71 ac5cb0f0ebc84bd8ab0fe284c868eb18 a2f9e90f2bd94a9e8693e677d62f8f13 - - - -] Unable to schedule network dd07af81-53e1-42b1-a199-992c70e8437a: no agents available; will retry on subsequent port and subnet creation events.
2026-05-18 01:57:23.072 10 INFO neutron.db.ovn_revision_numbers_db [None req-224867e4-b5c1-4c8f-a7db-51c92b835d71 ac5cb0f0ebc84bd8ab0fe284c868eb18 a2f9e90f2bd94a9e8693e677d62f8f13 - - - -] Successfully bumped revision number for resource 6cf49ba6-1334-451a-8491-3b40b304c599 (type: ports) to 1
2026-05-18 01:57:23.094 10 INFO neutron.wsgi [None req-224867e4-b5c1-4c8f-a7db-51c92b835d71 ac5cb0f0ebc84bd8ab0fe284c868eb18 a2f9e90f2bd94a9e8693e677d62f8f13 - - - -] 10.0.0.96 "POST /v2.0/ports HTTP/1.1" status: 201 len: 942 time: 0.3017657 /var/lib/openstack/lib/python3.10/site-packages/pycadf/identifier.py:71: UserWarning: Invalid uuid: neutron. To ensure interoperability, identifiers should be a valid uuid. warnings.warn(('Invalid uuid: %s. To ensure interoperability, ' /var/lib/openstack/lib/python3.10/site-packages/pycadf/identifier.py:71: UserWarning: Invalid uuid: neutron. To ensure interoperability, identifiers should be a valid uuid. warnings.warn(('Invalid uuid: %s. To ensure interoperability, '
2026-05-18 01:57:23.123 9 INFO neutron.wsgi [None req-6919ba1d-1e0d-4a06-bd46-9a7ee2748e78 2c60b6ccd6fc4973bafcb3b18c51dfbc 541db572d2324afa95616f75acdd5c23 - - default default] 199.204.45.216 "GET /v2.0/extensions/security-group HTTP/1.1" status: 200 len: 369 time: 0.0512674
2026-05-18 01:57:23.132 9 INFO neutron.wsgi [None req-8426b2f1-8871-4a04-9d8b-68b2df5ca44f 2c60b6ccd6fc4973bafcb3b18c51dfbc 541db572d2324afa95616f75acdd5c23 - - default default] 199.204.45.216 "GET /v2.0/extensions/dns-integration HTTP/1.1" status: 200 len: 371 time: 0.0040557
2026-05-18 01:57:23.144 9 INFO neutron.wsgi [None req-ae21a14e-cb87-4d62-95d8-0e94d91ba1e4 2c60b6ccd6fc4973bafcb3b18c51dfbc 541db572d2324afa95616f75acdd5c23 - - default default] 199.204.45.216 "GET /v2.0/extensions/qos HTTP/1.1" status: 200 len: 365 time: 0.0079825
2026-05-18 01:57:23.155 9 INFO neutron.wsgi [None req-f5314fec-5191-4446-b57a-e7faea69cc23 2c60b6ccd6fc4973bafcb3b18c51dfbc 541db572d2324afa95616f75acdd5c23 - - default default] 199.204.45.216 "GET /v2.0/extensions/allowed-address-pairs HTTP/1.1" status: 200 len: 383 time: 0.0039172
2026-05-18 01:57:23.294 9 INFO neutron.wsgi [None req-989cf62c-ff3c-4fcd-ab4f-07edf9d349f8 2c60b6ccd6fc4973bafcb3b18c51dfbc 541db572d2324afa95616f75acdd5c23 - - default default] 199.204.45.216 "GET /v2.0/security-groups?name=lb-c6e55f07-f5c9-41f0-a98f-8c557ef1aff0 HTTP/1.1" status: 200 len: 1777 time: 0.0322766
2026-05-18 01:57:23.321 10 INFO neutron.wsgi [None req-dfd94070-2f75-401b-b3e9-5d47bfa96c8e ac5cb0f0ebc84bd8ab0fe284c868eb18 a2f9e90f2bd94a9e8693e677d62f8f13 - - - -] 10.0.0.96 "POST /v2.0/trunks HTTP/1.1" status: 201 len: 608 time: 0.2219565
2026-05-18 01:57:23.325 9 INFO neutron.wsgi [None req-5d543818-e001-4d08-a5e2-64232eb8ee16 2c60b6ccd6fc4973bafcb3b18c51dfbc 541db572d2324afa95616f75acdd5c23 - - default default] 199.204.45.216 "GET /v2.0/security-group-rules?security_group_id=7d7c3033-5a24-45ae-88c6-cbf6e7530faf HTTP/1.1" status: 200 len: 1318 time: 0.0240216
2026-05-18 01:57:23.371 9 INFO neutron.wsgi [None req-53e63645-372b-4d97-9fc8-d3d606dafa0a ac5cb0f0ebc84bd8ab0fe284c868eb18 a2f9e90f2bd94a9e8693e677d62f8f13 - - - -] 10.0.0.96 "PUT /v2.0/trunks/3144b2e2-27e9-424b-9a56-3bb27ea1a888/tags HTTP/1.1" status: 200 len: 218 time: 0.0436430
2026-05-18 01:57:23.398 10 INFO neutron.wsgi [None req-e0c93c3f-8cf8-4979-bfec-0fb468c3271b ac5cb0f0ebc84bd8ab0fe284c868eb18 a2f9e90f2bd94a9e8693e677d62f8f13 - - default default] 10.0.0.96 "GET /v2.0/trunks/3144b2e2-27e9-424b-9a56-3bb27ea1a888/tags HTTP/1.1" status: 200 len: 218 time: 0.0217893
2026-05-18 01:57:23.439 10 INFO neutron.wsgi [None req-d8be7dfa-5790-47cc-9055-10eb8e3620fa ac5cb0f0ebc84bd8ab0fe284c868eb18 a2f9e90f2bd94a9e8693e677d62f8f13 - - - -] 10.0.0.96 "PUT /v2.0/trunks/3144b2e2-27e9-424b-9a56-3bb27ea1a888/tags/green HTTP/1.1" status: 201 len: 201 time: 0.0362833
2026-05-18 01:57:23.463 10 INFO neutron.wsgi [None req-478b4c62-5acb-4b4d-9d36-b94f4b61a689 ac5cb0f0ebc84bd8ab0fe284c868eb18 a2f9e90f2bd94a9e8693e677d62f8f13 - - default default] 10.0.0.96 "GET /v2.0/trunks/3144b2e2-27e9-424b-9a56-3bb27ea1a888/tags HTTP/1.1" status: 200 len: 227 time: 0.0185552
2026-05-18 01:57:23.470 9 INFO neutron.db.ovn_revision_numbers_db [None req-2b8c9317-d65e-4f4c-a8c1-f079b28eb1c9 2c60b6ccd6fc4973bafcb3b18c51dfbc 541db572d2324afa95616f75acdd5c23 - - - -] Successfully bumped revision number for resource 491779a3-026e-4f9b-bf5f-45c667ca45d8 (type: security_group_rules) to 0
2026-05-18 01:57:23.480 10 INFO neutron.wsgi [None req-e4baca5e-fba5-4646-a81d-67b8ec212a86 ac5cb0f0ebc84bd8ab0fe284c868eb18 a2f9e90f2bd94a9e8693e677d62f8f13 - - - -] 10.0.0.96 "PUT /v2.0/trunks/3144b2e2-27e9-424b-9a56-3bb27ea1a888/tags/red HTTP/1.1" status: 201 len: 201 time: 0.0132179
2026-05-18 01:57:23.501 10 INFO neutron.wsgi [None req-a9b318c3-1d1d-4ab5-9d88-ed7b59b6a630 ac5cb0f0ebc84bd8ab0fe284c868eb18 a2f9e90f2bd94a9e8693e677d62f8f13 - - default default] 10.0.0.96 "GET /v2.0/trunks/3144b2e2-27e9-424b-9a56-3bb27ea1a888/tags HTTP/1.1" status: 200 len: 227 time: 0.0166640
2026-05-18 01:57:23.510 9 INFO neutron.wsgi [None req-2b8c9317-d65e-4f4c-a8c1-f079b28eb1c9 2c60b6ccd6fc4973bafcb3b18c51dfbc 541db572d2324afa95616f75acdd5c23 - - - -] 199.204.45.216 "POST /v2.0/security-group-rules HTTP/1.1" status: 201 len: 769 time: 0.1753910
2026-05-18 01:57:23.547 9 INFO neutron.wsgi [None req-9f5ab414-63c9-4498-a55b-4b01415c66ff ac5cb0f0ebc84bd8ab0fe284c868eb18 a2f9e90f2bd94a9e8693e677d62f8f13 - - - -] 10.0.0.96 "PUT /v2.0/trunks/3144b2e2-27e9-424b-9a56-3bb27ea1a888/tags/black.or.white HTTP/1.1" status: 201 len: 201 time: 0.0401337
2026-05-18 01:57:23.568 10 INFO neutron.wsgi [None req-1d033f9e-f176-4d6c-b5c9-656e5de4bdf5 ac5cb0f0ebc84bd8ab0fe284c868eb18 a2f9e90f2bd94a9e8693e677d62f8f13 - - default default] 10.0.0.96 "GET /v2.0/trunks/3144b2e2-27e9-424b-9a56-3bb27ea1a888/tags HTTP/1.1" status: 200 len: 245 time: 0.0160615
2026-05-18 01:57:23.606 10 INFO neutron.wsgi [None req-41fc8a4a-28f7-4d96-abff-b71c432a6ee6 ac5cb0f0ebc84bd8ab0fe284c868eb18 a2f9e90f2bd94a9e8693e677d62f8f13 - - - -] 10.0.0.96 "PUT /v2.0/trunks/3144b2e2-27e9-424b-9a56-3bb27ea1a888/tags HTTP/1.1" status: 200 len: 230 time: 0.0329173
2026-05-18 01:57:23.631 9 INFO neutron.db.ovn_revision_numbers_db [None req-6b267c3e-dd5a-4f91-a8d7-8ce62a231941 2c60b6ccd6fc4973bafcb3b18c51dfbc 541db572d2324afa95616f75acdd5c23 - - - -] Successfully bumped revision number for resource 7e3a59d1-f4dc-40c6-ae7d-0d3c26f1f773 (type: security_group_rules) to 0
2026-05-18 01:57:23.632 10 INFO neutron.wsgi [None req-207b206e-73de-461f-bae2-056add4e05bc ac5cb0f0ebc84bd8ab0fe284c868eb18 a2f9e90f2bd94a9e8693e677d62f8f13 - - default default] 10.0.0.96 "GET /v2.0/trunks/3144b2e2-27e9-424b-9a56-3bb27ea1a888/tags HTTP/1.1" status: 200 len: 230 time: 0.0204501
2026-05-18 01:57:23.653 10 INFO neutron.wsgi [None req-df69ba98-b3b7-46f7-b696-da88ab44f852 ac5cb0f0ebc84bd8ab0fe284c868eb18 a2f9e90f2bd94a9e8693e677d62f8f13 - - default default] 10.0.0.96 "GET /v2.0/trunks/3144b2e2-27e9-424b-9a56-3bb27ea1a888/tags/red HTTP/1.1" status: 204 len: 168 time: 0.0152733
2026-05-18 01:57:23.660 9 INFO neutron.wsgi [None req-6b267c3e-dd5a-4f91-a8d7-8ce62a231941 2c60b6ccd6fc4973bafcb3b18c51dfbc 541db572d2324afa95616f75acdd5c23 - - - -] 199.204.45.216 "POST /v2.0/security-group-rules HTTP/1.1" status: 201 len: 773 time: 0.1451459
2026-05-18 01:57:23.672 10 INFO neutron.api.v2.resource [None req-cb763a64-fc65-4ea9-b1b6-85a2324781b0 ac5cb0f0ebc84bd8ab0fe284c868eb18 a2f9e90f2bd94a9e8693e677d62f8f13 - - default default] show failed (client error): The resource could not be found.
2026-05-18 01:57:23.675 10 INFO neutron.wsgi [None req-cb763a64-fc65-4ea9-b1b6-85a2324781b0 ac5cb0f0ebc84bd8ab0fe284c868eb18 a2f9e90f2bd94a9e8693e677d62f8f13 - - default default] 10.0.0.96 "GET /v2.0/trunks/3144b2e2-27e9-424b-9a56-3bb27ea1a888/tags/green HTTP/1.1" status: 404 len: 299 time: 0.0183592
2026-05-18 01:57:23.704 9 INFO neutron.wsgi [None req-2fbeebe3-9ba3-4946-8151-6cc26a593815 ac5cb0f0ebc84bd8ab0fe284c868eb18 a2f9e90f2bd94a9e8693e677d62f8f13 - - - -] 10.0.0.96 "DELETE /v2.0/trunks/3144b2e2-27e9-424b-9a56-3bb27ea1a888/tags/red HTTP/1.1" status: 204 len: 168 time: 0.0255871
2026-05-18 01:57:23.731 9 INFO neutron.wsgi [None req-4491edfb-2ae4-4c40-bd1b-542d48e63964 ac5cb0f0ebc84bd8ab0fe284c868eb18 a2f9e90f2bd94a9e8693e677d62f8f13 - - default default] 10.0.0.96 "GET /v2.0/trunks/3144b2e2-27e9-424b-9a56-3bb27ea1a888/tags HTTP/1.1" status: 200 len: 223 time: 0.0150130
2026-05-18 01:57:23.750 9 INFO neutron.api.v2.resource [None req-4ff388c2-2211-489a-a1c7-2b38beae05a5 ac5cb0f0ebc84bd8ab0fe284c868eb18 a2f9e90f2bd94a9e8693e677d62f8f13 - - - -] delete failed (client error): The resource could not be found.
2026-05-18 01:57:23.751 9 INFO neutron.wsgi [None req-4ff388c2-2211-489a-a1c7-2b38beae05a5 ac5cb0f0ebc84bd8ab0fe284c868eb18 a2f9e90f2bd94a9e8693e677d62f8f13 - - - -] 10.0.0.96 "DELETE /v2.0/trunks/3144b2e2-27e9-424b-9a56-3bb27ea1a888/tags/green HTTP/1.1" status: 404 len: 299 time: 0.0146530
2026-05-18 01:57:23.782 9 INFO neutron.wsgi [None req-fc947f11-7275-423d-b20f-457bccef0d91 ac5cb0f0ebc84bd8ab0fe284c868eb18 a2f9e90f2bd94a9e8693e677d62f8f13 - - - -] 10.0.0.96 "DELETE /v2.0/trunks/3144b2e2-27e9-424b-9a56-3bb27ea1a888/tags HTTP/1.1" status: 204 len: 168 time: 0.0258441
2026-05-18 01:57:23.800 9 INFO neutron.wsgi [None req-cab0e617-ff88-457e-a0b7-2b6c46807d33 ac5cb0f0ebc84bd8ab0fe284c868eb18 a2f9e90f2bd94a9e8693e677d62f8f13 - - default default] 10.0.0.96 "GET /v2.0/trunks/3144b2e2-27e9-424b-9a56-3bb27ea1a888/tags HTTP/1.1" status: 200 len: 205 time: 0.0129936
2026-05-18 01:57:23.832 9 INFO neutron.wsgi [None req-1c4da0f3-1227-43ad-8fc8-82db246aff3b ac5cb0f0ebc84bd8ab0fe284c868eb18 a2f9e90f2bd94a9e8693e677d62f8f13 - - default default] 10.0.0.96 "GET /v2.0/trunks/3144b2e2-27e9-424b-9a56-3bb27ea1a888 HTTP/1.1" status: 200 len: 603 time: 0.0197055
2026-05-18 01:57:24.192 9 INFO neutron.wsgi [None req-4137e7ad-ddbe-4fc0-b13c-3c7c14222c3d ac5cb0f0ebc84bd8ab0fe284c868eb18 a2f9e90f2bd94a9e8693e677d62f8f13 - - default default] 10.0.0.96 "GET /v2.0/ports/6cf49ba6-1334-451a-8491-3b40b304c599 HTTP/1.1" status: 200 len: 1020 time: 0.3549709
2026-05-18 01:57:24.304 9 INFO neutron.wsgi [None req-5734b268-9704-4cc9-8eb7-84cf2f6a657a ac5cb0f0ebc84bd8ab0fe284c868eb18 a2f9e90f2bd94a9e8693e677d62f8f13 - - - -] 10.0.0.96 "DELETE /v2.0/trunks/3144b2e2-27e9-424b-9a56-3bb27ea1a888 HTTP/1.1" status: 204 len: 168 time: 0.1060138
2026-05-18 01:57:24.555 9 INFO neutron.wsgi [None req-ac84091c-a3ed-441f-8e05-07058171613c ac5cb0f0ebc84bd8ab0fe284c868eb18 a2f9e90f2bd94a9e8693e677d62f8f13 - - - -] 10.0.0.96 "DELETE /v2.0/ports/6cf49ba6-1334-451a-8491-3b40b304c599 HTTP/1.1" status: 204 len: 168 time: 0.2451835
2026-05-18 01:57:24.923 9 INFO neutron.wsgi [None req-dd64892c-4840-4aab-ac1b-6aeb37453649 ac5cb0f0ebc84bd8ab0fe284c868eb18 a2f9e90f2bd94a9e8693e677d62f8f13 - - - -] 10.0.0.96 "DELETE /v2.0/networks/dd07af81-53e1-42b1-a199-992c70e8437a HTTP/1.1" status: 204 len: 168 time: 0.3628616
2026-05-18 01:57:24.996 9 INFO neutron.services.segments.plugin [-] Segment 68e9c214-bac7-498b-b955-440c048995c7 resource provider aggregate not found
2026-05-18 01:57:25.003 9 INFO neutron.services.segments.plugin [-] Segment 68e9c214-bac7-498b-b955-440c048995c7 resource provider aggregate not found
2026-05-18 01:57:25.015 9 INFO neutron.services.segments.plugin [-] Segment 68e9c214-bac7-498b-b955-440c048995c7 resource provider not found; error: Placement Client Error (4xx): {"errors": [{"status": 404, "title": "Not Found", "detail": "The resource could not be found.\n\n No resource provider with uuid 68e9c214-bac7-498b-b955-440c048995c7 found for delete ", "request_id": "req-0dd91826-be29-412e-a371-90fe81feaaa3"}]}
