2026-05-18 01:48:49.655 10 INFO neutron.wsgi [None req-073fb5e2-e967-4561-88b0-12d0a24528a8 2c60b6ccd6fc4973bafcb3b18c51dfbc 541db572d2324afa95616f75acdd5c23 - - default default] 199.204.45.216,10.0.0.138 "GET /v2.0/ports HTTP/1.1" status: 200 len: 5255 time: 0.0336494
2026-05-18 01:48:49.876 9 INFO neutron.wsgi [-] 10.0.0.138 "GET / HTTP/1.1" status: 200 len: 247 time: 0.0016484
2026-05-18 01:48:49.878 10 INFO neutron.wsgi [-] 10.0.0.138 "GET / HTTP/1.1" status: 200 len: 247 time: 0.0039723
2026-05-18 01:48:55.986 9 INFO neutron.pecan_wsgi.hooks.translation [None req-88e7cee4-3a4c-47a1-86de-cd3576366436 2c60b6ccd6fc4973bafcb3b18c51dfbc 541db572d2324afa95616f75acdd5c23 - - default default] GET failed (client error): The resource could not be found.
2026-05-18 01:48:55.987 9 INFO neutron.wsgi [None req-88e7cee4-3a4c-47a1-86de-cd3576366436 2c60b6ccd6fc4973bafcb3b18c51dfbc 541db572d2324afa95616f75acdd5c23 - - default default] 199.204.45.216,10.0.0.138 "GET /v2.0/ports/octavia-health-manager-port-instance HTTP/1.1" status: 404 len: 314 time: 0.0558953
2026-05-18 01:48:56.043 9 INFO neutron.wsgi [None req-2e0336a0-45da-45a6-9fce-eec1a45ae080 2c60b6ccd6fc4973bafcb3b18c51dfbc 541db572d2324afa95616f75acdd5c23 - - default default] 199.204.45.216,10.0.0.138 "GET /v2.0/ports?name=octavia-health-manager-port-instance HTTP/1.1" status: 200 len: 1351 time: 0.0511925
2026-05-18 01:48:57.360 9 INFO neutron.wsgi [None req-e45fbc47-1794-4679-964c-bd3e6310427c 2c60b6ccd6fc4973bafcb3b18c51dfbc 541db572d2324afa95616f75acdd5c23 - - default default] 199.204.45.216,10.0.0.138 "GET /v2.0/ports HTTP/1.1" status: 200 len: 5255 time: 0.0914686
2026-05-18 01:48:58.375 10 INFO neutron.wsgi [None req-53de4915-5870-4742-a4d2-99066841d095 2c60b6ccd6fc4973bafcb3b18c51dfbc 541db572d2324afa95616f75acdd5c23 - - default default] 199.204.45.216,10.0.0.138 "GET /v2.0/security-groups?tenant_id=541db572d2324afa95616f75acdd5c23 HTTP/1.1" status: 200 len: 10161 time: 0.0845387
2026-05-18 01:48:59.262 9 INFO neutron.wsgi [None req-d1d597a4-168e-42eb-a99a-4634cb3b0124 2c60b6ccd6fc4973bafcb3b18c51dfbc 541db572d2324afa95616f75acdd5c23 - - default default] 199.204.45.216,10.0.0.138 "GET /v2.0/security-groups?tenant_id=541db572d2324afa95616f75acdd5c23 HTTP/1.1" status: 200 len: 10161 time: 0.0980134
2026-05-18 01:49:00.073 10 INFO neutron.wsgi [None req-2c8e8588-6192-4af2-9c7c-28e25a966013 2c60b6ccd6fc4973bafcb3b18c51dfbc 541db572d2324afa95616f75acdd5c23 - - default default] 199.204.45.216,10.0.0.138 "GET /v2.0/security-groups?tenant_id=541db572d2324afa95616f75acdd5c23 HTTP/1.1" status: 200 len: 10161 time: 0.0984685
2026-05-18 01:49:04.878 9 INFO neutron.wsgi [-] 10.0.0.138 "GET / HTTP/1.1" status: 200 len: 247 time: 0.0028594
2026-05-18 01:49:04.878 10 INFO neutron.wsgi [-] 10.0.0.138 "GET / HTTP/1.1" status: 200 len: 247 time: 0.0034568
2026-05-18 01:49:10.500 9 INFO neutron.wsgi [None req-3b2582dd-fba3-41a3-93f2-cb9714df3ec4 2c60b6ccd6fc4973bafcb3b18c51dfbc 541db572d2324afa95616f75acdd5c23 - - default default] 199.204.45.216,10.0.0.138 "GET /v2.0/quotas/541db572d2324afa95616f75acdd5c23 HTTP/1.1" status: 200 len: 361 time: 0.0117550
2026-05-18 01:49:19.877 10 INFO neutron.wsgi [-] 10.0.0.138 "GET / HTTP/1.1" status: 200 len: 247 time: 0.0022769
2026-05-18 01:49:19.878 9 INFO neutron.wsgi [-] 10.0.0.138 "GET / HTTP/1.1" status: 200 len: 247 time: 0.0029349
2026-05-18 01:49:34.876 9 INFO neutron.wsgi [-] 10.0.0.138 "GET / HTTP/1.1" status: 200 len: 247 time: 0.0018420
2026-05-18 01:49:34.879 10 INFO neutron.wsgi [-] 10.0.0.138 "GET / HTTP/1.1" status: 200 len: 247 time: 0.0041049
2026-05-18 01:49:42.121 10 INFO neutron.wsgi [None req-9b349741-32f0-4b26-8e23-f65924a0b8ec 2c60b6ccd6fc4973bafcb3b18c51dfbc 541db572d2324afa95616f75acdd5c23 - - default default] 10.0.0.213 "GET /v2.0/networks HTTP/1.1" status: 200 len: 2350 time: 0.1929190
2026-05-18 01:49:42.138 10 INFO neutron.wsgi [None req-03e4156c-5736-40cc-9c19-d8deff4ad0e9 2c60b6ccd6fc4973bafcb3b18c51dfbc 541db572d2324afa95616f75acdd5c23 - - default default] 10.0.0.213 "GET /v2.0/network-ip-availabilities HTTP/1.1" status: 200 len: 1280 time: 0.0145748
2026-05-18 01:49:42.192 10 INFO neutron.wsgi [None req-06d93cc1-3290-49d4-8f14-605efdf36405 2c60b6ccd6fc4973bafcb3b18c51dfbc 541db572d2324afa95616f75acdd5c23 - - default default] 10.0.0.213 "GET /v2.0/subnets HTTP/1.1" status: 200 len: 1437 time: 0.0526235
2026-05-18 01:49:42.204 10 INFO neutron.wsgi [None req-a93b54ba-f331-416f-ab7b-bc5ac553e5c6 2c60b6ccd6fc4973bafcb3b18c51dfbc 541db572d2324afa95616f75acdd5c23 - - default default] 10.0.0.213 "GET /v2.0/subnetpools HTTP/1.1" status: 200 len: 193 time: 0.0117464
2026-05-18 01:49:42.274 10 INFO neutron.wsgi [None req-3f582cad-554b-416e-a1bd-df5920a84b8c 2c60b6ccd6fc4973bafcb3b18c51dfbc 541db572d2324afa95616f75acdd5c23 - - default default] 10.0.0.213 "GET /v2.0/security-groups HTTP/1.1" status: 200 len: 16803 time: 0.0691071
2026-05-18 01:49:42.320 10 INFO neutron.wsgi [None req-9f19ad7b-2d7f-42ec-bfe8-d52e17a17dc0 2c60b6ccd6fc4973bafcb3b18c51dfbc 541db572d2324afa95616f75acdd5c23 - - default default] 10.0.0.213 "GET /v2.0/subnets HTTP/1.1" status: 200 len: 1437 time: 0.0362225
2026-05-18 01:49:42.352 10 INFO neutron.wsgi [None req-fc93472e-6d7d-4049-821b-6a17fbe1e0e0 2c60b6ccd6fc4973bafcb3b18c51dfbc 541db572d2324afa95616f75acdd5c23 - - default default] 10.0.0.213 "GET /v2.0/ports HTTP/1.1" status: 200 len: 5255 time: 0.0308499
2026-05-18 01:49:42.377 10 INFO neutron.wsgi [None req-1f675c43-7952-4133-a192-18c446fcf90d 2c60b6ccd6fc4973bafcb3b18c51dfbc 541db572d2324afa95616f75acdd5c23 - - default default] 10.0.0.213 "GET /v2.0/floatingips HTTP/1.1" status: 200 len: 193 time: 0.0229692
2026-05-18 01:49:42.400 10 INFO neutron.wsgi [None req-599bf514-593a-49f6-929b-1d7ee7fe7c49 2c60b6ccd6fc4973bafcb3b18c51dfbc 541db572d2324afa95616f75acdd5c23 - - default default] 10.0.0.213 "GET /v2.0/routers HTTP/1.1" status: 200 len: 189 time: 0.0219781
2026-05-18 01:49:42.437 10 INFO neutron.wsgi [None req-e6e0bd9d-8952-4779-bd1c-f17b8bdbfeaa 2c60b6ccd6fc4973bafcb3b18c51dfbc 541db572d2324afa95616f75acdd5c23 - - default default] 10.0.0.213 "GET /v2.0/agents?binary=ovn-controller HTTP/1.1" status: 200 len: 591 time: 0.0364275
2026-05-18 01:49:42.447 10 INFO neutron.wsgi [None req-44651d08-b713-458d-8f01-fffc5a92029f 2c60b6ccd6fc4973bafcb3b18c51dfbc 541db572d2324afa95616f75acdd5c23 - - default default] 10.0.0.213 "GET /v2.0/agents HTTP/1.1" status: 200 len: 997 time: 0.0097599
2026-05-18 01:49:49.876 9 INFO neutron.wsgi [-] 10.0.0.138 "GET / HTTP/1.1" status: 200 len: 247 time: 0.0017180
2026-05-18 01:49:49.879 10 INFO neutron.wsgi [-] 10.0.0.138 "GET / HTTP/1.1" status: 200 len: 247 time: 0.0036387
2026-05-18 01:50:01.348 9 INFO neutron.wsgi [None req-4164c676-46ef-421f-bb2b-d36546bab4eb 2c60b6ccd6fc4973bafcb3b18c51dfbc 541db572d2324afa95616f75acdd5c23 - - default default] 199.204.45.216,10.0.0.138 "GET /v2.0/security-groups?tenant_id=4c1fb3cc9e064e3aa1311af14731be2b HTTP/1.1" status: 200 len: 6838 time: 0.0759876
2026-05-18 01:50:02.258 9 INFO neutron.wsgi [None req-e84fd819-d651-49c3-be10-cfeb0a3cb981 2c60b6ccd6fc4973bafcb3b18c51dfbc 541db572d2324afa95616f75acdd5c23 - - default default] 199.204.45.216,10.0.0.138 "GET /v2.0/security-groups?tenant_id=4c1fb3cc9e064e3aa1311af14731be2b HTTP/1.1" status: 200 len: 6838 time: 0.0707877
2026-05-18 01:50:03.081 9 INFO neutron.wsgi [None req-796cdc95-1fea-4413-81f6-59071866a6fd 2c60b6ccd6fc4973bafcb3b18c51dfbc 541db572d2324afa95616f75acdd5c23 - - default default] 199.204.45.216,10.0.0.138 "GET /v2.0/security-groups?tenant_id=4c1fb3cc9e064e3aa1311af14731be2b HTTP/1.1" status: 200 len: 6838 time: 0.0752814
2026-05-18 01:50:03.914 9 INFO neutron.wsgi [None req-2f0ed71e-c1c9-4ecb-839a-0b4a3aeb4da7 2c60b6ccd6fc4973bafcb3b18c51dfbc 541db572d2324afa95616f75acdd5c23 - - default default] 199.204.45.216,10.0.0.138 "GET /v2.0/security-groups?tenant_id=4c1fb3cc9e064e3aa1311af14731be2b HTTP/1.1" status: 200 len: 6838 time: 0.0799294
2026-05-18 01:50:04.872 10 INFO neutron.wsgi [None req-9eb72413-8a8a-4697-9b51-446e2a7ec1e8 2c60b6ccd6fc4973bafcb3b18c51dfbc 541db572d2324afa95616f75acdd5c23 - - default default] 199.204.45.216,10.0.0.138 "GET /v2.0/security-groups?tenant_id=4c1fb3cc9e064e3aa1311af14731be2b HTTP/1.1" status: 200 len: 6838 time: 0.0887082
2026-05-18 01:50:04.876 10 INFO neutron.wsgi [-] 10.0.0.138 "GET / HTTP/1.1" status: 200 len: 247 time: 0.0014148
2026-05-18 01:50:04.877 10 INFO neutron.wsgi [-] 10.0.0.138 "GET / HTTP/1.1" status: 200 len: 247 time: 0.0010030
2026-05-18 01:50:11.730 10 INFO neutron.wsgi [None req-cb4e7519-08dd-4e29-81e3-2eb8d057bdb6 2c60b6ccd6fc4973bafcb3b18c51dfbc 541db572d2324afa95616f75acdd5c23 - - default default] 199.204.45.216,10.0.0.138 "GET /v2.0/quotas/4c1fb3cc9e064e3aa1311af14731be2b HTTP/1.1" status: 200 len: 361 time: 0.0123959
2026-05-18 01:50:19.877 9 INFO neutron.wsgi [-] 10.0.0.138 "GET / HTTP/1.1" status: 200 len: 247 time: 0.0023301
2026-05-18 01:50:19.877 10 INFO neutron.wsgi [-] 10.0.0.138 "GET / HTTP/1.1" status: 200 len: 247 time: 0.0025060
2026-05-18 01:50:34.877 10 INFO neutron.wsgi [-] 10.0.0.138 "GET / HTTP/1.1" status: 200 len: 247 time: 0.0023139
2026-05-18 01:50:34.877 9 INFO neutron.wsgi [-] 10.0.0.138 "GET / HTTP/1.1" status: 200 len: 247 time: 0.0023346
2026-05-18 01:50:42.000 10 INFO neutron.wsgi [None req-cc36ea1e-5ee3-4544-9fab-5d6acacf71d8 2c60b6ccd6fc4973bafcb3b18c51dfbc 541db572d2324afa95616f75acdd5c23 - - default default] 10.0.0.213 "GET /v2.0/subnets HTTP/1.1" status: 200 len: 1437 time: 0.0885725
2026-05-18 01:50:42.041 10 INFO neutron.wsgi [None req-3d3fb72e-e7a7-40c6-a0a1-378fbbfd87a3 2c60b6ccd6fc4973bafcb3b18c51dfbc 541db572d2324afa95616f75acdd5c23 - - default default] 10.0.0.213 "GET /v2.0/ports HTTP/1.1" status: 200 len: 5255 time: 0.0409882
2026-05-18 01:50:42.184 10 INFO neutron.wsgi [None req-457c1fb2-350b-4647-bd41-2e0f460b9fd4 2c60b6ccd6fc4973bafcb3b18c51dfbc 541db572d2324afa95616f75acdd5c23 - - default default] 10.0.0.213 "GET /v2.0/agents HTTP/1.1" status: 200 len: 997 time: 0.1388111
2026-05-18 01:50:42.249 10 INFO neutron.wsgi [None req-471e5e1f-c827-4e0c-80f1-f511a641e80d 2c60b6ccd6fc4973bafcb3b18c51dfbc 541db572d2324afa95616f75acdd5c23 - - default default] 10.0.0.213 "GET /v2.0/security-groups HTTP/1.1" status: 200 len: 16803 time: 0.0635068
2026-05-18 01:50:42.281 10 INFO neutron.wsgi [None req-885cbb2d-3edb-4b7b-9a0a-0f256e8e8eba 2c60b6ccd6fc4973bafcb3b18c51dfbc 541db572d2324afa95616f75acdd5c23 - - default default] 10.0.0.213 "GET /v2.0/subnets HTTP/1.1" status: 200 len: 1437 time: 0.0274208
2026-05-18 01:50:42.292 10 INFO neutron.wsgi [None req-288ff3a6-2bbd-4a48-afe2-3149fd883e9d 2c60b6ccd6fc4973bafcb3b18c51dfbc 541db572d2324afa95616f75acdd5c23 - - default default] 10.0.0.213 "GET /v2.0/subnetpools HTTP/1.1" status: 200 len: 193 time: 0.0106299
2026-05-18 01:50:42.320 10 INFO neutron.wsgi [None req-c63886f7-7dc2-4890-a64b-994bfb3f093f 2c60b6ccd6fc4973bafcb3b18c51dfbc 541db572d2324afa95616f75acdd5c23 - - default default] 10.0.0.213 "GET /v2.0/routers HTTP/1.1" status: 200 len: 189 time: 0.0264170
2026-05-18 01:50:42.329 10 INFO neutron.wsgi [None req-0948662e-5dfb-46a6-987b-df19a0aae265 2c60b6ccd6fc4973bafcb3b18c51dfbc 541db572d2324afa95616f75acdd5c23 - - default default] 10.0.0.213 "GET /v2.0/agents?binary=ovn-controller HTTP/1.1" status: 200 len: 591 time: 0.0078256
2026-05-18 01:50:42.338 10 INFO neutron.wsgi [None req-2d6df5b2-38a7-4794-a9e6-f1fc3c00c82a 2c60b6ccd6fc4973bafcb3b18c51dfbc 541db572d2324afa95616f75acdd5c23 - - default default] 10.0.0.213 "GET /v2.0/network-ip-availabilities HTTP/1.1" status: 200 len: 1280 time: 0.0085433
2026-05-18 01:50:42.395 10 INFO neutron.wsgi [None req-115a4a68-4e18-4851-a486-965054c0c3b5 2c60b6ccd6fc4973bafcb3b18c51dfbc 541db572d2324afa95616f75acdd5c23 - - default default] 10.0.0.213 "GET /v2.0/networks HTTP/1.1" status: 200 len: 2350 time: 0.0558934
2026-05-18 01:50:42.423 10 INFO neutron.wsgi [None req-e0e17e6c-4c40-448e-9528-4b65b79915e9 2c60b6ccd6fc4973bafcb3b18c51dfbc 541db572d2324afa95616f75acdd5c23 - - default default] 10.0.0.213 "GET /v2.0/floatingips HTTP/1.1" status: 200 len: 193 time: 0.0246704
2026-05-18 01:50:49.878 9 INFO neutron.wsgi [-] 10.0.0.138 "GET / HTTP/1.1" status: 200 len: 247 time: 0.0033906
2026-05-18 01:50:49.878 10 INFO neutron.wsgi [-] 10.0.0.138 "GET / HTTP/1.1" status: 200 len: 247 time: 0.0033903
2026-05-18 01:51:01.105 10 INFO neutron.wsgi [None req-b849e91e-685e-42fe-9321-46e74a4d3711 2c60b6ccd6fc4973bafcb3b18c51dfbc 541db572d2324afa95616f75acdd5c23 - - default default] 199.204.45.216,10.0.0.138 "GET /v2.0/networks HTTP/1.1" status: 200 len: 2350 time: 0.1424165
2026-05-18 01:51:04.878 10 INFO neutron.wsgi [-] 10.0.0.138 "GET / HTTP/1.1" status: 200 len: 247 time: 0.0031495
2026-05-18 01:51:04.878 9 INFO neutron.wsgi [-] 10.0.0.138 "GET / HTTP/1.1" status: 200 len: 247 time: 0.0035460
2026-05-18 01:51:19.878 9 INFO neutron.wsgi [-] 10.0.0.138 "GET / HTTP/1.1" status: 200 len: 247 time: 0.0031977
2026-05-18 01:51:19.878 10 INFO neutron.wsgi [-] 10.0.0.138 "GET / HTTP/1.1" status: 200 len: 247 time: 0.0017033
2026-05-18 01:51:34.877 9 INFO neutron.wsgi [-] 10.0.0.138 "GET / HTTP/1.1" status: 200 len: 247 time: 0.0028498
2026-05-18 01:51:34.879 10 INFO neutron.wsgi [-] 10.0.0.138 "GET / HTTP/1.1" status: 200 len: 247 time: 0.0052075
2026-05-18 01:51:42.119 10 INFO neutron.wsgi [None req-f341de51-7bf8-4ede-8ac3-c18e43fd7a73 2c60b6ccd6fc4973bafcb3b18c51dfbc 541db572d2324afa95616f75acdd5c23 - - default default] 10.0.0.213 "GET /v2.0/subnets HTTP/1.1" status: 200 len: 1437 time: 0.1634109
2026-05-18 01:51:42.136 10 INFO neutron.wsgi [None req-da21abfc-443b-46d9-87c5-88e871a6e8c9 2c60b6ccd6fc4973bafcb3b18c51dfbc 541db572d2324afa95616f75acdd5c23 - - default default] 10.0.0.213 "GET /v2.0/subnetpools HTTP/1.1" status: 200 len: 193 time: 0.0158021
2026-05-18 01:51:42.143 10 INFO neutron.wsgi [None req-2032ae27-6a3d-4b05-942b-b4b592e8532d 2c60b6ccd6fc4973bafcb3b18c51dfbc 541db572d2324afa95616f75acdd5c23 - - default default] 10.0.0.96 "GET /v2.0/networks HTTP/1.1" status: 200 len: 2369 time: 0.1619031
2026-05-18 01:51:42.157 10 INFO neutron.wsgi [None req-5117ae3d-35bc-4c09-8196-aad0fed6d44e 2c60b6ccd6fc4973bafcb3b18c51dfbc 541db572d2324afa95616f75acdd5c23 - - default default] 10.0.0.213 "GET /v2.0/floatingips HTTP/1.1" status: 200 len: 193 time: 0.0189798
2026-05-18 01:51:42.186 10 INFO neutron.wsgi [None req-323df207-af3e-4399-9844-bd5742f8e6c7 2c60b6ccd6fc4973bafcb3b18c51dfbc 541db572d2324afa95616f75acdd5c23 - - default default] 10.0.0.213 "GET /v2.0/ports HTTP/1.1" status: 200 len: 5255 time: 0.0288873
2026-05-18 01:51:42.257 10 INFO neutron.wsgi [None req-500a3951-45d2-4b31-98f6-8a9557a1f8a7 2c60b6ccd6fc4973bafcb3b18c51dfbc 541db572d2324afa95616f75acdd5c23 - - default default] 10.0.0.213 "GET /v2.0/security-groups HTTP/1.1" status: 200 len: 16803 time: 0.0672216
2026-05-18 01:51:42.303 10 INFO neutron.wsgi [None req-52aa3147-e6f2-4d2d-a89e-cc50f19c950f 2c60b6ccd6fc4973bafcb3b18c51dfbc 541db572d2324afa95616f75acdd5c23 - - default default] 10.0.0.213 "GET /v2.0/subnets HTTP/1.1" status: 200 len: 1437 time: 0.0406098
2026-05-18 01:51:42.324 10 INFO neutron.wsgi [None req-4f1a845b-65ef-4abd-bdf7-21ee192c008d 2c60b6ccd6fc4973bafcb3b18c51dfbc 541db572d2324afa95616f75acdd5c23 - - default default] 10.0.0.213 "GET /v2.0/network-ip-availabilities HTTP/1.1" status: 200 len: 1280 time: 0.0203593
2026-05-18 01:51:42.380 10 INFO neutron.wsgi [None req-e66ddb1b-fc30-45db-92f6-43750ed907d8 2c60b6ccd6fc4973bafcb3b18c51dfbc 541db572d2324afa95616f75acdd5c23 - - default default] 10.0.0.213 "GET /v2.0/networks HTTP/1.1" status: 200 len: 2350 time: 0.0551441
2026-05-18 01:51:42.422 10 INFO neutron.wsgi [None req-0948200d-3280-4de9-96c1-004933372a41 2c60b6ccd6fc4973bafcb3b18c51dfbc 541db572d2324afa95616f75acdd5c23 - - default default] 10.0.0.213 "GET /v2.0/routers HTTP/1.1" status: 200 len: 189 time: 0.0391552
2026-05-18 01:51:42.459 10 INFO neutron.wsgi [None req-439a1a31-771f-40f1-9f1d-3a1b62004ead 2c60b6ccd6fc4973bafcb3b18c51dfbc 541db572d2324afa95616f75acdd5c23 - - default default] 10.0.0.213 "GET /v2.0/agents?binary=ovn-controller HTTP/1.1" status: 200 len: 591 time: 0.0365143
2026-05-18 01:51:42.470 10 INFO neutron.wsgi [None req-1702d35c-6ea2-4dc7-b75b-73de2ca98c8a 2c60b6ccd6fc4973bafcb3b18c51dfbc 541db572d2324afa95616f75acdd5c23 - - default default] 10.0.0.213 "GET /v2.0/agents HTTP/1.1" status: 200 len: 997 time: 0.0098166
2026-05-18 01:51:43.274 9 INFO neutron.wsgi [None req-c5d67a2f-3bb8-42b8-833e-5e7c4771a9eb 2c60b6ccd6fc4973bafcb3b18c51dfbc 541db572d2324afa95616f75acdd5c23 - - default default] 10.0.0.96 "GET /v2.0/floatingips HTTP/1.1" status: 200 len: 212 time: 0.0493257
2026-05-18 01:51:43.318 9 INFO neutron.wsgi [None req-07ca4af0-0658-40dd-9804-3d3d5d3e01b9 2c60b6ccd6fc4973bafcb3b18c51dfbc 541db572d2324afa95616f75acdd5c23 - - default default] 10.0.0.96 "GET /v2.0/routers HTTP/1.1" status: 200 len: 208 time: 0.0406737
2026-05-18 01:51:43.356 10 INFO neutron.wsgi [None req-dec01f82-1b8c-4266-b0d7-4d7fd6c8e2f5 2c60b6ccd6fc4973bafcb3b18c51dfbc 541db572d2324afa95616f75acdd5c23 - - default default] 10.0.0.96 "GET /v2.0/ports HTTP/1.1" status: 200 len: 5274 time: 0.0332358
2026-05-18 01:51:43.388 10 INFO neutron.wsgi [None req-5ac071ef-cb9a-4045-9b18-15b73ed36e29 2c60b6ccd6fc4973bafcb3b18c51dfbc 541db572d2324afa95616f75acdd5c23 - - default default] 10.0.0.96 "GET /v2.0/subnets HTTP/1.1" status: 200 len: 1456 time: 0.0273399
2026-05-18 01:51:43.444 10 INFO neutron.wsgi [None req-95135e9d-1647-4990-b761-e2f1d4d748e2 2c60b6ccd6fc4973bafcb3b18c51dfbc 541db572d2324afa95616f75acdd5c23 - - default default] 10.0.0.96 "GET /v2.0/networks HTTP/1.1" status: 200 len: 2369 time: 0.0512383
2026-05-18 01:51:43.505 10 INFO neutron.wsgi [None req-f1852271-b37a-4133-88d2-2c73ebe59105 2c60b6ccd6fc4973bafcb3b18c51dfbc 541db572d2324afa95616f75acdd5c23 - - default default] 10.0.0.96 "GET /v2.0/security-groups HTTP/1.1" status: 200 len: 16822 time: 0.0547299
2026-05-18 01:51:43.521 10 INFO neutron.wsgi [None req-4a8bc31e-249b-4086-91d5-9fb55ded2d00 2c60b6ccd6fc4973bafcb3b18c51dfbc 541db572d2324afa95616f75acdd5c23 - - default default] 10.0.0.96 "GET /v2.0/subnetpools HTTP/1.1" status: 200 len: 212 time: 0.0117769
2026-05-18 01:51:49.876 9 INFO neutron.wsgi [-] 10.0.0.138 "GET / HTTP/1.1" status: 200 len: 247 time: 0.0016932
2026-05-18 01:51:49.878 9 INFO neutron.wsgi [-] 10.0.0.138 "GET / HTTP/1.1" status: 200 len: 247 time: 0.0016189
2026-05-18 01:51:54.532 10 INFO neutron.db.ovn_revision_numbers_db [None req-1bdda7f1-3f8c-4ef9-a2e4-ff0a0db7ae38 2c60b6ccd6fc4973bafcb3b18c51dfbc 541db572d2324afa95616f75acdd5c23 - - - -] Successfully bumped revision number for resource bfd15a79-8d08-49f8-bab8-30ca84f13c14 (type: security_groups) to 1
2026-05-18 01:51:54.583 10 INFO neutron.db.segments_db [None req-1bdda7f1-3f8c-4ef9-a2e4-ff0a0db7ae38 2c60b6ccd6fc4973bafcb3b18c51dfbc 541db572d2324afa95616f75acdd5c23 - - - -] Added segment 59afa9ad-e974-4313-bf62-2f8617d783a1 of type geneve for network 11865d2a-4656-4781-b3ff-e0d655336abe
2026-05-18 01:51:54.584 9 INFO neutron.db.ovn_revision_numbers_db [None req-a4afa721-dd3c-4c27-ad99-51d8ed43baaa 2c60b6ccd6fc4973bafcb3b18c51dfbc 541db572d2324afa95616f75acdd5c23 - - - -] Successfully bumped revision number for resource 6e6793a4-3ba7-4137-aed9-7e2d62c4bdb6 (type: security_groups) to 1
2026-05-18 01:51:54.638 9 INFO neutron.db.segments_db [None req-a4afa721-dd3c-4c27-ad99-51d8ed43baaa 2c60b6ccd6fc4973bafcb3b18c51dfbc 541db572d2324afa95616f75acdd5c23 - - - -] Added segment a392033d-9274-4e90-b7db-5fc66710c2f8 of type geneve for network 78fe8510-7f78-4f64-b501-71537e33d299
2026-05-18 01:51:54.682 9 INFO neutron.db.ovn_revision_numbers_db [None req-8c2ec17b-a820-47bb-bde9-afaa146d8234 2c60b6ccd6fc4973bafcb3b18c51dfbc 541db572d2324afa95616f75acdd5c23 - - - -] Successfully bumped revision number for resource ab689264-7afe-457e-81d9-a0b0a68326c1 (type: security_groups) to 1
2026-05-18 01:51:54.704 10 INFO neutron.db.ovn_revision_numbers_db [None req-1bdda7f1-3f8c-4ef9-a2e4-ff0a0db7ae38 2c60b6ccd6fc4973bafcb3b18c51dfbc 541db572d2324afa95616f75acdd5c23 - - - -] Successfully bumped revision number for resource 11865d2a-4656-4781-b3ff-e0d655336abe (type: networks) to 1
2026-05-18 01:51:54.748 9 INFO neutron.db.segments_db [None req-8c2ec17b-a820-47bb-bde9-afaa146d8234 2c60b6ccd6fc4973bafcb3b18c51dfbc 541db572d2324afa95616f75acdd5c23 - - - -] Added segment c8e71737-cacb-4491-b7a9-3dd90c684500 of type geneve for network 7373bb86-4e3c-4471-95c2-e17e42368f7f
2026-05-18 01:51:54.831 9 INFO neutron.db.ovn_revision_numbers_db [None req-a4afa721-dd3c-4c27-ad99-51d8ed43baaa 2c60b6ccd6fc4973bafcb3b18c51dfbc 541db572d2324afa95616f75acdd5c23 - - - -] Successfully bumped revision number for resource 78fe8510-7f78-4f64-b501-71537e33d299 (type: networks) to 1
2026-05-18 01:51:54.867 10 WARNING neutron.scheduler.dhcp_agent_scheduler [None req-1bdda7f1-3f8c-4ef9-a2e4-ff0a0db7ae38 2c60b6ccd6fc4973bafcb3b18c51dfbc 541db572d2324afa95616f75acdd5c23 - - - -] No more DHCP agents
2026-05-18 01:51:54.869 10 WARNING neutron.api.rpc.agentnotifiers.dhcp_rpc_agent_api [None req-1bdda7f1-3f8c-4ef9-a2e4-ff0a0db7ae38 2c60b6ccd6fc4973bafcb3b18c51dfbc 541db572d2324afa95616f75acdd5c23 - - - -] Unable to schedule network 11865d2a-4656-4781-b3ff-e0d655336abe: no agents available; will retry on subsequent port and subnet creation events.
2026-05-18 01:51:54.929 10 INFO neutron.db.ovn_revision_numbers_db [None req-1bdda7f1-3f8c-4ef9-a2e4-ff0a0db7ae38 2c60b6ccd6fc4973bafcb3b18c51dfbc 541db572d2324afa95616f75acdd5c23 - - - -] Successfully bumped revision number for resource b24399b8-d9bf-4c6f-9c15-5e0f1cc7592c (type: ports) to 1
2026-05-18 01:51:54.949 10 INFO neutron.wsgi [None req-1bdda7f1-3f8c-4ef9-a2e4-ff0a0db7ae38 2c60b6ccd6fc4973bafcb3b18c51dfbc 541db572d2324afa95616f75acdd5c23 - - - -] 10.0.0.96 "POST /v2.0/networks HTTP/1.1" status: 201 len: 951 time: 0.7941108
2026-05-18 01:51:55.000 9 INFO neutron.db.ovn_revision_numbers_db [None req-8c2ec17b-a820-47bb-bde9-afaa146d8234 2c60b6ccd6fc4973bafcb3b18c51dfbc 541db572d2324afa95616f75acdd5c23 - - - -] Successfully bumped revision number for resource 7373bb86-4e3c-4471-95c2-e17e42368f7f (type: networks) to 1
2026-05-18 01:51:55.046 9 WARNING neutron.scheduler.dhcp_agent_scheduler [None req-a4afa721-dd3c-4c27-ad99-51d8ed43baaa 2c60b6ccd6fc4973bafcb3b18c51dfbc 541db572d2324afa95616f75acdd5c23 - - - -] No more DHCP agents
2026-05-18 01:51:55.049 9 WARNING neutron.api.rpc.agentnotifiers.dhcp_rpc_agent_api [None req-a4afa721-dd3c-4c27-ad99-51d8ed43baaa 2c60b6ccd6fc4973bafcb3b18c51dfbc 541db572d2324afa95616f75acdd5c23 - - - -] Unable to schedule network 78fe8510-7f78-4f64-b501-71537e33d299: no agents available; will retry on subsequent port and subnet creation events.
2026-05-18 01:51:55.135 10 WARNING neutron.scheduler.dhcp_agent_scheduler [None req-3d2184aa-7726-4300-9833-786e6f58a211 2c60b6ccd6fc4973bafcb3b18c51dfbc 541db572d2324afa95616f75acdd5c23 - - - -] No more DHCP agents
2026-05-18 01:51:55.139 9 INFO neutron.db.ovn_revision_numbers_db [None req-a4afa721-dd3c-4c27-ad99-51d8ed43baaa 2c60b6ccd6fc4973bafcb3b18c51dfbc 541db572d2324afa95616f75acdd5c23 - - - -] Successfully bumped revision number for resource d29de5f3-f678-4932-bdc0-adff3488ae63 (type: ports) to 1
2026-05-18 01:51:55.140 10 WARNING neutron.api.rpc.agentnotifiers.dhcp_rpc_agent_api [None req-3d2184aa-7726-4300-9833-786e6f58a211 2c60b6ccd6fc4973bafcb3b18c51dfbc 541db572d2324afa95616f75acdd5c23 - - - -] Unable to schedule network 11865d2a-4656-4781-b3ff-e0d655336abe: no agents available; will retry on subsequent port and subnet creation events.
2026-05-18 01:51:55.174 9 INFO neutron.wsgi [None req-a4afa721-dd3c-4c27-ad99-51d8ed43baaa 2c60b6ccd6fc4973bafcb3b18c51dfbc 541db572d2324afa95616f75acdd5c23 - - - -] 10.0.0.96 "POST /v2.0/networks HTTP/1.1" status: 201 len: 945 time: 1.0195718
2026-05-18 01:51:55.213 9 WARNING neutron.scheduler.dhcp_agent_scheduler [None req-8c2ec17b-a820-47bb-bde9-afaa146d8234 2c60b6ccd6fc4973bafcb3b18c51dfbc 541db572d2324afa95616f75acdd5c23 - - - -] No more DHCP agents
2026-05-18 01:51:55.219 9 WARNING neutron.api.rpc.agentnotifiers.dhcp_rpc_agent_api [None req-8c2ec17b-a820-47bb-bde9-afaa146d8234 2c60b6ccd6fc4973bafcb3b18c51dfbc 541db572d2324afa95616f75acdd5c23 - - - -] Unable to schedule network 7373bb86-4e3c-4471-95c2-e17e42368f7f: no agents available; will retry on subsequent port and subnet creation events.
2026-05-18 01:51:55.264 10 INFO neutron.db.ovn_revision_numbers_db [None req-d366da85-71c3-49fa-933f-d758daecb12e 2c60b6ccd6fc4973bafcb3b18c51dfbc 541db572d2324afa95616f75acdd5c23 - - default default] Successfully bumped revision number for resource aab436d4-4fb1-41f9-ba5e-3a5c4ca58cee (type: security_groups) to 1
2026-05-18 01:51:55.294 9 INFO neutron.db.ovn_revision_numbers_db [None req-8c2ec17b-a820-47bb-bde9-afaa146d8234 2c60b6ccd6fc4973bafcb3b18c51dfbc 541db572d2324afa95616f75acdd5c23 - - - -] Successfully bumped revision number for resource 765f2869-61be-44df-ba6b-06e89882b0e4 (type: ports) to 1
2026-05-18 01:51:55.299 10 INFO neutron.wsgi [None req-d366da85-71c3-49fa-933f-d758daecb12e 2c60b6ccd6fc4973bafcb3b18c51dfbc 541db572d2324afa95616f75acdd5c23 - - default default] 10.0.0.96 "GET /v2.0/security-groups?tenant_id=d5fb849c82d843f48978129afe77a4b4&name=default HTTP/1.1" status: 200 len: 2992 time: 0.3044968
2026-05-18 01:51:55.356 9 INFO neutron.wsgi [None req-8c2ec17b-a820-47bb-bde9-afaa146d8234 2c60b6ccd6fc4973bafcb3b18c51dfbc 541db572d2324afa95616f75acdd5c23 - - - -] 10.0.0.96 "POST /v2.0/networks HTTP/1.1" status: 201 len: 950 time: 0.8990371
2026-05-18 01:51:55.388 9 WARNING neutron.scheduler.dhcp_agent_scheduler [None req-f829a3d2-499a-4ba8-9bfd-17cf97068403 2c60b6ccd6fc4973bafcb3b18c51dfbc 541db572d2324afa95616f75acdd5c23 - - - -] No more DHCP agents
2026-05-18 01:51:55.391 9 WARNING neutron.api.rpc.agentnotifiers.dhcp_rpc_agent_api [None req-f829a3d2-499a-4ba8-9bfd-17cf97068403 2c60b6ccd6fc4973bafcb3b18c51dfbc 541db572d2324afa95616f75acdd5c23 - - - -] Unable to schedule network 78fe8510-7f78-4f64-b501-71537e33d299: no agents available; will retry on subsequent port and subnet creation events.
2026-05-18 01:51:55.628 9 INFO neutron.wsgi [None req-c9da2313-e6e2-4f6a-b544-a5327d4d38fa 2c60b6ccd6fc4973bafcb3b18c51dfbc 541db572d2324afa95616f75acdd5c23 - - - -] 10.0.0.96 "DELETE /v2.0/security-groups/aab436d4-4fb1-41f9-ba5e-3a5c4ca58cee HTTP/1.1" status: 204 len: 168 time: 0.3235044
2026-05-18 01:51:55.806 10 WARNING neutron.scheduler.dhcp_agent_scheduler [None req-f133e8b6-b177-4c9e-8dbf-858115bfb1a2 2c60b6ccd6fc4973bafcb3b18c51dfbc 541db572d2324afa95616f75acdd5c23 - - - -] No more DHCP agents
2026-05-18 01:51:55.812 10 WARNING neutron.api.rpc.agentnotifiers.dhcp_rpc_agent_api [None req-f133e8b6-b177-4c9e-8dbf-858115bfb1a2 2c60b6ccd6fc4973bafcb3b18c51dfbc 541db572d2324afa95616f75acdd5c23 - - - -] Unable to schedule network 7373bb86-4e3c-4471-95c2-e17e42368f7f: no agents available; will retry on subsequent port and subnet creation events.
2026-05-18 01:51:55.823 9 INFO neutron.db.ovn_revision_numbers_db [None req-f829a3d2-499a-4ba8-9bfd-17cf97068403 2c60b6ccd6fc4973bafcb3b18c51dfbc 541db572d2324afa95616f75acdd5c23 - - - -] Successfully bumped revision number for resource d29de5f3-f678-4932-bdc0-adff3488ae63 (type: ports) to 2
2026-05-18 01:51:55.835 9 INFO neutron.db.ovn_revision_numbers_db [None req-f829a3d2-499a-4ba8-9bfd-17cf97068403 2c60b6ccd6fc4973bafcb3b18c51dfbc 541db572d2324afa95616f75acdd5c23 - - - -] Successfully bumped revision number for resource 5a57554f-6ff9-4594-9773-93f8034ace83 (type: subnets) to 0
2026-05-18 01:51:55.848 9 INFO neutron.wsgi [None req-f829a3d2-499a-4ba8-9bfd-17cf97068403 2c60b6ccd6fc4973bafcb3b18c51dfbc 541db572d2324afa95616f75acdd5c23 - - - -] 10.0.0.96 "POST /v2.0/subnets HTTP/1.1" status: 201 len: 865 time: 0.6714299
2026-05-18 01:51:56.002 10 INFO neutron.db.ovn_revision_numbers_db [None req-3d2184aa-7726-4300-9833-786e6f58a211 2c60b6ccd6fc4973bafcb3b18c51dfbc 541db572d2324afa95616f75acdd5c23 - - - -] Successfully bumped revision number for resource b24399b8-d9bf-4c6f-9c15-5e0f1cc7592c (type: ports) to 2
2026-05-18 01:51:56.020 10 INFO neutron.db.ovn_revision_numbers_db [None req-3d2184aa-7726-4300-9833-786e6f58a211 2c60b6ccd6fc4973bafcb3b18c51dfbc 541db572d2324afa95616f75acdd5c23 - - - -] Successfully bumped revision number for resource f90ab046-44e6-48e4-bad8-da912916054e (type: subnets) to 0
2026-05-18 01:51:56.046 10 INFO neutron.wsgi [None req-3d2184aa-7726-4300-9833-786e6f58a211 2c60b6ccd6fc4973bafcb3b18c51dfbc 541db572d2324afa95616f75acdd5c23 - - - -] 10.0.0.96 "POST /v2.0/subnets HTTP/1.1" status: 201 len: 871 time: 1.0867093
2026-05-18 01:51:56.514 9 WARNING neutron.scheduler.dhcp_agent_scheduler [None req-d4e24e35-3fee-45db-9979-23d2024dbb4a 2c60b6ccd6fc4973bafcb3b18c51dfbc 541db572d2324afa95616f75acdd5c23 - - - -] No more DHCP agents
2026-05-18 01:51:56.516 9 WARNING neutron.api.rpc.agentnotifiers.dhcp_rpc_agent_api [None req-d4e24e35-3fee-45db-9979-23d2024dbb4a 2c60b6ccd6fc4973bafcb3b18c51dfbc 541db572d2324afa95616f75acdd5c23 - - - -] Unable to schedule network 1789723b-4cd4-4985-abb8-7edd76d122e7: no agents available; will retry on subsequent port and subnet creation events.
2026-05-18 01:51:56.633 9 INFO neutron.db.ovn_revision_numbers_db [None req-d4e24e35-3fee-45db-9979-23d2024dbb4a 2c60b6ccd6fc4973bafcb3b18c51dfbc 541db572d2324afa95616f75acdd5c23 - - - -] Successfully bumped revision number for resource 3f763be4-8f12-4bed-a481-d1657f1fb7ad (type: ports) to 1
2026-05-18 01:51:56.697 10 INFO neutron.db.ovn_revision_numbers_db [None req-f133e8b6-b177-4c9e-8dbf-858115bfb1a2 2c60b6ccd6fc4973bafcb3b18c51dfbc 541db572d2324afa95616f75acdd5c23 - - - -] Successfully bumped revision number for resource 765f2869-61be-44df-ba6b-06e89882b0e4 (type: ports) to 2
2026-05-18 01:51:56.714 10 INFO neutron.db.ovn_revision_numbers_db [None req-f133e8b6-b177-4c9e-8dbf-858115bfb1a2 2c60b6ccd6fc4973bafcb3b18c51dfbc 541db572d2324afa95616f75acdd5c23 - - - -] Successfully bumped revision number for resource c4c48ab5-3a8a-49bb-bb55-90ef27450584 (type: subnets) to 0
2026-05-18 01:51:56.734 10 INFO neutron.wsgi [None req-f133e8b6-b177-4c9e-8dbf-858115bfb1a2 2c60b6ccd6fc4973bafcb3b18c51dfbc 541db572d2324afa95616f75acdd5c23 - - - -] 10.0.0.96 "POST /v2.0/subnets HTTP/1.1" status: 201 len: 870 time: 1.3724496
2026-05-18 01:51:56.834 10 WARNING neutron.scheduler.dhcp_agent_scheduler [None req-2904e55c-def6-448b-bdf1-7e304310c194 2c60b6ccd6fc4973bafcb3b18c51dfbc 541db572d2324afa95616f75acdd5c23 - - - -] No more DHCP agents
2026-05-18 01:51:56.837 10 WARNING neutron.api.rpc.agentnotifiers.dhcp_rpc_agent_api [None req-2904e55c-def6-448b-bdf1-7e304310c194 2c60b6ccd6fc4973bafcb3b18c51dfbc 541db572d2324afa95616f75acdd5c23 - - - -] Unable to schedule network 1789723b-4cd4-4985-abb8-7edd76d122e7: no agents available; will retry on subsequent port and subnet creation events.
2026-05-18 01:51:56.961 10 INFO neutron.db.ovn_revision_numbers_db [None req-2904e55c-def6-448b-bdf1-7e304310c194 2c60b6ccd6fc4973bafcb3b18c51dfbc 541db572d2324afa95616f75acdd5c23 - - - -] Successfully bumped revision number for resource 4a8093df-67e3-4e5f-8c06-b2eed99453ef (type: ports) to 1
2026-05-18 01:51:57.064 9 INFO neutron.plugins.ml2.drivers.ovn.mech_driver.ovsdb.extensions.qos [None req-d4e24e35-3fee-45db-9979-23d2024dbb4a 2c60b6ccd6fc4973bafcb3b18c51dfbc 541db572d2324afa95616f75acdd5c23 - - - -] Starting OVNClientQosExtension
2026-05-18 01:51:57.234 10 INFO neutron.plugins.ml2.drivers.ovn.mech_driver.ovsdb.extensions.qos [None req-2904e55c-def6-448b-bdf1-7e304310c194 2c60b6ccd6fc4973bafcb3b18c51dfbc 541db572d2324afa95616f75acdd5c23 - - - -] Starting OVNClientQosExtension
2026-05-18 01:51:57.400 9 WARNING neutron.scheduler.dhcp_agent_scheduler [None req-cbd4ebe7-79a3-4e1a-a241-5423a5d1de8b 2c60b6ccd6fc4973bafcb3b18c51dfbc 541db572d2324afa95616f75acdd5c23 - - - -] No more DHCP agents
2026-05-18 01:51:57.404 9 WARNING neutron.api.rpc.agentnotifiers.dhcp_rpc_agent_api [None req-cbd4ebe7-79a3-4e1a-a241-5423a5d1de8b 2c60b6ccd6fc4973bafcb3b18c51dfbc 541db572d2324afa95616f75acdd5c23 - - - -] Unable to schedule network 1789723b-4cd4-4985-abb8-7edd76d122e7: no agents available; will retry on subsequent port and subnet creation events.
2026-05-18 01:51:57.461 10 INFO neutron.plugins.ml2.drivers.ovn.mech_driver.mech_driver [None req-b5e345bd-f316-4f6d-9b0e-09c747b0f037 - - - - - -] OVN reports status up for port: 3f763be4-8f12-4bed-a481-d1657f1fb7ad
2026-05-18 01:51:57.488 10 INFO neutron.plugins.ml2.drivers.ovn.mech_driver.ovsdb.ovsdb_monitor [-] Router 4b7d7f9e-c570-4a0b-b1b6-19d1d12e9bd4 is bound to host instance
2026-05-18 01:51:57.492 9 INFO neutron.db.ovn_revision_numbers_db [None req-d4e24e35-3fee-45db-9979-23d2024dbb4a 2c60b6ccd6fc4973bafcb3b18c51dfbc 541db572d2324afa95616f75acdd5c23 - - - -] Successfully bumped revision number for resource 3f763be4-8f12-4bed-a481-d1657f1fb7ad (type: router_ports) to 1
2026-05-18 01:51:57.513 10 INFO neutron.plugins.ml2.plugin [None req-b5e345bd-f316-4f6d-9b0e-09c747b0f037 - - - - - -] Attempt 1 to provision port 3f763be4-8f12-4bed-a481-d1657f1fb7ad
2026-05-18 01:51:57.671 9 INFO neutron.db.ovn_revision_numbers_db [None req-d4e24e35-3fee-45db-9979-23d2024dbb4a 2c60b6ccd6fc4973bafcb3b18c51dfbc 541db572d2324afa95616f75acdd5c23 - - - -] Successfully bumped revision number for resource 4b7d7f9e-c570-4a0b-b1b6-19d1d12e9bd4 (type: routers) to 3
2026-05-18 01:51:57.689 9 INFO neutron.db.ovn_revision_numbers_db [None req-cbd4ebe7-79a3-4e1a-a241-5423a5d1de8b 2c60b6ccd6fc4973bafcb3b18c51dfbc 541db572d2324afa95616f75acdd5c23 - - - -] Successfully bumped revision number for resource 09295c3f-7233-44db-9489-451f4b6b562e (type: ports) to 1
2026-05-18 01:51:57.700 9 INFO neutron.wsgi [None req-d4e24e35-3fee-45db-9979-23d2024dbb4a 2c60b6ccd6fc4973bafcb3b18c51dfbc 541db572d2324afa95616f75acdd5c23 - - - -] 10.0.0.96 "POST /v2.0/routers HTTP/1.1" status: 201 len: 876 time: 1.8467300
2026-05-18 01:51:57.781 9 INFO neutron.db.ovn_revision_numbers_db [None req-f27d7f85-0a81-4501-b18a-28c705c67df6 2c60b6ccd6fc4973bafcb3b18c51dfbc 541db572d2324afa95616f75acdd5c23 - - - -] Successfully bumped revision number for resource 8b31b11f-2931-4fb5-83eb-acd9a09fe399 (type: security_groups) to 1
2026-05-18 01:51:57.844 10 INFO neutron.db.ovn_revision_numbers_db [None req-2904e55c-def6-448b-bdf1-7e304310c194 2c60b6ccd6fc4973bafcb3b18c51dfbc 541db572d2324afa95616f75acdd5c23 - - - -] Successfully bumped revision number for resource 4a8093df-67e3-4e5f-8c06-b2eed99453ef (type: router_ports) to 1
2026-05-18 01:51:57.860 9 INFO neutron.db.segments_db [None req-f27d7f85-0a81-4501-b18a-28c705c67df6 2c60b6ccd6fc4973bafcb3b18c51dfbc 541db572d2324afa95616f75acdd5c23 - - - -] Added segment 45ced833-3b43-408b-911b-eea9f9a6a855 of type geneve for network 2ae4ac05-ac2f-4090-9963-f29408c08319
2026-05-18 01:51:57.964 10 INFO neutron.db.ovn_revision_numbers_db [None req-2904e55c-def6-448b-bdf1-7e304310c194 2c60b6ccd6fc4973bafcb3b18c51dfbc 541db572d2324afa95616f75acdd5c23 - - - -] Successfully bumped revision number for resource 0aa82d35-701b-4ed8-b611-c0a4c7915539 (type: routers) to 3
2026-05-18 01:51:57.998 10 INFO neutron.wsgi [None req-2904e55c-def6-448b-bdf1-7e304310c194 2c60b6ccd6fc4973bafcb3b18c51dfbc 541db572d2324afa95616f75acdd5c23 - - - -] 10.0.0.96 "POST /v2.0/routers HTTP/1.1" status: 201 len: 882 time: 1.9472880
2026-05-18 01:51:58.133 9 INFO neutron.db.ovn_revision_numbers_db [None req-f27d7f85-0a81-4501-b18a-28c705c67df6 2c60b6ccd6fc4973bafcb3b18c51dfbc 541db572d2324afa95616f75acdd5c23 - - - -] Successfully bumped revision number for resource 2ae4ac05-ac2f-4090-9963-f29408c08319 (type: networks) to 1
2026-05-18 01:51:58.312 10 INFO neutron.db.ovn_revision_numbers_db [None req-9c54d9dc-7ee6-4357-9e8e-23a66d359662 - - - - - -] Successfully bumped revision number for resource 3f763be4-8f12-4bed-a481-d1657f1fb7ad (type: ports) to 1
2026-05-18 01:51:58.529 9 WARNING neutron.scheduler.dhcp_agent_scheduler [None req-f27d7f85-0a81-4501-b18a-28c705c67df6 2c60b6ccd6fc4973bafcb3b18c51dfbc 541db572d2324afa95616f75acdd5c23 - - - -] No more DHCP agents
2026-05-18 01:51:58.535 9 WARNING neutron.api.rpc.agentnotifiers.dhcp_rpc_agent_api [None req-f27d7f85-0a81-4501-b18a-28c705c67df6 2c60b6ccd6fc4973bafcb3b18c51dfbc 541db572d2324afa95616f75acdd5c23 - - - -] Unable to schedule network 2ae4ac05-ac2f-4090-9963-f29408c08319: no agents available; will retry on subsequent port and subnet creation events.
2026-05-18 01:51:58.656 9 INFO neutron.db.ovn_revision_numbers_db [None req-f27d7f85-0a81-4501-b18a-28c705c67df6 2c60b6ccd6fc4973bafcb3b18c51dfbc 541db572d2324afa95616f75acdd5c23 - - - -] Successfully bumped revision number for resource 335b416e-4068-4eca-a971-0ebf2c50e182 (type: ports) to 1
2026-05-18 01:51:58.660 9 WARNING neutron.scheduler.dhcp_agent_scheduler [None req-8d12f3f1-5e0d-47be-b88d-7801aefad982 2c60b6ccd6fc4973bafcb3b18c51dfbc 541db572d2324afa95616f75acdd5c23 - - default default] No more DHCP agents
2026-05-18 01:51:58.666 9 WARNING neutron.api.rpc.agentnotifiers.dhcp_rpc_agent_api [None req-8d12f3f1-5e0d-47be-b88d-7801aefad982 2c60b6ccd6fc4973bafcb3b18c51dfbc 541db572d2324afa95616f75acdd5c23 - - default default] Unable to schedule network 78fe8510-7f78-4f64-b501-71537e33d299: no agents available; will retry on subsequent port and subnet creation events.
2026-05-18 01:51:58.677 10 WARNING neutron.scheduler.dhcp_agent_scheduler [None req-98b891a0-076b-4389-aac8-106df971195a 2c60b6ccd6fc4973bafcb3b18c51dfbc 541db572d2324afa95616f75acdd5c23 - - default default] No more DHCP agents
2026-05-18 01:51:58.680 10 WARNING neutron.api.rpc.agentnotifiers.dhcp_rpc_agent_api [None req-98b891a0-076b-4389-aac8-106df971195a 2c60b6ccd6fc4973bafcb3b18c51dfbc 541db572d2324afa95616f75acdd5c23 - - default default] Unable to schedule network 11865d2a-4656-4781-b3ff-e0d655336abe: no agents available; will retry on subsequent port and subnet creation events.
2026-05-18 01:51:58.696 9 INFO neutron.wsgi [None req-f27d7f85-0a81-4501-b18a-28c705c67df6 2c60b6ccd6fc4973bafcb3b18c51dfbc 541db572d2324afa95616f75acdd5c23 - - - -] 10.0.0.96 "POST /v2.0/networks HTTP/1.1" status: 201 len: 954 time: 1.4248834
2026-05-18 01:51:58.728 10 INFO neutron.db.ovn_revision_numbers_db [None req-9c54d9dc-7ee6-4357-9e8e-23a66d359662 - - - - - -] Successfully bumped revision number for resource 3f763be4-8f12-4bed-a481-d1657f1fb7ad (type: router_ports) to 3
2026-05-18 01:51:58.818 9 INFO neutron.db.ovn_revision_numbers_db [None req-cbd4ebe7-79a3-4e1a-a241-5423a5d1de8b 2c60b6ccd6fc4973bafcb3b18c51dfbc 541db572d2324afa95616f75acdd5c23 - - - -] Successfully bumped revision number for resource 09295c3f-7233-44db-9489-451f4b6b562e (type: router_ports) to 1
2026-05-18 01:51:58.850 10 INFO neutron.db.ovn_revision_numbers_db [None req-98b891a0-076b-4389-aac8-106df971195a 2c60b6ccd6fc4973bafcb3b18c51dfbc 541db572d2324afa95616f75acdd5c23 - - default default] Successfully bumped revision number for resource 122d8d3e-58ed-4760-8b0b-8134d4319f72 (type: ports) to 1
2026-05-18 01:51:58.881 9 INFO neutron.db.ovn_revision_numbers_db [None req-8d12f3f1-5e0d-47be-b88d-7801aefad982 2c60b6ccd6fc4973bafcb3b18c51dfbc 541db572d2324afa95616f75acdd5c23 - - default default] Successfully bumped revision number for resource 4ffa15e7-537f-4241-8755-de5f88b895ca (type: ports) to 1
2026-05-18 01:51:58.889 10 INFO neutron.db.ovn_revision_numbers_db [None req-9c54d9dc-7ee6-4357-9e8e-23a66d359662 - - - - - -] Successfully bumped revision number for resource 3f763be4-8f12-4bed-a481-d1657f1fb7ad (type: ports) to 2
2026-05-18 01:51:58.935 9 INFO neutron.db.ovn_revision_numbers_db [None req-cbd4ebe7-79a3-4e1a-a241-5423a5d1de8b 2c60b6ccd6fc4973bafcb3b18c51dfbc 541db572d2324afa95616f75acdd5c23 - - - -] Successfully bumped revision number for resource 87969dd4-6ff9-4419-829d-fad15e799718 (type: routers) to 3
2026-05-18 01:51:58.973 9 INFO neutron.wsgi [None req-cbd4ebe7-79a3-4e1a-a241-5423a5d1de8b 2c60b6ccd6fc4973bafcb3b18c51dfbc 541db572d2324afa95616f75acdd5c23 - - - -] 10.0.0.96 "POST /v2.0/routers HTTP/1.1" status: 201 len: 881 time: 2.2232602
2026-05-18 01:51:58.982 9 WARNING neutron.scheduler.dhcp_agent_scheduler [None req-d735ed3b-48e2-4f84-befb-272580e50f1c 2c60b6ccd6fc4973bafcb3b18c51dfbc 541db572d2324afa95616f75acdd5c23 - - - -] No more DHCP agents
2026-05-18 01:51:58.995 9 WARNING neutron.api.rpc.agentnotifiers.dhcp_rpc_agent_api [None req-d735ed3b-48e2-4f84-befb-272580e50f1c 2c60b6ccd6fc4973bafcb3b18c51dfbc 541db572d2324afa95616f75acdd5c23 - - - -] Unable to schedule network 2ae4ac05-ac2f-4090-9963-f29408c08319: no agents available; will retry on subsequent port and subnet creation events.
2026-05-18 01:51:59.208 10 INFO neutron.db.ovn_revision_numbers_db [None req-9c54d9dc-7ee6-4357-9e8e-23a66d359662 - - - - - -] Successfully bumped revision number for resource 3f763be4-8f12-4bed-a481-d1657f1fb7ad (type: ports) to 4
2026-05-18 01:51:59.529 10 INFO neutron.db.ovn_revision_numbers_db [None req-98b891a0-076b-4389-aac8-106df971195a 2c60b6ccd6fc4973bafcb3b18c51dfbc 541db572d2324afa95616f75acdd5c23 - - default default] Successfully bumped revision number for resource 122d8d3e-58ed-4760-8b0b-8134d4319f72 (type: router_ports) to 2
2026-05-18 01:51:59.530 9 INFO neutron.plugins.ml2.drivers.ovn.mech_driver.mech_driver [None req-112924e3-7ee5-4fb4-9c83-2b3b44b912a4 - - - - - -] OVN reports status up for port: 122d8d3e-58ed-4760-8b0b-8134d4319f72
2026-05-18 01:51:59.587 9 INFO neutron.plugins.ml2.plugin [None req-112924e3-7ee5-4fb4-9c83-2b3b44b912a4 - - - - - -] Attempt 1 to provision port 122d8d3e-58ed-4760-8b0b-8134d4319f72
2026-05-18 01:51:59.601 10 INFO neutron.db.ovn_revision_numbers_db [None req-9c54d9dc-7ee6-4357-9e8e-23a66d359662 - - - - - -] Successfully bumped revision number for resource 3f763be4-8f12-4bed-a481-d1657f1fb7ad (type: router_ports) to 4
2026-05-18 01:51:59.627 10 INFO neutron.plugins.ml2.drivers.ovn.mech_driver.ovsdb.ovsdb_monitor [None req-9c54d9dc-7ee6-4357-9e8e-23a66d359662 - - - - - -] Router 0aa82d35-701b-4ed8-b611-c0a4c7915539 is bound to host instance
2026-05-18 01:51:59.691 10 INFO neutron.db.ovn_revision_numbers_db [None req-98b891a0-076b-4389-aac8-106df971195a 2c60b6ccd6fc4973bafcb3b18c51dfbc 541db572d2324afa95616f75acdd5c23 - - default default] Successfully bumped revision number for resource 122d8d3e-58ed-4760-8b0b-8134d4319f72 (type: ports) to 2
2026-05-18 01:51:59.788 10 WARNING neutron.scheduler.dhcp_agent_scheduler [None req-98b891a0-076b-4389-aac8-106df971195a 2c60b6ccd6fc4973bafcb3b18c51dfbc 541db572d2324afa95616f75acdd5c23 - - default default] No more DHCP agents
2026-05-18 01:51:59.788 9 INFO neutron.db.ovn_revision_numbers_db [None req-8d12f3f1-5e0d-47be-b88d-7801aefad982 2c60b6ccd6fc4973bafcb3b18c51dfbc 541db572d2324afa95616f75acdd5c23 - - default default] Successfully bumped revision number for resource 4ffa15e7-537f-4241-8755-de5f88b895ca (type: router_ports) to 2
2026-05-18 01:51:59.790 10 WARNING neutron.api.rpc.agentnotifiers.dhcp_rpc_agent_api [None req-98b891a0-076b-4389-aac8-106df971195a 2c60b6ccd6fc4973bafcb3b18c51dfbc 541db572d2324afa95616f75acdd5c23 - - default default] Unable to schedule network 11865d2a-4656-4781-b3ff-e0d655336abe: no agents available; will retry on subsequent port and subnet creation events.
2026-05-18 01:51:59.921 9 WARNING neutron.scheduler.dhcp_agent_scheduler [None req-de3de8d4-d364-4f41-b76a-7d3024dac150 2c60b6ccd6fc4973bafcb3b18c51dfbc 541db572d2324afa95616f75acdd5c23 - - default default] No more DHCP agents
2026-05-18 01:51:59.931 9 WARNING neutron.api.rpc.agentnotifiers.dhcp_rpc_agent_api [None req-de3de8d4-d364-4f41-b76a-7d3024dac150 2c60b6ccd6fc4973bafcb3b18c51dfbc 541db572d2324afa95616f75acdd5c23 - - default default] Unable to schedule network 7373bb86-4e3c-4471-95c2-e17e42368f7f: no agents available; will retry on subsequent port and subnet creation events.
2026-05-18 01:52:00.055 9 INFO neutron.db.ovn_revision_numbers_db [None req-d735ed3b-48e2-4f84-befb-272580e50f1c 2c60b6ccd6fc4973bafcb3b18c51dfbc 541db572d2324afa95616f75acdd5c23 - - - -] Successfully bumped revision number for resource 335b416e-4068-4eca-a971-0ebf2c50e182 (type: ports) to 2
2026-05-18 01:52:00.102 9 INFO neutron.db.ovn_revision_numbers_db [None req-d735ed3b-48e2-4f84-befb-272580e50f1c 2c60b6ccd6fc4973bafcb3b18c51dfbc 541db572d2324afa95616f75acdd5c23 - - - -] Successfully bumped revision number for resource 3e855fb0-9e95-4641-b049-1e20b03754df (type: subnets) to 0
2026-05-18 01:52:00.111 9 INFO neutron.db.ovn_revision_numbers_db [None req-8d12f3f1-5e0d-47be-b88d-7801aefad982 2c60b6ccd6fc4973bafcb3b18c51dfbc 541db572d2324afa95616f75acdd5c23 - - default default] Successfully bumped revision number for resource 4ffa15e7-537f-4241-8755-de5f88b895ca (type: ports) to 2
2026-05-18 01:52:00.123 9 INFO neutron.wsgi [None req-d735ed3b-48e2-4f84-befb-272580e50f1c 2c60b6ccd6fc4973bafcb3b18c51dfbc 541db572d2324afa95616f75acdd5c23 - - - -] 10.0.0.96 "POST /v2.0/subnets HTTP/1.1" status: 201 len: 874 time: 1.4192097
2026-05-18 01:52:00.160 9 INFO neutron.db.ovn_revision_numbers_db [None req-de3de8d4-d364-4f41-b76a-7d3024dac150 2c60b6ccd6fc4973bafcb3b18c51dfbc 541db572d2324afa95616f75acdd5c23 - - default default] Successfully bumped revision number for resource 2571f3b0-2b01-46e4-9f4f-0ac92b6c4df8 (type: ports) to 1
2026-05-18 01:52:00.282 9 WARNING neutron.scheduler.dhcp_agent_scheduler [None req-8d12f3f1-5e0d-47be-b88d-7801aefad982 2c60b6ccd6fc4973bafcb3b18c51dfbc 541db572d2324afa95616f75acdd5c23 - - default default] No more DHCP agents
2026-05-18 01:52:00.300 9 INFO neutron.db.ovn_revision_numbers_db [None req-112924e3-7ee5-4fb4-9c83-2b3b44b912a4 - - - - - -] Successfully bumped revision number for resource 122d8d3e-58ed-4760-8b0b-8134d4319f72 (type: ports) to 3
2026-05-18 01:52:00.302 9 WARNING neutron.api.rpc.agentnotifiers.dhcp_rpc_agent_api [None req-8d12f3f1-5e0d-47be-b88d-7801aefad982 2c60b6ccd6fc4973bafcb3b18c51dfbc 541db572d2324afa95616f75acdd5c23 - - default default] Unable to schedule network 78fe8510-7f78-4f64-b501-71537e33d299: no agents available; will retry on subsequent port and subnet creation events.
2026-05-18 01:52:00.423 10 INFO neutron.db.ovn_revision_numbers_db [None req-9c54d9dc-7ee6-4357-9e8e-23a66d359662 - - - - - -] Successfully bumped revision number for resource 4a8093df-67e3-4e5f-8c06-b2eed99453ef (type: ports) to 1
2026-05-18 01:52:00.551 10 INFO neutron.plugins.ml2.drivers.ovn.mech_driver.mech_driver [None req-b5e345bd-f316-4f6d-9b0e-09c747b0f037 - - - - - -] OVN reports status up for port: 4a8093df-67e3-4e5f-8c06-b2eed99453ef
2026-05-18 01:52:00.623 10 INFO neutron.plugins.ml2.plugin [None req-b5e345bd-f316-4f6d-9b0e-09c747b0f037 - - - - - -] Attempt 1 to provision port 4a8093df-67e3-4e5f-8c06-b2eed99453ef
2026-05-18 01:52:00.642 10 INFO neutron.db.ovn_revision_numbers_db [None req-98b891a0-076b-4389-aac8-106df971195a 2c60b6ccd6fc4973bafcb3b18c51dfbc 541db572d2324afa95616f75acdd5c23 - - - -] Successfully bumped revision number for resource 122d8d3e-58ed-4760-8b0b-8134d4319f72 (type: router_ports) to 2
2026-05-18 01:52:00.647 10 INFO neutron.wsgi [None req-98b891a0-076b-4389-aac8-106df971195a 2c60b6ccd6fc4973bafcb3b18c51dfbc 541db572d2324afa95616f75acdd5c23 - - - -] 10.0.0.96 "PUT /v2.0/routers/0aa82d35-701b-4ed8-b611-c0a4c7915539/add_router_interface HTTP/1.1" status: 200 len: 503 time: 2.6407275
2026-05-18 01:52:00.713 9 INFO neutron.db.ovn_revision_numbers_db [None req-112924e3-7ee5-4fb4-9c83-2b3b44b912a4 - - - - - -] Successfully bumped revision number for resource 122d8d3e-58ed-4760-8b0b-8134d4319f72 (type: router_ports) to 3
2026-05-18 01:52:01.100 10 INFO neutron.db.ovn_revision_numbers_db [None req-9c54d9dc-7ee6-4357-9e8e-23a66d359662 - - - - - -] Successfully bumped revision number for resource 4a8093df-67e3-4e5f-8c06-b2eed99453ef (type: router_ports) to 3
2026-05-18 01:52:01.177 10 INFO neutron.db.ovn_revision_numbers_db [None req-b5e345bd-f316-4f6d-9b0e-09c747b0f037 - - - - - -] Successfully bumped revision number for resource 4a8093df-67e3-4e5f-8c06-b2eed99453ef (type: ports) to 4
2026-05-18 01:52:01.182 9 WARNING neutron.scheduler.dhcp_agent_scheduler [None req-0e79f1d1-e585-42bc-92de-074b23f417dd 2c60b6ccd6fc4973bafcb3b18c51dfbc 541db572d2324afa95616f75acdd5c23 - - - -] No more DHCP agents
2026-05-18 01:52:01.191 9 WARNING neutron.api.rpc.agentnotifiers.dhcp_rpc_agent_api [None req-0e79f1d1-e585-42bc-92de-074b23f417dd 2c60b6ccd6fc4973bafcb3b18c51dfbc 541db572d2324afa95616f75acdd5c23 - - - -] Unable to schedule network 1789723b-4cd4-4985-abb8-7edd76d122e7: no agents available; will retry on subsequent port and subnet creation events.
2026-05-18 01:52:01.254 10 ERROR ovsdbapp.backend.ovs_idl.transaction [None req-9c54d9dc-7ee6-4357-9e8e-23a66d359662 - - - - - -]
Traceback (most recent call last): File "/var/lib/openstack/lib/python3.10/site-packages/ovsdbapp/backend/ovs_idl/connection.py", line 118, in run txn.results.put(txn.do_commit())
File "/var/lib/openstack/lib/python3.10/site-packages/ovsdbapp/backend/ovs_idl/transaction.py", line 92, in do_commit command.run_idl(txn)
File "/var/lib/openstack/lib/python3.10/site-packages/neutron/plugins/ml2/drivers/ovn/mech_driver/ovsdb/commands.py", line 801, in run_idl raise ovn_exc.RevisionConflict( neutron.common.ovn.exceptions.RevisionConflict: OVN revision number for 4a8093df-67e3-4e5f-8c06-b2eed99453ef (type: ports) is equal or higher than the given resource. Skipping update 
2026-05-18 01:52:01.255 10 INFO neutron.plugins.ml2.drivers.ovn.mech_driver.ovsdb.impl_idl_ovn [None req-9c54d9dc-7ee6-4357-9e8e-23a66d359662 - - - - - -] Transaction aborted. Reason: OVN revision number for 4a8093df-67e3-4e5f-8c06-b2eed99453ef (type: ports) is equal or higher than the given resource. Skipping update
