2026-05-18 01:53:19.672 9 INFO neutron.services.segments.plugin [-] Segment 50392450-5bcf-4316-b423-d4410e49b945 resource provider aggregate not found
2026-05-18 01:53:19.685 9 INFO neutron.services.segments.plugin [-] Segment 50392450-5bcf-4316-b423-d4410e49b945 resource provider not found; error: Placement Client Error (4xx): {"errors": [{"status": 404, "title": "Not Found", "detail": "The resource could not be found.\n\n No resource provider with uuid 50392450-5bcf-4316-b423-d4410e49b945 found for delete ", "request_id": "req-87461c85-7eee-46ba-9220-7b86a6c45c15"}]}
2026-05-18 01:53:19.698 9 INFO neutron.services.segments.plugin [-] Segment b8fbc97a-eb62-4a65-ac67-5112b122baba resource provider aggregate not found
2026-05-18 01:53:19.706 9 INFO neutron.services.segments.plugin [-] Segment 50392450-5bcf-4316-b423-d4410e49b945 resource provider aggregate not found
2026-05-18 01:53:19.713 9 INFO neutron.services.segments.plugin [-] Segment b8fbc97a-eb62-4a65-ac67-5112b122baba resource provider not found; error: Placement Client Error (4xx): {"errors": [{"status": 404, "title": "Not Found", "detail": "The resource could not be found.\n\n No resource provider with uuid b8fbc97a-eb62-4a65-ac67-5112b122baba found for delete ", "request_id": "req-a0e3fa6d-dc5e-458d-898f-5b9f88058641"}]}
2026-05-18 01:53:19.725 9 INFO neutron.services.segments.plugin [-] Segment d1ee4fc1-a251-42a9-b8da-255d8fa9d0c4 resource provider aggregate not found
2026-05-18 01:53:19.735 9 INFO neutron.services.segments.plugin [-] Segment 50392450-5bcf-4316-b423-d4410e49b945 resource provider not found; error: Placement Client Error (4xx): {"errors": [{"status": 404, "title": "Not Found", "detail": "The resource could not be found.\n\n No resource provider with uuid 50392450-5bcf-4316-b423-d4410e49b945 found for delete ", "request_id": "req-39f807bf-b710-4823-b929-e5258dac8691"}]}
2026-05-18 01:53:19.740 9 INFO neutron.services.segments.plugin [-] Segment d1ee4fc1-a251-42a9-b8da-255d8fa9d0c4 resource provider not found; error: Placement Client Error (4xx): {"errors": [{"status": 404, "title": "Not Found", "detail": "The resource could not be found.\n\n No resource provider with uuid d1ee4fc1-a251-42a9-b8da-255d8fa9d0c4 found for delete ", "request_id": "req-3a7f07a4-980f-4369-82fc-50da47cc4fd9"}]}
2026-05-18 01:53:19.757 9 INFO neutron.services.segments.plugin [-] Segment b8fbc97a-eb62-4a65-ac67-5112b122baba resource provider aggregate not found
2026-05-18 01:53:19.771 9 INFO neutron.services.segments.plugin [-] Segment b8fbc97a-eb62-4a65-ac67-5112b122baba resource provider not found; error: Placement Client Error (4xx): {"errors": [{"status": 404, "title": "Not Found", "detail": "The resource could not be found.\n\n No resource provider with uuid b8fbc97a-eb62-4a65-ac67-5112b122baba found for delete ", "request_id": "req-37c1436d-5ae3-42c7-be83-cfadabdc9225"}]}
2026-05-18 01:53:19.793 9 INFO neutron.services.segments.plugin [-] Segment d1ee4fc1-a251-42a9-b8da-255d8fa9d0c4 resource provider aggregate not found
2026-05-18 01:53:19.809 9 INFO neutron.services.segments.plugin [-] Segment d1ee4fc1-a251-42a9-b8da-255d8fa9d0c4 resource provider not found; error: Placement Client Error (4xx): {"errors": [{"status": 404, "title": "Not Found", "detail": "The resource could not be found.\n\n No resource provider with uuid d1ee4fc1-a251-42a9-b8da-255d8fa9d0c4 found for delete ", "request_id": "req-530def4b-e279-4580-8253-4e8c9e33f218"}]}
2026-05-18 01:53:19.837 9 INFO neutron.wsgi [None req-ee6f3a1a-70d3-4ffc-9618-47d5cf1c09d9 2c60b6ccd6fc4973bafcb3b18c51dfbc 541db572d2324afa95616f75acdd5c23 - - default default] 10.0.0.96 "GET /v2.0/security-groups?tenant_id=e309f450e9a4494ca2ae45c416fdfbdc&name=default HTTP/1.1" status: 200 len: 2996 time: 0.2424471
2026-05-18 01:53:19.875 10 INFO neutron.wsgi [-] 10.0.0.138 "GET / HTTP/1.1" status: 200 len: 247 time: 0.0015571
2026-05-18 01:53:19.876 9 INFO neutron.wsgi [-] 10.0.0.138 "GET / HTTP/1.1" status: 200 len: 247 time: 0.0016177
2026-05-18 01:53:20.065 9 INFO neutron.wsgi [None req-4d86ee7a-b005-4730-8b0f-2e25ae67401f 2c60b6ccd6fc4973bafcb3b18c51dfbc 541db572d2324afa95616f75acdd5c23 - - - -] 10.0.0.96 "DELETE /v2.0/security-groups/275481ad-a18a-42b4-b65f-1ec57789cb31 HTTP/1.1" status: 204 len: 168 time: 0.2244225
2026-05-18 01:53:20.101 10 INFO neutron.services.segments.plugin [-] Segment 007152d1-6ac7-4871-8c71-2c908ec7f8af resource provider aggregate not found
2026-05-18 01:53:20.115 10 INFO neutron.wsgi [None req-a7e67d7a-4f0b-4e78-9f38-837ac7337d1b 080f543f95ab4b3db94cb8ecd2e54e7b 2cb658e0b59f4b80b35e04d418a52021 - - - -] 10.0.0.96 "DELETE /v2.0/networks/7e45c943-ccda-419c-b683-d5ee643e9668 HTTP/1.1" status: 204 len: 168 time: 0.4485567
2026-05-18 01:53:20.120 10 INFO neutron.services.segments.plugin [-] Segment 007152d1-6ac7-4871-8c71-2c908ec7f8af resource provider not found; error: Placement Client Error (4xx): {"errors": [{"status": 404, "title": "Not Found", "detail": "The resource could not be found.\n\n No resource provider with uuid 007152d1-6ac7-4871-8c71-2c908ec7f8af found for delete ", "request_id": "req-fde9fbd0-438b-4620-9f9b-6addf07ac61b"}]}
2026-05-18 01:53:20.134 10 INFO neutron.services.segments.plugin [-] Segment 007152d1-6ac7-4871-8c71-2c908ec7f8af resource provider aggregate not found
2026-05-18 01:53:20.172 10 INFO neutron.services.segments.plugin [-] Segment 007152d1-6ac7-4871-8c71-2c908ec7f8af resource provider not found; error: Placement Client Error (4xx): {"errors": [{"status": 404, "title": "Not Found", "detail": "The resource could not be found.\n\n No resource provider with uuid 007152d1-6ac7-4871-8c71-2c908ec7f8af found for delete ", "request_id": "req-7357222b-65af-4752-b214-e47f8246b1ee"}]}
2026-05-18 01:53:20.822 9 INFO neutron.wsgi [None req-c7c61e20-6cc8-49c7-b366-1a070f978480 2c60b6ccd6fc4973bafcb3b18c51dfbc 541db572d2324afa95616f75acdd5c23 - - default default] 10.0.0.96 "GET /v2.0/security-groups?tenant_id=2cb658e0b59f4b80b35e04d418a52021&name=default HTTP/1.1" status: 200 len: 2996 time: 0.2478108
2026-05-18 01:53:21.000 9 INFO neutron.wsgi [None req-9aa644b8-d316-4b07-99be-a037e8aefc44 2c60b6ccd6fc4973bafcb3b18c51dfbc 541db572d2324afa95616f75acdd5c23 - - - -] 10.0.0.96 "DELETE /v2.0/security-groups/f375dbe4-a420-4454-a720-4f100e7d27a8 HTTP/1.1" status: 204 len: 168 time: 0.1698780
2026-05-18 01:53:21.292 9 INFO neutron.db.ovn_revision_numbers_db [None req-3a0ad717-c998-4b74-afad-21f0f2d5dafd 2c60b6ccd6fc4973bafcb3b18c51dfbc 541db572d2324afa95616f75acdd5c23 - - default default] Successfully bumped revision number for resource 2b96c958-803a-4ee4-9052-a4af2de3b75d (type: security_groups) to 1
2026-05-18 01:53:21.323 9 INFO neutron.wsgi [None req-3a0ad717-c998-4b74-afad-21f0f2d5dafd 2c60b6ccd6fc4973bafcb3b18c51dfbc 541db572d2324afa95616f75acdd5c23 - - default default] 10.0.0.96 "GET /v2.0/security-groups?tenant_id=c7279eb1eb704a47a2ecf74382b347a8&name=default HTTP/1.1" status: 200 len: 2996 time: 0.3065450
2026-05-18 01:53:21.532 10 INFO neutron.wsgi [None req-2fe447d6-03ef-47a1-941c-244f68b1e048 2c60b6ccd6fc4973bafcb3b18c51dfbc 541db572d2324afa95616f75acdd5c23 - - - -] 10.0.0.96 "DELETE /v2.0/security-groups/2b96c958-803a-4ee4-9052-a4af2de3b75d HTTP/1.1" status: 204 len: 168 time: 0.2019386
2026-05-18 01:53:22.065 10 INFO neutron.db.ovn_revision_numbers_db [None req-111ca92a-f3ce-415e-bac3-fc5d71f03188 44522fad636f43ab99d29d40ea3795cb ac1326d5a9bb4d9a8cfb01a704844ef7 - - - -] Successfully bumped revision number for resource 00f2007a-2266-4464-b6ab-3dd10f1f23a8 (type: security_groups) to 1
2026-05-18 01:53:22.119 10 INFO neutron.db.segments_db [None req-111ca92a-f3ce-415e-bac3-fc5d71f03188 44522fad636f43ab99d29d40ea3795cb ac1326d5a9bb4d9a8cfb01a704844ef7 - - - -] Added segment 1ef2ccc0-2401-453b-a155-54588f5826a3 of type geneve for network 9b5f4928-1f7a-4703-b303-0759e5303218
2026-05-18 01:53:22.236 10 INFO neutron.db.ovn_revision_numbers_db [None req-111ca92a-f3ce-415e-bac3-fc5d71f03188 44522fad636f43ab99d29d40ea3795cb ac1326d5a9bb4d9a8cfb01a704844ef7 - - - -] Successfully bumped revision number for resource 9b5f4928-1f7a-4703-b303-0759e5303218 (type: networks) to 1
2026-05-18 01:53:22.388 10 WARNING neutron.scheduler.dhcp_agent_scheduler [None req-111ca92a-f3ce-415e-bac3-fc5d71f03188 44522fad636f43ab99d29d40ea3795cb ac1326d5a9bb4d9a8cfb01a704844ef7 - - - -] No more DHCP agents
2026-05-18 01:53:22.390 10 WARNING neutron.api.rpc.agentnotifiers.dhcp_rpc_agent_api [None req-111ca92a-f3ce-415e-bac3-fc5d71f03188 44522fad636f43ab99d29d40ea3795cb ac1326d5a9bb4d9a8cfb01a704844ef7 - - - -] Unable to schedule network 9b5f4928-1f7a-4703-b303-0759e5303218: no agents available; will retry on subsequent port and subnet creation events.
2026-05-18 01:53:22.465 10 INFO neutron.db.ovn_revision_numbers_db [None req-111ca92a-f3ce-415e-bac3-fc5d71f03188 44522fad636f43ab99d29d40ea3795cb ac1326d5a9bb4d9a8cfb01a704844ef7 - - - -] Successfully bumped revision number for resource 1f52bd0a-d1fb-4e6b-9fac-fed36dc5b8ef (type: ports) to 1
2026-05-18 01:53:22.485 10 INFO neutron.wsgi [None req-111ca92a-f3ce-415e-bac3-fc5d71f03188 44522fad636f43ab99d29d40ea3795cb ac1326d5a9bb4d9a8cfb01a704844ef7 - - - -] 10.0.0.96 "POST /v2.0/networks HTTP/1.1" status: 201 len: 829 time: 0.7120883
2026-05-18 01:53:22.573 10 INFO neutron.db.segments_db [None req-3f271347-2607-46aa-ba11-d5726cea7b5d 44522fad636f43ab99d29d40ea3795cb ac1326d5a9bb4d9a8cfb01a704844ef7 - - - -] Added segment 4dec1adb-4b25-4032-b703-d8176f15e7b9 of type geneve for network a68a5ed0-f209-47a6-8e75-e7023705e0d6
2026-05-18 01:53:22.705 10 INFO neutron.db.ovn_revision_numbers_db [None req-3f271347-2607-46aa-ba11-d5726cea7b5d 44522fad636f43ab99d29d40ea3795cb ac1326d5a9bb4d9a8cfb01a704844ef7 - - - -] Successfully bumped revision number for resource a68a5ed0-f209-47a6-8e75-e7023705e0d6 (type: networks) to 1
2026-05-18 01:53:22.905 10 WARNING neutron.scheduler.dhcp_agent_scheduler [None req-3f271347-2607-46aa-ba11-d5726cea7b5d 44522fad636f43ab99d29d40ea3795cb ac1326d5a9bb4d9a8cfb01a704844ef7 - - - -] No more DHCP agents
2026-05-18 01:53:22.908 10 WARNING neutron.api.rpc.agentnotifiers.dhcp_rpc_agent_api [None req-3f271347-2607-46aa-ba11-d5726cea7b5d 44522fad636f43ab99d29d40ea3795cb ac1326d5a9bb4d9a8cfb01a704844ef7 - - - -] Unable to schedule network a68a5ed0-f209-47a6-8e75-e7023705e0d6: no agents available; will retry on subsequent port and subnet creation events.
2026-05-18 01:53:22.973 10 INFO neutron.db.ovn_revision_numbers_db [None req-3f271347-2607-46aa-ba11-d5726cea7b5d 44522fad636f43ab99d29d40ea3795cb ac1326d5a9bb4d9a8cfb01a704844ef7 - - - -] Successfully bumped revision number for resource 909e6efa-70f5-4373-9322-982fd7010fb5 (type: ports) to 1
2026-05-18 01:53:22.989 9 INFO neutron.db.ovn_revision_numbers_db [None req-9f6fcce7-b1d2-4336-85a4-78f632ba231b 4ec0098d5fbd4ac283bcb7f0f0a7542d 437436d80aa041f19a5f54d3c10ac436 - - - -] Successfully bumped revision number for resource d2ba40b2-0da2-452c-adb0-a2b784f860e7 (type: security_groups) to 1
2026-05-18 01:53:23.000 10 INFO neutron.wsgi [None req-3f271347-2607-46aa-ba11-d5726cea7b5d 44522fad636f43ab99d29d40ea3795cb ac1326d5a9bb4d9a8cfb01a704844ef7 - - - -] 10.0.0.96 "POST /v2.0/networks HTTP/1.1" status: 201 len: 829 time: 0.5090578
2026-05-18 01:53:23.048 9 INFO neutron.db.segments_db [None req-9f6fcce7-b1d2-4336-85a4-78f632ba231b 4ec0098d5fbd4ac283bcb7f0f0a7542d 437436d80aa041f19a5f54d3c10ac436 - - - -] Added segment 202d8e52-e235-4fcc-92f0-b934b693e07f of type geneve for network 7e2e9855-23e5-40e6-995d-150bea9db66c
2026-05-18 01:53:23.178 9 INFO neutron.db.ovn_revision_numbers_db [None req-9f6fcce7-b1d2-4336-85a4-78f632ba231b 4ec0098d5fbd4ac283bcb7f0f0a7542d 437436d80aa041f19a5f54d3c10ac436 - - - -] Successfully bumped revision number for resource 7e2e9855-23e5-40e6-995d-150bea9db66c (type: networks) to 1
2026-05-18 01:53:23.295 10 WARNING neutron.scheduler.dhcp_agent_scheduler [None req-05801bf8-3e0b-4b21-84dc-e6c074c6a2db 44522fad636f43ab99d29d40ea3795cb ac1326d5a9bb4d9a8cfb01a704844ef7 - - - -] No more DHCP agents
2026-05-18 01:53:23.300 10 WARNING neutron.api.rpc.agentnotifiers.dhcp_rpc_agent_api [None req-05801bf8-3e0b-4b21-84dc-e6c074c6a2db 44522fad636f43ab99d29d40ea3795cb ac1326d5a9bb4d9a8cfb01a704844ef7 - - - -] Unable to schedule network 9b5f4928-1f7a-4703-b303-0759e5303218: no agents available; will retry on subsequent port and subnet creation events.
2026-05-18 01:53:23.365 9 WARNING neutron.scheduler.dhcp_agent_scheduler [None req-9f6fcce7-b1d2-4336-85a4-78f632ba231b 4ec0098d5fbd4ac283bcb7f0f0a7542d 437436d80aa041f19a5f54d3c10ac436 - - - -] No more DHCP agents
2026-05-18 01:53:23.367 9 WARNING neutron.api.rpc.agentnotifiers.dhcp_rpc_agent_api [None req-9f6fcce7-b1d2-4336-85a4-78f632ba231b 4ec0098d5fbd4ac283bcb7f0f0a7542d 437436d80aa041f19a5f54d3c10ac436 - - - -] Unable to schedule network 7e2e9855-23e5-40e6-995d-150bea9db66c: no agents available; will retry on subsequent port and subnet creation events.
2026-05-18 01:53:23.431 9 INFO neutron.db.ovn_revision_numbers_db [None req-9f6fcce7-b1d2-4336-85a4-78f632ba231b 4ec0098d5fbd4ac283bcb7f0f0a7542d 437436d80aa041f19a5f54d3c10ac436 - - - -] Successfully bumped revision number for resource db398c33-9ffb-43b6-b44e-87b8b07bf545 (type: ports) to 1
2026-05-18 01:53:23.450 9 INFO neutron.wsgi [None req-9f6fcce7-b1d2-4336-85a4-78f632ba231b 4ec0098d5fbd4ac283bcb7f0f0a7542d 437436d80aa041f19a5f54d3c10ac436 - - - -] 10.0.0.96 "POST /v2.0/networks HTTP/1.1" status: 201 len: 842 time: 0.8114610
2026-05-18 01:53:23.621 10 INFO neutron.db.ovn_revision_numbers_db [None req-b7146475-de08-4f28-8e32-cafa6d0f8107 2c60b6ccd6fc4973bafcb3b18c51dfbc 541db572d2324afa95616f75acdd5c23 - - default default] Successfully bumped revision number for resource 3bd254b9-68d3-4245-831e-8247fca44999 (type: security_groups) to 1
2026-05-18 01:53:23.652 10 INFO neutron.wsgi [None req-b7146475-de08-4f28-8e32-cafa6d0f8107 2c60b6ccd6fc4973bafcb3b18c51dfbc 541db572d2324afa95616f75acdd5c23 - - default default] 10.0.0.96 "GET /v2.0/security-groups?tenant_id=0196a69b245a4d62a26bb8bf3712a93d&name=default HTTP/1.1" status: 200 len: 2996 time: 0.2753875
2026-05-18 01:53:23.724 9 WARNING neutron.scheduler.dhcp_agent_scheduler [None req-1c41d949-59fc-41c5-8505-53e55643e377 4ec0098d5fbd4ac283bcb7f0f0a7542d 437436d80aa041f19a5f54d3c10ac436 - - - -] No more DHCP agents
2026-05-18 01:53:23.725 9 WARNING neutron.api.rpc.agentnotifiers.dhcp_rpc_agent_api [None req-1c41d949-59fc-41c5-8505-53e55643e377 4ec0098d5fbd4ac283bcb7f0f0a7542d 437436d80aa041f19a5f54d3c10ac436 - - - -] Unable to schedule network 7e2e9855-23e5-40e6-995d-150bea9db66c: no agents available; will retry on subsequent port and subnet creation events.
2026-05-18 01:53:23.800 10 INFO neutron.db.ovn_revision_numbers_db [None req-05801bf8-3e0b-4b21-84dc-e6c074c6a2db 44522fad636f43ab99d29d40ea3795cb ac1326d5a9bb4d9a8cfb01a704844ef7 - - - -] Successfully bumped revision number for resource 1f52bd0a-d1fb-4e6b-9fac-fed36dc5b8ef (type: ports) to 2
2026-05-18 01:53:23.817 10 INFO neutron.db.ovn_revision_numbers_db [None req-05801bf8-3e0b-4b21-84dc-e6c074c6a2db 44522fad636f43ab99d29d40ea3795cb ac1326d5a9bb4d9a8cfb01a704844ef7 - - - -] Successfully bumped revision number for resource ea6468d9-bce0-4ea3-a2aa-a724802a80cf (type: subnets) to 0
2026-05-18 01:53:23.832 10 INFO neutron.wsgi [None req-05801bf8-3e0b-4b21-84dc-e6c074c6a2db 44522fad636f43ab99d29d40ea3795cb ac1326d5a9bb4d9a8cfb01a704844ef7 - - - -] 10.0.0.96 "POST /v2.0/subnets HTTP/1.1" status: 201 len: 801 time: 0.8275731
2026-05-18 01:53:23.915 10 INFO neutron.wsgi [None req-ef169bba-cae7-472b-aa0e-55a478408f3d 2c60b6ccd6fc4973bafcb3b18c51dfbc 541db572d2324afa95616f75acdd5c23 - - - -] 10.0.0.96 "DELETE /v2.0/security-groups/3bd254b9-68d3-4245-831e-8247fca44999 HTTP/1.1" status: 204 len: 168 time: 0.2575572
2026-05-18 01:53:24.124 10 WARNING neutron.scheduler.dhcp_agent_scheduler [None req-42a18a2e-fd36-4cb9-a553-c3f1168e9e53 44522fad636f43ab99d29d40ea3795cb ac1326d5a9bb4d9a8cfb01a704844ef7 - - - -] No more DHCP agents
2026-05-18 01:53:24.131 10 WARNING neutron.api.rpc.agentnotifiers.dhcp_rpc_agent_api [None req-42a18a2e-fd36-4cb9-a553-c3f1168e9e53 44522fad636f43ab99d29d40ea3795cb ac1326d5a9bb4d9a8cfb01a704844ef7 - - - -] Unable to schedule network a68a5ed0-f209-47a6-8e75-e7023705e0d6: no agents available; will retry on subsequent port and subnet creation events.
2026-05-18 01:53:24.173 10 INFO neutron.db.ovn_revision_numbers_db [None req-dc5a87cc-e53a-43a6-88b1-9b0c8bded988 2c60b6ccd6fc4973bafcb3b18c51dfbc 541db572d2324afa95616f75acdd5c23 - - default default] Successfully bumped revision number for resource bc3ea844-04c0-4c41-8656-d0ccf521e369 (type: security_groups) to 1
2026-05-18 01:53:24.193 10 INFO neutron.wsgi [None req-dc5a87cc-e53a-43a6-88b1-9b0c8bded988 2c60b6ccd6fc4973bafcb3b18c51dfbc 541db572d2324afa95616f75acdd5c23 - - default default] 10.0.0.96 "GET /v2.0/security-groups?tenant_id=7832a3e7753b47f89a944eaf56a7baff&name=default HTTP/1.1" status: 200 len: 2996 time: 0.1399329
2026-05-18 01:53:24.442 10 INFO neutron.wsgi [None req-0f617a55-158a-4434-89c1-0611eac0967d 2c60b6ccd6fc4973bafcb3b18c51dfbc 541db572d2324afa95616f75acdd5c23 - - - -] 10.0.0.96 "DELETE /v2.0/security-groups/bc3ea844-04c0-4c41-8656-d0ccf521e369 HTTP/1.1" status: 204 len: 168 time: 0.2409732
2026-05-18 01:53:24.453 9 INFO neutron.db.ovn_revision_numbers_db [None req-1c41d949-59fc-41c5-8505-53e55643e377 4ec0098d5fbd4ac283bcb7f0f0a7542d 437436d80aa041f19a5f54d3c10ac436 - - - -] Successfully bumped revision number for resource db398c33-9ffb-43b6-b44e-87b8b07bf545 (type: ports) to 2
2026-05-18 01:53:24.469 9 INFO neutron.db.ovn_revision_numbers_db [None req-1c41d949-59fc-41c5-8505-53e55643e377 4ec0098d5fbd4ac283bcb7f0f0a7542d 437436d80aa041f19a5f54d3c10ac436 - - - -] Successfully bumped revision number for resource 571827ec-c715-4210-926c-76115b08636e (type: subnets) to 0
2026-05-18 01:53:24.486 9 INFO neutron.wsgi [None req-1c41d949-59fc-41c5-8505-53e55643e377 4ec0098d5fbd4ac283bcb7f0f0a7542d 437436d80aa041f19a5f54d3c10ac436 - - - -] 10.0.0.96 "POST /v2.0/subnets HTTP/1.1" status: 201 len: 816 time: 0.9962759
2026-05-18 01:53:24.570 9 INFO neutron.db.segments_db [None req-5f717dd3-776b-4205-8fb3-290d2beb8a22 4ec0098d5fbd4ac283bcb7f0f0a7542d 437436d80aa041f19a5f54d3c10ac436 - - - -] Added segment 26d52081-951e-42a2-a6f1-a6a8f10067b0 of type geneve for network 5ea89609-36db-40dc-b2a2-f8cb62e692b5
2026-05-18 01:53:24.580 10 INFO neutron.db.ovn_revision_numbers_db [None req-42a18a2e-fd36-4cb9-a553-c3f1168e9e53 44522fad636f43ab99d29d40ea3795cb ac1326d5a9bb4d9a8cfb01a704844ef7 - - - -] Successfully bumped revision number for resource 909e6efa-70f5-4373-9322-982fd7010fb5 (type: ports) to 2
2026-05-18 01:53:24.592 10 INFO neutron.db.ovn_revision_numbers_db [None req-42a18a2e-fd36-4cb9-a553-c3f1168e9e53 44522fad636f43ab99d29d40ea3795cb ac1326d5a9bb4d9a8cfb01a704844ef7 - - - -] Successfully bumped revision number for resource e36d6604-57f8-4528-a0fe-6c19c4e79a37 (type: subnets) to 0
2026-05-18 01:53:24.605 10 INFO neutron.wsgi [None req-42a18a2e-fd36-4cb9-a553-c3f1168e9e53 44522fad636f43ab99d29d40ea3795cb ac1326d5a9bb4d9a8cfb01a704844ef7 - - - -] 10.0.0.96 "POST /v2.0/subnets HTTP/1.1" status: 201 len: 801 time: 0.7670677
2026-05-18 01:53:24.724 9 INFO neutron.db.ovn_revision_numbers_db [None req-5f717dd3-776b-4205-8fb3-290d2beb8a22 4ec0098d5fbd4ac283bcb7f0f0a7542d 437436d80aa041f19a5f54d3c10ac436 - - - -] Successfully bumped revision number for resource 5ea89609-36db-40dc-b2a2-f8cb62e692b5 (type: networks) to 1
2026-05-18 01:53:24.855 9 INFO neutron.db.ovn_revision_numbers_db [None req-2f03aafb-d522-4178-b38d-0afdbfa1d3c7 44522fad636f43ab99d29d40ea3795cb ac1326d5a9bb4d9a8cfb01a704844ef7 - - - -] Successfully bumped revision number for resource 2f7dab4a-7298-41f4-89cc-709763263b97 (type: routers) to 1
2026-05-18 01:53:24.895 9 INFO neutron.wsgi [None req-2f03aafb-d522-4178-b38d-0afdbfa1d3c7 44522fad636f43ab99d29d40ea3795cb ac1326d5a9bb4d9a8cfb01a704844ef7 - - - -] 10.0.0.96 "POST /v2.0/routers HTTP/1.1" status: 201 len: 687 time: 0.2843602
2026-05-18 01:53:24.982 9 WARNING neutron.scheduler.dhcp_agent_scheduler [None req-5f717dd3-776b-4205-8fb3-290d2beb8a22 4ec0098d5fbd4ac283bcb7f0f0a7542d 437436d80aa041f19a5f54d3c10ac436 - - - -] No more DHCP agents
2026-05-18 01:53:24.985 9 WARNING neutron.api.rpc.agentnotifiers.dhcp_rpc_agent_api [None req-5f717dd3-776b-4205-8fb3-290d2beb8a22 4ec0098d5fbd4ac283bcb7f0f0a7542d 437436d80aa041f19a5f54d3c10ac436 - - - -] Unable to schedule network 5ea89609-36db-40dc-b2a2-f8cb62e692b5: no agents available; will retry on subsequent port and subnet creation events.
2026-05-18 01:53:25.081 9 INFO neutron.db.ovn_revision_numbers_db [None req-5f717dd3-776b-4205-8fb3-290d2beb8a22 4ec0098d5fbd4ac283bcb7f0f0a7542d 437436d80aa041f19a5f54d3c10ac436 - - - -] Successfully bumped revision number for resource d27307fa-f1f2-4c51-952d-9f6a6b12ebda (type: ports) to 1
2026-05-18 01:53:25.105 9 INFO neutron.wsgi [None req-5f717dd3-776b-4205-8fb3-290d2beb8a22 4ec0098d5fbd4ac283bcb7f0f0a7542d 437436d80aa041f19a5f54d3c10ac436 - - - -] 10.0.0.96 "POST /v2.0/networks HTTP/1.1" status: 201 len: 842 time: 0.6137028
2026-05-18 01:53:25.294 9 INFO neutron.db.ovn_revision_numbers_db [None req-f8320bab-b5cd-4575-bcc9-a3ae20453f32 4ec0098d5fbd4ac283bcb7f0f0a7542d 437436d80aa041f19a5f54d3c10ac436 - - - -] Successfully bumped revision number for resource 5ea89609-36db-40dc-b2a2-f8cb62e692b5 (type: networks) to 2
2026-05-18 01:53:25.299 9 INFO neutron.wsgi [None req-f8320bab-b5cd-4575-bcc9-a3ae20453f32 4ec0098d5fbd4ac283bcb7f0f0a7542d 437436d80aa041f19a5f54d3c10ac436 - - - -] 10.0.0.96 "PUT /v2.0/networks/5ea89609-36db-40dc-b2a2-f8cb62e692b5 HTTP/1.1" status: 200 len: 792 time: 0.1867206
2026-05-18 01:53:25.367 10 WARNING neutron.scheduler.dhcp_agent_scheduler [None req-8eac5166-3f10-4288-a5a5-3ae69a8c0df4 44522fad636f43ab99d29d40ea3795cb ac1326d5a9bb4d9a8cfb01a704844ef7 - - default default] No more DHCP agents
2026-05-18 01:53:25.369 10 WARNING neutron.api.rpc.agentnotifiers.dhcp_rpc_agent_api [None req-8eac5166-3f10-4288-a5a5-3ae69a8c0df4 44522fad636f43ab99d29d40ea3795cb ac1326d5a9bb4d9a8cfb01a704844ef7 - - default default] Unable to schedule network 9b5f4928-1f7a-4703-b303-0759e5303218: no agents available; will retry on subsequent port and subnet creation events.
2026-05-18 01:53:25.520 10 INFO neutron.db.ovn_revision_numbers_db [None req-8eac5166-3f10-4288-a5a5-3ae69a8c0df4 44522fad636f43ab99d29d40ea3795cb ac1326d5a9bb4d9a8cfb01a704844ef7 - - default default] Successfully bumped revision number for resource accd72f6-1931-4849-bd8e-6f83cbeae571 (type: ports) to 1
2026-05-18 01:53:25.578 9 WARNING neutron.scheduler.dhcp_agent_scheduler [None req-a35141b2-97ca-4ad4-9bd1-6df890678d09 4ec0098d5fbd4ac283bcb7f0f0a7542d 437436d80aa041f19a5f54d3c10ac436 - - - -] No more DHCP agents
2026-05-18 01:53:25.581 9 WARNING neutron.api.rpc.agentnotifiers.dhcp_rpc_agent_api [None req-a35141b2-97ca-4ad4-9bd1-6df890678d09 4ec0098d5fbd4ac283bcb7f0f0a7542d 437436d80aa041f19a5f54d3c10ac436 - - - -] Unable to schedule network 5ea89609-36db-40dc-b2a2-f8cb62e692b5: no agents available; will retry on subsequent port and subnet creation events.
2026-05-18 01:53:26.050 10 INFO neutron.db.ovn_revision_numbers_db [None req-104a7260-d792-4b79-9170-002956f3477b 2c60b6ccd6fc4973bafcb3b18c51dfbc 541db572d2324afa95616f75acdd5c23 - - default default] Successfully bumped revision number for resource bfe6214d-559b-4ee7-a2c4-b833c43cccfe (type: security_groups) to 1
2026-05-18 01:53:26.069 9 INFO neutron.db.ovn_revision_numbers_db [None req-a35141b2-97ca-4ad4-9bd1-6df890678d09 4ec0098d5fbd4ac283bcb7f0f0a7542d 437436d80aa041f19a5f54d3c10ac436 - - - -] Successfully bumped revision number for resource d27307fa-f1f2-4c51-952d-9f6a6b12ebda (type: ports) to 2
2026-05-18 01:53:26.077 10 INFO neutron.wsgi [None req-104a7260-d792-4b79-9170-002956f3477b 2c60b6ccd6fc4973bafcb3b18c51dfbc 541db572d2324afa95616f75acdd5c23 - - default default] 10.0.0.96 "GET /v2.0/security-groups?tenant_id=0cf5e4af74744f99920abb85c68f347c&name=default HTTP/1.1" status: 200 len: 2996 time: 0.6174026
2026-05-18 01:53:26.090 9 INFO neutron.db.ovn_revision_numbers_db [None req-a35141b2-97ca-4ad4-9bd1-6df890678d09 4ec0098d5fbd4ac283bcb7f0f0a7542d 437436d80aa041f19a5f54d3c10ac436 - - - -] Successfully bumped revision number for resource adec369a-ff27-4db0-abb4-4786b3e2588b (type: subnets) to 0
2026-05-18 01:53:26.108 9 INFO neutron.wsgi [None req-a35141b2-97ca-4ad4-9bd1-6df890678d09 4ec0098d5fbd4ac283bcb7f0f0a7542d 437436d80aa041f19a5f54d3c10ac436 - - - -] 10.0.0.96 "POST /v2.0/subnets HTTP/1.1" status: 201 len: 801 time: 0.8033874
2026-05-18 01:53:26.188 10 INFO neutron.plugins.ml2.drivers.ovn.mech_driver.mech_driver [None req-b5e345bd-f316-4f6d-9b0e-09c747b0f037 - - - - - -] OVN reports status up for port: accd72f6-1931-4849-bd8e-6f83cbeae571
2026-05-18 01:53:26.201 10 INFO neutron.plugins.ml2.plugin [None req-b5e345bd-f316-4f6d-9b0e-09c747b0f037 - - - - - -] Attempt 1 to provision port accd72f6-1931-4849-bd8e-6f83cbeae571
2026-05-18 01:53:26.203 10 INFO neutron.db.ovn_revision_numbers_db [None req-8eac5166-3f10-4288-a5a5-3ae69a8c0df4 44522fad636f43ab99d29d40ea3795cb ac1326d5a9bb4d9a8cfb01a704844ef7 - - default default] Successfully bumped revision number for resource accd72f6-1931-4849-bd8e-6f83cbeae571 (type: router_ports) to 2
2026-05-18 01:53:26.329 9 INFO neutron.wsgi [None req-6a506c03-c29e-49b1-b0f5-e9ad1ba878eb 2c60b6ccd6fc4973bafcb3b18c51dfbc 541db572d2324afa95616f75acdd5c23 - - - -] 10.0.0.96 "DELETE /v2.0/security-groups/bfe6214d-559b-4ee7-a2c4-b833c43cccfe HTTP/1.1" status: 204 len: 168 time: 0.2461536
2026-05-18 01:53:26.397 9 INFO neutron.db.ovn_revision_numbers_db [None req-4e540cb8-8fe4-4af8-bb10-09493c463941 4ec0098d5fbd4ac283bcb7f0f0a7542d 437436d80aa041f19a5f54d3c10ac436 - - - -] Successfully bumped revision number for resource adec369a-ff27-4db0-abb4-4786b3e2588b (type: subnets) to 1
2026-05-18 01:53:26.399 10 INFO neutron.db.ovn_revision_numbers_db [None req-8eac5166-3f10-4288-a5a5-3ae69a8c0df4 44522fad636f43ab99d29d40ea3795cb ac1326d5a9bb4d9a8cfb01a704844ef7 - - default default] Successfully bumped revision number for resource accd72f6-1931-4849-bd8e-6f83cbeae571 (type: ports) to 2
2026-05-18 01:53:26.400 9 INFO neutron.wsgi [None req-4e540cb8-8fe4-4af8-bb10-09493c463941 4ec0098d5fbd4ac283bcb7f0f0a7542d 437436d80aa041f19a5f54d3c10ac436 - - - -] 10.0.0.96 "PUT /v2.0/subnets/adec369a-ff27-4db0-abb4-4786b3e2588b HTTP/1.1" status: 200 len: 806 time: 0.2864244
2026-05-18 01:53:26.512 10 WARNING neutron.scheduler.dhcp_agent_scheduler [None req-8eac5166-3f10-4288-a5a5-3ae69a8c0df4 44522fad636f43ab99d29d40ea3795cb ac1326d5a9bb4d9a8cfb01a704844ef7 - - default default] No more DHCP agents
2026-05-18 01:53:26.513 10 WARNING neutron.api.rpc.agentnotifiers.dhcp_rpc_agent_api [None req-8eac5166-3f10-4288-a5a5-3ae69a8c0df4 44522fad636f43ab99d29d40ea3795cb ac1326d5a9bb4d9a8cfb01a704844ef7 - - default default] Unable to schedule network 9b5f4928-1f7a-4703-b303-0759e5303218: no agents available; will retry on subsequent port and subnet creation events.
2026-05-18 01:53:26.549 10 INFO neutron.db.ovn_revision_numbers_db [None req-b5e345bd-f316-4f6d-9b0e-09c747b0f037 - - - - - -] Successfully bumped revision number for resource accd72f6-1931-4849-bd8e-6f83cbeae571 (type: ports) to 3
2026-05-18 01:53:26.614 9 INFO neutron.db.ovn_revision_numbers_db [None req-4f788c85-f2db-45d7-8346-bec0ea056dcc 2c60b6ccd6fc4973bafcb3b18c51dfbc 541db572d2324afa95616f75acdd5c23 - - default default] Successfully bumped revision number for resource 723a1d11-648c-4f8c-bb47-bad98d661522 (type: security_groups) to 1
2026-05-18 01:53:26.657 9 INFO neutron.wsgi [None req-4f788c85-f2db-45d7-8346-bec0ea056dcc 2c60b6ccd6fc4973bafcb3b18c51dfbc 541db572d2324afa95616f75acdd5c23 - - default default] 10.0.0.96 "GET /v2.0/security-groups?tenant_id=a04d86a2d95e4ea9b5671beedbb8696e&name=default HTTP/1.1" status: 200 len: 2996 time: 0.1799450
2026-05-18 01:53:26.742 10 INFO neutron.db.ovn_revision_numbers_db [None req-b5e345bd-f316-4f6d-9b0e-09c747b0f037 - - - - - -] Successfully bumped revision number for resource accd72f6-1931-4849-bd8e-6f83cbeae571 (type: router_ports) to 3
2026-05-18 01:53:26.789 10 INFO neutron.db.ovn_revision_numbers_db [None req-8eac5166-3f10-4288-a5a5-3ae69a8c0df4 44522fad636f43ab99d29d40ea3795cb ac1326d5a9bb4d9a8cfb01a704844ef7 - - - -] Successfully bumped revision number for resource accd72f6-1931-4849-bd8e-6f83cbeae571 (type: router_ports) to 3
2026-05-18 01:53:26.791 10 INFO neutron.wsgi [None req-8eac5166-3f10-4288-a5a5-3ae69a8c0df4 44522fad636f43ab99d29d40ea3795cb ac1326d5a9bb4d9a8cfb01a704844ef7 - - - -] 10.0.0.96 "PUT /v2.0/routers/2f7dab4a-7298-41f4-89cc-709763263b97/add_router_interface HTTP/1.1" status: 200 len: 503 time: 1.8893695
2026-05-18 01:53:26.834 10 INFO neutron.wsgi [None req-9526d26d-301f-478b-98b0-434afd2579be 44522fad636f43ab99d29d40ea3795cb ac1326d5a9bb4d9a8cfb01a704844ef7 - - default default] 10.0.0.96 "GET /v2.0/ports/accd72f6-1931-4849-bd8e-6f83cbeae571 HTTP/1.1" status: 200 len: 1137 time: 0.0378990
2026-05-18 01:53:26.926 9 INFO neutron.wsgi [None req-553c66ea-760d-42eb-a248-d10eed690a55 2c60b6ccd6fc4973bafcb3b18c51dfbc 541db572d2324afa95616f75acdd5c23 - - - -] 10.0.0.96 "DELETE /v2.0/security-groups/723a1d11-648c-4f8c-bb47-bad98d661522 HTTP/1.1" status: 204 len: 168 time: 0.2658565
2026-05-18 01:53:27.057 9 INFO neutron.services.segments.plugin [-] Segment 26d52081-951e-42a2-a6f1-a6a8f10067b0 resource provider aggregate not found
2026-05-18 01:53:27.076 9 INFO neutron.services.segments.plugin [-] Segment 26d52081-951e-42a2-a6f1-a6a8f10067b0 resource provider aggregate not found
2026-05-18 01:53:27.105 9 INFO neutron.services.segments.plugin [-] Segment 26d52081-951e-42a2-a6f1-a6a8f10067b0 resource provider not found; error: Placement Client Error (4xx): {"errors": [{"status": 404, "title": "Not Found", "detail": "The resource could not be found.\n\n No resource provider with uuid 26d52081-951e-42a2-a6f1-a6a8f10067b0 found for delete ", "request_id": "req-7fee9398-bf7d-431a-95d7-6960439e956c"}]}
2026-05-18 01:53:27.106 9 INFO neutron.services.segments.plugin [-] Segment 26d52081-951e-42a2-a6f1-a6a8f10067b0 resource provider not found; error: Placement Client Error (4xx): {"errors": [{"status": 404, "title": "Not Found", "detail": "The resource could not be found.\n\n No resource provider with uuid 26d52081-951e-42a2-a6f1-a6a8f10067b0 found for delete ", "request_id": "req-243d89dc-fd68-4742-910e-ca88583c43c6"}]}
2026-05-18 01:53:27.118 9 INFO neutron.wsgi [None req-768556e8-7da2-40ca-91a3-56ca3128309b 4ec0098d5fbd4ac283bcb7f0f0a7542d 437436d80aa041f19a5f54d3c10ac436 - - - -] 10.0.0.96 "DELETE /v2.0/networks/5ea89609-36db-40dc-b2a2-f8cb62e692b5 HTTP/1.1" status: 204 len: 168 time: 0.7106328
2026-05-18 01:53:27.145 9 INFO neutron.pecan_wsgi.hooks.translation [None req-f94b6ea5-ce58-4c54-84dd-3a06696cbf3d 4ec0098d5fbd4ac283bcb7f0f0a7542d 437436d80aa041f19a5f54d3c10ac436 - - - -] DELETE failed (client error): The resource could not be found.
2026-05-18 01:53:27.147 9 INFO neutron.wsgi [None req-f94b6ea5-ce58-4c54-84dd-3a06696cbf3d 4ec0098d5fbd4ac283bcb7f0f0a7542d 437436d80aa041f19a5f54d3c10ac436 - - - -] 10.0.0.96 "DELETE /v2.0/networks/5ea89609-36db-40dc-b2a2-f8cb62e692b5 HTTP/1.1" status: 404 len: 339 time: 0.0221276
2026-05-18 01:53:27.275 9 INFO neutron.wsgi [None req-420d224e-aafe-4a94-965f-e0a1cff8e84d 4ec0098d5fbd4ac283bcb7f0f0a7542d 437436d80aa041f19a5f54d3c10ac436 - - default default] 10.0.0.96 "GET /v2.0/networks?router%3Aexternal=True HTTP/1.1" status: 200 len: 845 time: 0.1211650
2026-05-18 01:53:27.286 10 WARNING neutron.scheduler.dhcp_agent_scheduler [None req-b227f0fd-151b-44b4-8f8f-f0b16cb9826c 44522fad636f43ab99d29d40ea3795cb ac1326d5a9bb4d9a8cfb01a704844ef7 - - default default] No more DHCP agents
2026-05-18 01:53:27.287 10 WARNING neutron.api.rpc.agentnotifiers.dhcp_rpc_agent_api [None req-b227f0fd-151b-44b4-8f8f-f0b16cb9826c 44522fad636f43ab99d29d40ea3795cb ac1326d5a9bb4d9a8cfb01a704844ef7 - - default default] Unable to schedule network a68a5ed0-f209-47a6-8e75-e7023705e0d6: no agents available; will retry on subsequent port and subnet creation events.
2026-05-18 01:53:27.326 9 INFO neutron.wsgi [None req-f386c321-1d1f-4980-8bc0-f7a697dc0107 4ec0098d5fbd4ac283bcb7f0f0a7542d 437436d80aa041f19a5f54d3c10ac436 - - default default] 10.0.0.96 "GET /v2.0/subnets?network_id=1789723b-4cd4-4985-abb8-7edd76d122e7 HTTP/1.1" status: 200 len: 820 time: 0.0430710
2026-05-18 01:53:27.338 10 INFO neutron.wsgi [None req-b98b14d4-d5ac-4da9-8278-67211d8bf6ec 4ec0098d5fbd4ac283bcb7f0f0a7542d 437436d80aa041f19a5f54d3c10ac436 - - default default] 10.0.0.96 "GET /v2.0/extensions HTTP/1.1" status: 200 len: 16520 time: 0.0074852
2026-05-18 01:53:27.413 9 INFO neutron.wsgi [None req-202b82ad-917d-4ff2-a187-6d80f70ef113 4ec0098d5fbd4ac283bcb7f0f0a7542d 437436d80aa041f19a5f54d3c10ac436 - - default default] 10.0.0.96 "GET /v2.0/networks HTTP/1.1" status: 200 len: 1503 time: 0.0688789
2026-05-18 01:53:27.439 10 INFO neutron.db.ovn_revision_numbers_db [None req-b227f0fd-151b-44b4-8f8f-f0b16cb9826c 44522fad636f43ab99d29d40ea3795cb ac1326d5a9bb4d9a8cfb01a704844ef7 - - default default] Successfully bumped revision number for resource 8a2a6ea7-b1b4-45da-9faa-e86767f45fb3 (type: ports) to 1
2026-05-18 01:53:27.453 9 INFO neutron.wsgi [None req-30126398-9b60-41f4-858c-1e63a6f96af6 4ec0098d5fbd4ac283bcb7f0f0a7542d 437436d80aa041f19a5f54d3c10ac436 - - default default] 10.0.0.96 "GET /v2.0/subnets HTTP/1.1" status: 200 len: 1428 time: 0.0347953
2026-05-18 01:53:27.522 9 INFO neutron.wsgi [None req-8a3a1f43-416d-4f1f-9ea7-0eee78cd19aa 4ec0098d5fbd4ac283bcb7f0f0a7542d 437436d80aa041f19a5f54d3c10ac436 - - default default] 10.0.0.96 "GET /v2.0/networks/7e2e9855-23e5-40e6-995d-150bea9db66c HTTP/1.1" status: 200 len: 862 time: 0.0626872
2026-05-18 01:53:27.567 9 INFO neutron.wsgi [None req-1b4a47b8-a2f7-4145-ae22-ec65a8299194 4ec0098d5fbd4ac283bcb7f0f0a7542d 437436d80aa041f19a5f54d3c10ac436 - - default default] 10.0.0.96 "GET /v2.0/subnets/571827ec-c715-4210-926c-76115b08636e HTTP/1.1" status: 200 len: 811 time: 0.0397291
2026-05-18 01:53:27.594 9 INFO neutron.pecan_wsgi.hooks.translation [None req-ba687adb-dc4b-4862-bdf0-66411146be12 4ec0098d5fbd4ac283bcb7f0f0a7542d 437436d80aa041f19a5f54d3c10ac436 - - - -] DELETE failed (client error): The resource could not be found.
2026-05-18 01:53:27.600 9 INFO neutron.wsgi [None req-ba687adb-dc4b-4862-bdf0-66411146be12 4ec0098d5fbd4ac283bcb7f0f0a7542d 437436d80aa041f19a5f54d3c10ac436 - - - -] 10.0.0.96 "DELETE /v2.0/subnets/adec369a-ff27-4db0-abb4-4786b3e2588b HTTP/1.1" status: 404 len: 337 time: 0.0272474
2026-05-18 01:53:27.624 9 INFO neutron.pecan_wsgi.hooks.translation [None req-54726739-b7ca-4374-9ba8-97f7c825059c 4ec0098d5fbd4ac283bcb7f0f0a7542d 437436d80aa041f19a5f54d3c10ac436 - - - -] DELETE failed (client error): The resource could not be found.
2026-05-18 01:53:27.627 9 INFO neutron.wsgi [None req-54726739-b7ca-4374-9ba8-97f7c825059c 4ec0098d5fbd4ac283bcb7f0f0a7542d 437436d80aa041f19a5f54d3c10ac436 - - - -] 10.0.0.96 "DELETE /v2.0/networks/5ea89609-36db-40dc-b2a2-f8cb62e692b5 HTTP/1.1" status: 404 len: 339 time: 0.0223265
2026-05-18 01:53:27.875 9 INFO neutron.wsgi [None req-7e7d7a5a-8c4d-496f-951e-13e114e1aba7 4ec0098d5fbd4ac283bcb7f0f0a7542d 437436d80aa041f19a5f54d3c10ac436 - - - -] 10.0.0.96 "DELETE /v2.0/subnets/571827ec-c715-4210-926c-76115b08636e HTTP/1.1" status: 204 len: 168 time: 0.2437155
2026-05-18 01:53:27.939 10 INFO neutron.db.ovn_revision_numbers_db [None req-b227f0fd-151b-44b4-8f8f-f0b16cb9826c 44522fad636f43ab99d29d40ea3795cb ac1326d5a9bb4d9a8cfb01a704844ef7 - - default default] Successfully bumped revision number for resource 8a2a6ea7-b1b4-45da-9faa-e86767f45fb3 (type: router_ports) to 2
2026-05-18 01:53:28.094 10 INFO neutron.db.ovn_revision_numbers_db [None req-b227f0fd-151b-44b4-8f8f-f0b16cb9826c 44522fad636f43ab99d29d40ea3795cb ac1326d5a9bb4d9a8cfb01a704844ef7 - - default default] Successfully bumped revision number for resource 8a2a6ea7-b1b4-45da-9faa-e86767f45fb3 (type: ports) to 2
2026-05-18 01:53:28.151 10 WARNING neutron.scheduler.dhcp_agent_scheduler [None req-b227f0fd-151b-44b4-8f8f-f0b16cb9826c 44522fad636f43ab99d29d40ea3795cb ac1326d5a9bb4d9a8cfb01a704844ef7 - - default default] No more DHCP agents
2026-05-18 01:53:28.152 10 WARNING neutron.api.rpc.agentnotifiers.dhcp_rpc_agent_api [None req-b227f0fd-151b-44b4-8f8f-f0b16cb9826c 44522fad636f43ab99d29d40ea3795cb ac1326d5a9bb4d9a8cfb01a704844ef7 - - default default] Unable to schedule network a68a5ed0-f209-47a6-8e75-e7023705e0d6: no agents available; will retry on subsequent port and subnet creation events.
2026-05-18 01:53:28.318 10 INFO neutron.db.ovn_revision_numbers_db [None req-b227f0fd-151b-44b4-8f8f-f0b16cb9826c 44522fad636f43ab99d29d40ea3795cb ac1326d5a9bb4d9a8cfb01a704844ef7 - - - -] Successfully bumped revision number for resource 8a2a6ea7-b1b4-45da-9faa-e86767f45fb3 (type: router_ports) to 2
2026-05-18 01:53:28.320 10 INFO neutron.wsgi [None req-b227f0fd-151b-44b4-8f8f-f0b16cb9826c 44522fad636f43ab99d29d40ea3795cb ac1326d5a9bb4d9a8cfb01a704844ef7 - - - -] 10.0.0.96 "PUT /v2.0/routers/2f7dab4a-7298-41f4-89cc-709763263b97/add_router_interface HTTP/1.1" status: 200 len: 503 time: 1.4803429
2026-05-18 01:53:28.351 10 INFO neutron.wsgi [None req-26920651-a46e-4bd7-b76c-78bdd207941f 44522fad636f43ab99d29d40ea3795cb ac1326d5a9bb4d9a8cfb01a704844ef7 - - default default] 10.0.0.96 "GET /v2.0/ports/8a2a6ea7-b1b4-45da-9faa-e86767f45fb3 HTTP/1.1" status: 200 len: 1135 time: 0.0261223
2026-05-18 01:53:28.401 10 INFO neutron.wsgi [None req-a1f701de-d8a9-49c7-9a7c-ab4f132a3924 44522fad636f43ab99d29d40ea3795cb ac1326d5a9bb4d9a8cfb01a704844ef7 - - default default] 10.0.0.96 "GET /v2.0/ports/8a2a6ea7-b1b4-45da-9faa-e86767f45fb3 HTTP/1.1" status: 200 len: 1135 time: 0.0433989
2026-05-18 01:53:28.544 9 INFO neutron.wsgi [None req-6dc842ea-be3e-49d2-9ec3-a334afb29199 4ec0098d5fbd4ac283bcb7f0f0a7542d 437436d80aa041f19a5f54d3c10ac436 - - - -] 10.0.0.96 "DELETE /v2.0/networks/7e2e9855-23e5-40e6-995d-150bea9db66c HTTP/1.1" status: 204 len: 168 time: 0.6643796
2026-05-18 01:53:29.032 9 INFO neutron.db.ovn_revision_numbers_db [None req-f854761c-2c1b-4b33-800b-6df542ac77cc 799bc0255c2e42d8931f71c82b89f8e0 ce68f299a11a40088cbbea6f8bfc6269 - - - -] Successfully bumped revision number for resource 76db759b-e279-4866-816f-bfff9da018dd (type: security_groups) to 1
2026-05-18 01:53:29.096 9 INFO neutron.db.segments_db [None req-f854761c-2c1b-4b33-800b-6df542ac77cc 799bc0255c2e42d8931f71c82b89f8e0 ce68f299a11a40088cbbea6f8bfc6269 - - - -] Added segment ac9a7e59-3e68-42b8-aec9-e995fcfafb80 of type geneve for network cc69d063-7240-4541-92af-7dec79ba3760
2026-05-18 01:53:29.135 9 INFO neutron.services.segments.plugin [-] Segment 202d8e52-e235-4fcc-92f0-b934b693e07f resource provider aggregate not found
2026-05-18 01:53:29.140 9 INFO neutron.services.segments.plugin [-] Segment 202d8e52-e235-4fcc-92f0-b934b693e07f resource provider aggregate not found
2026-05-18 01:53:29.155 9 INFO neutron.services.segments.plugin [-] Segment 202d8e52-e235-4fcc-92f0-b934b693e07f resource provider not found; error: Placement Client Error (4xx): {"errors": [{"status": 404, "title": "Not Found", "detail": "The resource could not be found.\n\n No resource provider with uuid 202d8e52-e235-4fcc-92f0-b934b693e07f found for delete ", "request_id": "req-42bc3c09-e390-4404-975f-0001f3fa8717"}]}
2026-05-18 01:53:29.161 9 INFO neutron.services.segments.plugin [-] Segment 202d8e52-e235-4fcc-92f0-b934b693e07f resource provider not found; error: Placement Client Error (4xx): {"errors": [{"status": 404, "title": "Not Found", "detail": "The resource could not be found.\n\n No resource provider with uuid 202d8e52-e235-4fcc-92f0-b934b693e07f found for delete ", "request_id": "req-9f9caf5b-4b9e-44a1-aa8f-b1b4dd59088b"}]}
2026-05-18 01:53:29.228 9 INFO neutron.db.segments_db [None req-f854761c-2c1b-4b33-800b-6df542ac77cc 799bc0255c2e42d8931f71c82b89f8e0 ce68f299a11a40088cbbea6f8bfc6269 - - - -] Added segment 7ce333fc-e1c7-46f6-ae4e-9d202fc80553 of type geneve for network 12573544-f5f9-4450-ba72-73d166a3770e
2026-05-18 01:53:29.369 10 INFO neutron.wsgi [None req-9ca8da85-1c15-41c0-9bf8-63a67aabe8a9 2c60b6ccd6fc4973bafcb3b18c51dfbc 541db572d2324afa95616f75acdd5c23 - - default default] 10.0.0.96 "GET /v2.0/security-groups?tenant_id=437436d80aa041f19a5f54d3c10ac436&name=default HTTP/1.1" status: 200 len: 2996 time: 0.2302041
2026-05-18 01:53:29.385 9 INFO neutron.db.ovn_revision_numbers_db [None req-f854761c-2c1b-4b33-800b-6df542ac77cc 799bc0255c2e42d8931f71c82b89f8e0 ce68f299a11a40088cbbea6f8bfc6269 - - - -] Successfully bumped revision number for resource cc69d063-7240-4541-92af-7dec79ba3760 (type: networks) to 1
2026-05-18 01:53:29.534 9 INFO neutron.wsgi [None req-42de5f20-684f-4575-b812-26a7f3b1dd28 44522fad636f43ab99d29d40ea3795cb ac1326d5a9bb4d9a8cfb01a704844ef7 - - default default] 10.0.0.96 "GET /v2.0/ports/8a2a6ea7-b1b4-45da-9faa-e86767f45fb3 HTTP/1.1" status: 200 len: 1135 time: 0.1235836
2026-05-18 01:53:29.574 10 INFO neutron.wsgi [None req-5d5f70a6-608a-4f0b-812c-1c4e63d62c97 2c60b6ccd6fc4973bafcb3b18c51dfbc 541db572d2324afa95616f75acdd5c23 - - - -] 10.0.0.96 "DELETE /v2.0/security-groups/d2ba40b2-0da2-452c-adb0-a2b784f860e7 HTTP/1.1" status: 204 len: 168 time: 0.2004349
2026-05-18 01:53:29.609 9 WARNING neutron.scheduler.dhcp_agent_scheduler [None req-f854761c-2c1b-4b33-800b-6df542ac77cc 799bc0255c2e42d8931f71c82b89f8e0 ce68f299a11a40088cbbea6f8bfc6269 - - - -] No more DHCP agents
2026-05-18 01:53:29.610 9 WARNING neutron.api.rpc.agentnotifiers.dhcp_rpc_agent_api [None req-f854761c-2c1b-4b33-800b-6df542ac77cc 799bc0255c2e42d8931f71c82b89f8e0 ce68f299a11a40088cbbea6f8bfc6269 - - - -] Unable to schedule network cc69d063-7240-4541-92af-7dec79ba3760: no agents available; will retry on subsequent port and subnet creation events.
2026-05-18 01:53:29.677 9 INFO neutron.db.ovn_revision_numbers_db [None req-f854761c-2c1b-4b33-800b-6df542ac77cc 799bc0255c2e42d8931f71c82b89f8e0 ce68f299a11a40088cbbea6f8bfc6269 - - - -] Successfully bumped revision number for resource 60dd8d79-2052-436e-9f1a-94b5b8242d68 (type: ports) to 1
2026-05-18 01:53:29.730 9 INFO neutron.db.ovn_revision_numbers_db [None req-f854761c-2c1b-4b33-800b-6df542ac77cc 799bc0255c2e42d8931f71c82b89f8e0 ce68f299a11a40088cbbea6f8bfc6269 - - - -] Successfully bumped revision number for resource 12573544-f5f9-4450-ba72-73d166a3770e (type: networks) to 1
2026-05-18 01:53:29.917 9 WARNING neutron.scheduler.dhcp_agent_scheduler [None req-f854761c-2c1b-4b33-800b-6df542ac77cc 799bc0255c2e42d8931f71c82b89f8e0 ce68f299a11a40088cbbea6f8bfc6269 - - - -] No more DHCP agents
2026-05-18 01:53:29.920 9 WARNING neutron.api.rpc.agentnotifiers.dhcp_rpc_agent_api [None req-f854761c-2c1b-4b33-800b-6df542ac77cc 799bc0255c2e42d8931f71c82b89f8e0 ce68f299a11a40088cbbea6f8bfc6269 - - - -] Unable to schedule network 12573544-f5f9-4450-ba72-73d166a3770e: no agents available; will retry on subsequent port and subnet creation events.
2026-05-18 01:53:29.989 9 INFO neutron.db.ovn_revision_numbers_db [None req-f854761c-2c1b-4b33-800b-6df542ac77cc 799bc0255c2e42d8931f71c82b89f8e0 ce68f299a11a40088cbbea6f8bfc6269 - - - -] Successfully bumped revision number for resource a5806b90-24b9-4d0b-84e6-ce6a0d4ed932 (type: ports) to 1
2026-05-18 01:53:30.013 9 INFO neutron.wsgi [None req-f854761c-2c1b-4b33-800b-6df542ac77cc 799bc0255c2e42d8931f71c82b89f8e0 ce68f299a11a40088cbbea6f8bfc6269 - - - -] 10.0.0.96 "POST /v2.0/networks HTTP/1.1" status: 201 len: 1444 time: 1.3017874
2026-05-18 01:53:30.106 9 INFO neutron.wsgi [None req-d53b0fff-ef3f-4453-988e-182f356d5e68 799bc0255c2e42d8931f71c82b89f8e0 ce68f299a11a40088cbbea6f8bfc6269 - - default default] 10.0.0.96 "GET /v2.0/networks HTTP/1.1" status: 200 len: 2050 time: 0.0872791
2026-05-18 01:53:30.507 9 INFO neutron.wsgi [None req-be70dc5b-866d-423c-8fc7-c6ff1da4895b 799bc0255c2e42d8931f71c82b89f8e0 ce68f299a11a40088cbbea6f8bfc6269 - - - -] 10.0.0.96 "DELETE /v2.0/networks/cc69d063-7240-4541-92af-7dec79ba3760 HTTP/1.1" status: 204 len: 168 time: 0.3958437
2026-05-18 01:53:30.567 9 INFO neutron.wsgi [None req-11b12d4b-65c6-40bc-9b8f-4216b549f017 44522fad636f43ab99d29d40ea3795cb ac1326d5a9bb4d9a8cfb01a704844ef7 - - default default] 10.0.0.96 "GET /v2.0/ports/8a2a6ea7-b1b4-45da-9faa-e86767f45fb3 HTTP/1.1" status: 200 len: 1135 time: 0.0274198
2026-05-18 01:53:30.788 10 INFO neutron.db.ovn_revision_numbers_db [None req-a3aed8c2-5333-4ab1-8786-16122e8883fc 2c60b6ccd6fc4973bafcb3b18c51dfbc 541db572d2324afa95616f75acdd5c23 - - default default] Successfully bumped revision number for resource 354eeda4-8994-4e04-bd15-e9f219a88a40 (type: security_groups) to 1
2026-05-18 01:53:30.823 10 INFO neutron.wsgi [None req-a3aed8c2-5333-4ab1-8786-16122e8883fc 2c60b6ccd6fc4973bafcb3b18c51dfbc 541db572d2324afa95616f75acdd5c23 - - default default] 10.0.0.96 "GET /v2.0/security-groups?tenant_id=e0cf3011091e45e597160b9d51166c0d&name=default HTTP/1.1" status: 200 len: 2996 time: 0.3620677
2026-05-18 01:53:30.918 10 INFO neutron.services.segments.plugin [-] Segment 7ce333fc-e1c7-46f6-ae4e-9d202fc80553 resource provider aggregate not found
2026-05-18 01:53:30.941 10 INFO neutron.services.segments.plugin [-] Segment 7ce333fc-e1c7-46f6-ae4e-9d202fc80553 resource provider not found; error: Placement Client Error (4xx): {"errors": [{"status": 404, "title": "Not Found", "detail": "The resource could not be found.\n\n No resource provider with uuid 7ce333fc-e1c7-46f6-ae4e-9d202fc80553 found for delete ", "request_id": "req-6cf30bb5-6a1e-413d-a038-763627d1da0b"}]}
2026-05-18 01:53:30.972 10 INFO neutron.wsgi [None req-104688fa-86d8-48d3-9ed6-ad6d04fc7cbc 799bc0255c2e42d8931f71c82b89f8e0 ce68f299a11a40088cbbea6f8bfc6269 - - - -] 10.0.0.96 "DELETE /v2.0/networks/12573544-f5f9-4450-ba72-73d166a3770e HTTP/1.1" status: 204 len: 168 time: 0.4606812
2026-05-18 01:53:31.012 10 INFO neutron.services.segments.plugin [-] Segment 7ce333fc-e1c7-46f6-ae4e-9d202fc80553 resource provider aggregate not found
2026-05-18 01:53:31.033 10 INFO neutron.services.segments.plugin [-] Segment 7ce333fc-e1c7-46f6-ae4e-9d202fc80553 resource provider not found; error: Placement Client Error (4xx): {"errors": [{"status": 404, "title": "Not Found", "detail": "The resource could not be found.\n\n No resource provider with uuid 7ce333fc-e1c7-46f6-ae4e-9d202fc80553 found for delete ", "request_id": "req-88cea3d1-503c-4907-b419-17d5cdd87368"}]}
2026-05-18 01:53:31.052 9 INFO neutron.wsgi [None req-4dbc5e99-f0ea-4c08-b3e8-2699a3ff14a1 799bc0255c2e42d8931f71c82b89f8e0 ce68f299a11a40088cbbea6f8bfc6269 - - default default] 10.0.0.96 "GET /v2.0/networks HTTP/1.1" status: 200 len: 845 time: 0.0739305
2026-05-18 01:53:31.103 10 INFO neutron.wsgi [None req-4e883416-ad01-4a8c-a3d1-56a96c88a6d9 2c60b6ccd6fc4973bafcb3b18c51dfbc 541db572d2324afa95616f75acdd5c23 - - - -] 10.0.0.96 "DELETE /v2.0/security-groups/354eeda4-8994-4e04-bd15-e9f219a88a40 HTTP/1.1" status: 204 len: 168 time: 0.2744999
2026-05-18 01:53:31.153 10 INFO neutron.db.segments_db [None req-1039e6ab-bc99-4ab8-aa1c-2efc5db694c9 799bc0255c2e42d8931f71c82b89f8e0 ce68f299a11a40088cbbea6f8bfc6269 - - - -] Added segment 74ee6aa7-0033-4dfd-9121-69b6e8a8ccf1 of type geneve for network 55264431-4517-4140-be58-23106f95750e
2026-05-18 01:53:31.178 9 INFO neutron.services.segments.plugin [-] Segment ac9a7e59-3e68-42b8-aec9-e995fcfafb80 resource provider aggregate not found
2026-05-18 01:53:31.182 9 INFO neutron.services.segments.plugin [-] Segment ac9a7e59-3e68-42b8-aec9-e995fcfafb80 resource provider aggregate not found
2026-05-18 01:53:31.194 9 INFO neutron.services.segments.plugin [-] Segment ac9a7e59-3e68-42b8-aec9-e995fcfafb80 resource provider not found; error: Placement Client Error (4xx): {"errors": [{"status": 404, "title": "Not Found", "detail": "The resource could not be found.\n\n No resource provider with uuid ac9a7e59-3e68-42b8-aec9-e995fcfafb80 found for delete ", "request_id": "req-9c8b0ede-42c8-445c-9119-2163393746ec"}]}
2026-05-18 01:53:31.195 9 INFO neutron.services.segments.plugin [-] Segment ac9a7e59-3e68-42b8-aec9-e995fcfafb80 resource provider not found; error: Placement Client Error (4xx): {"errors": [{"status": 404, "title": "Not Found", "detail": "The resource could not be found.\n\n No resource provider with uuid ac9a7e59-3e68-42b8-aec9-e995fcfafb80 found for delete ", "request_id": "req-40ba538a-32e6-42e5-8ae0-c5b3d519a44d"}]}
2026-05-18 01:53:31.287 10 INFO neutron.db.ovn_revision_numbers_db [None req-1039e6ab-bc99-4ab8-aa1c-2efc5db694c9 799bc0255c2e42d8931f71c82b89f8e0 ce68f299a11a40088cbbea6f8bfc6269 - - - -] Successfully bumped revision number for resource 55264431-4517-4140-be58-23106f95750e (type: networks) to 1
2026-05-18 01:53:31.606 9 INFO neutron.wsgi [None req-968d115a-fad5-4408-92b0-94b49cb3a1b5 44522fad636f43ab99d29d40ea3795cb ac1326d5a9bb4d9a8cfb01a704844ef7 - - default default] 10.0.0.96 "GET /v2.0/ports/8a2a6ea7-b1b4-45da-9faa-e86767f45fb3 HTTP/1.1" status: 200 len: 1135 time: 0.0323765
2026-05-18 01:53:31.640 9 INFO neutron.db.ovn_revision_numbers_db [None req-10e02424-39d5-4494-ac66-11413e8a9809 461baacc8ed0415f8ebb8e82ea8900b6 286ff893f42a4ad9bbff4082e6efc6f1 - - - -] Successfully bumped revision number for resource 1988ab89-dad1-4b23-8ce0-a6033021e354 (type: security_groups) to 1
2026-05-18 01:53:31.685 9 INFO neutron.db.segments_db [None req-10e02424-39d5-4494-ac66-11413e8a9809 461baacc8ed0415f8ebb8e82ea8900b6 286ff893f42a4ad9bbff4082e6efc6f1 - - - -] Added segment a02b4f08-1b19-40bc-b405-6b6f8fef64f7 of type geneve for network ffe9bacd-cdfe-47fd-afd3-a737a7ed290c
