2026-05-18 01:54:44.665 9 INFO neutron.wsgi [None req-ce499d24-5cb9-4ef2-91a7-7c3853eb07ab 0d120c1c0f11422daf55d370750e1519 7e8390f4b4de490f98b740b173539962 - - - -] 10.0.0.96 "DELETE /v2.0/networks/44c0f3c1-134c-4455-b991-37bd50a5e82b HTTP/1.1" status: 204 len: 168 time: 0.6635339
2026-05-18 01:54:44.717 9 INFO neutron.services.segments.plugin [-] Segment 7b6f85fa-cb17-42bf-ac3c-eeaaa797e593 resource provider aggregate not found
2026-05-18 01:54:44.728 9 INFO neutron.services.segments.plugin [-] Segment 7b6f85fa-cb17-42bf-ac3c-eeaaa797e593 resource provider aggregate not found
2026-05-18 01:54:44.734 9 INFO neutron.services.segments.plugin [-] Segment 7b6f85fa-cb17-42bf-ac3c-eeaaa797e593 resource provider not found; error: Placement Client Error (4xx): {"errors": [{"status": 404, "title": "Not Found", "detail": "The resource could not be found.\n\n No resource provider with uuid 7b6f85fa-cb17-42bf-ac3c-eeaaa797e593 found for delete ", "request_id": "req-0ceacd0a-ca66-4b25-a4d8-5eda5a00024d"}]}
2026-05-18 01:54:44.750 9 INFO neutron.services.segments.plugin [-] Segment ef4aff22-9494-4a09-b56e-a9404974dfd2 resource provider aggregate not found
2026-05-18 01:54:44.755 9 INFO neutron.services.segments.plugin [-] Segment 7b6f85fa-cb17-42bf-ac3c-eeaaa797e593 resource provider not found; error: Placement Client Error (4xx): {"errors": [{"status": 404, "title": "Not Found", "detail": "The resource could not be found.\n\n No resource provider with uuid 7b6f85fa-cb17-42bf-ac3c-eeaaa797e593 found for delete ", "request_id": "req-f94e2487-528d-46bb-8fc7-82b24923720d"}]}
2026-05-18 01:54:44.768 9 INFO neutron.services.segments.plugin [-] Segment ef4aff22-9494-4a09-b56e-a9404974dfd2 resource provider not found; error: Placement Client Error (4xx): {"errors": [{"status": 404, "title": "Not Found", "detail": "The resource could not be found.\n\n No resource provider with uuid ef4aff22-9494-4a09-b56e-a9404974dfd2 found for delete ", "request_id": "req-ba8e235e-1fdd-48fe-893c-4e239823d179"}]}
2026-05-18 01:54:44.775 9 INFO neutron.services.segments.plugin [-] Segment ef4aff22-9494-4a09-b56e-a9404974dfd2 resource provider aggregate not found
2026-05-18 01:54:44.792 9 INFO neutron.services.segments.plugin [-] Segment ef4aff22-9494-4a09-b56e-a9404974dfd2 resource provider not found; error: Placement Client Error (4xx): {"errors": [{"status": 404, "title": "Not Found", "detail": "The resource could not be found.\n\n No resource provider with uuid ef4aff22-9494-4a09-b56e-a9404974dfd2 found for delete ", "request_id": "req-80aded60-77c4-4948-a398-8afa904c0014"}]}
2026-05-18 01:54:44.799 9 INFO neutron.services.segments.plugin [-] Segment 6a26df78-abe6-4f8f-8d13-f34ba442a202 resource provider aggregate not found
2026-05-18 01:54:44.813 9 INFO neutron.services.segments.plugin [-] Segment 6a26df78-abe6-4f8f-8d13-f34ba442a202 resource provider aggregate not found
2026-05-18 01:54:44.820 9 INFO neutron.services.segments.plugin [-] Segment 6a26df78-abe6-4f8f-8d13-f34ba442a202 resource provider not found; error: Placement Client Error (4xx): {"errors": [{"status": 404, "title": "Not Found", "detail": "The resource could not be found.\n\n No resource provider with uuid 6a26df78-abe6-4f8f-8d13-f34ba442a202 found for delete ", "request_id": "req-57208a7c-5d06-49cf-b920-e48fdd23af96"}]}
2026-05-18 01:54:44.829 9 INFO neutron.services.segments.plugin [-] Segment 6a26df78-abe6-4f8f-8d13-f34ba442a202 resource provider not found; error: Placement Client Error (4xx): {"errors": [{"status": 404, "title": "Not Found", "detail": "The resource could not be found.\n\n No resource provider with uuid 6a26df78-abe6-4f8f-8d13-f34ba442a202 found for delete ", "request_id": "req-9e4f63ae-ba22-456d-a78a-051ed1ae17f2"}]}
2026-05-18 01:54:44.838 9 INFO neutron.services.segments.plugin [-] Segment ff8dc2e8-2b2c-4046-bb2a-1c49caeb2fdf resource provider aggregate not found
2026-05-18 01:54:44.847 9 INFO neutron.services.segments.plugin [-] Segment ff8dc2e8-2b2c-4046-bb2a-1c49caeb2fdf resource provider aggregate not found
2026-05-18 01:54:44.852 9 INFO neutron.services.segments.plugin [-] Segment ff8dc2e8-2b2c-4046-bb2a-1c49caeb2fdf resource provider not found; error: Placement Client Error (4xx): {"errors": [{"status": 404, "title": "Not Found", "detail": "The resource could not be found.\n\n No resource provider with uuid ff8dc2e8-2b2c-4046-bb2a-1c49caeb2fdf found for delete ", "request_id": "req-ab8df319-2078-4658-8cdc-020b81e5e196"}]}
2026-05-18 01:54:44.864 9 INFO neutron.services.segments.plugin [-] Segment ff8dc2e8-2b2c-4046-bb2a-1c49caeb2fdf resource provider not found; error: Placement Client Error (4xx): {"errors": [{"status": 404, "title": "Not Found", "detail": "The resource could not be found.\n\n No resource provider with uuid ff8dc2e8-2b2c-4046-bb2a-1c49caeb2fdf found for delete ", "request_id": "req-abe028c3-6468-40ba-9637-6d4d0db5ee1a"}]}
2026-05-18 01:54:44.870 9 INFO neutron.services.segments.plugin [-] Segment dbb77811-1cee-478c-92a3-ba6e69b42a3b resource provider aggregate not found
2026-05-18 01:54:44.881 9 INFO neutron.services.segments.plugin [-] Segment dbb77811-1cee-478c-92a3-ba6e69b42a3b resource provider aggregate not found
2026-05-18 01:54:44.886 9 INFO neutron.services.segments.plugin [-] Segment dbb77811-1cee-478c-92a3-ba6e69b42a3b resource provider not found; error: Placement Client Error (4xx): {"errors": [{"status": 404, "title": "Not Found", "detail": "The resource could not be found.\n\n No resource provider with uuid dbb77811-1cee-478c-92a3-ba6e69b42a3b found for delete ", "request_id": "req-9d5e9c44-8758-4e05-b1c5-133d4149a973"}]}
2026-05-18 01:54:44.896 9 INFO neutron.services.segments.plugin [-] Segment dbb77811-1cee-478c-92a3-ba6e69b42a3b resource provider not found; error: Placement Client Error (4xx): {"errors": [{"status": 404, "title": "Not Found", "detail": "The resource could not be found.\n\n No resource provider with uuid dbb77811-1cee-478c-92a3-ba6e69b42a3b found for delete ", "request_id": "req-3abb083d-9238-4dae-9bc0-5d06190e2323"}]}
2026-05-18 01:54:44.943 9 INFO neutron.wsgi [None req-2d39fe8e-51b8-463b-b94c-90ae6250efcc cceb3eb028364bf7bb513021d61eeeda 42e9efe30d3c438bbc0ff14c22f16fbe - - - -] 10.0.0.96 "DELETE /v2.0/networks/871acf37-8789-4b29-9275-54f71b08ca6e HTTP/1.1" status: 204 len: 168 time: 0.7185194
2026-05-18 01:54:45.347 10 INFO neutron.wsgi [None req-dd9288c8-064f-4209-b00f-c55658726c39 0d120c1c0f11422daf55d370750e1519 7e8390f4b4de490f98b740b173539962 - - - -] 10.0.0.96 "DELETE /v2.0/networks/6ca95a62-eb13-4ae8-94d4-21d622046362 HTTP/1.1" status: 204 len: 168 time: 0.6763101
2026-05-18 01:54:45.421 10 INFO neutron.wsgi [req-7d14289c-972a-48b1-aac7-6d56500f2740 req-a61023f2-b5a7-4796-893b-3b870726aa63 482563c3e50a4871a7b7a0056c860689 4c1fb3cc9e064e3aa1311af14731be2b - - 869e230c9c6040bc8c7ba358f0366bc5 869e230c9c6040bc8c7ba358f0366bc5] 10.0.0.254 "GET /v2.0/ports?device_id=16e6510c-6096-4089-b586-c3cb67cbe074 HTTP/1.1" status: 200 len: 1361 time: 0.2822127
2026-05-18 01:54:45.468 10 INFO neutron.wsgi [req-7d14289c-972a-48b1-aac7-6d56500f2740 req-663f5d49-d9f1-4d5c-9497-a297e5eaa2d4 482563c3e50a4871a7b7a0056c860689 4c1fb3cc9e064e3aa1311af14731be2b - - 869e230c9c6040bc8c7ba358f0366bc5 869e230c9c6040bc8c7ba358f0366bc5] 10.0.0.254 "GET /v2.0/security-groups?id=2cd0f38f-44b2-4c60-8dd2-511ad91aae0b&fields=id&fields=name HTTP/1.1" status: 200 len: 313 time: 0.0383434
2026-05-18 01:54:46.292 10 INFO neutron.services.segments.plugin [-] Segment a7618cb5-a03f-4126-a9ce-17e125eed3e9 resource provider aggregate not found
2026-05-18 01:54:46.302 10 INFO neutron.services.segments.plugin [-] Segment a7618cb5-a03f-4126-a9ce-17e125eed3e9 resource provider aggregate not found
2026-05-18 01:54:46.315 10 INFO neutron.services.segments.plugin [-] Segment a7618cb5-a03f-4126-a9ce-17e125eed3e9 resource provider not found; error: Placement Client Error (4xx): {"errors": [{"status": 404, "title": "Not Found", "detail": "The resource could not be found.\n\n No resource provider with uuid a7618cb5-a03f-4126-a9ce-17e125eed3e9 found for delete ", "request_id": "req-300346f0-6785-4744-a651-9717a1ea17c3"}]}
2026-05-18 01:54:46.321 10 INFO neutron.services.segments.plugin [-] Segment a7618cb5-a03f-4126-a9ce-17e125eed3e9 resource provider not found; error: Placement Client Error (4xx): {"errors": [{"status": 404, "title": "Not Found", "detail": "The resource could not be found.\n\n No resource provider with uuid a7618cb5-a03f-4126-a9ce-17e125eed3e9 found for delete ", "request_id": "req-2d071b00-2c35-4051-89ec-20351efa8775"}]}
2026-05-18 01:54:46.403 10 INFO neutron.db.ovn_revision_numbers_db [None req-b75ee0e5-9e85-4dc8-8d99-8711e936a1dd 2c60b6ccd6fc4973bafcb3b18c51dfbc 541db572d2324afa95616f75acdd5c23 - - default default] Successfully bumped revision number for resource 6aedabd6-8ff6-494b-b3be-ad6f6df91e01 (type: security_groups) to 1
2026-05-18 01:54:46.433 10 INFO neutron.wsgi [None req-b75ee0e5-9e85-4dc8-8d99-8711e936a1dd 2c60b6ccd6fc4973bafcb3b18c51dfbc 541db572d2324afa95616f75acdd5c23 - - default default] 10.0.0.96 "GET /v2.0/security-groups?tenant_id=75565b0ae7284574914882b4c414241f&name=default HTTP/1.1" status: 200 len: 2996 time: 0.2800889
2026-05-18 01:54:46.499 10 INFO neutron.db.ovn_revision_numbers_db [None req-4eb7a894-a14c-4d85-af54-51662fee8e01 2c60b6ccd6fc4973bafcb3b18c51dfbc 541db572d2324afa95616f75acdd5c23 - - default default] Successfully bumped revision number for resource cb23ee10-a7a6-429b-9165-9dccbc736367 (type: security_groups) to 1
2026-05-18 01:54:46.524 10 INFO neutron.wsgi [None req-4eb7a894-a14c-4d85-af54-51662fee8e01 2c60b6ccd6fc4973bafcb3b18c51dfbc 541db572d2324afa95616f75acdd5c23 - - default default] 10.0.0.96 "GET /v2.0/security-groups?tenant_id=7a078cc4163140028d46a7551227f512&name=default HTTP/1.1" status: 200 len: 2996 time: 0.1976132
2026-05-18 01:54:46.660 9 INFO neutron.wsgi [None req-4713bd39-dfab-4c0e-82ea-36baf0581af9 2c60b6ccd6fc4973bafcb3b18c51dfbc 541db572d2324afa95616f75acdd5c23 - - - -] 10.0.0.96 "DELETE /v2.0/security-groups/6aedabd6-8ff6-494b-b3be-ad6f6df91e01 HTTP/1.1" status: 204 len: 168 time: 0.2210774
2026-05-18 01:54:46.724 9 INFO neutron.wsgi [None req-5bf5baff-6bef-49a8-be26-4a8b129c0b30 2c60b6ccd6fc4973bafcb3b18c51dfbc 541db572d2324afa95616f75acdd5c23 - - - -] 10.0.0.96 "DELETE /v2.0/security-groups/cb23ee10-a7a6-429b-9165-9dccbc736367 HTTP/1.1" status: 204 len: 168 time: 0.1944294
2026-05-18 01:54:46.849 9 INFO neutron.wsgi [None req-0d4949c1-8077-4f1b-a0ba-83a748900a87 2c60b6ccd6fc4973bafcb3b18c51dfbc 541db572d2324afa95616f75acdd5c23 - - default default] 10.0.0.96 "GET /v2.0/security-groups?tenant_id=7e8390f4b4de490f98b740b173539962&name=default HTTP/1.1" status: 200 len: 2996 time: 0.0293052
2026-05-18 01:54:46.902 10 INFO neutron.db.ovn_revision_numbers_db [None req-9bd60f66-26d6-4785-a25c-e478ae9dcf79 2c60b6ccd6fc4973bafcb3b18c51dfbc 541db572d2324afa95616f75acdd5c23 - - default default] Successfully bumped revision number for resource ac4fcbb2-0064-485a-b9ee-2272806cf080 (type: security_groups) to 1
2026-05-18 01:54:46.925 10 INFO neutron.wsgi [None req-9bd60f66-26d6-4785-a25c-e478ae9dcf79 2c60b6ccd6fc4973bafcb3b18c51dfbc 541db572d2324afa95616f75acdd5c23 - - default default] 10.0.0.96 "GET /v2.0/security-groups?tenant_id=0f7f156e3dbe4a5ab14b5f52457fc656&name=default HTTP/1.1" status: 200 len: 2996 time: 0.1175733
2026-05-18 01:54:47.035 9 INFO neutron.wsgi [None req-567aa262-33bb-42f1-8548-5e1e4808f241 2c60b6ccd6fc4973bafcb3b18c51dfbc 541db572d2324afa95616f75acdd5c23 - - - -] 10.0.0.96 "DELETE /v2.0/security-groups/4a43f6dd-0b01-4993-83b9-4534f776bbd4 HTTP/1.1" status: 204 len: 168 time: 0.1804512
2026-05-18 01:54:47.107 10 INFO neutron.wsgi [None req-dee255be-21cc-4a58-8e68-5dfadcd37389 2c60b6ccd6fc4973bafcb3b18c51dfbc 541db572d2324afa95616f75acdd5c23 - - - -] 10.0.0.96 "DELETE /v2.0/security-groups/ac4fcbb2-0064-485a-b9ee-2272806cf080 HTTP/1.1" status: 204 len: 168 time: 0.1777303
2026-05-18 01:54:47.238 9 INFO neutron.wsgi [None req-c5d08310-864e-444a-b487-00d5fc092e24 2c60b6ccd6fc4973bafcb3b18c51dfbc 541db572d2324afa95616f75acdd5c23 - - default default] 10.0.0.96 "GET /v2.0/security-groups?tenant_id=42e9efe30d3c438bbc0ff14c22f16fbe&name=default HTTP/1.1" status: 200 len: 2996 time: 0.0406694
2026-05-18 01:54:47.300 10 INFO neutron.db.ovn_revision_numbers_db [None req-656e9a2e-a71c-4339-bc79-56cb00a8f5bb 2c60b6ccd6fc4973bafcb3b18c51dfbc 541db572d2324afa95616f75acdd5c23 - - default default] Successfully bumped revision number for resource bff335d4-81b5-47b9-8e86-e71c8c7f5d2d (type: security_groups) to 1
2026-05-18 01:54:47.317 10 INFO neutron.wsgi [None req-656e9a2e-a71c-4339-bc79-56cb00a8f5bb 2c60b6ccd6fc4973bafcb3b18c51dfbc 541db572d2324afa95616f75acdd5c23 - - default default] 10.0.0.96 "GET /v2.0/security-groups?tenant_id=aced956a1d4a45ba9672f9d37bd39253&name=default HTTP/1.1" status: 200 len: 2996 time: 0.1179390
2026-05-18 01:54:47.438 9 INFO neutron.wsgi [None req-02abc82e-8e06-4faa-9824-b4efe560c7ae 2c60b6ccd6fc4973bafcb3b18c51dfbc 541db572d2324afa95616f75acdd5c23 - - - -] 10.0.0.96 "DELETE /v2.0/security-groups/130fa2d2-ca7c-40d4-aab6-10cdbe09a2f1 HTTP/1.1" status: 204 len: 168 time: 0.1948647
2026-05-18 01:54:47.505 9 INFO neutron.wsgi [None req-330e467e-aa77-45cc-877d-ed40abd5c828 2c60b6ccd6fc4973bafcb3b18c51dfbc 541db572d2324afa95616f75acdd5c23 - - - -] 10.0.0.96 "DELETE /v2.0/security-groups/bff335d4-81b5-47b9-8e86-e71c8c7f5d2d HTTP/1.1" status: 204 len: 168 time: 0.1804540
2026-05-18 01:54:47.674 10 INFO neutron.wsgi [req-c95a9b03-3efe-4abe-a278-14b5a4ec7215 req-7a397e14-c9ff-4501-b948-14a128d5ffe9 482563c3e50a4871a7b7a0056c860689 4c1fb3cc9e064e3aa1311af14731be2b - - 869e230c9c6040bc8c7ba358f0366bc5 869e230c9c6040bc8c7ba358f0366bc5] 199.204.45.216 "GET /v2.0/ports?device_id=16e6510c-6096-4089-b586-c3cb67cbe074&fields=binding%3Ahost_id&fields=binding%3Avif_type HTTP/1.1" status: 200 len: 265 time: 0.0345969
2026-05-18 01:54:47.750 10 INFO neutron.wsgi [req-c95a9b03-3efe-4abe-a278-14b5a4ec7215 req-9d5d4b74-c535-4ee2-a264-790ca8aea59f 482563c3e50a4871a7b7a0056c860689 4c1fb3cc9e064e3aa1311af14731be2b - - 869e230c9c6040bc8c7ba358f0366bc5 869e230c9c6040bc8c7ba358f0366bc5] 199.204.45.216 "GET /v2.0/ports?tenant_id=37e90b86007c4c1787a7c36f5d9777a6&device_id=16e6510c-6096-4089-b586-c3cb67cbe074 HTTP/1.1" status: 200 len: 1361 time: 0.0344541
2026-05-18 01:54:47.830 10 INFO neutron.wsgi [req-c95a9b03-3efe-4abe-a278-14b5a4ec7215 req-48d2b2ea-0452-403c-bff8-161ae890ea2d 482563c3e50a4871a7b7a0056c860689 4c1fb3cc9e064e3aa1311af14731be2b - - 869e230c9c6040bc8c7ba358f0366bc5 869e230c9c6040bc8c7ba358f0366bc5] 199.204.45.216 "GET /v2.0/networks?id=df8cd0de-cf9c-4de5-8cf8-e8c671e02fd6 HTTP/1.1" status: 200 len: 958 time: 0.0590987
2026-05-18 01:54:47.878 10 INFO neutron.wsgi [req-c95a9b03-3efe-4abe-a278-14b5a4ec7215 req-bbafff89-07d4-4cd6-9f1f-3dff568f85ef 482563c3e50a4871a7b7a0056c860689 4c1fb3cc9e064e3aa1311af14731be2b - - 869e230c9c6040bc8c7ba358f0366bc5 869e230c9c6040bc8c7ba358f0366bc5] 199.204.45.216 "GET /v2.0/floatingips?fixed_ip_address=10.100.0.7&port_id=4f5d9b20-1d90-45c0-95f6-48841ddf6612 HTTP/1.1" status: 200 len: 1059 time: 0.0419214
2026-05-18 01:54:47.919 10 INFO neutron.wsgi [req-c95a9b03-3efe-4abe-a278-14b5a4ec7215 req-f2ee43bf-2406-4e59-b781-4e13bdfdff71 482563c3e50a4871a7b7a0056c860689 4c1fb3cc9e064e3aa1311af14731be2b - - 869e230c9c6040bc8c7ba358f0366bc5 869e230c9c6040bc8c7ba358f0366bc5] 199.204.45.216 "GET /v2.0/subnets?id=6ab90249-b701-4850-ae56-240a2753c4d8 HTTP/1.1" status: 200 len: 853 time: 0.0317309
2026-05-18 01:54:47.956 10 INFO neutron.wsgi [req-c95a9b03-3efe-4abe-a278-14b5a4ec7215 req-785365e0-75ba-4848-a5c9-291d6ec0a856 482563c3e50a4871a7b7a0056c860689 4c1fb3cc9e064e3aa1311af14731be2b - - 869e230c9c6040bc8c7ba358f0366bc5 869e230c9c6040bc8c7ba358f0366bc5] 199.204.45.216 "GET /v2.0/ports?network_id=df8cd0de-cf9c-4de5-8cf8-e8c671e02fd6&device_owner=network%3Adhcp HTTP/1.1" status: 200 len: 210 time: 0.0270338
2026-05-18 01:54:48.014 10 INFO neutron.wsgi [req-c95a9b03-3efe-4abe-a278-14b5a4ec7215 req-99183f9e-9206-4bc6-8d89-d81ebe386042 482563c3e50a4871a7b7a0056c860689 4c1fb3cc9e064e3aa1311af14731be2b - - 869e230c9c6040bc8c7ba358f0366bc5 869e230c9c6040bc8c7ba358f0366bc5] 199.204.45.216 "GET /v2.0/networks/df8cd0de-cf9c-4de5-8cf8-e8c671e02fd6?fields=segments HTTP/1.1" status: 200 len: 212 time: 0.0503683
2026-05-18 01:54:48.083 10 INFO neutron.wsgi [req-c95a9b03-3efe-4abe-a278-14b5a4ec7215 req-5d16b117-b630-405a-9653-99078e971ba7 482563c3e50a4871a7b7a0056c860689 4c1fb3cc9e064e3aa1311af14731be2b - - 869e230c9c6040bc8c7ba358f0366bc5 869e230c9c6040bc8c7ba358f0366bc5] 199.204.45.216 "GET /v2.0/networks/df8cd0de-cf9c-4de5-8cf8-e8c671e02fd6?fields=provider%3Aphysical_network&fields=provider%3Anetwork_type HTTP/1.1" status: 200 len: 277 time: 0.0619645
2026-05-18 01:54:48.888 10 WARNING neutron.scheduler.dhcp_agent_scheduler [None req-66fe0fea-c57d-4030-8dc0-886eacf5a643 9e1925bd957749c78a5c3717fe2c257c 0cce209e09f64a82a6369d168e615ee4 - - - -] No more DHCP agents
2026-05-18 01:54:48.891 10 WARNING neutron.api.rpc.agentnotifiers.dhcp_rpc_agent_api [None req-66fe0fea-c57d-4030-8dc0-886eacf5a643 9e1925bd957749c78a5c3717fe2c257c 0cce209e09f64a82a6369d168e615ee4 - - - -] Unable to schedule network 1789723b-4cd4-4985-abb8-7edd76d122e7: no agents available; will retry on subsequent port and subnet creation events.
2026-05-18 01:54:49.204 10 INFO neutron.db.ovn_revision_numbers_db [None req-66fe0fea-c57d-4030-8dc0-886eacf5a643 9e1925bd957749c78a5c3717fe2c257c 0cce209e09f64a82a6369d168e615ee4 - - - -] Successfully bumped revision number for resource 64d3e54f-7a3e-4514-9bfa-8c0882c01327 (type: floatingips) to 0
2026-05-18 01:54:49.225 10 INFO neutron.wsgi [None req-66fe0fea-c57d-4030-8dc0-886eacf5a643 9e1925bd957749c78a5c3717fe2c257c 0cce209e09f64a82a6369d168e615ee4 - - - -] 10.0.0.96 "POST /v2.0/floatingips HTTP/1.1" status: 201 len: 751 time: 0.8871107
2026-05-18 01:54:49.502 10 WARNING neutron.scheduler.dhcp_agent_scheduler [None req-a5569068-f16a-4d8e-88b9-11a840e874f7 9e1925bd957749c78a5c3717fe2c257c 0cce209e09f64a82a6369d168e615ee4 - - - -] No more DHCP agents
2026-05-18 01:54:49.505 10 WARNING neutron.api.rpc.agentnotifiers.dhcp_rpc_agent_api [None req-a5569068-f16a-4d8e-88b9-11a840e874f7 9e1925bd957749c78a5c3717fe2c257c 0cce209e09f64a82a6369d168e615ee4 - - - -] Unable to schedule network 1789723b-4cd4-4985-abb8-7edd76d122e7: no agents available; will retry on subsequent port and subnet creation events.
2026-05-18 01:54:49.603 10 INFO neutron.wsgi [None req-f8c26ffa-97bf-4436-a512-453cc64456dc 2854a6f2a16c4f1480d7dec1b850fd0f 9328518506b54402b67fab32edcda174 - - default default] 10.0.0.96 "GET /v2.0/ports?project_id=37e90b86007c4c1787a7c36f5d9777a6&network_id=df8cd0de-cf9c-4de5-8cf8-e8c671e02fd6 HTTP/1.1" status: 200 len: 3462 time: 0.0550478
2026-05-18 01:54:49.830 10 INFO neutron.db.ovn_revision_numbers_db [None req-a5569068-f16a-4d8e-88b9-11a840e874f7 9e1925bd957749c78a5c3717fe2c257c 0cce209e09f64a82a6369d168e615ee4 - - - -] Successfully bumped revision number for resource c039b5fb-937e-4e82-97e6-57f3dc645dea (type: floatingips) to 0
2026-05-18 01:54:49.876 9 INFO neutron.wsgi [-] 10.0.0.138 "GET / HTTP/1.1" status: 200 len: 247 time: 0.0021260
2026-05-18 01:54:49.878 9 INFO neutron.wsgi [-] 10.0.0.138 "GET / HTTP/1.1" status: 200 len: 247 time: 0.0013733
2026-05-18 01:54:50.187 10 INFO neutron.wsgi [None req-27b0fc36-386d-4c03-9a41-80c8470c436e 2854a6f2a16c4f1480d7dec1b850fd0f 9328518506b54402b67fab32edcda174 - - default default] 10.0.0.96 "GET /v2.0/subnets?network_id=1789723b-4cd4-4985-abb8-7edd76d122e7 HTTP/1.1" status: 200 len: 838 time: 0.3819649
2026-05-18 01:54:50.191 10 INFO neutron.wsgi [None req-a5569068-f16a-4d8e-88b9-11a840e874f7 9e1925bd957749c78a5c3717fe2c257c 0cce209e09f64a82a6369d168e615ee4 - - - -] 10.0.0.96 "POST /v2.0/floatingips HTTP/1.1" status: 201 len: 751 time: 0.9597013
2026-05-18 01:54:50.472 10 WARNING neutron.scheduler.dhcp_agent_scheduler [None req-9382443b-e843-47bc-9988-7fa4fc37d63b 9e1925bd957749c78a5c3717fe2c257c 0cce209e09f64a82a6369d168e615ee4 - - - -] No more DHCP agents
2026-05-18 01:54:50.475 10 WARNING neutron.api.rpc.agentnotifiers.dhcp_rpc_agent_api [None req-9382443b-e843-47bc-9988-7fa4fc37d63b 9e1925bd957749c78a5c3717fe2c257c 0cce209e09f64a82a6369d168e615ee4 - - - -] Unable to schedule network 1789723b-4cd4-4985-abb8-7edd76d122e7: no agents available; will retry on subsequent port and subnet creation events.
2026-05-18 01:54:50.551 9 INFO neutron.db.l3_db [None req-19e7816a-4300-4bab-bec7-0d5251c1a91e 1658fc3778c6404e887d7ebf38d7cc87 37e90b86007c4c1787a7c36f5d9777a6 - - - -] Floating IP 7439d86c-44f1-4821-8032-7269a6ffac25 disassociated. External IP: 10.96.250.210, port: 4f5d9b20-1d90-45c0-95f6-48841ddf6612.
2026-05-18 01:54:50.571 9 INFO neutron.db.ovn_revision_numbers_db [None req-19e7816a-4300-4bab-bec7-0d5251c1a91e 1658fc3778c6404e887d7ebf38d7cc87 37e90b86007c4c1787a7c36f5d9777a6 - - - -] Successfully bumped revision number for resource 7439d86c-44f1-4821-8032-7269a6ffac25 (type: floatingips) to 2
2026-05-18 01:54:50.662 9 INFO neutron.wsgi [None req-19e7816a-4300-4bab-bec7-0d5251c1a91e 1658fc3778c6404e887d7ebf38d7cc87 37e90b86007c4c1787a7c36f5d9777a6 - - - -] 10.0.0.96 "PUT /v2.0/floatingips/7439d86c-44f1-4821-8032-7269a6ffac25 HTTP/1.1" status: 200 len: 748 time: 0.2493510 /var/lib/openstack/lib/python3.10/site-packages/pycadf/identifier.py:71: UserWarning: Invalid uuid: neutron. To ensure interoperability, identifiers should be a valid uuid. warnings.warn(('Invalid uuid: %s. To ensure interoperability, '
2026-05-18 01:54:50.704 9 INFO neutron.notifiers.nova [-] Nova event matching ['req-297ecf0a-a305-4e26-8b0a-f9d57c1ba0a7'] response: {'name': 'network-changed', 'server_uuid': '16e6510c-6096-4089-b586-c3cb67cbe074', 'tag': '4f5d9b20-1d90-45c0-95f6-48841ddf6612', 'status': 'completed', 'code': 200}
2026-05-18 01:54:50.746 10 INFO neutron.wsgi [None req-8aa9939d-44ef-4545-a5ea-030ea0b4de87 1658fc3778c6404e887d7ebf38d7cc87 37e90b86007c4c1787a7c36f5d9777a6 - - default default] 10.0.0.96 "GET /v2.0/floatingips/7439d86c-44f1-4821-8032-7269a6ffac25 HTTP/1.1" status: 200 len: 746 time: 0.0793450
2026-05-18 01:54:50.796 10 INFO neutron.wsgi [req-024882b7-df5f-4991-8d91-807f40119534 req-03e109dd-734d-4dea-ac58-d3e0ce8aa01d 482563c3e50a4871a7b7a0056c860689 4c1fb3cc9e064e3aa1311af14731be2b - - 869e230c9c6040bc8c7ba358f0366bc5 869e230c9c6040bc8c7ba358f0366bc5] 199.204.45.216 "GET /v2.0/ports?tenant_id=37e90b86007c4c1787a7c36f5d9777a6&device_id=16e6510c-6096-4089-b586-c3cb67cbe074 HTTP/1.1" status: 200 len: 1361 time: 0.0690463
2026-05-18 01:54:50.935 10 INFO neutron.wsgi [req-024882b7-df5f-4991-8d91-807f40119534 req-3c918695-aeab-4066-88f0-36e23f4abc19 482563c3e50a4871a7b7a0056c860689 4c1fb3cc9e064e3aa1311af14731be2b - - 869e230c9c6040bc8c7ba358f0366bc5 869e230c9c6040bc8c7ba358f0366bc5] 199.204.45.216 "GET /v2.0/networks?id=df8cd0de-cf9c-4de5-8cf8-e8c671e02fd6 HTTP/1.1" status: 200 len: 958 time: 0.1313102
2026-05-18 01:54:50.987 10 INFO neutron.wsgi [req-024882b7-df5f-4991-8d91-807f40119534 req-6e39c00c-5cda-4a0d-8a8e-153b742e56b8 482563c3e50a4871a7b7a0056c860689 4c1fb3cc9e064e3aa1311af14731be2b - - 869e230c9c6040bc8c7ba358f0366bc5 869e230c9c6040bc8c7ba358f0366bc5] 199.204.45.216 "GET /v2.0/floatingips?fixed_ip_address=10.100.0.7&port_id=4f5d9b20-1d90-45c0-95f6-48841ddf6612 HTTP/1.1" status: 200 len: 217 time: 0.0432792
2026-05-18 01:54:50.990 9 INFO neutron.db.ovn_revision_numbers_db [None req-15d45a08-e2f4-4cda-9e46-208de2f018d8 b1a31aac11e54589bc89443d4947c4a8 ae0cca78bd5341408d3b7f8a7c00599f - - - -] Successfully bumped revision number for resource 17bedfb4-544c-4aee-ac69-ff641fc09c75 (type: routers) to 1
2026-05-18 01:54:51.009 9 INFO neutron.wsgi [None req-15d45a08-e2f4-4cda-9e46-208de2f018d8 b1a31aac11e54589bc89443d4947c4a8 ae0cca78bd5341408d3b7f8a7c00599f - - - -] 10.0.0.96 "POST /v2.0/routers HTTP/1.1" status: 201 len: 654 time: 0.2637036
2026-05-18 01:54:51.042 10 INFO neutron.wsgi [req-024882b7-df5f-4991-8d91-807f40119534 req-fcfc59c5-1c2d-4774-9135-0472055c9d45 482563c3e50a4871a7b7a0056c860689 4c1fb3cc9e064e3aa1311af14731be2b - - 869e230c9c6040bc8c7ba358f0366bc5 869e230c9c6040bc8c7ba358f0366bc5] 199.204.45.216 "GET /v2.0/subnets?id=6ab90249-b701-4850-ae56-240a2753c4d8 HTTP/1.1" status: 200 len: 853 time: 0.0458469
2026-05-18 01:54:51.044 10 INFO neutron.db.ovn_revision_numbers_db [None req-9382443b-e843-47bc-9988-7fa4fc37d63b 9e1925bd957749c78a5c3717fe2c257c 0cce209e09f64a82a6369d168e615ee4 - - - -] Successfully bumped revision number for resource c2039141-3761-4801-a691-cdca11dd5295 (type: floatingips) to 0
2026-05-18 01:54:51.064 9 INFO neutron.wsgi [None req-52912338-f41c-4f3d-828b-0eb469893431 b1a31aac11e54589bc89443d4947c4a8 ae0cca78bd5341408d3b7f8a7c00599f - - - -] 10.0.0.96 "PUT /v2.0/routers/17bedfb4-544c-4aee-ac69-ff641fc09c75/tags HTTP/1.1" status: 200 len: 218 time: 0.0477247
2026-05-18 01:54:51.077 10 INFO neutron.wsgi [None req-9382443b-e843-47bc-9988-7fa4fc37d63b 9e1925bd957749c78a5c3717fe2c257c 0cce209e09f64a82a6369d168e615ee4 - - - -] 10.0.0.96 "POST /v2.0/floatingips HTTP/1.1" status: 201 len: 751 time: 0.8811028
2026-05-18 01:54:51.079 10 INFO neutron.wsgi [req-024882b7-df5f-4991-8d91-807f40119534 req-1f8c197d-1e27-407c-829a-530b83283980 482563c3e50a4871a7b7a0056c860689 4c1fb3cc9e064e3aa1311af14731be2b - - 869e230c9c6040bc8c7ba358f0366bc5 869e230c9c6040bc8c7ba358f0366bc5] 199.204.45.216 "GET /v2.0/ports?network_id=df8cd0de-cf9c-4de5-8cf8-e8c671e02fd6&device_owner=network%3Adhcp HTTP/1.1" status: 200 len: 210 time: 0.0296671
2026-05-18 01:54:51.109 9 INFO neutron.wsgi [None req-a2e077f1-ab3f-4920-b6c7-e3ed85a43252 b1a31aac11e54589bc89443d4947c4a8 ae0cca78bd5341408d3b7f8a7c00599f - - default default] 10.0.0.96 "GET /v2.0/routers/17bedfb4-544c-4aee-ac69-ff641fc09c75/tags HTTP/1.1" status: 200 len: 218 time: 0.0397217
2026-05-18 01:54:51.168 9 INFO neutron.wsgi [None req-422946c2-0574-436c-8ccb-38d96e6c12ca b1a31aac11e54589bc89443d4947c4a8 ae0cca78bd5341408d3b7f8a7c00599f - - - -] 10.0.0.96 "PUT /v2.0/routers/17bedfb4-544c-4aee-ac69-ff641fc09c75/tags/green HTTP/1.1" status: 201 len: 201 time: 0.0546534
2026-05-18 01:54:51.196 10 INFO neutron.wsgi [req-024882b7-df5f-4991-8d91-807f40119534 req-5ec2e60d-b07f-4a32-a746-549df374d75d 482563c3e50a4871a7b7a0056c860689 4c1fb3cc9e064e3aa1311af14731be2b - - 869e230c9c6040bc8c7ba358f0366bc5 869e230c9c6040bc8c7ba358f0366bc5] 199.204.45.216 "GET /v2.0/networks/df8cd0de-cf9c-4de5-8cf8-e8c671e02fd6?fields=segments HTTP/1.1" status: 200 len: 212 time: 0.1010075
2026-05-18 01:54:51.223 9 INFO neutron.wsgi [None req-207eb52a-ea39-4403-9a95-36f76c28c821 b1a31aac11e54589bc89443d4947c4a8 ae0cca78bd5341408d3b7f8a7c00599f - - default default] 10.0.0.96 "GET /v2.0/routers/17bedfb4-544c-4aee-ac69-ff641fc09c75/tags HTTP/1.1" status: 200 len: 227 time: 0.0501542
2026-05-18 01:54:51.270 9 INFO neutron.wsgi [None req-4a59a4e4-d05a-4124-a82c-4beb46356177 b1a31aac11e54589bc89443d4947c4a8 ae0cca78bd5341408d3b7f8a7c00599f - - - -] 10.0.0.96 "PUT /v2.0/routers/17bedfb4-544c-4aee-ac69-ff641fc09c75/tags/red HTTP/1.1" status: 201 len: 201 time: 0.0433867
2026-05-18 01:54:51.273 10 WARNING neutron.scheduler.dhcp_agent_scheduler [None req-8899b11b-9e57-4941-b6c8-6934c48ff11b 41d9bb7029c24149a834a9ac704bd1c3 fa2744ae180048a49b071a16967b6b3e - - - -] No more DHCP agents
2026-05-18 01:54:51.281 10 WARNING neutron.api.rpc.agentnotifiers.dhcp_rpc_agent_api [None req-8899b11b-9e57-4941-b6c8-6934c48ff11b 41d9bb7029c24149a834a9ac704bd1c3 fa2744ae180048a49b071a16967b6b3e - - - -] Unable to schedule network 1789723b-4cd4-4985-abb8-7edd76d122e7: no agents available; will retry on subsequent port and subnet creation events.
2026-05-18 01:54:51.311 10 INFO neutron.wsgi [req-024882b7-df5f-4991-8d91-807f40119534 req-ce0110c0-9d84-408d-9dd3-b1e8bdaf890d 482563c3e50a4871a7b7a0056c860689 4c1fb3cc9e064e3aa1311af14731be2b - - 869e230c9c6040bc8c7ba358f0366bc5 869e230c9c6040bc8c7ba358f0366bc5] 199.204.45.216 "GET /v2.0/networks/df8cd0de-cf9c-4de5-8cf8-e8c671e02fd6?fields=provider%3Aphysical_network&fields=provider%3Anetwork_type HTTP/1.1" status: 200 len: 277 time: 0.1079397
2026-05-18 01:54:51.326 9 INFO neutron.wsgi [None req-104c73eb-bf6d-4c64-b710-9bc42b76a445 b1a31aac11e54589bc89443d4947c4a8 ae0cca78bd5341408d3b7f8a7c00599f - - default default] 10.0.0.96 "GET /v2.0/routers/17bedfb4-544c-4aee-ac69-ff641fc09c75/tags HTTP/1.1" status: 200 len: 227 time: 0.0490830
2026-05-18 01:54:51.397 9 INFO neutron.wsgi [None req-d1ceeb5f-2036-46b6-acac-ccadd0fac4f6 b1a31aac11e54589bc89443d4947c4a8 ae0cca78bd5341408d3b7f8a7c00599f - - - -] 10.0.0.96 "PUT /v2.0/routers/17bedfb4-544c-4aee-ac69-ff641fc09c75/tags/black.or.white HTTP/1.1" status: 201 len: 201 time: 0.0648682
2026-05-18 01:54:51.485 9 INFO neutron.wsgi [None req-6c023629-7afb-4f1a-afb3-cb2a086b44c8 b1a31aac11e54589bc89443d4947c4a8 ae0cca78bd5341408d3b7f8a7c00599f - - default default] 10.0.0.96 "GET /v2.0/routers/17bedfb4-544c-4aee-ac69-ff641fc09c75/tags HTTP/1.1" status: 200 len: 245 time: 0.0819485
2026-05-18 01:54:51.501 10 WARNING neutron.scheduler.dhcp_agent_scheduler [None req-40ec4d51-1992-4928-9244-91821da06d55 9e1925bd957749c78a5c3717fe2c257c 0cce209e09f64a82a6369d168e615ee4 - - - -] No more DHCP agents
2026-05-18 01:54:51.504 10 WARNING neutron.api.rpc.agentnotifiers.dhcp_rpc_agent_api [None req-40ec4d51-1992-4928-9244-91821da06d55 9e1925bd957749c78a5c3717fe2c257c 0cce209e09f64a82a6369d168e615ee4 - - - -] Unable to schedule network 1789723b-4cd4-4985-abb8-7edd76d122e7: no agents available; will retry on subsequent port and subnet creation events.
2026-05-18 01:54:51.550 9 INFO neutron.wsgi [None req-b8920a19-d221-4a2d-9b32-95b5e8d55a1b b1a31aac11e54589bc89443d4947c4a8 ae0cca78bd5341408d3b7f8a7c00599f - - - -] 10.0.0.96 "PUT /v2.0/routers/17bedfb4-544c-4aee-ac69-ff641fc09c75/tags HTTP/1.1" status: 200 len: 230 time: 0.0615163
2026-05-18 01:54:51.612 9 INFO neutron.wsgi [None req-de2e65fb-ed2b-4fa1-a2a9-104779921a2f b1a31aac11e54589bc89443d4947c4a8 ae0cca78bd5341408d3b7f8a7c00599f - - default default] 10.0.0.96 "GET /v2.0/routers/17bedfb4-544c-4aee-ac69-ff641fc09c75/tags HTTP/1.1" status: 200 len: 230 time: 0.0559497
2026-05-18 01:54:51.667 9 INFO neutron.wsgi [None req-5ab12eae-4cf2-47f5-bb70-6c00cc9d2cd8 b1a31aac11e54589bc89443d4947c4a8 ae0cca78bd5341408d3b7f8a7c00599f - - default default] 10.0.0.96 "GET /v2.0/routers/17bedfb4-544c-4aee-ac69-ff641fc09c75/tags/red HTTP/1.1" status: 204 len: 168 time: 0.0498657
2026-05-18 01:54:51.695 10 INFO neutron.db.ovn_revision_numbers_db [None req-8899b11b-9e57-4941-b6c8-6934c48ff11b 41d9bb7029c24149a834a9ac704bd1c3 fa2744ae180048a49b071a16967b6b3e - - - -] Successfully bumped revision number for resource 4e0c3626-78ed-4bf1-80c3-cd5cbc62d0bc (type: floatingips) to 0
2026-05-18 01:54:51.715 10 INFO neutron.wsgi [None req-8899b11b-9e57-4941-b6c8-6934c48ff11b 41d9bb7029c24149a834a9ac704bd1c3 fa2744ae180048a49b071a16967b6b3e - - - -] 10.0.0.96 "POST /v2.0/floatingips HTTP/1.1" status: 201 len: 751 time: 1.1008646
2026-05-18 01:54:51.813 10 INFO neutron.wsgi [None req-772d6692-af01-40c5-9e00-f7629dc0e46f 41d9bb7029c24149a834a9ac704bd1c3 fa2744ae180048a49b071a16967b6b3e - - - -] 10.0.0.96 "PUT /v2.0/floatingips/4e0c3626-78ed-4bf1-80c3-cd5cbc62d0bc/tags HTTP/1.1" status: 200 len: 218 time: 0.0877380
2026-05-18 01:54:51.860 10 INFO neutron.wsgi [None req-c5f8ca32-7db8-431c-9578-076c545a2a6e 41d9bb7029c24149a834a9ac704bd1c3 fa2744ae180048a49b071a16967b6b3e - - default default] 10.0.0.96 "GET /v2.0/floatingips/4e0c3626-78ed-4bf1-80c3-cd5cbc62d0bc/tags HTTP/1.1" status: 200 len: 218 time: 0.0411470
2026-05-18 01:54:52.009 9 INFO neutron.api.v2.resource [None req-066d2c8e-3e5a-41e1-9d09-502a961af358 b1a31aac11e54589bc89443d4947c4a8 ae0cca78bd5341408d3b7f8a7c00599f - - default default] show failed (client error): The resource could not be found.
2026-05-18 01:54:52.010 9 INFO neutron.wsgi [None req-066d2c8e-3e5a-41e1-9d09-502a961af358 b1a31aac11e54589bc89443d4947c4a8 ae0cca78bd5341408d3b7f8a7c00599f - - default default] 10.0.0.96 "GET /v2.0/routers/17bedfb4-544c-4aee-ac69-ff641fc09c75/tags/green HTTP/1.1" status: 404 len: 299 time: 0.3367603
2026-05-18 01:54:52.073 9 INFO neutron.wsgi [None req-ecec3273-0da1-4659-b6c3-b660128e881a b1a31aac11e54589bc89443d4947c4a8 ae0cca78bd5341408d3b7f8a7c00599f - - - -] 10.0.0.96 "DELETE /v2.0/routers/17bedfb4-544c-4aee-ac69-ff641fc09c75/tags/red HTTP/1.1" status: 204 len: 168 time: 0.0577543
2026-05-18 01:54:52.129 9 INFO neutron.wsgi [None req-52b11a57-c269-4c32-b407-0a3e3fd6cd2d b1a31aac11e54589bc89443d4947c4a8 ae0cca78bd5341408d3b7f8a7c00599f - - default default] 10.0.0.96 "GET /v2.0/routers/17bedfb4-544c-4aee-ac69-ff641fc09c75/tags HTTP/1.1" status: 200 len: 223 time: 0.0514548
2026-05-18 01:54:52.178 10 INFO neutron.wsgi [None req-55c86202-0210-4910-8955-c73450e343fc 41d9bb7029c24149a834a9ac704bd1c3 fa2744ae180048a49b071a16967b6b3e - - - -] 10.0.0.96 "PUT /v2.0/floatingips/4e0c3626-78ed-4bf1-80c3-cd5cbc62d0bc/tags/green HTTP/1.1" status: 201 len: 201 time: 0.3105319
2026-05-18 01:54:52.215 9 INFO neutron.api.v2.resource [None req-edd226d8-2ca3-447a-8c96-c7427c80b8b1 b1a31aac11e54589bc89443d4947c4a8 ae0cca78bd5341408d3b7f8a7c00599f - - - -] delete failed (client error): The resource could not be found.
2026-05-18 01:54:52.216 9 INFO neutron.wsgi [None req-edd226d8-2ca3-447a-8c96-c7427c80b8b1 b1a31aac11e54589bc89443d4947c4a8 ae0cca78bd5341408d3b7f8a7c00599f - - - -] 10.0.0.96 "DELETE /v2.0/routers/17bedfb4-544c-4aee-ac69-ff641fc09c75/tags/green HTTP/1.1" status: 404 len: 299 time: 0.0812924
2026-05-18 01:54:52.217 10 INFO neutron.db.ovn_revision_numbers_db [None req-40ec4d51-1992-4928-9244-91821da06d55 9e1925bd957749c78a5c3717fe2c257c 0cce209e09f64a82a6369d168e615ee4 - - - -] Successfully bumped revision number for resource b1adf2bd-ed79-4f06-9bd0-6cb0961207fa (type: floatingips) to 0
2026-05-18 01:54:52.242 9 INFO neutron.wsgi [None req-d964fbda-16fb-4a29-b8ab-0c2abfdbaa11 41d9bb7029c24149a834a9ac704bd1c3 fa2744ae180048a49b071a16967b6b3e - - default default] 10.0.0.96 "GET /v2.0/floatingips/4e0c3626-78ed-4bf1-80c3-cd5cbc62d0bc/tags HTTP/1.1" status: 200 len: 227 time: 0.0588946
2026-05-18 01:54:52.279 9 INFO neutron.wsgi [None req-ca4d90b2-d48b-4814-abbf-2a2f216097e1 41d9bb7029c24149a834a9ac704bd1c3 fa2744ae180048a49b071a16967b6b3e - - - -] 10.0.0.96 "PUT /v2.0/floatingips/4e0c3626-78ed-4bf1-80c3-cd5cbc62d0bc/tags/red HTTP/1.1" status: 201 len: 201 time: 0.0301592
2026-05-18 01:54:52.293 10 INFO neutron.wsgi [None req-40ec4d51-1992-4928-9244-91821da06d55 9e1925bd957749c78a5c3717fe2c257c 0cce209e09f64a82a6369d168e615ee4 - - - -] 10.0.0.96 "POST /v2.0/floatingips HTTP/1.1" status: 201 len: 751 time: 1.2102442
2026-05-18 01:54:52.295 10 INFO neutron.db.ovn_revision_numbers_db [None req-5e4b5018-be22-4da8-8255-e9c293af4428 1658fc3778c6404e887d7ebf38d7cc87 37e90b86007c4c1787a7c36f5d9777a6 - - - -] Successfully bumped revision number for resource 76bfe381-df45-4bf3-b990-71911eea615f (type: security_groups) to 1
2026-05-18 01:54:52.312 9 INFO neutron.wsgi [None req-99a10b51-5729-46c4-bb01-b3fdd8da2a26 41d9bb7029c24149a834a9ac704bd1c3 fa2744ae180048a49b071a16967b6b3e - - default default] 10.0.0.96 "GET /v2.0/floatingips/4e0c3626-78ed-4bf1-80c3-cd5cbc62d0bc/tags HTTP/1.1" status: 200 len: 227 time: 0.0277166
2026-05-18 01:54:52.356 10 INFO neutron.wsgi [None req-5e4b5018-be22-4da8-8255-e9c293af4428 1658fc3778c6404e887d7ebf38d7cc87 37e90b86007c4c1787a7c36f5d9777a6 - - - -] 10.0.0.96 "POST /v2.0/security-groups HTTP/1.1" status: 201 len: 1809 time: 0.5383966
2026-05-18 01:54:52.359 10 INFO neutron.wsgi [None req-a7c74e67-45b3-4397-99e0-4258561b4771 b1a31aac11e54589bc89443d4947c4a8 ae0cca78bd5341408d3b7f8a7c00599f - - - -] 10.0.0.96 "DELETE /v2.0/routers/17bedfb4-544c-4aee-ac69-ff641fc09c75/tags HTTP/1.1" status: 204 len: 168 time: 0.1361222
2026-05-18 01:54:52.361 9 INFO neutron.wsgi [None req-b6c634e9-1ed5-4a4d-8a1d-4e28b61a4952 41d9bb7029c24149a834a9ac704bd1c3 fa2744ae180048a49b071a16967b6b3e - - - -] 10.0.0.96 "PUT /v2.0/floatingips/4e0c3626-78ed-4bf1-80c3-cd5cbc62d0bc/tags/black.or.white HTTP/1.1" status: 201 len: 201 time: 0.0435023
2026-05-18 01:54:52.395 9 INFO neutron.wsgi [None req-796e0446-7a2e-41d6-be43-cc48375ab68d 41d9bb7029c24149a834a9ac704bd1c3 fa2744ae180048a49b071a16967b6b3e - - default default] 10.0.0.96 "GET /v2.0/floatingips/4e0c3626-78ed-4bf1-80c3-cd5cbc62d0bc/tags HTTP/1.1" status: 200 len: 245 time: 0.0294311
2026-05-18 01:54:52.433 10 INFO neutron.wsgi [None req-cfffb31c-c1ef-4ca0-8312-a82f41030b25 b1a31aac11e54589bc89443d4947c4a8 ae0cca78bd5341408d3b7f8a7c00599f - - default default] 10.0.0.96 "GET /v2.0/routers/17bedfb4-544c-4aee-ac69-ff641fc09c75/tags HTTP/1.1" status: 200 len: 205 time: 0.0630970
2026-05-18 01:54:52.441 9 INFO neutron.wsgi [None req-0fefb97f-a6b3-4222-9312-6dba82c7a7e5 41d9bb7029c24149a834a9ac704bd1c3 fa2744ae180048a49b071a16967b6b3e - - - -] 10.0.0.96 "PUT /v2.0/floatingips/4e0c3626-78ed-4bf1-80c3-cd5cbc62d0bc/tags HTTP/1.1" status: 200 len: 230 time: 0.0401468
2026-05-18 01:54:52.491 9 INFO neutron.wsgi [None req-6c563f02-7102-4945-a210-5577449f978b 41d9bb7029c24149a834a9ac704bd1c3 fa2744ae180048a49b071a16967b6b3e - - default default] 10.0.0.96 "GET /v2.0/floatingips/4e0c3626-78ed-4bf1-80c3-cd5cbc62d0bc/tags HTTP/1.1" status: 200 len: 230 time: 0.0448601
2026-05-18 01:54:52.514 9 INFO neutron.wsgi [None req-d4f2dd8d-d61b-4613-b369-f357bc78b2dc b1a31aac11e54589bc89443d4947c4a8 ae0cca78bd5341408d3b7f8a7c00599f - - default default] 10.0.0.96 "GET /v2.0/routers/17bedfb4-544c-4aee-ac69-ff641fc09c75 HTTP/1.1" status: 200 len: 655 time: 0.0682969
2026-05-18 01:54:52.534 9 INFO neutron.wsgi [None req-cbc3c74d-4c80-4348-9069-f9a01820ad29 41d9bb7029c24149a834a9ac704bd1c3 fa2744ae180048a49b071a16967b6b3e - - default default] 10.0.0.96 "GET /v2.0/floatingips/4e0c3626-78ed-4bf1-80c3-cd5cbc62d0bc/tags/red HTTP/1.1" status: 204 len: 168 time: 0.0317001
2026-05-18 01:54:52.576 9 INFO neutron.api.v2.resource [None req-0bea297a-4871-475f-8e6a-fd4587b15922 41d9bb7029c24149a834a9ac704bd1c3 fa2744ae180048a49b071a16967b6b3e - - default default] show failed (client error): The resource could not be found.
2026-05-18 01:54:52.578 9 INFO neutron.wsgi [None req-0bea297a-4871-475f-8e6a-fd4587b15922 41d9bb7029c24149a834a9ac704bd1c3 fa2744ae180048a49b071a16967b6b3e - - default default] 10.0.0.96 "GET /v2.0/floatingips/4e0c3626-78ed-4bf1-80c3-cd5cbc62d0bc/tags/green HTTP/1.1" status: 404 len: 299 time: 0.0398610
2026-05-18 01:54:52.637 9 INFO neutron.wsgi [None req-df8b0111-591f-43f6-8856-46f72f351c3d 41d9bb7029c24149a834a9ac704bd1c3 fa2744ae180048a49b071a16967b6b3e - - - -] 10.0.0.96 "DELETE /v2.0/floatingips/4e0c3626-78ed-4bf1-80c3-cd5cbc62d0bc/tags/red HTTP/1.1" status: 204 len: 168 time: 0.0541000
2026-05-18 01:54:52.673 9 INFO neutron.wsgi [None req-7754d551-a694-49e1-a7d6-9497e776c10b 41d9bb7029c24149a834a9ac704bd1c3 fa2744ae180048a49b071a16967b6b3e - - default default] 10.0.0.96 "GET /v2.0/floatingips/4e0c3626-78ed-4bf1-80c3-cd5cbc62d0bc/tags HTTP/1.1" status: 200 len: 223 time: 0.0310838
2026-05-18 01:54:52.707 9 INFO neutron.api.v2.resource [None req-17869057-6b55-4331-b98f-d601bfe6e620 41d9bb7029c24149a834a9ac704bd1c3 fa2744ae180048a49b071a16967b6b3e - - - -] delete failed (client error): The resource could not be found.
2026-05-18 01:54:52.708 9 INFO neutron.wsgi [None req-17869057-6b55-4331-b98f-d601bfe6e620 41d9bb7029c24149a834a9ac704bd1c3 fa2744ae180048a49b071a16967b6b3e - - - -] 10.0.0.96 "DELETE /v2.0/floatingips/4e0c3626-78ed-4bf1-80c3-cd5cbc62d0bc/tags/green HTTP/1.1" status: 404 len: 299 time: 0.0295568
2026-05-18 01:54:52.753 10 INFO neutron.db.ovn_revision_numbers_db [None req-cd0ebe1f-d07f-49ed-9c9d-49975d9aa823 1658fc3778c6404e887d7ebf38d7cc87 37e90b86007c4c1787a7c36f5d9777a6 - - - -] Successfully bumped revision number for resource 60afc3fc-7984-48bc-9ba1-4682e2e02d48 (type: security_group_rules) to 0
2026-05-18 01:54:52.847 9 INFO neutron.wsgi [None req-0b0f1b0d-4e8e-41b3-b29b-cff4d1e05ef8 41d9bb7029c24149a834a9ac704bd1c3 fa2744ae180048a49b071a16967b6b3e - - - -] 10.0.0.96 "DELETE /v2.0/floatingips/4e0c3626-78ed-4bf1-80c3-cd5cbc62d0bc/tags HTTP/1.1" status: 204 len: 168 time: 0.1342213
2026-05-18 01:54:52.854 10 INFO neutron.wsgi [None req-cd0ebe1f-d07f-49ed-9c9d-49975d9aa823 1658fc3778c6404e887d7ebf38d7cc87 37e90b86007c4c1787a7c36f5d9777a6 - - - -] 10.0.0.96 "POST /v2.0/security-group-rules HTTP/1.1" status: 201 len: 764 time: 0.4922352
2026-05-18 01:54:52.888 9 INFO neutron.wsgi [None req-61adc9cf-eddc-4bba-9651-d38b8109c152 41d9bb7029c24149a834a9ac704bd1c3 fa2744ae180048a49b071a16967b6b3e - - default default] 10.0.0.96 "GET /v2.0/floatingips/4e0c3626-78ed-4bf1-80c3-cd5cbc62d0bc/tags HTTP/1.1" status: 200 len: 205 time: 0.0360126
2026-05-18 01:54:52.890 10 WARNING neutron.scheduler.dhcp_agent_scheduler [None req-7f699a8e-5473-4c03-9011-8f111f8051df 9e1925bd957749c78a5c3717fe2c257c 0cce209e09f64a82a6369d168e615ee4 - - - -] No more DHCP agents
2026-05-18 01:54:52.894 10 WARNING neutron.api.rpc.agentnotifiers.dhcp_rpc_agent_api [None req-7f699a8e-5473-4c03-9011-8f111f8051df 9e1925bd957749c78a5c3717fe2c257c 0cce209e09f64a82a6369d168e615ee4 - - - -] Unable to schedule network 1789723b-4cd4-4985-abb8-7edd76d122e7: no agents available; will retry on subsequent port and subnet creation events.
2026-05-18 01:54:53.142 9 INFO neutron.db.ovn_revision_numbers_db [None req-4f952498-32a9-491c-899f-0ac386e34406 1658fc3778c6404e887d7ebf38d7cc87 37e90b86007c4c1787a7c36f5d9777a6 - - - -] Successfully bumped revision number for resource ee66f7ac-39a7-4aaf-bca5-89f380550340 (type: security_group_rules) to 0
2026-05-18 01:54:53.185 9 INFO neutron.wsgi [None req-4f952498-32a9-491c-899f-0ac386e34406 1658fc3778c6404e887d7ebf38d7cc87 37e90b86007c4c1787a7c36f5d9777a6 - - - -] 10.0.0.96 "POST /v2.0/security-group-rules HTTP/1.1" status: 201 len: 763 time: 0.3248453
2026-05-18 01:54:53.278 9 INFO neutron.wsgi [None req-afbd8096-f3bf-44ba-8307-2e7e0bb9729b 41d9bb7029c24149a834a9ac704bd1c3 fa2744ae180048a49b071a16967b6b3e - - - -] 10.0.0.96 "DELETE /v2.0/floatingips/4e0c3626-78ed-4bf1-80c3-cd5cbc62d0bc HTTP/1.1" status: 204 len: 168 time: 0.3830841
2026-05-18 01:54:53.401 10 INFO neutron.db.ovn_revision_numbers_db [None req-4340c96d-a60e-4792-a4cd-2ba19c44fe12 b1a31aac11e54589bc89443d4947c4a8 ae0cca78bd5341408d3b7f8a7c00599f - - - -] Successfully bumped revision number for resource 17bedfb4-544c-4aee-ac69-ff641fc09c75 (type: routers) to 9
2026-05-18 01:54:53.402 9 INFO neutron.db.ovn_revision_numbers_db [None req-0f4ee91d-8cc9-4e32-9493-cc2d95e85837 1658fc3778c6404e887d7ebf38d7cc87 37e90b86007c4c1787a7c36f5d9777a6 - - - -] Successfully bumped revision number for resource 8409c55e-2bf9-4295-ab47-636fa153a4a1 (type: security_group_rules) to 0
2026-05-18 01:54:53.403 10 INFO neutron.wsgi [None req-4340c96d-a60e-4792-a4cd-2ba19c44fe12 b1a31aac11e54589bc89443d4947c4a8 ae0cca78bd5341408d3b7f8a7c00599f - - - -] 10.0.0.96 "PUT /v2.0/routers/17bedfb4-544c-4aee-ac69-ff641fc09c75 HTTP/1.1" status: 200 len: 655 time: 0.8833184
2026-05-18 01:54:53.438 10 INFO neutron.wsgi [None req-d5b0ea3e-dc2f-4464-a95e-55e5a8191cd6 b1a31aac11e54589bc89443d4947c4a8 ae0cca78bd5341408d3b7f8a7c00599f - - default default] 10.0.0.96 "GET /v2.0/ports?device_id=17bedfb4-544c-4aee-ac69-ff641fc09c75 HTTP/1.1" status: 200 len: 205 time: 0.0290289
2026-05-18 01:54:53.439 9 INFO neutron.wsgi [None req-0f4ee91d-8cc9-4e32-9493-cc2d95e85837 1658fc3778c6404e887d7ebf38d7cc87 37e90b86007c4c1787a7c36f5d9777a6 - - - -] 10.0.0.96 "POST /v2.0/security-group-rules HTTP/1.1" status: 201 len: 769 time: 0.2433639
2026-05-18 01:54:53.567 9 INFO neutron.db.ovn_revision_numbers_db [None req-fef19e88-7668-49e1-a27f-588cb60f5e65 1658fc3778c6404e887d7ebf38d7cc87 37e90b86007c4c1787a7c36f5d9777a6 - - - -] Successfully bumped revision number for resource 86d89ad6-555e-49c4-8329-c222ff4eaade (type: security_group_rules) to 0
2026-05-18 01:54:53.594 9 INFO neutron.wsgi [None req-fef19e88-7668-49e1-a27f-588cb60f5e65 1658fc3778c6404e887d7ebf38d7cc87 37e90b86007c4c1787a7c36f5d9777a6 - - - -] 10.0.0.96 "POST /v2.0/security-group-rules HTTP/1.1" status: 201 len: 768 time: 0.1503024
2026-05-18 01:54:53.627 9 INFO neutron.db.securitygroups_db [None req-61b37242-de65-4a12-8124-32d3e85e1360 1658fc3778c6404e887d7ebf38d7cc87 37e90b86007c4c1787a7c36f5d9777a6 - - - -] Project 37e90b86007c4c1787a7c36f5d9777a6 added a security group rule with legacy IPv6 ICMP protocol name icmp, ipv6-icmp should be used instead. It was automatically converted.
2026-05-18 01:54:53.719 10 INFO neutron.db.ovn_revision_numbers_db [None req-7f699a8e-5473-4c03-9011-8f111f8051df 9e1925bd957749c78a5c3717fe2c257c 0cce209e09f64a82a6369d168e615ee4 - - - -] Successfully bumped revision number for resource a43914c8-45d2-488e-8e30-1abd61ceaf02 (type: floatingips) to 0
2026-05-18 01:54:53.725 9 INFO neutron.db.ovn_revision_numbers_db [None req-61b37242-de65-4a12-8124-32d3e85e1360 1658fc3778c6404e887d7ebf38d7cc87 37e90b86007c4c1787a7c36f5d9777a6 - - - -] Successfully bumped revision number for resource d2ead08f-0809-4add-bb18-30733f36c905 (type: security_group_rules) to 0
2026-05-18 01:54:53.737 10 INFO neutron.wsgi [None req-7f699a8e-5473-4c03-9011-8f111f8051df 9e1925bd957749c78a5c3717fe2c257c 0cce209e09f64a82a6369d168e615ee4 - - - -] 10.0.0.96 "POST /v2.0/floatingips HTTP/1.1" status: 201 len: 751 time: 1.4361653
2026-05-18 01:54:53.745 10 INFO neutron.wsgi [None req-f1c7a4ee-109e-4684-bcb9-bdd19e90a94c b1a31aac11e54589bc89443d4947c4a8 ae0cca78bd5341408d3b7f8a7c00599f - - - -] 10.0.0.96 "DELETE /v2.0/routers/17bedfb4-544c-4aee-ac69-ff641fc09c75 HTTP/1.1" status: 204 len: 168 time: 0.3007219
2026-05-18 01:54:53.768 9 INFO neutron.wsgi [None req-61b37242-de65-4a12-8124-32d3e85e1360 1658fc3778c6404e887d7ebf38d7cc87 37e90b86007c4c1787a7c36f5d9777a6 - - - -] 10.0.0.96 "POST /v2.0/security-group-rules HTTP/1.1" status: 201 len: 774 time: 0.1661949
2026-05-18 01:54:53.780 9 INFO neutron.wsgi [None req-ad0ab4f9-4521-4c1e-8070-73811686340d 9e1925bd957749c78a5c3717fe2c257c 0cce209e09f64a82a6369d168e615ee4 - - - -] 10.0.0.96 "PUT /v2.0/floatingips/64d3e54f-7a3e-4514-9bfa-8c0882c01327/tags HTTP/1.1" status: 200 len: 210 time: 0.0374961
2026-05-18 01:54:53.803 10 INFO neutron.db.securitygroups_db [None req-9e7f4644-0040-454e-b2ad-01728d1da9b2 1658fc3778c6404e887d7ebf38d7cc87 37e90b86007c4c1787a7c36f5d9777a6 - - - -] Project 37e90b86007c4c1787a7c36f5d9777a6 added a security group rule with legacy IPv6 ICMP protocol name icmp, ipv6-icmp should be used instead. It was automatically converted.
2026-05-18 01:54:53.838 9 INFO neutron.wsgi [None req-04b0cfc3-0712-404c-8ed4-27a6dcb7dc83 9e1925bd957749c78a5c3717fe2c257c 0cce209e09f64a82a6369d168e615ee4 - - - -] 10.0.0.96 "PUT /v2.0/floatingips/c039b5fb-937e-4e82-97e6-57f3dc645dea/tags HTTP/1.1" status: 200 len: 218 time: 0.0535843
2026-05-18 01:54:53.890 9 INFO neutron.wsgi [None req-f9965b27-0ccf-42c0-b0dc-c75e44b61901 9e1925bd957749c78a5c3717fe2c257c 0cce209e09f64a82a6369d168e615ee4 - - - -] 10.0.0.96 "PUT /v2.0/floatingips/c2039141-3761-4801-a691-cdca11dd5295/tags HTTP/1.1" status: 200 len: 227 time: 0.0472302
2026-05-18 01:54:53.908 10 INFO neutron.db.ovn_revision_numbers_db [None req-9e7f4644-0040-454e-b2ad-01728d1da9b2 1658fc3778c6404e887d7ebf38d7cc87 37e90b86007c4c1787a7c36f5d9777a6 - - - -] Successfully bumped revision number for resource 6f8f27dc-0510-4ee5-bf52-ed5fb29cd993 (type: security_group_rules) to 0
2026-05-18 01:54:53.937 10 INFO neutron.wsgi [None req-9e7f4644-0040-454e-b2ad-01728d1da9b2 1658fc3778c6404e887d7ebf38d7cc87 37e90b86007c4c1787a7c36f5d9777a6 - - - -] 10.0.0.96 "POST /v2.0/security-group-rules HTTP/1.1" status: 201 len: 773 time: 0.1618016
2026-05-18 01:54:53.942 9 INFO neutron.wsgi [None req-49358d0b-3b6f-4a06-ac44-f9e252be8254 9e1925bd957749c78a5c3717fe2c257c 0cce209e09f64a82a6369d168e615ee4 - - - -] 10.0.0.96 "PUT /v2.0/floatingips/b1adf2bd-ed79-4f06-9bd0-6cb0961207fa/tags HTTP/1.1" status: 200 len: 212 time: 0.0460699
2026-05-18 01:54:54.009 10 INFO neutron.wsgi [None req-5283390e-c80e-40fb-a339-1043a3ee7452 9e1925bd957749c78a5c3717fe2c257c 0cce209e09f64a82a6369d168e615ee4 - - default default] 10.0.0.96 "GET /v2.0/floatingips?tags=red HTTP/1.1" status: 200 len: 1866 time: 0.0593507
2026-05-18 01:54:54.060 10 INFO neutron.wsgi [None req-4f34c150-7218-4a76-b7cf-ced8378795f8 9e1925bd957749c78a5c3717fe2c257c 0cce209e09f64a82a6369d168e615ee4 - - default default] 10.0.0.96 "GET /v2.0/floatingips?tags=red%2Cblue HTTP/1.1" status: 200 len: 1323 time: 0.0459797
2026-05-18 01:54:54.105 10 INFO neutron.wsgi [None req-36116ce8-41f2-4c5e-8d57-09128e1279c0 9e1925bd957749c78a5c3717fe2c257c 0cce209e09f64a82a6369d168e615ee4 - - default default] 10.0.0.96 "GET /v2.0/floatingips?tags-any=blue HTTP/1.1" status: 200 len: 1323 time: 0.0414672
2026-05-18 01:54:54.156 10 INFO neutron.wsgi [None req-f8e7e2bb-0cb5-49db-8afd-4ccf7bca1ca4 9e1925bd957749c78a5c3717fe2c257c 0cce209e09f64a82a6369d168e615ee4 - - default default] 10.0.0.96 "GET /v2.0/floatingips?tags-any=red%2Cblue HTTP/1.1" status: 200 len: 1866 time: 0.0467167
2026-05-18 01:54:54.203 10 INFO neutron.wsgi [None req-709f53bb-c2c6-435d-9e6e-d209809cb230 9e1925bd957749c78a5c3717fe2c257c 0cce209e09f64a82a6369d168e615ee4 - - default default] 10.0.0.96 "GET /v2.0/floatingips?not-tags=red HTTP/1.1" status: 200 len: 1295 time: 0.0441151
2026-05-18 01:54:54.252 10 INFO neutron.wsgi [None req-a4f375c9-3121-4147-aeff-b3175505cf10 9e1925bd957749c78a5c3717fe2c257c 0cce209e09f64a82a6369d168e615ee4 - - default default] 10.0.0.96 "GET /v2.0/floatingips?not-tags=red%2Cblue HTTP/1.1" status: 200 len: 1838 time: 0.0439122
