2026-05-18 01:53:39.864 10 INFO neutron.services.segments.plugin [-] Segment 0c0269da-d036-4198-9dae-c0f9011fc398 resource provider not found; error: Placement Client Error (4xx): {"errors": [{"status": 404, "title": "Not Found", "detail": "The resource could not be found.\n\n No resource provider with uuid 0c0269da-d036-4198-9dae-c0f9011fc398 found for delete ", "request_id": "req-d1c9a416-b166-4dcd-bce1-757c88d3e183"}]}
2026-05-18 01:53:39.886 10 INFO neutron.services.segments.plugin [-] Segment 0c0269da-d036-4198-9dae-c0f9011fc398 resource provider not found; error: Placement Client Error (4xx): {"errors": [{"status": 404, "title": "Not Found", "detail": "The resource could not be found.\n\n No resource provider with uuid 0c0269da-d036-4198-9dae-c0f9011fc398 found for delete ", "request_id": "req-f6575aeb-5531-4ae7-a8bc-a8423bcabdba"}]}
2026-05-18 01:53:39.892 10 INFO neutron.services.segments.plugin [-] Segment ed748339-4714-4986-add5-581d052e3507 resource provider aggregate not found
2026-05-18 01:53:39.914 10 INFO neutron.services.segments.plugin [-] Segment ed748339-4714-4986-add5-581d052e3507 resource provider aggregate not found
2026-05-18 01:53:39.918 10 INFO neutron.services.segments.plugin [-] Segment ed748339-4714-4986-add5-581d052e3507 resource provider not found; error: Placement Client Error (4xx): {"errors": [{"status": 404, "title": "Not Found", "detail": "The resource could not be found.\n\n No resource provider with uuid ed748339-4714-4986-add5-581d052e3507 found for delete ", "request_id": "req-bf7782e8-a2aa-4b60-90c7-6caf7b751d27"}]}
2026-05-18 01:53:39.931 10 INFO neutron.wsgi [None req-9efc9a06-9329-4e76-97da-daffe733a10e 461baacc8ed0415f8ebb8e82ea8900b6 286ff893f42a4ad9bbff4082e6efc6f1 - - default default] 10.0.0.96 "GET /v2.0/ports HTTP/1.1" status: 200 len: 1732 time: 0.1142581
2026-05-18 01:53:39.933 10 INFO neutron.services.segments.plugin [-] Segment ed748339-4714-4986-add5-581d052e3507 resource provider not found; error: Placement Client Error (4xx): {"errors": [{"status": 404, "title": "Not Found", "detail": "The resource could not be found.\n\n No resource provider with uuid ed748339-4714-4986-add5-581d052e3507 found for delete ", "request_id": "req-1ce73594-caad-4645-b951-fafe39496928"}]}
2026-05-18 01:53:39.982 10 INFO neutron.wsgi [None req-a8b5a4af-07a5-4e17-b6d2-f5764d4fdc75 461baacc8ed0415f8ebb8e82ea8900b6 286ff893f42a4ad9bbff4082e6efc6f1 - - default default] 10.0.0.96 "GET /v2.0/ports/9630e128-d439-4613-bce9-866e0ec104be HTTP/1.1" status: 200 len: 972 time: 0.0458143
2026-05-18 01:53:40.000 10 INFO neutron.pecan_wsgi.hooks.translation [None req-82a6f12a-5e1c-423d-8bfb-e2a4b121342d 461baacc8ed0415f8ebb8e82ea8900b6 286ff893f42a4ad9bbff4082e6efc6f1 - - - -] DELETE failed (client error): The resource could not be found.
2026-05-18 01:53:40.003 10 INFO neutron.wsgi [None req-82a6f12a-5e1c-423d-8bfb-e2a4b121342d 461baacc8ed0415f8ebb8e82ea8900b6 286ff893f42a4ad9bbff4082e6efc6f1 - - - -] 10.0.0.96 "DELETE /v2.0/ports/a35ec5e0-f59a-46c3-9234-53207ee1f046 HTTP/1.1" status: 404 len: 333 time: 0.0167818
2026-05-18 01:53:40.025 10 INFO neutron.pecan_wsgi.hooks.translation [None req-274d60d4-cdf1-4c18-b3e8-5608fc314c5e 461baacc8ed0415f8ebb8e82ea8900b6 286ff893f42a4ad9bbff4082e6efc6f1 - - - -] DELETE failed (client error): The resource could not be found.
2026-05-18 01:53:40.027 10 INFO neutron.wsgi [None req-274d60d4-cdf1-4c18-b3e8-5608fc314c5e 461baacc8ed0415f8ebb8e82ea8900b6 286ff893f42a4ad9bbff4082e6efc6f1 - - - -] 10.0.0.96 "DELETE /v2.0/subnets/31d64ab9-28a6-4136-a271-d54b6b174225 HTTP/1.1" status: 404 len: 337 time: 0.0204930
2026-05-18 01:53:40.050 10 INFO neutron.pecan_wsgi.hooks.translation [None req-943cf7e7-b333-44df-b92a-c7cdcf8b0999 461baacc8ed0415f8ebb8e82ea8900b6 286ff893f42a4ad9bbff4082e6efc6f1 - - - -] DELETE failed (client error): The resource could not be found.
2026-05-18 01:53:40.053 10 INFO neutron.wsgi [None req-943cf7e7-b333-44df-b92a-c7cdcf8b0999 461baacc8ed0415f8ebb8e82ea8900b6 286ff893f42a4ad9bbff4082e6efc6f1 - - - -] 10.0.0.96 "DELETE /v2.0/subnets/cfd57c8c-e13a-4f93-b77a-a7c54d1658f8 HTTP/1.1" status: 404 len: 337 time: 0.0202379
2026-05-18 01:53:40.155 9 INFO neutron.wsgi [None req-78103767-9ed9-4183-b0ac-846c9dbc8a3b 799bc0255c2e42d8931f71c82b89f8e0 ce68f299a11a40088cbbea6f8bfc6269 - - - -] 10.0.0.96 "DELETE /v2.0/networks/4ebb6d42-ddbf-4fe5-b494-18a8df3f3ae3 HTTP/1.1" status: 204 len: 168 time: 0.8063774
2026-05-18 01:53:40.320 9 INFO neutron.db.ovn_revision_numbers_db [None req-fe9c9cc5-ee19-4692-8da2-4aaeeebee95d 44522fad636f43ab99d29d40ea3795cb ac1326d5a9bb4d9a8cfb01a704844ef7 - - default default] Successfully bumped revision number for resource 57f68f8d-5f38-48dc-9ce0-bca059a575b0 (type: ports) to 2
2026-05-18 01:53:40.378 10 INFO neutron.wsgi [None req-4f5e0c92-fa8b-4ffe-830e-79a1fcc20f2e 461baacc8ed0415f8ebb8e82ea8900b6 286ff893f42a4ad9bbff4082e6efc6f1 - - - -] 10.0.0.96 "DELETE /v2.0/ports/9630e128-d439-4613-bce9-866e0ec104be HTTP/1.1" status: 204 len: 168 time: 0.3201597
2026-05-18 01:53:40.473 9 INFO neutron.db.ovn_revision_numbers_db [None req-112924e3-7ee5-4fb4-9c83-2b3b44b912a4 - - - - - -] Successfully bumped revision number for resource 57f68f8d-5f38-48dc-9ce0-bca059a575b0 (type: ports) to 3
2026-05-18 01:53:40.595 9 INFO neutron.services.segments.plugin [-] Segment 10f54c2c-56bb-4949-87d3-3eb68db66177 resource provider aggregate not found
2026-05-18 01:53:40.601 9 INFO neutron.services.segments.plugin [-] Segment 10f54c2c-56bb-4949-87d3-3eb68db66177 resource provider aggregate not found
2026-05-18 01:53:40.615 9 INFO neutron.services.segments.plugin [-] Segment 10f54c2c-56bb-4949-87d3-3eb68db66177 resource provider not found; error: Placement Client Error (4xx): {"errors": [{"status": 404, "title": "Not Found", "detail": "The resource could not be found.\n\n No resource provider with uuid 10f54c2c-56bb-4949-87d3-3eb68db66177 found for delete ", "request_id": "req-4d4601b8-1359-4f67-af47-49ce2d9f2c5f"}]}
2026-05-18 01:53:40.626 9 INFO neutron.services.segments.plugin [-] Segment 10f54c2c-56bb-4949-87d3-3eb68db66177 resource provider not found; error: Placement Client Error (4xx): {"errors": [{"status": 404, "title": "Not Found", "detail": "The resource could not be found.\n\n No resource provider with uuid 10f54c2c-56bb-4949-87d3-3eb68db66177 found for delete ", "request_id": "req-4d52600c-54bf-4594-aeec-d02a14df9199"}]}
2026-05-18 01:53:40.632 9 INFO neutron.db.ovn_revision_numbers_db [None req-112924e3-7ee5-4fb4-9c83-2b3b44b912a4 - - - - - -] Successfully bumped revision number for resource 57f68f8d-5f38-48dc-9ce0-bca059a575b0 (type: router_ports) to 3
2026-05-18 01:53:40.730 10 INFO neutron.wsgi [None req-66d5ab89-b4f0-437a-8eb9-da28a8bc4401 799bc0255c2e42d8931f71c82b89f8e0 ce68f299a11a40088cbbea6f8bfc6269 - - - -] 10.0.0.96 "DELETE /v2.0/networks/55264431-4517-4140-be58-23106f95750e HTTP/1.1" status: 204 len: 168 time: 0.5698676
2026-05-18 01:53:40.879 10 INFO neutron.wsgi [None req-19cbca0c-9d99-42bd-8f41-1a171eca714c 461baacc8ed0415f8ebb8e82ea8900b6 286ff893f42a4ad9bbff4082e6efc6f1 - - - -] 10.0.0.96 "DELETE /v2.0/networks/ffe9bacd-cdfe-47fd-afd3-a737a7ed290c HTTP/1.1" status: 204 len: 168 time: 0.4826155
2026-05-18 01:53:41.033 9 INFO neutron.db.ovn_revision_numbers_db [None req-fe9c9cc5-ee19-4692-8da2-4aaeeebee95d 44522fad636f43ab99d29d40ea3795cb ac1326d5a9bb4d9a8cfb01a704844ef7 - - default default] Successfully bumped revision number for resource 57f68f8d-5f38-48dc-9ce0-bca059a575b0 (type: ports) to 4
2026-05-18 01:53:41.095 9 WARNING neutron.scheduler.dhcp_agent_scheduler [None req-fe9c9cc5-ee19-4692-8da2-4aaeeebee95d 44522fad636f43ab99d29d40ea3795cb ac1326d5a9bb4d9a8cfb01a704844ef7 - - default default] No more DHCP agents
2026-05-18 01:53:41.096 9 WARNING neutron.api.rpc.agentnotifiers.dhcp_rpc_agent_api [None req-fe9c9cc5-ee19-4692-8da2-4aaeeebee95d 44522fad636f43ab99d29d40ea3795cb ac1326d5a9bb4d9a8cfb01a704844ef7 - - default default] Unable to schedule network 5e92e9c6-9266-4ee2-99ab-376b8950f7c5: no agents available; will retry on subsequent port and subnet creation events.
2026-05-18 01:53:41.302 9 INFO neutron.db.ovn_revision_numbers_db [None req-fe9c9cc5-ee19-4692-8da2-4aaeeebee95d 44522fad636f43ab99d29d40ea3795cb ac1326d5a9bb4d9a8cfb01a704844ef7 - - - -] Successfully bumped revision number for resource 57f68f8d-5f38-48dc-9ce0-bca059a575b0 (type: router_ports) to 4
2026-05-18 01:53:41.305 9 INFO neutron.wsgi [None req-fe9c9cc5-ee19-4692-8da2-4aaeeebee95d 44522fad636f43ab99d29d40ea3795cb ac1326d5a9bb4d9a8cfb01a704844ef7 - - - -] 10.0.0.96 "PUT /v2.0/routers/025d557e-7113-48a8-867a-bfdc3d978341/add_router_interface HTTP/1.1" status: 200 len: 503 time: 2.0960336 /var/lib/openstack/lib/python3.10/site-packages/pycadf/identifier.py:71: UserWarning: Invalid uuid: neutron. To ensure interoperability, identifiers should be a valid uuid. warnings.warn(('Invalid uuid: %s. To ensure interoperability, '
2026-05-18 01:53:41.383 10 INFO neutron.wsgi [None req-ef62da56-6f5d-4397-8387-f31b68ed3ae6 2c60b6ccd6fc4973bafcb3b18c51dfbc 541db572d2324afa95616f75acdd5c23 - - default default] 10.0.0.96 "GET /v2.0/security-groups?tenant_id=ce68f299a11a40088cbbea6f8bfc6269&name=default HTTP/1.1" status: 200 len: 2996 time: 0.1590309
2026-05-18 01:53:41.400 9 INFO neutron.wsgi [None req-7ea5f7de-3660-4722-bcc4-d2e13565abb8 44522fad636f43ab99d29d40ea3795cb ac1326d5a9bb4d9a8cfb01a704844ef7 - - default default] 10.0.0.96 "GET /v2.0/ports/57f68f8d-5f38-48dc-9ce0-bca059a575b0 HTTP/1.1" status: 200 len: 1205 time: 0.0778105
2026-05-18 01:53:41.462 10 INFO neutron.wsgi [None req-8d3c2688-f37d-4f7b-8a7e-ed8f8da0af14 2c60b6ccd6fc4973bafcb3b18c51dfbc 541db572d2324afa95616f75acdd5c23 - - default default] 10.0.0.96 "GET /v2.0/security-groups?tenant_id=286ff893f42a4ad9bbff4082e6efc6f1&name=default HTTP/1.1" status: 200 len: 2996 time: 0.0891135
2026-05-18 01:53:41.480 10 INFO neutron.db.ovn_revision_numbers_db [None req-1ec6e673-8f96-4442-9125-6d98357276e0 e0bd54fa7b4641078b426ae254008f2d 2a8f48e1c91f45afb5e853cac0c542bd - - - -] Successfully bumped revision number for resource 4ff5d52e-6d00-43ed-a427-40ee069053df (type: security_groups) to 1
2026-05-18 01:53:41.547 10 INFO neutron.db.segments_db [None req-1ec6e673-8f96-4442-9125-6d98357276e0 e0bd54fa7b4641078b426ae254008f2d 2a8f48e1c91f45afb5e853cac0c542bd - - - -] Added segment 58958177-8fbc-46ec-9a1e-c53790cbc73d of type geneve for network 71bb2c04-5600-4e01-9a1a-6c602382cdf8
2026-05-18 01:53:41.692 10 INFO neutron.wsgi [None req-91248aba-fdb3-4904-8eb1-2b1f396c745f 2c60b6ccd6fc4973bafcb3b18c51dfbc 541db572d2324afa95616f75acdd5c23 - - - -] 10.0.0.96 "DELETE /v2.0/security-groups/76db759b-e279-4866-816f-bfff9da018dd HTTP/1.1" status: 204 len: 168 time: 0.3030465
2026-05-18 01:53:41.694 10 INFO neutron.db.ovn_revision_numbers_db [None req-1ec6e673-8f96-4442-9125-6d98357276e0 e0bd54fa7b4641078b426ae254008f2d 2a8f48e1c91f45afb5e853cac0c542bd - - - -] Successfully bumped revision number for resource 71bb2c04-5600-4e01-9a1a-6c602382cdf8 (type: networks) to 1
2026-05-18 01:53:41.797 10 INFO neutron.wsgi [None req-d934ad13-cc0e-451b-9c01-70d5620ee97c 2c60b6ccd6fc4973bafcb3b18c51dfbc 541db572d2324afa95616f75acdd5c23 - - - -] 10.0.0.96 "DELETE /v2.0/security-groups/1988ab89-dad1-4b23-8ce0-a6033021e354 HTTP/1.1" status: 204 len: 168 time: 0.3230324
2026-05-18 01:53:41.878 10 WARNING neutron.scheduler.dhcp_agent_scheduler [None req-1ec6e673-8f96-4442-9125-6d98357276e0 e0bd54fa7b4641078b426ae254008f2d 2a8f48e1c91f45afb5e853cac0c542bd - - - -] No more DHCP agents
2026-05-18 01:53:41.880 10 WARNING neutron.api.rpc.agentnotifiers.dhcp_rpc_agent_api [None req-1ec6e673-8f96-4442-9125-6d98357276e0 e0bd54fa7b4641078b426ae254008f2d 2a8f48e1c91f45afb5e853cac0c542bd - - - -] Unable to schedule network 71bb2c04-5600-4e01-9a1a-6c602382cdf8: no agents available; will retry on subsequent port and subnet creation events.
2026-05-18 01:53:41.942 10 INFO neutron.services.segments.plugin [-] Segment 74ee6aa7-0033-4dfd-9121-69b6e8a8ccf1 resource provider aggregate not found
2026-05-18 01:53:41.950 10 INFO neutron.db.ovn_revision_numbers_db [None req-1ec6e673-8f96-4442-9125-6d98357276e0 e0bd54fa7b4641078b426ae254008f2d 2a8f48e1c91f45afb5e853cac0c542bd - - - -] Successfully bumped revision number for resource 698a9210-6fd4-431e-9f53-67cb5177367d (type: ports) to 1
2026-05-18 01:53:41.952 10 INFO neutron.services.segments.plugin [-] Segment 74ee6aa7-0033-4dfd-9121-69b6e8a8ccf1 resource provider aggregate not found
2026-05-18 01:53:41.958 10 INFO neutron.services.segments.plugin [-] Segment 74ee6aa7-0033-4dfd-9121-69b6e8a8ccf1 resource provider not found; error: Placement Client Error (4xx): {"errors": [{"status": 404, "title": "Not Found", "detail": "The resource could not be found.\n\n No resource provider with uuid 74ee6aa7-0033-4dfd-9121-69b6e8a8ccf1 found for delete ", "request_id": "req-392714c0-095c-44be-bbd3-d354e67cfac6"}]}
2026-05-18 01:53:41.972 10 INFO neutron.services.segments.plugin [-] Segment 74ee6aa7-0033-4dfd-9121-69b6e8a8ccf1 resource provider not found; error: Placement Client Error (4xx): {"errors": [{"status": 404, "title": "Not Found", "detail": "The resource could not be found.\n\n No resource provider with uuid 74ee6aa7-0033-4dfd-9121-69b6e8a8ccf1 found for delete ", "request_id": "req-2d999307-21d8-4e62-a3f9-a5fb0ff5e8e9"}]}
2026-05-18 01:53:41.978 10 INFO neutron.services.segments.plugin [-] Segment a02b4f08-1b19-40bc-b405-6b6f8fef64f7 resource provider aggregate not found
2026-05-18 01:53:41.989 10 INFO neutron.services.segments.plugin [-] Segment a02b4f08-1b19-40bc-b405-6b6f8fef64f7 resource provider aggregate not found
2026-05-18 01:53:41.997 10 INFO neutron.services.segments.plugin [-] Segment a02b4f08-1b19-40bc-b405-6b6f8fef64f7 resource provider not found; error: Placement Client Error (4xx): {"errors": [{"status": 404, "title": "Not Found", "detail": "The resource could not be found.\n\n No resource provider with uuid a02b4f08-1b19-40bc-b405-6b6f8fef64f7 found for delete ", "request_id": "req-7dad2d10-0ab7-472c-8da3-0fc9925ff13d"}]}
2026-05-18 01:53:42.001 10 INFO neutron.wsgi [None req-1ec6e673-8f96-4442-9125-6d98357276e0 e0bd54fa7b4641078b426ae254008f2d 2a8f48e1c91f45afb5e853cac0c542bd - - - -] 10.0.0.96 "POST /v2.0/networks HTTP/1.1" status: 201 len: 832 time: 0.7906213
2026-05-18 01:53:42.003 10 INFO neutron.services.segments.plugin [-] Segment a02b4f08-1b19-40bc-b405-6b6f8fef64f7 resource provider not found; error: Placement Client Error (4xx): {"errors": [{"status": 404, "title": "Not Found", "detail": "The resource could not be found.\n\n No resource provider with uuid a02b4f08-1b19-40bc-b405-6b6f8fef64f7 found for delete ", "request_id": "req-11c9254f-d7e1-4767-b7d2-723260bd2c25"}]}
2026-05-18 01:53:42.116 10 INFO neutron.db.segments_db [None req-159c6e92-b16c-457e-a7b9-31d9d567526f e0bd54fa7b4641078b426ae254008f2d 2a8f48e1c91f45afb5e853cac0c542bd - - - -] Added segment c94751d1-893c-415c-9b84-a989c23b3e55 of type geneve for network 0610f444-8ef4-4e6e-bb55-8253b8c1b3e8
2026-05-18 01:53:42.144 9 INFO neutron.wsgi [None req-3e8b5dae-6f24-43ed-954d-8a537681e6ea 44522fad636f43ab99d29d40ea3795cb ac1326d5a9bb4d9a8cfb01a704844ef7 - - - -] 10.0.0.96 "PUT /v2.0/routers/025d557e-7113-48a8-867a-bfdc3d978341/remove_router_interface HTTP/1.1" status: 200 len: 503 time: 0.7390835 /var/lib/openstack/lib/python3.10/site-packages/pycadf/identifier.py:71: UserWarning: Invalid uuid: neutron. To ensure interoperability, identifiers should be a valid uuid. warnings.warn(('Invalid uuid: %s. To ensure interoperability, '
2026-05-18 01:53:42.215 9 INFO neutron.api.v2.resource [None req-42e03a0b-e4ee-49be-89b4-247ef2e1f567 44522fad636f43ab99d29d40ea3795cb ac1326d5a9bb4d9a8cfb01a704844ef7 - - default default] remove_router_interface failed (client error): The resource could not be found.
2026-05-18 01:53:42.217 9 INFO neutron.wsgi [None req-42e03a0b-e4ee-49be-89b4-247ef2e1f567 44522fad636f43ab99d29d40ea3795cb ac1326d5a9bb4d9a8cfb01a704844ef7 - - default default] 10.0.0.96 "PUT /v2.0/routers/025d557e-7113-48a8-867a-bfdc3d978341/remove_router_interface HTTP/1.1" status: 404 len: 398 time: 0.0653338
2026-05-18 01:53:42.236 10 INFO neutron.wsgi [None req-d68fdc50-3605-4fdb-bd30-80919c323382 2c60b6ccd6fc4973bafcb3b18c51dfbc 541db572d2324afa95616f75acdd5c23 - - default default] 10.0.0.213 "GET /v2.0/floatingips HTTP/1.1" status: 200 len: 193 time: 0.1441379
2026-05-18 01:53:42.244 9 INFO neutron.wsgi [None req-24dc03f9-2451-475c-a799-55e2e4db2a1c 44522fad636f43ab99d29d40ea3795cb ac1326d5a9bb4d9a8cfb01a704844ef7 - - default default] 10.0.0.96 "GET /v2.0/ports?device_id=025d557e-7113-48a8-867a-bfdc3d978341 HTTP/1.1" status: 200 len: 205 time: 0.0222321
2026-05-18 01:53:42.296 10 INFO neutron.db.ovn_revision_numbers_db [None req-159c6e92-b16c-457e-a7b9-31d9d567526f e0bd54fa7b4641078b426ae254008f2d 2a8f48e1c91f45afb5e853cac0c542bd - - - -] Successfully bumped revision number for resource 0610f444-8ef4-4e6e-bb55-8253b8c1b3e8 (type: networks) to 1
2026-05-18 01:53:42.365 10 INFO neutron.wsgi [None req-bfc81fb4-d995-4de2-9c8a-11a965929750 2c60b6ccd6fc4973bafcb3b18c51dfbc 541db572d2324afa95616f75acdd5c23 - - default default] 10.0.0.213 "GET /v2.0/networks HTTP/1.1" status: 200 len: 4508 time: 0.1271520
2026-05-18 01:53:42.489 10 INFO neutron.wsgi [None req-b91a77ce-ddb4-4122-bb8d-7d86169a2b5e 2c60b6ccd6fc4973bafcb3b18c51dfbc 541db572d2324afa95616f75acdd5c23 - - default default] 10.0.0.213 "GET /v2.0/subnets HTTP/1.1" status: 200 len: 2047 time: 0.1095741
2026-05-18 01:53:42.520 10 INFO neutron.wsgi [None req-f78e6fce-e9e2-43df-b4a6-5b1ea9b3b930 2c60b6ccd6fc4973bafcb3b18c51dfbc 541db572d2324afa95616f75acdd5c23 - - default default] 10.0.0.213 "GET /v2.0/agents HTTP/1.1" status: 200 len: 997 time: 0.0295360
2026-05-18 01:53:42.574 10 INFO neutron.wsgi [None req-28052537-5149-415f-805d-f0a0879cdb08 2c60b6ccd6fc4973bafcb3b18c51dfbc 541db572d2324afa95616f75acdd5c23 - - default default] 10.0.0.213 "GET /v2.0/subnets HTTP/1.1" status: 200 len: 2047 time: 0.0517175
2026-05-18 01:53:42.782 9 INFO neutron.wsgi [None req-3b173a61-ca08-4cd7-8688-af9952ea2c7f 44522fad636f43ab99d29d40ea3795cb ac1326d5a9bb4d9a8cfb01a704844ef7 - - - -] 10.0.0.96 "DELETE /v2.0/routers/025d557e-7113-48a8-867a-bfdc3d978341 HTTP/1.1" status: 204 len: 168 time: 0.5327888
2026-05-18 01:53:42.838 10 INFO neutron.wsgi [None req-62c12394-d059-4caf-889b-b3f8dd4a7f55 2c60b6ccd6fc4973bafcb3b18c51dfbc 541db572d2324afa95616f75acdd5c23 - - default default] 10.0.0.213 "GET /v2.0/subnetpools HTTP/1.1" status: 200 len: 193 time: 0.2604709
2026-05-18 01:53:42.839 10 WARNING neutron.scheduler.dhcp_agent_scheduler [None req-159c6e92-b16c-457e-a7b9-31d9d567526f e0bd54fa7b4641078b426ae254008f2d 2a8f48e1c91f45afb5e853cac0c542bd - - - -] No more DHCP agents
2026-05-18 01:53:42.846 10 WARNING neutron.api.rpc.agentnotifiers.dhcp_rpc_agent_api [None req-159c6e92-b16c-457e-a7b9-31d9d567526f e0bd54fa7b4641078b426ae254008f2d 2a8f48e1c91f45afb5e853cac0c542bd - - - -] Unable to schedule network 0610f444-8ef4-4e6e-bb55-8253b8c1b3e8: no agents available; will retry on subsequent port and subnet creation events.
2026-05-18 01:53:42.878 10 INFO neutron.wsgi [None req-dc70774c-805b-496d-aa0c-09c8e185f5c3 2c60b6ccd6fc4973bafcb3b18c51dfbc 541db572d2324afa95616f75acdd5c23 - - default default] 10.0.0.213 "GET /v2.0/ports HTTP/1.1" status: 200 len: 8058 time: 0.0385268
2026-05-18 01:53:42.917 10 INFO neutron.wsgi [None req-f41e46ab-1c47-4b7c-b5f6-58e3258f2ba6 2c60b6ccd6fc4973bafcb3b18c51dfbc 541db572d2324afa95616f75acdd5c23 - - default default] 10.0.0.213 "GET /v2.0/routers HTTP/1.1" status: 200 len: 189 time: 0.0223024
2026-05-18 01:53:42.936 10 INFO neutron.wsgi [None req-c4bd2674-b39c-4dbe-8e85-b16ba92985b3 2c60b6ccd6fc4973bafcb3b18c51dfbc 541db572d2324afa95616f75acdd5c23 - - default default] 10.0.0.213 "GET /v2.0/agents?binary=ovn-controller HTTP/1.1" status: 200 len: 591 time: 0.0172029
2026-05-18 01:53:42.937 10 INFO neutron.db.ovn_revision_numbers_db [None req-159c6e92-b16c-457e-a7b9-31d9d567526f e0bd54fa7b4641078b426ae254008f2d 2a8f48e1c91f45afb5e853cac0c542bd - - - -] Successfully bumped revision number for resource 1889eab4-2545-4594-89a0-9cd50c7f8c94 (type: ports) to 1
2026-05-18 01:53:42.966 10 INFO neutron.wsgi [None req-159c6e92-b16c-457e-a7b9-31d9d567526f e0bd54fa7b4641078b426ae254008f2d 2a8f48e1c91f45afb5e853cac0c542bd - - - -] 10.0.0.96 "POST /v2.0/networks HTTP/1.1" status: 201 len: 832 time: 0.9613726
2026-05-18 01:53:43.026 9 INFO neutron.wsgi [None req-b6f53615-9f9f-43ea-a4b2-8cec96e88b21 44522fad636f43ab99d29d40ea3795cb ac1326d5a9bb4d9a8cfb01a704844ef7 - - - -] 10.0.0.96 "DELETE /v2.0/subnets/5f9c70b4-0fc3-4c08-b548-24757f5bba4f HTTP/1.1" status: 204 len: 168 time: 0.2388215
2026-05-18 01:53:43.029 10 INFO neutron.wsgi [None req-3e4f248b-ec6f-44f3-922f-a0adbb268f0a 2c60b6ccd6fc4973bafcb3b18c51dfbc 541db572d2324afa95616f75acdd5c23 - - default default] 10.0.0.213 "GET /v2.0/security-groups HTTP/1.1" status: 200 len: 22363 time: 0.0929241
2026-05-18 01:53:43.056 10 INFO neutron.wsgi [None req-e2448453-e787-411f-9daf-544e1a7abd51 2c60b6ccd6fc4973bafcb3b18c51dfbc 541db572d2324afa95616f75acdd5c23 - - default default] 10.0.0.213 "GET /v2.0/network-ip-availabilities HTTP/1.1" status: 200 len: 2084 time: 0.0146260
2026-05-18 01:53:43.307 9 WARNING neutron.scheduler.dhcp_agent_scheduler [None req-aa1bfbf2-42b8-4174-b3e7-4b568c474d45 e0bd54fa7b4641078b426ae254008f2d 2a8f48e1c91f45afb5e853cac0c542bd - - - -] No more DHCP agents
2026-05-18 01:53:43.309 9 WARNING neutron.api.rpc.agentnotifiers.dhcp_rpc_agent_api [None req-aa1bfbf2-42b8-4174-b3e7-4b568c474d45 e0bd54fa7b4641078b426ae254008f2d 2a8f48e1c91f45afb5e853cac0c542bd - - - -] Unable to schedule network 71bb2c04-5600-4e01-9a1a-6c602382cdf8: no agents available; will retry on subsequent port and subnet creation events.
2026-05-18 01:53:43.334 9 INFO neutron.db.ovn_revision_numbers_db [None req-aa1bfbf2-42b8-4174-b3e7-4b568c474d45 e0bd54fa7b4641078b426ae254008f2d 2a8f48e1c91f45afb5e853cac0c542bd - - - -] Successfully bumped revision number for resource af3be440-c738-4703-9921-10de1fa585e6 (type: subnets) to 0
2026-05-18 01:53:43.353 9 INFO neutron.wsgi [None req-aa1bfbf2-42b8-4174-b3e7-4b568c474d45 e0bd54fa7b4641078b426ae254008f2d 2a8f48e1c91f45afb5e853cac0c542bd - - - -] 10.0.0.96 "POST /v2.0/subnets HTTP/1.1" status: 201 len: 821 time: 0.3818977
2026-05-18 01:53:43.373 10 INFO neutron.wsgi [-] 10.0.0.96 "GET / HTTP/1.1" status: 200 len: 279 time: 0.0012071
2026-05-18 01:53:43.462 9 INFO neutron.services.segments.plugin [-] Segment 82582a07-615d-47a1-962e-1864f1635b87 resource provider aggregate not found
2026-05-18 01:53:43.467 9 INFO neutron.services.segments.plugin [-] Segment 82582a07-615d-47a1-962e-1864f1635b87 resource provider aggregate not found
2026-05-18 01:53:43.492 9 INFO neutron.services.segments.plugin [-] Segment 82582a07-615d-47a1-962e-1864f1635b87 resource provider not found; error: Placement Client Error (4xx): {"errors": [{"status": 404, "title": "Not Found", "detail": "The resource could not be found.\n\n No resource provider with uuid 82582a07-615d-47a1-962e-1864f1635b87 found for delete ", "request_id": "req-3e66f20b-5959-4555-b155-07fdee00bbdb"}]}
2026-05-18 01:53:43.493 9 INFO neutron.services.segments.plugin [-] Segment 82582a07-615d-47a1-962e-1864f1635b87 resource provider not found; error: Placement Client Error (4xx): {"errors": [{"status": 404, "title": "Not Found", "detail": "The resource could not be found.\n\n No resource provider with uuid 82582a07-615d-47a1-962e-1864f1635b87 found for delete ", "request_id": "req-ecbdcde7-b6a5-4620-a38b-5ecdfa1a57e3"}]}
2026-05-18 01:53:43.503 9 INFO neutron.wsgi [None req-06890f5b-d984-4656-a57e-e4a4147d88cd 44522fad636f43ab99d29d40ea3795cb ac1326d5a9bb4d9a8cfb01a704844ef7 - - - -] 10.0.0.96 "DELETE /v2.0/networks/5e92e9c6-9266-4ee2-99ab-376b8950f7c5 HTTP/1.1" status: 204 len: 168 time: 0.4715555
2026-05-18 01:53:43.524 10 INFO neutron.wsgi [None req-71c4047a-7be8-4e46-8a5c-af458d27e471 80995eb54dbf40dfb09c9ad325b104e4 8040e4039afc45fd9009ddcb7460519f - - default default] 10.0.0.96 "GET /v2.0/ HTTP/1.1" status: 200 len: 826 time: 0.1433444
2026-05-18 01:53:43.598 9 INFO neutron.db.segments_db [None req-12dcf942-1c82-42b7-9c01-06c3c8dc39d5 44522fad636f43ab99d29d40ea3795cb ac1326d5a9bb4d9a8cfb01a704844ef7 - - - -] Added segment 9a100ec0-bf7f-4566-ae70-87c236c0fab5 of type geneve for network 93eaa45b-ce03-4d21-8f5a-1ade60631121
2026-05-18 01:53:43.670 10 WARNING neutron.scheduler.dhcp_agent_scheduler [None req-90d83def-3994-4524-b0c9-10c2a1284b28 e0bd54fa7b4641078b426ae254008f2d 2a8f48e1c91f45afb5e853cac0c542bd - - - -] No more DHCP agents
2026-05-18 01:53:43.676 10 WARNING neutron.api.rpc.agentnotifiers.dhcp_rpc_agent_api [None req-90d83def-3994-4524-b0c9-10c2a1284b28 e0bd54fa7b4641078b426ae254008f2d 2a8f48e1c91f45afb5e853cac0c542bd - - - -] Unable to schedule network 0610f444-8ef4-4e6e-bb55-8253b8c1b3e8: no agents available; will retry on subsequent port and subnet creation events.
2026-05-18 01:53:43.695 10 INFO neutron.db.ovn_revision_numbers_db [None req-90d83def-3994-4524-b0c9-10c2a1284b28 e0bd54fa7b4641078b426ae254008f2d 2a8f48e1c91f45afb5e853cac0c542bd - - - -] Successfully bumped revision number for resource 12c403ad-78d6-42b7-a940-d906818f904c (type: subnets) to 0
2026-05-18 01:53:43.720 10 INFO neutron.wsgi [None req-90d83def-3994-4524-b0c9-10c2a1284b28 e0bd54fa7b4641078b426ae254008f2d 2a8f48e1c91f45afb5e853cac0c542bd - - - -] 10.0.0.96 "POST /v2.0/subnets HTTP/1.1" status: 201 len: 830 time: 0.3598750
2026-05-18 01:53:43.735 9 INFO neutron.db.ovn_revision_numbers_db [None req-12dcf942-1c82-42b7-9c01-06c3c8dc39d5 44522fad636f43ab99d29d40ea3795cb ac1326d5a9bb4d9a8cfb01a704844ef7 - - - -] Successfully bumped revision number for resource 93eaa45b-ce03-4d21-8f5a-1ade60631121 (type: networks) to 1
2026-05-18 01:53:43.839 10 INFO neutron.db.ovn_revision_numbers_db [None req-acfd46f2-2291-4497-9c42-119d62fa6bc9 ac117dc9f87f4387b37f5cbe567e28f8 8e002ee2bc20498b96a28dae861568b6 - - - -] Successfully bumped revision number for resource 23c9ddbd-6ea4-4bae-8f87-a408ea1df32f (type: security_groups) to 1
2026-05-18 01:53:43.930 10 INFO neutron.db.segments_db [None req-acfd46f2-2291-4497-9c42-119d62fa6bc9 ac117dc9f87f4387b37f5cbe567e28f8 8e002ee2bc20498b96a28dae861568b6 - - - -] Added segment 7a101ca2-4770-4d24-84f8-60780ffecdae of type geneve for network abfd0290-b5d1-4857-8b42-865d6af0a497
2026-05-18 01:53:43.946 9 WARNING neutron.scheduler.dhcp_agent_scheduler [None req-12dcf942-1c82-42b7-9c01-06c3c8dc39d5 44522fad636f43ab99d29d40ea3795cb ac1326d5a9bb4d9a8cfb01a704844ef7 - - - -] No more DHCP agents
2026-05-18 01:53:43.946 10 INFO neutron.db.ovn_revision_numbers_db [None req-921a8c11-7220-4898-a98e-2433315c4f96 e0bd54fa7b4641078b426ae254008f2d 2a8f48e1c91f45afb5e853cac0c542bd - - - -] Successfully bumped revision number for resource 0411b5be-0f24-45c8-ac3c-991b9288230a (type: routers) to 1
2026-05-18 01:53:43.949 9 WARNING neutron.api.rpc.agentnotifiers.dhcp_rpc_agent_api [None req-12dcf942-1c82-42b7-9c01-06c3c8dc39d5 44522fad636f43ab99d29d40ea3795cb ac1326d5a9bb4d9a8cfb01a704844ef7 - - - -] Unable to schedule network 93eaa45b-ce03-4d21-8f5a-1ade60631121: no agents available; will retry on subsequent port and subnet creation events.
2026-05-18 01:53:43.969 10 INFO neutron.wsgi [None req-921a8c11-7220-4898-a98e-2433315c4f96 e0bd54fa7b4641078b426ae254008f2d 2a8f48e1c91f45afb5e853cac0c542bd - - - -] 10.0.0.96 "POST /v2.0/routers HTTP/1.1" status: 201 len: 690 time: 0.2423303
2026-05-18 01:53:44.052 10 INFO neutron.db.ovn_revision_numbers_db [None req-acfd46f2-2291-4497-9c42-119d62fa6bc9 ac117dc9f87f4387b37f5cbe567e28f8 8e002ee2bc20498b96a28dae861568b6 - - - -] Successfully bumped revision number for resource abfd0290-b5d1-4857-8b42-865d6af0a497 (type: networks) to 1
2026-05-18 01:53:44.071 9 INFO neutron.db.ovn_revision_numbers_db [None req-12dcf942-1c82-42b7-9c01-06c3c8dc39d5 44522fad636f43ab99d29d40ea3795cb ac1326d5a9bb4d9a8cfb01a704844ef7 - - - -] Successfully bumped revision number for resource 0bda896d-d718-4a13-a534-e0e4673ad30e (type: ports) to 1
2026-05-18 01:53:44.111 9 INFO neutron.wsgi [None req-12dcf942-1c82-42b7-9c01-06c3c8dc39d5 44522fad636f43ab99d29d40ea3795cb ac1326d5a9bb4d9a8cfb01a704844ef7 - - - -] 10.0.0.96 "POST /v2.0/networks HTTP/1.1" status: 201 len: 828 time: 0.6024513
2026-05-18 01:53:44.245 10 WARNING neutron.scheduler.dhcp_agent_scheduler [None req-acfd46f2-2291-4497-9c42-119d62fa6bc9 ac117dc9f87f4387b37f5cbe567e28f8 8e002ee2bc20498b96a28dae861568b6 - - - -] No more DHCP agents
2026-05-18 01:53:44.247 10 WARNING neutron.api.rpc.agentnotifiers.dhcp_rpc_agent_api [None req-acfd46f2-2291-4497-9c42-119d62fa6bc9 ac117dc9f87f4387b37f5cbe567e28f8 8e002ee2bc20498b96a28dae861568b6 - - - -] Unable to schedule network abfd0290-b5d1-4857-8b42-865d6af0a497: no agents available; will retry on subsequent port and subnet creation events.
2026-05-18 01:53:44.312 10 INFO neutron.db.ovn_revision_numbers_db [None req-acfd46f2-2291-4497-9c42-119d62fa6bc9 ac117dc9f87f4387b37f5cbe567e28f8 8e002ee2bc20498b96a28dae861568b6 - - - -] Successfully bumped revision number for resource 66d06cda-3430-43e3-a192-2162c72060af (type: ports) to 1
2026-05-18 01:53:44.331 10 INFO neutron.wsgi [None req-acfd46f2-2291-4497-9c42-119d62fa6bc9 ac117dc9f87f4387b37f5cbe567e28f8 8e002ee2bc20498b96a28dae861568b6 - - - -] 10.0.0.96 "POST /v2.0/networks HTTP/1.1" status: 201 len: 844 time: 0.7226207
2026-05-18 01:53:44.386 9 INFO neutron.db.ovn_revision_numbers_db [None req-3b492ebb-946b-40a6-a8d8-d50324dad0f6 2c60b6ccd6fc4973bafcb3b18c51dfbc 541db572d2324afa95616f75acdd5c23 - - default default] Successfully bumped revision number for resource 96e0c923-a4a7-4a45-9226-3f28127482b6 (type: security_groups) to 1
2026-05-18 01:53:44.437 9 INFO neutron.wsgi [None req-3b492ebb-946b-40a6-a8d8-d50324dad0f6 2c60b6ccd6fc4973bafcb3b18c51dfbc 541db572d2324afa95616f75acdd5c23 - - default default] 10.0.0.96 "GET /v2.0/security-groups?tenant_id=8040e4039afc45fd9009ddcb7460519f&name=default HTTP/1.1" status: 200 len: 2996 time: 0.3642769
2026-05-18 01:53:44.519 9 WARNING neutron.scheduler.dhcp_agent_scheduler [None req-504cb11b-243a-4512-9f68-6058523d5c77 44522fad636f43ab99d29d40ea3795cb ac1326d5a9bb4d9a8cfb01a704844ef7 - - - -] No more DHCP agents
2026-05-18 01:53:44.524 9 WARNING neutron.api.rpc.agentnotifiers.dhcp_rpc_agent_api [None req-504cb11b-243a-4512-9f68-6058523d5c77 44522fad636f43ab99d29d40ea3795cb ac1326d5a9bb4d9a8cfb01a704844ef7 - - - -] Unable to schedule network 93eaa45b-ce03-4d21-8f5a-1ade60631121: no agents available; will retry on subsequent port and subnet creation events.
2026-05-18 01:53:44.581 9 WARNING neutron.scheduler.dhcp_agent_scheduler [None req-650f1e30-37f9-47f1-ae93-d76abfb25b4f e0bd54fa7b4641078b426ae254008f2d 2a8f48e1c91f45afb5e853cac0c542bd - - default default] No more DHCP agents
2026-05-18 01:53:44.584 9 WARNING neutron.api.rpc.agentnotifiers.dhcp_rpc_agent_api [None req-650f1e30-37f9-47f1-ae93-d76abfb25b4f e0bd54fa7b4641078b426ae254008f2d 2a8f48e1c91f45afb5e853cac0c542bd - - default default] Unable to schedule network 71bb2c04-5600-4e01-9a1a-6c602382cdf8: no agents available; will retry on subsequent port and subnet creation events.
2026-05-18 01:53:44.635 10 WARNING neutron.scheduler.dhcp_agent_scheduler [None req-4b486ec2-12fa-42bf-b3c0-c88d83f04960 ac117dc9f87f4387b37f5cbe567e28f8 8e002ee2bc20498b96a28dae861568b6 - - - -] No more DHCP agents
2026-05-18 01:53:44.636 10 WARNING neutron.api.rpc.agentnotifiers.dhcp_rpc_agent_api [None req-4b486ec2-12fa-42bf-b3c0-c88d83f04960 ac117dc9f87f4387b37f5cbe567e28f8 8e002ee2bc20498b96a28dae861568b6 - - - -] Unable to schedule network abfd0290-b5d1-4857-8b42-865d6af0a497: no agents available; will retry on subsequent port and subnet creation events.
2026-05-18 01:53:44.706 9 INFO neutron.db.ovn_revision_numbers_db [None req-650f1e30-37f9-47f1-ae93-d76abfb25b4f e0bd54fa7b4641078b426ae254008f2d 2a8f48e1c91f45afb5e853cac0c542bd - - default default] Successfully bumped revision number for resource da27feec-64c7-4e5b-ac95-eba4431b2a80 (type: ports) to 1
2026-05-18 01:53:44.716 10 INFO neutron.db.ovn_revision_numbers_db [None req-4b486ec2-12fa-42bf-b3c0-c88d83f04960 ac117dc9f87f4387b37f5cbe567e28f8 8e002ee2bc20498b96a28dae861568b6 - - - -] Successfully bumped revision number for resource 4305806b-14df-44da-b57a-4e4218d0b718 (type: ports) to 1
2026-05-18 01:53:44.745 10 INFO neutron.wsgi [None req-4b486ec2-12fa-42bf-b3c0-c88d83f04960 ac117dc9f87f4387b37f5cbe567e28f8 8e002ee2bc20498b96a28dae861568b6 - - - -] 10.0.0.96 "POST /v2.0/ports HTTP/1.1" status: 201 len: 973 time: 0.4079490
2026-05-18 01:53:44.749 10 INFO neutron.wsgi [None req-9a6af4d6-9655-452a-b486-8de3e3d651ee 2c60b6ccd6fc4973bafcb3b18c51dfbc 541db572d2324afa95616f75acdd5c23 - - - -] 10.0.0.96 "DELETE /v2.0/security-groups/96e0c923-a4a7-4a45-9226-3f28127482b6 HTTP/1.1" status: 204 len: 168 time: 0.3052797 /var/lib/openstack/lib/python3.10/site-packages/pycadf/identifier.py:71: UserWarning: Invalid uuid: neutron. To ensure interoperability, identifiers should be a valid uuid. warnings.warn(('Invalid uuid: %s. To ensure interoperability, '
2026-05-18 01:53:44.832 10 INFO neutron.db.segments_db [None req-8d9bd790-cf6f-47b9-a998-6a8134d95614 ac117dc9f87f4387b37f5cbe567e28f8 8e002ee2bc20498b96a28dae861568b6 - - - -] Added segment 824991f8-8515-4502-ae60-846cb797ee08 of type geneve for network bc777b49-de02-4991-8ca2-75fd3268ea15
2026-05-18 01:53:44.960 10 INFO neutron.db.ovn_revision_numbers_db [None req-8d9bd790-cf6f-47b9-a998-6a8134d95614 ac117dc9f87f4387b37f5cbe567e28f8 8e002ee2bc20498b96a28dae861568b6 - - - -] Successfully bumped revision number for resource bc777b49-de02-4991-8ca2-75fd3268ea15 (type: networks) to 1
2026-05-18 01:53:45.089 9 INFO neutron.db.ovn_revision_numbers_db [None req-504cb11b-243a-4512-9f68-6058523d5c77 44522fad636f43ab99d29d40ea3795cb ac1326d5a9bb4d9a8cfb01a704844ef7 - - - -] Successfully bumped revision number for resource 0bda896d-d718-4a13-a534-e0e4673ad30e (type: ports) to 2
2026-05-18 01:53:45.114 9 INFO neutron.db.ovn_revision_numbers_db [None req-504cb11b-243a-4512-9f68-6058523d5c77 44522fad636f43ab99d29d40ea3795cb ac1326d5a9bb4d9a8cfb01a704844ef7 - - - -] Successfully bumped revision number for resource 6cd521a1-12f5-4208-9fb8-0bd820727206 (type: subnets) to 0
2026-05-18 01:53:45.135 9 INFO neutron.wsgi [None req-504cb11b-243a-4512-9f68-6058523d5c77 44522fad636f43ab99d29d40ea3795cb ac1326d5a9bb4d9a8cfb01a704844ef7 - - - -] 10.0.0.96 "POST /v2.0/subnets HTTP/1.1" status: 201 len: 801 time: 1.0150511
2026-05-18 01:53:45.145 10 INFO neutron.plugins.ml2.drivers.ovn.mech_driver.mech_driver [None req-b5e345bd-f316-4f6d-9b0e-09c747b0f037 - - - - - -] OVN reports status up for port: da27feec-64c7-4e5b-ac95-eba4431b2a80
2026-05-18 01:53:45.154 10 WARNING neutron.scheduler.dhcp_agent_scheduler [None req-8d9bd790-cf6f-47b9-a998-6a8134d95614 ac117dc9f87f4387b37f5cbe567e28f8 8e002ee2bc20498b96a28dae861568b6 - - - -] No more DHCP agents
2026-05-18 01:53:45.155 10 INFO neutron.plugins.ml2.plugin [None req-b5e345bd-f316-4f6d-9b0e-09c747b0f037 - - - - - -] Attempt 1 to provision port da27feec-64c7-4e5b-ac95-eba4431b2a80
2026-05-18 01:53:45.156 10 WARNING neutron.api.rpc.agentnotifiers.dhcp_rpc_agent_api [None req-8d9bd790-cf6f-47b9-a998-6a8134d95614 ac117dc9f87f4387b37f5cbe567e28f8 8e002ee2bc20498b96a28dae861568b6 - - - -] Unable to schedule network bc777b49-de02-4991-8ca2-75fd3268ea15: no agents available; will retry on subsequent port and subnet creation events.
2026-05-18 01:53:45.164 9 INFO neutron.db.ovn_revision_numbers_db [None req-650f1e30-37f9-47f1-ae93-d76abfb25b4f e0bd54fa7b4641078b426ae254008f2d 2a8f48e1c91f45afb5e853cac0c542bd - - default default] Successfully bumped revision number for resource da27feec-64c7-4e5b-ac95-eba4431b2a80 (type: router_ports) to 2
2026-05-18 01:53:45.237 10 INFO neutron.db.ovn_revision_numbers_db [None req-8d9bd790-cf6f-47b9-a998-6a8134d95614 ac117dc9f87f4387b37f5cbe567e28f8 8e002ee2bc20498b96a28dae861568b6 - - - -] Successfully bumped revision number for resource d94f7ef1-3448-47a9-af8e-7288e5a6b6a6 (type: ports) to 1
2026-05-18 01:53:45.273 10 INFO neutron.wsgi [None req-8d9bd790-cf6f-47b9-a998-6a8134d95614 ac117dc9f87f4387b37f5cbe567e28f8 8e002ee2bc20498b96a28dae861568b6 - - - -] 10.0.0.96 "POST /v2.0/networks HTTP/1.1" status: 201 len: 830 time: 0.5202587
2026-05-18 01:53:45.493 10 INFO neutron.db.ovn_revision_numbers_db [None req-b5e345bd-f316-4f6d-9b0e-09c747b0f037 - - - - - -] Successfully bumped revision number for resource da27feec-64c7-4e5b-ac95-eba4431b2a80 (type: ports) to 3
2026-05-18 01:53:45.557 9 ERROR ovsdbapp.backend.ovs_idl.transaction [None req-650f1e30-37f9-47f1-ae93-d76abfb25b4f e0bd54fa7b4641078b426ae254008f2d 2a8f48e1c91f45afb5e853cac0c542bd - - default default]
Traceback (most recent call last): File "/var/lib/openstack/lib/python3.10/site-packages/ovsdbapp/backend/ovs_idl/connection.py", line 118, in run txn.results.put(txn.do_commit())
File "/var/lib/openstack/lib/python3.10/site-packages/ovsdbapp/backend/ovs_idl/transaction.py", line 92, in do_commit command.run_idl(txn)
File "/var/lib/openstack/lib/python3.10/site-packages/neutron/plugins/ml2/drivers/ovn/mech_driver/ovsdb/commands.py", line 801, in run_idl raise ovn_exc.RevisionConflict( neutron.common.ovn.exceptions.RevisionConflict: OVN revision number for da27feec-64c7-4e5b-ac95-eba4431b2a80 (type: ports) is equal or higher than the given resource. Skipping update 
2026-05-18 01:53:45.557 9 INFO neutron.plugins.ml2.drivers.ovn.mech_driver.ovsdb.impl_idl_ovn [None req-650f1e30-37f9-47f1-ae93-d76abfb25b4f e0bd54fa7b4641078b426ae254008f2d 2a8f48e1c91f45afb5e853cac0c542bd - - default default] Transaction aborted. Reason: OVN revision number for da27feec-64c7-4e5b-ac95-eba4431b2a80 (type: ports) is equal or higher than the given resource. Skipping update
2026-05-18 01:53:45.584 9 INFO neutron.db.ovn_revision_numbers_db [None req-a10d7f1f-13cd-4518-9cdf-d9cce0f1a066 44522fad636f43ab99d29d40ea3795cb ac1326d5a9bb4d9a8cfb01a704844ef7 - - - -] Successfully bumped revision number for resource 88b809c1-be41-43b4-967a-b3476e1d65ef (type: routers) to 1
2026-05-18 01:53:45.601 10 WARNING neutron.scheduler.dhcp_agent_scheduler [None req-401ae87a-389f-46c1-87ae-5666ef2c22fe ac117dc9f87f4387b37f5cbe567e28f8 8e002ee2bc20498b96a28dae861568b6 - - - -] No more DHCP agents
2026-05-18 01:53:45.605 10 WARNING neutron.api.rpc.agentnotifiers.dhcp_rpc_agent_api [None req-401ae87a-389f-46c1-87ae-5666ef2c22fe ac117dc9f87f4387b37f5cbe567e28f8 8e002ee2bc20498b96a28dae861568b6 - - - -] Unable to schedule network bc777b49-de02-4991-8ca2-75fd3268ea15: no agents available; will retry on subsequent port and subnet creation events.
2026-05-18 01:53:45.611 9 INFO neutron.wsgi [None req-a10d7f1f-13cd-4518-9cdf-d9cce0f1a066 44522fad636f43ab99d29d40ea3795cb ac1326d5a9bb4d9a8cfb01a704844ef7 - - - -] 10.0.0.96 "POST /v2.0/routers HTTP/1.1" status: 201 len: 687 time: 0.4702873
2026-05-18 01:53:45.645 10 INFO neutron.db.ovn_revision_numbers_db [None req-b5e345bd-f316-4f6d-9b0e-09c747b0f037 - - - - - -] Successfully bumped revision number for resource da27feec-64c7-4e5b-ac95-eba4431b2a80 (type: router_ports) to 3
2026-05-18 01:53:45.684 9 WARNING neutron.scheduler.dhcp_agent_scheduler [None req-650f1e30-37f9-47f1-ae93-d76abfb25b4f e0bd54fa7b4641078b426ae254008f2d 2a8f48e1c91f45afb5e853cac0c542bd - - default default] No more DHCP agents
2026-05-18 01:53:45.688 9 WARNING neutron.api.rpc.agentnotifiers.dhcp_rpc_agent_api [None req-650f1e30-37f9-47f1-ae93-d76abfb25b4f e0bd54fa7b4641078b426ae254008f2d 2a8f48e1c91f45afb5e853cac0c542bd - - default default] Unable to schedule network 71bb2c04-5600-4e01-9a1a-6c602382cdf8: no agents available; will retry on subsequent port and subnet creation events.
2026-05-18 01:53:45.936 9 WARNING neutron.plugins.ml2.drivers.ovn.mech_driver.ovsdb.ovn_client [None req-112924e3-7ee5-4fb4-9c83-2b3b44b912a4 - - - - - -] No port found with ID 57f68f8d-5f38-48dc-9ce0-bca059a575b0: RuntimeError: No port found with ID 57f68f8d-5f38-48dc-9ce0-bca059a575b0
2026-05-18 01:53:45.973 9 INFO neutron.db.ovn_revision_numbers_db [None req-650f1e30-37f9-47f1-ae93-d76abfb25b4f e0bd54fa7b4641078b426ae254008f2d 2a8f48e1c91f45afb5e853cac0c542bd - - - -] Successfully bumped revision number for resource da27feec-64c7-4e5b-ac95-eba4431b2a80 (type: router_ports) to 3
2026-05-18 01:53:45.975 9 INFO neutron.wsgi [None req-650f1e30-37f9-47f1-ae93-d76abfb25b4f e0bd54fa7b4641078b426ae254008f2d 2a8f48e1c91f45afb5e853cac0c542bd - - - -] 10.0.0.96 "PUT /v2.0/routers/0411b5be-0f24-45c8-ac3c-991b9288230a/add_router_interface HTTP/1.1" status: 200 len: 503 time: 2.0002260
2026-05-18 01:53:46.073 10 INFO neutron.wsgi [None req-3bfae5d1-429e-43b8-a683-1a1e248cea1f e0bd54fa7b4641078b426ae254008f2d 2a8f48e1c91f45afb5e853cac0c542bd - - default default] 10.0.0.96 "GET /v2.0/ports/da27feec-64c7-4e5b-ac95-eba4431b2a80 HTTP/1.1" status: 200 len: 1141 time: 0.0905838
2026-05-18 01:53:46.220 9 WARNING neutron.scheduler.dhcp_agent_scheduler [None req-ae67c723-749e-40a6-93df-c3714a79abb0 44522fad636f43ab99d29d40ea3795cb ac1326d5a9bb4d9a8cfb01a704844ef7 - - default default] No more DHCP agents
2026-05-18 01:53:46.225 9 WARNING neutron.api.rpc.agentnotifiers.dhcp_rpc_agent_api [None req-ae67c723-749e-40a6-93df-c3714a79abb0 44522fad636f43ab99d29d40ea3795cb ac1326d5a9bb4d9a8cfb01a704844ef7 - - default default] Unable to schedule network 93eaa45b-ce03-4d21-8f5a-1ade60631121: no agents available; will retry on subsequent port and subnet creation events.
2026-05-18 01:53:46.268 10 INFO neutron.db.ovn_revision_numbers_db [None req-401ae87a-389f-46c1-87ae-5666ef2c22fe ac117dc9f87f4387b37f5cbe567e28f8 8e002ee2bc20498b96a28dae861568b6 - - - -] Successfully bumped revision number for resource d94f7ef1-3448-47a9-af8e-7288e5a6b6a6 (type: ports) to 2
2026-05-18 01:53:46.283 10 INFO neutron.db.ovn_revision_numbers_db [None req-401ae87a-389f-46c1-87ae-5666ef2c22fe ac117dc9f87f4387b37f5cbe567e28f8 8e002ee2bc20498b96a28dae861568b6 - - - -] Successfully bumped revision number for resource bd4dcefb-48b9-461b-98fd-491c7467e721 (type: subnets) to 0
2026-05-18 01:53:46.312 10 INFO neutron.wsgi [None req-401ae87a-389f-46c1-87ae-5666ef2c22fe ac117dc9f87f4387b37f5cbe567e28f8 8e002ee2bc20498b96a28dae861568b6 - - - -] 10.0.0.96 "POST /v2.0/subnets HTTP/1.1" status: 201 len: 801 time: 1.0341723
2026-05-18 01:53:46.422 9 INFO neutron.db.ovn_revision_numbers_db [None req-ae67c723-749e-40a6-93df-c3714a79abb0 44522fad636f43ab99d29d40ea3795cb ac1326d5a9bb4d9a8cfb01a704844ef7 - - default default] Successfully bumped revision number for resource e51f6f05-90be-4b19-adeb-08a3c550d776 (type: ports) to 1
2026-05-18 01:53:46.626 10 WARNING neutron.scheduler.dhcp_agent_scheduler [None req-c53e4e74-ea68-4cbb-ab5d-eac3de187e32 ac117dc9f87f4387b37f5cbe567e28f8 8e002ee2bc20498b96a28dae861568b6 - - - -] No more DHCP agents
2026-05-18 01:53:46.628 10 WARNING neutron.api.rpc.agentnotifiers.dhcp_rpc_agent_api [None req-c53e4e74-ea68-4cbb-ab5d-eac3de187e32 ac117dc9f87f4387b37f5cbe567e28f8 8e002ee2bc20498b96a28dae861568b6 - - - -] Unable to schedule network bc777b49-de02-4991-8ca2-75fd3268ea15: no agents available; will retry on subsequent port and subnet creation events.
2026-05-18 01:53:46.647 9 WARNING neutron.scheduler.dhcp_agent_scheduler [None req-e2568154-ba2f-4003-8290-c33775da0936 e0bd54fa7b4641078b426ae254008f2d 2a8f48e1c91f45afb5e853cac0c542bd - - default default] No more DHCP agents
2026-05-18 01:53:46.651 9 WARNING neutron.api.rpc.agentnotifiers.dhcp_rpc_agent_api [None req-e2568154-ba2f-4003-8290-c33775da0936 e0bd54fa7b4641078b426ae254008f2d 2a8f48e1c91f45afb5e853cac0c542bd - - default default] Unable to schedule network 0610f444-8ef4-4e6e-bb55-8253b8c1b3e8: no agents available; will retry on subsequent port and subnet creation events.
2026-05-18 01:53:46.767 10 INFO neutron.db.ovn_revision_numbers_db [None req-c53e4e74-ea68-4cbb-ab5d-eac3de187e32 ac117dc9f87f4387b37f5cbe567e28f8 8e002ee2bc20498b96a28dae861568b6 - - - -] Successfully bumped revision number for resource 38b66203-68b3-404d-a16b-088aa2922ed6 (type: ports) to 1
2026-05-18 01:53:46.788 10 INFO neutron.wsgi [None req-c53e4e74-ea68-4cbb-ab5d-eac3de187e32 ac117dc9f87f4387b37f5cbe567e28f8 8e002ee2bc20498b96a28dae861568b6 - - - -] 10.0.0.96 "POST /v2.0/ports HTTP/1.1" status: 201 len: 1152 time: 0.4723053
2026-05-18 01:53:46.789 9 INFO neutron.db.ovn_revision_numbers_db [None req-e2568154-ba2f-4003-8290-c33775da0936 e0bd54fa7b4641078b426ae254008f2d 2a8f48e1c91f45afb5e853cac0c542bd - - default default] Successfully bumped revision number for resource 0406ae2d-e599-46dc-ba48-543afd2b6b2f (type: ports) to 1 /var/lib/openstack/lib/python3.10/site-packages/pycadf/identifier.py:71: UserWarning: Invalid uuid: neutron. To ensure interoperability, identifiers should be a valid uuid. warnings.warn(('Invalid uuid: %s. To ensure interoperability, '
2026-05-18 01:53:46.918 9 INFO neutron.plugins.ml2.drivers.ovn.mech_driver.mech_driver [None req-112924e3-7ee5-4fb4-9c83-2b3b44b912a4 - - - - - -] OVN reports status up for port: e51f6f05-90be-4b19-adeb-08a3c550d776
2026-05-18 01:53:46.939 9 INFO neutron.db.ovn_revision_numbers_db [None req-ae67c723-749e-40a6-93df-c3714a79abb0 44522fad636f43ab99d29d40ea3795cb ac1326d5a9bb4d9a8cfb01a704844ef7 - - default default] Successfully bumped revision number for resource e51f6f05-90be-4b19-adeb-08a3c550d776 (type: router_ports) to 2
2026-05-18 01:53:46.965 9 INFO neutron.plugins.ml2.plugin [None req-112924e3-7ee5-4fb4-9c83-2b3b44b912a4 - - - - - -] Attempt 1 to provision port e51f6f05-90be-4b19-adeb-08a3c550d776
2026-05-18 01:53:47.274 9 INFO neutron.db.ovn_revision_numbers_db [None req-ae67c723-749e-40a6-93df-c3714a79abb0 44522fad636f43ab99d29d40ea3795cb ac1326d5a9bb4d9a8cfb01a704844ef7 - - default default] Successfully bumped revision number for resource e51f6f05-90be-4b19-adeb-08a3c550d776 (type: ports) to 2
2026-05-18 01:53:47.477 10 INFO neutron.wsgi [None req-9b85c810-3592-4480-86d0-dd3d4a098f39 ac117dc9f87f4387b37f5cbe567e28f8 8e002ee2bc20498b96a28dae861568b6 - - - -] 10.0.0.96 "DELETE /v2.0/ports/38b66203-68b3-404d-a16b-088aa2922ed6 HTTP/1.1" status: 204 len: 168 time: 0.6844857
2026-05-18 01:53:47.504 10 INFO neutron.pecan_wsgi.hooks.translation [None req-66fbe84f-560a-4405-a1f6-72d389d4bb0d ac117dc9f87f4387b37f5cbe567e28f8 8e002ee2bc20498b96a28dae861568b6 - - - -] DELETE failed (client error): The resource could not be found.
2026-05-18 01:53:47.506 10 INFO neutron.wsgi [None req-66fbe84f-560a-4405-a1f6-72d389d4bb0d ac117dc9f87f4387b37f5cbe567e28f8 8e002ee2bc20498b96a28dae861568b6 - - - -] 10.0.0.96 "DELETE /v2.0/ports/38b66203-68b3-404d-a16b-088aa2922ed6 HTTP/1.1" status: 404 len: 333 time: 0.0232239
2026-05-18 01:53:47.534 10 INFO neutron.pecan_wsgi.hooks.translation [None req-9d3639ff-10f4-4c4e-89a8-c66e643efc09 ac117dc9f87f4387b37f5cbe567e28f8 8e002ee2bc20498b96a28dae861568b6 - - default default] GET failed (client error): The resource could not be found.
2026-05-18 01:53:47.536 10 INFO neutron.wsgi [None req-9d3639ff-10f4-4c4e-89a8-c66e643efc09 ac117dc9f87f4387b37f5cbe567e28f8 8e002ee2bc20498b96a28dae861568b6 - - default default] 10.0.0.96 "GET /v2.0/ports/38b66203-68b3-404d-a16b-088aa2922ed6 HTTP/1.1" status: 404 len: 333 time: 0.0252664
2026-05-18 01:53:47.702 9 WARNING neutron.scheduler.dhcp_agent_scheduler [None req-ae67c723-749e-40a6-93df-c3714a79abb0 44522fad636f43ab99d29d40ea3795cb ac1326d5a9bb4d9a8cfb01a704844ef7 - - default default] No more DHCP agents
2026-05-18 01:53:47.707 9 WARNING neutron.api.rpc.agentnotifiers.dhcp_rpc_agent_api [None req-ae67c723-749e-40a6-93df-c3714a79abb0 44522fad636f43ab99d29d40ea3795cb ac1326d5a9bb4d9a8cfb01a704844ef7 - - default default] Unable to schedule network 93eaa45b-ce03-4d21-8f5a-1ade60631121: no agents available; will retry on subsequent port and subnet creation events.
2026-05-18 01:53:47.769 10 INFO neutron.wsgi [None req-9dd451ed-d52d-4f47-96ba-66070f9651ba ac117dc9f87f4387b37f5cbe567e28f8 8e002ee2bc20498b96a28dae861568b6 - - - -] 10.0.0.96 "DELETE /v2.0/subnets/bd4dcefb-48b9-461b-98fd-491c7467e721 HTTP/1.1" status: 204 len: 168 time: 0.2270911
2026-05-18 01:53:47.855 9 INFO neutron.db.ovn_revision_numbers_db [None req-112924e3-7ee5-4fb4-9c83-2b3b44b912a4 - - - - - -] Successfully bumped revision number for resource e51f6f05-90be-4b19-adeb-08a3c550d776 (type: ports) to 3
2026-05-18 01:53:47.951 9 INFO neutron.db.ovn_revision_numbers_db [None req-e2568154-ba2f-4003-8290-c33775da0936 e0bd54fa7b4641078b426ae254008f2d 2a8f48e1c91f45afb5e853cac0c542bd - - default default] Successfully bumped revision number for resource 0406ae2d-e599-46dc-ba48-543afd2b6b2f (type: router_ports) to 2
2026-05-18 01:53:48.079 9 INFO neutron.db.ovn_revision_numbers_db [None req-112924e3-7ee5-4fb4-9c83-2b3b44b912a4 - - - - - -] Successfully bumped revision number for resource e51f6f05-90be-4b19-adeb-08a3c550d776 (type: router_ports) to 3
2026-05-18 01:53:48.096 9 INFO neutron.db.ovn_revision_numbers_db [None req-ae67c723-749e-40a6-93df-c3714a79abb0 44522fad636f43ab99d29d40ea3795cb ac1326d5a9bb4d9a8cfb01a704844ef7 - - - -] Successfully bumped revision number for resource e51f6f05-90be-4b19-adeb-08a3c550d776 (type: router_ports) to 3
2026-05-18 01:53:48.098 9 INFO neutron.wsgi [None req-ae67c723-749e-40a6-93df-c3714a79abb0 44522fad636f43ab99d29d40ea3795cb ac1326d5a9bb4d9a8cfb01a704844ef7 - - - -] 10.0.0.96 "PUT /v2.0/routers/88b809c1-be41-43b4-967a-b3476e1d65ef/add_router_interface HTTP/1.1" status: 200 len: 503 time: 2.4785872
