Apr 28 20:15:23.983025 np0000171170 nova-scheduler[109391]: DEBUG cotyledon.oslo_config_glue [-] vnc.server_listen = 127.0.0.1 {{(pid=109391) log_opt_values /opt/stack/data/venv/lib/python3.12/site-packages/oslo_config/cfg.py:3006}}
Apr 28 20:15:23.983025 np0000171170 nova-scheduler[109391]: DEBUG cotyledon.oslo_config_glue [-] vnc.server_proxyclient_address = 127.0.0.1 {{(pid=109391) log_opt_values /opt/stack/data/venv/lib/python3.12/site-packages/oslo_config/cfg.py:3006}}
Apr 28 20:15:23.983025 np0000171170 nova-scheduler[109391]: DEBUG cotyledon.oslo_config_glue [-] vnc.vencrypt_ca_certs = None {{(pid=109391) log_opt_values /opt/stack/data/venv/lib/python3.12/site-packages/oslo_config/cfg.py:3006}}
Apr 28 20:15:23.983025 np0000171170 nova-scheduler[109391]: DEBUG cotyledon.oslo_config_glue [-] vnc.vencrypt_client_cert = None {{(pid=109391) log_opt_values /opt/stack/data/venv/lib/python3.12/site-packages/oslo_config/cfg.py:3006}}
Apr 28 20:15:23.983245 np0000171170 nova-scheduler[109391]: DEBUG cotyledon.oslo_config_glue [-] vnc.vencrypt_client_key = None {{(pid=109391) log_opt_values /opt/stack/data/venv/lib/python3.12/site-packages/oslo_config/cfg.py:3006}}
Apr 28 20:15:23.983245 np0000171170 nova-scheduler[109391]: DEBUG cotyledon.oslo_config_glue [-] workarounds.disable_compute_service_check_for_ffu = False {{(pid=109391) log_opt_values /opt/stack/data/venv/lib/python3.12/site-packages/oslo_config/cfg.py:3006}}
Apr 28 20:15:23.983295 np0000171170 nova-scheduler[109375]: DEBUG dbcounter [-] [109375] Writer thread running {{(pid=109375) stat_writer /opt/stack/data/venv/lib/python3.12/site-packages/dbcounter.py:102}}
Apr 28 20:15:23.983413 np0000171170 nova-scheduler[109391]: DEBUG cotyledon.oslo_config_glue [-] workarounds.disable_deep_image_inspection = False {{(pid=109391) log_opt_values /opt/stack/data/venv/lib/python3.12/site-packages/oslo_config/cfg.py:3006}}
Apr 28 20:15:23.983413 np0000171170 nova-scheduler[109391]: DEBUG cotyledon.oslo_config_glue [-] workarounds.disable_fallback_pcpu_query = False {{(pid=109391) log_opt_values /opt/stack/data/venv/lib/python3.12/site-packages/oslo_config/cfg.py:3006}}
Apr 28 20:15:23.983413 np0000171170 nova-scheduler[109391]: DEBUG cotyledon.oslo_config_glue [-] workarounds.disable_group_policy_check_upcall = False {{(pid=109391) log_opt_values /opt/stack/data/venv/lib/python3.12/site-packages/oslo_config/cfg.py:3006}}
Apr 28 20:15:23.983413 np0000171170 nova-scheduler[109391]: DEBUG cotyledon.oslo_config_glue [-] workarounds.disable_libvirt_livesnapshot = False {{(pid=109391) log_opt_values /opt/stack/data/venv/lib/python3.12/site-packages/oslo_config/cfg.py:3006}}
Apr 28 20:15:23.983413 np0000171170 nova-scheduler[109391]: DEBUG cotyledon.oslo_config_glue [-] workarounds.disable_rootwrap = False {{(pid=109391) log_opt_values /opt/stack/data/venv/lib/python3.12/site-packages/oslo_config/cfg.py:3006}}
Apr 28 20:15:23.983413 np0000171170 nova-scheduler[109391]: DEBUG cotyledon.oslo_config_glue [-] workarounds.enable_numa_live_migration = False {{(pid=109391) log_opt_values /opt/stack/data/venv/lib/python3.12/site-packages/oslo_config/cfg.py:3006}}
Apr 28 20:15:23.983413 np0000171170 nova-scheduler[109391]: DEBUG cotyledon.oslo_config_glue [-] workarounds.enable_qemu_monitor_announce_self = False {{(pid=109391) log_opt_values /opt/stack/data/venv/lib/python3.12/site-packages/oslo_config/cfg.py:3006}}
Apr 28 20:15:23.983413 np0000171170 nova-scheduler[109391]: DEBUG cotyledon.oslo_config_glue [-] workarounds.ensure_libvirt_rbd_instance_dir_cleanup = False {{(pid=109391) log_opt_values /opt/stack/data/venv/lib/python3.12/site-packages/oslo_config/cfg.py:3006}}
Apr 28 20:15:23.983413 np0000171170 nova-scheduler[109391]: DEBUG cotyledon.oslo_config_glue [-] workarounds.handle_virt_lifecycle_events = True {{(pid=109391) log_opt_values /opt/stack/data/venv/lib/python3.12/site-packages/oslo_config/cfg.py:3006}}
Apr 28 20:15:23.983774 np0000171170 nova-scheduler[109391]: DEBUG cotyledon.oslo_config_glue [-] workarounds.libvirt_disable_apic = False {{(pid=109391) log_opt_values /opt/stack/data/venv/lib/python3.12/site-packages/oslo_config/cfg.py:3006}}
Apr 28 20:15:23.983774 np0000171170 nova-scheduler[109391]: DEBUG cotyledon.oslo_config_glue [-] workarounds.never_download_image_if_on_rbd = False {{(pid=109391) log_opt_values /opt/stack/data/venv/lib/python3.12/site-packages/oslo_config/cfg.py:3006}}
Apr 28 20:15:23.983774 np0000171170 nova-scheduler[109391]: DEBUG cotyledon.oslo_config_glue [-] workarounds.qemu_monitor_announce_self_count = 3 {{(pid=109391) log_opt_values /opt/stack/data/venv/lib/python3.12/site-packages/oslo_config/cfg.py:3006}}
Apr 28 20:15:23.983774 np0000171170 nova-scheduler[109391]: DEBUG cotyledon.oslo_config_glue [-] workarounds.qemu_monitor_announce_self_interval = 1 {{(pid=109391) log_opt_values /opt/stack/data/venv/lib/python3.12/site-packages/oslo_config/cfg.py:3006}}
Apr 28 20:15:23.983774 np0000171170 nova-scheduler[109391]: DEBUG cotyledon.oslo_config_glue [-] workarounds.reserve_disk_resource_for_image_cache = False {{(pid=109391) log_opt_values /opt/stack/data/venv/lib/python3.12/site-packages/oslo_config/cfg.py:3006}}
Apr 28 20:15:23.983774 np0000171170 nova-scheduler[109391]: DEBUG cotyledon.oslo_config_glue [-] workarounds.skip_cpu_compare_at_startup = False {{(pid=109391) log_opt_values /opt/stack/data/venv/lib/python3.12/site-packages/oslo_config/cfg.py:3006}}
Apr 28 20:15:23.983774 np0000171170 nova-scheduler[109391]: DEBUG cotyledon.oslo_config_glue [-] workarounds.skip_cpu_compare_on_dest = False {{(pid=109391) log_opt_values /opt/stack/data/venv/lib/python3.12/site-packages/oslo_config/cfg.py:3006}}
Apr 28 20:15:23.983774 np0000171170 nova-scheduler[109391]: DEBUG cotyledon.oslo_config_glue [-] workarounds.skip_hypervisor_version_check_on_lm = False {{(pid=109391) log_opt_values /opt/stack/data/venv/lib/python3.12/site-packages/oslo_config/cfg.py:3006}}
Apr 28 20:15:23.983774 np0000171170 nova-scheduler[109391]: DEBUG cotyledon.oslo_config_glue [-] workarounds.skip_reserve_in_use_ironic_nodes = False {{(pid=109391) log_opt_values /opt/stack/data/venv/lib/python3.12/site-packages/oslo_config/cfg.py:3006}}
Apr 28 20:15:23.984096 np0000171170 nova-scheduler[109391]: DEBUG cotyledon.oslo_config_glue [-] workarounds.unified_limits_count_pcpu_as_vcpu = False {{(pid=109391) log_opt_values /opt/stack/data/venv/lib/python3.12/site-packages/oslo_config/cfg.py:3006}}
Apr 28 20:15:23.984096 np0000171170 nova-scheduler[109391]: DEBUG cotyledon.oslo_config_glue [-] workarounds.wait_for_vif_plugged_event_during_hard_reboot = [] {{(pid=109391) log_opt_values /opt/stack/data/venv/lib/python3.12/site-packages/oslo_config/cfg.py:3006}}
Apr 28 20:15:23.984096 np0000171170 nova-scheduler[109391]: DEBUG cotyledon.oslo_config_glue [-] wsgi.api_paste_config = /etc/nova/api-paste.ini {{(pid=109391) log_opt_values /opt/stack/data/venv/lib/python3.12/site-packages/oslo_config/cfg.py:3006}}
Apr 28 20:15:23.984096 np0000171170 nova-scheduler[109391]: DEBUG cotyledon.oslo_config_glue [-] wsgi.secure_proxy_ssl_header = None {{(pid=109391) log_opt_values /opt/stack/data/venv/lib/python3.12/site-packages/oslo_config/cfg.py:3006}}
Apr 28 20:15:23.984096 np0000171170 nova-scheduler[109391]: DEBUG cotyledon.oslo_config_glue [-] zvm.ca_file = None {{(pid=109391) log_opt_values /opt/stack/data/venv/lib/python3.12/site-packages/oslo_config/cfg.py:3006}}
Apr 28 20:15:23.984096 np0000171170 nova-scheduler[109391]: DEBUG cotyledon.oslo_config_glue [-] zvm.cloud_connector_url = None {{(pid=109391) log_opt_values /opt/stack/data/venv/lib/python3.12/site-packages/oslo_config/cfg.py:3006}}
Apr 28 20:15:23.984096 np0000171170 nova-scheduler[109391]: DEBUG cotyledon.oslo_config_glue [-] zvm.image_tmp_path = /opt/stack/data/nova/images {{(pid=109391) log_opt_values /opt/stack/data/venv/lib/python3.12/site-packages/oslo_config/cfg.py:3006}}
Apr 28 20:15:23.984096 np0000171170 nova-scheduler[109391]: DEBUG cotyledon.oslo_config_glue [-] zvm.reachable_timeout = 300 {{(pid=109391) log_opt_values /opt/stack/data/venv/lib/python3.12/site-packages/oslo_config/cfg.py:3006}}
Apr 28 20:15:23.984096 np0000171170 nova-scheduler[109391]: DEBUG cotyledon.oslo_config_glue [-] oslo_versionedobjects.fatal_exception_format_errors = False {{(pid=109391) log_opt_values /opt/stack/data/venv/lib/python3.12/site-packages/oslo_config/cfg.py:3006}}
Apr 28 20:15:23.984380 np0000171170 nova-scheduler[109381]: DEBUG oslo_db.sqlalchemy.engines [None req-387af6a7-3551-4e63-bc59-b57b84f331e2 None None] MySQL server mode set to STRICT_TRANS_TABLES,STRICT_ALL_TABLES,NO_ZERO_IN_DATE,NO_ZERO_DATE,ERROR_FOR_DIVISION_BY_ZERO,TRADITIONAL,NO_ENGINE_SUBSTITUTION {{(pid=109381) _check_effective_sql_mode /opt/stack/data/venv/lib/python3.12/site-packages/oslo_db/sqlalchemy/engines.py:325}}
Apr 28 20:15:23.984420 np0000171170 nova-scheduler[109391]: DEBUG cotyledon.oslo_config_glue [-] oslo_middleware.http_basic_auth_user_file = /etc/htpasswd {{(pid=109391) log_opt_values /opt/stack/data/venv/lib/python3.12/site-packages/oslo_config/cfg.py:3006}}
Apr 28 20:15:23.984420 np0000171170 nova-scheduler[109391]: DEBUG cotyledon.oslo_config_glue [-] oslo_messaging_metrics.metrics_buffer_size = 1000 {{(pid=109391) log_opt_values /opt/stack/data/venv/lib/python3.12/site-packages/oslo_config/cfg.py:3006}}
Apr 28 20:15:23.984420 np0000171170 nova-scheduler[109391]: DEBUG cotyledon.oslo_config_glue [-] oslo_messaging_metrics.metrics_enabled = False {{(pid=109391) log_opt_values /opt/stack/data/venv/lib/python3.12/site-packages/oslo_config/cfg.py:3006}}
Apr 28 20:15:23.984498 np0000171170 nova-scheduler[109368]: DEBUG nova.service [None req-9b5e6479-42b4-408e-a72b-d81d5e98ea35 None None] Creating RPC server for service: nova-scheduler on topic: scheduler {{(pid=109368) start /opt/stack/nova/nova/service.py:195}}
Apr 28 20:15:23.984526 np0000171170 nova-scheduler[109391]: DEBUG cotyledon.oslo_config_glue [-] oslo_messaging_metrics.metrics_process_name = {{(pid=109391) log_opt_values /opt/stack/data/venv/lib/python3.12/site-packages/oslo_config/cfg.py:3006}}
Apr 28 20:15:23.984526 np0000171170 nova-scheduler[109391]: DEBUG cotyledon.oslo_config_glue [-] oslo_messaging_metrics.metrics_socket_file = /var/tmp/metrics_collector.sock {{(pid=109391) log_opt_values /opt/stack/data/venv/lib/python3.12/site-packages/oslo_config/cfg.py:3006}}
Apr 28 20:15:23.984526 np0000171170 nova-scheduler[109391]: DEBUG cotyledon.oslo_config_glue [-] oslo_messaging_metrics.metrics_thread_stop_timeout = 10 {{(pid=109391) log_opt_values /opt/stack/data/venv/lib/python3.12/site-packages/oslo_config/cfg.py:3006}}
Apr 28 20:15:23.984526 np0000171170 nova-scheduler[109391]: DEBUG cotyledon.oslo_config_glue [-] profiler.connection_string = messaging:// {{(pid=109391) log_opt_values /opt/stack/data/venv/lib/python3.12/site-packages/oslo_config/cfg.py:3006}}
Apr 28 20:15:23.984526 np0000171170 nova-scheduler[109391]: DEBUG cotyledon.oslo_config_glue [-] profiler.enabled = False {{(pid=109391) log_opt_values /opt/stack/data/venv/lib/python3.12/site-packages/oslo_config/cfg.py:3006}}
Apr 28 20:15:23.984526 np0000171170 nova-scheduler[109391]: DEBUG cotyledon.oslo_config_glue [-] profiler.es_doc_type = notification {{(pid=109391) log_opt_values /opt/stack/data/venv/lib/python3.12/site-packages/oslo_config/cfg.py:3006}}
Apr 28 20:15:23.984526 np0000171170 nova-scheduler[109391]: DEBUG cotyledon.oslo_config_glue [-] profiler.es_scroll_size = 10000 {{(pid=109391) log_opt_values /opt/stack/data/venv/lib/python3.12/site-packages/oslo_config/cfg.py:3006}}
Apr 28 20:15:23.984526 np0000171170 nova-scheduler[109391]: DEBUG cotyledon.oslo_config_glue [-] profiler.es_scroll_time = 2m {{(pid=109391) log_opt_values /opt/stack/data/venv/lib/python3.12/site-packages/oslo_config/cfg.py:3006}}
Apr 28 20:15:23.984526 np0000171170 nova-scheduler[109391]: DEBUG cotyledon.oslo_config_glue [-] profiler.filter_error_trace = False {{(pid=109391) log_opt_values /opt/stack/data/venv/lib/python3.12/site-packages/oslo_config/cfg.py:3006}}
Apr 28 20:15:23.984732 np0000171170 nova-scheduler[109391]: DEBUG cotyledon.oslo_config_glue [-] profiler.hmac_keys = **** {{(pid=109391) log_opt_values /opt/stack/data/venv/lib/python3.12/site-packages/oslo_config/cfg.py:3006}}
Apr 28 20:15:23.984732 np0000171170 nova-scheduler[109391]: DEBUG cotyledon.oslo_config_glue [-] profiler.sentinel_service_name = mymaster {{(pid=109391) log_opt_values /opt/stack/data/venv/lib/python3.12/site-packages/oslo_config/cfg.py:3006}}
Apr 28 20:15:23.984732 np0000171170 nova-scheduler[109391]: DEBUG cotyledon.oslo_config_glue [-] profiler.socket_timeout = 0.1 {{(pid=109391) log_opt_values /opt/stack/data/venv/lib/python3.12/site-packages/oslo_config/cfg.py:3006}}
Apr 28 20:15:23.984801 np0000171170 nova-scheduler[109375]: DEBUG nova.service [None req-dbcf5f46-6419-45f6-af07-99e57efb5af1 None None] Creating RPC server for service: nova-scheduler on topic: scheduler {{(pid=109375) start /opt/stack/nova/nova/service.py:195}}
Apr 28 20:15:23.984876 np0000171170 nova-scheduler[109391]: DEBUG cotyledon.oslo_config_glue [-] profiler.trace_requests = False {{(pid=109391) log_opt_values /opt/stack/data/venv/lib/python3.12/site-packages/oslo_config/cfg.py:3006}}
Apr 28 20:15:23.984876 np0000171170 nova-scheduler[109391]: DEBUG cotyledon.oslo_config_glue [-] profiler.trace_sqlalchemy = False {{(pid=109391) log_opt_values /opt/stack/data/venv/lib/python3.12/site-packages/oslo_config/cfg.py:3006}}
Apr 28 20:15:23.984876 np0000171170 nova-scheduler[109391]: DEBUG cotyledon.oslo_config_glue [-] profiler_jaeger.process_tags = {} {{(pid=109391) log_opt_values /opt/stack/data/venv/lib/python3.12/site-packages/oslo_config/cfg.py:3006}}
Apr 28 20:15:23.984876 np0000171170 nova-scheduler[109391]: DEBUG cotyledon.oslo_config_glue [-] profiler_jaeger.service_name_prefix = None {{(pid=109391) log_opt_values /opt/stack/data/venv/lib/python3.12/site-packages/oslo_config/cfg.py:3006}}
Apr 28 20:15:23.984876 np0000171170 nova-scheduler[109391]: DEBUG cotyledon.oslo_config_glue [-] profiler_otlp.service_name_prefix = None {{(pid=109391) log_opt_values /opt/stack/data/venv/lib/python3.12/site-packages/oslo_config/cfg.py:3006}}
Apr 28 20:15:23.984876 np0000171170 nova-scheduler[109391]: DEBUG cotyledon.oslo_config_glue [-] oslo_messaging_rabbit.amqp_auto_delete = False {{(pid=109391) log_opt_values /opt/stack/data/venv/lib/python3.12/site-packages/oslo_config/cfg.py:3006}}
Apr 28 20:15:23.984876 np0000171170 nova-scheduler[109391]: DEBUG cotyledon.oslo_config_glue [-] oslo_messaging_rabbit.amqp_durable_queues = False {{(pid=109391) log_opt_values /opt/stack/data/venv/lib/python3.12/site-packages/oslo_config/cfg.py:3006}}
Apr 28 20:15:23.984876 np0000171170 nova-scheduler[109391]: DEBUG cotyledon.oslo_config_glue [-] oslo_messaging_rabbit.conn_pool_min_size = 2 {{(pid=109391) log_opt_values /opt/stack/data/venv/lib/python3.12/site-packages/oslo_config/cfg.py:3006}}
Apr 28 20:15:23.984876 np0000171170 nova-scheduler[109391]: DEBUG cotyledon.oslo_config_glue [-] oslo_messaging_rabbit.conn_pool_ttl = 1200 {{(pid=109391) log_opt_values /opt/stack/data/venv/lib/python3.12/site-packages/oslo_config/cfg.py:3006}}
Apr 28 20:15:23.985102 np0000171170 nova-scheduler[109391]: DEBUG cotyledon.oslo_config_glue [-] oslo_messaging_rabbit.direct_mandatory_flag = True {{(pid=109391) log_opt_values /opt/stack/data/venv/lib/python3.12/site-packages/oslo_config/cfg.py:3006}}
Apr 28 20:15:23.985102 np0000171170 nova-scheduler[109391]: DEBUG cotyledon.oslo_config_glue [-] oslo_messaging_rabbit.enable_cancel_on_failover = False {{(pid=109391) log_opt_values /opt/stack/data/venv/lib/python3.12/site-packages/oslo_config/cfg.py:3006}}
Apr 28 20:15:23.985102 np0000171170 nova-scheduler[109391]: DEBUG cotyledon.oslo_config_glue [-] oslo_messaging_rabbit.heartbeat_in_pthread = False {{(pid=109391) log_opt_values /opt/stack/data/venv/lib/python3.12/site-packages/oslo_config/cfg.py:3006}}
Apr 28 20:15:23.985102 np0000171170 nova-scheduler[109391]: DEBUG cotyledon.oslo_config_glue [-] oslo_messaging_rabbit.heartbeat_rate = 3 {{(pid=109391) log_opt_values /opt/stack/data/venv/lib/python3.12/site-packages/oslo_config/cfg.py:3006}}
Apr 28 20:15:23.985102 np0000171170 nova-scheduler[109391]: DEBUG cotyledon.oslo_config_glue [-] oslo_messaging_rabbit.heartbeat_timeout_threshold = 60 {{(pid=109391) log_opt_values /opt/stack/data/venv/lib/python3.12/site-packages/oslo_config/cfg.py:3006}}
Apr 28 20:15:23.985102 np0000171170 nova-scheduler[109391]: DEBUG cotyledon.oslo_config_glue [-] oslo_messaging_rabbit.hostname = np0000171170 {{(pid=109391) log_opt_values /opt/stack/data/venv/lib/python3.12/site-packages/oslo_config/cfg.py:3006}}
Apr 28 20:15:23.985102 np0000171170 nova-scheduler[109391]: DEBUG cotyledon.oslo_config_glue [-] oslo_messaging_rabbit.kombu_compression = None {{(pid=109391) log_opt_values /opt/stack/data/venv/lib/python3.12/site-packages/oslo_config/cfg.py:3006}}
Apr 28 20:15:23.985102 np0000171170 nova-scheduler[109391]: DEBUG cotyledon.oslo_config_glue [-] oslo_messaging_rabbit.kombu_failover_strategy = round-robin {{(pid=109391) log_opt_values /opt/stack/data/venv/lib/python3.12/site-packages/oslo_config/cfg.py:3006}}
Apr 28 20:15:23.985286 np0000171170 nova-scheduler[109391]: DEBUG cotyledon.oslo_config_glue [-] oslo_messaging_rabbit.kombu_missing_consumer_retry_timeout = 60 {{(pid=109391) log_opt_values /opt/stack/data/venv/lib/python3.12/site-packages/oslo_config/cfg.py:3006}}
Apr 28 20:15:23.985286 np0000171170 nova-scheduler[109391]: DEBUG cotyledon.oslo_config_glue [-] oslo_messaging_rabbit.kombu_reconnect_delay = 1.0 {{(pid=109391) log_opt_values /opt/stack/data/venv/lib/python3.12/site-packages/oslo_config/cfg.py:3006}}
Apr 28 20:15:23.985286 np0000171170 nova-scheduler[109391]: DEBUG cotyledon.oslo_config_glue [-] oslo_messaging_rabbit.kombu_reconnect_splay = 0.0 {{(pid=109391) log_opt_values /opt/stack/data/venv/lib/python3.12/site-packages/oslo_config/cfg.py:3006}}
Apr 28 20:15:23.985286 np0000171170 nova-scheduler[109391]: DEBUG cotyledon.oslo_config_glue [-] oslo_messaging_rabbit.processname = nova-scheduler {{(pid=109391) log_opt_values /opt/stack/data/venv/lib/python3.12/site-packages/oslo_config/cfg.py:3006}}
Apr 28 20:15:23.985286 np0000171170 nova-scheduler[109391]: DEBUG cotyledon.oslo_config_glue [-] oslo_messaging_rabbit.rabbit_ha_queues = False {{(pid=109391) log_opt_values /opt/stack/data/venv/lib/python3.12/site-packages/oslo_config/cfg.py:3006}}
Apr 28 20:15:23.985286 np0000171170 nova-scheduler[109391]: DEBUG cotyledon.oslo_config_glue [-] oslo_messaging_rabbit.rabbit_interval_max = 30 {{(pid=109391) log_opt_values /opt/stack/data/venv/lib/python3.12/site-packages/oslo_config/cfg.py:3006}}
Apr 28 20:15:23.985286 np0000171170 nova-scheduler[109391]: DEBUG cotyledon.oslo_config_glue [-] oslo_messaging_rabbit.rabbit_login_method = AMQPLAIN {{(pid=109391) log_opt_values /opt/stack/data/venv/lib/python3.12/site-packages/oslo_config/cfg.py:3006}}
Apr 28 20:15:23.985286 np0000171170 nova-scheduler[109391]: DEBUG cotyledon.oslo_config_glue [-] oslo_messaging_rabbit.rabbit_qos_prefetch_count = 0 {{(pid=109391) log_opt_values /opt/stack/data/venv/lib/python3.12/site-packages/oslo_config/cfg.py:3006}}
Apr 28 20:15:23.985504 np0000171170 nova-scheduler[109391]: DEBUG cotyledon.oslo_config_glue [-] oslo_messaging_rabbit.rabbit_quorum_delivery_limit = 0 {{(pid=109391) log_opt_values /opt/stack/data/venv/lib/python3.12/site-packages/oslo_config/cfg.py:3006}}
Apr 28 20:15:23.985504 np0000171170 nova-scheduler[109391]: DEBUG cotyledon.oslo_config_glue [-] oslo_messaging_rabbit.rabbit_quorum_max_memory_bytes = 0 {{(pid=109391) log_opt_values /opt/stack/data/venv/lib/python3.12/site-packages/oslo_config/cfg.py:3006}}
Apr 28 20:15:23.985504 np0000171170 nova-scheduler[109391]: DEBUG cotyledon.oslo_config_glue [-] oslo_messaging_rabbit.rabbit_quorum_max_memory_length = 0 {{(pid=109391) log_opt_values /opt/stack/data/venv/lib/python3.12/site-packages/oslo_config/cfg.py:3006}}
Apr 28 20:15:23.985504 np0000171170 nova-scheduler[109391]: DEBUG cotyledon.oslo_config_glue [-] oslo_messaging_rabbit.rabbit_quorum_queue = False {{(pid=109391) log_opt_values /opt/stack/data/venv/lib/python3.12/site-packages/oslo_config/cfg.py:3006}}
Apr 28 20:15:23.985504 np0000171170 nova-scheduler[109391]: DEBUG cotyledon.oslo_config_glue [-] oslo_messaging_rabbit.rabbit_retry_backoff = 2 {{(pid=109391) log_opt_values /opt/stack/data/venv/lib/python3.12/site-packages/oslo_config/cfg.py:3006}}
Apr 28 20:15:23.985504 np0000171170 nova-scheduler[109391]: DEBUG cotyledon.oslo_config_glue [-] oslo_messaging_rabbit.rabbit_retry_interval = 1 {{(pid=109391) log_opt_values /opt/stack/data/venv/lib/python3.12/site-packages/oslo_config/cfg.py:3006}}
Apr 28 20:15:23.985504 np0000171170 nova-scheduler[109391]: DEBUG cotyledon.oslo_config_glue [-] oslo_messaging_rabbit.rabbit_stream_fanout = False {{(pid=109391) log_opt_values /opt/stack/data/venv/lib/python3.12/site-packages/oslo_config/cfg.py:3006}}
Apr 28 20:15:23.985504 np0000171170 nova-scheduler[109391]: DEBUG cotyledon.oslo_config_glue [-] oslo_messaging_rabbit.rabbit_transient_queues_ttl = 1800 {{(pid=109391) log_opt_values /opt/stack/data/venv/lib/python3.12/site-packages/oslo_config/cfg.py:3006}}
Apr 28 20:15:23.985706 np0000171170 nova-scheduler[109391]: DEBUG cotyledon.oslo_config_glue [-] oslo_messaging_rabbit.rabbit_transient_quorum_queue = False {{(pid=109391) log_opt_values /opt/stack/data/venv/lib/python3.12/site-packages/oslo_config/cfg.py:3006}}
Apr 28 20:15:23.985706 np0000171170 nova-scheduler[109391]: DEBUG cotyledon.oslo_config_glue [-] oslo_messaging_rabbit.rpc_conn_pool_size = 30 {{(pid=109391) log_opt_values /opt/stack/data/venv/lib/python3.12/site-packages/oslo_config/cfg.py:3006}}
Apr 28 20:15:23.985706 np0000171170 nova-scheduler[109391]: DEBUG cotyledon.oslo_config_glue [-] oslo_messaging_rabbit.ssl = False {{(pid=109391) log_opt_values /opt/stack/data/venv/lib/python3.12/site-packages/oslo_config/cfg.py:3006}}
Apr 28 20:15:23.985706 np0000171170 nova-scheduler[109391]: DEBUG cotyledon.oslo_config_glue [-] oslo_messaging_rabbit.ssl_ca_file = {{(pid=109391) log_opt_values /opt/stack/data/venv/lib/python3.12/site-packages/oslo_config/cfg.py:3006}}
Apr 28 20:15:23.985706 np0000171170 nova-scheduler[109391]: DEBUG cotyledon.oslo_config_glue [-] oslo_messaging_rabbit.ssl_cert_file = {{(pid=109391) log_opt_values /opt/stack/data/venv/lib/python3.12/site-packages/oslo_config/cfg.py:3006}}
Apr 28 20:15:23.985706 np0000171170 nova-scheduler[109391]: DEBUG cotyledon.oslo_config_glue [-] oslo_messaging_rabbit.ssl_enforce_fips_mode = False {{(pid=109391) log_opt_values /opt/stack/data/venv/lib/python3.12/site-packages/oslo_config/cfg.py:3006}}
Apr 28 20:15:23.985706 np0000171170 nova-scheduler[109391]: DEBUG cotyledon.oslo_config_glue [-] oslo_messaging_rabbit.ssl_key_file = {{(pid=109391) log_opt_values /opt/stack/data/venv/lib/python3.12/site-packages/oslo_config/cfg.py:3006}}
Apr 28 20:15:23.985706 np0000171170 nova-scheduler[109391]: DEBUG cotyledon.oslo_config_glue [-] oslo_messaging_rabbit.ssl_version = {{(pid=109391) log_opt_values /opt/stack/data/venv/lib/python3.12/site-packages/oslo_config/cfg.py:3006}}
Apr 28 20:15:23.985706 np0000171170 nova-scheduler[109391]: DEBUG cotyledon.oslo_config_glue [-] oslo_messaging_rabbit.use_queue_manager = False {{(pid=109391) log_opt_values /opt/stack/data/venv/lib/python3.12/site-packages/oslo_config/cfg.py:3006}}
Apr 28 20:15:23.985922 np0000171170 nova-scheduler[109391]: DEBUG cotyledon.oslo_config_glue [-] oslo_messaging_notifications.driver = ['messagingv2'] {{(pid=109391) log_opt_values /opt/stack/data/venv/lib/python3.12/site-packages/oslo_config/cfg.py:3006}}
Apr 28 20:15:23.985922 np0000171170 nova-scheduler[109391]: DEBUG cotyledon.oslo_config_glue [-] oslo_messaging_notifications.retry = -1 {{(pid=109391) log_opt_values /opt/stack/data/venv/lib/python3.12/site-packages/oslo_config/cfg.py:3006}}
Apr 28 20:15:23.985922 np0000171170 nova-scheduler[109391]: DEBUG cotyledon.oslo_config_glue [-] oslo_messaging_notifications.topics = ['notifications'] {{(pid=109391) log_opt_values /opt/stack/data/venv/lib/python3.12/site-packages/oslo_config/cfg.py:3006}}
Apr 28 20:15:23.985922 np0000171170 nova-scheduler[109391]: DEBUG cotyledon.oslo_config_glue [-] oslo_messaging_notifications.transport_url = **** {{(pid=109391) log_opt_values /opt/stack/data/venv/lib/python3.12/site-packages/oslo_config/cfg.py:3006}}
Apr 28 20:15:23.985922 np0000171170 nova-scheduler[109391]: DEBUG cotyledon.oslo_config_glue [-] oslo_limit.auth_section = None {{(pid=109391) log_opt_values /opt/stack/data/venv/lib/python3.12/site-packages/oslo_config/cfg.py:3006}}
Apr 28 20:15:23.985922 np0000171170 nova-scheduler[109391]: DEBUG cotyledon.oslo_config_glue [-] oslo_limit.auth_type = None {{(pid=109391) log_opt_values /opt/stack/data/venv/lib/python3.12/site-packages/oslo_config/cfg.py:3006}}
Apr 28 20:15:23.985922 np0000171170 nova-scheduler[109391]: DEBUG cotyledon.oslo_config_glue [-] oslo_limit.cafile = None {{(pid=109391) log_opt_values /opt/stack/data/venv/lib/python3.12/site-packages/oslo_config/cfg.py:3006}}
Apr 28 20:15:23.985922 np0000171170 nova-scheduler[109391]: DEBUG cotyledon.oslo_config_glue [-] oslo_limit.certfile = None {{(pid=109391) log_opt_values /opt/stack/data/venv/lib/python3.12/site-packages/oslo_config/cfg.py:3006}}
Apr 28 20:15:23.985922 np0000171170 nova-scheduler[109391]: DEBUG cotyledon.oslo_config_glue [-] oslo_limit.collect_timing = False {{(pid=109391) log_opt_values /opt/stack/data/venv/lib/python3.12/site-packages/oslo_config/cfg.py:3006}}
Apr 28 20:15:23.986135 np0000171170 nova-scheduler[109391]: DEBUG cotyledon.oslo_config_glue [-] oslo_limit.connect_retries = None {{(pid=109391) log_opt_values /opt/stack/data/venv/lib/python3.12/site-packages/oslo_config/cfg.py:3006}}
Apr 28 20:15:23.986135 np0000171170 nova-scheduler[109391]: DEBUG cotyledon.oslo_config_glue [-] oslo_limit.connect_retry_delay = None {{(pid=109391) log_opt_values /opt/stack/data/venv/lib/python3.12/site-packages/oslo_config/cfg.py:3006}}
Apr 28 20:15:23.986135 np0000171170 nova-scheduler[109391]: DEBUG cotyledon.oslo_config_glue [-] oslo_limit.endpoint_id = None {{(pid=109391) log_opt_values /opt/stack/data/venv/lib/python3.12/site-packages/oslo_config/cfg.py:3006}}
Apr 28 20:15:23.986135 np0000171170 nova-scheduler[109391]: DEBUG cotyledon.oslo_config_glue [-] oslo_limit.endpoint_interface = public {{(pid=109391) log_opt_values /opt/stack/data/venv/lib/python3.12/site-packages/oslo_config/cfg.py:3006}}
Apr 28 20:15:23.986135 np0000171170 nova-scheduler[109391]: DEBUG cotyledon.oslo_config_glue [-] oslo_limit.endpoint_override = None {{(pid=109391) log_opt_values /opt/stack/data/venv/lib/python3.12/site-packages/oslo_config/cfg.py:3006}}
Apr 28 20:15:23.986135 np0000171170 nova-scheduler[109391]: DEBUG cotyledon.oslo_config_glue [-] oslo_limit.endpoint_region_name = None {{(pid=109391) log_opt_values /opt/stack/data/venv/lib/python3.12/site-packages/oslo_config/cfg.py:3006}}
Apr 28 20:15:23.986135 np0000171170 nova-scheduler[109391]: DEBUG cotyledon.oslo_config_glue [-] oslo_limit.endpoint_service_name = None {{(pid=109391) log_opt_values /opt/stack/data/venv/lib/python3.12/site-packages/oslo_config/cfg.py:3006}}
Apr 28 20:15:23.986135 np0000171170 nova-scheduler[109391]: DEBUG cotyledon.oslo_config_glue [-] oslo_limit.endpoint_service_type = None {{(pid=109391) log_opt_values /opt/stack/data/venv/lib/python3.12/site-packages/oslo_config/cfg.py:3006}}
Apr 28 20:15:23.986135 np0000171170 nova-scheduler[109391]: DEBUG cotyledon.oslo_config_glue [-] oslo_limit.insecure = False {{(pid=109391) log_opt_values /opt/stack/data/venv/lib/python3.12/site-packages/oslo_config/cfg.py:3006}}
Apr 28 20:15:23.986356 np0000171170 nova-scheduler[109391]: DEBUG cotyledon.oslo_config_glue [-] oslo_limit.keyfile = None {{(pid=109391) log_opt_values /opt/stack/data/venv/lib/python3.12/site-packages/oslo_config/cfg.py:3006}}
Apr 28 20:15:23.986356 np0000171170 nova-scheduler[109391]: DEBUG cotyledon.oslo_config_glue [-] oslo_limit.max_version = None {{(pid=109391) log_opt_values /opt/stack/data/venv/lib/python3.12/site-packages/oslo_config/cfg.py:3006}}
Apr 28 20:15:23.986356 np0000171170 nova-scheduler[109391]: DEBUG cotyledon.oslo_config_glue [-] oslo_limit.min_version = None {{(pid=109391) log_opt_values /opt/stack/data/venv/lib/python3.12/site-packages/oslo_config/cfg.py:3006}}
Apr 28 20:15:23.986356 np0000171170 nova-scheduler[109391]: DEBUG cotyledon.oslo_config_glue [-] oslo_limit.region_name = None {{(pid=109391) log_opt_values /opt/stack/data/venv/lib/python3.12/site-packages/oslo_config/cfg.py:3006}}
Apr 28 20:15:23.986356 np0000171170 nova-scheduler[109391]: DEBUG cotyledon.oslo_config_glue [-] oslo_limit.retriable_status_codes = None {{(pid=109391) log_opt_values /opt/stack/data/venv/lib/python3.12/site-packages/oslo_config/cfg.py:3006}}
Apr 28 20:15:23.986356 np0000171170 nova-scheduler[109391]: DEBUG cotyledon.oslo_config_glue [-] oslo_limit.service_name = None {{(pid=109391) log_opt_values /opt/stack/data/venv/lib/python3.12/site-packages/oslo_config/cfg.py:3006}}
Apr 28 20:15:23.986356 np0000171170 nova-scheduler[109391]: DEBUG cotyledon.oslo_config_glue [-] oslo_limit.service_type = None {{(pid=109391) log_opt_values /opt/stack/data/venv/lib/python3.12/site-packages/oslo_config/cfg.py:3006}}
Apr 28 20:15:23.986356 np0000171170 nova-scheduler[109391]: DEBUG cotyledon.oslo_config_glue [-] oslo_limit.split_loggers = False {{(pid=109391) log_opt_values /opt/stack/data/venv/lib/python3.12/site-packages/oslo_config/cfg.py:3006}}
Apr 28 20:15:23.986356 np0000171170 nova-scheduler[109391]: DEBUG cotyledon.oslo_config_glue [-] oslo_limit.status_code_retries = None {{(pid=109391) log_opt_values /opt/stack/data/venv/lib/python3.12/site-packages/oslo_config/cfg.py:3006}}
Apr 28 20:15:23.986569 np0000171170 nova-scheduler[109391]: DEBUG cotyledon.oslo_config_glue [-] oslo_limit.status_code_retry_delay = None {{(pid=109391) log_opt_values /opt/stack/data/venv/lib/python3.12/site-packages/oslo_config/cfg.py:3006}}
Apr 28 20:15:23.986569 np0000171170 nova-scheduler[109391]: DEBUG cotyledon.oslo_config_glue [-] oslo_limit.timeout = None {{(pid=109391) log_opt_values /opt/stack/data/venv/lib/python3.12/site-packages/oslo_config/cfg.py:3006}}
Apr 28 20:15:23.986569 np0000171170 nova-scheduler[109391]: DEBUG cotyledon.oslo_config_glue [-] oslo_limit.valid_interfaces = None {{(pid=109391) log_opt_values /opt/stack/data/venv/lib/python3.12/site-packages/oslo_config/cfg.py:3006}}
Apr 28 20:15:23.986569 np0000171170 nova-scheduler[109391]: DEBUG cotyledon.oslo_config_glue [-] oslo_limit.version = None {{(pid=109391) log_opt_values /opt/stack/data/venv/lib/python3.12/site-packages/oslo_config/cfg.py:3006}}
Apr 28 20:15:23.986569 np0000171170 nova-scheduler[109391]: DEBUG cotyledon.oslo_config_glue [-] oslo_reports.file_event_handler = None {{(pid=109391) log_opt_values /opt/stack/data/venv/lib/python3.12/site-packages/oslo_config/cfg.py:3006}}
Apr 28 20:15:23.986569 np0000171170 nova-scheduler[109391]: DEBUG cotyledon.oslo_config_glue [-] oslo_reports.file_event_handler_interval = 1 {{(pid=109391) log_opt_values /opt/stack/data/venv/lib/python3.12/site-packages/oslo_config/cfg.py:3006}}
Apr 28 20:15:23.986569 np0000171170 nova-scheduler[109391]: DEBUG cotyledon.oslo_config_glue [-] oslo_reports.log_dir = None {{(pid=109391) log_opt_values /opt/stack/data/venv/lib/python3.12/site-packages/oslo_config/cfg.py:3006}}
Apr 28 20:15:23.986569 np0000171170 nova-scheduler[109391]: DEBUG cotyledon.oslo_config_glue [-] ******************************************************************************** {{(pid=109391) log_opt_values /opt/stack/data/venv/lib/python3.12/site-packages/oslo_config/cfg.py:3013}}
Apr 28 20:15:23.986569 np0000171170 nova-scheduler[109391]: DEBUG cotyledon._service_worker [-] Run service ServiceWrapper(3) [109391] {{(pid=109391) wait_forever /opt/stack/data/venv/lib/python3.12/site-packages/cotyledon/_service_worker.py:218}}
Apr 28 20:15:23.986807 np0000171170 nova-scheduler[109391]: INFO nova.service [-] Starting scheduler node (version 33.1.0)
Apr 28 20:15:23.986836 np0000171170 nova-scheduler[109381]: DEBUG dbcounter [-] [109381] Writer thread running {{(pid=109381) stat_writer /opt/stack/data/venv/lib/python3.12/site-packages/dbcounter.py:102}}
Apr 28 20:15:23.986836 np0000171170 nova-scheduler[109381]: DEBUG nova.service [None req-387af6a7-3551-4e63-bc59-b57b84f331e2 None None] Creating RPC server for service: nova-scheduler on topic: scheduler {{(pid=109381) start /opt/stack/nova/nova/service.py:195}}
Apr 28 20:15:23.986893 np0000171170 nova-scheduler[109391]: INFO dbcounter [None req-98b24f1c-3964-4e6c-b6f6-e294978f8c17 None None] Registered counter for database nova_cell0
Apr 28 20:15:23.986893 np0000171170 nova-scheduler[109391]: DEBUG oslo_db.sqlalchemy.engines [None req-98b24f1c-3964-4e6c-b6f6-e294978f8c17 None None] MySQL server mode set to STRICT_TRANS_TABLES,STRICT_ALL_TABLES,NO_ZERO_IN_DATE,NO_ZERO_DATE,ERROR_FOR_DIVISION_BY_ZERO,TRADITIONAL,NO_ENGINE_SUBSTITUTION {{(pid=109391) _check_effective_sql_mode /opt/stack/data/venv/lib/python3.12/site-packages/oslo_db/sqlalchemy/engines.py:325}}
Apr 28 20:15:23.986944 np0000171170 nova-scheduler[109368]: DEBUG nova.service [None req-9b5e6479-42b4-408e-a72b-d81d5e98ea35 None None] Join ServiceGroup membership for this service scheduler {{(pid=109368) start /opt/stack/nova/nova/service.py:221}}
Apr 28 20:15:23.986944 np0000171170 nova-scheduler[109368]: DEBUG nova.servicegroup.drivers.db [None req-9b5e6479-42b4-408e-a72b-d81d5e98ea35 None None] DB_Driver: join new ServiceGroup member np0000171170 to the scheduler group, service = {{(pid=109368) join /opt/stack/nova/nova/servicegroup/drivers/db.py:44}}
Apr 28 20:15:23.987003 np0000171170 nova-scheduler[109375]: DEBUG nova.service [None req-dbcf5f46-6419-45f6-af07-99e57efb5af1 None None] Join ServiceGroup membership for this service scheduler {{(pid=109375) start /opt/stack/nova/nova/service.py:221}}
Apr 28 20:15:23.987003 np0000171170 nova-scheduler[109375]: DEBUG nova.servicegroup.drivers.db [None req-dbcf5f46-6419-45f6-af07-99e57efb5af1 None None] DB_Driver: join new ServiceGroup member np0000171170 to the scheduler group, service = {{(pid=109375) join /opt/stack/nova/nova/servicegroup/drivers/db.py:44}}
Apr 28 20:15:23.993654 np0000171170 nova-scheduler[109391]: DEBUG dbcounter [-] [109391] Writer thread running {{(pid=109391) stat_writer /opt/stack/data/venv/lib/python3.12/site-packages/dbcounter.py:102}}
Apr 28 20:15:23.996805 np0000171170 nova-scheduler[109391]: DEBUG nova.service [None req-98b24f1c-3964-4e6c-b6f6-e294978f8c17 None None] Creating RPC server for service: nova-scheduler on topic: scheduler {{(pid=109391) start /opt/stack/nova/nova/service.py:195}}
Apr 28 20:15:23.997590 np0000171170 nova-scheduler[109381]: DEBUG nova.service [None req-387af6a7-3551-4e63-bc59-b57b84f331e2 None None] Join ServiceGroup membership for this service scheduler {{(pid=109381) start /opt/stack/nova/nova/service.py:221}}
Apr 28 20:15:23.998684 np0000171170 nova-scheduler[109381]: DEBUG nova.servicegroup.drivers.db [None req-387af6a7-3551-4e63-bc59-b57b84f331e2 None None] DB_Driver: join new ServiceGroup member np0000171170 to the scheduler group, service = {{(pid=109381) join /opt/stack/nova/nova/servicegroup/drivers/db.py:44}}
Apr 28 20:15:24.018191 np0000171170 nova-scheduler[109391]: DEBUG nova.service [None req-98b24f1c-3964-4e6c-b6f6-e294978f8c17 None None] Join ServiceGroup membership for this service scheduler {{(pid=109391) start /opt/stack/nova/nova/service.py:221}}
Apr 28 20:15:24.018491 np0000171170 nova-scheduler[109391]: DEBUG nova.servicegroup.drivers.db [None req-98b24f1c-3964-4e6c-b6f6-e294978f8c17 None None] DB_Driver: join new ServiceGroup member np0000171170 to the scheduler group, service = {{(pid=109391) join /opt/stack/nova/nova/servicegroup/drivers/db.py:44}}
Apr 28 20:15:29.005150 np0000171170 nova-scheduler[109368]: DEBUG oslo.service.backend._threading.loopingcall [-] Fixed interval looping call 'nova.servicegroup.drivers.db.DbDriver._report_state' sleeping for 119.98 seconds {{(pid=109368) _run_loop /opt/stack/data/venv/lib/python3.12/site-packages/oslo_service/backend/_threading/loopingcall.py:125}}
Apr 28 20:15:29.006687 np0000171170 nova-scheduler[109375]: DEBUG oslo.service.backend._threading.loopingcall [-] Fixed interval looping call 'nova.servicegroup.drivers.db.DbDriver._report_state' sleeping for 119.98 seconds {{(pid=109375) _run_loop /opt/stack/data/venv/lib/python3.12/site-packages/oslo_service/backend/_threading/loopingcall.py:125}}
Apr 28 20:15:29.011772 np0000171170 nova-scheduler[109381]: DEBUG oslo.service.backend._threading.loopingcall [-] Fixed interval looping call 'nova.servicegroup.drivers.db.DbDriver._report_state' sleeping for 119.99 seconds {{(pid=109381) _run_loop /opt/stack/data/venv/lib/python3.12/site-packages/oslo_service/backend/_threading/loopingcall.py:125}}
Apr 28 20:15:29.032610 np0000171170 nova-scheduler[109391]: DEBUG oslo.service.backend._threading.loopingcall [-] Fixed interval looping call 'nova.servicegroup.drivers.db.DbDriver._report_state' sleeping for 119.99 seconds {{(pid=109391) _run_loop /opt/stack/data/venv/lib/python3.12/site-packages/oslo_service/backend/_threading/loopingcall.py:125}}
Apr 28 20:15:32.595505 np0000171170 nova-scheduler[108646]: DEBUG dbcounter [-] [108646] Writing DB stats nova_api:SELECT=3 {{(pid=108646) stat_writer /opt/stack/data/venv/lib/python3.12/site-packages/dbcounter.py:115}}
Apr 28 20:15:32.695596 np0000171170 nova-scheduler[108646]: DEBUG dbcounter [-] [108646] Writing DB stats nova_cell0:SELECT=1 {{(pid=108646) stat_writer /opt/stack/data/venv/lib/python3.12/site-packages/dbcounter.py:115}}
Apr 28 20:15:32.699947 np0000171170 nova-scheduler[108646]: DEBUG dbcounter [-] [108646] Writing DB stats nova_cell1:SELECT=1 {{(pid=108646) stat_writer /opt/stack/data/venv/lib/python3.12/site-packages/dbcounter.py:115}}
Apr 28 20:15:33.988895 np0000171170 nova-scheduler[109368]: DEBUG oslo.service.backend._threading.loopingcall [None req-69fe1cb3-a70d-4bcc-9d6b-111c9caad13f None None] Dynamic interval looping call 'nova.service.Service.periodic_tasks' sleeping for 60.00 seconds {{(pid=109368) _run_loop /opt/stack/data/venv/lib/python3.12/site-packages/oslo_service/backend/_threading/loopingcall.py:125}}
Apr 28 20:15:38.998142 np0000171170 nova-scheduler[109368]: DEBUG dbcounter [-] [109368] Writing DB stats nova_cell0:SELECT=4,nova_cell0:INSERT=1,nova_cell0:UPDATE=1 {{(pid=109368) stat_writer /opt/stack/data/venv/lib/python3.12/site-packages/dbcounter.py:115}}
Apr 28 20:15:39.002166 np0000171170 nova-scheduler[109375]: DEBUG dbcounter [-] [109375] Writing DB stats nova_cell0:SELECT=3,nova_cell0:UPDATE=1 {{(pid=109375) stat_writer /opt/stack/data/venv/lib/python3.12/site-packages/dbcounter.py:115}}
Apr 28 20:15:39.008740 np0000171170 nova-scheduler[109381]: DEBUG dbcounter [-] [109381] Writing DB stats nova_cell0:SELECT=3 {{(pid=109381) stat_writer /opt/stack/data/venv/lib/python3.12/site-packages/dbcounter.py:115}}
Apr 28 20:15:39.029427 np0000171170 nova-scheduler[109391]: DEBUG dbcounter [-] [109391] Writing DB stats nova_cell0:SELECT=3 {{(pid=109391) stat_writer /opt/stack/data/venv/lib/python3.12/site-packages/dbcounter.py:115}}
Apr 28 20:15:58.022471 np0000171170 nova-scheduler[109391]: DEBUG oslo.service.backend._threading.loopingcall [None req-ca5f04fc-f7d1-46c7-a297-cbb2f2074414 None None] Dynamic interval looping call 'nova.service.Service.periodic_tasks' sleeping for 60.00 seconds {{(pid=109391) _run_loop /opt/stack/data/venv/lib/python3.12/site-packages/oslo_service/backend/_threading/loopingcall.py:125}}
Apr 28 20:16:15.990412 np0000171170 nova-scheduler[109375]: DEBUG oslo.service.backend._threading.loopingcall [None req-a427eca8-b3f8-4f6e-9e95-c79d12c9dcbf None None] Dynamic interval looping call 'nova.service.Service.periodic_tasks' sleeping for 60.00 seconds {{(pid=109375) _run_loop /opt/stack/data/venv/lib/python3.12/site-packages/oslo_service/backend/_threading/loopingcall.py:125}}
Apr 28 20:16:18.001583 np0000171170 nova-scheduler[109381]: DEBUG oslo.service.backend._threading.loopingcall [None req-bce09f0e-47f0-42fa-b22e-2bfa37f38830 None None] Dynamic interval looping call 'nova.service.Service.periodic_tasks' sleeping for 60.00 seconds {{(pid=109381) _run_loop /opt/stack/data/venv/lib/python3.12/site-packages/oslo_service/backend/_threading/loopingcall.py:125}}
Apr 28 20:16:33.989773 np0000171170 nova-scheduler[109368]: DEBUG oslo.service.backend._threading.loopingcall [None req-69fe1cb3-a70d-4bcc-9d6b-111c9caad13f None None] Dynamic interval looping call 'nova.service.Service.periodic_tasks' sleeping for 60.00 seconds {{(pid=109368) _run_loop /opt/stack/data/venv/lib/python3.12/site-packages/oslo_service/backend/_threading/loopingcall.py:125}}
Apr 28 20:16:58.023033 np0000171170 nova-scheduler[109391]: DEBUG oslo.service.backend._threading.loopingcall [None req-ca5f04fc-f7d1-46c7-a297-cbb2f2074414 None None] Dynamic interval looping call 'nova.service.Service.periodic_tasks' sleeping for 60.00 seconds {{(pid=109391) _run_loop /opt/stack/data/venv/lib/python3.12/site-packages/oslo_service/backend/_threading/loopingcall.py:125}}
Apr 28 20:17:15.991039 np0000171170 nova-scheduler[109375]: DEBUG oslo.service.backend._threading.loopingcall [None req-a427eca8-b3f8-4f6e-9e95-c79d12c9dcbf None None] Dynamic interval looping call 'nova.service.Service.periodic_tasks' sleeping for 60.00 seconds {{(pid=109375) _run_loop /opt/stack/data/venv/lib/python3.12/site-packages/oslo_service/backend/_threading/loopingcall.py:125}}
Apr 28 20:17:18.002291 np0000171170 nova-scheduler[109381]: DEBUG oslo.service.backend._threading.loopingcall [None req-bce09f0e-47f0-42fa-b22e-2bfa37f38830 None None] Dynamic interval looping call 'nova.service.Service.periodic_tasks' sleeping for 60.00 seconds {{(pid=109381) _run_loop /opt/stack/data/venv/lib/python3.12/site-packages/oslo_service/backend/_threading/loopingcall.py:125}}
Apr 28 20:17:28.998211 np0000171170 nova-scheduler[109368]: DEBUG oslo.service.backend._threading.loopingcall [-] Fixed interval looping call 'nova.servicegroup.drivers.db.DbDriver._report_state' sleeping for 119.99 seconds {{(pid=109368) _run_loop /opt/stack/data/venv/lib/python3.12/site-packages/oslo_service/backend/_threading/loopingcall.py:125}}
Apr 28 20:17:28.999147 np0000171170 nova-scheduler[109375]: DEBUG oslo.service.backend._threading.loopingcall [-] Fixed interval looping call 'nova.servicegroup.drivers.db.DbDriver._report_state' sleeping for 119.99 seconds {{(pid=109375) _run_loop /opt/stack/data/venv/lib/python3.12/site-packages/oslo_service/backend/_threading/loopingcall.py:125}}
Apr 28 20:17:29.008618 np0000171170 nova-scheduler[109381]: DEBUG oslo.service.backend._threading.loopingcall [-] Fixed interval looping call 'nova.servicegroup.drivers.db.DbDriver._report_state' sleeping for 119.99 seconds {{(pid=109381) _run_loop /opt/stack/data/venv/lib/python3.12/site-packages/oslo_service/backend/_threading/loopingcall.py:125}}
Apr 28 20:17:29.026505 np0000171170 nova-scheduler[109391]: DEBUG oslo.service.backend._threading.loopingcall [-] Fixed interval looping call 'nova.servicegroup.drivers.db.DbDriver._report_state' sleeping for 120.00 seconds {{(pid=109391) _run_loop /opt/stack/data/venv/lib/python3.12/site-packages/oslo_service/backend/_threading/loopingcall.py:125}}
Apr 28 20:17:33.990482 np0000171170 nova-scheduler[109368]: DEBUG oslo.service.backend._threading.loopingcall [None req-69fe1cb3-a70d-4bcc-9d6b-111c9caad13f None None] Dynamic interval looping call 'nova.service.Service.periodic_tasks' sleeping for 60.00 seconds {{(pid=109368) _run_loop /opt/stack/data/venv/lib/python3.12/site-packages/oslo_service/backend/_threading/loopingcall.py:125}}
Apr 28 20:17:38.991411 np0000171170 nova-scheduler[109368]: DEBUG dbcounter [-] [109368] Writing DB stats nova_cell0:SELECT=1,nova_cell0:UPDATE=1 {{(pid=109368) stat_writer /opt/stack/data/venv/lib/python3.12/site-packages/dbcounter.py:115}}
Apr 28 20:17:38.993160 np0000171170 nova-scheduler[109375]: DEBUG dbcounter [-] [109375] Writing DB stats nova_cell0:SELECT=1,nova_cell0:UPDATE=1 {{(pid=109375) stat_writer /opt/stack/data/venv/lib/python3.12/site-packages/dbcounter.py:115}}
Apr 28 20:17:39.006377 np0000171170 nova-scheduler[109381]: DEBUG dbcounter [-] [109381] Writing DB stats nova_cell0:SELECT=1 {{(pid=109381) stat_writer /opt/stack/data/venv/lib/python3.12/site-packages/dbcounter.py:115}}
Apr 28 20:17:39.024872 np0000171170 nova-scheduler[109391]: DEBUG dbcounter [-] [109391] Writing DB stats nova_cell0:SELECT=1 {{(pid=109391) stat_writer /opt/stack/data/venv/lib/python3.12/site-packages/dbcounter.py:115}}
Apr 28 20:17:58.023862 np0000171170 nova-scheduler[109391]: DEBUG oslo.service.backend._threading.loopingcall [None req-ca5f04fc-f7d1-46c7-a297-cbb2f2074414 None None] Dynamic interval looping call 'nova.service.Service.periodic_tasks' sleeping for 60.00 seconds {{(pid=109391) _run_loop /opt/stack/data/venv/lib/python3.12/site-packages/oslo_service/backend/_threading/loopingcall.py:125}}
Apr 28 20:18:15.992195 np0000171170 nova-scheduler[109375]: DEBUG oslo.service.backend._threading.loopingcall [None req-a427eca8-b3f8-4f6e-9e95-c79d12c9dcbf None None] Dynamic interval looping call 'nova.service.Service.periodic_tasks' sleeping for 60.00 seconds {{(pid=109375) _run_loop /opt/stack/data/venv/lib/python3.12/site-packages/oslo_service/backend/_threading/loopingcall.py:125}}
Apr 28 20:18:18.003206 np0000171170 nova-scheduler[109381]: DEBUG oslo.service.backend._threading.loopingcall [None req-bce09f0e-47f0-42fa-b22e-2bfa37f38830 None None] Dynamic interval looping call 'nova.service.Service.periodic_tasks' sleeping for 60.00 seconds {{(pid=109381) _run_loop /opt/stack/data/venv/lib/python3.12/site-packages/oslo_service/backend/_threading/loopingcall.py:125}}
Apr 28 20:18:33.991467 np0000171170 nova-scheduler[109368]: DEBUG oslo.service.backend._threading.loopingcall [None req-69fe1cb3-a70d-4bcc-9d6b-111c9caad13f None None] Dynamic interval looping call 'nova.service.Service.periodic_tasks' sleeping for 60.00 seconds {{(pid=109368) _run_loop /opt/stack/data/venv/lib/python3.12/site-packages/oslo_service/backend/_threading/loopingcall.py:125}}
Apr 28 20:18:58.024682 np0000171170 nova-scheduler[109391]: DEBUG oslo.service.backend._threading.loopingcall [None req-ca5f04fc-f7d1-46c7-a297-cbb2f2074414 None None] Dynamic interval looping call 'nova.service.Service.periodic_tasks' sleeping for 60.00 seconds {{(pid=109391) _run_loop /opt/stack/data/venv/lib/python3.12/site-packages/oslo_service/backend/_threading/loopingcall.py:125}}
Apr 28 20:19:15.992641 np0000171170 nova-scheduler[109375]: DEBUG oslo.service.backend._threading.loopingcall [None req-a427eca8-b3f8-4f6e-9e95-c79d12c9dcbf None None] Dynamic interval looping call 'nova.service.Service.periodic_tasks' sleeping for 60.00 seconds {{(pid=109375) _run_loop /opt/stack/data/venv/lib/python3.12/site-packages/oslo_service/backend/_threading/loopingcall.py:125}}
Apr 28 20:19:18.003903 np0000171170 nova-scheduler[109381]: DEBUG oslo.service.backend._threading.loopingcall [None req-bce09f0e-47f0-42fa-b22e-2bfa37f38830 None None] Dynamic interval looping call 'nova.service.Service.periodic_tasks' sleeping for 60.00 seconds {{(pid=109381) _run_loop /opt/stack/data/venv/lib/python3.12/site-packages/oslo_service/backend/_threading/loopingcall.py:125}}
Apr 28 20:19:29.001422 np0000171170 nova-scheduler[109368]: DEBUG oslo.service.backend._threading.loopingcall [-] Fixed interval looping call 'nova.servicegroup.drivers.db.DbDriver._report_state' sleeping for 119.99 seconds {{(pid=109368) _run_loop /opt/stack/data/venv/lib/python3.12/site-packages/oslo_service/backend/_threading/loopingcall.py:125}}
Apr 28 20:19:29.002193 np0000171170 nova-scheduler[109375]: DEBUG oslo.service.backend._threading.loopingcall [-] Fixed interval looping call 'nova.servicegroup.drivers.db.DbDriver._report_state' sleeping for 119.99 seconds {{(pid=109375) _run_loop /opt/stack/data/venv/lib/python3.12/site-packages/oslo_service/backend/_threading/loopingcall.py:125}}
Apr 28 20:19:29.003339 np0000171170 nova-scheduler[109381]: DEBUG oslo.service.backend._threading.loopingcall [-] Fixed interval looping call 'nova.servicegroup.drivers.db.DbDriver._report_state' sleeping for 120.00 seconds {{(pid=109381) _run_loop /opt/stack/data/venv/lib/python3.12/site-packages/oslo_service/backend/_threading/loopingcall.py:125}}
Apr 28 20:19:29.032944 np0000171170 nova-scheduler[109391]: DEBUG oslo.service.backend._threading.loopingcall [-] Fixed interval looping call 'nova.servicegroup.drivers.db.DbDriver._report_state' sleeping for 119.99 seconds {{(pid=109391) _run_loop /opt/stack/data/venv/lib/python3.12/site-packages/oslo_service/backend/_threading/loopingcall.py:125}}
Apr 28 20:19:33.991894 np0000171170 nova-scheduler[109368]: DEBUG oslo.service.backend._threading.loopingcall [None req-69fe1cb3-a70d-4bcc-9d6b-111c9caad13f None None] Dynamic interval looping call 'nova.service.Service.periodic_tasks' sleeping for 60.00 seconds {{(pid=109368) _run_loop /opt/stack/data/venv/lib/python3.12/site-packages/oslo_service/backend/_threading/loopingcall.py:125}}
Apr 28 20:19:38.994250 np0000171170 nova-scheduler[109368]: DEBUG dbcounter [-] [109368] Writing DB stats nova_cell0:SELECT=1,nova_cell0:UPDATE=1 {{(pid=109368) stat_writer /opt/stack/data/venv/lib/python3.12/site-packages/dbcounter.py:115}}
