May 21 01:00:22.211622 np0000175585 neutron-periodic-workers[104989]: DEBUG cotyledon.oslo_config_glue [-] database.connection_recycle_time = 3600 {{(pid=104989) log_opt_values /opt/stack/data/venv/lib/python3.12/site-packages/oslo_config/cfg.py:3256}}
May 21 01:00:22.211673 np0000175585 neutron-periodic-workers[104989]: DEBUG cotyledon.oslo_config_glue [-] database.connection_trace = False {{(pid=104989) log_opt_values /opt/stack/data/venv/lib/python3.12/site-packages/oslo_config/cfg.py:3256}}
May 21 01:00:22.211716 np0000175585 neutron-periodic-workers[104989]: DEBUG cotyledon.oslo_config_glue [-] database.db_inc_retry_interval = True {{(pid=104989) log_opt_values /opt/stack/data/venv/lib/python3.12/site-packages/oslo_config/cfg.py:3256}}
May 21 01:00:22.211757 np0000175585 neutron-periodic-workers[104989]: DEBUG cotyledon.oslo_config_glue [-] database.db_max_retries = 20 {{(pid=104989) log_opt_values /opt/stack/data/venv/lib/python3.12/site-packages/oslo_config/cfg.py:3256}}
May 21 01:00:22.212453 np0000175585 neutron-periodic-workers[104989]: DEBUG cotyledon.oslo_config_glue [-] database.db_max_retry_interval = 10 {{(pid=104989) log_opt_values /opt/stack/data/venv/lib/python3.12/site-packages/oslo_config/cfg.py:3256}}
May 21 01:00:22.212502 np0000175585 neutron-periodic-workers[104989]: DEBUG cotyledon.oslo_config_glue [-] database.db_retry_interval = 1 {{(pid=104989) log_opt_values /opt/stack/data/venv/lib/python3.12/site-packages/oslo_config/cfg.py:3256}}
May 21 01:00:22.212546 np0000175585 neutron-periodic-workers[104989]: DEBUG cotyledon.oslo_config_glue [-] database.max_overflow = 50 {{(pid=104989) log_opt_values /opt/stack/data/venv/lib/python3.12/site-packages/oslo_config/cfg.py:3256}}
May 21 01:00:22.212599 np0000175585 neutron-periodic-workers[104989]: DEBUG cotyledon.oslo_config_glue [-] database.max_pool_size = 5 {{(pid=104989) log_opt_values /opt/stack/data/venv/lib/python3.12/site-packages/oslo_config/cfg.py:3256}}
May 21 01:00:22.212599 np0000175585 neutron-periodic-workers[104989]: DEBUG cotyledon.oslo_config_glue [-] database.max_retries = 10 {{(pid=104989) log_opt_values /opt/stack/data/venv/lib/python3.12/site-packages/oslo_config/cfg.py:3256}}
May 21 01:00:22.212685 np0000175585 neutron-periodic-workers[104989]: DEBUG cotyledon.oslo_config_glue [-] database.mysql_sql_mode = TRADITIONAL {{(pid=104989) log_opt_values /opt/stack/data/venv/lib/python3.12/site-packages/oslo_config/cfg.py:3256}}
May 21 01:00:22.212685 np0000175585 neutron-periodic-workers[104989]: DEBUG cotyledon.oslo_config_glue [-] database.mysql_wsrep_sync_wait = None {{(pid=104989) log_opt_values /opt/stack/data/venv/lib/python3.12/site-packages/oslo_config/cfg.py:3256}}
May 21 01:00:22.212765 np0000175585 neutron-periodic-workers[104989]: DEBUG cotyledon.oslo_config_glue [-] database.pool_timeout = None {{(pid=104989) log_opt_values /opt/stack/data/venv/lib/python3.12/site-packages/oslo_config/cfg.py:3256}}
May 21 01:00:22.212765 np0000175585 neutron-periodic-workers[104989]: DEBUG cotyledon.oslo_config_glue [-] database.retry_interval = 10 {{(pid=104989) log_opt_values /opt/stack/data/venv/lib/python3.12/site-packages/oslo_config/cfg.py:3256}}
May 21 01:00:22.212854 np0000175585 neutron-periodic-workers[104989]: DEBUG cotyledon.oslo_config_glue [-] database.slave_connection = **** {{(pid=104989) log_opt_values /opt/stack/data/venv/lib/python3.12/site-packages/oslo_config/cfg.py:3256}}
May 21 01:00:22.212854 np0000175585 neutron-periodic-workers[104989]: DEBUG cotyledon.oslo_config_glue [-] database.sqlite_synchronous = True {{(pid=104989) log_opt_values /opt/stack/data/venv/lib/python3.12/site-packages/oslo_config/cfg.py:3256}}
May 21 01:00:22.212931 np0000175585 neutron-periodic-workers[104989]: DEBUG cotyledon.oslo_config_glue [-] database.synchronous_reader = True {{(pid=104989) log_opt_values /opt/stack/data/venv/lib/python3.12/site-packages/oslo_config/cfg.py:3256}}
May 21 01:00:22.212931 np0000175585 neutron-periodic-workers[104989]: DEBUG cotyledon.oslo_config_glue [-] database.use_db_reconnect = False {{(pid=104989) log_opt_values /opt/stack/data/venv/lib/python3.12/site-packages/oslo_config/cfg.py:3256}}
May 21 01:00:22.213024 np0000175585 neutron-periodic-workers[104989]: DEBUG cotyledon.oslo_config_glue [-] ovn.bfd_min_rx = 1000 {{(pid=104989) log_opt_values /opt/stack/data/venv/lib/python3.12/site-packages/oslo_config/cfg.py:3256}}
May 21 01:00:22.213066 np0000175585 neutron-periodic-workers[104989]: DEBUG cotyledon.oslo_config_glue [-] ovn.bfd_min_tx = 100 {{(pid=104989) log_opt_values /opt/stack/data/venv/lib/python3.12/site-packages/oslo_config/cfg.py:3256}}
May 21 01:00:22.213120 np0000175585 neutron-periodic-workers[104989]: DEBUG cotyledon.oslo_config_glue [-] ovn.bfd_mult = 3 {{(pid=104989) log_opt_values /opt/stack/data/venv/lib/python3.12/site-packages/oslo_config/cfg.py:3256}}
May 21 01:00:22.213164 np0000175585 neutron-periodic-workers[104989]: DEBUG cotyledon.oslo_config_glue [-] ovn.broadcast_arps_to_all_routers = True {{(pid=104989) log_opt_values /opt/stack/data/venv/lib/python3.12/site-packages/oslo_config/cfg.py:3256}}
May 21 01:00:22.213207 np0000175585 neutron-periodic-workers[104989]: DEBUG cotyledon.oslo_config_glue [-] ovn.dhcp_default_lease_time = 43200 {{(pid=104989) log_opt_values /opt/stack/data/venv/lib/python3.12/site-packages/oslo_config/cfg.py:3256}}
May 21 01:00:22.213266 np0000175585 neutron-periodic-workers[104989]: DEBUG cotyledon.oslo_config_glue [-] ovn.disable_ovn_dhcp_for_baremetal_ports = False {{(pid=104989) log_opt_values /opt/stack/data/venv/lib/python3.12/site-packages/oslo_config/cfg.py:3256}}
May 21 01:00:22.213311 np0000175585 neutron-periodic-workers[104989]: DEBUG cotyledon.oslo_config_glue [-] ovn.dns_records_ovn_owned = False {{(pid=104989) log_opt_values /opt/stack/data/venv/lib/python3.12/site-packages/oslo_config/cfg.py:3256}}
May 21 01:00:22.213352 np0000175585 neutron-periodic-workers[104989]: DEBUG cotyledon.oslo_config_glue [-] ovn.dns_servers = [] {{(pid=104989) log_opt_values /opt/stack/data/venv/lib/python3.12/site-packages/oslo_config/cfg.py:3256}}
May 21 01:00:22.213403 np0000175585 neutron-periodic-workers[104989]: DEBUG cotyledon.oslo_config_glue [-] ovn.enable_distributed_floating_ip = False {{(pid=104989) log_opt_values /opt/stack/data/venv/lib/python3.12/site-packages/oslo_config/cfg.py:3256}}
May 21 01:00:22.213446 np0000175585 neutron-periodic-workers[104989]: DEBUG cotyledon.oslo_config_glue [-] ovn.fdb_age_threshold = 300 {{(pid=104989) log_opt_values /opt/stack/data/venv/lib/python3.12/site-packages/oslo_config/cfg.py:3256}}
May 21 01:00:22.213489 np0000175585 neutron-periodic-workers[104989]: DEBUG cotyledon.oslo_config_glue [-] ovn.ha_failover_strategy = normal {{(pid=104989) log_opt_values /opt/stack/data/venv/lib/python3.12/site-packages/oslo_config/cfg.py:3256}}
May 21 01:00:22.213489 np0000175585 neutron-periodic-workers[104989]: DEBUG cotyledon.oslo_config_glue [-] ovn.live_migration_activation_strategy = rarp {{(pid=104989) log_opt_values /opt/stack/data/venv/lib/python3.12/site-packages/oslo_config/cfg.py:3256}}
May 21 01:00:22.213572 np0000175585 neutron-periodic-workers[104989]: DEBUG cotyledon.oslo_config_glue [-] ovn.localnet_learn_fdb = False {{(pid=104989) log_opt_values /opt/stack/data/venv/lib/python3.12/site-packages/oslo_config/cfg.py:3256}}
May 21 01:00:22.213572 np0000175585 neutron-periodic-workers[104989]: DEBUG cotyledon.oslo_config_glue [-] ovn.mac_binding_age_threshold = 300 {{(pid=104989) log_opt_values /opt/stack/data/venv/lib/python3.12/site-packages/oslo_config/cfg.py:3256}}
May 21 01:00:22.213651 np0000175585 neutron-periodic-workers[104989]: DEBUG cotyledon.oslo_config_glue [-] ovn.neutron_sync_mode = log {{(pid=104989) log_opt_values /opt/stack/data/venv/lib/python3.12/site-packages/oslo_config/cfg.py:3256}}
May 21 01:00:22.213703 np0000175585 neutron-periodic-workers[104989]: DEBUG cotyledon.oslo_config_glue [-] ovn.ovn_dhcp4_global_options = {} {{(pid=104989) log_opt_values /opt/stack/data/venv/lib/python3.12/site-packages/oslo_config/cfg.py:3256}}
May 21 01:00:22.213747 np0000175585 neutron-periodic-workers[104989]: DEBUG cotyledon.oslo_config_glue [-] ovn.ovn_dhcp6_global_options = {} {{(pid=104989) log_opt_values /opt/stack/data/venv/lib/python3.12/site-packages/oslo_config/cfg.py:3256}}
May 21 01:00:22.213832 np0000175585 neutron-periodic-workers[104989]: DEBUG cotyledon.oslo_config_glue [-] ovn.ovn_l3_scheduler = leastloaded {{(pid=104989) log_opt_values /opt/stack/data/venv/lib/python3.12/site-packages/oslo_config/cfg.py:3256}}
May 21 01:00:22.213879 np0000175585 neutron-periodic-workers[104989]: DEBUG cotyledon.oslo_config_glue [-] ovn.ovn_metadata_enabled = True {{(pid=104989) log_opt_values /opt/stack/data/venv/lib/python3.12/site-packages/oslo_config/cfg.py:3256}}
May 21 01:00:22.213925 np0000175585 neutron-periodic-workers[104989]: DEBUG cotyledon.oslo_config_glue [-] ovn.ovn_nb_ca_cert = /opt/stack/data/CA/int-ca/ca-chain.pem {{(pid=104989) log_opt_values /opt/stack/data/venv/lib/python3.12/site-packages/oslo_config/cfg.py:3256}}
May 21 01:00:22.213999 np0000175585 neutron-periodic-workers[104989]: DEBUG cotyledon.oslo_config_glue [-] ovn.ovn_nb_certificate = /opt/stack/data/CA/int-ca/devstack-cert.crt {{(pid=104989) log_opt_values /opt/stack/data/venv/lib/python3.12/site-packages/oslo_config/cfg.py:3256}}
May 21 01:00:22.214045 np0000175585 neutron-periodic-workers[104989]: DEBUG cotyledon.oslo_config_glue [-] ovn.ovn_nb_connection = ['ssl:199.204.45.77:6641'] {{(pid=104989) log_opt_values /opt/stack/data/venv/lib/python3.12/site-packages/oslo_config/cfg.py:3256}}
May 21 01:00:22.214124 np0000175585 neutron-periodic-workers[104989]: DEBUG cotyledon.oslo_config_glue [-] ovn.ovn_nb_private_key = /opt/stack/data/CA/int-ca/private/devstack-cert.key {{(pid=104989) log_opt_values /opt/stack/data/venv/lib/python3.12/site-packages/oslo_config/cfg.py:3256}}
May 21 01:00:22.214169 np0000175585 neutron-periodic-workers[104989]: DEBUG cotyledon.oslo_config_glue [-] ovn.ovn_router_indirect_snat = False {{(pid=104989) log_opt_values /opt/stack/data/venv/lib/python3.12/site-packages/oslo_config/cfg.py:3256}}
May 21 01:00:22.214216 np0000175585 neutron-periodic-workers[104989]: DEBUG cotyledon.oslo_config_glue [-] ovn.ovn_sb_ca_cert = /opt/stack/data/CA/int-ca/ca-chain.pem {{(pid=104989) log_opt_values /opt/stack/data/venv/lib/python3.12/site-packages/oslo_config/cfg.py:3256}}
May 21 01:00:22.214274 np0000175585 neutron-periodic-workers[104989]: DEBUG cotyledon.oslo_config_glue [-] ovn.ovn_sb_certificate = /opt/stack/data/CA/int-ca/devstack-cert.crt {{(pid=104989) log_opt_values /opt/stack/data/venv/lib/python3.12/site-packages/oslo_config/cfg.py:3256}}
May 21 01:00:22.214316 np0000175585 neutron-periodic-workers[104989]: DEBUG cotyledon.oslo_config_glue [-] ovn.ovn_sb_connection = ['ssl:199.204.45.77:6642'] {{(pid=104989) log_opt_values /opt/stack/data/venv/lib/python3.12/site-packages/oslo_config/cfg.py:3256}}
May 21 01:00:22.214386 np0000175585 neutron-periodic-workers[104989]: DEBUG cotyledon.oslo_config_glue [-] ovn.ovn_sb_private_key = /opt/stack/data/CA/int-ca/private/devstack-cert.key {{(pid=104989) log_opt_values /opt/stack/data/venv/lib/python3.12/site-packages/oslo_config/cfg.py:3256}}
May 21 01:00:22.214441 np0000175585 neutron-periodic-workers[104989]: DEBUG cotyledon.oslo_config_glue [-] ovn.ovs_create_tap = False {{(pid=104989) log_opt_values /opt/stack/data/venv/lib/python3.12/site-packages/oslo_config/cfg.py:3256}}
May 21 01:00:22.214493 np0000175585 neutron-periodic-workers[104989]: DEBUG cotyledon.oslo_config_glue [-] ovn.ovsdb_connection_timeout = 180 {{(pid=104989) log_opt_values /opt/stack/data/venv/lib/python3.12/site-packages/oslo_config/cfg.py:3256}}
May 21 01:00:22.214537 np0000175585 neutron-periodic-workers[104989]: DEBUG cotyledon.oslo_config_glue [-] ovn.ovsdb_log_level = INFO {{(pid=104989) log_opt_values /opt/stack/data/venv/lib/python3.12/site-packages/oslo_config/cfg.py:3256}}
May 21 01:00:22.214537 np0000175585 neutron-periodic-workers[104989]: DEBUG cotyledon.oslo_config_glue [-] ovn.ovsdb_probe_interval = 60000 {{(pid=104989) log_opt_values /opt/stack/data/venv/lib/python3.12/site-packages/oslo_config/cfg.py:3256}}
May 21 01:00:22.214619 np0000175585 neutron-periodic-workers[104989]: DEBUG cotyledon.oslo_config_glue [-] ovn.ovsdb_retry_max_interval = 180 {{(pid=104989) log_opt_values /opt/stack/data/venv/lib/python3.12/site-packages/oslo_config/cfg.py:3256}}
May 21 01:00:22.214619 np0000175585 neutron-periodic-workers[104989]: DEBUG cotyledon.oslo_config_glue [-] ovn.stateless_nat_enabled = False {{(pid=104989) log_opt_values /opt/stack/data/venv/lib/python3.12/site-packages/oslo_config/cfg.py:3256}}
May 21 01:00:22.214696 np0000175585 neutron-periodic-workers[104989]: DEBUG cotyledon.oslo_config_glue [-] ovn.vhost_sock_dir = /var/run/openvswitch {{(pid=104989) log_opt_values /opt/stack/data/venv/lib/python3.12/site-packages/oslo_config/cfg.py:3256}}
May 21 01:00:22.214739 np0000175585 neutron-periodic-workers[104989]: DEBUG cotyledon.oslo_config_glue [-] OVS.bridge_mac_table_size = 50000 {{(pid=104989) log_opt_values /opt/stack/data/venv/lib/python3.12/site-packages/oslo_config/cfg.py:3256}}
May 21 01:00:22.214788 np0000175585 neutron-periodic-workers[104989]: DEBUG cotyledon.oslo_config_glue [-] OVS.igmp_flood = False {{(pid=104989) log_opt_values /opt/stack/data/venv/lib/python3.12/site-packages/oslo_config/cfg.py:3256}}
May 21 01:00:22.214830 np0000175585 neutron-periodic-workers[104989]: DEBUG cotyledon.oslo_config_glue [-] OVS.igmp_flood_reports = True {{(pid=104989) log_opt_values /opt/stack/data/venv/lib/python3.12/site-packages/oslo_config/cfg.py:3256}}
May 21 01:00:22.214889 np0000175585 neutron-periodic-workers[104989]: DEBUG cotyledon.oslo_config_glue [-] OVS.igmp_flood_unregistered = False {{(pid=104989) log_opt_values /opt/stack/data/venv/lib/python3.12/site-packages/oslo_config/cfg.py:3256}}
May 21 01:00:22.214932 np0000175585 neutron-periodic-workers[104989]: DEBUG cotyledon.oslo_config_glue [-] OVS.igmp_snooping_enable = False {{(pid=104989) log_opt_values /opt/stack/data/venv/lib/python3.12/site-packages/oslo_config/cfg.py:3256}}
May 21 01:00:22.214974 np0000175585 neutron-periodic-workers[104989]: DEBUG cotyledon.oslo_config_glue [-] OVS.ovsdb_timeout = 10 {{(pid=104989) log_opt_values /opt/stack/data/venv/lib/python3.12/site-packages/oslo_config/cfg.py:3256}}
May 21 01:00:22.215017 np0000175585 neutron-periodic-workers[104989]: DEBUG cotyledon.oslo_config_glue [-] ovn_nb_global.fdb_removal_limit = 0 {{(pid=104989) log_opt_values /opt/stack/data/venv/lib/python3.12/site-packages/oslo_config/cfg.py:3256}}
May 21 01:00:22.215059 np0000175585 neutron-periodic-workers[104989]: DEBUG cotyledon.oslo_config_glue [-] ovn_nb_global.ignore_lsp_down = False {{(pid=104989) log_opt_values /opt/stack/data/venv/lib/python3.12/site-packages/oslo_config/cfg.py:3256}}
May 21 01:00:22.215101 np0000175585 neutron-periodic-workers[104989]: DEBUG cotyledon.oslo_config_glue [-] ovn_nb_global.mac_binding_removal_limit = 0 {{(pid=104989) log_opt_values /opt/stack/data/venv/lib/python3.12/site-packages/oslo_config/cfg.py:3256}}
May 21 01:00:22.215149 np0000175585 neutron-periodic-workers[104989]: DEBUG cotyledon.oslo_config_glue [-] ******************************************************************************** {{(pid=104989) log_opt_values /opt/stack/data/venv/lib/python3.12/site-packages/oslo_config/cfg.py:3263}}
May 21 01:00:22.215377 np0000175585 neutron-periodic-workers[104989]: DEBUG cotyledon._service_worker [-] Run service ServiceWrapper(0) [104989] {{(pid=104989) wait_forever /opt/stack/data/venv/lib/python3.12/site-packages/cotyledon/_service_worker.py:218}}
May 21 01:00:31.860917 np0000175585 neutron-periodic-workers[104222]: DEBUG dbcounter [-] [104222] Writing DB stats neutron:SELECT=4 {{(pid=104222) stat_writer /opt/stack/data/venv/lib/python3.12/site-packages/dbcounter.py:115}}
May 21 01:01:18.184979 np0000175585 neutron-periodic-workers[104972]: DEBUG oslo_db.sqlalchemy.engines [None req-1f9d59c1-4989-4e1d-b2a0-94e26fd48d96 None None] Parent process 104222 forked (104972) with an open database connection, which is being discarded and recreated. {{(pid=104972) checkout /opt/stack/data/venv/lib/python3.12/site-packages/oslo_db/sqlalchemy/engines.py:402}}
May 21 01:01:18.193787 np0000175585 neutron-periodic-workers[104972]: DEBUG dbcounter [-] [104972] Writer thread running {{(pid=104972) stat_writer /opt/stack/data/venv/lib/python3.12/site-packages/dbcounter.py:102}}
May 21 01:01:18.202327 np0000175585 neutron-periodic-workers[104972]: DEBUG oslo.service.backend._threading.loopingcall [None req-1f9d59c1-4989-4e1d-b2a0-94e26fd48d96 None None] Fixed interval looping call 'neutron.plugins.ml2.plugin.DhcpAgentSchedulerDbMixin.remove_networks_from_down_agents' sleeping for 36.98 seconds {{(pid=104972) _run_loop /opt/stack/data/venv/lib/python3.12/site-packages/oslo_service/backend/_threading/loopingcall.py:125}}
May 21 01:01:27.207122 np0000175585 neutron-periodic-workers[104981]: DEBUG dbcounter [-] [104981] Writer thread running {{(pid=104981) stat_writer /opt/stack/data/venv/lib/python3.12/site-packages/dbcounter.py:102}}
May 21 01:01:27.210792 np0000175585 neutron-periodic-workers[104981]: DEBUG neutron.db.agents_db [None req-05d441f2-61b6-41a9-8829-0a93bad7f590 None None] Agent healthcheck: found 0 active agents {{(pid=104981) agent_health_check /opt/stack/neutron/neutron/db/agents_db.py:322}}
May 21 01:01:27.210977 np0000175585 neutron-periodic-workers[104981]: DEBUG oslo.service.backend._threading.loopingcall [None req-05d441f2-61b6-41a9-8829-0a93bad7f590 None None] Fixed interval looping call 'neutron.plugins.ml2.plugin.AgentDbMixin.agent_health_check' sleeping for 36.98 seconds {{(pid=104981) _run_loop /opt/stack/data/venv/lib/python3.12/site-packages/oslo_service/backend/_threading/loopingcall.py:125}}
May 21 01:01:28.201198 np0000175585 neutron-periodic-workers[104972]: DEBUG dbcounter [-] [104972] Writing DB stats neutron:SELECT=3 {{(pid=104972) stat_writer /opt/stack/data/venv/lib/python3.12/site-packages/dbcounter.py:115}}
May 21 01:01:37.207871 np0000175585 neutron-periodic-workers[104981]: DEBUG dbcounter [-] [104981] Writing DB stats neutron:SELECT=1 {{(pid=104981) stat_writer /opt/stack/data/venv/lib/python3.12/site-packages/dbcounter.py:115}}
May 21 01:01:55.195312 np0000175585 neutron-periodic-workers[104972]: DEBUG oslo.service.backend._threading.loopingcall [None req-1f9d59c1-4989-4e1d-b2a0-94e26fd48d96 None None] Fixed interval looping call 'neutron.plugins.ml2.plugin.DhcpAgentSchedulerDbMixin.remove_networks_from_down_agents' sleeping for 36.99 seconds {{(pid=104972) _run_loop /opt/stack/data/venv/lib/python3.12/site-packages/oslo_service/backend/_threading/loopingcall.py:125}}
May 21 01:02:04.198797 np0000175585 neutron-periodic-workers[104981]: DEBUG neutron.db.agents_db [None req-05d441f2-61b6-41a9-8829-0a93bad7f590 None None] Agent healthcheck: found 0 active agents {{(pid=104981) agent_health_check /opt/stack/neutron/neutron/db/agents_db.py:322}}
May 21 01:02:04.199464 np0000175585 neutron-periodic-workers[104981]: DEBUG oslo.service.backend._threading.loopingcall [None req-05d441f2-61b6-41a9-8829-0a93bad7f590 None None] Fixed interval looping call 'neutron.plugins.ml2.plugin.AgentDbMixin.agent_health_check' sleeping for 36.99 seconds {{(pid=104981) _run_loop /opt/stack/data/venv/lib/python3.12/site-packages/oslo_service/backend/_threading/loopingcall.py:125}}
May 21 01:02:05.192314 np0000175585 neutron-periodic-workers[104972]: DEBUG dbcounter [-] [104972] Writing DB stats neutron:SELECT=3 {{(pid=104972) stat_writer /opt/stack/data/venv/lib/python3.12/site-packages/dbcounter.py:115}}
May 21 01:02:14.196429 np0000175585 neutron-periodic-workers[104981]: DEBUG dbcounter [-] [104981] Writing DB stats neutron:SELECT=1 {{(pid=104981) stat_writer /opt/stack/data/venv/lib/python3.12/site-packages/dbcounter.py:115}}
May 21 01:02:22.235554 np0000175585 neutron-periodic-workers[104989]: DEBUG dbcounter [-] [104989] Writer thread running {{(pid=104989) stat_writer /opt/stack/data/venv/lib/python3.12/site-packages/dbcounter.py:102}}
May 21 01:02:22.242652 np0000175585 neutron-periodic-workers[104989]: DEBUG oslo.service.backend._threading.loopingcall [None req-3f46ffac-8909-4000-93ac-e022576e6536 None None] Fixed interval looping call 'neutron.db.quota.driver_nolock.DbQuotaNoLockDriver._remove_expired_reservations' sleeping for 119.98 seconds {{(pid=104989) _run_loop /opt/stack/data/venv/lib/python3.12/site-packages/oslo_service/backend/_threading/loopingcall.py:125}}
May 21 01:02:32.196120 np0000175585 neutron-periodic-workers[104972]: DEBUG oslo.service.backend._threading.loopingcall [None req-1f9d59c1-4989-4e1d-b2a0-94e26fd48d96 None None] Fixed interval looping call 'neutron.plugins.ml2.plugin.DhcpAgentSchedulerDbMixin.remove_networks_from_down_agents' sleeping for 36.99 seconds {{(pid=104972) _run_loop /opt/stack/data/venv/lib/python3.12/site-packages/oslo_service/backend/_threading/loopingcall.py:125}}
May 21 01:02:32.236363 np0000175585 neutron-periodic-workers[104989]: DEBUG dbcounter [-] [104989] Writing DB stats neutron:DELETE=1 {{(pid=104989) stat_writer /opt/stack/data/venv/lib/python3.12/site-packages/dbcounter.py:115}}
May 21 01:02:41.194517 np0000175585 neutron-periodic-workers[104981]: DEBUG neutron.db.agents_db [None req-05d441f2-61b6-41a9-8829-0a93bad7f590 None None] Agent healthcheck: found 0 active agents {{(pid=104981) agent_health_check /opt/stack/neutron/neutron/db/agents_db.py:322}}
May 21 01:02:41.195165 np0000175585 neutron-periodic-workers[104981]: DEBUG oslo.service.backend._threading.loopingcall [None req-05d441f2-61b6-41a9-8829-0a93bad7f590 None None] Fixed interval looping call 'neutron.plugins.ml2.plugin.AgentDbMixin.agent_health_check' sleeping for 36.99 seconds {{(pid=104981) _run_loop /opt/stack/data/venv/lib/python3.12/site-packages/oslo_service/backend/_threading/loopingcall.py:125}}
May 21 01:02:42.195518 np0000175585 neutron-periodic-workers[104972]: DEBUG dbcounter [-] [104972] Writing DB stats neutron:SELECT=3 {{(pid=104972) stat_writer /opt/stack/data/venv/lib/python3.12/site-packages/dbcounter.py:115}}
May 21 01:02:51.193085 np0000175585 neutron-periodic-workers[104981]: DEBUG dbcounter [-] [104981] Writing DB stats neutron:SELECT=1 {{(pid=104981) stat_writer /opt/stack/data/venv/lib/python3.12/site-packages/dbcounter.py:115}}
May 21 01:03:09.198556 np0000175585 neutron-periodic-workers[104972]: DEBUG oslo.service.backend._threading.loopingcall [None req-1f9d59c1-4989-4e1d-b2a0-94e26fd48d96 None None] Fixed interval looping call 'neutron.plugins.ml2.plugin.DhcpAgentSchedulerDbMixin.remove_networks_from_down_agents' sleeping for 36.99 seconds {{(pid=104972) _run_loop /opt/stack/data/venv/lib/python3.12/site-packages/oslo_service/backend/_threading/loopingcall.py:125}}
May 21 01:03:10.190951 np0000175585 neutron-periodic-workers[104966]: DEBUG dbcounter [-] [104966] Writer thread running {{(pid=104966) stat_writer /opt/stack/data/venv/lib/python3.12/site-packages/dbcounter.py:102}}
May 21 01:03:10.206167 np0000175585 neutron-periodic-workers[104966]: DEBUG oslo.service.backend._threading.loopingcall [None req-4fb57719-cb8e-45ab-a627-60044fbc1ab8 None None] Fixed interval looping call 'neutron.services.ovn_l3.plugin.L3_NAT_dbonly_mixin._clean_garbage' sleeping for 299.95 seconds {{(pid=104966) _run_loop /opt/stack/data/venv/lib/python3.12/site-packages/oslo_service/backend/_threading/loopingcall.py:125}}
May 21 01:03:18.190885 np0000175585 neutron-periodic-workers[104981]: DEBUG neutron.db.agents_db [None req-05d441f2-61b6-41a9-8829-0a93bad7f590 None None] Agent healthcheck: found 0 active agents {{(pid=104981) agent_health_check /opt/stack/neutron/neutron/db/agents_db.py:322}}
May 21 01:03:18.191673 np0000175585 neutron-periodic-workers[104981]: DEBUG oslo.service.backend._threading.loopingcall [None req-05d441f2-61b6-41a9-8829-0a93bad7f590 None None] Fixed interval looping call 'neutron.plugins.ml2.plugin.AgentDbMixin.agent_health_check' sleeping for 36.99 seconds {{(pid=104981) _run_loop /opt/stack/data/venv/lib/python3.12/site-packages/oslo_service/backend/_threading/loopingcall.py:125}}
May 21 01:03:19.197611 np0000175585 neutron-periodic-workers[104972]: DEBUG dbcounter [-] [104972] Writing DB stats neutron:SELECT=3 {{(pid=104972) stat_writer /opt/stack/data/venv/lib/python3.12/site-packages/dbcounter.py:115}}
May 21 01:03:28.188900 np0000175585 neutron-periodic-workers[104981]: DEBUG dbcounter [-] [104981] Writing DB stats neutron:SELECT=1 {{(pid=104981) stat_writer /opt/stack/data/venv/lib/python3.12/site-packages/dbcounter.py:115}}
May 21 01:03:30.191699 np0000175585 neutron-periodic-workers[104966]: DEBUG dbcounter [-] [104966] Writing DB stats neutron:SELECT=1 {{(pid=104966) stat_writer /opt/stack/data/venv/lib/python3.12/site-packages/dbcounter.py:115}}
May 21 01:03:46.198859 np0000175585 neutron-periodic-workers[104972]: DEBUG oslo.service.backend._threading.loopingcall [None req-1f9d59c1-4989-4e1d-b2a0-94e26fd48d96 None None] Fixed interval looping call 'neutron.plugins.ml2.plugin.DhcpAgentSchedulerDbMixin.remove_networks_from_down_agents' sleeping for 36.99 seconds {{(pid=104972) _run_loop /opt/stack/data/venv/lib/python3.12/site-packages/oslo_service/backend/_threading/loopingcall.py:125}}
May 21 01:03:55.187069 np0000175585 neutron-periodic-workers[104981]: DEBUG neutron.db.agents_db [None req-05d441f2-61b6-41a9-8829-0a93bad7f590 None None] Agent healthcheck: found 0 active agents {{(pid=104981) agent_health_check /opt/stack/neutron/neutron/db/agents_db.py:322}}
May 21 01:03:55.187069 np0000175585 neutron-periodic-workers[104981]: DEBUG oslo.service.backend._threading.loopingcall [None req-05d441f2-61b6-41a9-8829-0a93bad7f590 None None] Fixed interval looping call 'neutron.plugins.ml2.plugin.AgentDbMixin.agent_health_check' sleeping for 36.99 seconds {{(pid=104981) _run_loop /opt/stack/data/venv/lib/python3.12/site-packages/oslo_service/backend/_threading/loopingcall.py:125}}
May 21 01:03:56.197459 np0000175585 neutron-periodic-workers[104972]: DEBUG dbcounter [-] [104972] Writing DB stats neutron:SELECT=3 {{(pid=104972) stat_writer /opt/stack/data/venv/lib/python3.12/site-packages/dbcounter.py:115}}
May 21 01:04:05.185519 np0000175585 neutron-periodic-workers[104981]: DEBUG dbcounter [-] [104981] Writing DB stats neutron:SELECT=1 {{(pid=104981) stat_writer /opt/stack/data/venv/lib/python3.12/site-packages/dbcounter.py:115}}
May 21 01:04:22.229949 np0000175585 neutron-periodic-workers[104989]: DEBUG oslo.service.backend._threading.loopingcall [None req-3f46ffac-8909-4000-93ac-e022576e6536 None None] Fixed interval looping call 'neutron.db.quota.driver_nolock.DbQuotaNoLockDriver._remove_expired_reservations' sleeping for 119.99 seconds {{(pid=104989) _run_loop /opt/stack/data/venv/lib/python3.12/site-packages/oslo_service/backend/_threading/loopingcall.py:125}}
May 21 01:04:23.200292 np0000175585 neutron-periodic-workers[104972]: DEBUG oslo.service.backend._threading.loopingcall [None req-1f9d59c1-4989-4e1d-b2a0-94e26fd48d96 None None] Fixed interval looping call 'neutron.plugins.ml2.plugin.DhcpAgentSchedulerDbMixin.remove_networks_from_down_agents' sleeping for 36.99 seconds {{(pid=104972) _run_loop /opt/stack/data/venv/lib/python3.12/site-packages/oslo_service/backend/_threading/loopingcall.py:125}}
May 21 01:04:32.182981 np0000175585 neutron-periodic-workers[104981]: DEBUG neutron.db.agents_db [None req-05d441f2-61b6-41a9-8829-0a93bad7f590 None None] Agent healthcheck: found 0 active agents {{(pid=104981) agent_health_check /opt/stack/neutron/neutron/db/agents_db.py:322}}
May 21 01:04:32.183646 np0000175585 neutron-periodic-workers[104981]: DEBUG oslo.service.backend._threading.loopingcall [None req-05d441f2-61b6-41a9-8829-0a93bad7f590 None None] Fixed interval looping call 'neutron.plugins.ml2.plugin.AgentDbMixin.agent_health_check' sleeping for 36.99 seconds {{(pid=104981) _run_loop /opt/stack/data/venv/lib/python3.12/site-packages/oslo_service/backend/_threading/loopingcall.py:125}}
May 21 01:04:32.228448 np0000175585 neutron-periodic-workers[104989]: DEBUG dbcounter [-] [104989] Writing DB stats neutron:DELETE=1 {{(pid=104989) stat_writer /opt/stack/data/venv/lib/python3.12/site-packages/dbcounter.py:115}}
May 21 01:04:33.198820 np0000175585 neutron-periodic-workers[104972]: DEBUG dbcounter [-] [104972] Writing DB stats neutron:SELECT=3 {{(pid=104972) stat_writer /opt/stack/data/venv/lib/python3.12/site-packages/dbcounter.py:115}}