May 20 07:34:34.625812 np0000175310 neutron-periodic-workers[105064]: DEBUG cotyledon.oslo_config_glue [-] database.max_pool_size = 5 {{(pid=105064) log_opt_values /opt/stack/data/venv/lib/python3.12/site-packages/oslo_config/cfg.py:3256}}
May 20 07:34:34.625860 np0000175310 neutron-periodic-workers[105064]: DEBUG cotyledon.oslo_config_glue [-] database.max_retries = 10 {{(pid=105064) log_opt_values /opt/stack/data/venv/lib/python3.12/site-packages/oslo_config/cfg.py:3256}}
May 20 07:34:34.625908 np0000175310 neutron-periodic-workers[105064]: DEBUG cotyledon.oslo_config_glue [-] database.mysql_sql_mode = TRADITIONAL {{(pid=105064) log_opt_values /opt/stack/data/venv/lib/python3.12/site-packages/oslo_config/cfg.py:3256}}
May 20 07:34:34.625946 np0000175310 neutron-periodic-workers[105064]: DEBUG cotyledon.oslo_config_glue [-] database.mysql_wsrep_sync_wait = None {{(pid=105064) log_opt_values /opt/stack/data/venv/lib/python3.12/site-packages/oslo_config/cfg.py:3256}}
May 20 07:34:34.625994 np0000175310 neutron-periodic-workers[105064]: DEBUG cotyledon.oslo_config_glue [-] database.pool_timeout = None {{(pid=105064) log_opt_values /opt/stack/data/venv/lib/python3.12/site-packages/oslo_config/cfg.py:3256}}
May 20 07:34:34.626043 np0000175310 neutron-periodic-workers[105064]: DEBUG cotyledon.oslo_config_glue [-] database.retry_interval = 10 {{(pid=105064) log_opt_values /opt/stack/data/venv/lib/python3.12/site-packages/oslo_config/cfg.py:3256}}
May 20 07:34:34.626080 np0000175310 neutron-periodic-workers[105064]: DEBUG cotyledon.oslo_config_glue [-] database.slave_connection = **** {{(pid=105064) log_opt_values /opt/stack/data/venv/lib/python3.12/site-packages/oslo_config/cfg.py:3256}}
May 20 07:34:34.626144 np0000175310 neutron-periodic-workers[105064]: DEBUG cotyledon.oslo_config_glue [-] database.sqlite_synchronous = True {{(pid=105064) log_opt_values /opt/stack/data/venv/lib/python3.12/site-packages/oslo_config/cfg.py:3256}}
May 20 07:34:34.626191 np0000175310 neutron-periodic-workers[105064]: DEBUG cotyledon.oslo_config_glue [-] database.synchronous_reader = True {{(pid=105064) log_opt_values /opt/stack/data/venv/lib/python3.12/site-packages/oslo_config/cfg.py:3256}}
May 20 07:34:34.626228 np0000175310 neutron-periodic-workers[105064]: DEBUG cotyledon.oslo_config_glue [-] database.use_db_reconnect = False {{(pid=105064) log_opt_values /opt/stack/data/venv/lib/python3.12/site-packages/oslo_config/cfg.py:3256}}
May 20 07:34:34.626291 np0000175310 neutron-periodic-workers[105064]: DEBUG cotyledon.oslo_config_glue [-] ovn.bfd_min_rx = 1000 {{(pid=105064) log_opt_values /opt/stack/data/venv/lib/python3.12/site-packages/oslo_config/cfg.py:3256}}
May 20 07:34:34.626326 np0000175310 neutron-periodic-workers[105064]: DEBUG cotyledon.oslo_config_glue [-] ovn.bfd_min_tx = 100 {{(pid=105064) log_opt_values /opt/stack/data/venv/lib/python3.12/site-packages/oslo_config/cfg.py:3256}}
May 20 07:34:34.626367 np0000175310 neutron-periodic-workers[105064]: DEBUG cotyledon.oslo_config_glue [-] ovn.bfd_mult = 3 {{(pid=105064) log_opt_values /opt/stack/data/venv/lib/python3.12/site-packages/oslo_config/cfg.py:3256}}
May 20 07:34:34.626401 np0000175310 neutron-periodic-workers[105064]: DEBUG cotyledon.oslo_config_glue [-] ovn.broadcast_arps_to_all_routers = True {{(pid=105064) log_opt_values /opt/stack/data/venv/lib/python3.12/site-packages/oslo_config/cfg.py:3256}}
May 20 07:34:34.626440 np0000175310 neutron-periodic-workers[105064]: DEBUG cotyledon.oslo_config_glue [-] ovn.dhcp_default_lease_time = 43200 {{(pid=105064) log_opt_values /opt/stack/data/venv/lib/python3.12/site-packages/oslo_config/cfg.py:3256}}
May 20 07:34:34.626476 np0000175310 neutron-periodic-workers[105064]: DEBUG cotyledon.oslo_config_glue [-] ovn.disable_ovn_dhcp_for_baremetal_ports = False {{(pid=105064) log_opt_values /opt/stack/data/venv/lib/python3.12/site-packages/oslo_config/cfg.py:3256}}
May 20 07:34:34.626528 np0000175310 neutron-periodic-workers[105064]: DEBUG cotyledon.oslo_config_glue [-] ovn.dns_records_ovn_owned = False {{(pid=105064) log_opt_values /opt/stack/data/venv/lib/python3.12/site-packages/oslo_config/cfg.py:3256}}
May 20 07:34:34.626571 np0000175310 neutron-periodic-workers[105064]: DEBUG cotyledon.oslo_config_glue [-] ovn.dns_servers = [] {{(pid=105064) log_opt_values /opt/stack/data/venv/lib/python3.12/site-packages/oslo_config/cfg.py:3256}}
May 20 07:34:34.626607 np0000175310 neutron-periodic-workers[105064]: DEBUG cotyledon.oslo_config_glue [-] ovn.enable_distributed_floating_ip = False {{(pid=105064) log_opt_values /opt/stack/data/venv/lib/python3.12/site-packages/oslo_config/cfg.py:3256}}
May 20 07:34:34.626642 np0000175310 neutron-periodic-workers[105064]: DEBUG cotyledon.oslo_config_glue [-] ovn.fdb_age_threshold = 300 {{(pid=105064) log_opt_values /opt/stack/data/venv/lib/python3.12/site-packages/oslo_config/cfg.py:3256}}
May 20 07:34:34.626688 np0000175310 neutron-periodic-workers[105064]: DEBUG cotyledon.oslo_config_glue [-] ovn.ha_failover_strategy = normal {{(pid=105064) log_opt_values /opt/stack/data/venv/lib/python3.12/site-packages/oslo_config/cfg.py:3256}}
May 20 07:34:34.626729 np0000175310 neutron-periodic-workers[105064]: DEBUG cotyledon.oslo_config_glue [-] ovn.live_migration_activation_strategy = rarp {{(pid=105064) log_opt_values /opt/stack/data/venv/lib/python3.12/site-packages/oslo_config/cfg.py:3256}}
May 20 07:34:34.626763 np0000175310 neutron-periodic-workers[105064]: DEBUG cotyledon.oslo_config_glue [-] ovn.localnet_learn_fdb = False {{(pid=105064) log_opt_values /opt/stack/data/venv/lib/python3.12/site-packages/oslo_config/cfg.py:3256}}
May 20 07:34:34.626806 np0000175310 neutron-periodic-workers[105064]: DEBUG cotyledon.oslo_config_glue [-] ovn.mac_binding_age_threshold = 300 {{(pid=105064) log_opt_values /opt/stack/data/venv/lib/python3.12/site-packages/oslo_config/cfg.py:3256}}
May 20 07:34:34.626839 np0000175310 neutron-periodic-workers[105064]: DEBUG cotyledon.oslo_config_glue [-] ovn.neutron_sync_mode = log {{(pid=105064) log_opt_values /opt/stack/data/venv/lib/python3.12/site-packages/oslo_config/cfg.py:3256}}
May 20 07:34:34.626904 np0000175310 neutron-periodic-workers[105064]: DEBUG cotyledon.oslo_config_glue [-] ovn.ovn_dhcp4_global_options = {} {{(pid=105064) log_opt_values /opt/stack/data/venv/lib/python3.12/site-packages/oslo_config/cfg.py:3256}}
May 20 07:34:34.626994 np0000175310 neutron-periodic-workers[105064]: DEBUG cotyledon.oslo_config_glue [-] ovn.ovn_dhcp6_global_options = {} {{(pid=105064) log_opt_values /opt/stack/data/venv/lib/python3.12/site-packages/oslo_config/cfg.py:3256}}
May 20 07:34:34.627034 np0000175310 neutron-periodic-workers[105064]: DEBUG cotyledon.oslo_config_glue [-] ovn.ovn_l3_scheduler = leastloaded {{(pid=105064) log_opt_values /opt/stack/data/venv/lib/python3.12/site-packages/oslo_config/cfg.py:3256}}
May 20 07:34:34.627104 np0000175310 neutron-periodic-workers[105064]: DEBUG cotyledon.oslo_config_glue [-] ovn.ovn_metadata_enabled = True {{(pid=105064) log_opt_values /opt/stack/data/venv/lib/python3.12/site-packages/oslo_config/cfg.py:3256}}
May 20 07:34:34.627193 np0000175310 neutron-periodic-workers[105064]: DEBUG cotyledon.oslo_config_glue [-] ovn.ovn_nb_ca_cert = /opt/stack/data/CA/int-ca/ca-chain.pem {{(pid=105064) log_opt_values /opt/stack/data/venv/lib/python3.12/site-packages/oslo_config/cfg.py:3256}}
May 20 07:34:34.627258 np0000175310 neutron-periodic-workers[105064]: DEBUG cotyledon.oslo_config_glue [-] ovn.ovn_nb_certificate = /opt/stack/data/CA/int-ca/devstack-cert.crt {{(pid=105064) log_opt_values /opt/stack/data/venv/lib/python3.12/site-packages/oslo_config/cfg.py:3256}}
May 20 07:34:34.627307 np0000175310 neutron-periodic-workers[105064]: DEBUG cotyledon.oslo_config_glue [-] ovn.ovn_nb_connection = ['ssl:199.204.45.57:6641'] {{(pid=105064) log_opt_values /opt/stack/data/venv/lib/python3.12/site-packages/oslo_config/cfg.py:3256}}
May 20 07:34:34.627373 np0000175310 neutron-periodic-workers[105064]: DEBUG cotyledon.oslo_config_glue [-] ovn.ovn_nb_private_key = /opt/stack/data/CA/int-ca/private/devstack-cert.key {{(pid=105064) log_opt_values /opt/stack/data/venv/lib/python3.12/site-packages/oslo_config/cfg.py:3256}}
May 20 07:34:34.627436 np0000175310 neutron-periodic-workers[105064]: DEBUG cotyledon.oslo_config_glue [-] ovn.ovn_router_indirect_snat = False {{(pid=105064) log_opt_values /opt/stack/data/venv/lib/python3.12/site-packages/oslo_config/cfg.py:3256}}
May 20 07:34:34.627489 np0000175310 neutron-periodic-workers[105064]: DEBUG cotyledon.oslo_config_glue [-] ovn.ovn_sb_ca_cert = /opt/stack/data/CA/int-ca/ca-chain.pem {{(pid=105064) log_opt_values /opt/stack/data/venv/lib/python3.12/site-packages/oslo_config/cfg.py:3256}}
May 20 07:34:34.627529 np0000175310 neutron-periodic-workers[105064]: DEBUG cotyledon.oslo_config_glue [-] ovn.ovn_sb_certificate = /opt/stack/data/CA/int-ca/devstack-cert.crt {{(pid=105064) log_opt_values /opt/stack/data/venv/lib/python3.12/site-packages/oslo_config/cfg.py:3256}}
May 20 07:34:34.627579 np0000175310 neutron-periodic-workers[105064]: DEBUG cotyledon.oslo_config_glue [-] ovn.ovn_sb_connection = ['ssl:199.204.45.57:6642'] {{(pid=105064) log_opt_values /opt/stack/data/venv/lib/python3.12/site-packages/oslo_config/cfg.py:3256}}
May 20 07:34:34.627616 np0000175310 neutron-periodic-workers[105064]: DEBUG cotyledon.oslo_config_glue [-] ovn.ovn_sb_private_key = /opt/stack/data/CA/int-ca/private/devstack-cert.key {{(pid=105064) log_opt_values /opt/stack/data/venv/lib/python3.12/site-packages/oslo_config/cfg.py:3256}}
May 20 07:34:34.627649 np0000175310 neutron-periodic-workers[105064]: DEBUG cotyledon.oslo_config_glue [-] ovn.ovs_create_tap = False {{(pid=105064) log_opt_values /opt/stack/data/venv/lib/python3.12/site-packages/oslo_config/cfg.py:3256}}
May 20 07:34:34.627692 np0000175310 neutron-periodic-workers[105064]: DEBUG cotyledon.oslo_config_glue [-] ovn.ovsdb_connection_timeout = 180 {{(pid=105064) log_opt_values /opt/stack/data/venv/lib/python3.12/site-packages/oslo_config/cfg.py:3256}}
May 20 07:34:34.627724 np0000175310 neutron-periodic-workers[105064]: DEBUG cotyledon.oslo_config_glue [-] ovn.ovsdb_log_level = INFO {{(pid=105064) log_opt_values /opt/stack/data/venv/lib/python3.12/site-packages/oslo_config/cfg.py:3256}}
May 20 07:34:34.627773 np0000175310 neutron-periodic-workers[105064]: DEBUG cotyledon.oslo_config_glue [-] ovn.ovsdb_probe_interval = 60000 {{(pid=105064) log_opt_values /opt/stack/data/venv/lib/python3.12/site-packages/oslo_config/cfg.py:3256}}
May 20 07:34:34.627806 np0000175310 neutron-periodic-workers[105064]: DEBUG cotyledon.oslo_config_glue [-] ovn.ovsdb_retry_max_interval = 180 {{(pid=105064) log_opt_values /opt/stack/data/venv/lib/python3.12/site-packages/oslo_config/cfg.py:3256}}
May 20 07:34:34.627847 np0000175310 neutron-periodic-workers[105064]: DEBUG cotyledon.oslo_config_glue [-] ovn.stateless_nat_enabled = False {{(pid=105064) log_opt_values /opt/stack/data/venv/lib/python3.12/site-packages/oslo_config/cfg.py:3256}}
May 20 07:34:34.627903 np0000175310 neutron-periodic-workers[105064]: DEBUG cotyledon.oslo_config_glue [-] ovn.vhost_sock_dir = /var/run/openvswitch {{(pid=105064) log_opt_values /opt/stack/data/venv/lib/python3.12/site-packages/oslo_config/cfg.py:3256}}
May 20 07:34:34.627967 np0000175310 neutron-periodic-workers[105064]: DEBUG cotyledon.oslo_config_glue [-] OVS.bridge_mac_table_size = 50000 {{(pid=105064) log_opt_values /opt/stack/data/venv/lib/python3.12/site-packages/oslo_config/cfg.py:3256}}
May 20 07:34:34.628016 np0000175310 neutron-periodic-workers[105064]: DEBUG cotyledon.oslo_config_glue [-] OVS.igmp_flood = False {{(pid=105064) log_opt_values /opt/stack/data/venv/lib/python3.12/site-packages/oslo_config/cfg.py:3256}}
May 20 07:34:34.628050 np0000175310 neutron-periodic-workers[105064]: DEBUG cotyledon.oslo_config_glue [-] OVS.igmp_flood_reports = True {{(pid=105064) log_opt_values /opt/stack/data/venv/lib/python3.12/site-packages/oslo_config/cfg.py:3256}}
May 20 07:34:34.628105 np0000175310 neutron-periodic-workers[105064]: DEBUG cotyledon.oslo_config_glue [-] OVS.igmp_flood_unregistered = False {{(pid=105064) log_opt_values /opt/stack/data/venv/lib/python3.12/site-packages/oslo_config/cfg.py:3256}}
May 20 07:34:34.628153 np0000175310 neutron-periodic-workers[105064]: DEBUG cotyledon.oslo_config_glue [-] OVS.igmp_snooping_enable = False {{(pid=105064) log_opt_values /opt/stack/data/venv/lib/python3.12/site-packages/oslo_config/cfg.py:3256}}
May 20 07:34:34.628187 np0000175310 neutron-periodic-workers[105064]: DEBUG cotyledon.oslo_config_glue [-] OVS.ovsdb_timeout = 10 {{(pid=105064) log_opt_values /opt/stack/data/venv/lib/python3.12/site-packages/oslo_config/cfg.py:3256}}
May 20 07:34:34.628257 np0000175310 neutron-periodic-workers[105064]: DEBUG cotyledon.oslo_config_glue [-] ovn_nb_global.fdb_removal_limit = 0 {{(pid=105064) log_opt_values /opt/stack/data/venv/lib/python3.12/site-packages/oslo_config/cfg.py:3256}}
May 20 07:34:34.628313 np0000175310 neutron-periodic-workers[105064]: DEBUG cotyledon.oslo_config_glue [-] ovn_nb_global.ignore_lsp_down = False {{(pid=105064) log_opt_values /opt/stack/data/venv/lib/python3.12/site-packages/oslo_config/cfg.py:3256}}
May 20 07:34:34.628360 np0000175310 neutron-periodic-workers[105064]: DEBUG cotyledon.oslo_config_glue [-] ovn_nb_global.mac_binding_removal_limit = 0 {{(pid=105064) log_opt_values /opt/stack/data/venv/lib/python3.12/site-packages/oslo_config/cfg.py:3256}}
May 20 07:34:34.628397 np0000175310 neutron-periodic-workers[105064]: DEBUG cotyledon.oslo_config_glue [-] ******************************************************************************** {{(pid=105064) log_opt_values /opt/stack/data/venv/lib/python3.12/site-packages/oslo_config/cfg.py:3263}}
May 20 07:34:34.628561 np0000175310 neutron-periodic-workers[105064]: DEBUG cotyledon._service_worker [-] Run service ServiceWrapper(0) [105064] {{(pid=105064) wait_forever /opt/stack/data/venv/lib/python3.12/site-packages/cotyledon/_service_worker.py:218}}
May 20 07:34:44.266328 np0000175310 neutron-periodic-workers[104316]: DEBUG dbcounter [-] [104316] Writing DB stats neutron:SELECT=4 {{(pid=104316) stat_writer /opt/stack/data/venv/lib/python3.12/site-packages/dbcounter.py:115}}
May 20 07:35:19.577086 np0000175310 neutron-periodic-workers[105037]: DEBUG oslo_db.sqlalchemy.engines [None req-2311749f-f17d-4bdb-a14a-83f40b1dc252 None None] Parent process 104316 forked (105037) with an open database connection, which is being discarded and recreated. {{(pid=105037) checkout /opt/stack/data/venv/lib/python3.12/site-packages/oslo_db/sqlalchemy/engines.py:402}}
May 20 07:35:19.586125 np0000175310 neutron-periodic-workers[105037]: DEBUG dbcounter [-] [105037] Writer thread running {{(pid=105037) stat_writer /opt/stack/data/venv/lib/python3.12/site-packages/dbcounter.py:102}}
May 20 07:35:19.597851 np0000175310 neutron-periodic-workers[105037]: DEBUG oslo.service.backend._threading.loopingcall [None req-2311749f-f17d-4bdb-a14a-83f40b1dc252 None None] Fixed interval looping call 'neutron.plugins.ml2.plugin.DhcpAgentSchedulerDbMixin.remove_networks_from_down_agents' sleeping for 36.97 seconds {{(pid=105037) _run_loop /opt/stack/data/venv/lib/python3.12/site-packages/oslo_service/backend/_threading/loopingcall.py:125}}
May 20 07:35:19.605259 np0000175310 neutron-periodic-workers[105045]: DEBUG dbcounter [-] [105045] Writer thread running {{(pid=105045) stat_writer /opt/stack/data/venv/lib/python3.12/site-packages/dbcounter.py:102}}
May 20 07:35:19.612591 np0000175310 neutron-periodic-workers[105045]: DEBUG neutron.db.agents_db [None req-1cb877d8-e8b8-4984-9ea8-3f30e9026894 None None] Agent healthcheck: found 0 active agents {{(pid=105045) agent_health_check /opt/stack/neutron/neutron/db/agents_db.py:322}}
May 20 07:35:19.613305 np0000175310 neutron-periodic-workers[105045]: DEBUG oslo.service.backend._threading.loopingcall [None req-1cb877d8-e8b8-4984-9ea8-3f30e9026894 None None] Fixed interval looping call 'neutron.plugins.ml2.plugin.AgentDbMixin.agent_health_check' sleeping for 36.97 seconds {{(pid=105045) _run_loop /opt/stack/data/venv/lib/python3.12/site-packages/oslo_service/backend/_threading/loopingcall.py:125}}
May 20 07:35:29.596453 np0000175310 neutron-periodic-workers[105037]: DEBUG dbcounter [-] [105037] Writing DB stats neutron:SELECT=3 {{(pid=105037) stat_writer /opt/stack/data/venv/lib/python3.12/site-packages/dbcounter.py:115}}
May 20 07:35:29.605639 np0000175310 neutron-periodic-workers[105045]: DEBUG dbcounter [-] [105045] Writing DB stats neutron:SELECT=1 {{(pid=105045) stat_writer /opt/stack/data/venv/lib/python3.12/site-packages/dbcounter.py:115}}
May 20 07:35:56.580761 np0000175310 neutron-periodic-workers[105037]: DEBUG oslo.service.backend._threading.loopingcall [None req-2311749f-f17d-4bdb-a14a-83f40b1dc252 None None] Fixed interval looping call 'neutron.plugins.ml2.plugin.DhcpAgentSchedulerDbMixin.remove_networks_from_down_agents' sleeping for 36.99 seconds {{(pid=105037) _run_loop /opt/stack/data/venv/lib/python3.12/site-packages/oslo_service/backend/_threading/loopingcall.py:125}}
May 20 07:35:56.589257 np0000175310 neutron-periodic-workers[105045]: DEBUG neutron.db.agents_db [None req-1cb877d8-e8b8-4984-9ea8-3f30e9026894 None None] Agent healthcheck: found 0 active agents {{(pid=105045) agent_health_check /opt/stack/neutron/neutron/db/agents_db.py:322}}
May 20 07:35:56.589875 np0000175310 neutron-periodic-workers[105045]: DEBUG oslo.service.backend._threading.loopingcall [None req-1cb877d8-e8b8-4984-9ea8-3f30e9026894 None None] Fixed interval looping call 'neutron.plugins.ml2.plugin.AgentDbMixin.agent_health_check' sleeping for 36.99 seconds {{(pid=105045) _run_loop /opt/stack/data/venv/lib/python3.12/site-packages/oslo_service/backend/_threading/loopingcall.py:125}}
May 20 07:36:06.581662 np0000175310 neutron-periodic-workers[105037]: DEBUG dbcounter [-] [105037] Writing DB stats neutron:SELECT=3 {{(pid=105037) stat_writer /opt/stack/data/venv/lib/python3.12/site-packages/dbcounter.py:115}}
May 20 07:36:06.587739 np0000175310 neutron-periodic-workers[105045]: DEBUG dbcounter [-] [105045] Writing DB stats neutron:SELECT=1 {{(pid=105045) stat_writer /opt/stack/data/venv/lib/python3.12/site-packages/dbcounter.py:115}}
May 20 07:36:33.585124 np0000175310 neutron-periodic-workers[105045]: DEBUG neutron.db.agents_db [None req-1cb877d8-e8b8-4984-9ea8-3f30e9026894 None None] Agent healthcheck: found 0 active agents {{(pid=105045) agent_health_check /opt/stack/neutron/neutron/db/agents_db.py:322}}
May 20 07:36:33.586055 np0000175310 neutron-periodic-workers[105045]: DEBUG oslo.service.backend._threading.loopingcall [None req-1cb877d8-e8b8-4984-9ea8-3f30e9026894 None None] Fixed interval looping call 'neutron.plugins.ml2.plugin.AgentDbMixin.agent_health_check' sleeping for 36.99 seconds {{(pid=105045) _run_loop /opt/stack/data/venv/lib/python3.12/site-packages/oslo_service/backend/_threading/loopingcall.py:125}}
May 20 07:36:33.586140 np0000175310 neutron-periodic-workers[105037]: DEBUG oslo.service.backend._threading.loopingcall [None req-2311749f-f17d-4bdb-a14a-83f40b1dc252 None None] Fixed interval looping call 'neutron.plugins.ml2.plugin.DhcpAgentSchedulerDbMixin.remove_networks_from_down_agents' sleeping for 36.99 seconds {{(pid=105037) _run_loop /opt/stack/data/venv/lib/python3.12/site-packages/oslo_service/backend/_threading/loopingcall.py:125}}
May 20 07:36:34.640818 np0000175310 neutron-periodic-workers[105055]: DEBUG dbcounter [-] [105055] Writer thread running {{(pid=105055) stat_writer /opt/stack/data/venv/lib/python3.12/site-packages/dbcounter.py:102}}
May 20 07:36:34.642923 np0000175310 neutron-periodic-workers[105055]: DEBUG oslo.service.backend._threading.loopingcall [None req-abb089f7-83f2-49dc-8e53-d744d60f3c53 None None] Fixed interval looping call 'neutron.db.quota.driver_nolock.DbQuotaNoLockDriver._remove_expired_reservations' sleeping for 119.98 seconds {{(pid=105055) _run_loop /opt/stack/data/venv/lib/python3.12/site-packages/oslo_service/backend/_threading/loopingcall.py:125}}
May 20 07:36:43.583863 np0000175310 neutron-periodic-workers[105045]: DEBUG dbcounter [-] [105045] Writing DB stats neutron:SELECT=1 {{(pid=105045) stat_writer /opt/stack/data/venv/lib/python3.12/site-packages/dbcounter.py:115}}
May 20 07:36:43.585094 np0000175310 neutron-periodic-workers[105037]: DEBUG dbcounter [-] [105037] Writing DB stats neutron:SELECT=3 {{(pid=105037) stat_writer /opt/stack/data/venv/lib/python3.12/site-packages/dbcounter.py:115}}
May 20 07:36:44.641641 np0000175310 neutron-periodic-workers[105055]: DEBUG dbcounter [-] [105055] Writing DB stats neutron:DELETE=1 {{(pid=105055) stat_writer /opt/stack/data/venv/lib/python3.12/site-packages/dbcounter.py:115}}
May 20 07:37:04.663098 np0000175310 neutron-periodic-workers[105064]: DEBUG dbcounter [-] [105064] Writer thread running {{(pid=105064) stat_writer /opt/stack/data/venv/lib/python3.12/site-packages/dbcounter.py:102}}
May 20 07:37:04.671917 np0000175310 neutron-periodic-workers[105064]: DEBUG oslo.service.backend._threading.loopingcall [None req-7c29e302-fba9-44c9-aef7-19a5b4c091f4 None None] Fixed interval looping call 'neutron.services.ovn_l3.plugin.L3_NAT_dbonly_mixin._clean_garbage' sleeping for 299.96 seconds {{(pid=105064) _run_loop /opt/stack/data/venv/lib/python3.12/site-packages/oslo_service/backend/_threading/loopingcall.py:125}}
May 20 07:37:10.580966 np0000175310 neutron-periodic-workers[105045]: DEBUG neutron.db.agents_db [None req-1cb877d8-e8b8-4984-9ea8-3f30e9026894 None None] Agent healthcheck: found 0 active agents {{(pid=105045) agent_health_check /opt/stack/neutron/neutron/db/agents_db.py:322}}
May 20 07:37:10.581672 np0000175310 neutron-periodic-workers[105045]: DEBUG oslo.service.backend._threading.loopingcall [None req-1cb877d8-e8b8-4984-9ea8-3f30e9026894 None None] Fixed interval looping call 'neutron.plugins.ml2.plugin.AgentDbMixin.agent_health_check' sleeping for 36.99 seconds {{(pid=105045) _run_loop /opt/stack/data/venv/lib/python3.12/site-packages/oslo_service/backend/_threading/loopingcall.py:125}}
May 20 07:37:10.588079 np0000175310 neutron-periodic-workers[105037]: DEBUG oslo.service.backend._threading.loopingcall [None req-2311749f-f17d-4bdb-a14a-83f40b1dc252 None None] Fixed interval looping call 'neutron.plugins.ml2.plugin.DhcpAgentSchedulerDbMixin.remove_networks_from_down_agents' sleeping for 36.99 seconds {{(pid=105037) _run_loop /opt/stack/data/venv/lib/python3.12/site-packages/oslo_service/backend/_threading/loopingcall.py:125}}
May 20 07:37:14.663779 np0000175310 neutron-periodic-workers[105064]: DEBUG dbcounter [-] [105064] Writing DB stats neutron:SELECT=1 {{(pid=105064) stat_writer /opt/stack/data/venv/lib/python3.12/site-packages/dbcounter.py:115}}
May 20 07:37:20.579136 np0000175310 neutron-periodic-workers[105045]: DEBUG dbcounter [-] [105045] Writing DB stats neutron:SELECT=1 {{(pid=105045) stat_writer /opt/stack/data/venv/lib/python3.12/site-packages/dbcounter.py:115}}
May 20 07:37:20.586564 np0000175310 neutron-periodic-workers[105037]: DEBUG dbcounter [-] [105037] Writing DB stats neutron:SELECT=3 {{(pid=105037) stat_writer /opt/stack/data/venv/lib/python3.12/site-packages/dbcounter.py:115}}
May 20 07:37:47.577490 np0000175310 neutron-periodic-workers[105045]: DEBUG neutron.db.agents_db [None req-1cb877d8-e8b8-4984-9ea8-3f30e9026894 None None] Agent healthcheck: found 0 active agents {{(pid=105045) agent_health_check /opt/stack/neutron/neutron/db/agents_db.py:322}}
May 20 07:37:47.578319 np0000175310 neutron-periodic-workers[105045]: DEBUG oslo.service.backend._threading.loopingcall [None req-1cb877d8-e8b8-4984-9ea8-3f30e9026894 None None] Fixed interval looping call 'neutron.plugins.ml2.plugin.AgentDbMixin.agent_health_check' sleeping for 36.99 seconds {{(pid=105045) _run_loop /opt/stack/data/venv/lib/python3.12/site-packages/oslo_service/backend/_threading/loopingcall.py:125}}
May 20 07:37:47.586456 np0000175310 neutron-periodic-workers[105037]: DEBUG oslo.service.backend._threading.loopingcall [None req-2311749f-f17d-4bdb-a14a-83f40b1dc252 None None] Fixed interval looping call 'neutron.plugins.ml2.plugin.DhcpAgentSchedulerDbMixin.remove_networks_from_down_agents' sleeping for 36.99 seconds {{(pid=105037) _run_loop /opt/stack/data/venv/lib/python3.12/site-packages/oslo_service/backend/_threading/loopingcall.py:125}}
May 20 07:37:57.575263 np0000175310 neutron-periodic-workers[105045]: DEBUG dbcounter [-] [105045] Writing DB stats neutron:SELECT=1 {{(pid=105045) stat_writer /opt/stack/data/venv/lib/python3.12/site-packages/dbcounter.py:115}}
May 20 07:37:57.585738 np0000175310 neutron-periodic-workers[105037]: DEBUG dbcounter [-] [105037] Writing DB stats neutron:SELECT=3 {{(pid=105037) stat_writer /opt/stack/data/venv/lib/python3.12/site-packages/dbcounter.py:115}}
May 20 07:38:24.573078 np0000175310 neutron-periodic-workers[105045]: DEBUG neutron.db.agents_db [None req-1cb877d8-e8b8-4984-9ea8-3f30e9026894 None None] Agent healthcheck: found 0 active agents {{(pid=105045) agent_health_check /opt/stack/neutron/neutron/db/agents_db.py:322}}
May 20 07:38:24.573818 np0000175310 neutron-periodic-workers[105045]: DEBUG oslo.service.backend._threading.loopingcall [None req-1cb877d8-e8b8-4984-9ea8-3f30e9026894 None None] Fixed interval looping call 'neutron.plugins.ml2.plugin.AgentDbMixin.agent_health_check' sleeping for 36.99 seconds {{(pid=105045) _run_loop /opt/stack/data/venv/lib/python3.12/site-packages/oslo_service/backend/_threading/loopingcall.py:125}}
May 20 07:38:24.587455 np0000175310 neutron-periodic-workers[105037]: DEBUG oslo.service.backend._threading.loopingcall [None req-2311749f-f17d-4bdb-a14a-83f40b1dc252 None None] Fixed interval looping call 'neutron.plugins.ml2.plugin.DhcpAgentSchedulerDbMixin.remove_networks_from_down_agents' sleeping for 36.99 seconds {{(pid=105037) _run_loop /opt/stack/data/venv/lib/python3.12/site-packages/oslo_service/backend/_threading/loopingcall.py:125}}
May 20 07:38:34.571635 np0000175310 neutron-periodic-workers[105045]: DEBUG dbcounter [-] [105045] Writing DB stats neutron:SELECT=1 {{(pid=105045) stat_writer /opt/stack/data/venv/lib/python3.12/site-packages/dbcounter.py:115}}
May 20 07:38:34.586687 np0000175310 neutron-periodic-workers[105037]: DEBUG dbcounter [-] [105037] Writing DB stats neutron:SELECT=3 {{(pid=105037) stat_writer /opt/stack/data/venv/lib/python3.12/site-packages/dbcounter.py:115}}
May 20 07:38:34.628608 np0000175310 neutron-periodic-workers[105055]: DEBUG oslo.service.backend._threading.loopingcall [None req-abb089f7-83f2-49dc-8e53-d744d60f3c53 None None] Fixed interval looping call 'neutron.db.quota.driver_nolock.DbQuotaNoLockDriver._remove_expired_reservations' sleeping for 119.99 seconds {{(pid=105055) _run_loop /opt/stack/data/venv/lib/python3.12/site-packages/oslo_service/backend/_threading/loopingcall.py:125}}
May 20 07:38:44.627483 np0000175310 neutron-periodic-workers[105055]: DEBUG dbcounter [-] [105055] Writing DB stats neutron:DELETE=1 {{(pid=105055) stat_writer /opt/stack/data/venv/lib/python3.12/site-packages/dbcounter.py:115}}
May 20 07:39:01.569336 np0000175310 neutron-periodic-workers[105045]: DEBUG neutron.db.agents_db [None req-1cb877d8-e8b8-4984-9ea8-3f30e9026894 None None] Agent healthcheck: found 0 active agents {{(pid=105045) agent_health_check /opt/stack/neutron/neutron/db/agents_db.py:322}}
May 20 07:39:01.569809 np0000175310 neutron-periodic-workers[105045]: DEBUG oslo.service.backend._threading.loopingcall [None req-1cb877d8-e8b8-4984-9ea8-3f30e9026894 None None] Fixed interval looping call 'neutron.plugins.ml2.plugin.AgentDbMixin.agent_health_check' sleeping for 36.99 seconds {{(pid=105045) _run_loop /opt/stack/data/venv/lib/python3.12/site-packages/oslo_service/backend/_threading/loopingcall.py:125}}
May 20 07:39:01.586458 np0000175310 neutron-periodic-workers[105037]: DEBUG oslo.service.backend._threading.loopingcall [None req-2311749f-f17d-4bdb-a14a-83f40b1dc252 None None] Fixed interval looping call 'neutron.plugins.ml2.plugin.DhcpAgentSchedulerDbMixin.remove_networks_from_down_agents' sleeping for 36.99 seconds {{(pid=105037) _run_loop /opt/stack/data/venv/lib/python3.12/site-packages/oslo_service/backend/_threading/loopingcall.py:125}}
May 20 07:39:11.567414 np0000175310 neutron-periodic-workers[105045]: DEBUG dbcounter [-] [105045] Writing DB stats neutron:SELECT=1 {{(pid=105045) stat_writer /opt/stack/data/venv/lib/python3.12/site-packages/dbcounter.py:115}}
May 20 07:39:11.586512 np0000175310 neutron-periodic-workers[105037]: DEBUG dbcounter [-] [105037] Writing DB stats neutron:SELECT=3 {{(pid=105037) stat_writer /opt/stack/data/venv/lib/python3.12/site-packages/dbcounter.py:115}}
May 20 07:39:38.565163 np0000175310 neutron-periodic-workers[105045]: DEBUG neutron.db.agents_db [None req-1cb877d8-e8b8-4984-9ea8-3f30e9026894 None None] Agent healthcheck: found 0 active agents {{(pid=105045) agent_health_check /opt/stack/neutron/neutron/db/agents_db.py:322}}
May 20 07:39:38.565830 np0000175310 neutron-periodic-workers[105045]: DEBUG oslo.service.backend._threading.loopingcall [None req-1cb877d8-e8b8-4984-9ea8-3f30e9026894 None None] Fixed interval looping call 'neutron.plugins.ml2.plugin.AgentDbMixin.agent_health_check' sleeping for 36.99 seconds {{(pid=105045) _run_loop /opt/stack/data/venv/lib/python3.12/site-packages/oslo_service/backend/_threading/loopingcall.py:125}}
May 20 07:39:38.585155 np0000175310 neutron-periodic-workers[105037]: DEBUG oslo.service.backend._threading.loopingcall [None req-2311749f-f17d-4bdb-a14a-83f40b1dc252 None None] Fixed interval looping call 'neutron.plugins.ml2.plugin.DhcpAgentSchedulerDbMixin.remove_networks_from_down_agents' sleeping for 36.99 seconds {{(pid=105037) _run_loop /opt/stack/data/venv/lib/python3.12/site-packages/oslo_service/backend/_threading/loopingcall.py:125}}
May 20 07:39:48.563867 np0000175310 neutron-periodic-workers[105045]: DEBUG dbcounter [-] [105045] Writing DB stats neutron:SELECT=1 {{(pid=105045) stat_writer /opt/stack/data/venv/lib/python3.12/site-packages/dbcounter.py:115}}
May 20 07:39:48.584325 np0000175310 neutron-periodic-workers[105037]: DEBUG dbcounter [-] [105037] Writing DB stats neutron:SELECT=3 {{(pid=105037) stat_writer /opt/stack/data/venv/lib/python3.12/site-packages/dbcounter.py:115}}