May 14 10:22:48.088375 np0000174143 systemd[1]: Starting devstack@n-api.service - Devstack devstack@n-api.service...
May 14 10:22:48.094746 np0000174143 devstack@n-api.service[99738]: [uWSGI] getting INI configuration from /etc/nova/nova-api-uwsgi.ini
May 14 10:22:48.097229 np0000174143 devstack@n-api.service[99738]: *** Starting uWSGI 2.0.24-debian (64bit) on [Thu May 14 10:22:48 2026] ***
May 14 10:22:48.097229 np0000174143 devstack@n-api.service[99738]: compiled with version: 13.2.0 on 17 April 2024 16:23:48
May 14 10:22:48.097229 np0000174143 devstack@n-api.service[99738]: os: Linux-6.8.0-111-generic #111-Ubuntu SMP PREEMPT_DYNAMIC Sat Apr 11 23:16:02 UTC 2026
May 14 10:22:48.097229 np0000174143 devstack@n-api.service[99738]: nodename: np0000174143
May 14 10:22:48.097229 np0000174143 devstack@n-api.service[99738]: machine: x86_64
May 14 10:22:48.097229 np0000174143 devstack@n-api.service[99738]: clock source: unix
May 14 10:22:48.097229 np0000174143 devstack@n-api.service[99738]: pcre jit disabled
May 14 10:22:48.097229 np0000174143 devstack@n-api.service[99738]: detected number of CPU cores: 16
May 14 10:22:48.097229 np0000174143 devstack@n-api.service[99738]: current working directory: /
May 14 10:22:48.097229 np0000174143 devstack@n-api.service[99738]: detected binary path: /usr/bin/uwsgi-core
May 14 10:22:48.097229 np0000174143 devstack@n-api.service[99738]: your processes number limit is 256917
May 14 10:22:48.097229 np0000174143 devstack@n-api.service[99738]: your memory page size is 4096 bytes
May 14 10:22:48.097229 np0000174143 devstack@n-api.service[99738]: detected max file descriptor number: 2048
May 14 10:22:48.097229 np0000174143 devstack@n-api.service[99738]: lock engine: pthread robust mutexes
May 14 10:22:48.098201 np0000174143 devstack@n-api.service[99738]: thunder lock: enabled
May 14 10:22:48.098201 np0000174143 devstack@n-api.service[99738]: uwsgi socket 0 bound to UNIX address /var/run/uwsgi/nova-api.socket fd 4
May 14 10:22:48.098201 np0000174143 devstack@n-api.service[99738]: Python version: 3.12.3 (main, Mar 23 2026, 19:04:32) [GCC 13.3.0]
May 14 10:22:48.098201 np0000174143 devstack@n-api.service[99738]: PEP 405 virtualenv detected: /opt/stack/data/venv
May 14 10:22:48.098201 np0000174143 devstack@n-api.service[99738]: Set PythonHome to /opt/stack/data/venv
May 14 10:22:48.134489 np0000174143 devstack@n-api.service[99738]: Python main interpreter initialized at 0x79a7544a3668
May 14 10:22:48.134489 np0000174143 devstack@n-api.service[99738]: python threads support enabled
May 14 10:22:48.134489 np0000174143 devstack@n-api.service[99738]: your server socket listen backlog is limited to 100 connections
May 14 10:22:48.134489 np0000174143 devstack@n-api.service[99738]: your mercy for graceful operations on workers is 80 seconds
May 14 10:22:48.135110 np0000174143 devstack@n-api.service[99738]: mapped 671795 bytes (656 KB) for 4 cores
May 14 10:22:48.135285 np0000174143 devstack@n-api.service[99738]: *** Operational MODE: preforking ***
May 14 10:22:48.135514 np0000174143 devstack@n-api.service[99738]: *** uWSGI is running in multiple interpreter mode ***
May 14 10:22:48.135514 np0000174143 devstack@n-api.service[99738]: spawned uWSGI master process (pid: 99738)
May 14 10:22:48.135859 np0000174143 systemd[1]: Started devstack@n-api.service - Devstack devstack@n-api.service.
May 14 10:22:48.136393 np0000174143 devstack@n-api.service[99738]: spawned uWSGI worker 1 (pid: 99739, cores: 1)
May 14 10:22:48.136887 np0000174143 devstack@n-api.service[99738]: spawned uWSGI worker 2 (pid: 99740, cores: 1)
May 14 10:22:48.137409 np0000174143 devstack@n-api.service[99738]: spawned uWSGI worker 3 (pid: 99741, cores: 1)
May 14 10:22:48.138014 np0000174143 devstack@n-api.service[99738]: spawned uWSGI worker 4 (pid: 99742, cores: 1)
May 14 10:22:48.138076 np0000174143 devstack@n-api.service[99738]: running "unix_signal:15 gracefully_kill_them_all" (master-start)...
May 14 10:22:48.462521 np0000174143 devstack@n-api.service[99739]: /opt/stack/data/venv/lib/python3.12/site-packages/oslo_concurrency/lockutils.py:41: EventletDeprecationWarning:
May 14 10:22:48.462521 np0000174143 devstack@n-api.service[99739]: Eventlet is deprecated. It is currently being maintained in bugfix mode, and
May 14 10:22:48.462521 np0000174143 devstack@n-api.service[99739]: we strongly recommend against using it for new projects.
May 14 10:22:48.462521 np0000174143 devstack@n-api.service[99739]: If you are already using Eventlet, we recommend migrating to a different
May 14 10:22:48.462521 np0000174143 devstack@n-api.service[99739]: framework. For more detail see
May 14 10:22:48.462521 np0000174143 devstack@n-api.service[99739]: https://eventlet.readthedocs.io/en/latest/asyncio/migration.html
May 14 10:22:48.462521 np0000174143 devstack@n-api.service[99739]: import eventlet
May 14 10:22:48.477416 np0000174143 devstack@n-api.service[99741]: /opt/stack/data/venv/lib/python3.12/site-packages/oslo_concurrency/lockutils.py:41: EventletDeprecationWarning:
May 14 10:22:48.477416 np0000174143 devstack@n-api.service[99741]: Eventlet is deprecated. It is currently being maintained in bugfix mode, and
May 14 10:22:48.477416 np0000174143 devstack@n-api.service[99741]: we strongly recommend against using it for new projects.
May 14 10:22:48.477416 np0000174143 devstack@n-api.service[99741]: If you are already using Eventlet, we recommend migrating to a different
May 14 10:22:48.477416 np0000174143 devstack@n-api.service[99741]: framework. For more detail see
May 14 10:22:48.477416 np0000174143 devstack@n-api.service[99741]: https://eventlet.readthedocs.io/en/latest/asyncio/migration.html
May 14 10:22:48.477416 np0000174143 devstack@n-api.service[99741]: import eventlet
May 14 10:22:48.484443 np0000174143 devstack@n-api.service[99742]: /opt/stack/data/venv/lib/python3.12/site-packages/oslo_concurrency/lockutils.py:41: EventletDeprecationWarning:
May 14 10:22:48.484443 np0000174143 devstack@n-api.service[99742]: Eventlet is deprecated. It is currently being maintained in bugfix mode, and
May 14 10:22:48.484443 np0000174143 devstack@n-api.service[99742]: we strongly recommend against using it for new projects.
May 14 10:22:48.484443 np0000174143 devstack@n-api.service[99742]: If you are already using Eventlet, we recommend migrating to a different
May 14 10:22:48.484443 np0000174143 devstack@n-api.service[99742]: framework. For more detail see
May 14 10:22:48.484443 np0000174143 devstack@n-api.service[99742]: https://eventlet.readthedocs.io/en/latest/asyncio/migration.html
May 14 10:22:48.484443 np0000174143 devstack@n-api.service[99742]: import eventlet
May 14 10:22:48.497976 np0000174143 devstack@n-api.service[99740]: /opt/stack/data/venv/lib/python3.12/site-packages/oslo_concurrency/lockutils.py:41: EventletDeprecationWarning:
May 14 10:22:48.497976 np0000174143 devstack@n-api.service[99740]: Eventlet is deprecated. It is currently being maintained in bugfix mode, and
May 14 10:22:48.497976 np0000174143 devstack@n-api.service[99740]: we strongly recommend against using it for new projects.
May 14 10:22:48.497976 np0000174143 devstack@n-api.service[99740]: If you are already using Eventlet, we recommend migrating to a different
May 14 10:22:48.497976 np0000174143 devstack@n-api.service[99740]: framework. For more detail see
May 14 10:22:48.497976 np0000174143 devstack@n-api.service[99740]: https://eventlet.readthedocs.io/en/latest/asyncio/migration.html
May 14 10:22:48.497976 np0000174143 devstack@n-api.service[99740]: import eventlet
May 14 10:22:50.025194 np0000174143 devstack@n-api.service[99739]: INFO dbcounter [None req-f5cc8392-025b-4737-8b3e-ec61cfd3e3c7 None None] Registered counter for database nova_api
May 14 10:22:50.041237 np0000174143 devstack@n-api.service[99739]: DEBUG oslo_db.sqlalchemy.engines [None req-f5cc8392-025b-4737-8b3e-ec61cfd3e3c7 None None] MySQL server mode set to STRICT_TRANS_TABLES,STRICT_ALL_TABLES,NO_ZERO_IN_DATE,NO_ZERO_DATE,ERROR_FOR_DIVISION_BY_ZERO,TRADITIONAL,NO_ENGINE_SUBSTITUTION {{(pid=99739) _check_effective_sql_mode /opt/stack/data/venv/lib/python3.12/site-packages/oslo_db/sqlalchemy/engines.py:325}}
May 14 10:22:50.068596 np0000174143 devstack@n-api.service[99742]: INFO dbcounter [None req-bbc11b20-5109-476f-b4a9-4be4a7d55b4e None None] Registered counter for database nova_api
May 14 10:22:50.074700 np0000174143 devstack@n-api.service[99739]: DEBUG dbcounter [-] [99739] Writer thread running {{(pid=99739) stat_writer /opt/stack/data/venv/lib/python3.12/site-packages/dbcounter.py:102}}
May 14 10:22:50.077400 np0000174143 devstack@n-api.service[99739]: DEBUG nova.context [None req-f5cc8392-025b-4737-8b3e-ec61cfd3e3c7 None None] Found 2 cells: 00000000-0000-0000-0000-000000000000(cell0),10ec41de-3482-49fe-9532-c566663aec8f(cell1) {{(pid=99739) load_cells /opt/stack/nova/nova/context.py:509}}
May 14 10:22:50.077651 np0000174143 devstack@n-api.service[99739]: INFO nova.utils [None req-f5cc8392-025b-4737-8b3e-ec61cfd3e3c7 None None] The cell worker thread pool MainProcess.cell_worker is initialized
May 14 10:22:50.079449 np0000174143 devstack@n-api.service[99739]: DEBUG oslo_concurrency.lockutils [None req-f5cc8392-025b-4737-8b3e-ec61cfd3e3c7 None None] Acquiring lock "00000000-0000-0000-0000-000000000000" by "nova.context.set_target_cell..get_or_set_cached_cell_and_set_connections" {{(pid=99739) inner /opt/stack/data/venv/lib/python3.12/site-packages/oslo_concurrency/lockutils.py:506}}
May 14 10:22:50.079635 np0000174143 devstack@n-api.service[99739]: DEBUG oslo_concurrency.lockutils [None req-f5cc8392-025b-4737-8b3e-ec61cfd3e3c7 None None] Lock "00000000-0000-0000-0000-000000000000" acquired by "nova.context.set_target_cell..get_or_set_cached_cell_and_set_connections" :: waited 0.000s {{(pid=99739) inner /opt/stack/data/venv/lib/python3.12/site-packages/oslo_concurrency/lockutils.py:519}}
May 14 10:22:50.080040 np0000174143 devstack@n-api.service[99739]: DEBUG oslo_concurrency.lockutils [None req-f5cc8392-025b-4737-8b3e-ec61cfd3e3c7 None None] Lock "00000000-0000-0000-0000-000000000000" "released" by "nova.context.set_target_cell..get_or_set_cached_cell_and_set_connections" :: held 0.000s {{(pid=99739) inner /opt/stack/data/venv/lib/python3.12/site-packages/oslo_concurrency/lockutils.py:538}}
May 14 10:22:50.080985 np0000174143 devstack@n-api.service[99739]: DEBUG oslo_concurrency.lockutils [None req-f5cc8392-025b-4737-8b3e-ec61cfd3e3c7 None None] Acquiring lock "10ec41de-3482-49fe-9532-c566663aec8f" by "nova.context.set_target_cell..get_or_set_cached_cell_and_set_connections" {{(pid=99739) inner /opt/stack/data/venv/lib/python3.12/site-packages/oslo_concurrency/lockutils.py:506}}
May 14 10:22:50.081130 np0000174143 devstack@n-api.service[99739]: DEBUG oslo_concurrency.lockutils [None req-f5cc8392-025b-4737-8b3e-ec61cfd3e3c7 None None] Lock "10ec41de-3482-49fe-9532-c566663aec8f" acquired by "nova.context.set_target_cell..get_or_set_cached_cell_and_set_connections" :: waited 0.000s {{(pid=99739) inner /opt/stack/data/venv/lib/python3.12/site-packages/oslo_concurrency/lockutils.py:519}}
May 14 10:22:50.082021 np0000174143 devstack@n-api.service[99739]: DEBUG oslo_concurrency.lockutils [None req-f5cc8392-025b-4737-8b3e-ec61cfd3e3c7 None None] Lock "10ec41de-3482-49fe-9532-c566663aec8f" "released" by "nova.context.set_target_cell..get_or_set_cached_cell_and_set_connections" :: held 0.001s {{(pid=99739) inner /opt/stack/data/venv/lib/python3.12/site-packages/oslo_concurrency/lockutils.py:538}}
May 14 10:22:50.086128 np0000174143 devstack@n-api.service[99739]: INFO dbcounter [None req-f5cc8392-025b-4737-8b3e-ec61cfd3e3c7 None None] Registered counter for database nova_cell0
May 14 10:22:50.087024 np0000174143 devstack@n-api.service[99742]: DEBUG oslo_db.sqlalchemy.engines [None req-bbc11b20-5109-476f-b4a9-4be4a7d55b4e None None] MySQL server mode set to STRICT_TRANS_TABLES,STRICT_ALL_TABLES,NO_ZERO_IN_DATE,NO_ZERO_DATE,ERROR_FOR_DIVISION_BY_ZERO,TRADITIONAL,NO_ENGINE_SUBSTITUTION {{(pid=99742) _check_effective_sql_mode /opt/stack/data/venv/lib/python3.12/site-packages/oslo_db/sqlalchemy/engines.py:325}}
May 14 10:22:50.092812 np0000174143 devstack@n-api.service[99739]: INFO dbcounter [None req-f5cc8392-025b-4737-8b3e-ec61cfd3e3c7 None None] Registered counter for database nova_cell1
May 14 10:22:50.099941 np0000174143 devstack@n-api.service[99739]: DEBUG oslo_db.sqlalchemy.engines [None req-f5cc8392-025b-4737-8b3e-ec61cfd3e3c7 None None] MySQL server mode set to STRICT_TRANS_TABLES,STRICT_ALL_TABLES,NO_ZERO_IN_DATE,NO_ZERO_DATE,ERROR_FOR_DIVISION_BY_ZERO,TRADITIONAL,NO_ENGINE_SUBSTITUTION {{(pid=99739) _check_effective_sql_mode /opt/stack/data/venv/lib/python3.12/site-packages/oslo_db/sqlalchemy/engines.py:325}}
May 14 10:22:50.107360 np0000174143 devstack@n-api.service[99739]: DEBUG oslo_db.sqlalchemy.engines [None req-f5cc8392-025b-4737-8b3e-ec61cfd3e3c7 None None] MySQL server mode set to STRICT_TRANS_TABLES,STRICT_ALL_TABLES,NO_ZERO_IN_DATE,NO_ZERO_DATE,ERROR_FOR_DIVISION_BY_ZERO,TRADITIONAL,NO_ENGINE_SUBSTITUTION {{(pid=99739) _check_effective_sql_mode /opt/stack/data/venv/lib/python3.12/site-packages/oslo_db/sqlalchemy/engines.py:325}}
May 14 10:22:50.118906 np0000174143 devstack@n-api.service[99740]: INFO dbcounter [None req-7a176a49-3b1b-41cc-a0c8-bf6bf1c9e56d None None] Registered counter for database nova_api
May 14 10:22:50.126426 np0000174143 devstack@n-api.service[99742]: DEBUG dbcounter [-] [99742] Writer thread running {{(pid=99742) stat_writer /opt/stack/data/venv/lib/python3.12/site-packages/dbcounter.py:102}}
May 14 10:22:50.129053 np0000174143 devstack@n-api.service[99742]: DEBUG nova.context [None req-bbc11b20-5109-476f-b4a9-4be4a7d55b4e None None] Found 2 cells: 00000000-0000-0000-0000-000000000000(cell0),10ec41de-3482-49fe-9532-c566663aec8f(cell1) {{(pid=99742) load_cells /opt/stack/nova/nova/context.py:509}}
May 14 10:22:50.129771 np0000174143 devstack@n-api.service[99742]: INFO nova.utils [None req-bbc11b20-5109-476f-b4a9-4be4a7d55b4e None None] The cell worker thread pool MainProcess.cell_worker is initialized
May 14 10:22:50.131639 np0000174143 devstack@n-api.service[99742]: DEBUG oslo_concurrency.lockutils [None req-bbc11b20-5109-476f-b4a9-4be4a7d55b4e None None] Acquiring lock "00000000-0000-0000-0000-000000000000" by "nova.context.set_target_cell..get_or_set_cached_cell_and_set_connections" {{(pid=99742) inner /opt/stack/data/venv/lib/python3.12/site-packages/oslo_concurrency/lockutils.py:506}}
May 14 10:22:50.131840 np0000174143 devstack@n-api.service[99742]: DEBUG oslo_concurrency.lockutils [None req-bbc11b20-5109-476f-b4a9-4be4a7d55b4e None None] Lock "00000000-0000-0000-0000-000000000000" acquired by "nova.context.set_target_cell..get_or_set_cached_cell_and_set_connections" :: waited 0.000s {{(pid=99742) inner /opt/stack/data/venv/lib/python3.12/site-packages/oslo_concurrency/lockutils.py:519}}
May 14 10:22:50.132323 np0000174143 devstack@n-api.service[99742]: DEBUG oslo_concurrency.lockutils [None req-bbc11b20-5109-476f-b4a9-4be4a7d55b4e None None] Lock "00000000-0000-0000-0000-000000000000" "released" by "nova.context.set_target_cell..get_or_set_cached_cell_and_set_connections" :: held 0.000s {{(pid=99742) inner /opt/stack/data/venv/lib/python3.12/site-packages/oslo_concurrency/lockutils.py:538}}
May 14 10:22:50.133501 np0000174143 devstack@n-api.service[99742]: DEBUG oslo_concurrency.lockutils [None req-bbc11b20-5109-476f-b4a9-4be4a7d55b4e None None] Acquiring lock "10ec41de-3482-49fe-9532-c566663aec8f" by "nova.context.set_target_cell..get_or_set_cached_cell_and_set_connections" {{(pid=99742) inner /opt/stack/data/venv/lib/python3.12/site-packages/oslo_concurrency/lockutils.py:506}}
May 14 10:22:50.133688 np0000174143 devstack@n-api.service[99742]: DEBUG oslo_concurrency.lockutils [None req-bbc11b20-5109-476f-b4a9-4be4a7d55b4e None None] Lock "10ec41de-3482-49fe-9532-c566663aec8f" acquired by "nova.context.set_target_cell..get_or_set_cached_cell_and_set_connections" :: waited 0.000s {{(pid=99742) inner /opt/stack/data/venv/lib/python3.12/site-packages/oslo_concurrency/lockutils.py:519}}
May 14 10:22:50.134714 np0000174143 devstack@n-api.service[99742]: DEBUG oslo_concurrency.lockutils [None req-bbc11b20-5109-476f-b4a9-4be4a7d55b4e None None] Lock "10ec41de-3482-49fe-9532-c566663aec8f" "released" by "nova.context.set_target_cell..get_or_set_cached_cell_and_set_connections" :: held 0.001s {{(pid=99742) inner /opt/stack/data/venv/lib/python3.12/site-packages/oslo_concurrency/lockutils.py:538}}
May 14 10:22:50.138931 np0000174143 devstack@n-api.service[99742]: INFO dbcounter [None req-bbc11b20-5109-476f-b4a9-4be4a7d55b4e None None] Registered counter for database nova_cell0
May 14 10:22:50.143410 np0000174143 devstack@n-api.service[99740]: DEBUG oslo_db.sqlalchemy.engines [None req-7a176a49-3b1b-41cc-a0c8-bf6bf1c9e56d None None] MySQL server mode set to STRICT_TRANS_TABLES,STRICT_ALL_TABLES,NO_ZERO_IN_DATE,NO_ZERO_DATE,ERROR_FOR_DIVISION_BY_ZERO,TRADITIONAL,NO_ENGINE_SUBSTITUTION {{(pid=99740) _check_effective_sql_mode /opt/stack/data/venv/lib/python3.12/site-packages/oslo_db/sqlalchemy/engines.py:325}}
May 14 10:22:50.146085 np0000174143 devstack@n-api.service[99742]: INFO dbcounter [None req-bbc11b20-5109-476f-b4a9-4be4a7d55b4e None None] Registered counter for database nova_cell1
May 14 10:22:50.157485 np0000174143 devstack@n-api.service[99742]: DEBUG oslo_db.sqlalchemy.engines [None req-bbc11b20-5109-476f-b4a9-4be4a7d55b4e None None] MySQL server mode set to STRICT_TRANS_TABLES,STRICT_ALL_TABLES,NO_ZERO_IN_DATE,NO_ZERO_DATE,ERROR_FOR_DIVISION_BY_ZERO,TRADITIONAL,NO_ENGINE_SUBSTITUTION {{(pid=99742) _check_effective_sql_mode /opt/stack/data/venv/lib/python3.12/site-packages/oslo_db/sqlalchemy/engines.py:325}}
May 14 10:22:50.163680 np0000174143 devstack@n-api.service[99742]: DEBUG oslo_db.sqlalchemy.engines [None req-bbc11b20-5109-476f-b4a9-4be4a7d55b4e None None] MySQL server mode set to STRICT_TRANS_TABLES,STRICT_ALL_TABLES,NO_ZERO_IN_DATE,NO_ZERO_DATE,ERROR_FOR_DIVISION_BY_ZERO,TRADITIONAL,NO_ENGINE_SUBSTITUTION {{(pid=99742) _check_effective_sql_mode /opt/stack/data/venv/lib/python3.12/site-packages/oslo_db/sqlalchemy/engines.py:325}}
May 14 10:22:50.177341 np0000174143 devstack@n-api.service[99740]: DEBUG dbcounter [-] [99740] Writer thread running {{(pid=99740) stat_writer /opt/stack/data/venv/lib/python3.12/site-packages/dbcounter.py:102}}
May 14 10:22:50.179889 np0000174143 devstack@n-api.service[99740]: DEBUG nova.context [None req-7a176a49-3b1b-41cc-a0c8-bf6bf1c9e56d None None] Found 2 cells: 00000000-0000-0000-0000-000000000000(cell0),10ec41de-3482-49fe-9532-c566663aec8f(cell1) {{(pid=99740) load_cells /opt/stack/nova/nova/context.py:509}}
May 14 10:22:50.180163 np0000174143 devstack@n-api.service[99740]: INFO nova.utils [None req-7a176a49-3b1b-41cc-a0c8-bf6bf1c9e56d None None] The cell worker thread pool MainProcess.cell_worker is initialized
May 14 10:22:50.182115 np0000174143 devstack@n-api.service[99740]: DEBUG oslo_concurrency.lockutils [None req-7a176a49-3b1b-41cc-a0c8-bf6bf1c9e56d None None] Acquiring lock "00000000-0000-0000-0000-000000000000" by "nova.context.set_target_cell..get_or_set_cached_cell_and_set_connections" {{(pid=99740) inner /opt/stack/data/venv/lib/python3.12/site-packages/oslo_concurrency/lockutils.py:506}}
May 14 10:22:50.182315 np0000174143 devstack@n-api.service[99740]: DEBUG oslo_concurrency.lockutils [None req-7a176a49-3b1b-41cc-a0c8-bf6bf1c9e56d None None] Lock "00000000-0000-0000-0000-000000000000" acquired by "nova.context.set_target_cell..get_or_set_cached_cell_and_set_connections" :: waited 0.000s {{(pid=99740) inner /opt/stack/data/venv/lib/python3.12/site-packages/oslo_concurrency/lockutils.py:519}}
May 14 10:22:50.182811 np0000174143 devstack@n-api.service[99740]: DEBUG oslo_concurrency.lockutils [None req-7a176a49-3b1b-41cc-a0c8-bf6bf1c9e56d None None] Lock "00000000-0000-0000-0000-000000000000" "released" by "nova.context.set_target_cell..get_or_set_cached_cell_and_set_connections" :: held 0.000s {{(pid=99740) inner /opt/stack/data/venv/lib/python3.12/site-packages/oslo_concurrency/lockutils.py:538}}
May 14 10:22:50.183834 np0000174143 devstack@n-api.service[99740]: DEBUG oslo_concurrency.lockutils [None req-7a176a49-3b1b-41cc-a0c8-bf6bf1c9e56d None None] Acquiring lock "10ec41de-3482-49fe-9532-c566663aec8f" by "nova.context.set_target_cell..get_or_set_cached_cell_and_set_connections" {{(pid=99740) inner /opt/stack/data/venv/lib/python3.12/site-packages/oslo_concurrency/lockutils.py:506}}
May 14 10:22:50.184037 np0000174143 devstack@n-api.service[99740]: DEBUG oslo_concurrency.lockutils [None req-7a176a49-3b1b-41cc-a0c8-bf6bf1c9e56d None None] Lock "10ec41de-3482-49fe-9532-c566663aec8f" acquired by "nova.context.set_target_cell..get_or_set_cached_cell_and_set_connections" :: waited 0.000s {{(pid=99740) inner /opt/stack/data/venv/lib/python3.12/site-packages/oslo_concurrency/lockutils.py:519}}
May 14 10:22:50.185180 np0000174143 devstack@n-api.service[99740]: DEBUG oslo_concurrency.lockutils [None req-7a176a49-3b1b-41cc-a0c8-bf6bf1c9e56d None None] Lock "10ec41de-3482-49fe-9532-c566663aec8f" "released" by "nova.context.set_target_cell..get_or_set_cached_cell_and_set_connections" :: held 0.001s {{(pid=99740) inner /opt/stack/data/venv/lib/python3.12/site-packages/oslo_concurrency/lockutils.py:538}}
May 14 10:22:50.188845 np0000174143 devstack@n-api.service[99740]: INFO dbcounter [None req-7a176a49-3b1b-41cc-a0c8-bf6bf1c9e56d None None] Registered counter for database nova_cell0
May 14 10:22:50.194824 np0000174143 devstack@n-api.service[99741]: INFO dbcounter [None req-c45994d2-5a12-4cb3-aa42-885dff832fb7 None None] Registered counter for database nova_api
May 14 10:22:50.195542 np0000174143 devstack@n-api.service[99740]: INFO dbcounter [None req-7a176a49-3b1b-41cc-a0c8-bf6bf1c9e56d None None] Registered counter for database nova_cell1
May 14 10:22:50.205296 np0000174143 devstack@n-api.service[99740]: DEBUG oslo_db.sqlalchemy.engines [None req-7a176a49-3b1b-41cc-a0c8-bf6bf1c9e56d None None] MySQL server mode set to STRICT_TRANS_TABLES,STRICT_ALL_TABLES,NO_ZERO_IN_DATE,NO_ZERO_DATE,ERROR_FOR_DIVISION_BY_ZERO,TRADITIONAL,NO_ENGINE_SUBSTITUTION {{(pid=99740) _check_effective_sql_mode /opt/stack/data/venv/lib/python3.12/site-packages/oslo_db/sqlalchemy/engines.py:325}}
May 14 10:22:50.212463 np0000174143 devstack@n-api.service[99739]: DEBUG dbcounter [-] [99739] Writer thread running {{(pid=99739) stat_writer /opt/stack/data/venv/lib/python3.12/site-packages/dbcounter.py:102}}
May 14 10:22:50.214835 np0000174143 devstack@n-api.service[99739]: DEBUG dbcounter [-] [99739] Writer thread running {{(pid=99739) stat_writer /opt/stack/data/venv/lib/python3.12/site-packages/dbcounter.py:102}}
May 14 10:22:50.215803 np0000174143 devstack@n-api.service[99741]: DEBUG oslo_db.sqlalchemy.engines [None req-c45994d2-5a12-4cb3-aa42-885dff832fb7 None None] MySQL server mode set to STRICT_TRANS_TABLES,STRICT_ALL_TABLES,NO_ZERO_IN_DATE,NO_ZERO_DATE,ERROR_FOR_DIVISION_BY_ZERO,TRADITIONAL,NO_ENGINE_SUBSTITUTION {{(pid=99741) _check_effective_sql_mode /opt/stack/data/venv/lib/python3.12/site-packages/oslo_db/sqlalchemy/engines.py:325}}
May 14 10:22:50.218346 np0000174143 devstack@n-api.service[99740]: DEBUG oslo_db.sqlalchemy.engines [None req-7a176a49-3b1b-41cc-a0c8-bf6bf1c9e56d None None] MySQL server mode set to STRICT_TRANS_TABLES,STRICT_ALL_TABLES,NO_ZERO_IN_DATE,NO_ZERO_DATE,ERROR_FOR_DIVISION_BY_ZERO,TRADITIONAL,NO_ENGINE_SUBSTITUTION {{(pid=99740) _check_effective_sql_mode /opt/stack/data/venv/lib/python3.12/site-packages/oslo_db/sqlalchemy/engines.py:325}}
May 14 10:22:50.219638 np0000174143 devstack@n-api.service[99739]: INFO dbcounter [None req-f5cc8392-025b-4737-8b3e-ec61cfd3e3c7 None None] Registered counter for database nova_cell0
May 14 10:22:50.228035 np0000174143 devstack@n-api.service[99739]: DEBUG oslo_db.sqlalchemy.engines [None req-f5cc8392-025b-4737-8b3e-ec61cfd3e3c7 None None] MySQL server mode set to STRICT_TRANS_TABLES,STRICT_ALL_TABLES,NO_ZERO_IN_DATE,NO_ZERO_DATE,ERROR_FOR_DIVISION_BY_ZERO,TRADITIONAL,NO_ENGINE_SUBSTITUTION {{(pid=99739) _check_effective_sql_mode /opt/stack/data/venv/lib/python3.12/site-packages/oslo_db/sqlalchemy/engines.py:325}}
May 14 10:22:50.235905 np0000174143 devstack@n-api.service[99739]: DEBUG dbcounter [-] [99739] Writer thread running {{(pid=99739) stat_writer /opt/stack/data/venv/lib/python3.12/site-packages/dbcounter.py:102}}
May 14 10:22:50.250094 np0000174143 devstack@n-api.service[99741]: DEBUG dbcounter [-] [99741] Writer thread running {{(pid=99741) stat_writer /opt/stack/data/venv/lib/python3.12/site-packages/dbcounter.py:102}}
May 14 10:22:50.253326 np0000174143 devstack@n-api.service[99741]: DEBUG nova.context [None req-c45994d2-5a12-4cb3-aa42-885dff832fb7 None None] Found 2 cells: 00000000-0000-0000-0000-000000000000(cell0),10ec41de-3482-49fe-9532-c566663aec8f(cell1) {{(pid=99741) load_cells /opt/stack/nova/nova/context.py:509}}
May 14 10:22:50.253570 np0000174143 devstack@n-api.service[99741]: INFO nova.utils [None req-c45994d2-5a12-4cb3-aa42-885dff832fb7 None None] The cell worker thread pool MainProcess.cell_worker is initialized
May 14 10:22:50.255885 np0000174143 devstack@n-api.service[99741]: DEBUG oslo_concurrency.lockutils [None req-c45994d2-5a12-4cb3-aa42-885dff832fb7 None None] Acquiring lock "00000000-0000-0000-0000-000000000000" by "nova.context.set_target_cell..get_or_set_cached_cell_and_set_connections" {{(pid=99741) inner /opt/stack/data/venv/lib/python3.12/site-packages/oslo_concurrency/lockutils.py:506}}
May 14 10:22:50.256198 np0000174143 devstack@n-api.service[99741]: DEBUG oslo_concurrency.lockutils [None req-c45994d2-5a12-4cb3-aa42-885dff832fb7 None None] Lock "00000000-0000-0000-0000-000000000000" acquired by "nova.context.set_target_cell..get_or_set_cached_cell_and_set_connections" :: waited 0.000s {{(pid=99741) inner /opt/stack/data/venv/lib/python3.12/site-packages/oslo_concurrency/lockutils.py:519}}
May 14 10:22:50.256739 np0000174143 devstack@n-api.service[99741]: DEBUG oslo_concurrency.lockutils [None req-c45994d2-5a12-4cb3-aa42-885dff832fb7 None None] Lock "00000000-0000-0000-0000-000000000000" "released" by "nova.context.set_target_cell..get_or_set_cached_cell_and_set_connections" :: held 0.001s {{(pid=99741) inner /opt/stack/data/venv/lib/python3.12/site-packages/oslo_concurrency/lockutils.py:538}}
May 14 10:22:50.257932 np0000174143 devstack@n-api.service[99741]: DEBUG oslo_concurrency.lockutils [None req-c45994d2-5a12-4cb3-aa42-885dff832fb7 None None] Acquiring lock "10ec41de-3482-49fe-9532-c566663aec8f" by "nova.context.set_target_cell..get_or_set_cached_cell_and_set_connections" {{(pid=99741) inner /opt/stack/data/venv/lib/python3.12/site-packages/oslo_concurrency/lockutils.py:506}}
May 14 10:22:50.258231 np0000174143 devstack@n-api.service[99741]: DEBUG oslo_concurrency.lockutils [None req-c45994d2-5a12-4cb3-aa42-885dff832fb7 None None] Lock "10ec41de-3482-49fe-9532-c566663aec8f" acquired by "nova.context.set_target_cell..get_or_set_cached_cell_and_set_connections" :: waited 0.000s {{(pid=99741) inner /opt/stack/data/venv/lib/python3.12/site-packages/oslo_concurrency/lockutils.py:519}}
May 14 10:22:50.259541 np0000174143 devstack@n-api.service[99741]: DEBUG oslo_concurrency.lockutils [None req-c45994d2-5a12-4cb3-aa42-885dff832fb7 None None] Lock "10ec41de-3482-49fe-9532-c566663aec8f" "released" by "nova.context.set_target_cell..get_or_set_cached_cell_and_set_connections" :: held 0.001s {{(pid=99741) inner /opt/stack/data/venv/lib/python3.12/site-packages/oslo_concurrency/lockutils.py:538}}
May 14 10:22:50.260648 np0000174143 devstack@n-api.service[99742]: DEBUG dbcounter [-] [99742] Writer thread running {{(pid=99742) stat_writer /opt/stack/data/venv/lib/python3.12/site-packages/dbcounter.py:102}}
May 14 10:22:50.264216 np0000174143 devstack@n-api.service[99741]: INFO dbcounter [None req-c45994d2-5a12-4cb3-aa42-885dff832fb7 None None] Registered counter for database nova_cell0
May 14 10:22:50.266555 np0000174143 devstack@n-api.service[99742]: DEBUG dbcounter [-] [99742] Writer thread running {{(pid=99742) stat_writer /opt/stack/data/venv/lib/python3.12/site-packages/dbcounter.py:102}}
May 14 10:22:50.271257 np0000174143 devstack@n-api.service[99741]: INFO dbcounter [None req-c45994d2-5a12-4cb3-aa42-885dff832fb7 None None] Registered counter for database nova_cell1
May 14 10:22:50.281855 np0000174143 devstack@n-api.service[99741]: DEBUG oslo_db.sqlalchemy.engines [None req-c45994d2-5a12-4cb3-aa42-885dff832fb7 None None] MySQL server mode set to STRICT_TRANS_TABLES,STRICT_ALL_TABLES,NO_ZERO_IN_DATE,NO_ZERO_DATE,ERROR_FOR_DIVISION_BY_ZERO,TRADITIONAL,NO_ENGINE_SUBSTITUTION {{(pid=99741) _check_effective_sql_mode /opt/stack/data/venv/lib/python3.12/site-packages/oslo_db/sqlalchemy/engines.py:325}}
May 14 10:22:50.294030 np0000174143 devstack@n-api.service[99741]: DEBUG oslo_db.sqlalchemy.engines [None req-c45994d2-5a12-4cb3-aa42-885dff832fb7 None None] MySQL server mode set to STRICT_TRANS_TABLES,STRICT_ALL_TABLES,NO_ZERO_IN_DATE,NO_ZERO_DATE,ERROR_FOR_DIVISION_BY_ZERO,TRADITIONAL,NO_ENGINE_SUBSTITUTION {{(pid=99741) _check_effective_sql_mode /opt/stack/data/venv/lib/python3.12/site-packages/oslo_db/sqlalchemy/engines.py:325}}
May 14 10:22:50.326850 np0000174143 devstack@n-api.service[99742]: INFO dbcounter [None req-bbc11b20-5109-476f-b4a9-4be4a7d55b4e None None] Registered counter for database nova_cell0
May 14 10:22:50.327733 np0000174143 devstack@n-api.service[99740]: DEBUG dbcounter [-] [99740] Writer thread running {{(pid=99740) stat_writer /opt/stack/data/venv/lib/python3.12/site-packages/dbcounter.py:102}}
May 14 10:22:50.330975 np0000174143 devstack@n-api.service[99740]: DEBUG dbcounter [-] [99740] Writer thread running {{(pid=99740) stat_writer /opt/stack/data/venv/lib/python3.12/site-packages/dbcounter.py:102}}
May 14 10:22:50.340344 np0000174143 devstack@n-api.service[99740]: INFO dbcounter [None req-7a176a49-3b1b-41cc-a0c8-bf6bf1c9e56d None None] Registered counter for database nova_cell0
May 14 10:22:50.340670 np0000174143 devstack@n-api.service[99742]: DEBUG oslo_db.sqlalchemy.engines [None req-bbc11b20-5109-476f-b4a9-4be4a7d55b4e None None] MySQL server mode set to STRICT_TRANS_TABLES,STRICT_ALL_TABLES,NO_ZERO_IN_DATE,NO_ZERO_DATE,ERROR_FOR_DIVISION_BY_ZERO,TRADITIONAL,NO_ENGINE_SUBSTITUTION {{(pid=99742) _check_effective_sql_mode /opt/stack/data/venv/lib/python3.12/site-packages/oslo_db/sqlalchemy/engines.py:325}}
May 14 10:22:50.348512 np0000174143 devstack@n-api.service[99742]: DEBUG dbcounter [-] [99742] Writer thread running {{(pid=99742) stat_writer /opt/stack/data/venv/lib/python3.12/site-packages/dbcounter.py:102}}
May 14 10:22:50.351988 np0000174143 devstack@n-api.service[99740]: DEBUG oslo_db.sqlalchemy.engines [None req-7a176a49-3b1b-41cc-a0c8-bf6bf1c9e56d None None] MySQL server mode set to STRICT_TRANS_TABLES,STRICT_ALL_TABLES,NO_ZERO_IN_DATE,NO_ZERO_DATE,ERROR_FOR_DIVISION_BY_ZERO,TRADITIONAL,NO_ENGINE_SUBSTITUTION {{(pid=99740) _check_effective_sql_mode /opt/stack/data/venv/lib/python3.12/site-packages/oslo_db/sqlalchemy/engines.py:325}}
May 14 10:22:50.362276 np0000174143 devstack@n-api.service[99740]: DEBUG dbcounter [-] [99740] Writer thread running {{(pid=99740) stat_writer /opt/stack/data/venv/lib/python3.12/site-packages/dbcounter.py:102}}
May 14 10:22:50.379133 np0000174143 devstack@n-api.service[99741]: DEBUG dbcounter [-] [99741] Writer thread running {{(pid=99741) stat_writer /opt/stack/data/venv/lib/python3.12/site-packages/dbcounter.py:102}}
May 14 10:22:50.386156 np0000174143 devstack@n-api.service[99741]: DEBUG dbcounter [-] [99741] Writer thread running {{(pid=99741) stat_writer /opt/stack/data/venv/lib/python3.12/site-packages/dbcounter.py:102}}
May 14 10:22:50.391459 np0000174143 devstack@n-api.service[99741]: INFO dbcounter [None req-c45994d2-5a12-4cb3-aa42-885dff832fb7 None None] Registered counter for database nova_cell0
May 14 10:22:50.404049 np0000174143 devstack@n-api.service[99741]: DEBUG oslo_db.sqlalchemy.engines [None req-c45994d2-5a12-4cb3-aa42-885dff832fb7 None None] MySQL server mode set to STRICT_TRANS_TABLES,STRICT_ALL_TABLES,NO_ZERO_IN_DATE,NO_ZERO_DATE,ERROR_FOR_DIVISION_BY_ZERO,TRADITIONAL,NO_ENGINE_SUBSTITUTION {{(pid=99741) _check_effective_sql_mode /opt/stack/data/venv/lib/python3.12/site-packages/oslo_db/sqlalchemy/engines.py:325}}
May 14 10:22:50.413306 np0000174143 devstack@n-api.service[99741]: DEBUG dbcounter [-] [99741] Writer thread running {{(pid=99741) stat_writer /opt/stack/data/venv/lib/python3.12/site-packages/dbcounter.py:102}}
May 14 10:22:50.738452 np0000174143 devstack@n-api.service[99739]: DEBUG oslo_concurrency.processutils [None req-f5cc8392-025b-4737-8b3e-ec61cfd3e3c7 None None] Running cmd (subprocess): grep -F node.session.scan /sbin/iscsiadm {{(pid=99739) execute /opt/stack/data/venv/lib/python3.12/site-packages/oslo_concurrency/processutils.py:440}}
May 14 10:22:50.759116 np0000174143 devstack@n-api.service[99739]: DEBUG oslo_concurrency.processutils [None req-f5cc8392-025b-4737-8b3e-ec61cfd3e3c7 None None] CMD "grep -F node.session.scan /sbin/iscsiadm" returned: 0 in 0.021s {{(pid=99739) execute /opt/stack/data/venv/lib/python3.12/site-packages/oslo_concurrency/processutils.py:468}}
May 14 10:22:50.871869 np0000174143 devstack@n-api.service[99740]: DEBUG oslo_concurrency.processutils [None req-7a176a49-3b1b-41cc-a0c8-bf6bf1c9e56d None None] Running cmd (subprocess): grep -F node.session.scan /sbin/iscsiadm {{(pid=99740) execute /opt/stack/data/venv/lib/python3.12/site-packages/oslo_concurrency/processutils.py:440}}
May 14 10:22:50.883674 np0000174143 devstack@n-api.service[99742]: DEBUG oslo_concurrency.processutils [None req-bbc11b20-5109-476f-b4a9-4be4a7d55b4e None None] Running cmd (subprocess): grep -F node.session.scan /sbin/iscsiadm {{(pid=99742) execute /opt/stack/data/venv/lib/python3.12/site-packages/oslo_concurrency/processutils.py:440}}
May 14 10:22:50.892974 np0000174143 devstack@n-api.service[99740]: DEBUG oslo_concurrency.processutils [None req-7a176a49-3b1b-41cc-a0c8-bf6bf1c9e56d None None] CMD "grep -F node.session.scan /sbin/iscsiadm" returned: 0 in 0.021s {{(pid=99740) execute /opt/stack/data/venv/lib/python3.12/site-packages/oslo_concurrency/processutils.py:468}}
May 14 10:22:50.907213 np0000174143 devstack@n-api.service[99742]: DEBUG oslo_concurrency.processutils [None req-bbc11b20-5109-476f-b4a9-4be4a7d55b4e None None] CMD "grep -F node.session.scan /sbin/iscsiadm" returned: 0 in 0.023s {{(pid=99742) execute /opt/stack/data/venv/lib/python3.12/site-packages/oslo_concurrency/processutils.py:468}}
May 14 10:22:50.944921 np0000174143 devstack@n-api.service[99741]: DEBUG oslo_concurrency.processutils [None req-c45994d2-5a12-4cb3-aa42-885dff832fb7 None None] Running cmd (subprocess): grep -F node.session.scan /sbin/iscsiadm {{(pid=99741) execute /opt/stack/data/venv/lib/python3.12/site-packages/oslo_concurrency/processutils.py:440}}
May 14 10:22:50.969016 np0000174143 devstack@n-api.service[99741]: DEBUG oslo_concurrency.processutils [None req-c45994d2-5a12-4cb3-aa42-885dff832fb7 None None] CMD "grep -F node.session.scan /sbin/iscsiadm" returned: 0 in 0.024s {{(pid=99741) execute /opt/stack/data/venv/lib/python3.12/site-packages/oslo_concurrency/processutils.py:468}}
May 14 10:22:51.199372 np0000174143 devstack@n-api.service[99742]: WARNING keystonemiddleware.auth_token [None req-bbc11b20-5109-476f-b4a9-4be4a7d55b4e None None] AuthToken middleware is set with keystone_authtoken.service_token_roles_required set to False. This is backwards compatible but deprecated behaviour. Please set this to True.
May 14 10:22:51.203189 np0000174143 devstack@n-api.service[99739]: WARNING keystonemiddleware.auth_token [None req-f5cc8392-025b-4737-8b3e-ec61cfd3e3c7 None None] AuthToken middleware is set with keystone_authtoken.service_token_roles_required set to False. This is backwards compatible but deprecated behaviour. Please set this to True.
May 14 10:22:51.204194 np0000174143 devstack@n-api.service[99740]: WARNING keystonemiddleware.auth_token [None req-7a176a49-3b1b-41cc-a0c8-bf6bf1c9e56d None None] AuthToken middleware is set with keystone_authtoken.service_token_roles_required set to False. This is backwards compatible but deprecated behaviour. Please set this to True.
May 14 10:22:51.225640 np0000174143 devstack@n-api.service[99741]: WARNING keystonemiddleware.auth_token [None req-c45994d2-5a12-4cb3-aa42-885dff832fb7 None None] AuthToken middleware is set with keystone_authtoken.service_token_roles_required set to False. This is backwards compatible but deprecated behaviour. Please set this to True.
May 14 10:22:51.415690 np0000174143 devstack@n-api.service[99739]: WARNING keystonemiddleware.auth_token [None req-f5cc8392-025b-4737-8b3e-ec61cfd3e3c7 None None] AuthToken middleware is set with keystone_authtoken.service_token_roles_required set to False. This is backwards compatible but deprecated behaviour. Please set this to True.
May 14 10:22:51.422623 np0000174143 devstack@n-api.service[99739]: DEBUG nova.api.openstack.wsgi_app [None req-f5cc8392-025b-4737-8b3e-ec61cfd3e3c7 None None] ******************************************************************************** {{(pid=99739) log_opt_values /opt/stack/data/venv/lib/python3.12/site-packages/oslo_config/cfg.py:2979}}
May 14 10:22:51.422763 np0000174143 devstack@n-api.service[99739]: DEBUG nova.api.openstack.wsgi_app [None req-f5cc8392-025b-4737-8b3e-ec61cfd3e3c7 None None] Configuration options gathered from: {{(pid=99739) log_opt_values /opt/stack/data/venv/lib/python3.12/site-packages/oslo_config/cfg.py:2980}}
May 14 10:22:51.423248 np0000174143 devstack@n-api.service[99739]: DEBUG nova.api.openstack.wsgi_app [None req-f5cc8392-025b-4737-8b3e-ec61cfd3e3c7 None None] command line args: [] {{(pid=99739) log_opt_values /opt/stack/data/venv/lib/python3.12/site-packages/oslo_config/cfg.py:2981}}
May 14 10:22:51.423458 np0000174143 devstack@n-api.service[99739]: DEBUG nova.api.openstack.wsgi_app [None req-f5cc8392-025b-4737-8b3e-ec61cfd3e3c7 None None] config files: ['/etc/nova/api-paste.ini', '/etc/nova/nova.conf'] {{(pid=99739) log_opt_values /opt/stack/data/venv/lib/python3.12/site-packages/oslo_config/cfg.py:2982}}
May 14 10:22:51.423622 np0000174143 devstack@n-api.service[99739]: DEBUG nova.api.openstack.wsgi_app [None req-f5cc8392-025b-4737-8b3e-ec61cfd3e3c7 None None] ================================================================================ {{(pid=99739) log_opt_values /opt/stack/data/venv/lib/python3.12/site-packages/oslo_config/cfg.py:2987}}
May 14 10:22:51.423890 np0000174143 devstack@n-api.service[99739]: DEBUG nova.api.openstack.wsgi_app [None req-f5cc8392-025b-4737-8b3e-ec61cfd3e3c7 None None] allow_resize_to_same_host = True {{(pid=99739) log_opt_values /opt/stack/data/venv/lib/python3.12/site-packages/oslo_config/cfg.py:2995}}
May 14 10:22:51.424082 np0000174143 devstack@n-api.service[99739]: DEBUG nova.api.openstack.wsgi_app [None req-f5cc8392-025b-4737-8b3e-ec61cfd3e3c7 None None] arq_binding_timeout = 300 {{(pid=99739) log_opt_values /opt/stack/data/venv/lib/python3.12/site-packages/oslo_config/cfg.py:2995}}
May 14 10:22:51.424261 np0000174143 devstack@n-api.service[99739]: DEBUG nova.api.openstack.wsgi_app [None req-f5cc8392-025b-4737-8b3e-ec61cfd3e3c7 None None] block_device_allocate_retries = 60 {{(pid=99739) log_opt_values /opt/stack/data/venv/lib/python3.12/site-packages/oslo_config/cfg.py:2995}}
May 14 10:22:51.424432 np0000174143 devstack@n-api.service[99739]: DEBUG nova.api.openstack.wsgi_app [None req-f5cc8392-025b-4737-8b3e-ec61cfd3e3c7 None None] block_device_allocate_retries_interval = 3 {{(pid=99739) log_opt_values /opt/stack/data/venv/lib/python3.12/site-packages/oslo_config/cfg.py:2995}}
May 14 10:22:51.424578 np0000174143 devstack@n-api.service[99739]: DEBUG nova.api.openstack.wsgi_app [None req-f5cc8392-025b-4737-8b3e-ec61cfd3e3c7 None None] cell_worker_thread_pool_size = 5 {{(pid=99739) log_opt_values /opt/stack/data/venv/lib/python3.12/site-packages/oslo_config/cfg.py:2995}}
May 14 10:22:51.424753 np0000174143 devstack@n-api.service[99739]: DEBUG nova.api.openstack.wsgi_app [None req-f5cc8392-025b-4737-8b3e-ec61cfd3e3c7 None None] cert = self.pem {{(pid=99739) log_opt_values /opt/stack/data/venv/lib/python3.12/site-packages/oslo_config/cfg.py:2995}}
May 14 10:22:51.424953 np0000174143 devstack@n-api.service[99739]: DEBUG nova.api.openstack.wsgi_app [None req-f5cc8392-025b-4737-8b3e-ec61cfd3e3c7 None None] compute_driver = libvirt.LibvirtDriver {{(pid=99739) log_opt_values /opt/stack/data/venv/lib/python3.12/site-packages/oslo_config/cfg.py:2995}}
May 14 10:22:51.425120 np0000174143 devstack@n-api.service[99739]: DEBUG nova.api.openstack.wsgi_app [None req-f5cc8392-025b-4737-8b3e-ec61cfd3e3c7 None None] compute_monitors = [] {{(pid=99739) log_opt_values /opt/stack/data/venv/lib/python3.12/site-packages/oslo_config/cfg.py:2995}}
May 14 10:22:51.425314 np0000174143 devstack@n-api.service[99739]: DEBUG nova.api.openstack.wsgi_app [None req-f5cc8392-025b-4737-8b3e-ec61cfd3e3c7 None None] config_dir = [] {{(pid=99739) log_opt_values /opt/stack/data/venv/lib/python3.12/site-packages/oslo_config/cfg.py:2995}}
May 14 10:22:51.425476 np0000174143 devstack@n-api.service[99739]: DEBUG nova.api.openstack.wsgi_app [None req-f5cc8392-025b-4737-8b3e-ec61cfd3e3c7 None None] config_drive_format = iso9660 {{(pid=99739) log_opt_values /opt/stack/data/venv/lib/python3.12/site-packages/oslo_config/cfg.py:2995}}
May 14 10:22:51.425683 np0000174143 devstack@n-api.service[99739]: DEBUG nova.api.openstack.wsgi_app [None req-f5cc8392-025b-4737-8b3e-ec61cfd3e3c7 None None] config_file = ['/etc/nova/api-paste.ini', '/etc/nova/nova.conf'] {{(pid=99739) log_opt_values /opt/stack/data/venv/lib/python3.12/site-packages/oslo_config/cfg.py:2995}}
May 14 10:22:51.425878 np0000174143 devstack@n-api.service[99739]: DEBUG nova.api.openstack.wsgi_app [None req-f5cc8392-025b-4737-8b3e-ec61cfd3e3c7 None None] config_source = [] {{(pid=99739) log_opt_values /opt/stack/data/venv/lib/python3.12/site-packages/oslo_config/cfg.py:2995}}
May 14 10:22:51.426113 np0000174143 devstack@n-api.service[99739]: DEBUG nova.api.openstack.wsgi_app [None req-f5cc8392-025b-4737-8b3e-ec61cfd3e3c7 None None] console_host = np0000174143 {{(pid=99739) log_opt_values /opt/stack/data/venv/lib/python3.12/site-packages/oslo_config/cfg.py:2995}}
May 14 10:22:51.426330 np0000174143 devstack@n-api.service[99739]: DEBUG nova.api.openstack.wsgi_app [None req-f5cc8392-025b-4737-8b3e-ec61cfd3e3c7 None None] control_exchange = nova {{(pid=99739) log_opt_values /opt/stack/data/venv/lib/python3.12/site-packages/oslo_config/cfg.py:2995}}
May 14 10:22:51.426494 np0000174143 devstack@n-api.service[99739]: DEBUG nova.api.openstack.wsgi_app [None req-f5cc8392-025b-4737-8b3e-ec61cfd3e3c7 None None] cpu_allocation_ratio = None {{(pid=99739) log_opt_values /opt/stack/data/venv/lib/python3.12/site-packages/oslo_config/cfg.py:2995}}
May 14 10:22:51.426717 np0000174143 devstack@n-api.service[99739]: DEBUG nova.api.openstack.wsgi_app [None req-f5cc8392-025b-4737-8b3e-ec61cfd3e3c7 None None] daemon = False {{(pid=99739) log_opt_values /opt/stack/data/venv/lib/python3.12/site-packages/oslo_config/cfg.py:2995}}
May 14 10:22:51.426921 np0000174143 devstack@n-api.service[99739]: DEBUG nova.api.openstack.wsgi_app [None req-f5cc8392-025b-4737-8b3e-ec61cfd3e3c7 None None] debug = True {{(pid=99739) log_opt_values /opt/stack/data/venv/lib/python3.12/site-packages/oslo_config/cfg.py:2995}}
May 14 10:22:51.427092 np0000174143 devstack@n-api.service[99739]: DEBUG nova.api.openstack.wsgi_app [None req-f5cc8392-025b-4737-8b3e-ec61cfd3e3c7 None None] default_access_ip_network_name = None {{(pid=99739) log_opt_values /opt/stack/data/venv/lib/python3.12/site-packages/oslo_config/cfg.py:2995}}
May 14 10:22:51.427286 np0000174143 devstack@n-api.service[99739]: DEBUG nova.api.openstack.wsgi_app [None req-f5cc8392-025b-4737-8b3e-ec61cfd3e3c7 None None] default_availability_zone = nova {{(pid=99739) log_opt_values /opt/stack/data/venv/lib/python3.12/site-packages/oslo_config/cfg.py:2995}}
May 14 10:22:51.427498 np0000174143 devstack@n-api.service[99739]: DEBUG nova.api.openstack.wsgi_app [None req-f5cc8392-025b-4737-8b3e-ec61cfd3e3c7 None None] default_ephemeral_format = ext4 {{(pid=99739) log_opt_values /opt/stack/data/venv/lib/python3.12/site-packages/oslo_config/cfg.py:2995}}
May 14 10:22:51.427717 np0000174143 devstack@n-api.service[99739]: DEBUG nova.api.openstack.wsgi_app [None req-f5cc8392-025b-4737-8b3e-ec61cfd3e3c7 None None] default_green_pool_size = 1000 {{(pid=99739) log_opt_values /opt/stack/data/venv/lib/python3.12/site-packages/oslo_config/cfg.py:2995}}
May 14 10:22:51.428002 np0000174143 devstack@n-api.service[99739]: DEBUG nova.api.openstack.wsgi_app [None req-f5cc8392-025b-4737-8b3e-ec61cfd3e3c7 None None] default_log_levels = ['amqp=WARN', 'boto=WARN', 'sqlalchemy=WARN', 'suds=INFO', 'oslo.messaging=INFO', 'oslo_messaging=INFO', 'iso8601=WARN', 'requests.packages.urllib3.connectionpool=WARN', 'urllib3.connectionpool=WARN', 'websocket=WARN', 'requests.packages.urllib3.util.retry=WARN', 'urllib3.util.retry=WARN', 'keystonemiddleware=WARN', 'routes.middleware=WARN', 'stevedore=WARN', 'taskflow=WARN', 'keystoneauth=WARN', 'oslo.cache=INFO', 'oslo_policy=INFO', 'dogpile.core.dogpile=INFO', 'glanceclient=WARN', 'oslo.privsep.daemon=INFO'] {{(pid=99739) log_opt_values /opt/stack/data/venv/lib/python3.12/site-packages/oslo_config/cfg.py:2995}}
May 14 10:22:51.428188 np0000174143 devstack@n-api.service[99739]: DEBUG nova.api.openstack.wsgi_app [None req-f5cc8392-025b-4737-8b3e-ec61cfd3e3c7 None None] default_schedule_zone = None {{(pid=99739) log_opt_values /opt/stack/data/venv/lib/python3.12/site-packages/oslo_config/cfg.py:2995}}
May 14 10:22:51.428400 np0000174143 devstack@n-api.service[99739]: DEBUG nova.api.openstack.wsgi_app [None req-f5cc8392-025b-4737-8b3e-ec61cfd3e3c7 None None] default_thread_pool_size = 10 {{(pid=99739) log_opt_values /opt/stack/data/venv/lib/python3.12/site-packages/oslo_config/cfg.py:2995}}
May 14 10:22:51.428539 np0000174143 devstack@n-api.service[99739]: DEBUG nova.api.openstack.wsgi_app [None req-f5cc8392-025b-4737-8b3e-ec61cfd3e3c7 None None] disk_allocation_ratio = None {{(pid=99739) log_opt_values /opt/stack/data/venv/lib/python3.12/site-packages/oslo_config/cfg.py:2995}}
May 14 10:22:51.428815 np0000174143 devstack@n-api.service[99739]: DEBUG nova.api.openstack.wsgi_app [None req-f5cc8392-025b-4737-8b3e-ec61cfd3e3c7 None None] enable_new_services = True {{(pid=99739) log_opt_values /opt/stack/data/venv/lib/python3.12/site-packages/oslo_config/cfg.py:2995}}
May 14 10:22:51.429009 np0000174143 devstack@n-api.service[99739]: DEBUG nova.api.openstack.wsgi_app [None req-f5cc8392-025b-4737-8b3e-ec61cfd3e3c7 None None] flat_injected = False {{(pid=99739) log_opt_values /opt/stack/data/venv/lib/python3.12/site-packages/oslo_config/cfg.py:2995}}
May 14 10:22:51.429195 np0000174143 devstack@n-api.service[99739]: DEBUG nova.api.openstack.wsgi_app [None req-f5cc8392-025b-4737-8b3e-ec61cfd3e3c7 None None] force_config_drive = False {{(pid=99739) log_opt_values /opt/stack/data/venv/lib/python3.12/site-packages/oslo_config/cfg.py:2995}}
May 14 10:22:51.429405 np0000174143 devstack@n-api.service[99739]: DEBUG nova.api.openstack.wsgi_app [None req-f5cc8392-025b-4737-8b3e-ec61cfd3e3c7 None None] force_raw_images = True {{(pid=99739) log_opt_values /opt/stack/data/venv/lib/python3.12/site-packages/oslo_config/cfg.py:2995}}
May 14 10:22:51.429661 np0000174143 devstack@n-api.service[99739]: DEBUG nova.api.openstack.wsgi_app [None req-f5cc8392-025b-4737-8b3e-ec61cfd3e3c7 None None] graceful_shutdown_timeout = 5 {{(pid=99739) log_opt_values /opt/stack/data/venv/lib/python3.12/site-packages/oslo_config/cfg.py:2995}}
May 14 10:22:51.429844 np0000174143 devstack@n-api.service[99739]: DEBUG nova.api.openstack.wsgi_app [None req-f5cc8392-025b-4737-8b3e-ec61cfd3e3c7 None None] heal_instance_info_cache_interval = -1 {{(pid=99739) log_opt_values /opt/stack/data/venv/lib/python3.12/site-packages/oslo_config/cfg.py:2995}}
May 14 10:22:51.430072 np0000174143 devstack@n-api.service[99739]: DEBUG nova.api.openstack.wsgi_app [None req-f5cc8392-025b-4737-8b3e-ec61cfd3e3c7 None None] host = np0000174143 {{(pid=99739) log_opt_values /opt/stack/data/venv/lib/python3.12/site-packages/oslo_config/cfg.py:2995}}
May 14 10:22:51.430281 np0000174143 devstack@n-api.service[99739]: DEBUG nova.api.openstack.wsgi_app [None req-f5cc8392-025b-4737-8b3e-ec61cfd3e3c7 None None] initial_cpu_allocation_ratio = 4.0 {{(pid=99739) log_opt_values /opt/stack/data/venv/lib/python3.12/site-packages/oslo_config/cfg.py:2995}}
May 14 10:22:51.430464 np0000174143 devstack@n-api.service[99739]: DEBUG nova.api.openstack.wsgi_app [None req-f5cc8392-025b-4737-8b3e-ec61cfd3e3c7 None None] initial_disk_allocation_ratio = 1.0 {{(pid=99739) log_opt_values /opt/stack/data/venv/lib/python3.12/site-packages/oslo_config/cfg.py:2995}}
May 14 10:22:51.430669 np0000174143 devstack@n-api.service[99739]: DEBUG nova.api.openstack.wsgi_app [None req-f5cc8392-025b-4737-8b3e-ec61cfd3e3c7 None None] initial_ram_allocation_ratio = 1.0 {{(pid=99739) log_opt_values /opt/stack/data/venv/lib/python3.12/site-packages/oslo_config/cfg.py:2995}}
May 14 10:22:51.430903 np0000174143 devstack@n-api.service[99739]: DEBUG nova.api.openstack.wsgi_app [None req-f5cc8392-025b-4737-8b3e-ec61cfd3e3c7 None None] injected_network_template = /opt/stack/nova/nova/virt/interfaces.template {{(pid=99739) log_opt_values /opt/stack/data/venv/lib/python3.12/site-packages/oslo_config/cfg.py:2995}}
