May 06 15:07:50.783244 np0000172279 nova-conductor[110694]: DEBUG cotyledon.oslo_config_glue [-] vmware.use_linked_clone = True {{(pid=110694) log_opt_values /opt/stack/data/venv/lib/python3.12/site-packages/oslo_config/cfg.py:3006}}
May 06 15:07:50.783244 np0000172279 nova-conductor[110694]: DEBUG cotyledon.oslo_config_glue [-] vmware.vnc_keymap = en-us {{(pid=110694) log_opt_values /opt/stack/data/venv/lib/python3.12/site-packages/oslo_config/cfg.py:3006}}
May 06 15:07:50.783244 np0000172279 nova-conductor[110694]: DEBUG cotyledon.oslo_config_glue [-] vmware.vnc_port = 5900 {{(pid=110694) log_opt_values /opt/stack/data/venv/lib/python3.12/site-packages/oslo_config/cfg.py:3006}}
May 06 15:07:50.783244 np0000172279 nova-conductor[110694]: DEBUG cotyledon.oslo_config_glue [-] vmware.vnc_port_total = 10000 {{(pid=110694) log_opt_values /opt/stack/data/venv/lib/python3.12/site-packages/oslo_config/cfg.py:3006}}
May 06 15:07:50.783244 np0000172279 nova-conductor[110694]: DEBUG cotyledon.oslo_config_glue [-] vnc.auth_schemes = ['none'] {{(pid=110694) log_opt_values /opt/stack/data/venv/lib/python3.12/site-packages/oslo_config/cfg.py:3006}}
May 06 15:07:50.783498 np0000172279 nova-conductor[110694]: DEBUG cotyledon.oslo_config_glue [-] vnc.enabled = True {{(pid=110694) log_opt_values /opt/stack/data/venv/lib/python3.12/site-packages/oslo_config/cfg.py:3006}}
May 06 15:07:50.783498 np0000172279 nova-conductor[110694]: DEBUG cotyledon.oslo_config_glue [-] vnc.novncproxy_base_url = http://127.0.0.1:6080/vnc_auto.html {{(pid=110694) log_opt_values /opt/stack/data/venv/lib/python3.12/site-packages/oslo_config/cfg.py:3006}}
May 06 15:07:50.783498 np0000172279 nova-conductor[110694]: DEBUG cotyledon.oslo_config_glue [-] vnc.novncproxy_host = 0.0.0.0 {{(pid=110694) log_opt_values /opt/stack/data/venv/lib/python3.12/site-packages/oslo_config/cfg.py:3006}}
May 06 15:07:50.783498 np0000172279 nova-conductor[110694]: DEBUG cotyledon.oslo_config_glue [-] vnc.novncproxy_port = 6080 {{(pid=110694) log_opt_values /opt/stack/data/venv/lib/python3.12/site-packages/oslo_config/cfg.py:3006}}
May 06 15:07:50.783498 np0000172279 nova-conductor[110694]: DEBUG cotyledon.oslo_config_glue [-] vnc.server_listen = 127.0.0.1 {{(pid=110694) log_opt_values /opt/stack/data/venv/lib/python3.12/site-packages/oslo_config/cfg.py:3006}}
May 06 15:07:50.783498 np0000172279 nova-conductor[110694]: DEBUG cotyledon.oslo_config_glue [-] vnc.server_proxyclient_address = 127.0.0.1 {{(pid=110694) log_opt_values /opt/stack/data/venv/lib/python3.12/site-packages/oslo_config/cfg.py:3006}}
May 06 15:07:50.783498 np0000172279 nova-conductor[110694]: DEBUG cotyledon.oslo_config_glue [-] vnc.vencrypt_ca_certs = None {{(pid=110694) log_opt_values /opt/stack/data/venv/lib/python3.12/site-packages/oslo_config/cfg.py:3006}}
May 06 15:07:50.783498 np0000172279 nova-conductor[110694]: DEBUG cotyledon.oslo_config_glue [-] vnc.vencrypt_client_cert = None {{(pid=110694) log_opt_values /opt/stack/data/venv/lib/python3.12/site-packages/oslo_config/cfg.py:3006}}
May 06 15:07:50.783498 np0000172279 nova-conductor[110694]: DEBUG cotyledon.oslo_config_glue [-] vnc.vencrypt_client_key = None {{(pid=110694) log_opt_values /opt/stack/data/venv/lib/python3.12/site-packages/oslo_config/cfg.py:3006}}
May 06 15:07:50.783734 np0000172279 nova-conductor[110694]: DEBUG cotyledon.oslo_config_glue [-] workarounds.disable_compute_service_check_for_ffu = False {{(pid=110694) log_opt_values /opt/stack/data/venv/lib/python3.12/site-packages/oslo_config/cfg.py:3006}}
May 06 15:07:50.783734 np0000172279 nova-conductor[110694]: DEBUG cotyledon.oslo_config_glue [-] workarounds.disable_deep_image_inspection = False {{(pid=110694) log_opt_values /opt/stack/data/venv/lib/python3.12/site-packages/oslo_config/cfg.py:3006}}
May 06 15:07:50.783734 np0000172279 nova-conductor[110694]: DEBUG cotyledon.oslo_config_glue [-] workarounds.disable_fallback_pcpu_query = False {{(pid=110694) log_opt_values /opt/stack/data/venv/lib/python3.12/site-packages/oslo_config/cfg.py:3006}}
May 06 15:07:50.783734 np0000172279 nova-conductor[110694]: DEBUG cotyledon.oslo_config_glue [-] workarounds.disable_group_policy_check_upcall = False {{(pid=110694) log_opt_values /opt/stack/data/venv/lib/python3.12/site-packages/oslo_config/cfg.py:3006}}
May 06 15:07:50.783734 np0000172279 nova-conductor[110694]: DEBUG cotyledon.oslo_config_glue [-] workarounds.disable_libvirt_livesnapshot = False {{(pid=110694) log_opt_values /opt/stack/data/venv/lib/python3.12/site-packages/oslo_config/cfg.py:3006}}
May 06 15:07:50.783734 np0000172279 nova-conductor[110694]: DEBUG cotyledon.oslo_config_glue [-] workarounds.disable_rootwrap = False {{(pid=110694) log_opt_values /opt/stack/data/venv/lib/python3.12/site-packages/oslo_config/cfg.py:3006}}
May 06 15:07:50.783734 np0000172279 nova-conductor[110694]: DEBUG cotyledon.oslo_config_glue [-] workarounds.enable_numa_live_migration = False {{(pid=110694) log_opt_values /opt/stack/data/venv/lib/python3.12/site-packages/oslo_config/cfg.py:3006}}
May 06 15:07:50.783734 np0000172279 nova-conductor[110694]: DEBUG cotyledon.oslo_config_glue [-] workarounds.enable_qemu_monitor_announce_self = False {{(pid=110694) log_opt_values /opt/stack/data/venv/lib/python3.12/site-packages/oslo_config/cfg.py:3006}}
May 06 15:07:50.783734 np0000172279 nova-conductor[110694]: DEBUG cotyledon.oslo_config_glue [-] workarounds.ensure_libvirt_rbd_instance_dir_cleanup = False {{(pid=110694) log_opt_values /opt/stack/data/venv/lib/python3.12/site-packages/oslo_config/cfg.py:3006}}
May 06 15:07:50.784007 np0000172279 nova-conductor[110694]: DEBUG cotyledon.oslo_config_glue [-] workarounds.handle_virt_lifecycle_events = True {{(pid=110694) log_opt_values /opt/stack/data/venv/lib/python3.12/site-packages/oslo_config/cfg.py:3006}}
May 06 15:07:50.784007 np0000172279 nova-conductor[110694]: DEBUG cotyledon.oslo_config_glue [-] workarounds.libvirt_disable_apic = False {{(pid=110694) log_opt_values /opt/stack/data/venv/lib/python3.12/site-packages/oslo_config/cfg.py:3006}}
May 06 15:07:50.784007 np0000172279 nova-conductor[110694]: DEBUG cotyledon.oslo_config_glue [-] workarounds.never_download_image_if_on_rbd = False {{(pid=110694) log_opt_values /opt/stack/data/venv/lib/python3.12/site-packages/oslo_config/cfg.py:3006}}
May 06 15:07:50.784007 np0000172279 nova-conductor[110694]: DEBUG cotyledon.oslo_config_glue [-] workarounds.qemu_monitor_announce_self_count = 3 {{(pid=110694) log_opt_values /opt/stack/data/venv/lib/python3.12/site-packages/oslo_config/cfg.py:3006}}
May 06 15:07:50.784007 np0000172279 nova-conductor[110694]: DEBUG cotyledon.oslo_config_glue [-] workarounds.qemu_monitor_announce_self_interval = 1 {{(pid=110694) log_opt_values /opt/stack/data/venv/lib/python3.12/site-packages/oslo_config/cfg.py:3006}}
May 06 15:07:50.784007 np0000172279 nova-conductor[110694]: DEBUG cotyledon.oslo_config_glue [-] workarounds.reserve_disk_resource_for_image_cache = False {{(pid=110694) log_opt_values /opt/stack/data/venv/lib/python3.12/site-packages/oslo_config/cfg.py:3006}}
May 06 15:07:50.784007 np0000172279 nova-conductor[110694]: DEBUG cotyledon.oslo_config_glue [-] workarounds.skip_cpu_compare_at_startup = False {{(pid=110694) log_opt_values /opt/stack/data/venv/lib/python3.12/site-packages/oslo_config/cfg.py:3006}}
May 06 15:07:50.784007 np0000172279 nova-conductor[110694]: DEBUG cotyledon.oslo_config_glue [-] workarounds.skip_cpu_compare_on_dest = False {{(pid=110694) log_opt_values /opt/stack/data/venv/lib/python3.12/site-packages/oslo_config/cfg.py:3006}}
May 06 15:07:50.784007 np0000172279 nova-conductor[110694]: DEBUG cotyledon.oslo_config_glue [-] workarounds.skip_hypervisor_version_check_on_lm = False {{(pid=110694) log_opt_values /opt/stack/data/venv/lib/python3.12/site-packages/oslo_config/cfg.py:3006}}
May 06 15:07:50.784250 np0000172279 nova-conductor[110694]: DEBUG cotyledon.oslo_config_glue [-] workarounds.skip_reserve_in_use_ironic_nodes = False {{(pid=110694) log_opt_values /opt/stack/data/venv/lib/python3.12/site-packages/oslo_config/cfg.py:3006}}
May 06 15:07:50.784250 np0000172279 nova-conductor[110694]: DEBUG cotyledon.oslo_config_glue [-] workarounds.unified_limits_count_pcpu_as_vcpu = False {{(pid=110694) log_opt_values /opt/stack/data/venv/lib/python3.12/site-packages/oslo_config/cfg.py:3006}}
May 06 15:07:50.784250 np0000172279 nova-conductor[110694]: DEBUG cotyledon.oslo_config_glue [-] workarounds.wait_for_vif_plugged_event_during_hard_reboot = [] {{(pid=110694) log_opt_values /opt/stack/data/venv/lib/python3.12/site-packages/oslo_config/cfg.py:3006}}
May 06 15:07:50.784250 np0000172279 nova-conductor[110694]: DEBUG cotyledon.oslo_config_glue [-] wsgi.api_paste_config = /etc/nova/api-paste.ini {{(pid=110694) log_opt_values /opt/stack/data/venv/lib/python3.12/site-packages/oslo_config/cfg.py:3006}}
May 06 15:07:50.784250 np0000172279 nova-conductor[110694]: DEBUG cotyledon.oslo_config_glue [-] wsgi.secure_proxy_ssl_header = None {{(pid=110694) log_opt_values /opt/stack/data/venv/lib/python3.12/site-packages/oslo_config/cfg.py:3006}}
May 06 15:07:50.784250 np0000172279 nova-conductor[110694]: DEBUG cotyledon.oslo_config_glue [-] zvm.ca_file = None {{(pid=110694) log_opt_values /opt/stack/data/venv/lib/python3.12/site-packages/oslo_config/cfg.py:3006}}
May 06 15:07:50.784250 np0000172279 nova-conductor[110694]: DEBUG cotyledon.oslo_config_glue [-] zvm.cloud_connector_url = None {{(pid=110694) log_opt_values /opt/stack/data/venv/lib/python3.12/site-packages/oslo_config/cfg.py:3006}}
May 06 15:07:50.784250 np0000172279 nova-conductor[110694]: DEBUG cotyledon.oslo_config_glue [-] zvm.image_tmp_path = /opt/stack/data/nova/images {{(pid=110694) log_opt_values /opt/stack/data/venv/lib/python3.12/site-packages/oslo_config/cfg.py:3006}}
May 06 15:07:50.784250 np0000172279 nova-conductor[110694]: DEBUG cotyledon.oslo_config_glue [-] zvm.reachable_timeout = 300 {{(pid=110694) log_opt_values /opt/stack/data/venv/lib/python3.12/site-packages/oslo_config/cfg.py:3006}}
May 06 15:07:50.784466 np0000172279 nova-conductor[110694]: DEBUG cotyledon.oslo_config_glue [-] oslo_versionedobjects.fatal_exception_format_errors = False {{(pid=110694) log_opt_values /opt/stack/data/venv/lib/python3.12/site-packages/oslo_config/cfg.py:3006}}
May 06 15:07:50.784466 np0000172279 nova-conductor[110694]: DEBUG cotyledon.oslo_config_glue [-] oslo_middleware.http_basic_auth_user_file = /etc/htpasswd {{(pid=110694) log_opt_values /opt/stack/data/venv/lib/python3.12/site-packages/oslo_config/cfg.py:3006}}
May 06 15:07:50.784466 np0000172279 nova-conductor[110694]: DEBUG cotyledon.oslo_config_glue [-] profiler.connection_string = messaging:// {{(pid=110694) log_opt_values /opt/stack/data/venv/lib/python3.12/site-packages/oslo_config/cfg.py:3006}}
May 06 15:07:50.784466 np0000172279 nova-conductor[110694]: DEBUG cotyledon.oslo_config_glue [-] profiler.enabled = False {{(pid=110694) log_opt_values /opt/stack/data/venv/lib/python3.12/site-packages/oslo_config/cfg.py:3006}}
May 06 15:07:50.784466 np0000172279 nova-conductor[110694]: DEBUG cotyledon.oslo_config_glue [-] profiler.es_doc_type = notification {{(pid=110694) log_opt_values /opt/stack/data/venv/lib/python3.12/site-packages/oslo_config/cfg.py:3006}}
May 06 15:07:50.784466 np0000172279 nova-conductor[110694]: DEBUG cotyledon.oslo_config_glue [-] profiler.es_scroll_size = 10000 {{(pid=110694) log_opt_values /opt/stack/data/venv/lib/python3.12/site-packages/oslo_config/cfg.py:3006}}
May 06 15:07:50.784466 np0000172279 nova-conductor[110694]: DEBUG cotyledon.oslo_config_glue [-] profiler.es_scroll_time = 2m {{(pid=110694) log_opt_values /opt/stack/data/venv/lib/python3.12/site-packages/oslo_config/cfg.py:3006}}
May 06 15:07:50.784466 np0000172279 nova-conductor[110694]: DEBUG cotyledon.oslo_config_glue [-] profiler.filter_error_trace = False {{(pid=110694) log_opt_values /opt/stack/data/venv/lib/python3.12/site-packages/oslo_config/cfg.py:3006}}
May 06 15:07:50.784466 np0000172279 nova-conductor[110694]: DEBUG cotyledon.oslo_config_glue [-] profiler.hmac_keys = **** {{(pid=110694) log_opt_values /opt/stack/data/venv/lib/python3.12/site-packages/oslo_config/cfg.py:3006}}
May 06 15:07:50.784785 np0000172279 nova-conductor[110694]: DEBUG cotyledon.oslo_config_glue [-] profiler.sentinel_service_name = mymaster {{(pid=110694) log_opt_values /opt/stack/data/venv/lib/python3.12/site-packages/oslo_config/cfg.py:3006}}
May 06 15:07:50.784785 np0000172279 nova-conductor[110694]: DEBUG cotyledon.oslo_config_glue [-] profiler.socket_timeout = 0.1 {{(pid=110694) log_opt_values /opt/stack/data/venv/lib/python3.12/site-packages/oslo_config/cfg.py:3006}}
May 06 15:07:50.784785 np0000172279 nova-conductor[110694]: DEBUG cotyledon.oslo_config_glue [-] profiler.trace_requests = False {{(pid=110694) log_opt_values /opt/stack/data/venv/lib/python3.12/site-packages/oslo_config/cfg.py:3006}}
May 06 15:07:50.784785 np0000172279 nova-conductor[110694]: DEBUG cotyledon.oslo_config_glue [-] profiler.trace_sqlalchemy = False {{(pid=110694) log_opt_values /opt/stack/data/venv/lib/python3.12/site-packages/oslo_config/cfg.py:3006}}
May 06 15:07:50.784785 np0000172279 nova-conductor[110694]: DEBUG cotyledon.oslo_config_glue [-] profiler_jaeger.process_tags = {} {{(pid=110694) log_opt_values /opt/stack/data/venv/lib/python3.12/site-packages/oslo_config/cfg.py:3006}}
May 06 15:07:50.784785 np0000172279 nova-conductor[110694]: DEBUG cotyledon.oslo_config_glue [-] profiler_jaeger.service_name_prefix = None {{(pid=110694) log_opt_values /opt/stack/data/venv/lib/python3.12/site-packages/oslo_config/cfg.py:3006}}
May 06 15:07:50.784785 np0000172279 nova-conductor[110694]: DEBUG cotyledon.oslo_config_glue [-] profiler_otlp.service_name_prefix = None {{(pid=110694) log_opt_values /opt/stack/data/venv/lib/python3.12/site-packages/oslo_config/cfg.py:3006}}
May 06 15:07:50.784785 np0000172279 nova-conductor[110694]: DEBUG cotyledon.oslo_config_glue [-] oslo_messaging_rabbit.amqp_auto_delete = False {{(pid=110694) log_opt_values /opt/stack/data/venv/lib/python3.12/site-packages/oslo_config/cfg.py:3006}}
May 06 15:07:50.784785 np0000172279 nova-conductor[110694]: DEBUG cotyledon.oslo_config_glue [-] oslo_messaging_rabbit.amqp_durable_queues = False {{(pid=110694) log_opt_values /opt/stack/data/venv/lib/python3.12/site-packages/oslo_config/cfg.py:3006}}
May 06 15:07:50.785004 np0000172279 nova-conductor[110694]: DEBUG cotyledon.oslo_config_glue [-] oslo_messaging_rabbit.conn_pool_min_size = 2 {{(pid=110694) log_opt_values /opt/stack/data/venv/lib/python3.12/site-packages/oslo_config/cfg.py:3006}}
May 06 15:07:50.785004 np0000172279 nova-conductor[110694]: DEBUG cotyledon.oslo_config_glue [-] oslo_messaging_rabbit.conn_pool_ttl = 1200 {{(pid=110694) log_opt_values /opt/stack/data/venv/lib/python3.12/site-packages/oslo_config/cfg.py:3006}}
May 06 15:07:50.785004 np0000172279 nova-conductor[110694]: DEBUG cotyledon.oslo_config_glue [-] oslo_messaging_rabbit.direct_mandatory_flag = True {{(pid=110694) log_opt_values /opt/stack/data/venv/lib/python3.12/site-packages/oslo_config/cfg.py:3006}}
May 06 15:07:50.785004 np0000172279 nova-conductor[110694]: DEBUG cotyledon.oslo_config_glue [-] oslo_messaging_rabbit.enable_cancel_on_failover = False {{(pid=110694) log_opt_values /opt/stack/data/venv/lib/python3.12/site-packages/oslo_config/cfg.py:3006}}
May 06 15:07:50.785004 np0000172279 nova-conductor[110694]: DEBUG cotyledon.oslo_config_glue [-] oslo_messaging_rabbit.heartbeat_in_pthread = False {{(pid=110694) log_opt_values /opt/stack/data/venv/lib/python3.12/site-packages/oslo_config/cfg.py:3006}}
May 06 15:07:50.785004 np0000172279 nova-conductor[110694]: DEBUG cotyledon.oslo_config_glue [-] oslo_messaging_rabbit.heartbeat_rate = 3 {{(pid=110694) log_opt_values /opt/stack/data/venv/lib/python3.12/site-packages/oslo_config/cfg.py:3006}}
May 06 15:07:50.785004 np0000172279 nova-conductor[110694]: DEBUG cotyledon.oslo_config_glue [-] oslo_messaging_rabbit.heartbeat_timeout_threshold = 60 {{(pid=110694) log_opt_values /opt/stack/data/venv/lib/python3.12/site-packages/oslo_config/cfg.py:3006}}
May 06 15:07:50.785004 np0000172279 nova-conductor[110694]: DEBUG cotyledon.oslo_config_glue [-] oslo_messaging_rabbit.hostname = np0000172279 {{(pid=110694) log_opt_values /opt/stack/data/venv/lib/python3.12/site-packages/oslo_config/cfg.py:3006}}
May 06 15:07:50.785004 np0000172279 nova-conductor[110694]: DEBUG cotyledon.oslo_config_glue [-] oslo_messaging_rabbit.kombu_compression = None {{(pid=110694) log_opt_values /opt/stack/data/venv/lib/python3.12/site-packages/oslo_config/cfg.py:3006}}
May 06 15:07:50.785227 np0000172279 nova-conductor[110694]: DEBUG cotyledon.oslo_config_glue [-] oslo_messaging_rabbit.kombu_failover_strategy = round-robin {{(pid=110694) log_opt_values /opt/stack/data/venv/lib/python3.12/site-packages/oslo_config/cfg.py:3006}}
May 06 15:07:50.785227 np0000172279 nova-conductor[110694]: DEBUG cotyledon.oslo_config_glue [-] oslo_messaging_rabbit.kombu_missing_consumer_retry_timeout = 60 {{(pid=110694) log_opt_values /opt/stack/data/venv/lib/python3.12/site-packages/oslo_config/cfg.py:3006}}
May 06 15:07:50.785227 np0000172279 nova-conductor[110694]: DEBUG cotyledon.oslo_config_glue [-] oslo_messaging_rabbit.kombu_reconnect_delay = 1.0 {{(pid=110694) log_opt_values /opt/stack/data/venv/lib/python3.12/site-packages/oslo_config/cfg.py:3006}}
May 06 15:07:50.785227 np0000172279 nova-conductor[110694]: DEBUG cotyledon.oslo_config_glue [-] oslo_messaging_rabbit.kombu_reconnect_splay = 0.0 {{(pid=110694) log_opt_values /opt/stack/data/venv/lib/python3.12/site-packages/oslo_config/cfg.py:3006}}
May 06 15:07:50.785227 np0000172279 nova-conductor[110694]: DEBUG cotyledon.oslo_config_glue [-] oslo_messaging_rabbit.processname = nova-conductor {{(pid=110694) log_opt_values /opt/stack/data/venv/lib/python3.12/site-packages/oslo_config/cfg.py:3006}}
May 06 15:07:50.785227 np0000172279 nova-conductor[110694]: DEBUG cotyledon.oslo_config_glue [-] oslo_messaging_rabbit.rabbit_ha_queues = False {{(pid=110694) log_opt_values /opt/stack/data/venv/lib/python3.12/site-packages/oslo_config/cfg.py:3006}}
May 06 15:07:50.785227 np0000172279 nova-conductor[110694]: DEBUG cotyledon.oslo_config_glue [-] oslo_messaging_rabbit.rabbit_interval_max = 30 {{(pid=110694) log_opt_values /opt/stack/data/venv/lib/python3.12/site-packages/oslo_config/cfg.py:3006}}
May 06 15:07:50.785227 np0000172279 nova-conductor[110694]: DEBUG cotyledon.oslo_config_glue [-] oslo_messaging_rabbit.rabbit_login_method = AMQPLAIN {{(pid=110694) log_opt_values /opt/stack/data/venv/lib/python3.12/site-packages/oslo_config/cfg.py:3006}}
May 06 15:07:50.785227 np0000172279 nova-conductor[110694]: DEBUG cotyledon.oslo_config_glue [-] oslo_messaging_rabbit.rabbit_qos_prefetch_count = 0 {{(pid=110694) log_opt_values /opt/stack/data/venv/lib/python3.12/site-packages/oslo_config/cfg.py:3006}}
May 06 15:07:50.785450 np0000172279 nova-conductor[110694]: DEBUG cotyledon.oslo_config_glue [-] oslo_messaging_rabbit.rabbit_quorum_delivery_limit = 0 {{(pid=110694) log_opt_values /opt/stack/data/venv/lib/python3.12/site-packages/oslo_config/cfg.py:3006}}
May 06 15:07:50.785450 np0000172279 nova-conductor[110694]: DEBUG cotyledon.oslo_config_glue [-] oslo_messaging_rabbit.rabbit_quorum_max_memory_bytes = 0 {{(pid=110694) log_opt_values /opt/stack/data/venv/lib/python3.12/site-packages/oslo_config/cfg.py:3006}}
May 06 15:07:50.785450 np0000172279 nova-conductor[110694]: DEBUG cotyledon.oslo_config_glue [-] oslo_messaging_rabbit.rabbit_quorum_max_memory_length = 0 {{(pid=110694) log_opt_values /opt/stack/data/venv/lib/python3.12/site-packages/oslo_config/cfg.py:3006}}
May 06 15:07:50.785450 np0000172279 nova-conductor[110694]: DEBUG cotyledon.oslo_config_glue [-] oslo_messaging_rabbit.rabbit_quorum_queue = False {{(pid=110694) log_opt_values /opt/stack/data/venv/lib/python3.12/site-packages/oslo_config/cfg.py:3006}}
May 06 15:07:50.785450 np0000172279 nova-conductor[110694]: DEBUG cotyledon.oslo_config_glue [-] oslo_messaging_rabbit.rabbit_retry_backoff = 2 {{(pid=110694) log_opt_values /opt/stack/data/venv/lib/python3.12/site-packages/oslo_config/cfg.py:3006}}
May 06 15:07:50.785450 np0000172279 nova-conductor[110694]: DEBUG cotyledon.oslo_config_glue [-] oslo_messaging_rabbit.rabbit_retry_interval = 1 {{(pid=110694) log_opt_values /opt/stack/data/venv/lib/python3.12/site-packages/oslo_config/cfg.py:3006}}
May 06 15:07:50.785450 np0000172279 nova-conductor[110694]: DEBUG cotyledon.oslo_config_glue [-] oslo_messaging_rabbit.rabbit_stream_fanout = False {{(pid=110694) log_opt_values /opt/stack/data/venv/lib/python3.12/site-packages/oslo_config/cfg.py:3006}}
May 06 15:07:50.785450 np0000172279 nova-conductor[110694]: DEBUG cotyledon.oslo_config_glue [-] oslo_messaging_rabbit.rabbit_transient_queues_ttl = 1800 {{(pid=110694) log_opt_values /opt/stack/data/venv/lib/python3.12/site-packages/oslo_config/cfg.py:3006}}
May 06 15:07:50.785645 np0000172279 nova-conductor[110694]: DEBUG cotyledon.oslo_config_glue [-] oslo_messaging_rabbit.rabbit_transient_quorum_queue = False {{(pid=110694) log_opt_values /opt/stack/data/venv/lib/python3.12/site-packages/oslo_config/cfg.py:3006}}
May 06 15:07:50.785645 np0000172279 nova-conductor[110694]: DEBUG cotyledon.oslo_config_glue [-] oslo_messaging_rabbit.rpc_conn_pool_size = 30 {{(pid=110694) log_opt_values /opt/stack/data/venv/lib/python3.12/site-packages/oslo_config/cfg.py:3006}}
May 06 15:07:50.785645 np0000172279 nova-conductor[110694]: DEBUG cotyledon.oslo_config_glue [-] oslo_messaging_rabbit.ssl = False {{(pid=110694) log_opt_values /opt/stack/data/venv/lib/python3.12/site-packages/oslo_config/cfg.py:3006}}
May 06 15:07:50.785645 np0000172279 nova-conductor[110694]: DEBUG cotyledon.oslo_config_glue [-] oslo_messaging_rabbit.ssl_ca_file = {{(pid=110694) log_opt_values /opt/stack/data/venv/lib/python3.12/site-packages/oslo_config/cfg.py:3006}}
May 06 15:07:50.785645 np0000172279 nova-conductor[110694]: DEBUG cotyledon.oslo_config_glue [-] oslo_messaging_rabbit.ssl_cert_file = {{(pid=110694) log_opt_values /opt/stack/data/venv/lib/python3.12/site-packages/oslo_config/cfg.py:3006}}
May 06 15:07:50.785645 np0000172279 nova-conductor[110694]: DEBUG cotyledon.oslo_config_glue [-] oslo_messaging_rabbit.ssl_enforce_fips_mode = False {{(pid=110694) log_opt_values /opt/stack/data/venv/lib/python3.12/site-packages/oslo_config/cfg.py:3006}}
May 06 15:07:50.785645 np0000172279 nova-conductor[110694]: DEBUG cotyledon.oslo_config_glue [-] oslo_messaging_rabbit.ssl_key_file = {{(pid=110694) log_opt_values /opt/stack/data/venv/lib/python3.12/site-packages/oslo_config/cfg.py:3006}}
May 06 15:07:50.785645 np0000172279 nova-conductor[110694]: DEBUG cotyledon.oslo_config_glue [-] oslo_messaging_rabbit.ssl_version = {{(pid=110694) log_opt_values /opt/stack/data/venv/lib/python3.12/site-packages/oslo_config/cfg.py:3006}}
May 06 15:07:50.785645 np0000172279 nova-conductor[110694]: DEBUG cotyledon.oslo_config_glue [-] oslo_messaging_rabbit.use_queue_manager = False {{(pid=110694) log_opt_values /opt/stack/data/venv/lib/python3.12/site-packages/oslo_config/cfg.py:3006}}
May 06 15:07:50.785886 np0000172279 nova-conductor[110694]: DEBUG cotyledon.oslo_config_glue [-] oslo_messaging_notifications.driver = ['messagingv2'] {{(pid=110694) log_opt_values /opt/stack/data/venv/lib/python3.12/site-packages/oslo_config/cfg.py:3006}}
May 06 15:07:50.785886 np0000172279 nova-conductor[110694]: DEBUG cotyledon.oslo_config_glue [-] oslo_messaging_notifications.retry = -1 {{(pid=110694) log_opt_values /opt/stack/data/venv/lib/python3.12/site-packages/oslo_config/cfg.py:3006}}
May 06 15:07:50.785886 np0000172279 nova-conductor[110694]: DEBUG cotyledon.oslo_config_glue [-] oslo_messaging_notifications.topics = ['notifications'] {{(pid=110694) log_opt_values /opt/stack/data/venv/lib/python3.12/site-packages/oslo_config/cfg.py:3006}}
May 06 15:07:50.785886 np0000172279 nova-conductor[110694]: DEBUG cotyledon.oslo_config_glue [-] oslo_messaging_notifications.transport_url = **** {{(pid=110694) log_opt_values /opt/stack/data/venv/lib/python3.12/site-packages/oslo_config/cfg.py:3006}}
May 06 15:07:50.785886 np0000172279 nova-conductor[110694]: DEBUG cotyledon.oslo_config_glue [-] oslo_limit.auth_section = None {{(pid=110694) log_opt_values /opt/stack/data/venv/lib/python3.12/site-packages/oslo_config/cfg.py:3006}}
May 06 15:07:50.785886 np0000172279 nova-conductor[110694]: DEBUG cotyledon.oslo_config_glue [-] oslo_limit.auth_type = None {{(pid=110694) log_opt_values /opt/stack/data/venv/lib/python3.12/site-packages/oslo_config/cfg.py:3006}}
May 06 15:07:50.785886 np0000172279 nova-conductor[110694]: DEBUG cotyledon.oslo_config_glue [-] oslo_limit.cafile = None {{(pid=110694) log_opt_values /opt/stack/data/venv/lib/python3.12/site-packages/oslo_config/cfg.py:3006}}
May 06 15:07:50.785886 np0000172279 nova-conductor[110694]: DEBUG cotyledon.oslo_config_glue [-] oslo_limit.certfile = None {{(pid=110694) log_opt_values /opt/stack/data/venv/lib/python3.12/site-packages/oslo_config/cfg.py:3006}}
May 06 15:07:50.785886 np0000172279 nova-conductor[110694]: DEBUG cotyledon.oslo_config_glue [-] oslo_limit.collect_timing = False {{(pid=110694) log_opt_values /opt/stack/data/venv/lib/python3.12/site-packages/oslo_config/cfg.py:3006}}
May 06 15:07:50.786115 np0000172279 nova-conductor[110694]: DEBUG cotyledon.oslo_config_glue [-] oslo_limit.connect_retries = None {{(pid=110694) log_opt_values /opt/stack/data/venv/lib/python3.12/site-packages/oslo_config/cfg.py:3006}}
May 06 15:07:50.786115 np0000172279 nova-conductor[110694]: DEBUG cotyledon.oslo_config_glue [-] oslo_limit.connect_retry_delay = None {{(pid=110694) log_opt_values /opt/stack/data/venv/lib/python3.12/site-packages/oslo_config/cfg.py:3006}}
May 06 15:07:50.786115 np0000172279 nova-conductor[110694]: DEBUG cotyledon.oslo_config_glue [-] oslo_limit.endpoint_id = None {{(pid=110694) log_opt_values /opt/stack/data/venv/lib/python3.12/site-packages/oslo_config/cfg.py:3006}}
May 06 15:07:50.786115 np0000172279 nova-conductor[110694]: DEBUG cotyledon.oslo_config_glue [-] oslo_limit.endpoint_interface = public {{(pid=110694) log_opt_values /opt/stack/data/venv/lib/python3.12/site-packages/oslo_config/cfg.py:3006}}
May 06 15:07:50.786115 np0000172279 nova-conductor[110694]: DEBUG cotyledon.oslo_config_glue [-] oslo_limit.endpoint_override = None {{(pid=110694) log_opt_values /opt/stack/data/venv/lib/python3.12/site-packages/oslo_config/cfg.py:3006}}
May 06 15:07:50.786115 np0000172279 nova-conductor[110694]: DEBUG cotyledon.oslo_config_glue [-] oslo_limit.endpoint_region_name = None {{(pid=110694) log_opt_values /opt/stack/data/venv/lib/python3.12/site-packages/oslo_config/cfg.py:3006}}
May 06 15:07:50.786115 np0000172279 nova-conductor[110694]: DEBUG cotyledon.oslo_config_glue [-] oslo_limit.endpoint_service_name = None {{(pid=110694) log_opt_values /opt/stack/data/venv/lib/python3.12/site-packages/oslo_config/cfg.py:3006}}
May 06 15:07:50.786115 np0000172279 nova-conductor[110694]: DEBUG cotyledon.oslo_config_glue [-] oslo_limit.endpoint_service_type = None {{(pid=110694) log_opt_values /opt/stack/data/venv/lib/python3.12/site-packages/oslo_config/cfg.py:3006}}
May 06 15:07:50.786115 np0000172279 nova-conductor[110694]: DEBUG cotyledon.oslo_config_glue [-] oslo_limit.insecure = False {{(pid=110694) log_opt_values /opt/stack/data/venv/lib/python3.12/site-packages/oslo_config/cfg.py:3006}}
May 06 15:07:50.786350 np0000172279 nova-conductor[110694]: DEBUG cotyledon.oslo_config_glue [-] oslo_limit.keyfile = None {{(pid=110694) log_opt_values /opt/stack/data/venv/lib/python3.12/site-packages/oslo_config/cfg.py:3006}}
May 06 15:07:50.786350 np0000172279 nova-conductor[110694]: DEBUG cotyledon.oslo_config_glue [-] oslo_limit.max_version = None {{(pid=110694) log_opt_values /opt/stack/data/venv/lib/python3.12/site-packages/oslo_config/cfg.py:3006}}
May 06 15:07:50.786350 np0000172279 nova-conductor[110694]: DEBUG cotyledon.oslo_config_glue [-] oslo_limit.min_version = None {{(pid=110694) log_opt_values /opt/stack/data/venv/lib/python3.12/site-packages/oslo_config/cfg.py:3006}}
May 06 15:07:50.786350 np0000172279 nova-conductor[110694]: DEBUG cotyledon.oslo_config_glue [-] oslo_limit.region_name = None {{(pid=110694) log_opt_values /opt/stack/data/venv/lib/python3.12/site-packages/oslo_config/cfg.py:3006}}
May 06 15:07:50.786350 np0000172279 nova-conductor[110694]: DEBUG cotyledon.oslo_config_glue [-] oslo_limit.retriable_status_codes = None {{(pid=110694) log_opt_values /opt/stack/data/venv/lib/python3.12/site-packages/oslo_config/cfg.py:3006}}
May 06 15:07:50.786350 np0000172279 nova-conductor[110694]: DEBUG cotyledon.oslo_config_glue [-] oslo_limit.service_name = None {{(pid=110694) log_opt_values /opt/stack/data/venv/lib/python3.12/site-packages/oslo_config/cfg.py:3006}}
May 06 15:07:50.786350 np0000172279 nova-conductor[110694]: DEBUG cotyledon.oslo_config_glue [-] oslo_limit.service_type = None {{(pid=110694) log_opt_values /opt/stack/data/venv/lib/python3.12/site-packages/oslo_config/cfg.py:3006}}
May 06 15:07:50.786350 np0000172279 nova-conductor[110694]: DEBUG cotyledon.oslo_config_glue [-] oslo_limit.split_loggers = False {{(pid=110694) log_opt_values /opt/stack/data/venv/lib/python3.12/site-packages/oslo_config/cfg.py:3006}}
May 06 15:07:50.786350 np0000172279 nova-conductor[110694]: DEBUG cotyledon.oslo_config_glue [-] oslo_limit.status_code_retries = None {{(pid=110694) log_opt_values /opt/stack/data/venv/lib/python3.12/site-packages/oslo_config/cfg.py:3006}}
May 06 15:07:50.786615 np0000172279 nova-conductor[110694]: DEBUG cotyledon.oslo_config_glue [-] oslo_limit.status_code_retry_delay = None {{(pid=110694) log_opt_values /opt/stack/data/venv/lib/python3.12/site-packages/oslo_config/cfg.py:3006}}
May 06 15:07:50.786615 np0000172279 nova-conductor[110694]: DEBUG cotyledon.oslo_config_glue [-] oslo_limit.timeout = None {{(pid=110694) log_opt_values /opt/stack/data/venv/lib/python3.12/site-packages/oslo_config/cfg.py:3006}}
May 06 15:07:50.786615 np0000172279 nova-conductor[110694]: DEBUG cotyledon.oslo_config_glue [-] oslo_limit.valid_interfaces = None {{(pid=110694) log_opt_values /opt/stack/data/venv/lib/python3.12/site-packages/oslo_config/cfg.py:3006}}
May 06 15:07:50.786615 np0000172279 nova-conductor[110694]: DEBUG cotyledon.oslo_config_glue [-] oslo_limit.version = None {{(pid=110694) log_opt_values /opt/stack/data/venv/lib/python3.12/site-packages/oslo_config/cfg.py:3006}}
May 06 15:07:50.786615 np0000172279 nova-conductor[110694]: DEBUG cotyledon.oslo_config_glue [-] oslo_reports.file_event_handler = None {{(pid=110694) log_opt_values /opt/stack/data/venv/lib/python3.12/site-packages/oslo_config/cfg.py:3006}}
May 06 15:07:50.786615 np0000172279 nova-conductor[110694]: DEBUG cotyledon.oslo_config_glue [-] oslo_reports.file_event_handler_interval = 1 {{(pid=110694) log_opt_values /opt/stack/data/venv/lib/python3.12/site-packages/oslo_config/cfg.py:3006}}
May 06 15:07:50.786615 np0000172279 nova-conductor[110694]: DEBUG cotyledon.oslo_config_glue [-] oslo_reports.log_dir = None {{(pid=110694) log_opt_values /opt/stack/data/venv/lib/python3.12/site-packages/oslo_config/cfg.py:3006}}
May 06 15:07:50.786615 np0000172279 nova-conductor[110694]: DEBUG cotyledon.oslo_config_glue [-] ******************************************************************************** {{(pid=110694) log_opt_values /opt/stack/data/venv/lib/python3.12/site-packages/oslo_config/cfg.py:3013}}
May 06 15:07:50.786615 np0000172279 nova-conductor[110694]: DEBUG cotyledon._service_worker [-] Run service ServiceWrapper(3) [110694] {{(pid=110694) wait_forever /opt/stack/data/venv/lib/python3.12/site-packages/cotyledon/_service_worker.py:218}}
May 06 15:07:50.786853 np0000172279 nova-conductor[110679]: DEBUG dbcounter [-] [110679] Writer thread running {{(pid=110679) stat_writer /opt/stack/data/venv/lib/python3.12/site-packages/dbcounter.py:102}}
May 06 15:07:50.786899 np0000172279 nova-conductor[110694]: INFO nova.service [-] Starting conductor node (version 33.1.0)
May 06 15:07:50.786931 np0000172279 nova-conductor[110679]: DEBUG nova.service [None req-ce4e676f-9475-4a59-9622-64a29214b175 None None] Creating RPC server for service: nova-conductor on topic: conductor {{(pid=110679) start /opt/stack/nova/nova/service.py:195}}
May 06 15:07:50.786959 np0000172279 nova-conductor[110685]: INFO dbcounter [None req-7b040488-3053-4179-a602-81cfeb17c1bd None None] Registered counter for database nova_cell0
May 06 15:07:50.786999 np0000172279 nova-conductor[110670]: DEBUG nova.service [None req-533d2735-765a-451a-b3fa-3e05c1754ecc None None] Creating RPC server for service: nova-conductor on topic: conductor {{(pid=110670) start /opt/stack/nova/nova/service.py:195}}
May 06 15:07:50.792470 np0000172279 nova-conductor[110694]: INFO dbcounter [None req-a4f347b0-fc5e-43d4-9c19-230ddb0efb30 None None] Registered counter for database nova_cell0
May 06 15:07:50.797099 np0000172279 nova-conductor[110685]: DEBUG oslo_db.sqlalchemy.engines [None req-7b040488-3053-4179-a602-81cfeb17c1bd None None] MySQL server mode set to STRICT_TRANS_TABLES,STRICT_ALL_TABLES,NO_ZERO_IN_DATE,NO_ZERO_DATE,ERROR_FOR_DIVISION_BY_ZERO,TRADITIONAL,NO_ENGINE_SUBSTITUTION {{(pid=110685) _check_effective_sql_mode /opt/stack/data/venv/lib/python3.12/site-packages/oslo_db/sqlalchemy/engines.py:325}}
May 06 15:07:50.810182 np0000172279 nova-conductor[110694]: DEBUG oslo_db.sqlalchemy.engines [None req-a4f347b0-fc5e-43d4-9c19-230ddb0efb30 None None] MySQL server mode set to STRICT_TRANS_TABLES,STRICT_ALL_TABLES,NO_ZERO_IN_DATE,NO_ZERO_DATE,ERROR_FOR_DIVISION_BY_ZERO,TRADITIONAL,NO_ENGINE_SUBSTITUTION {{(pid=110694) _check_effective_sql_mode /opt/stack/data/venv/lib/python3.12/site-packages/oslo_db/sqlalchemy/engines.py:325}}
May 06 15:07:50.814210 np0000172279 nova-conductor[110685]: DEBUG dbcounter [-] [110685] Writer thread running {{(pid=110685) stat_writer /opt/stack/data/venv/lib/python3.12/site-packages/dbcounter.py:102}}
May 06 15:07:50.821270 np0000172279 nova-conductor[110670]: DEBUG nova.service [None req-533d2735-765a-451a-b3fa-3e05c1754ecc None None] Join ServiceGroup membership for this service conductor {{(pid=110670) start /opt/stack/nova/nova/service.py:221}}
May 06 15:07:50.821517 np0000172279 nova-conductor[110670]: DEBUG nova.servicegroup.drivers.db [None req-533d2735-765a-451a-b3fa-3e05c1754ecc None None] DB_Driver: join new ServiceGroup member np0000172279 to the conductor group, service = {{(pid=110670) join /opt/stack/nova/nova/servicegroup/drivers/db.py:44}}
May 06 15:07:50.821620 np0000172279 nova-conductor[110685]: DEBUG nova.service [None req-7b040488-3053-4179-a602-81cfeb17c1bd None None] Creating RPC server for service: nova-conductor on topic: conductor {{(pid=110685) start /opt/stack/nova/nova/service.py:195}}
May 06 15:07:50.822333 np0000172279 nova-conductor[110694]: DEBUG dbcounter [-] [110694] Writer thread running {{(pid=110694) stat_writer /opt/stack/data/venv/lib/python3.12/site-packages/dbcounter.py:102}}
May 06 15:07:50.835716 np0000172279 nova-conductor[110694]: DEBUG nova.service [None req-a4f347b0-fc5e-43d4-9c19-230ddb0efb30 None None] Creating RPC server for service: nova-conductor on topic: conductor {{(pid=110694) start /opt/stack/nova/nova/service.py:195}}
May 06 15:07:50.835820 np0000172279 nova-conductor[110679]: DEBUG nova.service [None req-ce4e676f-9475-4a59-9622-64a29214b175 None None] Join ServiceGroup membership for this service conductor {{(pid=110679) start /opt/stack/nova/nova/service.py:221}}
May 06 15:07:50.835820 np0000172279 nova-conductor[110679]: DEBUG nova.servicegroup.drivers.db [None req-ce4e676f-9475-4a59-9622-64a29214b175 None None] DB_Driver: join new ServiceGroup member np0000172279 to the conductor group, service = {{(pid=110679) join /opt/stack/nova/nova/servicegroup/drivers/db.py:44}}
May 06 15:07:50.851190 np0000172279 nova-conductor[110694]: DEBUG nova.service [None req-a4f347b0-fc5e-43d4-9c19-230ddb0efb30 None None] Join ServiceGroup membership for this service conductor {{(pid=110694) start /opt/stack/nova/nova/service.py:221}}
May 06 15:07:50.851499 np0000172279 nova-conductor[110694]: DEBUG nova.servicegroup.drivers.db [None req-a4f347b0-fc5e-43d4-9c19-230ddb0efb30 None None] DB_Driver: join new ServiceGroup member np0000172279 to the conductor group, service = {{(pid=110694) join /opt/stack/nova/nova/servicegroup/drivers/db.py:44}}
May 06 15:07:50.852543 np0000172279 nova-conductor[110685]: DEBUG nova.service [None req-7b040488-3053-4179-a602-81cfeb17c1bd None None] Join ServiceGroup membership for this service conductor {{(pid=110685) start /opt/stack/nova/nova/service.py:221}}
May 06 15:07:50.853016 np0000172279 nova-conductor[110685]: DEBUG nova.servicegroup.drivers.db [None req-7b040488-3053-4179-a602-81cfeb17c1bd None None] DB_Driver: join new ServiceGroup member np0000172279 to the conductor group, service = {{(pid=110685) join /opt/stack/nova/nova/servicegroup/drivers/db.py:44}}
May 06 15:07:50.854632 np0000172279 nova-conductor[110694]: DEBUG oslo.service.backend._threading.loopingcall [None req-4c9155ae-e001-4299-8dc0-934a1a5b26f9 None None] Dynamic interval looping call 'nova.service.Service.periodic_tasks' sleeping for 60.00 seconds {{(pid=110694) _run_loop /opt/stack/data/venv/lib/python3.12/site-packages/oslo_service/backend/_threading/loopingcall.py:125}}
May 06 15:07:55.843304 np0000172279 nova-conductor[110670]: DEBUG oslo.service.backend._threading.loopingcall [-] Fixed interval looping call 'nova.servicegroup.drivers.db.DbDriver._report_state' sleeping for 119.98 seconds {{(pid=110670) _run_loop /opt/stack/data/venv/lib/python3.12/site-packages/oslo_service/backend/_threading/loopingcall.py:125}}
May 06 15:07:55.852392 np0000172279 nova-conductor[110679]: DEBUG oslo.service.backend._threading.loopingcall [-] Fixed interval looping call 'nova.servicegroup.drivers.db.DbDriver._report_state' sleeping for 119.98 seconds {{(pid=110679) _run_loop /opt/stack/data/venv/lib/python3.12/site-packages/oslo_service/backend/_threading/loopingcall.py:125}}
May 06 15:07:55.869917 np0000172279 nova-conductor[110685]: DEBUG oslo.service.backend._threading.loopingcall [-] Fixed interval looping call 'nova.servicegroup.drivers.db.DbDriver._report_state' sleeping for 119.99 seconds {{(pid=110685) _run_loop /opt/stack/data/venv/lib/python3.12/site-packages/oslo_service/backend/_threading/loopingcall.py:125}}
May 06 15:07:55.877325 np0000172279 nova-conductor[110694]: DEBUG oslo.service.backend._threading.loopingcall [-] Fixed interval looping call 'nova.servicegroup.drivers.db.DbDriver._report_state' sleeping for 119.98 seconds {{(pid=110694) _run_loop /opt/stack/data/venv/lib/python3.12/site-packages/oslo_service/backend/_threading/loopingcall.py:125}}
May 06 15:07:59.367331 np0000172279 nova-conductor[109875]: DEBUG dbcounter [-] [109875] Writing DB stats nova_api:SELECT=1 {{(pid=109875) stat_writer /opt/stack/data/venv/lib/python3.12/site-packages/dbcounter.py:115}}
May 06 15:07:59.498876 np0000172279 nova-conductor[109875]: DEBUG dbcounter [-] [109875] Writing DB stats nova_cell0:SELECT=1 {{(pid=109875) stat_writer /opt/stack/data/venv/lib/python3.12/site-packages/dbcounter.py:115}}
May 06 15:07:59.505885 np0000172279 nova-conductor[109875]: DEBUG dbcounter [-] [109875] Writing DB stats nova_cell1:SELECT=1 {{(pid=109875) stat_writer /opt/stack/data/venv/lib/python3.12/site-packages/dbcounter.py:115}}
May 06 15:08:05.833010 np0000172279 nova-conductor[110670]: DEBUG dbcounter [-] [110670] Writing DB stats nova_cell0:SELECT=4,nova_cell0:INSERT=1,nova_cell0:UPDATE=1 {{(pid=110670) stat_writer /opt/stack/data/venv/lib/python3.12/site-packages/dbcounter.py:115}}
May 06 15:08:05.845990 np0000172279 nova-conductor[110679]: DEBUG dbcounter [-] [110679] Writing DB stats nova_cell0:SELECT=3 {{(pid=110679) stat_writer /opt/stack/data/venv/lib/python3.12/site-packages/dbcounter.py:115}}
May 06 15:08:05.862293 np0000172279 nova-conductor[110685]: DEBUG dbcounter [-] [110685] Writing DB stats nova_cell0:SELECT=3 {{(pid=110685) stat_writer /opt/stack/data/venv/lib/python3.12/site-packages/dbcounter.py:115}}
May 06 15:08:05.864443 np0000172279 nova-conductor[110694]: DEBUG dbcounter [-] [110694] Writing DB stats nova_cell0:SELECT=3 {{(pid=110694) stat_writer /opt/stack/data/venv/lib/python3.12/site-packages/dbcounter.py:115}}
May 06 15:08:20.837856 np0000172279 nova-conductor[110679]: DEBUG oslo.service.backend._threading.loopingcall [None req-3b351b85-92ab-4cb6-9e2c-8b04e5da01a5 None None] Dynamic interval looping call 'nova.service.Service.periodic_tasks' sleeping for 60.00 seconds {{(pid=110679) _run_loop /opt/stack/data/venv/lib/python3.12/site-packages/oslo_service/backend/_threading/loopingcall.py:125}}
May 06 15:08:29.856459 np0000172279 nova-conductor[110685]: DEBUG oslo.service.backend._threading.loopingcall [None req-dff465c4-8467-4c86-ad1b-aba250dc3a08 None None] Dynamic interval looping call 'nova.service.Service.periodic_tasks' sleeping for 60.00 seconds {{(pid=110685) _run_loop /opt/stack/data/venv/lib/python3.12/site-packages/oslo_service/backend/_threading/loopingcall.py:125}}
May 06 15:08:36.825484 np0000172279 nova-conductor[110670]: DEBUG oslo.service.backend._threading.loopingcall [None req-c0e17178-e950-4cd9-9347-c7246f76bd48 None None] Dynamic interval looping call 'nova.service.Service.periodic_tasks' sleeping for 60.00 seconds {{(pid=110670) _run_loop /opt/stack/data/venv/lib/python3.12/site-packages/oslo_service/backend/_threading/loopingcall.py:125}}
May 06 15:08:50.855990 np0000172279 nova-conductor[110694]: DEBUG oslo.service.backend._threading.loopingcall [None req-4c9155ae-e001-4299-8dc0-934a1a5b26f9 None None] Dynamic interval looping call 'nova.service.Service.periodic_tasks' sleeping for 60.00 seconds {{(pid=110694) _run_loop /opt/stack/data/venv/lib/python3.12/site-packages/oslo_service/backend/_threading/loopingcall.py:125}}
May 06 15:09:20.838901 np0000172279 nova-conductor[110679]: DEBUG oslo.service.backend._threading.loopingcall [None req-3b351b85-92ab-4cb6-9e2c-8b04e5da01a5 None None] Dynamic interval looping call 'nova.service.Service.periodic_tasks' sleeping for 60.00 seconds {{(pid=110679) _run_loop /opt/stack/data/venv/lib/python3.12/site-packages/oslo_service/backend/_threading/loopingcall.py:125}}
May 06 15:09:29.857549 np0000172279 nova-conductor[110685]: DEBUG oslo.service.backend._threading.loopingcall [None req-dff465c4-8467-4c86-ad1b-aba250dc3a08 None None] Dynamic interval looping call 'nova.service.Service.periodic_tasks' sleeping for 60.00 seconds {{(pid=110685) _run_loop /opt/stack/data/venv/lib/python3.12/site-packages/oslo_service/backend/_threading/loopingcall.py:125}}
May 06 15:09:36.827129 np0000172279 nova-conductor[110670]: DEBUG oslo.service.backend._threading.loopingcall [None req-c0e17178-e950-4cd9-9347-c7246f76bd48 None None] Dynamic interval looping call 'nova.service.Service.periodic_tasks' sleeping for 60.00 seconds {{(pid=110670) _run_loop /opt/stack/data/venv/lib/python3.12/site-packages/oslo_service/backend/_threading/loopingcall.py:125}}
May 06 15:09:50.857416 np0000172279 nova-conductor[110694]: DEBUG oslo.service.backend._threading.loopingcall [None req-4c9155ae-e001-4299-8dc0-934a1a5b26f9 None None] Dynamic interval looping call 'nova.service.Service.periodic_tasks' sleeping for 60.00 seconds {{(pid=110694) _run_loop /opt/stack/data/venv/lib/python3.12/site-packages/oslo_service/backend/_threading/loopingcall.py:125}}
May 06 15:09:55.840154 np0000172279 nova-conductor[110670]: DEBUG oslo.service.backend._threading.loopingcall [-] Fixed interval looping call 'nova.servicegroup.drivers.db.DbDriver._report_state' sleeping for 119.99 seconds {{(pid=110670) _run_loop /opt/stack/data/venv/lib/python3.12/site-packages/oslo_service/backend/_threading/loopingcall.py:125}}
May 06 15:09:55.842156 np0000172279 nova-conductor[110679]: DEBUG oslo.service.backend._threading.loopingcall [-] Fixed interval looping call 'nova.servicegroup.drivers.db.DbDriver._report_state' sleeping for 119.99 seconds {{(pid=110679) _run_loop /opt/stack/data/venv/lib/python3.12/site-packages/oslo_service/backend/_threading/loopingcall.py:125}}
May 06 15:09:55.861587 np0000172279 nova-conductor[110685]: DEBUG oslo.service.backend._threading.loopingcall [-] Fixed interval looping call 'nova.servicegroup.drivers.db.DbDriver._report_state' sleeping for 119.99 seconds {{(pid=110685) _run_loop /opt/stack/data/venv/lib/python3.12/site-packages/oslo_service/backend/_threading/loopingcall.py:125}}
May 06 15:09:55.864437 np0000172279 nova-conductor[110694]: DEBUG oslo.service.backend._threading.loopingcall [-] Fixed interval looping call 'nova.servicegroup.drivers.db.DbDriver._report_state' sleeping for 119.99 seconds {{(pid=110694) _run_loop /opt/stack/data/venv/lib/python3.12/site-packages/oslo_service/backend/_threading/loopingcall.py:125}}
May 06 15:10:05.831125 np0000172279 nova-conductor[110670]: DEBUG dbcounter [-] [110670] Writing DB stats nova_cell0:SELECT=1,nova_cell0:UPDATE=1 {{(pid=110670) stat_writer /opt/stack/data/venv/lib/python3.12/site-packages/dbcounter.py:115}}
May 06 15:10:05.840284 np0000172279 nova-conductor[110679]: DEBUG dbcounter [-] [110679] Writing DB stats nova_cell0:SELECT=1,nova_cell0:UPDATE=1 {{(pid=110679) stat_writer /opt/stack/data/venv/lib/python3.12/site-packages/dbcounter.py:115}}
May 06 15:10:05.859171 np0000172279 nova-conductor[110685]: DEBUG dbcounter [-] [110685] Writing DB stats nova_cell0:SELECT=1 {{(pid=110685) stat_writer /opt/stack/data/venv/lib/python3.12/site-packages/dbcounter.py:115}}
May 06 15:10:05.861157 np0000172279 nova-conductor[110694]: DEBUG dbcounter [-] [110694] Writing DB stats nova_cell0:SELECT=1 {{(pid=110694) stat_writer /opt/stack/data/venv/lib/python3.12/site-packages/dbcounter.py:115}}
May 06 15:10:20.839789 np0000172279 nova-conductor[110679]: DEBUG oslo.service.backend._threading.loopingcall [None req-3b351b85-92ab-4cb6-9e2c-8b04e5da01a5 None None] Dynamic interval looping call 'nova.service.Service.periodic_tasks' sleeping for 60.00 seconds {{(pid=110679) _run_loop /opt/stack/data/venv/lib/python3.12/site-packages/oslo_service/backend/_threading/loopingcall.py:125}}
May 06 15:10:29.858248 np0000172279 nova-conductor[110685]: DEBUG oslo.service.backend._threading.loopingcall [None req-dff465c4-8467-4c86-ad1b-aba250dc3a08 None None] Dynamic interval looping call 'nova.service.Service.periodic_tasks' sleeping for 60.00 seconds {{(pid=110685) _run_loop /opt/stack/data/venv/lib/python3.12/site-packages/oslo_service/backend/_threading/loopingcall.py:125}}
May 06 15:10:36.827495 np0000172279 nova-conductor[110670]: DEBUG oslo.service.backend._threading.loopingcall [None req-c0e17178-e950-4cd9-9347-c7246f76bd48 None None] Dynamic interval looping call 'nova.service.Service.periodic_tasks' sleeping for 60.00 seconds {{(pid=110670) _run_loop /opt/stack/data/venv/lib/python3.12/site-packages/oslo_service/backend/_threading/loopingcall.py:125}}
May 06 15:10:50.858324 np0000172279 nova-conductor[110694]: DEBUG oslo.service.backend._threading.loopingcall [None req-4c9155ae-e001-4299-8dc0-934a1a5b26f9 None None] Dynamic interval looping call 'nova.service.Service.periodic_tasks' sleeping for 60.00 seconds {{(pid=110694) _run_loop /opt/stack/data/venv/lib/python3.12/site-packages/oslo_service/backend/_threading/loopingcall.py:125}}
May 06 15:11:20.841638 np0000172279 nova-conductor[110679]: DEBUG oslo.service.backend._threading.loopingcall [None req-3b351b85-92ab-4cb6-9e2c-8b04e5da01a5 None None] Dynamic interval looping call 'nova.service.Service.periodic_tasks' sleeping for 60.00 seconds {{(pid=110679) _run_loop /opt/stack/data/venv/lib/python3.12/site-packages/oslo_service/backend/_threading/loopingcall.py:125}}
May 06 15:11:29.859195 np0000172279 nova-conductor[110685]: DEBUG oslo.service.backend._threading.loopingcall [None req-dff465c4-8467-4c86-ad1b-aba250dc3a08 None None] Dynamic interval looping call 'nova.service.Service.periodic_tasks' sleeping for 60.00 seconds {{(pid=110685) _run_loop /opt/stack/data/venv/lib/python3.12/site-packages/oslo_service/backend/_threading/loopingcall.py:125}}
May 06 15:11:36.828498 np0000172279 nova-conductor[110670]: DEBUG oslo.service.backend._threading.loopingcall [None req-c0e17178-e950-4cd9-9347-c7246f76bd48 None None] Dynamic interval looping call 'nova.service.Service.periodic_tasks' sleeping for 60.00 seconds {{(pid=110670) _run_loop /opt/stack/data/venv/lib/python3.12/site-packages/oslo_service/backend/_threading/loopingcall.py:125}}
May 06 15:11:50.859324 np0000172279 nova-conductor[110694]: DEBUG oslo.service.backend._threading.loopingcall [None req-4c9155ae-e001-4299-8dc0-934a1a5b26f9 None None] Dynamic interval looping call 'nova.service.Service.periodic_tasks' sleeping for 60.00 seconds {{(pid=110694) _run_loop /opt/stack/data/venv/lib/python3.12/site-packages/oslo_service/backend/_threading/loopingcall.py:125}}
May 06 15:11:55.842629 np0000172279 nova-conductor[110670]: DEBUG oslo.service.backend._threading.loopingcall [-] Fixed interval looping call 'nova.servicegroup.drivers.db.DbDriver._report_state' sleeping for 119.99 seconds {{(pid=110670) _run_loop /opt/stack/data/venv/lib/python3.12/site-packages/oslo_service/backend/_threading/loopingcall.py:125}}
May 06 15:11:55.844986 np0000172279 nova-conductor[110679]: DEBUG oslo.service.backend._threading.loopingcall [-] Fixed interval looping call 'nova.servicegroup.drivers.db.DbDriver._report_state' sleeping for 119.99 seconds {{(pid=110679) _run_loop /opt/stack/data/venv/lib/python3.12/site-packages/oslo_service/backend/_threading/loopingcall.py:125}}
