Apr 02 12:51:22.126351 np0000162889 neutron-periodic-workers[104202]: DEBUG cotyledon.oslo_config_glue [-] ml2.type_drivers = ['local', 'flat', 'vlan', 'geneve'] {{(pid=104202) log_opt_values /opt/stack/data/venv/lib/python3.12/site-packages/oslo_config/cfg.py:3006}}
Apr 02 12:51:22.126351 np0000162889 neutron-periodic-workers[104202]: DEBUG cotyledon.oslo_config_glue [-] ml2_type_flat.flat_networks = ['public'] {{(pid=104202) log_opt_values /opt/stack/data/venv/lib/python3.12/site-packages/oslo_config/cfg.py:3006}}
Apr 02 12:51:22.126351 np0000162889 neutron-periodic-workers[104202]: DEBUG cotyledon.oslo_config_glue [-] ml2_type_geneve.max_header_size = 38 {{(pid=104202) log_opt_values /opt/stack/data/venv/lib/python3.12/site-packages/oslo_config/cfg.py:3006}}
Apr 02 12:51:22.126569 np0000162889 neutron-periodic-workers[104202]: DEBUG cotyledon.oslo_config_glue [-] ml2_type_geneve.vni_ranges = ['1:65536'] {{(pid=104202) log_opt_values /opt/stack/data/venv/lib/python3.12/site-packages/oslo_config/cfg.py:3006}}
Apr 02 12:51:22.126569 np0000162889 neutron-periodic-workers[104202]: DEBUG cotyledon.oslo_config_glue [-] ml2_type_vlan.network_vlan_ranges = ['public'] {{(pid=104202) log_opt_values /opt/stack/data/venv/lib/python3.12/site-packages/oslo_config/cfg.py:3006}}
Apr 02 12:51:22.126569 np0000162889 neutron-periodic-workers[104202]: DEBUG cotyledon.oslo_config_glue [-] network_log.burst_limit = 25 {{(pid=104202) log_opt_values /opt/stack/data/venv/lib/python3.12/site-packages/oslo_config/cfg.py:3006}}
Apr 02 12:51:22.126569 np0000162889 neutron-periodic-workers[104202]: DEBUG cotyledon.oslo_config_glue [-] network_log.local_output_log_base = None {{(pid=104202) log_opt_values /opt/stack/data/venv/lib/python3.12/site-packages/oslo_config/cfg.py:3006}}
Apr 02 12:51:22.126569 np0000162889 neutron-periodic-workers[104202]: DEBUG cotyledon.oslo_config_glue [-] network_log.rate_limit = 100 {{(pid=104202) log_opt_values /opt/stack/data/venv/lib/python3.12/site-packages/oslo_config/cfg.py:3006}}
Apr 02 12:51:22.126569 np0000162889 neutron-periodic-workers[104202]: DEBUG cotyledon.oslo_config_glue [-] database.asyncio_connection = **** {{(pid=104202) log_opt_values /opt/stack/data/venv/lib/python3.12/site-packages/oslo_config/cfg.py:3006}}
Apr 02 12:51:22.126569 np0000162889 neutron-periodic-workers[104202]: DEBUG cotyledon.oslo_config_glue [-] database.asyncio_slave_connection = **** {{(pid=104202) log_opt_values /opt/stack/data/venv/lib/python3.12/site-packages/oslo_config/cfg.py:3006}}
Apr 02 12:51:22.126569 np0000162889 neutron-periodic-workers[104202]: DEBUG cotyledon.oslo_config_glue [-] database.backend = sqlalchemy {{(pid=104202) log_opt_values /opt/stack/data/venv/lib/python3.12/site-packages/oslo_config/cfg.py:3006}}
Apr 02 12:51:22.126569 np0000162889 neutron-periodic-workers[104202]: DEBUG cotyledon.oslo_config_glue [-] database.connection = **** {{(pid=104202) log_opt_values /opt/stack/data/venv/lib/python3.12/site-packages/oslo_config/cfg.py:3006}}
Apr 02 12:51:22.126788 np0000162889 neutron-periodic-workers[104202]: DEBUG cotyledon.oslo_config_glue [-] database.connection_debug = 0 {{(pid=104202) log_opt_values /opt/stack/data/venv/lib/python3.12/site-packages/oslo_config/cfg.py:3006}}
Apr 02 12:51:22.126788 np0000162889 neutron-periodic-workers[104202]: DEBUG cotyledon.oslo_config_glue [-] database.connection_parameters = {{(pid=104202) log_opt_values /opt/stack/data/venv/lib/python3.12/site-packages/oslo_config/cfg.py:3006}}
Apr 02 12:51:22.126788 np0000162889 neutron-periodic-workers[104202]: DEBUG cotyledon.oslo_config_glue [-] database.connection_recycle_time = 3600 {{(pid=104202) log_opt_values /opt/stack/data/venv/lib/python3.12/site-packages/oslo_config/cfg.py:3006}}
Apr 02 12:51:22.126788 np0000162889 neutron-periodic-workers[104202]: DEBUG cotyledon.oslo_config_glue [-] database.connection_trace = False {{(pid=104202) log_opt_values /opt/stack/data/venv/lib/python3.12/site-packages/oslo_config/cfg.py:3006}}
Apr 02 12:51:22.126788 np0000162889 neutron-periodic-workers[104202]: DEBUG cotyledon.oslo_config_glue [-] database.db_inc_retry_interval = True {{(pid=104202) log_opt_values /opt/stack/data/venv/lib/python3.12/site-packages/oslo_config/cfg.py:3006}}
Apr 02 12:51:22.126788 np0000162889 neutron-periodic-workers[104202]: DEBUG cotyledon.oslo_config_glue [-] database.db_max_retries = 20 {{(pid=104202) log_opt_values /opt/stack/data/venv/lib/python3.12/site-packages/oslo_config/cfg.py:3006}}
Apr 02 12:51:22.126788 np0000162889 neutron-periodic-workers[104202]: DEBUG cotyledon.oslo_config_glue [-] database.db_max_retry_interval = 10 {{(pid=104202) log_opt_values /opt/stack/data/venv/lib/python3.12/site-packages/oslo_config/cfg.py:3006}}
Apr 02 12:51:22.126788 np0000162889 neutron-periodic-workers[104202]: DEBUG cotyledon.oslo_config_glue [-] database.db_retry_interval = 1 {{(pid=104202) log_opt_values /opt/stack/data/venv/lib/python3.12/site-packages/oslo_config/cfg.py:3006}}
Apr 02 12:51:22.126788 np0000162889 neutron-periodic-workers[104202]: DEBUG cotyledon.oslo_config_glue [-] database.max_overflow = 50 {{(pid=104202) log_opt_values /opt/stack/data/venv/lib/python3.12/site-packages/oslo_config/cfg.py:3006}}
Apr 02 12:51:22.126999 np0000162889 neutron-periodic-workers[104202]: DEBUG cotyledon.oslo_config_glue [-] database.max_pool_size = 5 {{(pid=104202) log_opt_values /opt/stack/data/venv/lib/python3.12/site-packages/oslo_config/cfg.py:3006}}
Apr 02 12:51:22.126999 np0000162889 neutron-periodic-workers[104202]: DEBUG cotyledon.oslo_config_glue [-] database.max_retries = 10 {{(pid=104202) log_opt_values /opt/stack/data/venv/lib/python3.12/site-packages/oslo_config/cfg.py:3006}}
Apr 02 12:51:22.126999 np0000162889 neutron-periodic-workers[104202]: DEBUG cotyledon.oslo_config_glue [-] database.mysql_sql_mode = TRADITIONAL {{(pid=104202) log_opt_values /opt/stack/data/venv/lib/python3.12/site-packages/oslo_config/cfg.py:3006}}
Apr 02 12:51:22.126999 np0000162889 neutron-periodic-workers[104202]: DEBUG cotyledon.oslo_config_glue [-] database.mysql_wsrep_sync_wait = None {{(pid=104202) log_opt_values /opt/stack/data/venv/lib/python3.12/site-packages/oslo_config/cfg.py:3006}}
Apr 02 12:51:22.126999 np0000162889 neutron-periodic-workers[104202]: DEBUG cotyledon.oslo_config_glue [-] database.pool_timeout = None {{(pid=104202) log_opt_values /opt/stack/data/venv/lib/python3.12/site-packages/oslo_config/cfg.py:3006}}
Apr 02 12:51:22.126999 np0000162889 neutron-periodic-workers[104202]: DEBUG cotyledon.oslo_config_glue [-] database.retry_interval = 10 {{(pid=104202) log_opt_values /opt/stack/data/venv/lib/python3.12/site-packages/oslo_config/cfg.py:3006}}
Apr 02 12:51:22.126999 np0000162889 neutron-periodic-workers[104202]: DEBUG cotyledon.oslo_config_glue [-] database.slave_connection = **** {{(pid=104202) log_opt_values /opt/stack/data/venv/lib/python3.12/site-packages/oslo_config/cfg.py:3006}}
Apr 02 12:51:22.126999 np0000162889 neutron-periodic-workers[104202]: DEBUG cotyledon.oslo_config_glue [-] database.sqlite_synchronous = True {{(pid=104202) log_opt_values /opt/stack/data/venv/lib/python3.12/site-packages/oslo_config/cfg.py:3006}}
Apr 02 12:51:22.126999 np0000162889 neutron-periodic-workers[104202]: DEBUG cotyledon.oslo_config_glue [-] database.synchronous_reader = True {{(pid=104202) log_opt_values /opt/stack/data/venv/lib/python3.12/site-packages/oslo_config/cfg.py:3006}}
Apr 02 12:51:22.127225 np0000162889 neutron-periodic-workers[104202]: DEBUG cotyledon.oslo_config_glue [-] database.use_db_reconnect = False {{(pid=104202) log_opt_values /opt/stack/data/venv/lib/python3.12/site-packages/oslo_config/cfg.py:3006}}
Apr 02 12:51:22.127225 np0000162889 neutron-periodic-workers[104202]: DEBUG cotyledon.oslo_config_glue [-] ovn.bfd_min_rx = 1000 {{(pid=104202) log_opt_values /opt/stack/data/venv/lib/python3.12/site-packages/oslo_config/cfg.py:3006}}
Apr 02 12:51:22.127225 np0000162889 neutron-periodic-workers[104202]: DEBUG cotyledon.oslo_config_glue [-] ovn.bfd_min_tx = 100 {{(pid=104202) log_opt_values /opt/stack/data/venv/lib/python3.12/site-packages/oslo_config/cfg.py:3006}}
Apr 02 12:51:22.127225 np0000162889 neutron-periodic-workers[104202]: DEBUG cotyledon.oslo_config_glue [-] ovn.bfd_mult = 3 {{(pid=104202) log_opt_values /opt/stack/data/venv/lib/python3.12/site-packages/oslo_config/cfg.py:3006}}
Apr 02 12:51:22.127225 np0000162889 neutron-periodic-workers[104202]: DEBUG cotyledon.oslo_config_glue [-] ovn.broadcast_arps_to_all_routers = True {{(pid=104202) log_opt_values /opt/stack/data/venv/lib/python3.12/site-packages/oslo_config/cfg.py:3006}}
Apr 02 12:51:22.127225 np0000162889 neutron-periodic-workers[104202]: DEBUG cotyledon.oslo_config_glue [-] ovn.dhcp_default_lease_time = 43200 {{(pid=104202) log_opt_values /opt/stack/data/venv/lib/python3.12/site-packages/oslo_config/cfg.py:3006}}
Apr 02 12:51:22.127225 np0000162889 neutron-periodic-workers[104202]: DEBUG cotyledon.oslo_config_glue [-] ovn.disable_ovn_dhcp_for_baremetal_ports = False {{(pid=104202) log_opt_values /opt/stack/data/venv/lib/python3.12/site-packages/oslo_config/cfg.py:3006}}
Apr 02 12:51:22.127225 np0000162889 neutron-periodic-workers[104202]: DEBUG cotyledon.oslo_config_glue [-] ovn.dns_records_ovn_owned = False {{(pid=104202) log_opt_values /opt/stack/data/venv/lib/python3.12/site-packages/oslo_config/cfg.py:3006}}
Apr 02 12:51:22.127225 np0000162889 neutron-periodic-workers[104202]: DEBUG cotyledon.oslo_config_glue [-] ovn.dns_servers = [] {{(pid=104202) log_opt_values /opt/stack/data/venv/lib/python3.12/site-packages/oslo_config/cfg.py:3006}}
Apr 02 12:51:22.127436 np0000162889 neutron-periodic-workers[104202]: DEBUG cotyledon.oslo_config_glue [-] ovn.enable_distributed_floating_ip = False {{(pid=104202) log_opt_values /opt/stack/data/venv/lib/python3.12/site-packages/oslo_config/cfg.py:3006}}
Apr 02 12:51:22.127436 np0000162889 neutron-periodic-workers[104202]: DEBUG cotyledon.oslo_config_glue [-] ovn.fdb_age_threshold = 300 {{(pid=104202) log_opt_values /opt/stack/data/venv/lib/python3.12/site-packages/oslo_config/cfg.py:3006}}
Apr 02 12:51:22.127436 np0000162889 neutron-periodic-workers[104202]: DEBUG cotyledon.oslo_config_glue [-] ovn.ha_failover_strategy = normal {{(pid=104202) log_opt_values /opt/stack/data/venv/lib/python3.12/site-packages/oslo_config/cfg.py:3006}}
Apr 02 12:51:22.127436 np0000162889 neutron-periodic-workers[104202]: DEBUG cotyledon.oslo_config_glue [-] ovn.live_migration_activation_strategy = rarp {{(pid=104202) log_opt_values /opt/stack/data/venv/lib/python3.12/site-packages/oslo_config/cfg.py:3006}}
Apr 02 12:51:22.127436 np0000162889 neutron-periodic-workers[104202]: DEBUG cotyledon.oslo_config_glue [-] ovn.localnet_learn_fdb = False {{(pid=104202) log_opt_values /opt/stack/data/venv/lib/python3.12/site-packages/oslo_config/cfg.py:3006}}
Apr 02 12:51:22.127436 np0000162889 neutron-periodic-workers[104202]: DEBUG cotyledon.oslo_config_glue [-] ovn.mac_binding_age_threshold = 300 {{(pid=104202) log_opt_values /opt/stack/data/venv/lib/python3.12/site-packages/oslo_config/cfg.py:3006}}
Apr 02 12:51:22.127436 np0000162889 neutron-periodic-workers[104202]: DEBUG cotyledon.oslo_config_glue [-] ovn.neutron_sync_mode = log {{(pid=104202) log_opt_values /opt/stack/data/venv/lib/python3.12/site-packages/oslo_config/cfg.py:3006}}
Apr 02 12:51:22.127436 np0000162889 neutron-periodic-workers[104202]: DEBUG cotyledon.oslo_config_glue [-] ovn.ovn_dhcp4_global_options = {} {{(pid=104202) log_opt_values /opt/stack/data/venv/lib/python3.12/site-packages/oslo_config/cfg.py:3006}}
Apr 02 12:51:22.127436 np0000162889 neutron-periodic-workers[104202]: DEBUG cotyledon.oslo_config_glue [-] ovn.ovn_dhcp6_global_options = {} {{(pid=104202) log_opt_values /opt/stack/data/venv/lib/python3.12/site-packages/oslo_config/cfg.py:3006}}
Apr 02 12:51:22.127659 np0000162889 neutron-periodic-workers[104202]: DEBUG cotyledon.oslo_config_glue [-] ovn.ovn_l3_scheduler = leastloaded {{(pid=104202) log_opt_values /opt/stack/data/venv/lib/python3.12/site-packages/oslo_config/cfg.py:3006}}
Apr 02 12:51:22.127659 np0000162889 neutron-periodic-workers[104202]: DEBUG cotyledon.oslo_config_glue [-] ovn.ovn_metadata_enabled = True {{(pid=104202) log_opt_values /opt/stack/data/venv/lib/python3.12/site-packages/oslo_config/cfg.py:3006}}
Apr 02 12:51:22.127659 np0000162889 neutron-periodic-workers[104202]: DEBUG cotyledon.oslo_config_glue [-] ovn.ovn_nb_ca_cert = /opt/stack/data/CA/int-ca/ca-chain.pem {{(pid=104202) log_opt_values /opt/stack/data/venv/lib/python3.12/site-packages/oslo_config/cfg.py:3006}}
Apr 02 12:51:22.127659 np0000162889 neutron-periodic-workers[104202]: DEBUG cotyledon.oslo_config_glue [-] ovn.ovn_nb_certificate = /opt/stack/data/CA/int-ca/devstack-cert.crt {{(pid=104202) log_opt_values /opt/stack/data/venv/lib/python3.12/site-packages/oslo_config/cfg.py:3006}}
Apr 02 12:51:22.127659 np0000162889 neutron-periodic-workers[104202]: DEBUG cotyledon.oslo_config_glue [-] ovn.ovn_nb_connection = ['ssl:199.204.45.209:6641'] {{(pid=104202) log_opt_values /opt/stack/data/venv/lib/python3.12/site-packages/oslo_config/cfg.py:3006}}
Apr 02 12:51:22.127659 np0000162889 neutron-periodic-workers[104202]: DEBUG cotyledon.oslo_config_glue [-] ovn.ovn_nb_private_key = /opt/stack/data/CA/int-ca/private/devstack-cert.key {{(pid=104202) log_opt_values /opt/stack/data/venv/lib/python3.12/site-packages/oslo_config/cfg.py:3006}}
Apr 02 12:51:22.127659 np0000162889 neutron-periodic-workers[104202]: DEBUG cotyledon.oslo_config_glue [-] ovn.ovn_router_indirect_snat = False {{(pid=104202) log_opt_values /opt/stack/data/venv/lib/python3.12/site-packages/oslo_config/cfg.py:3006}}
Apr 02 12:51:22.127659 np0000162889 neutron-periodic-workers[104202]: DEBUG cotyledon.oslo_config_glue [-] ovn.ovn_sb_ca_cert = /opt/stack/data/CA/int-ca/ca-chain.pem {{(pid=104202) log_opt_values /opt/stack/data/venv/lib/python3.12/site-packages/oslo_config/cfg.py:3006}}
Apr 02 12:51:22.127861 np0000162889 neutron-periodic-workers[104202]: DEBUG cotyledon.oslo_config_glue [-] ovn.ovn_sb_certificate = /opt/stack/data/CA/int-ca/devstack-cert.crt {{(pid=104202) log_opt_values /opt/stack/data/venv/lib/python3.12/site-packages/oslo_config/cfg.py:3006}}
Apr 02 12:51:22.127861 np0000162889 neutron-periodic-workers[104202]: DEBUG cotyledon.oslo_config_glue [-] ovn.ovn_sb_connection = ['ssl:199.204.45.209:6642'] {{(pid=104202) log_opt_values /opt/stack/data/venv/lib/python3.12/site-packages/oslo_config/cfg.py:3006}}
Apr 02 12:51:22.127861 np0000162889 neutron-periodic-workers[104202]: DEBUG cotyledon.oslo_config_glue [-] ovn.ovn_sb_private_key = /opt/stack/data/CA/int-ca/private/devstack-cert.key {{(pid=104202) log_opt_values /opt/stack/data/venv/lib/python3.12/site-packages/oslo_config/cfg.py:3006}}
Apr 02 12:51:22.127861 np0000162889 neutron-periodic-workers[104202]: DEBUG cotyledon.oslo_config_glue [-] ovn.ovs_create_tap = False {{(pid=104202) log_opt_values /opt/stack/data/venv/lib/python3.12/site-packages/oslo_config/cfg.py:3006}}
Apr 02 12:51:22.127861 np0000162889 neutron-periodic-workers[104202]: DEBUG cotyledon.oslo_config_glue [-] ovn.ovsdb_connection_timeout = 180 {{(pid=104202) log_opt_values /opt/stack/data/venv/lib/python3.12/site-packages/oslo_config/cfg.py:3006}}
Apr 02 12:51:22.127861 np0000162889 neutron-periodic-workers[104202]: DEBUG cotyledon.oslo_config_glue [-] ovn.ovsdb_log_level = INFO {{(pid=104202) log_opt_values /opt/stack/data/venv/lib/python3.12/site-packages/oslo_config/cfg.py:3006}}
Apr 02 12:51:22.127861 np0000162889 neutron-periodic-workers[104202]: DEBUG cotyledon.oslo_config_glue [-] ovn.ovsdb_probe_interval = 60000 {{(pid=104202) log_opt_values /opt/stack/data/venv/lib/python3.12/site-packages/oslo_config/cfg.py:3006}}
Apr 02 12:51:22.127861 np0000162889 neutron-periodic-workers[104202]: DEBUG cotyledon.oslo_config_glue [-] ovn.ovsdb_retry_max_interval = 180 {{(pid=104202) log_opt_values /opt/stack/data/venv/lib/python3.12/site-packages/oslo_config/cfg.py:3006}}
Apr 02 12:51:22.127861 np0000162889 neutron-periodic-workers[104202]: DEBUG cotyledon.oslo_config_glue [-] ovn.stateless_nat_enabled = False {{(pid=104202) log_opt_values /opt/stack/data/venv/lib/python3.12/site-packages/oslo_config/cfg.py:3006}}
Apr 02 12:51:22.128088 np0000162889 neutron-periodic-workers[104202]: DEBUG cotyledon.oslo_config_glue [-] ovn.vhost_sock_dir = /var/run/openvswitch {{(pid=104202) log_opt_values /opt/stack/data/venv/lib/python3.12/site-packages/oslo_config/cfg.py:3006}}
Apr 02 12:51:22.128088 np0000162889 neutron-periodic-workers[104202]: DEBUG cotyledon.oslo_config_glue [-] OVS.bridge_mac_table_size = 50000 {{(pid=104202) log_opt_values /opt/stack/data/venv/lib/python3.12/site-packages/oslo_config/cfg.py:3006}}
Apr 02 12:51:22.128088 np0000162889 neutron-periodic-workers[104202]: DEBUG cotyledon.oslo_config_glue [-] OVS.igmp_flood = False {{(pid=104202) log_opt_values /opt/stack/data/venv/lib/python3.12/site-packages/oslo_config/cfg.py:3006}}
Apr 02 12:51:22.128088 np0000162889 neutron-periodic-workers[104202]: DEBUG cotyledon.oslo_config_glue [-] OVS.igmp_flood_reports = True {{(pid=104202) log_opt_values /opt/stack/data/venv/lib/python3.12/site-packages/oslo_config/cfg.py:3006}}
Apr 02 12:51:22.128088 np0000162889 neutron-periodic-workers[104202]: DEBUG cotyledon.oslo_config_glue [-] OVS.igmp_flood_unregistered = False {{(pid=104202) log_opt_values /opt/stack/data/venv/lib/python3.12/site-packages/oslo_config/cfg.py:3006}}
Apr 02 12:51:22.128088 np0000162889 neutron-periodic-workers[104202]: DEBUG cotyledon.oslo_config_glue [-] OVS.igmp_snooping_enable = False {{(pid=104202) log_opt_values /opt/stack/data/venv/lib/python3.12/site-packages/oslo_config/cfg.py:3006}}
Apr 02 12:51:22.128088 np0000162889 neutron-periodic-workers[104202]: DEBUG cotyledon.oslo_config_glue [-] OVS.ovsdb_timeout = 10 {{(pid=104202) log_opt_values /opt/stack/data/venv/lib/python3.12/site-packages/oslo_config/cfg.py:3006}}
Apr 02 12:51:22.128088 np0000162889 neutron-periodic-workers[104202]: DEBUG cotyledon.oslo_config_glue [-] ovn_nb_global.fdb_removal_limit = 0 {{(pid=104202) log_opt_values /opt/stack/data/venv/lib/python3.12/site-packages/oslo_config/cfg.py:3006}}
Apr 02 12:51:22.128088 np0000162889 neutron-periodic-workers[104202]: DEBUG cotyledon.oslo_config_glue [-] ovn_nb_global.ignore_lsp_down = False {{(pid=104202) log_opt_values /opt/stack/data/venv/lib/python3.12/site-packages/oslo_config/cfg.py:3006}}
Apr 02 12:51:22.128379 np0000162889 neutron-periodic-workers[104202]: DEBUG cotyledon.oslo_config_glue [-] ovn_nb_global.mac_binding_removal_limit = 0 {{(pid=104202) log_opt_values /opt/stack/data/venv/lib/python3.12/site-packages/oslo_config/cfg.py:3006}}
Apr 02 12:51:22.128379 np0000162889 neutron-periodic-workers[104202]: DEBUG cotyledon.oslo_config_glue [-] ******************************************************************************** {{(pid=104202) log_opt_values /opt/stack/data/venv/lib/python3.12/site-packages/oslo_config/cfg.py:3013}}
Apr 02 12:51:22.128379 np0000162889 neutron-periodic-workers[104202]: DEBUG cotyledon._service_worker [-] Run service ServiceWrapper(0) [104202] {{(pid=104202) wait_forever /opt/stack/data/venv/lib/python3.12/site-packages/cotyledon/_service_worker.py:218}}
Apr 02 12:51:31.776963 np0000162889 neutron-periodic-workers[103408]: DEBUG dbcounter [-] [103408] Writing DB stats neutron:SELECT=4 {{(pid=103408) stat_writer /opt/stack/data/venv/lib/python3.12/site-packages/dbcounter.py:115}}
Apr 02 12:52:18.105264 np0000162889 neutron-periodic-workers[104182]: DEBUG oslo_db.sqlalchemy.engines [None req-931813f6-bd75-4819-85ee-b0406cd5d3f5 None None] Parent process 103408 forked (104182) with an open database connection, which is being discarded and recreated. {{(pid=104182) checkout /opt/stack/data/venv/lib/python3.12/site-packages/oslo_db/sqlalchemy/engines.py:402}}
Apr 02 12:52:18.113099 np0000162889 neutron-periodic-workers[104182]: DEBUG dbcounter [-] [104182] Writer thread running {{(pid=104182) stat_writer /opt/stack/data/venv/lib/python3.12/site-packages/dbcounter.py:102}}
Apr 02 12:52:18.116498 np0000162889 neutron-periodic-workers[104182]: DEBUG neutron.db.agents_db [None req-931813f6-bd75-4819-85ee-b0406cd5d3f5 None None] Agent healthcheck: found 0 active agents {{(pid=104182) agent_health_check /opt/stack/neutron/neutron/db/agents_db.py:317}}
Apr 02 12:52:18.116701 np0000162889 neutron-periodic-workers[104182]: DEBUG oslo.service.backend._threading.loopingcall [None req-931813f6-bd75-4819-85ee-b0406cd5d3f5 None None] Fixed interval looping call 'neutron.plugins.ml2.plugin.AgentDbMixin.agent_health_check' sleeping for 36.98 seconds {{(pid=104182) _run_loop /opt/stack/data/venv/lib/python3.12/site-packages/oslo_service/backend/_threading/loopingcall.py:125}}
Apr 02 12:52:27.096313 np0000162889 neutron-periodic-workers[104176]: DEBUG dbcounter [-] [104176] Writer thread running {{(pid=104176) stat_writer /opt/stack/data/venv/lib/python3.12/site-packages/dbcounter.py:102}}
Apr 02 12:52:27.105360 np0000162889 neutron-periodic-workers[104176]: DEBUG oslo.service.backend._threading.loopingcall [None req-bc75486d-88bd-4646-b1f9-76fd15477301 None None] Fixed interval looping call 'neutron.plugins.ml2.plugin.DhcpAgentSchedulerDbMixin.remove_networks_from_down_agents' sleeping for 36.97 seconds {{(pid=104176) _run_loop /opt/stack/data/venv/lib/python3.12/site-packages/oslo_service/backend/_threading/loopingcall.py:125}}
Apr 02 12:52:28.113787 np0000162889 neutron-periodic-workers[104182]: DEBUG dbcounter [-] [104182] Writing DB stats neutron:SELECT=1 {{(pid=104182) stat_writer /opt/stack/data/venv/lib/python3.12/site-packages/dbcounter.py:115}}
Apr 02 12:52:37.104291 np0000162889 neutron-periodic-workers[104176]: DEBUG dbcounter [-] [104176] Writing DB stats neutron:SELECT=3 {{(pid=104176) stat_writer /opt/stack/data/venv/lib/python3.12/site-packages/dbcounter.py:115}}
Apr 02 12:52:55.119680 np0000162889 neutron-periodic-workers[104182]: DEBUG neutron.db.agents_db [None req-931813f6-bd75-4819-85ee-b0406cd5d3f5 None None] Agent healthcheck: found 0 active agents {{(pid=104182) agent_health_check /opt/stack/neutron/neutron/db/agents_db.py:317}}
Apr 02 12:52:55.120227 np0000162889 neutron-periodic-workers[104182]: DEBUG oslo.service.backend._threading.loopingcall [None req-931813f6-bd75-4819-85ee-b0406cd5d3f5 None None] Fixed interval looping call 'neutron.plugins.ml2.plugin.AgentDbMixin.agent_health_check' sleeping for 36.98 seconds {{(pid=104182) _run_loop /opt/stack/data/venv/lib/python3.12/site-packages/oslo_service/backend/_threading/loopingcall.py:125}}
Apr 02 12:53:04.089046 np0000162889 neutron-periodic-workers[104176]: DEBUG oslo.service.backend._threading.loopingcall [None req-bc75486d-88bd-4646-b1f9-76fd15477301 None None] Fixed interval looping call 'neutron.plugins.ml2.plugin.DhcpAgentSchedulerDbMixin.remove_networks_from_down_agents' sleeping for 36.99 seconds {{(pid=104176) _run_loop /opt/stack/data/venv/lib/python3.12/site-packages/oslo_service/backend/_threading/loopingcall.py:125}}
Apr 02 12:53:05.100676 np0000162889 neutron-periodic-workers[104182]: DEBUG dbcounter [-] [104182] Writing DB stats neutron:SELECT=1 {{(pid=104182) stat_writer /opt/stack/data/venv/lib/python3.12/site-packages/dbcounter.py:115}}
Apr 02 12:53:14.086235 np0000162889 neutron-periodic-workers[104176]: DEBUG dbcounter [-] [104176] Writing DB stats neutron:SELECT=3 {{(pid=104176) stat_writer /opt/stack/data/venv/lib/python3.12/site-packages/dbcounter.py:115}}
Apr 02 12:53:22.136585 np0000162889 neutron-periodic-workers[104189]: DEBUG dbcounter [-] [104189] Writer thread running {{(pid=104189) stat_writer /opt/stack/data/venv/lib/python3.12/site-packages/dbcounter.py:102}}
Apr 02 12:53:22.140287 np0000162889 neutron-periodic-workers[104189]: DEBUG oslo.service.backend._threading.loopingcall [None req-e2b6bcca-b813-4faa-b31b-1d495bf8ce28 None None] Fixed interval looping call 'neutron.db.quota.driver_nolock.DbQuotaNoLockDriver._remove_expired_reservations' sleeping for 119.98 seconds {{(pid=104189) _run_loop /opt/stack/data/venv/lib/python3.12/site-packages/oslo_service/backend/_threading/loopingcall.py:125}}
Apr 02 12:53:32.106552 np0000162889 neutron-periodic-workers[104182]: DEBUG neutron.db.agents_db [None req-931813f6-bd75-4819-85ee-b0406cd5d3f5 None None] Agent healthcheck: found 0 active agents {{(pid=104182) agent_health_check /opt/stack/neutron/neutron/db/agents_db.py:317}}
Apr 02 12:53:32.106552 np0000162889 neutron-periodic-workers[104182]: DEBUG oslo.service.backend._threading.loopingcall [None req-931813f6-bd75-4819-85ee-b0406cd5d3f5 None None] Fixed interval looping call 'neutron.plugins.ml2.plugin.AgentDbMixin.agent_health_check' sleeping for 36.99 seconds {{(pid=104182) _run_loop /opt/stack/data/venv/lib/python3.12/site-packages/oslo_service/backend/_threading/loopingcall.py:125}}
Apr 02 12:53:32.137456 np0000162889 neutron-periodic-workers[104189]: DEBUG dbcounter [-] [104189] Writing DB stats neutron:DELETE=1 {{(pid=104189) stat_writer /opt/stack/data/venv/lib/python3.12/site-packages/dbcounter.py:115}}
Apr 02 12:53:41.090113 np0000162889 neutron-periodic-workers[104176]: DEBUG oslo.service.backend._threading.loopingcall [None req-bc75486d-88bd-4646-b1f9-76fd15477301 None None] Fixed interval looping call 'neutron.plugins.ml2.plugin.DhcpAgentSchedulerDbMixin.remove_networks_from_down_agents' sleeping for 36.99 seconds {{(pid=104176) _run_loop /opt/stack/data/venv/lib/python3.12/site-packages/oslo_service/backend/_threading/loopingcall.py:125}}
Apr 02 12:53:42.104985 np0000162889 neutron-periodic-workers[104182]: DEBUG dbcounter [-] [104182] Writing DB stats neutron:SELECT=1 {{(pid=104182) stat_writer /opt/stack/data/venv/lib/python3.12/site-packages/dbcounter.py:115}}
Apr 02 12:53:51.088368 np0000162889 neutron-periodic-workers[104176]: DEBUG dbcounter [-] [104176] Writing DB stats neutron:SELECT=3 {{(pid=104176) stat_writer /opt/stack/data/venv/lib/python3.12/site-packages/dbcounter.py:115}}
Apr 02 12:53:59.162043 np0000162889 neutron-periodic-workers[104202]: DEBUG dbcounter [-] [104202] Writer thread running {{(pid=104202) stat_writer /opt/stack/data/venv/lib/python3.12/site-packages/dbcounter.py:102}}
Apr 02 12:53:59.171870 np0000162889 neutron-periodic-workers[104202]: DEBUG oslo.service.backend._threading.loopingcall [None req-8b4fb021-72b5-413b-8e32-d2a75c8baf23 None None] Fixed interval looping call 'neutron.services.ovn_l3.plugin.L3_NAT_dbonly_mixin._clean_garbage' sleeping for 299.96 seconds {{(pid=104202) _run_loop /opt/stack/data/venv/lib/python3.12/site-packages/oslo_service/backend/_threading/loopingcall.py:125}}
Apr 02 12:54:09.103533 np0000162889 neutron-periodic-workers[104182]: DEBUG neutron.db.agents_db [None req-931813f6-bd75-4819-85ee-b0406cd5d3f5 None None] Agent healthcheck: found 0 active agents {{(pid=104182) agent_health_check /opt/stack/neutron/neutron/db/agents_db.py:317}}
Apr 02 12:54:09.104275 np0000162889 neutron-periodic-workers[104182]: DEBUG oslo.service.backend._threading.loopingcall [None req-931813f6-bd75-4819-85ee-b0406cd5d3f5 None None] Fixed interval looping call 'neutron.plugins.ml2.plugin.AgentDbMixin.agent_health_check' sleeping for 36.99 seconds {{(pid=104182) _run_loop /opt/stack/data/venv/lib/python3.12/site-packages/oslo_service/backend/_threading/loopingcall.py:125}}
Apr 02 12:54:09.162839 np0000162889 neutron-periodic-workers[104202]: DEBUG dbcounter [-] [104202] Writing DB stats neutron:SELECT=1 {{(pid=104202) stat_writer /opt/stack/data/venv/lib/python3.12/site-packages/dbcounter.py:115}}
Apr 02 12:54:18.088922 np0000162889 neutron-periodic-workers[104176]: DEBUG oslo.service.backend._threading.loopingcall [None req-bc75486d-88bd-4646-b1f9-76fd15477301 None None] Fixed interval looping call 'neutron.plugins.ml2.plugin.DhcpAgentSchedulerDbMixin.remove_networks_from_down_agents' sleeping for 36.99 seconds {{(pid=104176) _run_loop /opt/stack/data/venv/lib/python3.12/site-packages/oslo_service/backend/_threading/loopingcall.py:125}}
Apr 02 12:54:19.101877 np0000162889 neutron-periodic-workers[104182]: DEBUG dbcounter [-] [104182] Writing DB stats neutron:SELECT=1 {{(pid=104182) stat_writer /opt/stack/data/venv/lib/python3.12/site-packages/dbcounter.py:115}}
Apr 02 12:54:28.088067 np0000162889 neutron-periodic-workers[104176]: DEBUG dbcounter [-] [104176] Writing DB stats neutron:SELECT=3 {{(pid=104176) stat_writer /opt/stack/data/venv/lib/python3.12/site-packages/dbcounter.py:115}}
Apr 02 12:54:46.101907 np0000162889 neutron-periodic-workers[104182]: DEBUG neutron.db.agents_db [None req-931813f6-bd75-4819-85ee-b0406cd5d3f5 None None] Agent healthcheck: found 0 active agents {{(pid=104182) agent_health_check /opt/stack/neutron/neutron/db/agents_db.py:317}}
Apr 02 12:54:46.102675 np0000162889 neutron-periodic-workers[104182]: DEBUG oslo.service.backend._threading.loopingcall [None req-931813f6-bd75-4819-85ee-b0406cd5d3f5 None None] Fixed interval looping call 'neutron.plugins.ml2.plugin.AgentDbMixin.agent_health_check' sleeping for 36.99 seconds {{(pid=104182) _run_loop /opt/stack/data/venv/lib/python3.12/site-packages/oslo_service/backend/_threading/loopingcall.py:125}}
Apr 02 12:54:55.088767 np0000162889 neutron-periodic-workers[104176]: DEBUG oslo.service.backend._threading.loopingcall [None req-bc75486d-88bd-4646-b1f9-76fd15477301 None None] Fixed interval looping call 'neutron.plugins.ml2.plugin.DhcpAgentSchedulerDbMixin.remove_networks_from_down_agents' sleeping for 36.99 seconds {{(pid=104176) _run_loop /opt/stack/data/venv/lib/python3.12/site-packages/oslo_service/backend/_threading/loopingcall.py:125}}
Apr 02 12:54:56.100122 np0000162889 neutron-periodic-workers[104182]: DEBUG dbcounter [-] [104182] Writing DB stats neutron:SELECT=1 {{(pid=104182) stat_writer /opt/stack/data/venv/lib/python3.12/site-packages/dbcounter.py:115}}
Apr 02 12:55:05.087571 np0000162889 neutron-periodic-workers[104176]: DEBUG dbcounter [-] [104176] Writing DB stats neutron:SELECT=3 {{(pid=104176) stat_writer /opt/stack/data/venv/lib/python3.12/site-packages/dbcounter.py:115}}
Apr 02 12:55:22.125071 np0000162889 neutron-periodic-workers[104189]: DEBUG oslo.service.backend._threading.loopingcall [None req-e2b6bcca-b813-4faa-b31b-1d495bf8ce28 None None] Fixed interval looping call 'neutron.db.quota.driver_nolock.DbQuotaNoLockDriver._remove_expired_reservations' sleeping for 120.00 seconds {{(pid=104189) _run_loop /opt/stack/data/venv/lib/python3.12/site-packages/oslo_service/backend/_threading/loopingcall.py:125}}
Apr 02 12:55:23.097569 np0000162889 neutron-periodic-workers[104182]: DEBUG neutron.db.agents_db [None req-931813f6-bd75-4819-85ee-b0406cd5d3f5 None None] Agent healthcheck: found 0 active agents {{(pid=104182) agent_health_check /opt/stack/neutron/neutron/db/agents_db.py:317}}
Apr 02 12:55:23.097965 np0000162889 neutron-periodic-workers[104182]: DEBUG oslo.service.backend._threading.loopingcall [None req-931813f6-bd75-4819-85ee-b0406cd5d3f5 None None] Fixed interval looping call 'neutron.plugins.ml2.plugin.AgentDbMixin.agent_health_check' sleeping for 36.99 seconds {{(pid=104182) _run_loop /opt/stack/data/venv/lib/python3.12/site-packages/oslo_service/backend/_threading/loopingcall.py:125}}
Apr 02 12:55:32.086823 np0000162889 neutron-periodic-workers[104176]: DEBUG oslo.service.backend._threading.loopingcall [None req-bc75486d-88bd-4646-b1f9-76fd15477301 None None] Fixed interval looping call 'neutron.plugins.ml2.plugin.DhcpAgentSchedulerDbMixin.remove_networks_from_down_agents' sleeping for 36.99 seconds {{(pid=104176) _run_loop /opt/stack/data/venv/lib/python3.12/site-packages/oslo_service/backend/_threading/loopingcall.py:125}}
Apr 02 12:55:32.123950 np0000162889 neutron-periodic-workers[104189]: DEBUG dbcounter [-] [104189] Writing DB stats neutron:DELETE=1 {{(pid=104189) stat_writer /opt/stack/data/venv/lib/python3.12/site-packages/dbcounter.py:115}}
Apr 02 12:55:33.096040 np0000162889 neutron-periodic-workers[104182]: DEBUG dbcounter [-] [104182] Writing DB stats neutron:SELECT=1 {{(pid=104182) stat_writer /opt/stack/data/venv/lib/python3.12/site-packages/dbcounter.py:115}}
Apr 02 12:55:42.086091 np0000162889 neutron-periodic-workers[104176]: DEBUG dbcounter [-] [104176] Writing DB stats neutron:SELECT=3 {{(pid=104176) stat_writer /opt/stack/data/venv/lib/python3.12/site-packages/dbcounter.py:115}}
Apr 02 12:56:00.092718 np0000162889 neutron-periodic-workers[104182]: DEBUG neutron.db.agents_db [None req-931813f6-bd75-4819-85ee-b0406cd5d3f5 None None] Agent healthcheck: found 0 active agents {{(pid=104182) agent_health_check /opt/stack/neutron/neutron/db/agents_db.py:317}}
Apr 02 12:56:00.093451 np0000162889 neutron-periodic-workers[104182]: DEBUG oslo.service.backend._threading.loopingcall [None req-931813f6-bd75-4819-85ee-b0406cd5d3f5 None None] Fixed interval looping call 'neutron.plugins.ml2.plugin.AgentDbMixin.agent_health_check' sleeping for 37.00 seconds {{(pid=104182) _run_loop /opt/stack/data/venv/lib/python3.12/site-packages/oslo_service/backend/_threading/loopingcall.py:125}}
Apr 02 12:56:09.086843 np0000162889 neutron-periodic-workers[104176]: DEBUG oslo.service.backend._threading.loopingcall [None req-bc75486d-88bd-4646-b1f9-76fd15477301 None None] Fixed interval looping call 'neutron.plugins.ml2.plugin.DhcpAgentSchedulerDbMixin.remove_networks_from_down_agents' sleeping for 36.99 seconds {{(pid=104176) _run_loop /opt/stack/data/venv/lib/python3.12/site-packages/oslo_service/backend/_threading/loopingcall.py:125}}
Apr 02 12:56:10.091649 np0000162889 neutron-periodic-workers[104182]: DEBUG dbcounter [-] [104182] Writing DB stats neutron:SELECT=1 {{(pid=104182) stat_writer /opt/stack/data/venv/lib/python3.12/site-packages/dbcounter.py:115}}
Apr 02 12:56:19.085672 np0000162889 neutron-periodic-workers[104176]: DEBUG dbcounter [-] [104176] Writing DB stats neutron:SELECT=3 {{(pid=104176) stat_writer /opt/stack/data/venv/lib/python3.12/site-packages/dbcounter.py:115}}
Apr 02 12:56:37.098495 np0000162889 neutron-periodic-workers[104182]: DEBUG neutron.db.agents_db [None req-931813f6-bd75-4819-85ee-b0406cd5d3f5 None None] Agent healthcheck: found 0 active agents {{(pid=104182) agent_health_check /opt/stack/neutron/neutron/db/agents_db.py:317}}
Apr 02 12:56:37.099348 np0000162889 neutron-periodic-workers[104182]: DEBUG oslo.service.backend._threading.loopingcall [None req-931813f6-bd75-4819-85ee-b0406cd5d3f5 None None] Fixed interval looping call 'neutron.plugins.ml2.plugin.AgentDbMixin.agent_health_check' sleeping for 36.99 seconds {{(pid=104182) _run_loop /opt/stack/data/venv/lib/python3.12/site-packages/oslo_service/backend/_threading/loopingcall.py:125}}
Apr 02 12:56:46.091335 np0000162889 neutron-periodic-workers[104176]: DEBUG oslo.service.backend._threading.loopingcall [None req-bc75486d-88bd-4646-b1f9-76fd15477301 None None] Fixed interval looping call 'neutron.plugins.ml2.plugin.DhcpAgentSchedulerDbMixin.remove_networks_from_down_agents' sleeping for 36.99 seconds {{(pid=104176) _run_loop /opt/stack/data/venv/lib/python3.12/site-packages/oslo_service/backend/_threading/loopingcall.py:125}}
Apr 02 12:56:47.096143 np0000162889 neutron-periodic-workers[104182]: DEBUG dbcounter [-] [104182] Writing DB stats neutron:SELECT=1 {{(pid=104182) stat_writer /opt/stack/data/venv/lib/python3.12/site-packages/dbcounter.py:115}}
Apr 02 12:56:56.088724 np0000162889 neutron-periodic-workers[104176]: DEBUG dbcounter [-] [104176] Writing DB stats neutron:SELECT=3 {{(pid=104176) stat_writer /opt/stack/data/venv/lib/python3.12/site-packages/dbcounter.py:115}}
Apr 02 12:57:14.093788 np0000162889 neutron-periodic-workers[104182]: DEBUG neutron.db.agents_db [None req-931813f6-bd75-4819-85ee-b0406cd5d3f5 None None] Agent healthcheck: found 0 active agents {{(pid=104182) agent_health_check /opt/stack/neutron/neutron/db/agents_db.py:317}}
Apr 02 12:57:14.094678 np0000162889 neutron-periodic-workers[104182]: DEBUG oslo.service.backend._threading.loopingcall [None req-931813f6-bd75-4819-85ee-b0406cd5d3f5 None None] Fixed interval looping call 'neutron.plugins.ml2.plugin.AgentDbMixin.agent_health_check' sleeping for 37.00 seconds {{(pid=104182) _run_loop /opt/stack/data/venv/lib/python3.12/site-packages/oslo_service/backend/_threading/loopingcall.py:125}}
Apr 02 12:57:22.128769 np0000162889 neutron-periodic-workers[104189]: DEBUG oslo.service.backend._threading.loopingcall [None req-e2b6bcca-b813-4faa-b31b-1d495bf8ce28 None None] Fixed interval looping call 'neutron.db.quota.driver_nolock.DbQuotaNoLockDriver._remove_expired_reservations' sleeping for 120.00 seconds {{(pid=104189) _run_loop /opt/stack/data/venv/lib/python3.12/site-packages/oslo_service/backend/_threading/loopingcall.py:125}}
Apr 02 12:57:23.086536 np0000162889 neutron-periodic-workers[104176]: DEBUG oslo.service.backend._threading.loopingcall [None req-bc75486d-88bd-4646-b1f9-76fd15477301 None None] Fixed interval looping call 'neutron.plugins.ml2.plugin.DhcpAgentSchedulerDbMixin.remove_networks_from_down_agents' sleeping for 37.00 seconds {{(pid=104176) _run_loop /opt/stack/data/venv/lib/python3.12/site-packages/oslo_service/backend/_threading/loopingcall.py:125}}
Apr 02 12:57:24.092610 np0000162889 neutron-periodic-workers[104182]: DEBUG dbcounter [-] [104182] Writing DB stats neutron:SELECT=1 {{(pid=104182) stat_writer /opt/stack/data/venv/lib/python3.12/site-packages/dbcounter.py:115}}
Apr 02 12:57:32.127927 np0000162889 neutron-periodic-workers[104189]: DEBUG dbcounter [-] [104189] Writing DB stats neutron:DELETE=1 {{(pid=104189) stat_writer /opt/stack/data/venv/lib/python3.12/site-packages/dbcounter.py:115}}
Apr 02 12:57:33.086193 np0000162889 neutron-periodic-workers[104176]: DEBUG dbcounter [-] [104176] Writing DB stats neutron:SELECT=3 {{(pid=104176) stat_writer /opt/stack/data/venv/lib/python3.12/site-packages/dbcounter.py:115}}
Apr 02 12:57:51.099326 np0000162889 neutron-periodic-workers[104182]: DEBUG neutron.db.agents_db [None req-931813f6-bd75-4819-85ee-b0406cd5d3f5 None None] Agent healthcheck: found 0 active agents {{(pid=104182) agent_health_check /opt/stack/neutron/neutron/db/agents_db.py:317}}
Apr 02 12:57:51.099890 np0000162889 neutron-periodic-workers[104182]: DEBUG oslo.service.backend._threading.loopingcall [None req-931813f6-bd75-4819-85ee-b0406cd5d3f5 None None] Fixed interval looping call 'neutron.plugins.ml2.plugin.AgentDbMixin.agent_health_check' sleeping for 36.99 seconds {{(pid=104182) _run_loop /opt/stack/data/venv/lib/python3.12/site-packages/oslo_service/backend/_threading/loopingcall.py:125}}
Apr 02 12:58:00.094491 np0000162889 neutron-periodic-workers[104176]: DEBUG oslo.service.backend._threading.loopingcall [None req-bc75486d-88bd-4646-b1f9-76fd15477301 None None] Fixed interval looping call 'neutron.plugins.ml2.plugin.DhcpAgentSchedulerDbMixin.remove_networks_from_down_agents' sleeping for 36.99 seconds {{(pid=104176) _run_loop /opt/stack/data/venv/lib/python3.12/site-packages/oslo_service/backend/_threading/loopingcall.py:125}}
Apr 02 12:58:01.097972 np0000162889 neutron-periodic-workers[104182]: DEBUG dbcounter [-] [104182] Writing DB stats neutron:SELECT=1 {{(pid=104182) stat_writer /opt/stack/data/venv/lib/python3.12/site-packages/dbcounter.py:115}}
Apr 02 12:58:10.093979 np0000162889 neutron-periodic-workers[104176]: DEBUG dbcounter [-] [104176] Writing DB stats neutron:SELECT=3 {{(pid=104176) stat_writer /opt/stack/data/venv/lib/python3.12/site-packages/dbcounter.py:115}}
Apr 02 12:58:28.095823 np0000162889 neutron-periodic-workers[104182]: DEBUG neutron.db.agents_db [None req-931813f6-bd75-4819-85ee-b0406cd5d3f5 None None] Agent healthcheck: found 0 active agents {{(pid=104182) agent_health_check /opt/stack/neutron/neutron/db/agents_db.py:317}}
Apr 02 12:58:28.096354 np0000162889 neutron-periodic-workers[104182]: DEBUG oslo.service.backend._threading.loopingcall [None req-931813f6-bd75-4819-85ee-b0406cd5d3f5 None None] Fixed interval looping call 'neutron.plugins.ml2.plugin.AgentDbMixin.agent_health_check' sleeping for 36.99 seconds {{(pid=104182) _run_loop /opt/stack/data/venv/lib/python3.12/site-packages/oslo_service/backend/_threading/loopingcall.py:125}}
Apr 02 12:58:37.095570 np0000162889 neutron-periodic-workers[104176]: DEBUG oslo.service.backend._threading.loopingcall [None req-bc75486d-88bd-4646-b1f9-76fd15477301 None None] Fixed interval looping call 'neutron.plugins.ml2.plugin.DhcpAgentSchedulerDbMixin.remove_networks_from_down_agents' sleeping for 36.99 seconds {{(pid=104176) _run_loop /opt/stack/data/venv/lib/python3.12/site-packages/oslo_service/backend/_threading/loopingcall.py:125}}
Apr 02 12:58:38.093487 np0000162889 neutron-periodic-workers[104182]: DEBUG dbcounter [-] [104182] Writing DB stats neutron:SELECT=1 {{(pid=104182) stat_writer /opt/stack/data/venv/lib/python3.12/site-packages/dbcounter.py:115}}
Apr 02 12:58:47.094626 np0000162889 neutron-periodic-workers[104176]: DEBUG dbcounter [-] [104176] Writing DB stats neutron:SELECT=3 {{(pid=104176) stat_writer /opt/stack/data/venv/lib/python3.12/site-packages/dbcounter.py:115}}
Apr 02 12:58:59.142944 np0000162889 neutron-periodic-workers[104202]: DEBUG oslo.service.backend._threading.loopingcall [None req-8b4fb021-72b5-413b-8e32-d2a75c8baf23 None None] Fixed interval looping call 'neutron.services.ovn_l3.plugin.L3_NAT_dbonly_mixin._clean_garbage' sleeping for 299.99 seconds {{(pid=104202) _run_loop /opt/stack/data/venv/lib/python3.12/site-packages/oslo_service/backend/_threading/loopingcall.py:125}}
Apr 02 12:59:05.092692 np0000162889 neutron-periodic-workers[104182]: DEBUG neutron.db.agents_db [None req-931813f6-bd75-4819-85ee-b0406cd5d3f5 None None] Agent healthcheck: found 0 active agents {{(pid=104182) agent_health_check /opt/stack/neutron/neutron/db/agents_db.py:317}}
Apr 02 12:59:05.093318 np0000162889 neutron-periodic-workers[104182]: DEBUG oslo.service.backend._threading.loopingcall [None req-931813f6-bd75-4819-85ee-b0406cd5d3f5 None None] Fixed interval looping call 'neutron.plugins.ml2.plugin.AgentDbMixin.agent_health_check' sleeping for 36.99 seconds {{(pid=104182) _run_loop /opt/stack/data/venv/lib/python3.12/site-packages/oslo_service/backend/_threading/loopingcall.py:125}}
Apr 02 12:59:09.134629 np0000162889 neutron-periodic-workers[104202]: DEBUG dbcounter [-] [104202] Writing DB stats neutron:SELECT=1 {{(pid=104202) stat_writer /opt/stack/data/venv/lib/python3.12/site-packages/dbcounter.py:115}}
Apr 02 12:59:14.097290 np0000162889 neutron-periodic-workers[104176]: DEBUG oslo.service.backend._threading.loopingcall [None req-bc75486d-88bd-4646-b1f9-76fd15477301 None None] Fixed interval looping call 'neutron.plugins.ml2.plugin.DhcpAgentSchedulerDbMixin.remove_networks_from_down_agents' sleeping for 36.99 seconds {{(pid=104176) _run_loop /opt/stack/data/venv/lib/python3.12/site-packages/oslo_service/backend/_threading/loopingcall.py:125}}
Apr 02 12:59:15.090713 np0000162889 neutron-periodic-workers[104182]: DEBUG dbcounter [-] [104182] Writing DB stats neutron:SELECT=1 {{(pid=104182) stat_writer /opt/stack/data/venv/lib/python3.12/site-packages/dbcounter.py:115}}
Apr 02 12:59:22.132303 np0000162889 neutron-periodic-workers[104189]: DEBUG oslo.service.backend._threading.loopingcall [None req-e2b6bcca-b813-4faa-b31b-1d495bf8ce28 None None] Fixed interval looping call 'neutron.db.quota.driver_nolock.DbQuotaNoLockDriver._remove_expired_reservations' sleeping for 120.00 seconds {{(pid=104189) _run_loop /opt/stack/data/venv/lib/python3.12/site-packages/oslo_service/backend/_threading/loopingcall.py:125}}
Apr 02 12:59:24.096472 np0000162889 neutron-periodic-workers[104176]: DEBUG dbcounter [-] [104176] Writing DB stats neutron:SELECT=3 {{(pid=104176) stat_writer /opt/stack/data/venv/lib/python3.12/site-packages/dbcounter.py:115}}
Apr 02 12:59:32.131559 np0000162889 neutron-periodic-workers[104189]: DEBUG dbcounter [-] [104189] Writing DB stats neutron:DELETE=1 {{(pid=104189) stat_writer /opt/stack/data/venv/lib/python3.12/site-packages/dbcounter.py:115}}
Apr 02 12:59:42.088809 np0000162889 neutron-periodic-workers[104182]: DEBUG neutron.db.agents_db [None req-931813f6-bd75-4819-85ee-b0406cd5d3f5 None None] Agent healthcheck: found 0 active agents {{(pid=104182) agent_health_check /opt/stack/neutron/neutron/db/agents_db.py:317}}
Apr 02 12:59:42.089528 np0000162889 neutron-periodic-workers[104182]: DEBUG oslo.service.backend._threading.loopingcall [None req-931813f6-bd75-4819-85ee-b0406cd5d3f5 None None] Fixed interval looping call 'neutron.plugins.ml2.plugin.AgentDbMixin.agent_health_check' sleeping for 36.99 seconds {{(pid=104182) _run_loop /opt/stack/data/venv/lib/python3.12/site-packages/oslo_service/backend/_threading/loopingcall.py:125}}
Apr 02 12:59:51.100094 np0000162889 neutron-periodic-workers[104176]: DEBUG oslo.service.backend._threading.loopingcall [None req-bc75486d-88bd-4646-b1f9-76fd15477301 None None] Fixed interval looping call 'neutron.plugins.ml2.plugin.DhcpAgentSchedulerDbMixin.remove_networks_from_down_agents' sleeping for 36.99 seconds {{(pid=104176) _run_loop /opt/stack/data/venv/lib/python3.12/site-packages/oslo_service/backend/_threading/loopingcall.py:125}}
Apr 02 12:59:52.157072 np0000162889 neutron-periodic-workers[104182]: DEBUG dbcounter [-] [104182] Writing DB stats neutron:SELECT=1 {{(pid=104182) stat_writer /opt/stack/data/venv/lib/python3.12/site-packages/dbcounter.py:115}}
Apr 02 13:00:01.098621 np0000162889 neutron-periodic-workers[104176]: DEBUG dbcounter [-] [104176] Writing DB stats neutron:SELECT=3 {{(pid=104176) stat_writer /opt/stack/data/venv/lib/python3.12/site-packages/dbcounter.py:115}}
Apr 02 13:00:19.085786 np0000162889 neutron-periodic-workers[104182]: DEBUG neutron.db.agents_db [None req-931813f6-bd75-4819-85ee-b0406cd5d3f5 None None] Agent healthcheck: found 0 active agents {{(pid=104182) agent_health_check /opt/stack/neutron/neutron/db/agents_db.py:317}}
Apr 02 13:00:19.086662 np0000162889 neutron-periodic-workers[104182]: DEBUG oslo.service.backend._threading.loopingcall [None req-931813f6-bd75-4819-85ee-b0406cd5d3f5 None None] Fixed interval looping call 'neutron.plugins.ml2.plugin.AgentDbMixin.agent_health_check' sleeping for 36.99 seconds {{(pid=104182) _run_loop /opt/stack/data/venv/lib/python3.12/site-packages/oslo_service/backend/_threading/loopingcall.py:125}}
Apr 02 13:00:28.099015 np0000162889 neutron-periodic-workers[104176]: DEBUG oslo.service.backend._threading.loopingcall [None req-bc75486d-88bd-4646-b1f9-76fd15477301 None None] Fixed interval looping call 'neutron.plugins.ml2.plugin.DhcpAgentSchedulerDbMixin.remove_networks_from_down_agents' sleeping for 36.99 seconds {{(pid=104176) _run_loop /opt/stack/data/venv/lib/python3.12/site-packages/oslo_service/backend/_threading/loopingcall.py:125}}
Apr 02 13:00:29.083657 np0000162889 neutron-periodic-workers[104182]: DEBUG dbcounter [-] [104182] Writing DB stats neutron:SELECT=1 {{(pid=104182) stat_writer /opt/stack/data/venv/lib/python3.12/site-packages/dbcounter.py:115}}
Apr 02 13:00:38.098167 np0000162889 neutron-periodic-workers[104176]: DEBUG dbcounter [-] [104176] Writing DB stats neutron:SELECT=3 {{(pid=104176) stat_writer /opt/stack/data/venv/lib/python3.12/site-packages/dbcounter.py:115}}
Apr 02 13:00:56.083471 np0000162889 neutron-periodic-workers[104182]: DEBUG neutron.db.agents_db [None req-931813f6-bd75-4819-85ee-b0406cd5d3f5 None None] Agent healthcheck: found 0 active agents {{(pid=104182) agent_health_check /opt/stack/neutron/neutron/db/agents_db.py:317}}
Apr 02 13:00:56.084401 np0000162889 neutron-periodic-workers[104182]: DEBUG oslo.service.backend._threading.loopingcall [None req-931813f6-bd75-4819-85ee-b0406cd5d3f5 None None] Fixed interval looping call 'neutron.plugins.ml2.plugin.AgentDbMixin.agent_health_check' sleeping for 36.99 seconds {{(pid=104182) _run_loop /opt/stack/data/venv/lib/python3.12/site-packages/oslo_service/backend/_threading/loopingcall.py:125}}
Apr 02 13:01:05.102126 np0000162889 neutron-periodic-workers[104176]: DEBUG oslo.service.backend._threading.loopingcall [None req-bc75486d-88bd-4646-b1f9-76fd15477301 None None] Fixed interval looping call 'neutron.plugins.ml2.plugin.DhcpAgentSchedulerDbMixin.remove_networks_from_down_agents' sleeping for 36.99 seconds {{(pid=104176) _run_loop /opt/stack/data/venv/lib/python3.12/site-packages/oslo_service/backend/_threading/loopingcall.py:125}}
Apr 02 13:01:06.081154 np0000162889 neutron-periodic-workers[104182]: DEBUG dbcounter [-] [104182] Writing DB stats neutron:SELECT=1 {{(pid=104182) stat_writer /opt/stack/data/venv/lib/python3.12/site-packages/dbcounter.py:115}}
Apr 02 13:01:15.099003 np0000162889 neutron-periodic-workers[104176]: DEBUG dbcounter [-] [104176] Writing DB stats neutron:SELECT=3 {{(pid=104176) stat_writer /opt/stack/data/venv/lib/python3.12/site-packages/dbcounter.py:115}}
Apr 02 13:01:22.137630 np0000162889 neutron-periodic-workers[104189]: DEBUG oslo.service.backend._threading.loopingcall [None req-e2b6bcca-b813-4faa-b31b-1d495bf8ce28 None None] Fixed interval looping call 'neutron.db.quota.driver_nolock.DbQuotaNoLockDriver._remove_expired_reservations' sleeping for 120.00 seconds {{(pid=104189) _run_loop /opt/stack/data/venv/lib/python3.12/site-packages/oslo_service/backend/_threading/loopingcall.py:125}}
Apr 02 13:01:32.136076 np0000162889 neutron-periodic-workers[104189]: DEBUG dbcounter [-] [104189] Writing DB stats neutron:DELETE=1 {{(pid=104189) stat_writer /opt/stack/data/venv/lib/python3.12/site-packages/dbcounter.py:115}}
Apr 02 13:01:33.079729 np0000162889 neutron-periodic-workers[104182]: DEBUG neutron.db.agents_db [None req-931813f6-bd75-4819-85ee-b0406cd5d3f5 None None] Agent healthcheck: found 0 active agents {{(pid=104182) agent_health_check /opt/stack/neutron/neutron/db/agents_db.py:317}}
