2026-09-11 18:47:17.614 6 INFO neutron.db.ovn_revision_numbers_db [None req-f3d9dadc-bdb9-48ea-8a0a-1466bb21d617 1bde246d6ab74285b6cfa9f92a2565ec ac0e4f60b9a6456284c6725760e19a20 - - default default] Successfully bumped revision number for resource 423734d5-f7c9-4bcc-9745-0fc725218738 (type: ports) to 2
2026-09-11 18:47:17.644 6 INFO neutron.db.ovn_revision_numbers_db [None req-f3d9dadc-bdb9-48ea-8a0a-1466bb21d617 1bde246d6ab74285b6cfa9f92a2565ec ac0e4f60b9a6456284c6725760e19a20 - - default default] Successfully bumped revision number for resource 6b37d056-b651-4fb4-b3c8-bd7280a97971 (type: subnets) to 0 [pid: 6|app: 0|req: 724/1429] 10.0.0.30 () {34 vars in 668 bytes} [Fri Sep 11 18:47:16 2026] POST /v2.0/subnets => generated 1274 bytes in 1389 msecs (HTTP/1.1 201) 4 headers in 163 bytes (1 switches on core 0)
2026-09-11 18:47:17.662 6 WARNING neutron.db.securitygroups_db [None req-3f5c5951-d6af-4f7a-acc1-8071dbe9c1eb 7f0f947e1b94418a93cc6dce153e71da e1fd5968b1a94394906f52d6bb9179aa - - default default] project_id key not found in filters, using tenant_id instead. This support has been deprecated and will be removed in a future release. [pid: 7|app: 0|req: 706/1430] 10.0.0.30 () {32 vars in 731 bytes} [Fri Sep 11 18:47:17 2026] DELETE /v2.0/floatingips/074e3197-f288-4d92-8361-0cc3f1552320 => generated 0 bytes in 286 msecs (HTTP/1.1 204) 2 headers in 112 bytes (1 switches on core 0)
2026-09-11 18:47:17.804 6 INFO neutron.db.ovn_revision_numbers_db [None req-3f5c5951-d6af-4f7a-acc1-8071dbe9c1eb 7f0f947e1b94418a93cc6dce153e71da e1fd5968b1a94394906f52d6bb9179aa - - default default] Successfully bumped revision number for resource 56c4265b-9d82-4be1-b19e-73b21ae3ed06 (type: security_groups) to 1
2026-09-11 18:47:17.817 7 INFO neutron_taas.services.taas.taas_plugin [None req-9b4c176b-7251-42c2-937b-1797996c2d01 7f0f947e1b94418a93cc6dce153e71da e1fd5968b1a94394906f52d6bb9179aa - - default default] TaaS: Handle Delete Port: 36f33f8d-7968-4e78-a6ee-ea6a58526d7b
2026-09-11 18:47:17.819 6 INFO neutron.db.ovn_revision_numbers_db [None req-3f5c5951-d6af-4f7a-acc1-8071dbe9c1eb 7f0f947e1b94418a93cc6dce153e71da e1fd5968b1a94394906f52d6bb9179aa - - default default] Successfully bumped revision number for resource 5c613399-2561-4025-8d73-c2d7bbc14894 (type: security_group_rules) to 0
2026-09-11 18:47:17.820 7 INFO neutron_taas.services.taas.tap_mirror_plugin [None req-9b4c176b-7251-42c2-937b-1797996c2d01 7f0f947e1b94418a93cc6dce153e71da e1fd5968b1a94394906f52d6bb9179aa - - default default] Tap Mirror: Handle Delete Port: 36f33f8d-7968-4e78-a6ee-ea6a58526d7b
2026-09-11 18:47:17.831 6 INFO neutron.db.ovn_revision_numbers_db [None req-3f5c5951-d6af-4f7a-acc1-8071dbe9c1eb 7f0f947e1b94418a93cc6dce153e71da e1fd5968b1a94394906f52d6bb9179aa - - default default] Successfully bumped revision number for resource 6c2a9fa1-463a-4b2a-bd40-ee48a6ad3fe9 (type: security_group_rules) to 0
2026-09-11 18:47:17.843 6 INFO neutron.db.ovn_revision_numbers_db [None req-3f5c5951-d6af-4f7a-acc1-8071dbe9c1eb 7f0f947e1b94418a93cc6dce153e71da e1fd5968b1a94394906f52d6bb9179aa - - default default] Successfully bumped revision number for resource ec51d189-b804-4582-b71e-2063d903e122 (type: security_group_rules) to 0
2026-09-11 18:47:17.858 6 INFO neutron.db.ovn_revision_numbers_db [None req-3f5c5951-d6af-4f7a-acc1-8071dbe9c1eb 7f0f947e1b94418a93cc6dce153e71da e1fd5968b1a94394906f52d6bb9179aa - - default default] Successfully bumped revision number for resource f9b0a8bf-e058-4d0e-90a5-b96a7035fae5 (type: security_group_rules) to 0 [pid: 6|app: 0|req: 725/1431] 10.0.0.30 () {32 vars in 773 bytes} [Fri Sep 11 18:47:17 2026] GET /v2.0/security-groups?tenant_id=5689f18417964950bdba4a9ba41f36d3&name=default => generated 2925 bytes in 231 msecs (HTTP/1.1 200) 4 headers in 158 bytes (1 switches on core 0) [pid: 6|app: 0|req: 726/1432] 10.0.0.30 () {32 vars in 646 bytes} [Fri Sep 11 18:47:17 2026] GET /v2.0/subnets => generated 1910 bytes in 44 msecs (HTTP/1.1 200) 4 headers in 158 bytes (1 switches on core 0)
2026-09-11 18:47:18.001 7 INFO neutron.services.segments.plugin [-] Segment 640260fb-a6fe-4ca2-a49e-af764d94693a resource provider aggregate not found
2026-09-11 18:47:18.009 7 INFO neutron.services.segments.plugin [-] Segment 640260fb-a6fe-4ca2-a49e-af764d94693a resource provider aggregate not found
2026-09-11 18:47:18.041 7 INFO neutron.services.segments.plugin [-] Client error retrieving segment 640260fb-a6fe-4ca2-a49e-af764d94693a resource provider; error: Placement Client Error (4xx): {"errors": [{"status": 404, "title": "Not Found", "detail": "The resource could not be found.\n\n No resource provider with uuid 640260fb-a6fe-4ca2-a49e-af764d94693a found for delete ", "request_id": "req-22dbe388-34bd-426f-89c7-54fcbf5b361f"}]}
2026-09-11 18:47:18.071 7 INFO neutron.services.segments.plugin [-] Client error retrieving segment 640260fb-a6fe-4ca2-a49e-af764d94693a resource provider; error: Placement Client Error (4xx): {"errors": [{"status": 404, "title": "Not Found", "detail": "The resource could not be found.\n\n No resource provider with uuid 640260fb-a6fe-4ca2-a49e-af764d94693a found for delete ", "request_id": "req-18619cec-6d11-48d1-b39c-099bd68d2a0a"}]}
2026-09-11 18:47:18.091 6 INFO neutron_taas.services.taas.taas_plugin [None req-5f583339-16ed-4185-b79b-e5acd1f56db1 39ce87050eaa4196a71c2020c7a4d3f2 9662b9aeb5384b9ebaf3e4bd0bfac4da - - default default] TaaS: Handle Delete Port: 7a09c404-6ecc-4c7f-9fb3-b78c483f9a22
2026-09-11 18:47:18.096 6 INFO neutron_taas.services.taas.tap_mirror_plugin [None req-5f583339-16ed-4185-b79b-e5acd1f56db1 39ce87050eaa4196a71c2020c7a4d3f2 9662b9aeb5384b9ebaf3e4bd0bfac4da - - default default] Tap Mirror: Handle Delete Port: 7a09c404-6ecc-4c7f-9fb3-b78c483f9a22 [pid: 7|app: 0|req: 707/1433] 10.0.0.30 () {32 vars in 725 bytes} [Fri Sep 11 18:47:17 2026] DELETE /v2.0/networks/0c09b53c-d142-497b-b6e1-a5c225d4a419 => generated 0 bytes in 478 msecs (HTTP/1.1 204) 3 headers in 131 bytes (1 switches on core 0) [pid: 6|app: 0|req: 727/1434] 10.0.0.30 () {32 vars in 731 bytes} [Fri Sep 11 18:47:17 2026] DELETE /v2.0/floatingips/07d6d053-ccf0-4d57-9de5-1b04d51baebf => generated 0 bytes in 318 msecs (HTTP/1.1 204) 2 headers in 112 bytes (1 switches on core 0) [pid: 7|app: 0|req: 708/1435] 10.0.0.30 () {32 vars in 739 bytes} [Fri Sep 11 18:47:18 2026] DELETE /v2.0/security-groups/56c4265b-9d82-4be1-b19e-73b21ae3ed06 => generated 0 bytes in 196 msecs (HTTP/1.1 204) 2 headers in 112 bytes (1 switches on core 0) [pid: 6|app: 0|req: 728/1436] 10.0.0.30 () {32 vars in 723 bytes} [Fri Sep 11 18:47:18 2026] DELETE /v2.0/subnets/f05c36ed-2531-41bc-b6ad-cb8f1649b94f => generated 0 bytes in 175 msecs (HTTP/1.1 204) 3 headers in 131 bytes (1 switches on core 0)
2026-09-11 18:47:18.435 6 WARNING neutron.db.securitygroups_db [None req-2a5e7fe7-130e-4324-8361-25f526db1c81 7f0f947e1b94418a93cc6dce153e71da e1fd5968b1a94394906f52d6bb9179aa - - default default] project_id key not found in filters, using tenant_id instead. This support has been deprecated and will be removed in a future release.
2026-09-11 18:47:18.461 7 INFO neutron_taas.services.taas.taas_plugin [None req-61d5bc74-98d3-422c-bdee-ff6583a444a8 39ce87050eaa4196a71c2020c7a4d3f2 9662b9aeb5384b9ebaf3e4bd0bfac4da - - default default] TaaS: Handle Delete Port: 8434c7f1-c98e-4891-b217-af0a7e29e2eb
2026-09-11 18:47:18.463 7 INFO neutron_taas.services.taas.tap_mirror_plugin [None req-61d5bc74-98d3-422c-bdee-ff6583a444a8 39ce87050eaa4196a71c2020c7a4d3f2 9662b9aeb5384b9ebaf3e4bd0bfac4da - - default default] Tap Mirror: Handle Delete Port: 8434c7f1-c98e-4891-b217-af0a7e29e2eb [pid: 6|app: 0|req: 729/1437] 10.0.0.30 () {32 vars in 773 bytes} [Fri Sep 11 18:47:18 2026] GET /v2.0/security-groups?tenant_id=69bcc70940384f5294a3db7e4877c14d&name=default => generated 2925 bytes in 38 msecs (HTTP/1.1 200) 4 headers in 158 bytes (1 switches on core 0) [pid: 7|app: 0|req: 709/1438] 10.0.0.30 () {32 vars in 731 bytes} [Fri Sep 11 18:47:18 2026] DELETE /v2.0/floatingips/c15f263d-3656-4119-bff2-fe1cdc758395 => generated 0 bytes in 256 msecs (HTTP/1.1 204) 2 headers in 112 bytes (1 switches on core 0) [pid: 6|app: 0|req: 730/1439] 10.0.0.30 () {32 vars in 723 bytes} [Fri Sep 11 18:47:18 2026] DELETE /v2.0/subnets/6b37d056-b651-4fb4-b3c8-bd7280a97971 => generated 0 bytes in 201 msecs (HTTP/1.1 204) 3 headers in 131 bytes (1 switches on core 0) [pid: 7|app: 0|req: 710/1440] 10.0.0.30 () {32 vars in 739 bytes} [Fri Sep 11 18:47:18 2026] DELETE /v2.0/security-groups/08aefa39-390c-4354-9d19-8c3915df9d14 => generated 0 bytes in 166 msecs (HTTP/1.1 204) 2 headers in 112 bytes (1 switches on core 0) [pid: 7|app: 0|req: 711/1441] 10.0.0.30 () {32 vars in 646 bytes} [Fri Sep 11 18:47:18 2026] GET /v2.0/subnets => generated 649 bytes in 31 msecs (HTTP/1.1 200) 4 headers in 157 bytes (1 switches on core 0)
2026-09-11 18:47:18.917 7 INFO neutron_taas.services.taas.taas_plugin [None req-1f0bb728-c7c2-4f91-8ff6-1843a34bb96c 1bde246d6ab74285b6cfa9f92a2565ec ac0e4f60b9a6456284c6725760e19a20 - - default default] TaaS: Handle Delete Port: 423734d5-f7c9-4bcc-9745-0fc725218738
2026-09-11 18:47:18.919 7 INFO neutron_taas.services.taas.tap_mirror_plugin [None req-1f0bb728-c7c2-4f91-8ff6-1843a34bb96c 1bde246d6ab74285b6cfa9f92a2565ec ac0e4f60b9a6456284c6725760e19a20 - - default default] Tap Mirror: Handle Delete Port: 423734d5-f7c9-4bcc-9745-0fc725218738 [pid: 7|app: 0|req: 712/1442] 10.0.0.30 () {32 vars in 725 bytes} [Fri Sep 11 18:47:18 2026] DELETE /v2.0/networks/c0017b0f-8311-4aac-adbd-4e01f717f00b => generated 0 bytes in 313 msecs (HTTP/1.1 204) 3 headers in 131 bytes (1 switches on core 0)
2026-09-11 18:47:19.197 6 INFO neutron_taas.services.taas.taas_plugin [None req-3054d2cb-b50f-4a3b-9a64-d0dc2c71d2ca 39ce87050eaa4196a71c2020c7a4d3f2 9662b9aeb5384b9ebaf3e4bd0bfac4da - - default default] TaaS: Handle Delete Port: 8af7a0a7-cbbd-4e07-b135-a37ca0fc474e
2026-09-11 18:47:19.199 6 INFO neutron_taas.services.taas.tap_mirror_plugin [None req-3054d2cb-b50f-4a3b-9a64-d0dc2c71d2ca 39ce87050eaa4196a71c2020c7a4d3f2 9662b9aeb5384b9ebaf3e4bd0bfac4da - - default default] Tap Mirror: Handle Delete Port: 8af7a0a7-cbbd-4e07-b135-a37ca0fc474e
2026-09-11 18:47:19.233 7 INFO neutron_taas.services.taas.taas_plugin [None req-9bf01632-44e4-4cc0-a3ff-b433d7882268 1bde246d6ab74285b6cfa9f92a2565ec ac0e4f60b9a6456284c6725760e19a20 - - default default] TaaS: Handle Delete Port: 439a03ab-f363-4774-b327-3c55c5514ef7
2026-09-11 18:47:19.235 7 INFO neutron_taas.services.taas.tap_mirror_plugin [None req-9bf01632-44e4-4cc0-a3ff-b433d7882268 1bde246d6ab74285b6cfa9f92a2565ec ac0e4f60b9a6456284c6725760e19a20 - - default default] Tap Mirror: Handle Delete Port: 439a03ab-f363-4774-b327-3c55c5514ef7 [pid: 6|app: 0|req: 731/1443] 10.0.0.30 () {32 vars in 731 bytes} [Fri Sep 11 18:47:18 2026] DELETE /v2.0/floatingips/3e216d94-7759-4a86-a354-1f0f3e830350 => generated 0 bytes in 663 msecs (HTTP/1.1 204) 2 headers in 112 bytes (1 switches on core 0) [pid: 7|app: 0|req: 713/1446] 10.0.0.30 () {32 vars in 725 bytes} [Fri Sep 11 18:47:19 2026] DELETE /v2.0/networks/ccc057bb-d7cf-450e-a1c7-12ace1a0059a => generated 0 bytes in 293 msecs (HTTP/1.1 204) 3 headers in 131 bytes (1 switches on core 0)
2026-09-11 18:47:19.611 6 INFO neutron_taas.services.taas.taas_plugin [None req-780617bd-158f-428b-9824-c3adb49f6209 1bde246d6ab74285b6cfa9f92a2565ec ac0e4f60b9a6456284c6725760e19a20 - - default default] TaaS: Handle Delete Port: ae186d45-0a55-473f-9947-e2fd68be05e7
2026-09-11 18:47:19.614 6 INFO neutron_taas.services.taas.tap_mirror_plugin [None req-780617bd-158f-428b-9824-c3adb49f6209 1bde246d6ab74285b6cfa9f92a2565ec ac0e4f60b9a6456284c6725760e19a20 - - default default] Tap Mirror: Handle Delete Port: ae186d45-0a55-473f-9947-e2fd68be05e7
2026-09-11 18:47:19.829 6 INFO neutron.services.segments.plugin [-] Segment 83525715-c26d-4958-8f05-45b60655e49b resource provider aggregate not found
2026-09-11 18:47:19.839 6 INFO neutron.services.segments.plugin [-] Segment 83525715-c26d-4958-8f05-45b60655e49b resource provider aggregate not found
2026-09-11 18:47:19.855 6 INFO neutron.services.segments.plugin [-] Client error retrieving segment 83525715-c26d-4958-8f05-45b60655e49b resource provider; error: Placement Client Error (4xx): {"errors": [{"status": 404, "title": "Not Found", "detail": "The resource could not be found.\n\n No resource provider with uuid 83525715-c26d-4958-8f05-45b60655e49b found for delete ", "request_id": "req-d375fb65-d485-4c5b-9fbb-1143f30391c6"}]}
2026-09-11 18:47:19.859 6 INFO neutron.services.segments.plugin [-] Client error retrieving segment 83525715-c26d-4958-8f05-45b60655e49b resource provider; error: Placement Client Error (4xx): {"errors": [{"status": 404, "title": "Not Found", "detail": "The resource could not be found.\n\n No resource provider with uuid 83525715-c26d-4958-8f05-45b60655e49b found for delete ", "request_id": "req-2e76acb4-cb8c-4812-b485-c0ca2e018cdc"}]} [pid: 6|app: 0|req: 734/1447] 10.0.0.30 () {32 vars in 725 bytes} [Fri Sep 11 18:47:19 2026] DELETE /v2.0/networks/819404d5-6891-4f61-9765-0637e69727f7 => generated 0 bytes in 440 msecs (HTTP/1.1 204) 3 headers in 131 bytes (1 switches on core 0)
2026-09-11 18:47:20.031 7 INFO neutron_taas.services.taas.taas_plugin [None req-f7c88a0c-630b-4006-ae33-167c3d363c30 1bde246d6ab74285b6cfa9f92a2565ec ac0e4f60b9a6456284c6725760e19a20 - - default default] TaaS: Handle Delete Port: 38a0bbaa-8de0-4674-85c4-9dc27583b018
2026-09-11 18:47:20.034 7 INFO neutron_taas.services.taas.tap_mirror_plugin [None req-f7c88a0c-630b-4006-ae33-167c3d363c30 1bde246d6ab74285b6cfa9f92a2565ec ac0e4f60b9a6456284c6725760e19a20 - - default default] Tap Mirror: Handle Delete Port: 38a0bbaa-8de0-4674-85c4-9dc27583b018
2026-09-11 18:47:20.087 7 INFO neutron.services.segments.plugin [-] Segment f6c5b216-779b-45ed-bc29-42cb689cce25 resource provider aggregate not found
2026-09-11 18:47:20.111 7 INFO neutron.services.segments.plugin [-] Segment f6c5b216-779b-45ed-bc29-42cb689cce25 resource provider aggregate not found
2026-09-11 18:47:20.117 7 INFO neutron.services.segments.plugin [-] Client error retrieving segment f6c5b216-779b-45ed-bc29-42cb689cce25 resource provider; error: Placement Client Error (4xx): {"errors": [{"status": 404, "title": "Not Found", "detail": "The resource could not be found.\n\n No resource provider with uuid f6c5b216-779b-45ed-bc29-42cb689cce25 found for delete ", "request_id": "req-91c04930-bcb0-4404-bb64-52ff6d487a8f"}]}
2026-09-11 18:47:20.148 7 INFO neutron.services.segments.plugin [-] Segment b151f49a-f5b3-4cbf-a7d1-360766f40d54 resource provider aggregate not found
2026-09-11 18:47:20.153 7 INFO neutron.services.segments.plugin [-] Client error retrieving segment f6c5b216-779b-45ed-bc29-42cb689cce25 resource provider; error: Placement Client Error (4xx): {"errors": [{"status": 404, "title": "Not Found", "detail": "The resource could not be found.\n\n No resource provider with uuid f6c5b216-779b-45ed-bc29-42cb689cce25 found for delete ", "request_id": "req-5bb36278-fe19-4a7c-b69b-979241f97b06"}]}
2026-09-11 18:47:20.171 7 INFO neutron.services.segments.plugin [-] Client error retrieving segment b151f49a-f5b3-4cbf-a7d1-360766f40d54 resource provider; error: Placement Client Error (4xx): {"errors": [{"status": 404, "title": "Not Found", "detail": "The resource could not be found.\n\n No resource provider with uuid b151f49a-f5b3-4cbf-a7d1-360766f40d54 found for delete ", "request_id": "req-bb270033-51d3-402d-adc9-bb2585043505"}]}
2026-09-11 18:47:20.177 7 INFO neutron.services.segments.plugin [-] Segment b151f49a-f5b3-4cbf-a7d1-360766f40d54 resource provider aggregate not found
2026-09-11 18:47:20.197 7 INFO neutron.services.segments.plugin [-] Client error retrieving segment b151f49a-f5b3-4cbf-a7d1-360766f40d54 resource provider; error: Placement Client Error (4xx): {"errors": [{"status": 404, "title": "Not Found", "detail": "The resource could not be found.\n\n No resource provider with uuid b151f49a-f5b3-4cbf-a7d1-360766f40d54 found for delete ", "request_id": "req-93973caf-23bb-487c-bad1-0fb9d6bc85a5"}]} [pid: 7|app: 0|req: 714/1448] 10.0.0.30 () {32 vars in 725 bytes} [Fri Sep 11 18:47:19 2026] DELETE /v2.0/networks/dc2c6376-c79d-49f3-a2fd-d913d34cb027 => generated 0 bytes in 475 msecs (HTTP/1.1 204) 3 headers in 131 bytes (1 switches on core 0)
2026-09-11 18:47:20.398 6 WARNING neutron.db.securitygroups_db [None req-0bf78407-de35-4a1b-a1f8-bf3d6e0b139a 7f0f947e1b94418a93cc6dce153e71da e1fd5968b1a94394906f52d6bb9179aa - - default default] project_id key not found in filters, using tenant_id instead. This support has been deprecated and will be removed in a future release.
2026-09-11 18:47:20.573 6 INFO neutron.db.ovn_revision_numbers_db [None req-0bf78407-de35-4a1b-a1f8-bf3d6e0b139a 7f0f947e1b94418a93cc6dce153e71da e1fd5968b1a94394906f52d6bb9179aa - - default default] Successfully bumped revision number for resource f17c3c88-2e02-4f77-af97-bbd421b5f80f (type: security_groups) to 1
2026-09-11 18:47:20.590 6 INFO neutron.db.ovn_revision_numbers_db [None req-0bf78407-de35-4a1b-a1f8-bf3d6e0b139a 7f0f947e1b94418a93cc6dce153e71da e1fd5968b1a94394906f52d6bb9179aa - - default default] Successfully bumped revision number for resource 1f9b7696-9b81-49d1-bf38-dbc83c6724da (type: security_group_rules) to 0
2026-09-11 18:47:20.609 6 INFO neutron.db.ovn_revision_numbers_db [None req-0bf78407-de35-4a1b-a1f8-bf3d6e0b139a 7f0f947e1b94418a93cc6dce153e71da e1fd5968b1a94394906f52d6bb9179aa - - default default] Successfully bumped revision number for resource 9aeab702-f156-4e64-bf5c-6c820d06a267 (type: security_group_rules) to 0
2026-09-11 18:47:20.625 6 INFO neutron.db.ovn_revision_numbers_db [None req-0bf78407-de35-4a1b-a1f8-bf3d6e0b139a 7f0f947e1b94418a93cc6dce153e71da e1fd5968b1a94394906f52d6bb9179aa - - default default] Successfully bumped revision number for resource a1ac0d2c-6767-43a3-a496-91096016913b (type: security_group_rules) to 0
2026-09-11 18:47:20.639 6 INFO neutron.db.ovn_revision_numbers_db [None req-0bf78407-de35-4a1b-a1f8-bf3d6e0b139a 7f0f947e1b94418a93cc6dce153e71da e1fd5968b1a94394906f52d6bb9179aa - - default default] Successfully bumped revision number for resource c0f2da63-e264-4972-aab9-f91ad797908b (type: security_group_rules) to 0 [pid: 6|app: 0|req: 735/1449] 10.0.0.30 () {32 vars in 773 bytes} [Fri Sep 11 18:47:20 2026] GET /v2.0/security-groups?tenant_id=1b708d8c1700471ab6aa0d2fa9b15fe8&name=default => generated 2925 bytes in 408 msecs (HTTP/1.1 200) 4 headers in 158 bytes (1 switches on core 0) [pid: 7|app: 0|req: 715/1450] 10.0.0.30 () {32 vars in 739 bytes} [Fri Sep 11 18:47:20 2026] DELETE /v2.0/security-groups/f17c3c88-2e02-4f77-af97-bbd421b5f80f => generated 0 bytes in 226 msecs (HTTP/1.1 204) 2 headers in 112 bytes (1 switches on core 0)
2026-09-11 18:47:21.031 7 WARNING neutron.db.securitygroups_db [None req-0b9256af-367a-4107-846c-4d5b49a74571 7f0f947e1b94418a93cc6dce153e71da e1fd5968b1a94394906f52d6bb9179aa - - default default] project_id key not found in filters, using tenant_id instead. This support has been deprecated and will be removed in a future release.
2026-09-11 18:47:21.194 6 WARNING neutron.db.securitygroups_db [None req-756645ce-ec55-4bc8-bd13-0e32d5d71e6a 7f0f947e1b94418a93cc6dce153e71da e1fd5968b1a94394906f52d6bb9179aa - - default default] project_id key not found in filters, using tenant_id instead. This support has been deprecated and will be removed in a future release. [pid: 6|app: 0|req: 736/1451] 10.0.0.30 () {32 vars in 773 bytes} [Fri Sep 11 18:47:20 2026] GET /v2.0/security-groups?tenant_id=ac0e4f60b9a6456284c6725760e19a20&name=default => generated 2925 bytes in 311 msecs (HTTP/1.1 200) 4 headers in 158 bytes (1 switches on core 0)
2026-09-11 18:47:21.244 7 INFO neutron.db.ovn_revision_numbers_db [None req-0b9256af-367a-4107-846c-4d5b49a74571 7f0f947e1b94418a93cc6dce153e71da e1fd5968b1a94394906f52d6bb9179aa - - default default] Successfully bumped revision number for resource f81ea61c-d0e9-43ba-8f02-018edd351bcc (type: security_groups) to 1
2026-09-11 18:47:21.261 7 INFO neutron.db.ovn_revision_numbers_db [None req-0b9256af-367a-4107-846c-4d5b49a74571 7f0f947e1b94418a93cc6dce153e71da e1fd5968b1a94394906f52d6bb9179aa - - default default] Successfully bumped revision number for resource 5633dad3-15b3-4bc3-aed4-5315d52c3c8e (type: security_group_rules) to 0
2026-09-11 18:47:21.278 7 INFO neutron.db.ovn_revision_numbers_db [None req-0b9256af-367a-4107-846c-4d5b49a74571 7f0f947e1b94418a93cc6dce153e71da e1fd5968b1a94394906f52d6bb9179aa - - default default] Successfully bumped revision number for resource af668f1e-47ec-44e2-8c8e-3d537b0363fe (type: security_group_rules) to 0
2026-09-11 18:47:21.293 7 INFO neutron.db.ovn_revision_numbers_db [None req-0b9256af-367a-4107-846c-4d5b49a74571 7f0f947e1b94418a93cc6dce153e71da e1fd5968b1a94394906f52d6bb9179aa - - default default] Successfully bumped revision number for resource c0653cf9-5db3-46cd-b138-17d20f6b53bd (type: security_group_rules) to 0
2026-09-11 18:47:21.312 7 INFO neutron.db.ovn_revision_numbers_db [None req-0b9256af-367a-4107-846c-4d5b49a74571 7f0f947e1b94418a93cc6dce153e71da e1fd5968b1a94394906f52d6bb9179aa - - default default] Successfully bumped revision number for resource ced05031-1d47-4a5c-9f63-0cc5c89c81f5 (type: security_group_rules) to 0 [pid: 7|app: 0|req: 716/1452] 10.0.0.30 () {32 vars in 773 bytes} [Fri Sep 11 18:47:21 2026] GET /v2.0/security-groups?tenant_id=9662b9aeb5384b9ebaf3e4bd0bfac4da&name=default => generated 2925 bytes in 334 msecs (HTTP/1.1 200) 4 headers in 158 bytes (1 switches on core 0) [pid: 6|app: 0|req: 737/1453] 10.0.0.30 () {32 vars in 739 bytes} [Fri Sep 11 18:47:21 2026] DELETE /v2.0/security-groups/b6cf9006-9621-4d3e-9136-445a485b7c3e => generated 0 bytes in 251 msecs (HTTP/1.1 204) 2 headers in 112 bytes (1 switches on core 0) [pid: 7|app: 0|req: 717/1454] 10.0.0.30 () {32 vars in 739 bytes} [Fri Sep 11 18:47:21 2026] DELETE /v2.0/security-groups/f81ea61c-d0e9-43ba-8f02-018edd351bcc => generated 0 bytes in 215 msecs (HTTP/1.1 204) 2 headers in 112 bytes (1 switches on core 0)
2026-09-11 18:47:21.667 6 WARNING neutron.db.securitygroups_db [None req-1ef76c05-28b8-401b-977a-dd2a8b158a99 7f0f947e1b94418a93cc6dce153e71da e1fd5968b1a94394906f52d6bb9179aa - - default default] project_id key not found in filters, using tenant_id instead. This support has been deprecated and will be removed in a future release.
2026-09-11 18:47:21.816 6 INFO neutron.db.ovn_revision_numbers_db [None req-1ef76c05-28b8-401b-977a-dd2a8b158a99 7f0f947e1b94418a93cc6dce153e71da e1fd5968b1a94394906f52d6bb9179aa - - default default] Successfully bumped revision number for resource 985ac08c-b16a-4d63-958e-2b1866d2d115 (type: security_groups) to 1
2026-09-11 18:47:21.829 6 INFO neutron.db.ovn_revision_numbers_db [None req-1ef76c05-28b8-401b-977a-dd2a8b158a99 7f0f947e1b94418a93cc6dce153e71da e1fd5968b1a94394906f52d6bb9179aa - - default default] Successfully bumped revision number for resource 51120ce6-f347-4bdc-a397-367264cabff7 (type: security_group_rules) to 0
2026-09-11 18:47:21.845 6 INFO neutron.db.ovn_revision_numbers_db [None req-1ef76c05-28b8-401b-977a-dd2a8b158a99 7f0f947e1b94418a93cc6dce153e71da e1fd5968b1a94394906f52d6bb9179aa - - default default] Successfully bumped revision number for resource 73f200ed-c553-4efe-b214-9f84292b23d7 (type: security_group_rules) to 0
2026-09-11 18:47:21.857 6 INFO neutron.db.ovn_revision_numbers_db [None req-1ef76c05-28b8-401b-977a-dd2a8b158a99 7f0f947e1b94418a93cc6dce153e71da e1fd5968b1a94394906f52d6bb9179aa - - default default] Successfully bumped revision number for resource 828b1e1e-9bb8-4428-82e4-670fddbc8331 (type: security_group_rules) to 0
2026-09-11 18:47:21.868 6 INFO neutron.db.ovn_revision_numbers_db [None req-1ef76c05-28b8-401b-977a-dd2a8b158a99 7f0f947e1b94418a93cc6dce153e71da e1fd5968b1a94394906f52d6bb9179aa - - default default] Successfully bumped revision number for resource 9939583f-5dcc-466c-9dc9-82082e641102 (type: security_group_rules) to 0 [pid: 6|app: 0|req: 738/1455] 10.0.0.30 () {32 vars in 773 bytes} [Fri Sep 11 18:47:21 2026] GET /v2.0/security-groups?tenant_id=0ecf8e0e1fe04fb29fafc646c3421a0c&name=default => generated 2925 bytes in 245 msecs (HTTP/1.1 200) 4 headers in 158 bytes (1 switches on core 0) [pid: 7|app: 0|req: 718/1456] 10.0.0.30 () {32 vars in 739 bytes} [Fri Sep 11 18:47:21 2026] DELETE /v2.0/security-groups/985ac08c-b16a-4d63-958e-2b1866d2d115 => generated 0 bytes in 259 msecs (HTTP/1.1 204) 2 headers in 112 bytes (1 switches on core 0)
2026-09-11 18:47:22.205 7 INFO neutron.services.segments.plugin [-] Segment 0449bdb5-1668-40ff-bac8-7a9c9feee9e7 resource provider aggregate not found
2026-09-11 18:47:22.215 7 INFO neutron.services.segments.plugin [-] Segment 0449bdb5-1668-40ff-bac8-7a9c9feee9e7 resource provider aggregate not found
2026-09-11 18:47:22.225 7 INFO neutron.services.segments.plugin [-] Client error retrieving segment 0449bdb5-1668-40ff-bac8-7a9c9feee9e7 resource provider; error: Placement Client Error (4xx): {"errors": [{"status": 404, "title": "Not Found", "detail": "The resource could not be found.\n\n No resource provider with uuid 0449bdb5-1668-40ff-bac8-7a9c9feee9e7 found for delete ", "request_id": "req-4faa15b8-d9b8-4015-a06a-16ffd781f084"}]}
2026-09-11 18:47:22.231 7 INFO neutron.services.segments.plugin [-] Client error retrieving segment 0449bdb5-1668-40ff-bac8-7a9c9feee9e7 resource provider; error: Placement Client Error (4xx): {"errors": [{"status": 404, "title": "Not Found", "detail": "The resource could not be found.\n\n No resource provider with uuid 0449bdb5-1668-40ff-bac8-7a9c9feee9e7 found for delete ", "request_id": "req-77fde92f-eb79-4da9-88e0-bfc812241ed6"}]}
2026-09-11 18:47:24.067 6 INFO neutron.db.ovn_revision_numbers_db [None req-5329db7e-87e6-40ca-ba5c-6f88b0016248 4cfdbf59c7e04ee29617ecd518c9ab59 3b86f3fbef1441f1a885be0370a86a3a - - default default] Successfully bumped revision number for resource 4f93654e-f7ed-4fde-b467-b5d09660be54 (type: security_groups) to 1
2026-09-11 18:47:24.086 6 INFO neutron.db.ovn_revision_numbers_db [None req-5329db7e-87e6-40ca-ba5c-6f88b0016248 4cfdbf59c7e04ee29617ecd518c9ab59 3b86f3fbef1441f1a885be0370a86a3a - - default default] Successfully bumped revision number for resource 12614cc7-3d41-4b1e-b325-aa27f40212a6 (type: security_group_rules) to 0
2026-09-11 18:47:24.101 6 INFO neutron.db.ovn_revision_numbers_db [None req-5329db7e-87e6-40ca-ba5c-6f88b0016248 4cfdbf59c7e04ee29617ecd518c9ab59 3b86f3fbef1441f1a885be0370a86a3a - - default default] Successfully bumped revision number for resource 336811bc-6bdf-4cf8-9890-c1d46266a21d (type: security_group_rules) to 0
2026-09-11 18:47:24.115 6 INFO neutron.db.ovn_revision_numbers_db [None req-5329db7e-87e6-40ca-ba5c-6f88b0016248 4cfdbf59c7e04ee29617ecd518c9ab59 3b86f3fbef1441f1a885be0370a86a3a - - default default] Successfully bumped revision number for resource 3d886eca-a767-433f-bda1-9112b448b730 (type: security_group_rules) to 0
2026-09-11 18:47:24.130 6 INFO neutron.db.ovn_revision_numbers_db [None req-5329db7e-87e6-40ca-ba5c-6f88b0016248 4cfdbf59c7e04ee29617ecd518c9ab59 3b86f3fbef1441f1a885be0370a86a3a - - default default] Successfully bumped revision number for resource cf05ec3e-2637-4ad3-b25b-42c282df89a5 (type: security_group_rules) to 0
2026-09-11 18:47:24.156 7 WARNING neutron.db.securitygroups_db [None req-c9985ca8-21a9-4a0b-bfa8-ef9a546a23ec 7f0f947e1b94418a93cc6dce153e71da e1fd5968b1a94394906f52d6bb9179aa - - default default] project_id key not found in filters, using tenant_id instead. This support has been deprecated and will be removed in a future release.
2026-09-11 18:47:24.269 6 INFO neutron.db.segments_db [None req-5329db7e-87e6-40ca-ba5c-6f88b0016248 4cfdbf59c7e04ee29617ecd518c9ab59 3b86f3fbef1441f1a885be0370a86a3a - - default default] Added segment 6f10ac49-53a6-4ef4-bae6-ad7958b61c4a of type geneve for network a0adf2a8-6a9d-403b-92d1-00daf1828d64
2026-09-11 18:47:24.331 7 INFO neutron.db.ovn_revision_numbers_db [None req-c9985ca8-21a9-4a0b-bfa8-ef9a546a23ec 7f0f947e1b94418a93cc6dce153e71da e1fd5968b1a94394906f52d6bb9179aa - - default default] Successfully bumped revision number for resource 3e4650d9-f1db-4513-89f0-0a2e6968769c (type: security_groups) to 1
2026-09-11 18:47:24.349 7 INFO neutron.db.ovn_revision_numbers_db [None req-c9985ca8-21a9-4a0b-bfa8-ef9a546a23ec 7f0f947e1b94418a93cc6dce153e71da e1fd5968b1a94394906f52d6bb9179aa - - default default] Successfully bumped revision number for resource 0b88c369-fcd0-4f06-8c47-2b3d486dd85c (type: security_group_rules) to 0
2026-09-11 18:47:24.366 7 INFO neutron.db.ovn_revision_numbers_db [None req-c9985ca8-21a9-4a0b-bfa8-ef9a546a23ec 7f0f947e1b94418a93cc6dce153e71da e1fd5968b1a94394906f52d6bb9179aa - - default default] Successfully bumped revision number for resource 1748659e-39d2-4120-a4c4-da5da8549520 (type: security_group_rules) to 0
2026-09-11 18:47:24.381 7 INFO neutron.db.ovn_revision_numbers_db [None req-c9985ca8-21a9-4a0b-bfa8-ef9a546a23ec 7f0f947e1b94418a93cc6dce153e71da e1fd5968b1a94394906f52d6bb9179aa - - default default] Successfully bumped revision number for resource 44e22dd8-09e2-4710-adce-7f5c78c58159 (type: security_group_rules) to 0
2026-09-11 18:47:24.398 7 INFO neutron.db.ovn_revision_numbers_db [None req-c9985ca8-21a9-4a0b-bfa8-ef9a546a23ec 7f0f947e1b94418a93cc6dce153e71da e1fd5968b1a94394906f52d6bb9179aa - - default default] Successfully bumped revision number for resource ff72ab6c-a2fb-4392-b306-5c584bbe2b41 (type: security_group_rules) to 0 [pid: 7|app: 0|req: 719/1457] 10.0.0.30 () {32 vars in 773 bytes} [Fri Sep 11 18:47:23 2026] GET /v2.0/security-groups?tenant_id=950846dbf76b41dc82456734e3dd4894&name=default => generated 2925 bytes in 480 msecs (HTTP/1.1 200) 4 headers in 158 bytes (1 switches on core 0)
2026-09-11 18:47:24.451 6 INFO neutron.db.ovn_revision_numbers_db [None req-5329db7e-87e6-40ca-ba5c-6f88b0016248 4cfdbf59c7e04ee29617ecd518c9ab59 3b86f3fbef1441f1a885be0370a86a3a - - default default] Successfully bumped revision number for resource a0adf2a8-6a9d-403b-92d1-00daf1828d64 (type: networks) to 1
2026-09-11 18:47:24.574 7 WARNING neutron.db.securitygroups_db [None req-2a6ff163-4a43-44f2-af94-45664dc4b0ab 7f0f947e1b94418a93cc6dce153e71da e1fd5968b1a94394906f52d6bb9179aa - - default default] project_id key not found in filters, using tenant_id instead. This support has been deprecated and will be removed in a future release.
2026-09-11 18:47:24.650 6 WARNING neutron.scheduler.dhcp_agent_scheduler [None req-5329db7e-87e6-40ca-ba5c-6f88b0016248 4cfdbf59c7e04ee29617ecd518c9ab59 3b86f3fbef1441f1a885be0370a86a3a - - default default] No more DHCP agents
2026-09-11 18:47:24.652 6 WARNING neutron.api.rpc.agentnotifiers.dhcp_rpc_agent_api [None req-5329db7e-87e6-40ca-ba5c-6f88b0016248 4cfdbf59c7e04ee29617ecd518c9ab59 3b86f3fbef1441f1a885be0370a86a3a - - default default] Unable to schedule network a0adf2a8-6a9d-403b-92d1-00daf1828d64: no agents available; will retry on subsequent port and subnet creation events.
2026-09-11 18:47:24.681 7 INFO neutron.db.ovn_revision_numbers_db [None req-2a6ff163-4a43-44f2-af94-45664dc4b0ab 7f0f947e1b94418a93cc6dce153e71da e1fd5968b1a94394906f52d6bb9179aa - - default default] Successfully bumped revision number for resource 9563df0c-b990-4a5f-996a-a8e4df2811cb (type: security_groups) to 1
2026-09-11 18:47:24.712 7 INFO neutron.plugins.ml2.drivers.ovn.mech_driver.mech_driver [None req-0533dea2-b426-4597-8ed9-34e6aeae20bc - - - - - -] OVN reports status down for port: 2ea4e3eb-a0fe-4ec4-ad27-0294718d36b9
2026-09-11 18:47:24.727 7 INFO neutron.db.ovn_revision_numbers_db [None req-2a6ff163-4a43-44f2-af94-45664dc4b0ab 7f0f947e1b94418a93cc6dce153e71da e1fd5968b1a94394906f52d6bb9179aa - - default default] Successfully bumped revision number for resource 4d85f1bd-7673-433e-a1b2-64a7c9685d8f (type: security_group_rules) to 0
2026-09-11 18:47:24.744 7 INFO neutron.db.ovn_revision_numbers_db [None req-2a6ff163-4a43-44f2-af94-45664dc4b0ab 7f0f947e1b94418a93cc6dce153e71da e1fd5968b1a94394906f52d6bb9179aa - - default default] Successfully bumped revision number for resource 78d3e150-7c89-4d66-b1eb-4ff5690d8d19 (type: security_group_rules) to 0
2026-09-11 18:47:24.750 6 INFO neutron.db.ovn_revision_numbers_db [None req-5329db7e-87e6-40ca-ba5c-6f88b0016248 4cfdbf59c7e04ee29617ecd518c9ab59 3b86f3fbef1441f1a885be0370a86a3a - - default default] Successfully bumped revision number for resource 2ea4e3eb-a0fe-4ec4-ad27-0294718d36b9 (type: ports) to 1
2026-09-11 18:47:24.763 7 INFO neutron.db.ovn_revision_numbers_db [None req-2a6ff163-4a43-44f2-af94-45664dc4b0ab 7f0f947e1b94418a93cc6dce153e71da e1fd5968b1a94394906f52d6bb9179aa - - default default] Successfully bumped revision number for resource 91b728d7-a869-4f22-9859-f1b3fa7afdf3 (type: security_group_rules) to 0 [pid: 6|app: 0|req: 739/1458] 10.0.0.30 () {34 vars in 669 bytes} [Fri Sep 11 18:47:23 2026] POST /v2.0/networks => generated 672 bytes in 1104 msecs (HTTP/1.1 201) 4 headers in 162 bytes (1 switches on core 0)
2026-09-11 18:47:24.794 7 INFO neutron.db.ovn_revision_numbers_db [None req-2a6ff163-4a43-44f2-af94-45664dc4b0ab 7f0f947e1b94418a93cc6dce153e71da e1fd5968b1a94394906f52d6bb9179aa - - default default] Successfully bumped revision number for resource f5f2f434-a047-4641-adc5-3d3f22227164 (type: security_group_rules) to 0 [pid: 7|app: 0|req: 720/1459] 10.0.0.30 () {32 vars in 773 bytes} [Fri Sep 11 18:47:24 2026] GET /v2.0/security-groups?tenant_id=a73d2456931b4021888439d35d750b00&name=default => generated 2925 bytes in 410 msecs (HTTP/1.1 200) 4 headers in 158 bytes (1 switches on core 0) [pid: 6|app: 0|req: 740/1460] 10.0.0.30 () {32 vars in 739 bytes} [Fri Sep 11 18:47:24 2026] DELETE /v2.0/security-groups/3e4650d9-f1db-4513-89f0-0a2e6968769c => generated 0 bytes in 189 msecs (HTTP/1.1 204) 2 headers in 112 bytes (1 switches on core 0)
2026-09-11 18:47:24.980 7 INFO neutron.db.segments_db [None req-5d82e983-9f1c-449c-973f-326c0914f0bc 4cfdbf59c7e04ee29617ecd518c9ab59 3b86f3fbef1441f1a885be0370a86a3a - - default default] Added segment 8e46fcfc-ef9e-4fa3-bc83-98339e4662b6 of type geneve for network c1a730c0-d9c2-4a07-a679-e26907833ca2
2026-09-11 18:47:25.121 7 INFO neutron.db.ovn_revision_numbers_db [None req-5d82e983-9f1c-449c-973f-326c0914f0bc 4cfdbf59c7e04ee29617ecd518c9ab59 3b86f3fbef1441f1a885be0370a86a3a - - default default] Successfully bumped revision number for resource c1a730c0-d9c2-4a07-a679-e26907833ca2 (type: networks) to 1 [pid: 6|app: 0|req: 741/1461] 10.0.0.30 () {32 vars in 739 bytes} [Fri Sep 11 18:47:24 2026] DELETE /v2.0/security-groups/9563df0c-b990-4a5f-996a-a8e4df2811cb => generated 0 bytes in 217 msecs (HTTP/1.1 204) 2 headers in 112 bytes (1 switches on core 0)
2026-09-11 18:47:25.193 6 WARNING neutron.db.securitygroups_db [None req-aee2da6f-c9d4-49fe-9d13-25ca8831637e 7f0f947e1b94418a93cc6dce153e71da e1fd5968b1a94394906f52d6bb9179aa - - default default] project_id key not found in filters, using tenant_id instead. This support has been deprecated and will be removed in a future release.
2026-09-11 18:47:25.291 6 INFO neutron.db.ovn_revision_numbers_db [None req-aee2da6f-c9d4-49fe-9d13-25ca8831637e 7f0f947e1b94418a93cc6dce153e71da e1fd5968b1a94394906f52d6bb9179aa - - default default] Successfully bumped revision number for resource 8a744863-3247-425b-8878-81a2260005c8 (type: security_groups) to 1
2026-09-11 18:47:25.304 6 INFO neutron.db.ovn_revision_numbers_db [None req-aee2da6f-c9d4-49fe-9d13-25ca8831637e 7f0f947e1b94418a93cc6dce153e71da e1fd5968b1a94394906f52d6bb9179aa - - default default] Successfully bumped revision number for resource 29f98cb3-5589-42a7-9cd4-f5422d676f84 (type: security_group_rules) to 0
2026-09-11 18:47:25.314 6 INFO neutron.db.ovn_revision_numbers_db [None req-aee2da6f-c9d4-49fe-9d13-25ca8831637e 7f0f947e1b94418a93cc6dce153e71da e1fd5968b1a94394906f52d6bb9179aa - - default default] Successfully bumped revision number for resource 3bb40866-eab2-403d-aefa-86554eee28e8 (type: security_group_rules) to 0
2026-09-11 18:47:25.333 6 INFO neutron.db.ovn_revision_numbers_db [None req-aee2da6f-c9d4-49fe-9d13-25ca8831637e 7f0f947e1b94418a93cc6dce153e71da e1fd5968b1a94394906f52d6bb9179aa - - default default] Successfully bumped revision number for resource 76e6c1dc-efc7-45a6-8f1a-10d1d690b589 (type: security_group_rules) to 0
2026-09-11 18:47:25.340 7 WARNING neutron.scheduler.dhcp_agent_scheduler [None req-5d82e983-9f1c-449c-973f-326c0914f0bc 4cfdbf59c7e04ee29617ecd518c9ab59 3b86f3fbef1441f1a885be0370a86a3a - - default default] No more DHCP agents
2026-09-11 18:47:25.342 7 WARNING neutron.api.rpc.agentnotifiers.dhcp_rpc_agent_api [None req-5d82e983-9f1c-449c-973f-326c0914f0bc 4cfdbf59c7e04ee29617ecd518c9ab59 3b86f3fbef1441f1a885be0370a86a3a - - default default] Unable to schedule network c1a730c0-d9c2-4a07-a679-e26907833ca2: no agents available; will retry on subsequent port and subnet creation events.
2026-09-11 18:47:25.351 6 INFO neutron.db.ovn_revision_numbers_db [None req-aee2da6f-c9d4-49fe-9d13-25ca8831637e 7f0f947e1b94418a93cc6dce153e71da e1fd5968b1a94394906f52d6bb9179aa - - default default] Successfully bumped revision number for resource f3267cc1-d391-48e9-9f00-a38d1a5148dc (type: security_group_rules) to 0
2026-09-11 18:47:25.396 6 INFO neutron.plugins.ml2.drivers.ovn.mech_driver.mech_driver [None req-ab4bf17d-1492-43a7-9865-0cb2bbff66ec - - - - - -] OVN reports status down for port: 22ca3b51-7cbe-4830-9096-e18c69912fd9
2026-09-11 18:47:25.431 7 INFO neutron.db.ovn_revision_numbers_db [None req-5d82e983-9f1c-449c-973f-326c0914f0bc 4cfdbf59c7e04ee29617ecd518c9ab59 3b86f3fbef1441f1a885be0370a86a3a - - default default] Successfully bumped revision number for resource 22ca3b51-7cbe-4830-9096-e18c69912fd9 (type: ports) to 1 [pid: 6|app: 0|req: 742/1462] 10.0.0.30 () {32 vars in 773 bytes} [Fri Sep 11 18:47:25 2026] GET /v2.0/security-groups?tenant_id=0d645ee0232446a9ab16c6543a039452&name=default => generated 2925 bytes in 250 msecs (HTTP/1.1 200) 4 headers in 158 bytes (1 switches on core 0)
2026-09-11 18:47:25.451 6 WARNING neutron.db.securitygroups_db [None req-793133d5-5838-4b77-92a3-61e73fecebd4 7f0f947e1b94418a93cc6dce153e71da e1fd5968b1a94394906f52d6bb9179aa - - default default] project_id key not found in filters, using tenant_id instead. This support has been deprecated and will be removed in a future release. [pid: 7|app: 0|req: 721/1463] 10.0.0.30 () {34 vars in 669 bytes} [Fri Sep 11 18:47:24 2026] POST /v2.0/networks => generated 672 bytes in 598 msecs (HTTP/1.1 201) 4 headers in 162 bytes (1 switches on core 0)
2026-09-11 18:47:25.625 6 INFO neutron.db.ovn_revision_numbers_db [None req-793133d5-5838-4b77-92a3-61e73fecebd4 7f0f947e1b94418a93cc6dce153e71da e1fd5968b1a94394906f52d6bb9179aa - - default default] Successfully bumped revision number for resource a5ad548f-d2c2-4ce0-aa4f-79cc643c7daf (type: security_groups) to 1
2026-09-11 18:47:25.662 6 INFO neutron.db.ovn_revision_numbers_db [None req-793133d5-5838-4b77-92a3-61e73fecebd4 7f0f947e1b94418a93cc6dce153e71da e1fd5968b1a94394906f52d6bb9179aa - - default default] Successfully bumped revision number for resource 1bcb73d9-1c46-4dca-9664-1bfe6d76b073 (type: security_group_rules) to 0 [pid: 7|app: 0|req: 722/1464] 10.0.0.30 () {32 vars in 739 bytes} [Fri Sep 11 18:47:25 2026] DELETE /v2.0/security-groups/8a744863-3247-425b-8878-81a2260005c8 => generated 0 bytes in 230 msecs (HTTP/1.1 204) 2 headers in 112 bytes (1 switches on core 0)
2026-09-11 18:47:25.698 6 INFO neutron.db.ovn_revision_numbers_db [None req-793133d5-5838-4b77-92a3-61e73fecebd4 7f0f947e1b94418a93cc6dce153e71da e1fd5968b1a94394906f52d6bb9179aa - - default default] Successfully bumped revision number for resource 50dfda0f-3485-432e-86f7-74b4c450837c (type: security_group_rules) to 0
2026-09-11 18:47:25.725 6 INFO neutron.db.ovn_revision_numbers_db [None req-793133d5-5838-4b77-92a3-61e73fecebd4 7f0f947e1b94418a93cc6dce153e71da e1fd5968b1a94394906f52d6bb9179aa - - default default] Successfully bumped revision number for resource 9c0ab275-6230-40e8-b88d-f3f1041e793b (type: security_group_rules) to 0
2026-09-11 18:47:25.745 6 INFO neutron.db.ovn_revision_numbers_db [None req-793133d5-5838-4b77-92a3-61e73fecebd4 7f0f947e1b94418a93cc6dce153e71da e1fd5968b1a94394906f52d6bb9179aa - - default default] Successfully bumped revision number for resource bb05cc3a-fa7a-4a78-9d8a-36a10dccefca (type: security_group_rules) to 0 [pid: 6|app: 0|req: 743/1465] 10.0.0.30 () {32 vars in 773 bytes} [Fri Sep 11 18:47:25 2026] GET /v2.0/security-groups?tenant_id=d95614c1c36746069c1320eabe468613&name=default => generated 2925 bytes in 349 msecs (HTTP/1.1 200) 4 headers in 158 bytes (1 switches on core 0)
2026-09-11 18:47:25.869 7 WARNING neutron.scheduler.dhcp_agent_scheduler [None req-895136b4-6b3c-4024-870c-59a4ccac44d3 4cfdbf59c7e04ee29617ecd518c9ab59 3b86f3fbef1441f1a885be0370a86a3a - - default default] No more DHCP agents
2026-09-11 18:47:25.871 7 WARNING neutron.api.rpc.agentnotifiers.dhcp_rpc_agent_api [None req-895136b4-6b3c-4024-870c-59a4ccac44d3 4cfdbf59c7e04ee29617ecd518c9ab59 3b86f3fbef1441f1a885be0370a86a3a - - default default] Unable to schedule network a0adf2a8-6a9d-403b-92d1-00daf1828d64: no agents available; will retry on subsequent port and subnet creation events.
2026-09-11 18:47:25.905 7 INFO neutron.db.ovn_revision_numbers_db [None req-895136b4-6b3c-4024-870c-59a4ccac44d3 4cfdbf59c7e04ee29617ecd518c9ab59 3b86f3fbef1441f1a885be0370a86a3a - - default default] Successfully bumped revision number for resource 377f944c-7438-4041-8168-396576274a3c (type: subnets) to 0 [pid: 7|app: 0|req: 723/1466] 10.0.0.30 () {34 vars in 668 bytes} [Fri Sep 11 18:47:25 2026] POST /v2.0/subnets => generated 646 bytes in 241 msecs (HTTP/1.1 201) 4 headers in 162 bytes (1 switches on core 0) [pid: 6|app: 0|req: 744/1467] 10.0.0.30 () {32 vars in 739 bytes} [Fri Sep 11 18:47:25 2026] DELETE /v2.0/security-groups/a5ad548f-d2c2-4ce0-aa4f-79cc643c7daf => generated 0 bytes in 203 msecs (HTTP/1.1 204) 2 headers in 112 bytes (1 switches on core 0)
2026-09-11 18:47:26.142 7 WARNING neutron.scheduler.dhcp_agent_scheduler [None req-5dd178fc-d50e-44e8-9806-7b599afe8932 4cfdbf59c7e04ee29617ecd518c9ab59 3b86f3fbef1441f1a885be0370a86a3a - - default default] No more DHCP agents
2026-09-11 18:47:26.144 7 WARNING neutron.api.rpc.agentnotifiers.dhcp_rpc_agent_api [None req-5dd178fc-d50e-44e8-9806-7b599afe8932 4cfdbf59c7e04ee29617ecd518c9ab59 3b86f3fbef1441f1a885be0370a86a3a - - default default] Unable to schedule network c1a730c0-d9c2-4a07-a679-e26907833ca2: no agents available; will retry on subsequent port and subnet creation events.
2026-09-11 18:47:26.179 7 INFO neutron.db.ovn_revision_numbers_db [None req-5dd178fc-d50e-44e8-9806-7b599afe8932 4cfdbf59c7e04ee29617ecd518c9ab59 3b86f3fbef1441f1a885be0370a86a3a - - default default] Successfully bumped revision number for resource 4b2536ee-e533-4e92-aa86-7bbdadb022b1 (type: subnets) to 0 [pid: 7|app: 0|req: 724/1468] 10.0.0.30 () {34 vars in 668 bytes} [Fri Sep 11 18:47:25 2026] POST /v2.0/subnets => generated 655 bytes in 272 msecs (HTTP/1.1 201) 4 headers in 162 bytes (1 switches on core 0)
2026-09-11 18:47:26.353 6 INFO neutron.db.ovn_revision_numbers_db [None req-a4261eed-b2ab-4122-a999-09eee37f4a50 4cfdbf59c7e04ee29617ecd518c9ab59 3b86f3fbef1441f1a885be0370a86a3a - - default default] Successfully bumped revision number for resource d206227d-769e-44b0-8c9e-9c8d6ba136ba (type: routers) to 1 [pid: 6|app: 0|req: 745/1469] 10.0.0.30 () {34 vars in 668 bytes} [Fri Sep 11 18:47:26 2026] POST /v2.0/routers => generated 628 bytes in 166 msecs (HTTP/1.1 201) 4 headers in 162 bytes (1 switches on core 0)
2026-09-11 18:47:26.729 7 WARNING neutron.scheduler.dhcp_agent_scheduler [None req-1c8126d1-e38f-4614-93af-193c1854b1c0 4cfdbf59c7e04ee29617ecd518c9ab59 3b86f3fbef1441f1a885be0370a86a3a - - default default] No more DHCP agents
2026-09-11 18:47:26.730 7 WARNING neutron.api.rpc.agentnotifiers.dhcp_rpc_agent_api [None req-1c8126d1-e38f-4614-93af-193c1854b1c0 4cfdbf59c7e04ee29617ecd518c9ab59 3b86f3fbef1441f1a885be0370a86a3a - - default default] Unable to schedule network a0adf2a8-6a9d-403b-92d1-00daf1828d64: no agents available; will retry on subsequent port and subnet creation events.
2026-09-11 18:47:26.799 7 INFO neutron.plugins.ml2.drivers.ovn.mech_driver.mech_driver [None req-0533dea2-b426-4597-8ed9-34e6aeae20bc - - - - - -] OVN reports status down for port: 4bc8d56c-b955-4dfb-bd4a-9b7971e32228
2026-09-11 18:47:26.853 7 INFO neutron.db.ovn_revision_numbers_db [None req-1c8126d1-e38f-4614-93af-193c1854b1c0 4cfdbf59c7e04ee29617ecd518c9ab59 3b86f3fbef1441f1a885be0370a86a3a - - default default] Successfully bumped revision number for resource 4bc8d56c-b955-4dfb-bd4a-9b7971e32228 (type: ports) to 1
2026-09-11 18:47:27.360 6 INFO neutron.db.ovn_revision_numbers_db [None req-646bdc8b-fe85-4dea-90ec-abf5bb62c03e aad38e6ffe20473a94ebc61e7ef5842c 7f8668dce1644ce889824f83558ee273 - - default default] Successfully bumped revision number for resource e6508488-2894-422d-a485-a3952d457a48 (type: security_groups) to 1
2026-09-11 18:47:27.373 6 INFO neutron.db.ovn_revision_numbers_db [None req-646bdc8b-fe85-4dea-90ec-abf5bb62c03e aad38e6ffe20473a94ebc61e7ef5842c 7f8668dce1644ce889824f83558ee273 - - default default] Successfully bumped revision number for resource 1091e8e8-adca-4f4c-8e8f-3d1fb97770ee (type: security_group_rules) to 0
2026-09-11 18:47:27.387 6 INFO neutron.db.ovn_revision_numbers_db [None req-646bdc8b-fe85-4dea-90ec-abf5bb62c03e aad38e6ffe20473a94ebc61e7ef5842c 7f8668dce1644ce889824f83558ee273 - - default default] Successfully bumped revision number for resource 19db8623-a5d2-48db-9639-9c73b53cb654 (type: security_group_rules) to 0
2026-09-11 18:47:27.402 6 INFO neutron.db.ovn_revision_numbers_db [None req-646bdc8b-fe85-4dea-90ec-abf5bb62c03e aad38e6ffe20473a94ebc61e7ef5842c 7f8668dce1644ce889824f83558ee273 - - default default] Successfully bumped revision number for resource 8d53b1c9-d47c-4b6c-b157-0d4baf4f8071 (type: security_group_rules) to 0
2026-09-11 18:47:27.409 7 INFO neutron.plugins.ml2.drivers.ovn.mech_driver.mech_driver [None req-0533dea2-b426-4597-8ed9-34e6aeae20bc - - - - - -] OVN reports status up for port: 4bc8d56c-b955-4dfb-bd4a-9b7971e32228
2026-09-11 18:47:27.419 6 INFO neutron.db.ovn_revision_numbers_db [None req-646bdc8b-fe85-4dea-90ec-abf5bb62c03e aad38e6ffe20473a94ebc61e7ef5842c 7f8668dce1644ce889824f83558ee273 - - default default] Successfully bumped revision number for resource aa89bbe2-0125-4270-9eb2-eb6f577cdee2 (type: security_group_rules) to 0
2026-09-11 18:47:27.437 7 INFO neutron.plugins.ml2.plugin [None req-0533dea2-b426-4597-8ed9-34e6aeae20bc - - - - - -] Attempt 1 to provision port 4bc8d56c-b955-4dfb-bd4a-9b7971e32228
2026-09-11 18:47:27.509 6 INFO neutron.db.segments_db [None req-646bdc8b-fe85-4dea-90ec-abf5bb62c03e aad38e6ffe20473a94ebc61e7ef5842c 7f8668dce1644ce889824f83558ee273 - - default default] Added segment cd2079b6-0d5a-453f-a69a-84e10ac21e8e of type geneve for network 44a660a7-ed84-4698-93c4-6a3f44f1bbbf
2026-09-11 18:47:27.521 7 WARNING neutron.scheduler.dhcp_agent_scheduler [None req-1c8126d1-e38f-4614-93af-193c1854b1c0 4cfdbf59c7e04ee29617ecd518c9ab59 3b86f3fbef1441f1a885be0370a86a3a - - default default] No more DHCP agents
2026-09-11 18:47:27.522 7 WARNING neutron.api.rpc.agentnotifiers.dhcp_rpc_agent_api [None req-1c8126d1-e38f-4614-93af-193c1854b1c0 4cfdbf59c7e04ee29617ecd518c9ab59 3b86f3fbef1441f1a885be0370a86a3a - - default default] Unable to schedule network a0adf2a8-6a9d-403b-92d1-00daf1828d64: no agents available; will retry on subsequent port and subnet creation events.
2026-09-11 18:47:27.635 6 INFO neutron.db.ovn_revision_numbers_db [None req-646bdc8b-fe85-4dea-90ec-abf5bb62c03e aad38e6ffe20473a94ebc61e7ef5842c 7f8668dce1644ce889824f83558ee273 - - default default] Successfully bumped revision number for resource 44a660a7-ed84-4698-93c4-6a3f44f1bbbf (type: networks) to 1
2026-09-11 18:47:27.798 6 WARNING neutron.scheduler.dhcp_agent_scheduler [None req-646bdc8b-fe85-4dea-90ec-abf5bb62c03e aad38e6ffe20473a94ebc61e7ef5842c 7f8668dce1644ce889824f83558ee273 - - default default] No more DHCP agents
2026-09-11 18:47:27.799 6 WARNING neutron.api.rpc.agentnotifiers.dhcp_rpc_agent_api [None req-646bdc8b-fe85-4dea-90ec-abf5bb62c03e aad38e6ffe20473a94ebc61e7ef5842c 7f8668dce1644ce889824f83558ee273 - - default default] Unable to schedule network 44a660a7-ed84-4698-93c4-6a3f44f1bbbf: no agents available; will retry on subsequent port and subnet creation events.
2026-09-11 18:47:27.898 6 INFO neutron.db.ovn_revision_numbers_db [None req-646bdc8b-fe85-4dea-90ec-abf5bb62c03e aad38e6ffe20473a94ebc61e7ef5842c 7f8668dce1644ce889824f83558ee273 - - default default] Successfully bumped revision number for resource b494ecb4-2be7-4beb-9062-13acbb429c56 (type: ports) to 1 [pid: 6|app: 0|req: 746/1470] 10.0.0.30 () {34 vars in 669 bytes} [Fri Sep 11 18:47:26 2026] POST /v2.0/networks => generated 669 bytes in 973 msecs (HTTP/1.1 201) 4 headers in 162 bytes (1 switches on core 0)
2026-09-11 18:47:28.010 7 INFO neutron.db.ovn_revision_numbers_db [None req-1c8126d1-e38f-4614-93af-193c1854b1c0 4cfdbf59c7e04ee29617ecd518c9ab59 3b86f3fbef1441f1a885be0370a86a3a - - default default] Successfully bumped revision number for resource 4bc8d56c-b955-4dfb-bd4a-9b7971e32228 (type: router_ports) to 1 [pid: 7|app: 0|req: 725/1471] 10.0.0.30 () {34 vars in 782 bytes} [Fri Sep 11 18:47:26 2026] PUT /v2.0/routers/d206227d-769e-44b0-8c9e-9c8d6ba136ba/add_router_interface => generated 310 bytes in 1641 msecs (HTTP/1.1 200) 4 headers in 157 bytes (1 switches on core 0)
