2026-09-11 18:50:22.662 6 INFO neutron.db.ovn_revision_numbers_db [None req-b64cfdb9-c5ee-477f-8245-3473cd193081 3515a263748d46d098c98661f579857c 15a0284796ed4ae28e33fbe0b9dd11b7 - - default default] Successfully bumped revision number for resource b596adec-9a55-4dab-8caf-0382e1fccf30 (type: security_groups) to 1
2026-09-11 18:50:22.679 6 INFO neutron.db.ovn_revision_numbers_db [None req-b64cfdb9-c5ee-477f-8245-3473cd193081 3515a263748d46d098c98661f579857c 15a0284796ed4ae28e33fbe0b9dd11b7 - - default default] Successfully bumped revision number for resource 4dc5846b-d2a8-49cd-8691-38daa737c370 (type: security_group_rules) to 0
2026-09-11 18:50:22.696 6 INFO neutron.db.ovn_revision_numbers_db [None req-b64cfdb9-c5ee-477f-8245-3473cd193081 3515a263748d46d098c98661f579857c 15a0284796ed4ae28e33fbe0b9dd11b7 - - default default] Successfully bumped revision number for resource 5c964314-5dcb-4e93-8b3b-e685962ece83 (type: security_group_rules) to 0
2026-09-11 18:50:22.713 6 INFO neutron.db.ovn_revision_numbers_db [None req-b64cfdb9-c5ee-477f-8245-3473cd193081 3515a263748d46d098c98661f579857c 15a0284796ed4ae28e33fbe0b9dd11b7 - - default default] Successfully bumped revision number for resource 5ec6d462-211a-4421-ba56-0a96415c4fe7 (type: security_group_rules) to 0
2026-09-11 18:50:22.734 6 INFO neutron.db.ovn_revision_numbers_db [None req-b64cfdb9-c5ee-477f-8245-3473cd193081 3515a263748d46d098c98661f579857c 15a0284796ed4ae28e33fbe0b9dd11b7 - - default default] Successfully bumped revision number for resource b96b203c-a468-4fd4-b9e6-29bf95520078 (type: security_group_rules) to 0
2026-09-11 18:50:22.810 6 INFO neutron.db.segments_db [None req-b64cfdb9-c5ee-477f-8245-3473cd193081 3515a263748d46d098c98661f579857c 15a0284796ed4ae28e33fbe0b9dd11b7 - - default default] Added segment 17d00686-c190-43e4-b13a-b06e761b1f9e of type geneve for network a1ae049c-d642-4cdf-8729-974d2b065c51
2026-09-11 18:50:22.884 7 INFO neutron.db.ovn_revision_numbers_db [None req-c34bc9b3-4dc0-429c-9224-9002c02186cb ea278166714b4e8cab300c691c5c1e70 30a517a61bcc4d99bf3367cb7a26f186 - - default default] Successfully bumped revision number for resource 9237d24a-42ad-404f-b5ba-9ce6cee17e6f (type: ports) to 2
2026-09-11 18:50:22.930 6 INFO neutron.db.ovn_revision_numbers_db [None req-b64cfdb9-c5ee-477f-8245-3473cd193081 3515a263748d46d098c98661f579857c 15a0284796ed4ae28e33fbe0b9dd11b7 - - default default] Successfully bumped revision number for resource a1ae049c-d642-4cdf-8729-974d2b065c51 (type: networks) to 1
2026-09-11 18:50:22.935 7 INFO neutron.db.ovn_revision_numbers_db [None req-c34bc9b3-4dc0-429c-9224-9002c02186cb ea278166714b4e8cab300c691c5c1e70 30a517a61bcc4d99bf3367cb7a26f186 - - default default] Successfully bumped revision number for resource c35df883-a11a-442b-b1c1-5b4c2678fd74 (type: subnets) to 0 [pid: 7|app: 0|req: 1247/2515] 10.0.0.30 () {34 vars in 668 bytes} [Fri Sep 11 18:50:22 2026] POST /v2.0/subnets => generated 655 bytes in 760 msecs (HTTP/1.1 201) 4 headers in 162 bytes (1 switches on core 0)
2026-09-11 18:50:23.202 6 WARNING neutron.scheduler.dhcp_agent_scheduler [None req-b64cfdb9-c5ee-477f-8245-3473cd193081 3515a263748d46d098c98661f579857c 15a0284796ed4ae28e33fbe0b9dd11b7 - - default default] No more DHCP agents
2026-09-11 18:50:23.205 7 WARNING neutron.scheduler.dhcp_agent_scheduler [None req-ba890671-9206-4bec-8c06-483351fe7fc9 ea278166714b4e8cab300c691c5c1e70 30a517a61bcc4d99bf3367cb7a26f186 - - default default] No more DHCP agents
2026-09-11 18:50:23.206 7 WARNING neutron.api.rpc.agentnotifiers.dhcp_rpc_agent_api [None req-ba890671-9206-4bec-8c06-483351fe7fc9 ea278166714b4e8cab300c691c5c1e70 30a517a61bcc4d99bf3367cb7a26f186 - - default default] Unable to schedule network 26fb0512-dd1b-4437-8ee9-465325b14374: no agents available; will retry on subsequent port and subnet creation events.
2026-09-11 18:50:23.206 6 WARNING neutron.api.rpc.agentnotifiers.dhcp_rpc_agent_api [None req-b64cfdb9-c5ee-477f-8245-3473cd193081 3515a263748d46d098c98661f579857c 15a0284796ed4ae28e33fbe0b9dd11b7 - - default default] Unable to schedule network a1ae049c-d642-4cdf-8729-974d2b065c51: no agents available; will retry on subsequent port and subnet creation events.
2026-09-11 18:50:23.234 7 INFO neutron.db.ovn_revision_numbers_db [None req-ba890671-9206-4bec-8c06-483351fe7fc9 ea278166714b4e8cab300c691c5c1e70 30a517a61bcc4d99bf3367cb7a26f186 - - default default] Successfully bumped revision number for resource 5cdb5d88-d468-408c-82e7-244aa7e33fd9 (type: subnets) to 0 [pid: 7|app: 0|req: 1248/2516] 10.0.0.30 () {34 vars in 668 bytes} [Fri Sep 11 18:50:22 2026] POST /v2.0/subnets => generated 730 bytes in 293 msecs (HTTP/1.1 201) 4 headers in 162 bytes (1 switches on core 0)
2026-09-11 18:50:23.276 6 INFO neutron.plugins.ml2.drivers.ovn.mech_driver.mech_driver [None req-d4b6dc5f-7f6e-4c79-b8d0-e6a1bb87ee20 - - - - - -] OVN reports status down for port: c20c15a1-2ab1-4c77-9b6b-4a6524376b00
2026-09-11 18:50:23.344 6 INFO neutron.db.ovn_revision_numbers_db [None req-b64cfdb9-c5ee-477f-8245-3473cd193081 3515a263748d46d098c98661f579857c 15a0284796ed4ae28e33fbe0b9dd11b7 - - default default] Successfully bumped revision number for resource c20c15a1-2ab1-4c77-9b6b-4a6524376b00 (type: ports) to 1 [pid: 6|app: 0|req: 1269/2517] 10.0.0.30 () {34 vars in 669 bytes} [Fri Sep 11 18:50:22 2026] POST /v2.0/networks => generated 669 bytes in 1140 msecs (HTTP/1.1 201) 4 headers in 162 bytes (1 switches on core 0)
2026-09-11 18:50:23.548 6 INFO neutron.db.segments_db [None req-d2e75240-ef2f-4947-ba1b-64619096d095 3515a263748d46d098c98661f579857c 15a0284796ed4ae28e33fbe0b9dd11b7 - - default default] Added segment cc28f853-a0c0-4d0e-96af-fb9e13825fa7 of type geneve for network 6724824c-f389-475a-bf7f-442d57f3cf52
2026-09-11 18:50:23.710 6 INFO neutron.db.ovn_revision_numbers_db [None req-d2e75240-ef2f-4947-ba1b-64619096d095 3515a263748d46d098c98661f579857c 15a0284796ed4ae28e33fbe0b9dd11b7 - - default default] Successfully bumped revision number for resource 6724824c-f389-475a-bf7f-442d57f3cf52 (type: networks) to 1
2026-09-11 18:50:23.826 7 WARNING neutron.scheduler.dhcp_agent_scheduler [None req-5f8948a9-64c2-4d94-a745-bd777f7c7050 ea278166714b4e8cab300c691c5c1e70 30a517a61bcc4d99bf3367cb7a26f186 - - default default] No more DHCP agents
2026-09-11 18:50:23.828 7 WARNING neutron.api.rpc.agentnotifiers.dhcp_rpc_agent_api [None req-5f8948a9-64c2-4d94-a745-bd777f7c7050 ea278166714b4e8cab300c691c5c1e70 30a517a61bcc4d99bf3367cb7a26f186 - - default default] Unable to schedule network 9d33ba4f-91c1-40a1-836f-6441c7db8e37: no agents available; will retry on subsequent port and subnet creation events.
2026-09-11 18:50:23.872 6 WARNING neutron.scheduler.dhcp_agent_scheduler [None req-d2e75240-ef2f-4947-ba1b-64619096d095 3515a263748d46d098c98661f579857c 15a0284796ed4ae28e33fbe0b9dd11b7 - - default default] No more DHCP agents
2026-09-11 18:50:23.874 6 WARNING neutron.api.rpc.agentnotifiers.dhcp_rpc_agent_api [None req-d2e75240-ef2f-4947-ba1b-64619096d095 3515a263748d46d098c98661f579857c 15a0284796ed4ae28e33fbe0b9dd11b7 - - default default] Unable to schedule network 6724824c-f389-475a-bf7f-442d57f3cf52: no agents available; will retry on subsequent port and subnet creation events.
2026-09-11 18:50:23.912 7 INFO neutron.plugins.ml2.drivers.ovn.mech_driver.mech_driver [None req-d7058a86-28d8-4bc3-a51f-a24ecea186b1 - - - - - -] OVN reports status down for port: 87328644-e22f-40fe-b705-1dd10c772c09
2026-09-11 18:50:23.933 6 INFO neutron.db.ovn_revision_numbers_db [None req-d2e75240-ef2f-4947-ba1b-64619096d095 3515a263748d46d098c98661f579857c 15a0284796ed4ae28e33fbe0b9dd11b7 - - default default] Successfully bumped revision number for resource 87328644-e22f-40fe-b705-1dd10c772c09 (type: ports) to 1 [pid: 6|app: 0|req: 1270/2518] 10.0.0.30 () {34 vars in 669 bytes} [Fri Sep 11 18:50:23 2026] POST /v2.0/networks => generated 670 bytes in 533 msecs (HTTP/1.1 201) 4 headers in 162 bytes (1 switches on core 0) [pid: 6|app: 0|req: 1271/2519] 10.0.0.30 () {34 vars in 752 bytes} [Fri Sep 11 18:50:23 2026] PUT /v2.0/networks/a1ae049c-d642-4cdf-8729-974d2b065c51/tags => generated 25 bytes in 58 msecs (HTTP/1.1 200) 4 headers in 156 bytes (1 switches on core 0)
2026-09-11 18:50:24.072 7 INFO neutron.db.ovn_revision_numbers_db [None req-5f8948a9-64c2-4d94-a745-bd777f7c7050 ea278166714b4e8cab300c691c5c1e70 30a517a61bcc4d99bf3367cb7a26f186 - - default default] Successfully bumped revision number for resource b4368ade-2379-4229-b5a8-dd1638bc1b82 (type: ports) to 1 [pid: 6|app: 0|req: 1272/2520] 10.0.0.30 () {32 vars in 732 bytes} [Fri Sep 11 18:50:24 2026] GET /v2.0/networks/a1ae049c-d642-4cdf-8729-974d2b065c51/tags => generated 25 bytes in 58 msecs (HTTP/1.1 200) 4 headers in 156 bytes (1 switches on core 0)
2026-09-11 18:50:24.095 7 INFO neutron.plugins.ml2.drivers.ovn.mech_driver.mech_driver [None req-d7058a86-28d8-4bc3-a51f-a24ecea186b1 - - - - - -] OVN reports status down for port: b4368ade-2379-4229-b5a8-dd1638bc1b82 [pid: 6|app: 0|req: 1273/2521] 10.0.0.30 () {34 vars in 752 bytes} [Fri Sep 11 18:50:24 2026] PUT /v2.0/networks/6724824c-f389-475a-bf7f-442d57f3cf52/tags => generated 17 bytes in 93 msecs (HTTP/1.1 200) 4 headers in 156 bytes (1 switches on core 0) [pid: 6|app: 0|req: 1274/2522] 10.0.0.30 () {32 vars in 732 bytes} [Fri Sep 11 18:50:24 2026] GET /v2.0/networks/6724824c-f389-475a-bf7f-442d57f3cf52/tags => generated 17 bytes in 63 msecs (HTTP/1.1 200) 4 headers in 156 bytes (1 switches on core 0) [pid: 6|app: 0|req: 1275/2523] 10.0.0.30 () {34 vars in 752 bytes} [Fri Sep 11 18:50:24 2026] PUT /v2.0/networks/6724824c-f389-475a-bf7f-442d57f3cf52/tags => generated 12 bytes in 56 msecs (HTTP/1.1 200) 4 headers in 156 bytes (1 switches on core 0) [pid: 6|app: 0|req: 1276/2524] 10.0.0.30 () {32 vars in 732 bytes} [Fri Sep 11 18:50:24 2026] GET /v2.0/networks/6724824c-f389-475a-bf7f-442d57f3cf52/tags => generated 12 bytes in 52 msecs (HTTP/1.1 200) 4 headers in 156 bytes (1 switches on core 0) [pid: 6|app: 0|req: 1277/2525] 10.0.0.30 () {32 vars in 732 bytes} [Fri Sep 11 18:50:24 2026] GET /v2.0/networks/a1ae049c-d642-4cdf-8729-974d2b065c51/tags => generated 25 bytes in 39 msecs (HTTP/1.1 200) 4 headers in 156 bytes (1 switches on core 0)
2026-09-11 18:50:24.532 6 INFO neutron_taas.services.taas.taas_plugin [None req-a6132ed1-fc53-4723-b6a1-5444999232ec 3515a263748d46d098c98661f579857c 15a0284796ed4ae28e33fbe0b9dd11b7 - - default default] TaaS: Handle Delete Port: c20c15a1-2ab1-4c77-9b6b-4a6524376b00
2026-09-11 18:50:24.537 6 INFO neutron_taas.services.taas.tap_mirror_plugin [None req-a6132ed1-fc53-4723-b6a1-5444999232ec 3515a263748d46d098c98661f579857c 15a0284796ed4ae28e33fbe0b9dd11b7 - - default default] Tap Mirror: Handle Delete Port: c20c15a1-2ab1-4c77-9b6b-4a6524376b00
2026-09-11 18:50:24.716 6 INFO neutron.services.segments.plugin [-] Segment 17d00686-c190-43e4-b13a-b06e761b1f9e resource provider aggregate not found
2026-09-11 18:50:24.721 6 INFO neutron.services.segments.plugin [-] Segment 17d00686-c190-43e4-b13a-b06e761b1f9e resource provider aggregate not found
2026-09-11 18:50:24.746 6 INFO neutron.services.segments.plugin [-] Client error retrieving segment 17d00686-c190-43e4-b13a-b06e761b1f9e resource provider; error: Placement Client Error (4xx): {"errors": [{"status": 404, "title": "Not Found", "detail": "The resource could not be found.\n\n No resource provider with uuid 17d00686-c190-43e4-b13a-b06e761b1f9e found for delete ", "request_id": "req-fb0661ba-c6f6-4b24-bdf3-34d39b465de3"}]}
2026-09-11 18:50:24.755 7 INFO neutron.plugins.ml2.drivers.ovn.mech_driver.mech_driver [None req-d7058a86-28d8-4bc3-a51f-a24ecea186b1 - - - - - -] OVN reports status up for port: b4368ade-2379-4229-b5a8-dd1638bc1b82
2026-09-11 18:50:24.772 6 INFO neutron.services.segments.plugin [-] Client error retrieving segment 17d00686-c190-43e4-b13a-b06e761b1f9e resource provider; error: Placement Client Error (4xx): {"errors": [{"status": 404, "title": "Not Found", "detail": "The resource could not be found.\n\n No resource provider with uuid 17d00686-c190-43e4-b13a-b06e761b1f9e found for delete ", "request_id": "req-3c01016c-268b-4d5e-a3f4-381a20e378e0"}]}
2026-09-11 18:50:24.801 7 INFO neutron.plugins.ml2.plugin [None req-d7058a86-28d8-4bc3-a51f-a24ecea186b1 - - - - - -] Attempt 1 to provision port b4368ade-2379-4229-b5a8-dd1638bc1b82 [pid: 6|app: 0|req: 1278/2526] 10.0.0.30 () {32 vars in 725 bytes} [Fri Sep 11 18:50:24 2026] DELETE /v2.0/networks/a1ae049c-d642-4cdf-8729-974d2b065c51 => generated 0 bytes in 382 msecs (HTTP/1.1 204) 3 headers in 131 bytes (1 switches on core 0)
2026-09-11 18:50:24.850 7 INFO neutron.db.ovn_revision_numbers_db [None req-5f8948a9-64c2-4d94-a745-bd777f7c7050 ea278166714b4e8cab300c691c5c1e70 30a517a61bcc4d99bf3367cb7a26f186 - - default default] Successfully bumped revision number for resource b4368ade-2379-4229-b5a8-dd1638bc1b82 (type: router_ports) to 1
2026-09-11 18:50:24.866 7 INFO neutron.plugins.ml2.drivers.ovn.mech_driver.ovsdb.ovsdb_monitor [None req-6cfdb7a6-e831-4ad6-b345-c937f1afa532 - - - - - -] Router eb8b0021-9791-443d-9aec-1c42a2719d55 is bound to host instance
2026-09-11 18:50:24.936 6 INFO neutron_taas.services.taas.taas_plugin [None req-7adf5da6-2270-4fd6-9dd3-7075940d1978 3515a263748d46d098c98661f579857c 15a0284796ed4ae28e33fbe0b9dd11b7 - - default default] TaaS: Handle Delete Port: 87328644-e22f-40fe-b705-1dd10c772c09
2026-09-11 18:50:24.939 6 INFO neutron_taas.services.taas.tap_mirror_plugin [None req-7adf5da6-2270-4fd6-9dd3-7075940d1978 3515a263748d46d098c98661f579857c 15a0284796ed4ae28e33fbe0b9dd11b7 - - default default] Tap Mirror: Handle Delete Port: 87328644-e22f-40fe-b705-1dd10c772c09
2026-09-11 18:50:25.048 7 INFO neutron.db.ovn_revision_numbers_db [None req-5f8948a9-64c2-4d94-a745-bd777f7c7050 ea278166714b4e8cab300c691c5c1e70 30a517a61bcc4d99bf3367cb7a26f186 - - default default] Successfully bumped revision number for resource eb8b0021-9791-443d-9aec-1c42a2719d55 (type: routers) to 2 [pid: 7|app: 0|req: 1249/2527] 10.0.0.30 () {34 vars in 668 bytes} [Fri Sep 11 18:50:23 2026] POST /v2.0/routers => generated 966 bytes in 1857 msecs (HTTP/1.1 201) 4 headers in 162 bytes (1 switches on core 0) [pid: 6|app: 0|req: 1279/2528] 10.0.0.30 () {32 vars in 725 bytes} [Fri Sep 11 18:50:24 2026] DELETE /v2.0/networks/6724824c-f389-475a-bf7f-442d57f3cf52 => generated 0 bytes in 465 msecs (HTTP/1.1 204) 3 headers in 131 bytes (1 switches on core 0)
2026-09-11 18:50:26.139 6 WARNING neutron.db.securitygroups_db [None req-84784a60-09d2-417c-b0bf-0fa59a427251 7f0f947e1b94418a93cc6dce153e71da e1fd5968b1a94394906f52d6bb9179aa - - default default] project_id key not found in filters, using tenant_id instead. This support has been deprecated and will be removed in a future release. [pid: 6|app: 0|req: 1280/2529] 10.0.0.30 () {32 vars in 773 bytes} [Fri Sep 11 18:50:26 2026] GET /v2.0/security-groups?tenant_id=15a0284796ed4ae28e33fbe0b9dd11b7&name=default => generated 2929 bytes in 157 msecs (HTTP/1.1 200) 4 headers in 158 bytes (1 switches on core 0)
2026-09-11 18:50:26.285 7 WARNING neutron.scheduler.dhcp_agent_scheduler [None req-066392f1-9c06-4ba7-8b97-32cfe2d9ddc7 ea278166714b4e8cab300c691c5c1e70 30a517a61bcc4d99bf3367cb7a26f186 - - default default] No more DHCP agents
2026-09-11 18:50:26.286 7 WARNING neutron.api.rpc.agentnotifiers.dhcp_rpc_agent_api [None req-066392f1-9c06-4ba7-8b97-32cfe2d9ddc7 ea278166714b4e8cab300c691c5c1e70 30a517a61bcc4d99bf3367cb7a26f186 - - default default] Unable to schedule network 0db6e62b-5838-4e56-bbe1-dfab9a3a86c0: no agents available; will retry on subsequent port and subnet creation events. [pid: 6|app: 0|req: 1281/2530] 10.0.0.30 () {32 vars in 739 bytes} [Fri Sep 11 18:50:26 2026] DELETE /v2.0/security-groups/b596adec-9a55-4dab-8caf-0382e1fccf30 => generated 0 bytes in 177 msecs (HTTP/1.1 204) 2 headers in 112 bytes (1 switches on core 0)
2026-09-11 18:50:26.472 6 WARNING neutron.db.securitygroups_db [None req-f86099c7-4bc2-4882-afed-6a2e1817a692 7f0f947e1b94418a93cc6dce153e71da e1fd5968b1a94394906f52d6bb9179aa - - default default] project_id key not found in filters, using tenant_id instead. This support has been deprecated and will be removed in a future release.
2026-09-11 18:50:26.557 6 INFO neutron.plugins.ml2.drivers.ovn.mech_driver.mech_driver [None req-d4b6dc5f-7f6e-4c79-b8d0-e6a1bb87ee20 - - - - - -] OVN reports status down for port: 3f83e191-2065-4fd4-8dfa-d6de25b5ad03
2026-09-11 18:50:26.613 7 INFO neutron.db.ovn_revision_numbers_db [None req-066392f1-9c06-4ba7-8b97-32cfe2d9ddc7 ea278166714b4e8cab300c691c5c1e70 30a517a61bcc4d99bf3367cb7a26f186 - - default default] Successfully bumped revision number for resource 3f83e191-2065-4fd4-8dfa-d6de25b5ad03 (type: ports) to 1
2026-09-11 18:50:26.670 6 INFO neutron.db.ovn_revision_numbers_db [None req-f86099c7-4bc2-4882-afed-6a2e1817a692 7f0f947e1b94418a93cc6dce153e71da e1fd5968b1a94394906f52d6bb9179aa - - default default] Successfully bumped revision number for resource 8e1a0b96-dc40-4b13-92cc-53f1be93404d (type: security_groups) to 1
2026-09-11 18:50:26.693 6 INFO neutron.db.ovn_revision_numbers_db [None req-f86099c7-4bc2-4882-afed-6a2e1817a692 7f0f947e1b94418a93cc6dce153e71da e1fd5968b1a94394906f52d6bb9179aa - - default default] Successfully bumped revision number for resource 2300913d-110b-4668-a03e-6e43dfbb22c0 (type: security_group_rules) to 0
2026-09-11 18:50:26.712 6 INFO neutron.db.ovn_revision_numbers_db [None req-f86099c7-4bc2-4882-afed-6a2e1817a692 7f0f947e1b94418a93cc6dce153e71da e1fd5968b1a94394906f52d6bb9179aa - - default default] Successfully bumped revision number for resource 967af79b-b811-450d-8c18-5a1b710944b7 (type: security_group_rules) to 0
2026-09-11 18:50:26.728 6 INFO neutron.db.ovn_revision_numbers_db [None req-f86099c7-4bc2-4882-afed-6a2e1817a692 7f0f947e1b94418a93cc6dce153e71da e1fd5968b1a94394906f52d6bb9179aa - - default default] Successfully bumped revision number for resource ea8e8924-f9e3-4f1f-8aac-45aa9646f2fb (type: security_group_rules) to 0
2026-09-11 18:50:26.744 6 INFO neutron.db.ovn_revision_numbers_db [None req-f86099c7-4bc2-4882-afed-6a2e1817a692 7f0f947e1b94418a93cc6dce153e71da e1fd5968b1a94394906f52d6bb9179aa - - default default] Successfully bumped revision number for resource f067a5ab-3baf-4c57-9c27-4447dcb367b3 (type: security_group_rules) to 0
2026-09-11 18:50:26.769 6 INFO neutron.services.segments.plugin [-] Segment cc28f853-a0c0-4d0e-96af-fb9e13825fa7 resource provider aggregate not found
2026-09-11 18:50:26.802 6 INFO neutron.services.segments.plugin [-] Client error retrieving segment cc28f853-a0c0-4d0e-96af-fb9e13825fa7 resource provider; error: Placement Client Error (4xx): {"errors": [{"status": 404, "title": "Not Found", "detail": "The resource could not be found.\n\n No resource provider with uuid cc28f853-a0c0-4d0e-96af-fb9e13825fa7 found for delete ", "request_id": "req-b612cb78-a5b7-4c4f-a44d-f2c442ddb36a"}]}
2026-09-11 18:50:26.805 6 INFO neutron.services.segments.plugin [-] Segment cc28f853-a0c0-4d0e-96af-fb9e13825fa7 resource provider aggregate not found [pid: 6|app: 0|req: 1282/2531] 10.0.0.30 () {32 vars in 773 bytes} [Fri Sep 11 18:50:26 2026] GET /v2.0/security-groups?tenant_id=6e82e45799bc4a5d81d8ad028ce768a2&name=default => generated 2929 bytes in 349 msecs (HTTP/1.1 200) 4 headers in 158 bytes (1 switches on core 0)
2026-09-11 18:50:26.832 6 INFO neutron.services.segments.plugin [-] Client error retrieving segment cc28f853-a0c0-4d0e-96af-fb9e13825fa7 resource provider; error: Placement Client Error (4xx): {"errors": [{"status": 404, "title": "Not Found", "detail": "The resource could not be found.\n\n No resource provider with uuid cc28f853-a0c0-4d0e-96af-fb9e13825fa7 found for delete ", "request_id": "req-694b0415-de46-461e-8d33-b0883466710d"}]}
2026-09-11 18:50:26.881 7 INFO neutron.db.ovn_revision_numbers_db [None req-dc9ce5ca-7e81-4da0-970c-dc166cf1127d - - - - - -] Successfully bumped revision number for resource b4368ade-2379-4229-b5a8-dd1638bc1b82 (type: ports) to 4 [pid: 6|app: 0|req: 1283/2532] 10.0.0.30 () {32 vars in 739 bytes} [Fri Sep 11 18:50:26 2026] DELETE /v2.0/security-groups/8e1a0b96-dc40-4b13-92cc-53f1be93404d => generated 0 bytes in 227 msecs (HTTP/1.1 204) 2 headers in 112 bytes (1 switches on core 0)
2026-09-11 18:50:27.726 7 INFO neutron.db.ovn_revision_numbers_db [None req-dc9ce5ca-7e81-4da0-970c-dc166cf1127d - - - - - -] Successfully bumped revision number for resource b4368ade-2379-4229-b5a8-dd1638bc1b82 (type: ports) to 5
2026-09-11 18:50:27.957 6 INFO neutron.plugins.ml2.drivers.ovn.mech_driver.mech_driver [None req-d4b6dc5f-7f6e-4c79-b8d0-e6a1bb87ee20 - - - - - -] OVN reports status up for port: 3f83e191-2065-4fd4-8dfa-d6de25b5ad03
2026-09-11 18:50:27.979 6 INFO neutron.plugins.ml2.plugin [None req-d4b6dc5f-7f6e-4c79-b8d0-e6a1bb87ee20 - - - - - -] Attempt 1 to provision port 3f83e191-2065-4fd4-8dfa-d6de25b5ad03
2026-09-11 18:50:28.029 7 WARNING neutron.scheduler.dhcp_agent_scheduler [None req-066392f1-9c06-4ba7-8b97-32cfe2d9ddc7 ea278166714b4e8cab300c691c5c1e70 30a517a61bcc4d99bf3367cb7a26f186 - - default default] No more DHCP agents
2026-09-11 18:50:28.030 7 WARNING neutron.api.rpc.agentnotifiers.dhcp_rpc_agent_api [None req-066392f1-9c06-4ba7-8b97-32cfe2d9ddc7 ea278166714b4e8cab300c691c5c1e70 30a517a61bcc4d99bf3367cb7a26f186 - - default default] Unable to schedule network 0db6e62b-5838-4e56-bbe1-dfab9a3a86c0: no agents available; will retry on subsequent port and subnet creation events.
2026-09-11 18:50:28.312 7 INFO neutron.db.ovn_revision_numbers_db [None req-066392f1-9c06-4ba7-8b97-32cfe2d9ddc7 ea278166714b4e8cab300c691c5c1e70 30a517a61bcc4d99bf3367cb7a26f186 - - default default] Successfully bumped revision number for resource 3f83e191-2065-4fd4-8dfa-d6de25b5ad03 (type: router_ports) to 1 [pid: 7|app: 0|req: 1250/2533] 10.0.0.30 () {34 vars in 782 bytes} [Fri Sep 11 18:50:25 2026] PUT /v2.0/routers/eb8b0021-9791-443d-9aec-1c42a2719d55/add_router_interface => generated 310 bytes in 3195 msecs (HTTP/1.1 200) 4 headers in 157 bytes (1 switches on core 0)
2026-09-11 18:50:28.352 7 INFO neutron.common.ovn.utils [None req-d7058a86-28d8-4bc3-a51f-a24ecea186b1 - - - - - -] HA Chassis Group neutron-0db6e62b-5838-4e56-bbe1-dfab9a3a86c0 synchronized; highest priority chassis 54bdbd50-1fe4-4fd9-b506-dd168b6e8e2a
2026-09-11 18:50:28.830 6 INFO neutron.db.ovn_revision_numbers_db [None req-d4b6dc5f-7f6e-4c79-b8d0-e6a1bb87ee20 - - - - - -] Successfully bumped revision number for resource 3f83e191-2065-4fd4-8dfa-d6de25b5ad03 (type: ports) to 2
2026-09-11 18:50:29.379 6 WARNING neutron.scheduler.dhcp_agent_scheduler [None req-ee6c5955-5596-4a45-85ee-d27c743454ce ea278166714b4e8cab300c691c5c1e70 30a517a61bcc4d99bf3367cb7a26f186 - - default default] No more DHCP agents
2026-09-11 18:50:29.381 6 WARNING neutron.api.rpc.agentnotifiers.dhcp_rpc_agent_api [None req-ee6c5955-5596-4a45-85ee-d27c743454ce ea278166714b4e8cab300c691c5c1e70 30a517a61bcc4d99bf3367cb7a26f186 - - default default] Unable to schedule network 73f072c6-d6e1-49bc-94a9-b2000b52193c: no agents available; will retry on subsequent port and subnet creation events.
2026-09-11 18:50:29.524 7 INFO neutron.plugins.ml2.drivers.ovn.mech_driver.mech_driver [None req-d7058a86-28d8-4bc3-a51f-a24ecea186b1 - - - - - -] OVN reports status down for port: d3423587-a269-445f-92e4-e7cb62d6540f
2026-09-11 18:50:29.559 6 INFO neutron.db.ovn_revision_numbers_db [None req-ee6c5955-5596-4a45-85ee-d27c743454ce ea278166714b4e8cab300c691c5c1e70 30a517a61bcc4d99bf3367cb7a26f186 - - default default] Successfully bumped revision number for resource d3423587-a269-445f-92e4-e7cb62d6540f (type: ports) to 1
2026-09-11 18:50:30.213 7 INFO neutron.plugins.ml2.drivers.ovn.mech_driver.mech_driver [None req-d7058a86-28d8-4bc3-a51f-a24ecea186b1 - - - - - -] OVN reports status up for port: d3423587-a269-445f-92e4-e7cb62d6540f
2026-09-11 18:50:30.240 7 INFO neutron.plugins.ml2.plugin [None req-d7058a86-28d8-4bc3-a51f-a24ecea186b1 - - - - - -] Attempt 1 to provision port d3423587-a269-445f-92e4-e7cb62d6540f
2026-09-11 18:50:30.338 6 WARNING neutron.scheduler.dhcp_agent_scheduler [None req-ee6c5955-5596-4a45-85ee-d27c743454ce ea278166714b4e8cab300c691c5c1e70 30a517a61bcc4d99bf3367cb7a26f186 - - default default] No more DHCP agents
2026-09-11 18:50:30.340 6 WARNING neutron.api.rpc.agentnotifiers.dhcp_rpc_agent_api [None req-ee6c5955-5596-4a45-85ee-d27c743454ce ea278166714b4e8cab300c691c5c1e70 30a517a61bcc4d99bf3367cb7a26f186 - - default default] Unable to schedule network 73f072c6-d6e1-49bc-94a9-b2000b52193c: no agents available; will retry on subsequent port and subnet creation events.
2026-09-11 18:50:30.595 6 INFO neutron.db.ovn_revision_numbers_db [None req-ee6c5955-5596-4a45-85ee-d27c743454ce ea278166714b4e8cab300c691c5c1e70 30a517a61bcc4d99bf3367cb7a26f186 - - default default] Successfully bumped revision number for resource d3423587-a269-445f-92e4-e7cb62d6540f (type: router_ports) to 1 [pid: 6|app: 0|req: 1284/2534] 10.0.0.30 () {34 vars in 782 bytes} [Fri Sep 11 18:50:28 2026] PUT /v2.0/routers/eb8b0021-9791-443d-9aec-1c42a2719d55/add_router_interface => generated 310 bytes in 2279 msecs (HTTP/1.1 200) 4 headers in 157 bytes (1 switches on core 0)
2026-09-11 18:50:31.139 7 INFO neutron.db.ovn_revision_numbers_db [None req-d7058a86-28d8-4bc3-a51f-a24ecea186b1 - - - - - -] Successfully bumped revision number for resource d3423587-a269-445f-92e4-e7cb62d6540f (type: ports) to 2
2026-09-11 18:50:31.674 7 WARNING neutron.scheduler.dhcp_agent_scheduler [None req-d9e2ac39-1c9c-4f07-bcfe-67b0ec5154fa ea278166714b4e8cab300c691c5c1e70 30a517a61bcc4d99bf3367cb7a26f186 - - default default] No more DHCP agents
2026-09-11 18:50:31.675 7 WARNING neutron.api.rpc.agentnotifiers.dhcp_rpc_agent_api [None req-d9e2ac39-1c9c-4f07-bcfe-67b0ec5154fa ea278166714b4e8cab300c691c5c1e70 30a517a61bcc4d99bf3367cb7a26f186 - - default default] Unable to schedule network 26fb0512-dd1b-4437-8ee9-465325b14374: no agents available; will retry on subsequent port and subnet creation events.
2026-09-11 18:50:31.814 7 INFO neutron.db.ovn_revision_numbers_db [None req-d9e2ac39-1c9c-4f07-bcfe-67b0ec5154fa ea278166714b4e8cab300c691c5c1e70 30a517a61bcc4d99bf3367cb7a26f186 - - default default] Successfully bumped revision number for resource 8b863fd1-569e-4b5c-be3b-89506870afff (type: ports) to 1
2026-09-11 18:50:32.759 7 WARNING neutron.scheduler.dhcp_agent_scheduler [None req-d9e2ac39-1c9c-4f07-bcfe-67b0ec5154fa ea278166714b4e8cab300c691c5c1e70 30a517a61bcc4d99bf3367cb7a26f186 - - default default] No more DHCP agents
2026-09-11 18:50:32.761 7 WARNING neutron.api.rpc.agentnotifiers.dhcp_rpc_agent_api [None req-d9e2ac39-1c9c-4f07-bcfe-67b0ec5154fa ea278166714b4e8cab300c691c5c1e70 30a517a61bcc4d99bf3367cb7a26f186 - - default default] Unable to schedule network 26fb0512-dd1b-4437-8ee9-465325b14374: no agents available; will retry on subsequent port and subnet creation events.
2026-09-11 18:50:33.129 7 INFO neutron.db.ovn_revision_numbers_db [None req-d9e2ac39-1c9c-4f07-bcfe-67b0ec5154fa ea278166714b4e8cab300c691c5c1e70 30a517a61bcc4d99bf3367cb7a26f186 - - default default] Successfully bumped revision number for resource 8b863fd1-569e-4b5c-be3b-89506870afff (type: router_ports) to 1 [pid: 7|app: 0|req: 1251/2535] 10.0.0.30 () {34 vars in 782 bytes} [Fri Sep 11 18:50:30 2026] PUT /v2.0/routers/eb8b0021-9791-443d-9aec-1c42a2719d55/add_router_interface => generated 310 bytes in 2529 msecs (HTTP/1.1 200) 4 headers in 157 bytes (1 switches on core 0)
2026-09-11 18:50:33.376 6 INFO neutron.db.ovn_revision_numbers_db [None req-e05a6166-c220-4ac4-846e-c606f145b3e8 ea278166714b4e8cab300c691c5c1e70 30a517a61bcc4d99bf3367cb7a26f186 - - default default] Successfully bumped revision number for resource 01764521-76ed-4614-8ae8-0b269a5ce6fa (type: security_groups) to 1
2026-09-11 18:50:33.393 6 INFO neutron.db.ovn_revision_numbers_db [None req-e05a6166-c220-4ac4-846e-c606f145b3e8 ea278166714b4e8cab300c691c5c1e70 30a517a61bcc4d99bf3367cb7a26f186 - - default default] Successfully bumped revision number for resource 38e280ab-db06-472f-9320-5e9159f5884f (type: security_group_rules) to 0
2026-09-11 18:50:33.409 6 INFO neutron.db.ovn_revision_numbers_db [None req-e05a6166-c220-4ac4-846e-c606f145b3e8 ea278166714b4e8cab300c691c5c1e70 30a517a61bcc4d99bf3367cb7a26f186 - - default default] Successfully bumped revision number for resource 3d481c9e-52a3-441c-96a7-1fdac174b935 (type: security_group_rules) to 0 [pid: 6|app: 0|req: 1285/2536] 10.0.0.30 () {34 vars in 683 bytes} [Fri Sep 11 18:50:33 2026] POST /v2.0/security-groups => generated 1630 bytes in 253 msecs (HTTP/1.1 201) 4 headers in 163 bytes (1 switches on core 0)
2026-09-11 18:50:33.621 7 INFO neutron.db.ovn_revision_numbers_db [None req-3c3843d1-4e39-4600-9f3f-c6736680e6f0 ea278166714b4e8cab300c691c5c1e70 30a517a61bcc4d99bf3367cb7a26f186 - - default default] Successfully bumped revision number for resource ee339049-ca9a-4ab4-bbfe-2c70fc80c8e5 (type: security_group_rules) to 0 [pid: 7|app: 0|req: 1252/2537] 10.0.0.30 () {34 vars in 694 bytes} [Fri Sep 11 18:50:33 2026] POST /v2.0/security-group-rules => generated 597 bytes in 198 msecs (HTTP/1.1 201) 4 headers in 162 bytes (1 switches on core 0)
2026-09-11 18:50:33.844 6 WARNING neutron.plugins.ml2.drivers.ovn.mech_driver.ovsdb.ovn_client [None req-551391a6-d6c7-4892-bb64-398f80b6d6c7 - - - - - -] No hosting information found for port 3f83e191-2065-4fd4-8dfa-d6de25b5ad03: RuntimeError: No hosting information found for port 3f83e191-2065-4fd4-8dfa-d6de25b5ad03
2026-09-11 18:50:33.889 6 INFO neutron.db.ovn_revision_numbers_db [None req-31253534-7bee-422c-8b2a-9f2010d8346e ea278166714b4e8cab300c691c5c1e70 30a517a61bcc4d99bf3367cb7a26f186 - - default default] Successfully bumped revision number for resource cfbae403-a3f7-4c38-a02d-b7b6c93e63e8 (type: security_group_rules) to 0 [pid: 6|app: 0|req: 1286/2538] 10.0.0.30 () {34 vars in 694 bytes} [Fri Sep 11 18:50:33 2026] POST /v2.0/security-group-rules => generated 597 bytes in 295 msecs (HTTP/1.1 201) 4 headers in 162 bytes (1 switches on core 0)
2026-09-11 18:50:33.989 6 INFO neutron.db.ovn_revision_numbers_db [None req-551391a6-d6c7-4892-bb64-398f80b6d6c7 - - - - - -] Successfully bumped revision number for resource 3f83e191-2065-4fd4-8dfa-d6de25b5ad03 (type: router_ports) to 2
2026-09-11 18:50:34.101 6 INFO neutron.common.ovn.utils [None req-551391a6-d6c7-4892-bb64-398f80b6d6c7 - - - - - -] HA Chassis Group neutron-73f072c6-d6e1-49bc-94a9-b2000b52193c synchronized; highest priority chassis 54bdbd50-1fe4-4fd9-b506-dd168b6e8e2a
2026-09-11 18:50:34.171 6 INFO neutron.common.ovn.utils [None req-551391a6-d6c7-4892-bb64-398f80b6d6c7 - - - - - -] HA Chassis Group neutron-26fb0512-dd1b-4437-8ee9-465325b14374 synchronized; highest priority chassis 54bdbd50-1fe4-4fd9-b506-dd168b6e8e2a
2026-09-11 18:50:34.178 7 INFO neutron.db.ovn_revision_numbers_db [None req-90387302-5ddc-4150-98bd-f515c466c9b5 ea278166714b4e8cab300c691c5c1e70 30a517a61bcc4d99bf3367cb7a26f186 - - default default] Successfully bumped revision number for resource ddee5c92-aa17-4383-ae29-0781ba40ef5d (type: security_group_rules) to 0 [pid: 7|app: 0|req: 1253/2539] 10.0.0.30 () {34 vars in 694 bytes} [Fri Sep 11 18:50:33 2026] POST /v2.0/security-group-rules => generated 599 bytes in 263 msecs (HTTP/1.1 201) 4 headers in 162 bytes (1 switches on core 0)
2026-09-11 18:50:34.420 6 INFO neutron.db.ovn_revision_numbers_db [None req-b40a609d-fbd0-4f71-9a4e-1bc8b299b638 ea278166714b4e8cab300c691c5c1e70 30a517a61bcc4d99bf3367cb7a26f186 - - default default] Successfully bumped revision number for resource f5ed5da5-c744-455c-acef-487c7540fe79 (type: security_group_rules) to 0 [pid: 6|app: 0|req: 1287/2542] 10.0.0.30 () {34 vars in 694 bytes} [Fri Sep 11 18:50:34 2026] POST /v2.0/security-group-rules => generated 601 bytes in 233 msecs (HTTP/1.1 201) 4 headers in 162 bytes (1 switches on core 0)
2026-09-11 18:50:34.599 7 INFO neutron.db.ovn_revision_numbers_db [None req-9dda9ec1-35e0-472d-8edb-5dbd603622ef ea278166714b4e8cab300c691c5c1e70 30a517a61bcc4d99bf3367cb7a26f186 - - default default] Successfully bumped revision number for resource 1c073788-fcc7-4eb3-936a-f64666bf683e (type: security_group_rules) to 0 [pid: 7|app: 0|req: 1256/2543] 10.0.0.30 () {34 vars in 694 bytes} [Fri Sep 11 18:50:34 2026] POST /v2.0/security-group-rules => generated 601 bytes in 151 msecs (HTTP/1.1 201) 4 headers in 162 bytes (1 switches on core 0)
2026-09-11 18:50:34.821 6 INFO neutron.db.ovn_revision_numbers_db [None req-2f3b9069-41ed-41c0-a352-731b79361eda ea278166714b4e8cab300c691c5c1e70 30a517a61bcc4d99bf3367cb7a26f186 - - default default] Successfully bumped revision number for resource 09b14d63-a6d5-42c7-9acd-a52108989338 (type: security_group_rules) to 0 [pid: 6|app: 0|req: 1288/2544] 10.0.0.30 () {34 vars in 694 bytes} [Fri Sep 11 18:50:34 2026] POST /v2.0/security-group-rules => generated 597 bytes in 246 msecs (HTTP/1.1 201) 4 headers in 162 bytes (1 switches on core 0)
2026-09-11 18:50:35.030 7 INFO neutron.db.ovn_revision_numbers_db [None req-1fa68e76-2e48-4385-8024-f42262489018 ea278166714b4e8cab300c691c5c1e70 30a517a61bcc4d99bf3367cb7a26f186 - - default default] Successfully bumped revision number for resource ce55ad5a-a522-49a6-8f80-3e6a2ff12363 (type: security_group_rules) to 0 [pid: 7|app: 0|req: 1257/2545] 10.0.0.30 () {34 vars in 694 bytes} [Fri Sep 11 18:50:34 2026] POST /v2.0/security-group-rules => generated 597 bytes in 186 msecs (HTTP/1.1 201) 4 headers in 162 bytes (1 switches on core 0)
2026-09-11 18:50:35.261 6 INFO neutron.db.ovn_revision_numbers_db [None req-297955e9-2e97-4825-bae7-16ea04964aa3 ea278166714b4e8cab300c691c5c1e70 30a517a61bcc4d99bf3367cb7a26f186 - - default default] Successfully bumped revision number for resource 032bb0e6-81f2-4606-934b-caa6545dd448 (type: security_group_rules) to 0 [pid: 6|app: 0|req: 1289/2546] 10.0.0.30 () {34 vars in 694 bytes} [Fri Sep 11 18:50:35 2026] POST /v2.0/security-group-rules => generated 597 bytes in 243 msecs (HTTP/1.1 201) 4 headers in 162 bytes (1 switches on core 0)
2026-09-11 18:50:35.506 7 INFO neutron.db.ovn_revision_numbers_db [None req-9427c8bf-32c9-4f6f-82b0-e315e42f19cf ea278166714b4e8cab300c691c5c1e70 30a517a61bcc4d99bf3367cb7a26f186 - - default default] Successfully bumped revision number for resource 9528d864-fad8-4836-a387-9bd3651ba067 (type: security_group_rules) to 0 [pid: 7|app: 0|req: 1258/2547] 10.0.0.30 () {34 vars in 694 bytes} [Fri Sep 11 18:50:35 2026] POST /v2.0/security-group-rules => generated 599 bytes in 237 msecs (HTTP/1.1 201) 4 headers in 162 bytes (1 switches on core 0)
2026-09-11 18:50:35.764 6 INFO neutron.db.ovn_revision_numbers_db [None req-24b3e689-2e44-4ee7-bca3-cae4c638941c ea278166714b4e8cab300c691c5c1e70 30a517a61bcc4d99bf3367cb7a26f186 - - default default] Successfully bumped revision number for resource 8fc6c9bb-5cbe-4a3e-bfa2-61d2e0278b2d (type: security_group_rules) to 0 [pid: 6|app: 0|req: 1290/2548] 10.0.0.30 () {34 vars in 694 bytes} [Fri Sep 11 18:50:35 2026] POST /v2.0/security-group-rules => generated 601 bytes in 235 msecs (HTTP/1.1 201) 4 headers in 162 bytes (1 switches on core 0)
2026-09-11 18:50:35.959 7 INFO neutron.db.ovn_revision_numbers_db [None req-12dfd9d2-a6fc-4057-9834-67d2f00ad732 ea278166714b4e8cab300c691c5c1e70 30a517a61bcc4d99bf3367cb7a26f186 - - default default] Successfully bumped revision number for resource 527e80da-bddd-4d7a-b0f2-f7a78bdb3d44 (type: security_group_rules) to 0 [pid: 7|app: 0|req: 1259/2549] 10.0.0.30 () {34 vars in 694 bytes} [Fri Sep 11 18:50:35 2026] POST /v2.0/security-group-rules => generated 597 bytes in 187 msecs (HTTP/1.1 201) 4 headers in 162 bytes (1 switches on core 0)
2026-09-11 18:50:36.773 6 WARNING neutron.db.securitygroups_db [req-0142448e-fbd3-4e2e-b5a6-d692161077ef req-c7e9b3e2-4749-45ba-ae93-80c473e0d950 ea278166714b4e8cab300c691c5c1e70 30a517a61bcc4d99bf3367cb7a26f186 - - default default] project_id key not found in filters, using tenant_id instead. This support has been deprecated and will be removed in a future release. [pid: 6|app: 0|req: 1291/2550] 10.0.0.20 () {34 vars in 1095 bytes} [Fri Sep 11 18:50:36 2026] GET /v2.0/security-groups?name=tempest-lb_member_SG-2139516317&fields=id&tenant_id=30a517a61bcc4d99bf3367cb7a26f186 => generated 69 bytes in 49 msecs (HTTP/1.1 200) 4 headers in 156 bytes (1 switches on core 0)
2026-09-11 18:50:36.900 7 WARNING neutron.plugins.ml2.drivers.ovn.mech_driver.ovsdb.ovn_client [None req-320c6560-c9d5-444c-8c9a-5cc534ce0542 - - - - - -] No hosting information found for port d3423587-a269-445f-92e4-e7cb62d6540f: RuntimeError: No hosting information found for port d3423587-a269-445f-92e4-e7cb62d6540f [pid: 7|app: 0|req: 1260/2551] 10.0.0.20 () {34 vars in 981 bytes} [Fri Sep 11 18:50:36 2026] GET /v2.0/networks?id=73f072c6-d6e1-49bc-94a9-b2000b52193c => generated 743 bytes in 117 msecs (HTTP/1.1 200) 4 headers in 157 bytes (1 switches on core 0) [pid: 6|app: 0|req: 1292/2552] 10.0.0.20 () {34 vars in 964 bytes} [Fri Sep 11 18:50:36 2026] GET /v2.0/quotas/30a517a61bcc4d99bf3367cb7a26f186 => generated 312 bytes in 17 msecs (HTTP/1.1 200) 4 headers in 157 bytes (1 switches on core 0)
2026-09-11 18:50:37.084 7 INFO neutron.db.ovn_revision_numbers_db [None req-320c6560-c9d5-444c-8c9a-5cc534ce0542 - - - - - -] Successfully bumped revision number for resource d3423587-a269-445f-92e4-e7cb62d6540f (type: router_ports) to 2
2026-09-11 18:50:37.201 7 INFO neutron.plugins.ml2.drivers.ovn.mech_driver.mech_driver [None req-320c6560-c9d5-444c-8c9a-5cc534ce0542 - - - - - -] OVN reports status down for port: 8b863fd1-569e-4b5c-be3b-89506870afff [pid: 7|app: 0|req: 1261/2553] 10.0.0.20 () {34 vars in 1001 bytes} [Fri Sep 11 18:50:36 2026] GET /v2.0/ports?tenant_id=30a517a61bcc4d99bf3367cb7a26f186&fields=id => generated 287 bytes in 329 msecs (HTTP/1.1 200) 4 headers in 157 bytes (1 switches on core 0)
2026-09-11 18:50:37.307 7 WARNING neutron.plugins.ml2.drivers.ovn.mech_driver.ovsdb.ovn_client [None req-320c6560-c9d5-444c-8c9a-5cc534ce0542 - - - - - -] Logical_Switch_Port 8b863fd1-569e-4b5c-be3b-89506870afff host information not removed, the port state is up
2026-09-11 18:50:37.308 7 INFO neutron.plugins.ml2.drivers.ovn.mech_driver.mech_driver [None req-320c6560-c9d5-444c-8c9a-5cc534ce0542 - - - - - -] OVN reports status up for port: 8b863fd1-569e-4b5c-be3b-89506870afff
2026-09-11 18:50:37.319 7 INFO neutron.plugins.ml2.plugin [None req-320c6560-c9d5-444c-8c9a-5cc534ce0542 - - - - - -] Attempt 1 to provision port 8b863fd1-569e-4b5c-be3b-89506870afff [pid: 6|app: 0|req: 1293/2554] 10.0.0.20 () {34 vars in 1007 bytes} [Fri Sep 11 18:50:37 2026] GET /v2.0/networks/73f072c6-d6e1-49bc-94a9-b2000b52193c?fields=segments => generated 14 bytes in 66 msecs (HTTP/1.1 200) 4 headers in 156 bytes (1 switches on core 0) [pid: 7|app: 0|req: 1262/2555] 10.0.0.20 () {34 vars in 1107 bytes} [Fri Sep 11 18:50:37 2026] GET /v2.0/networks/73f072c6-d6e1-49bc-94a9-b2000b52193c?fields=provider%3Aphysical_network&fields=provider%3Anetwork_type => generated 79 bytes in 121 msecs (HTTP/1.1 200) 4 headers in 156 bytes (1 switches on core 0) [pid: 6|app: 0|req: 1294/2556] 10.0.0.20 () {34 vars in 1069 bytes} [Fri Sep 11 18:50:37 2026] GET /v2.0/ports?fields=security_groups&fields=device_id&device_id=04e8b0b0-5afa-43f5-9ad7-e983ce63ee90 => generated 12 bytes in 169 msecs (HTTP/1.1 200) 4 headers in 156 bytes (1 switches on core 0)
2026-09-11 18:50:37.875 7 INFO neutron.db.ovn_revision_numbers_db [None req-320c6560-c9d5-444c-8c9a-5cc534ce0542 - - - - - -] Successfully bumped revision number for resource 8b863fd1-569e-4b5c-be3b-89506870afff (type: ports) to 2 [pid: 7|app: 0|req: 1263/2557] 162.253.55.242 () {34 vars in 986 bytes} [Fri Sep 11 18:50:41 2026] GET /v2.0/networks?id=73f072c6-d6e1-49bc-94a9-b2000b52193c => generated 743 bytes in 62 msecs (HTTP/1.1 200) 4 headers in 157 bytes (1 switches on core 0)
2026-09-11 18:50:42.073 6 WARNING neutron.db.securitygroups_db [req-0142448e-fbd3-4e2e-b5a6-d692161077ef req-6066c80d-35c0-4cdd-816e-8306c78d64a4 ea278166714b4e8cab300c691c5c1e70 30a517a61bcc4d99bf3367cb7a26f186 - - default default] project_id key not found in filters, using tenant_id instead. This support has been deprecated and will be removed in a future release. [pid: 6|app: 0|req: 1295/2558] 162.253.55.242 () {34 vars in 1050 bytes} [Fri Sep 11 18:50:42 2026] GET /v2.0/security-groups?fields=id&fields=name&tenant_id=30a517a61bcc4d99bf3367cb7a26f186 => generated 179 bytes in 40 msecs (HTTP/1.1 200) 4 headers in 157 bytes (1 switches on core 0)
2026-09-11 18:50:42.379 7 WARNING neutron.scheduler.dhcp_agent_scheduler [req-0142448e-fbd3-4e2e-b5a6-d692161077ef req-42afc494-c9b0-413e-b189-7c30d7085d8e ea278166714b4e8cab300c691c5c1e70 30a517a61bcc4d99bf3367cb7a26f186 - - default default] No more DHCP agents
2026-09-11 18:50:42.380 7 WARNING neutron.api.rpc.agentnotifiers.dhcp_rpc_agent_api [req-0142448e-fbd3-4e2e-b5a6-d692161077ef req-42afc494-c9b0-413e-b189-7c30d7085d8e ea278166714b4e8cab300c691c5c1e70 30a517a61bcc4d99bf3367cb7a26f186 - - default default] Unable to schedule network 73f072c6-d6e1-49bc-94a9-b2000b52193c: no agents available; will retry on subsequent port and subnet creation events.
2026-09-11 18:50:42.552 7 INFO neutron.db.ovn_revision_numbers_db [req-0142448e-fbd3-4e2e-b5a6-d692161077ef req-42afc494-c9b0-413e-b189-7c30d7085d8e ea278166714b4e8cab300c691c5c1e70 30a517a61bcc4d99bf3367cb7a26f186 - - default default] Successfully bumped revision number for resource 083a1aff-3536-4273-9d62-274fd08f6581 (type: ports) to 1 [pid: 7|app: 0|req: 1264/2559] 162.253.55.242 () {38 vars in 955 bytes} [Fri Sep 11 18:50:42 2026] POST /v2.0/ports => generated 1179 bytes in 508 msecs (HTTP/1.1 201) 4 headers in 163 bytes (1 switches on core 0) /var/lib/openstack/lib/python3.12/site-packages/pycadf/identifier.py:70: UserWarning: Invalid uuid: neutron. To ensure interoperability, identifiers should be a valid uuid. warnings.warn(('Invalid uuid: %s. To ensure interoperability, ' [pid: 7|app: 0|req: 1265/2560] 10.0.0.20 () {34 vars in 1069 bytes} [Fri Sep 11 18:50:42 2026] GET /v2.0/ports?fields=security_groups&fields=device_id&device_id=04e8b0b0-5afa-43f5-9ad7-e983ce63ee90 => generated 123 bytes in 68 msecs (HTTP/1.1 200) 4 headers in 157 bytes (1 switches on core 0)
2026-09-11 18:50:43.012 6 INFO neutron.db.ovn_revision_numbers_db [req-0142448e-fbd3-4e2e-b5a6-d692161077ef req-701fe144-a8e9-4ae0-9e53-0d1920825558 a47fccf9eafa467b842b2aaabc5db5cd 113a9cb251644f55ba7b5233a6e10080 - - aee98e2c99074a1981a4b72e1ac45ef4 aee98e2c99074a1981a4b72e1ac45ef4] Successfully bumped revision number for resource 083a1aff-3536-4273-9d62-274fd08f6581 (type: ports) to 2 [pid: 7|app: 0|req: 1266/2561] 10.0.0.20 () {34 vars in 1039 bytes} [Fri Sep 11 18:50:43 2026] GET /v2.0/security-groups?id=01764521-76ed-4614-8ae8-0b269a5ce6fa&fields=id&fields=name => generated 112 bytes in 54 msecs (HTTP/1.1 200) 4 headers in 157 bytes (1 switches on core 0)
2026-09-11 18:50:43.345 6 INFO neutron.db.ovn_revision_numbers_db [req-0142448e-fbd3-4e2e-b5a6-d692161077ef req-701fe144-a8e9-4ae0-9e53-0d1920825558 a47fccf9eafa467b842b2aaabc5db5cd 113a9cb251644f55ba7b5233a6e10080 - - aee98e2c99074a1981a4b72e1ac45ef4 aee98e2c99074a1981a4b72e1ac45ef4] Successfully bumped revision number for resource 083a1aff-3536-4273-9d62-274fd08f6581 (type: ports) to 4 [pid: 6|app: 0|req: 1296/2562] 162.253.55.242 () {38 vars in 1028 bytes} [Fri Sep 11 18:50:42 2026] PUT /v2.0/ports/083a1aff-3536-4273-9d62-274fd08f6581 => generated 1451 bytes in 754 msecs (HTTP/1.1 200) 4 headers in 158 bytes (1 switches on core 0)
2026-09-11 18:50:43.401 7 WARNING neutron.plugins.ml2.drivers.ovn.mech_driver.ovsdb.ovn_client [None req-d84d8147-11c1-459a-917a-00e6a2b53b90 - - - - - -] No hosting information found for port 8b863fd1-569e-4b5c-be3b-89506870afff: RuntimeError: No hosting information found for port 8b863fd1-569e-4b5c-be3b-89506870afff
2026-09-11 18:50:43.408 6 INFO neutron.notifiers.nova [-] Nova event matching ['req-03710d70-288d-4390-a080-3ce535fe9593'] response: {'name': 'network-changed', 'server_uuid': '04e8b0b0-5afa-43f5-9ad7-e983ce63ee90', 'tag': '083a1aff-3536-4273-9d62-274fd08f6581', 'status': 'completed', 'code': 200}
2026-09-11 18:50:43.508 7 INFO neutron.db.ovn_revision_numbers_db [None req-d84d8147-11c1-459a-917a-00e6a2b53b90 - - - - - -] Successfully bumped revision number for resource 8b863fd1-569e-4b5c-be3b-89506870afff (type: router_ports) to 2
2026-09-11 18:50:43.552 7 INFO neutron.plugins.ml2.drivers.ovn.mech_driver.mech_driver [None req-d84d8147-11c1-459a-917a-00e6a2b53b90 - - - - - -] OVN reports status down for port: 083a1aff-3536-4273-9d62-274fd08f6581
