2026-09-11 18:46:41.354 7 WARNING neutron.api.rpc.agentnotifiers.dhcp_rpc_agent_api [None req-9f3ec389-7722-446f-ac0a-6bd0e8540321 6b1cace80ef04bb18b8d30603ef6ba4d 61f2f5948d4641808e155535d8c28b8e - - default default] Unable to schedule network f40fce36-77ef-4fa4-bdec-ae44c38f2fca: no agents available; will retry on subsequent port and subnet creation events.
2026-09-11 18:46:41.565 6 INFO neutron.plugins.ml2.drivers.ovn.mech_driver.mech_driver [None req-77018821-daba-4ff3-89f1-093b28126e2b - - - - - -] OVN reports status down for port: c48ce59a-f2eb-48aa-a81a-15acdae36e6e
2026-09-11 18:46:41.613 7 INFO neutron.db.ovn_revision_numbers_db [None req-9f3ec389-7722-446f-ac0a-6bd0e8540321 6b1cace80ef04bb18b8d30603ef6ba4d 61f2f5948d4641808e155535d8c28b8e - - default default] Successfully bumped revision number for resource c48ce59a-f2eb-48aa-a81a-15acdae36e6e (type: ports) to 1 [pid: 7|app: 0|req: 523/1084] 10.0.0.30 () {34 vars in 664 bytes} [Fri Sep 11 18:46:40 2026] POST /v2.0/ports => generated 955 bytes in 674 msecs (HTTP/1.1 201) 4 headers in 162 bytes (1 switches on core 0) /var/lib/openstack/lib/python3.12/site-packages/pycadf/identifier.py:70: UserWarning: Invalid uuid: neutron. To ensure interoperability, identifiers should be a valid uuid. warnings.warn(('Invalid uuid: %s. To ensure interoperability, '
2026-09-11 18:46:41.669 7 INFO neutron.pecan_wsgi.hooks.translation [None req-c7f13433-0a7c-4b08-a6d7-c565be3b6425 f187a84e95904710954049466b184bbb 4947db6505da403ea90c6ed286d7172e - - default default] GET failed (client error): The resource could not be found. [pid: 7|app: 0|req: 524/1085] 10.0.0.30 () {32 vars in 716 bytes} [Fri Sep 11 18:46:41 2026] GET /v2.0/ports/f7b23551-22fd-48fa-9f5a-622811e05917 => generated 132 bytes in 25 msecs (HTTP/1.1 404) 4 headers in 164 bytes (1 switches on core 0)
2026-09-11 18:46:41.925 7 WARNING neutron.scheduler.dhcp_agent_scheduler [None req-700bf62d-b9db-4027-8f42-4ab853ca5f41 6b1cace80ef04bb18b8d30603ef6ba4d 61f2f5948d4641808e155535d8c28b8e - - default default] No more DHCP agents
2026-09-11 18:46:41.926 7 WARNING neutron.api.rpc.agentnotifiers.dhcp_rpc_agent_api [None req-700bf62d-b9db-4027-8f42-4ab853ca5f41 6b1cace80ef04bb18b8d30603ef6ba4d 61f2f5948d4641808e155535d8c28b8e - - default default] Unable to schedule network f40fce36-77ef-4fa4-bdec-ae44c38f2fca: no agents available; will retry on subsequent port and subnet creation events. [pid: 6|app: 0|req: 562/1086] 10.0.0.30 () {34 vars in 788 bytes} [Fri Sep 11 18:46:40 2026] PUT /v2.0/routers/87f14a08-cffa-4973-9fef-00f2f355ee2b/remove_router_interface => generated 310 bytes in 1119 msecs (HTTP/1.1 200) 4 headers in 157 bytes (1 switches on core 0) /var/lib/openstack/lib/python3.12/site-packages/pycadf/identifier.py:70: UserWarning: Invalid uuid: neutron. To ensure interoperability, identifiers should be a valid uuid. warnings.warn(('Invalid uuid: %s. To ensure interoperability, ' [pid: 6|app: 0|req: 563/1087] 10.0.0.30 () {32 vars in 642 bytes} [Fri Sep 11 18:46:41 2026] GET /v2.0/ports => generated 1537 bytes in 62 msecs (HTTP/1.1 200) 4 headers in 158 bytes (1 switches on core 0) [pid: 6|app: 0|req: 564/1088] 10.0.0.20 () {34 vars in 1069 bytes} [Fri Sep 11 18:46:42 2026] GET /v2.0/ports?fields=security_groups&fields=device_id&device_id=88043148-e072-4028-80b3-ae07fab24452 => generated 123 bytes in 52 msecs (HTTP/1.1 200) 4 headers in 157 bytes (1 switches on core 0)
2026-09-11 18:46:42.120 7 INFO neutron.db.ovn_revision_numbers_db [None req-700bf62d-b9db-4027-8f42-4ab853ca5f41 6b1cace80ef04bb18b8d30603ef6ba4d 61f2f5948d4641808e155535d8c28b8e - - default default] Successfully bumped revision number for resource 20ebeae8-2cb4-4cba-a65e-aca8de92b13e (type: ports) to 1 [pid: 7|app: 0|req: 525/1089] 10.0.0.30 () {34 vars in 664 bytes} [Fri Sep 11 18:46:41 2026] POST /v2.0/ports => generated 959 bytes in 554 msecs (HTTP/1.1 201) 4 headers in 162 bytes (1 switches on core 0) /var/lib/openstack/lib/python3.12/site-packages/pycadf/identifier.py:70: UserWarning: Invalid uuid: neutron. To ensure interoperability, identifiers should be a valid uuid. warnings.warn(('Invalid uuid: %s. To ensure interoperability, ' [pid: 7|app: 0|req: 526/1090] 10.0.0.30 () {32 vars in 716 bytes} [Fri Sep 11 18:46:42 2026] GET /v2.0/ports/ec56cf70-418b-40d0-aaec-54b26cb0485f => generated 778 bytes in 51 msecs (HTTP/1.1 200) 4 headers in 157 bytes (1 switches on core 0) [pid: 7|app: 0|req: 527/1091] 162.253.55.242 () {34 vars in 994 bytes} [Fri Sep 11 18:46:42 2026] GET /v2.0/ports?device_id=88043148-e072-4028-80b3-ae07fab24452 => generated 973 bytes in 82 msecs (HTTP/1.1 200) 4 headers in 157 bytes (1 switches on core 0) [pid: 7|app: 0|req: 528/1092] 10.0.0.20 () {34 vars in 1039 bytes} [Fri Sep 11 18:46:42 2026] GET /v2.0/security-groups?id=d38802f7-bd26-445b-8477-fa64d989ce0f&fields=id&fields=name => generated 113 bytes in 26 msecs (HTTP/1.1 200) 4 headers in 157 bytes (1 switches on core 0)
2026-09-11 18:46:42.473 6 INFO neutron_taas.services.taas.taas_plugin [None req-371f58d5-68fa-4fd6-85a1-4b114934615f 7f0f947e1b94418a93cc6dce153e71da e1fd5968b1a94394906f52d6bb9179aa - - default default] TaaS: Handle Delete Port: d26d32ee-4a5a-4139-8c89-a47852ff1cc1
2026-09-11 18:46:42.475 6 INFO neutron_taas.services.taas.tap_mirror_plugin [None req-371f58d5-68fa-4fd6-85a1-4b114934615f 7f0f947e1b94418a93cc6dce153e71da e1fd5968b1a94394906f52d6bb9179aa - - default default] Tap Mirror: Handle Delete Port: d26d32ee-4a5a-4139-8c89-a47852ff1cc1
2026-09-11 18:46:42.562 7 WARNING neutron.scheduler.dhcp_agent_scheduler [None req-e5532415-7ec6-4470-b53a-4184a5ee9e96 6b1cace80ef04bb18b8d30603ef6ba4d 61f2f5948d4641808e155535d8c28b8e - - default default] No more DHCP agents
2026-09-11 18:46:42.563 7 WARNING neutron.api.rpc.agentnotifiers.dhcp_rpc_agent_api [None req-e5532415-7ec6-4470-b53a-4184a5ee9e96 6b1cace80ef04bb18b8d30603ef6ba4d 61f2f5948d4641808e155535d8c28b8e - - default default] Unable to schedule network 9d33ba4f-91c1-40a1-836f-6441c7db8e37: no agents available; will retry on subsequent port and subnet creation events. [pid: 6|app: 0|req: 565/1093] 10.0.0.30 () {32 vars in 723 bytes} [Fri Sep 11 18:46:42 2026] DELETE /v2.0/routers/87f14a08-cffa-4973-9fef-00f2f355ee2b => generated 0 bytes in 731 msecs (HTTP/1.1 204) 2 headers in 112 bytes (1 switches on core 0)
2026-09-11 18:46:42.839 6 INFO neutron.pecan_wsgi.hooks.translation [None req-0b9bd226-eaea-48be-991f-973a16debd35 f187a84e95904710954049466b184bbb 4947db6505da403ea90c6ed286d7172e - - default default] DELETE failed (client error): The resource could not be found. [pid: 6|app: 0|req: 566/1094] 10.0.0.30 () {32 vars in 719 bytes} [Fri Sep 11 18:46:42 2026] DELETE /v2.0/ports/0e1ca611-3951-4f26-a3ba-4f8ffaf4e204 => generated 132 bytes in 20 msecs (HTTP/1.1 404) 4 headers in 164 bytes (1 switches on core 0)
2026-09-11 18:46:42.945 6 INFO neutron_taas.services.taas.taas_plugin [req-abaf3fbe-7223-46c9-b127-a66d074a11d3 req-f7e20eb2-5c1d-4c9c-b3fc-77788ded3f55 44f0d9559d2b4f59a65fc34804dcf425 1206381c91ea4a689c39b74c02a41a21 - - default default] TaaS: Handle Delete Port: c0325a05-d25d-4561-957a-703129339760
2026-09-11 18:46:42.947 6 INFO neutron_taas.services.taas.tap_mirror_plugin [req-abaf3fbe-7223-46c9-b127-a66d074a11d3 req-f7e20eb2-5c1d-4c9c-b3fc-77788ded3f55 44f0d9559d2b4f59a65fc34804dcf425 1206381c91ea4a689c39b74c02a41a21 - - default default] Tap Mirror: Handle Delete Port: c0325a05-d25d-4561-957a-703129339760 [pid: 6|app: 0|req: 567/1095] 162.253.55.242 () {36 vars in 997 bytes} [Fri Sep 11 18:46:42 2026] DELETE /v2.0/ports/c0325a05-d25d-4561-957a-703129339760 => generated 0 bytes in 244 msecs (HTTP/1.1 204) 3 headers in 131 bytes (1 switches on core 0)
2026-09-11 18:46:43.150 6 WARNING neutron.notifiers.nova [-] Nova event matching ['req-8e922778-833f-4b8f-bf6c-96473e92d8d4']: {'server_uuid': '88043148-e072-4028-80b3-ae07fab24452', 'name': 'network-vif-deleted', 'tag': 'c0325a05-d25d-4561-957a-703129339760', 'status': 'failed', 'code': 422} returned with failed status [pid: 6|app: 0|req: 568/1096] 10.0.0.30 () {32 vars in 723 bytes} [Fri Sep 11 18:46:43 2026] DELETE /v2.0/subnets/bfc376ff-99b7-4fe0-8b3c-68f63863fdb8 => generated 0 bytes in 223 msecs (HTTP/1.1 204) 3 headers in 131 bytes (1 switches on core 0)
2026-09-11 18:46:43.322 6 INFO neutron.pecan_wsgi.hooks.translation [None req-0597ad68-9d17-4dcf-bf6e-fda7d3127970 f187a84e95904710954049466b184bbb 4947db6505da403ea90c6ed286d7172e - - default default] DELETE failed (client error): The resource could not be found. [pid: 6|app: 0|req: 569/1097] 10.0.0.30 () {32 vars in 723 bytes} [Fri Sep 11 18:46:43 2026] DELETE /v2.0/subnets/d69b888e-f415-4aeb-9cf2-d392d676638c => generated 136 bytes in 12 msecs (HTTP/1.1 404) 4 headers in 164 bytes (1 switches on core 0)
2026-09-11 18:46:43.406 6 INFO neutron_taas.services.taas.taas_plugin [None req-2e4bc463-cb33-4758-8fa0-404fd3969294 7f0f947e1b94418a93cc6dce153e71da e1fd5968b1a94394906f52d6bb9179aa - - default default] TaaS: Handle Delete Port: 808c98cc-c0fd-48bd-b281-d1af9ea3e140
2026-09-11 18:46:43.408 6 INFO neutron_taas.services.taas.tap_mirror_plugin [None req-2e4bc463-cb33-4758-8fa0-404fd3969294 7f0f947e1b94418a93cc6dce153e71da e1fd5968b1a94394906f52d6bb9179aa - - default default] Tap Mirror: Handle Delete Port: 808c98cc-c0fd-48bd-b281-d1af9ea3e140
2026-09-11 18:46:43.594 6 INFO neutron.services.segments.plugin [-] Segment 2f640832-147f-498a-83a7-2ee3c5efff2b resource provider aggregate not found
2026-09-11 18:46:43.608 6 INFO neutron.services.segments.plugin [-] Segment 2f640832-147f-498a-83a7-2ee3c5efff2b resource provider aggregate not found
2026-09-11 18:46:43.614 6 INFO neutron.services.segments.plugin [-] Client error retrieving segment 2f640832-147f-498a-83a7-2ee3c5efff2b resource provider; error: Placement Client Error (4xx): {"errors": [{"status": 404, "title": "Not Found", "detail": "The resource could not be found.\n\n No resource provider with uuid 2f640832-147f-498a-83a7-2ee3c5efff2b found for delete ", "request_id": "req-707f39c2-9e0b-4968-bb7e-b7c1cd318cae"}]}
2026-09-11 18:46:43.636 6 INFO neutron.services.segments.plugin [-] Client error retrieving segment 2f640832-147f-498a-83a7-2ee3c5efff2b resource provider; error: Placement Client Error (4xx): {"errors": [{"status": 404, "title": "Not Found", "detail": "The resource could not be found.\n\n No resource provider with uuid 2f640832-147f-498a-83a7-2ee3c5efff2b found for delete ", "request_id": "req-d6b8cecc-3091-4712-8c45-e974030a818a"}]} [pid: 6|app: 0|req: 570/1098] 10.0.0.30 () {32 vars in 725 bytes} [Fri Sep 11 18:46:43 2026] DELETE /v2.0/networks/1529f3de-ca1d-4f61-b124-5ffb4f85c88e => generated 0 bytes in 401 msecs (HTTP/1.1 204) 3 headers in 131 bytes (1 switches on core 0) /var/lib/openstack/lib/python3.12/site-packages/pycadf/identifier.py:70: UserWarning: Invalid uuid: neutron. To ensure interoperability, identifiers should be a valid uuid. warnings.warn(('Invalid uuid: %s. To ensure interoperability, '
2026-09-11 18:46:43.741 6 INFO neutron.pecan_wsgi.hooks.translation [None req-5729b2d0-1438-4726-be8b-ca7ab59555d5 f187a84e95904710954049466b184bbb 4947db6505da403ea90c6ed286d7172e - - default default] DELETE failed (client error): The resource could not be found. [pid: 6|app: 0|req: 571/1099] 10.0.0.30 () {32 vars in 723 bytes} [Fri Sep 11 18:46:43 2026] DELETE /v2.0/subnets/00e804ed-0a7e-4811-af35-4b543ab6f0f1 => generated 136 bytes in 18 msecs (HTTP/1.1 404) 4 headers in 164 bytes (1 switches on core 0) [pid: 6|app: 0|req: 572/1100] 10.0.0.20 () {34 vars in 1069 bytes} [Fri Sep 11 18:46:43 2026] GET /v2.0/ports?fields=security_groups&fields=device_id&device_id=88043148-e072-4028-80b3-ae07fab24452 => generated 12 bytes in 25 msecs (HTTP/1.1 200) 4 headers in 156 bytes (1 switches on core 0)
2026-09-11 18:46:43.859 7 INFO neutron.db.ovn_revision_numbers_db [None req-e5532415-7ec6-4470-b53a-4184a5ee9e96 6b1cace80ef04bb18b8d30603ef6ba4d 61f2f5948d4641808e155535d8c28b8e - - default default] Successfully bumped revision number for resource 0b2022d9-58f7-4ebb-bd23-0f0707afe6d2 (type: floatingips) to 1
2026-09-11 18:46:43.860 7 INFO neutron.db.l3_db [None req-e5532415-7ec6-4470-b53a-4184a5ee9e96 6b1cace80ef04bb18b8d30603ef6ba4d 61f2f5948d4641808e155535d8c28b8e - - default default] Floating IP 0b2022d9-58f7-4ebb-bd23-0f0707afe6d2 associated. External IP: 10.96.250.219, port: 20ebeae8-2cb4-4cba-a65e-aca8de92b13e. [pid: 7|app: 0|req: 529/1101] 10.0.0.30 () {34 vars in 676 bytes} [Fri Sep 11 18:46:42 2026] POST /v2.0/floatingips => generated 843 bytes in 1507 msecs (HTTP/1.1 201) 4 headers in 162 bytes (1 switches on core 0)
2026-09-11 18:46:43.908 6 INFO neutron_taas.services.taas.taas_plugin [None req-909429ef-daad-46ae-9d60-295e4c5c8894 f187a84e95904710954049466b184bbb 4947db6505da403ea90c6ed286d7172e - - default default] TaaS: Handle Delete Port: ec56cf70-418b-40d0-aaec-54b26cb0485f
2026-09-11 18:46:43.915 6 INFO neutron_taas.services.taas.tap_mirror_plugin [None req-909429ef-daad-46ae-9d60-295e4c5c8894 f187a84e95904710954049466b184bbb 4947db6505da403ea90c6ed286d7172e - - default default] Tap Mirror: Handle Delete Port: ec56cf70-418b-40d0-aaec-54b26cb0485f [pid: 6|app: 0|req: 573/1102] 10.0.0.30 () {32 vars in 719 bytes} [Fri Sep 11 18:46:43 2026] DELETE /v2.0/ports/ec56cf70-418b-40d0-aaec-54b26cb0485f => generated 0 bytes in 279 msecs (HTTP/1.1 204) 3 headers in 131 bytes (1 switches on core 0)
2026-09-11 18:46:44.058 6 WARNING neutron.db.securitygroups_db [None req-5136368f-def8-4c8a-8316-0a29c7795961 7f0f947e1b94418a93cc6dce153e71da e1fd5968b1a94394906f52d6bb9179aa - - default default] project_id key not found in filters, using tenant_id instead. This support has been deprecated and will be removed in a future release. [pid: 6|app: 0|req: 574/1103] 10.0.0.30 () {32 vars in 773 bytes} [Fri Sep 11 18:46:44 2026] GET /v2.0/security-groups?tenant_id=1790e676e0ab4a1e866ab17ea86ff1fc&name=default => generated 2925 bytes in 75 msecs (HTTP/1.1 200) 4 headers in 158 bytes (1 switches on core 0) /var/lib/openstack/lib/python3.12/site-packages/pycadf/identifier.py:70: UserWarning: Invalid uuid: neutron. To ensure interoperability, identifiers should be a valid uuid. warnings.warn(('Invalid uuid: %s. To ensure interoperability, '
2026-09-11 18:46:44.166 7 INFO neutron.db.l3_db [None req-06340ed7-cede-443f-8804-8c428e732c75 6b1cace80ef04bb18b8d30603ef6ba4d 61f2f5948d4641808e155535d8c28b8e - - default default] Floating IP 0b2022d9-58f7-4ebb-bd23-0f0707afe6d2 disassociated. External IP: 10.96.250.219, port: 20ebeae8-2cb4-4cba-a65e-aca8de92b13e. [pid: 7|app: 0|req: 530/1104] 10.0.0.30 () {34 vars in 748 bytes} [Fri Sep 11 18:46:43 2026] PUT /v2.0/floatingips/0b2022d9-58f7-4ebb-bd23-0f0707afe6d2 => generated 554 bytes in 317 msecs (HTTP/1.1 200) 4 headers in 157 bytes (1 switches on core 0)
2026-09-11 18:46:44.288 6 INFO neutron_taas.services.taas.taas_plugin [None req-ef043a27-0272-4d7d-bd4f-620fec13fee8 f187a84e95904710954049466b184bbb 4947db6505da403ea90c6ed286d7172e - - default default] TaaS: Handle Delete Port: c0bb5a54-4d20-443b-ab9b-898b28a5f297
2026-09-11 18:46:44.291 6 INFO neutron_taas.services.taas.tap_mirror_plugin [None req-ef043a27-0272-4d7d-bd4f-620fec13fee8 f187a84e95904710954049466b184bbb 4947db6505da403ea90c6ed286d7172e - - default default] Tap Mirror: Handle Delete Port: c0bb5a54-4d20-443b-ab9b-898b28a5f297 [pid: 7|app: 0|req: 531/1105] 10.0.0.30 () {32 vars in 739 bytes} [Fri Sep 11 18:46:44 2026] DELETE /v2.0/security-groups/a83d328d-ee5d-4a9d-81f9-c7ec37a91128 => generated 0 bytes in 274 msecs (HTTP/1.1 204) 2 headers in 112 bytes (1 switches on core 0) [pid: 6|app: 0|req: 575/1106] 10.0.0.30 () {32 vars in 725 bytes} [Fri Sep 11 18:46:44 2026] DELETE /v2.0/networks/d3835525-29a7-460d-8b2d-bc47ac7aa271 => generated 0 bytes in 456 msecs (HTTP/1.1 204) 3 headers in 131 bytes (1 switches on core 0)
2026-09-11 18:46:44.603 7 WARNING neutron.plugins.ml2.drivers.ovn.mech_driver.ovsdb.ovn_client [None req-6baa04c9-3929-43b7-8798-2c70ff734eb8 - - - - - -] No hosting information found for port b4c81c91-03d4-4207-9b05-de7bc16083c1: RuntimeError: No hosting information found for port b4c81c91-03d4-4207-9b05-de7bc16083c1
2026-09-11 18:46:44.605 7 INFO neutron.plugins.ml2.drivers.ovn.mech_driver.mech_driver [None req-6baa04c9-3929-43b7-8798-2c70ff734eb8 - - - - - -] OVN reports status down for port: 8270fca9-fe81-4718-9533-15e9322fa147
2026-09-11 18:46:44.734 7 WARNING neutron.plugins.ml2.drivers.ovn.mech_driver.ovsdb.ovn_client [None req-6baa04c9-3929-43b7-8798-2c70ff734eb8 - - - - - -] Logical_Switch_Port 8270fca9-fe81-4718-9533-15e9322fa147 host information not removed, the port state is up
2026-09-11 18:46:44.734 7 INFO neutron.plugins.ml2.drivers.ovn.mech_driver.mech_driver [None req-6baa04c9-3929-43b7-8798-2c70ff734eb8 - - - - - -] OVN reports status down for port: f7b23551-22fd-48fa-9f5a-622811e05917
2026-09-11 18:46:44.745 7 INFO neutron_taas.services.taas.taas_plugin [None req-4fc2fdca-7126-4c62-b390-1bfe3c1f3fcb 6b1cace80ef04bb18b8d30603ef6ba4d 61f2f5948d4641808e155535d8c28b8e - - default default] TaaS: Handle Delete Port: 82be748f-6b31-47f0-ad7f-12e838ee485d
2026-09-11 18:46:44.759 7 INFO neutron.plugins.ml2.drivers.ovn.mech_driver.mech_driver [None req-6baa04c9-3929-43b7-8798-2c70ff734eb8 - - - - - -] OVN reports status down for port: f7b23551-22fd-48fa-9f5a-622811e05917
2026-09-11 18:46:44.761 7 INFO neutron_taas.services.taas.tap_mirror_plugin [None req-4fc2fdca-7126-4c62-b390-1bfe3c1f3fcb 6b1cace80ef04bb18b8d30603ef6ba4d 61f2f5948d4641808e155535d8c28b8e - - default default] Tap Mirror: Handle Delete Port: 82be748f-6b31-47f0-ad7f-12e838ee485d
2026-09-11 18:46:44.787 7 INFO neutron.plugins.ml2.drivers.ovn.mech_driver.mech_driver [None req-6baa04c9-3929-43b7-8798-2c70ff734eb8 - - - - - -] OVN reports status up for port: 8270fca9-fe81-4718-9533-15e9322fa147
2026-09-11 18:46:44.813 7 INFO neutron.plugins.ml2.plugin [None req-6baa04c9-3929-43b7-8798-2c70ff734eb8 - - - - - -] Attempt 1 to provision port 8270fca9-fe81-4718-9533-15e9322fa147 [pid: 6|app: 0|req: 576/1107] 10.0.0.20 () {34 vars in 1069 bytes} [Fri Sep 11 18:46:44 2026] GET /v2.0/ports?fields=security_groups&fields=device_id&device_id=88043148-e072-4028-80b3-ae07fab24452 => generated 12 bytes in 16 msecs (HTTP/1.1 200) 4 headers in 156 bytes (1 switches on core 0) [pid: 7|app: 0|req: 532/1108] 10.0.0.30 () {32 vars in 731 bytes} [Fri Sep 11 18:46:44 2026] DELETE /v2.0/floatingips/0b2022d9-58f7-4ebb-bd23-0f0707afe6d2 => generated 0 bytes in 545 msecs (HTTP/1.1 204) 2 headers in 112 bytes (1 switches on core 0)
2026-09-11 18:46:45.285 7 WARNING neutron.db.securitygroups_db [None req-5f509e17-c72d-486b-86fc-f3d513bb71ea 7f0f947e1b94418a93cc6dce153e71da e1fd5968b1a94394906f52d6bb9179aa - - default default] project_id key not found in filters, using tenant_id instead. This support has been deprecated and will be removed in a future release.
2026-09-11 18:46:45.294 6 WARNING neutron.scheduler.dhcp_agent_scheduler [None req-0a336017-f37a-42e4-af1f-8b77e8482414 6b1cace80ef04bb18b8d30603ef6ba4d 61f2f5948d4641808e155535d8c28b8e - - default default] No more DHCP agents
2026-09-11 18:46:45.295 6 WARNING neutron.api.rpc.agentnotifiers.dhcp_rpc_agent_api [None req-0a336017-f37a-42e4-af1f-8b77e8482414 6b1cace80ef04bb18b8d30603ef6ba4d 61f2f5948d4641808e155535d8c28b8e - - default default] Unable to schedule network 9d33ba4f-91c1-40a1-836f-6441c7db8e37: no agents available; will retry on subsequent port and subnet creation events. [pid: 7|app: 0|req: 533/1109] 10.0.0.30 () {32 vars in 773 bytes} [Fri Sep 11 18:46:45 2026] GET /v2.0/security-groups?tenant_id=4947db6505da403ea90c6ed286d7172e&name=default => generated 2925 bytes in 201 msecs (HTTP/1.1 200) 4 headers in 158 bytes (1 switches on core 0) [pid: 7|app: 0|req: 534/1110] 10.0.0.93 () {34 vars in 989 bytes} [Fri Sep 11 18:46:45 2026] GET /v2.0/ports?device_id=88043148-e072-4028-80b3-ae07fab24452 => generated 12 bytes in 32 msecs (HTTP/1.1 200) 4 headers in 156 bytes (1 switches on core 0)
2026-09-11 18:46:45.451 7 INFO neutron.db.ovn_revision_numbers_db [None req-6baa04c9-3929-43b7-8798-2c70ff734eb8 - - - - - -] Successfully bumped revision number for resource 8270fca9-fe81-4718-9533-15e9322fa147 (type: ports) to 2
2026-09-11 18:46:45.651 6 INFO neutron.services.segments.plugin [-] Segment 53946574-5b55-49d1-a936-dd24f92ac287 resource provider aggregate not found
2026-09-11 18:46:45.672 6 INFO neutron.services.segments.plugin [-] Segment 53946574-5b55-49d1-a936-dd24f92ac287 resource provider aggregate not found
2026-09-11 18:46:45.677 6 INFO neutron.services.segments.plugin [-] Client error retrieving segment 53946574-5b55-49d1-a936-dd24f92ac287 resource provider; error: Placement Client Error (4xx): {"errors": [{"status": 404, "title": "Not Found", "detail": "The resource could not be found.\n\n No resource provider with uuid 53946574-5b55-49d1-a936-dd24f92ac287 found for delete ", "request_id": "req-16666381-0862-4dad-a9f9-7a248c6633d4"}]}
2026-09-11 18:46:45.692 6 INFO neutron.services.segments.plugin [-] Client error retrieving segment 53946574-5b55-49d1-a936-dd24f92ac287 resource provider; error: Placement Client Error (4xx): {"errors": [{"status": 404, "title": "Not Found", "detail": "The resource could not be found.\n\n No resource provider with uuid 53946574-5b55-49d1-a936-dd24f92ac287 found for delete ", "request_id": "req-ce46c583-8eee-4161-9aa0-672a2b62da13"}]} [pid: 7|app: 0|req: 535/1111] 10.0.0.30 () {32 vars in 739 bytes} [Fri Sep 11 18:46:45 2026] DELETE /v2.0/security-groups/1d2fe61c-a073-423b-9604-7050cf307268 => generated 0 bytes in 324 msecs (HTTP/1.1 204) 2 headers in 112 bytes (1 switches on core 0) [pid: 7|app: 0|req: 536/1112] 10.0.0.20 () {34 vars in 1069 bytes} [Fri Sep 11 18:46:45 2026] GET /v2.0/ports?fields=security_groups&fields=device_id&device_id=88043148-e072-4028-80b3-ae07fab24452 => generated 12 bytes in 28 msecs (HTTP/1.1 200) 4 headers in 156 bytes (1 switches on core 0) [pid: 7|app: 0|req: 537/1113] 10.0.0.20 () {34 vars in 989 bytes} [Fri Sep 11 18:46:46 2026] GET /v2.0/ports?device_id=88043148-e072-4028-80b3-ae07fab24452 => generated 12 bytes in 35 msecs (HTTP/1.1 200) 4 headers in 156 bytes (1 switches on core 0)
2026-09-11 18:46:46.612 6 INFO neutron.db.ovn_revision_numbers_db [None req-0a336017-f37a-42e4-af1f-8b77e8482414 6b1cace80ef04bb18b8d30603ef6ba4d 61f2f5948d4641808e155535d8c28b8e - - default default] Successfully bumped revision number for resource 86b21cfb-6b1f-404c-a09d-65630e18acea (type: floatingips) to 1
2026-09-11 18:46:46.613 6 INFO neutron.db.l3_db [None req-0a336017-f37a-42e4-af1f-8b77e8482414 6b1cace80ef04bb18b8d30603ef6ba4d 61f2f5948d4641808e155535d8c28b8e - - default default] Floating IP 86b21cfb-6b1f-404c-a09d-65630e18acea associated. External IP: 10.96.250.214, port: c48ce59a-f2eb-48aa-a81a-15acdae36e6e. [pid: 6|app: 0|req: 577/1114] 10.0.0.30 () {34 vars in 676 bytes} [Fri Sep 11 18:46:45 2026] POST /v2.0/floatingips => generated 842 bytes in 1627 msecs (HTTP/1.1 201) 4 headers in 162 bytes (1 switches on core 0) /var/lib/openstack/lib/python3.12/site-packages/pycadf/identifier.py:70: UserWarning: Invalid uuid: neutron. To ensure interoperability, identifiers should be a valid uuid. warnings.warn(('Invalid uuid: %s. To ensure interoperability, '
2026-09-11 18:46:46.835 7 INFO neutron.db.ovn_revision_numbers_db [None req-32bd5703-cce2-49cf-b44e-bce71b00c040 7f0f947e1b94418a93cc6dce153e71da e1fd5968b1a94394906f52d6bb9179aa - - default default] Successfully bumped revision number for resource 08aefa39-390c-4354-9d19-8c3915df9d14 (type: security_groups) to 1
2026-09-11 18:46:46.851 7 INFO neutron.db.ovn_revision_numbers_db [None req-32bd5703-cce2-49cf-b44e-bce71b00c040 7f0f947e1b94418a93cc6dce153e71da e1fd5968b1a94394906f52d6bb9179aa - - default default] Successfully bumped revision number for resource 35dc8fde-43a7-43d6-b7e5-ced8d13ed499 (type: security_group_rules) to 0
2026-09-11 18:46:46.875 7 INFO neutron.db.ovn_revision_numbers_db [None req-32bd5703-cce2-49cf-b44e-bce71b00c040 7f0f947e1b94418a93cc6dce153e71da e1fd5968b1a94394906f52d6bb9179aa - - default default] Successfully bumped revision number for resource 86c1074c-0d8f-457c-9c7c-81dff2b3a93a (type: security_group_rules) to 0
2026-09-11 18:46:46.891 7 INFO neutron.db.ovn_revision_numbers_db [None req-32bd5703-cce2-49cf-b44e-bce71b00c040 7f0f947e1b94418a93cc6dce153e71da e1fd5968b1a94394906f52d6bb9179aa - - default default] Successfully bumped revision number for resource b9e48406-0feb-45f0-84f0-2aea5f2eedfb (type: security_group_rules) to 0
2026-09-11 18:46:46.907 7 INFO neutron.db.ovn_revision_numbers_db [None req-32bd5703-cce2-49cf-b44e-bce71b00c040 7f0f947e1b94418a93cc6dce153e71da e1fd5968b1a94394906f52d6bb9179aa - - default default] Successfully bumped revision number for resource d8bee334-f6f2-4a76-93dd-249e57bc664b (type: security_group_rules) to 0 [pid: 6|app: 0|req: 578/1115] 10.0.0.30 () {32 vars in 739 bytes} [Fri Sep 11 18:46:46 2026] DELETE /v2.0/security-groups/d38802f7-bd26-445b-8477-fa64d989ce0f => generated 0 bytes in 257 msecs (HTTP/1.1 204) 2 headers in 112 bytes (1 switches on core 0) [pid: 6|app: 0|req: 579/1116] 10.0.0.30 () {32 vars in 728 bytes} [Fri Sep 11 18:46:46 2026] GET /v2.0/floatingips/86b21cfb-6b1f-404c-a09d-65630e18acea => generated 844 bytes in 55 msecs (HTTP/1.1 200) 4 headers in 157 bytes (1 switches on core 0)
2026-09-11 18:46:46.985 7 INFO neutron.db.segments_db [None req-32bd5703-cce2-49cf-b44e-bce71b00c040 7f0f947e1b94418a93cc6dce153e71da e1fd5968b1a94394906f52d6bb9179aa - - default default] Added segment 640260fb-a6fe-4ca2-a49e-af764d94693a of type geneve for network 0c09b53c-d142-497b-b6e1-a5c225d4a419
2026-09-11 18:46:46.995 6 INFO neutron.api.v2.resource [None req-2e131cb1-6f3c-4964-80fa-ab65ea00060c 44f0d9559d2b4f59a65fc34804dcf425 1206381c91ea4a689c39b74c02a41a21 - - default default] show failed (client error): The resource could not be found. [pid: 6|app: 0|req: 580/1117] 10.0.0.30 () {32 vars in 736 bytes} [Fri Sep 11 18:46:46 2026] GET /v2.0/security-groups/d38802f7-bd26-445b-8477-fa64d989ce0f => generated 146 bytes in 16 msecs (HTTP/1.1 404) 4 headers in 164 bytes (1 switches on core 0) [pid: 6|app: 0|req: 581/1118] 10.0.0.30 () {32 vars in 654 bytes} [Fri Sep 11 18:46:46 2026] GET /v2.0/floatingips => generated 847 bytes in 99 msecs (HTTP/1.1 200) 4 headers in 157 bytes (1 switches on core 0)
2026-09-11 18:46:47.113 7 INFO neutron.db.ovn_revision_numbers_db [None req-32bd5703-cce2-49cf-b44e-bce71b00c040 7f0f947e1b94418a93cc6dce153e71da e1fd5968b1a94394906f52d6bb9179aa - - default default] Successfully bumped revision number for resource 0c09b53c-d142-497b-b6e1-a5c225d4a419 (type: networks) to 1
2026-09-11 18:46:47.237 6 INFO neutron_taas.services.taas.taas_plugin [None req-cfddbd7f-c420-4efb-9c38-23ff2b76eefc 44f0d9559d2b4f59a65fc34804dcf425 1206381c91ea4a689c39b74c02a41a21 - - default default] TaaS: Handle Delete Port: de120899-0fcb-4537-bcad-224beeea0237
2026-09-11 18:46:47.241 6 INFO neutron_taas.services.taas.tap_mirror_plugin [None req-cfddbd7f-c420-4efb-9c38-23ff2b76eefc 44f0d9559d2b4f59a65fc34804dcf425 1206381c91ea4a689c39b74c02a41a21 - - default default] Tap Mirror: Handle Delete Port: de120899-0fcb-4537-bcad-224beeea0237
2026-09-11 18:46:47.322 7 WARNING neutron.scheduler.dhcp_agent_scheduler [None req-32bd5703-cce2-49cf-b44e-bce71b00c040 7f0f947e1b94418a93cc6dce153e71da e1fd5968b1a94394906f52d6bb9179aa - - default default] No more DHCP agents
2026-09-11 18:46:47.324 7 WARNING neutron.api.rpc.agentnotifiers.dhcp_rpc_agent_api [None req-32bd5703-cce2-49cf-b44e-bce71b00c040 7f0f947e1b94418a93cc6dce153e71da e1fd5968b1a94394906f52d6bb9179aa - - default default] Unable to schedule network 0c09b53c-d142-497b-b6e1-a5c225d4a419: no agents available; will retry on subsequent port and subnet creation events.
2026-09-11 18:46:47.447 7 INFO neutron.db.ovn_revision_numbers_db [None req-32bd5703-cce2-49cf-b44e-bce71b00c040 7f0f947e1b94418a93cc6dce153e71da e1fd5968b1a94394906f52d6bb9179aa - - default default] Successfully bumped revision number for resource 36f33f8d-7968-4e78-a6ee-ea6a58526d7b (type: ports) to 1 [pid: 6|app: 0|req: 582/1119] 10.0.0.30 () {32 vars in 731 bytes} [Fri Sep 11 18:46:47 2026] DELETE /v2.0/floatingips/896b087c-f6ce-4dbe-b8d6-a8110e226f97 => generated 0 bytes in 360 msecs (HTTP/1.1 204) 2 headers in 112 bytes (1 switches on core 0) [pid: 7|app: 0|req: 538/1120] 10.0.0.30 () {34 vars in 670 bytes} [Fri Sep 11 18:46:46 2026] POST /v2.0/networks => generated 784 bytes in 987 msecs (HTTP/1.1 201) 4 headers in 162 bytes (1 switches on core 0)
2026-09-11 18:46:47.780 7 INFO neutron_taas.services.taas.taas_plugin [None req-b7834d86-37e2-4314-95a3-27ec3450c0a6 7f0f947e1b94418a93cc6dce153e71da e1fd5968b1a94394906f52d6bb9179aa - - default default] TaaS: Handle Delete Port: d3d18cfd-30d0-4172-8291-17ef64af9c76
2026-09-11 18:46:47.784 7 INFO neutron_taas.services.taas.tap_mirror_plugin [None req-b7834d86-37e2-4314-95a3-27ec3450c0a6 7f0f947e1b94418a93cc6dce153e71da e1fd5968b1a94394906f52d6bb9179aa - - default default] Tap Mirror: Handle Delete Port: d3d18cfd-30d0-4172-8291-17ef64af9c76
2026-09-11 18:46:47.984 6 INFO neutron.db.ovn_revision_numbers_db [None req-d56750d4-f67e-4cbd-b64f-c7ce0ef503ad 6b1cace80ef04bb18b8d30603ef6ba4d 61f2f5948d4641808e155535d8c28b8e - - default default] Successfully bumped revision number for resource 86b21cfb-6b1f-404c-a09d-65630e18acea (type: floatingips) to 2
2026-09-11 18:46:48.134 6 INFO neutron.db.l3_db [None req-d56750d4-f67e-4cbd-b64f-c7ce0ef503ad 6b1cace80ef04bb18b8d30603ef6ba4d 61f2f5948d4641808e155535d8c28b8e - - default default] Floating IP 86b21cfb-6b1f-404c-a09d-65630e18acea associated. External IP: 10.96.250.214, port: c48ce59a-f2eb-48aa-a81a-15acdae36e6e. [pid: 6|app: 0|req: 583/1121] 10.0.0.30 () {34 vars in 748 bytes} [Fri Sep 11 18:46:47 2026] PUT /v2.0/floatingips/86b21cfb-6b1f-404c-a09d-65630e18acea => generated 845 bytes in 728 msecs (HTTP/1.1 200) 4 headers in 157 bytes (1 switches on core 0) /var/lib/openstack/lib/python3.12/site-packages/pycadf/identifier.py:70: UserWarning: Invalid uuid: neutron. To ensure interoperability, identifiers should be a valid uuid. warnings.warn(('Invalid uuid: %s. To ensure interoperability, '
2026-09-11 18:46:48.286 6 WARNING neutron.scheduler.dhcp_agent_scheduler [None req-74ad2f1e-093c-473a-9dab-314690c651a3 7f0f947e1b94418a93cc6dce153e71da e1fd5968b1a94394906f52d6bb9179aa - - default default] No more DHCP agents
2026-09-11 18:46:48.287 6 WARNING neutron.api.rpc.agentnotifiers.dhcp_rpc_agent_api [None req-74ad2f1e-093c-473a-9dab-314690c651a3 7f0f947e1b94418a93cc6dce153e71da e1fd5968b1a94394906f52d6bb9179aa - - default default] Unable to schedule network 0c09b53c-d142-497b-b6e1-a5c225d4a419: no agents available; will retry on subsequent port and subnet creation events. [pid: 7|app: 0|req: 539/1122] 10.0.0.30 () {34 vars in 788 bytes} [Fri Sep 11 18:46:47 2026] PUT /v2.0/routers/9ca75976-ee17-4fd2-b14b-c64ad4e7e649/remove_router_interface => generated 310 bytes in 947 msecs (HTTP/1.1 200) 4 headers in 157 bytes (1 switches on core 0) /var/lib/openstack/lib/python3.12/site-packages/pycadf/identifier.py:70: UserWarning: Invalid uuid: neutron. To ensure interoperability, identifiers should be a valid uuid. warnings.warn(('Invalid uuid: %s. To ensure interoperability, '
2026-09-11 18:46:48.663 6 INFO neutron.db.ovn_revision_numbers_db [None req-74ad2f1e-093c-473a-9dab-314690c651a3 7f0f947e1b94418a93cc6dce153e71da e1fd5968b1a94394906f52d6bb9179aa - - default default] Successfully bumped revision number for resource 36f33f8d-7968-4e78-a6ee-ea6a58526d7b (type: ports) to 2
2026-09-11 18:46:48.707 6 INFO neutron.db.ovn_revision_numbers_db [None req-74ad2f1e-093c-473a-9dab-314690c651a3 7f0f947e1b94418a93cc6dce153e71da e1fd5968b1a94394906f52d6bb9179aa - - default default] Successfully bumped revision number for resource 28b741ec-0f79-4c19-84fe-24c40d175ddc (type: subnets) to 0 [pid: 6|app: 0|req: 584/1123] 10.0.0.30 () {34 vars in 668 bytes} [Fri Sep 11 18:46:48 2026] POST /v2.0/subnets => generated 690 bytes in 547 msecs (HTTP/1.1 201) 4 headers in 162 bytes (1 switches on core 0)
2026-09-11 18:46:48.809 7 INFO neutron.db.ovn_revision_numbers_db [None req-883b355d-fae2-4b75-99ec-fb0b2af0f927 dacf807296c745af82faae598fa8a488 a950f0c701ad422981d555412bd69bf8 - - default default] Successfully bumped revision number for resource 45c28af8-bf7d-4e6b-a088-d208e8217b51 (type: security_groups) to 1
2026-09-11 18:46:48.823 7 INFO neutron.db.ovn_revision_numbers_db [None req-883b355d-fae2-4b75-99ec-fb0b2af0f927 dacf807296c745af82faae598fa8a488 a950f0c701ad422981d555412bd69bf8 - - default default] Successfully bumped revision number for resource 383ecbd9-edbc-4195-9a11-9f632a252d56 (type: security_group_rules) to 0
2026-09-11 18:46:48.835 7 INFO neutron.db.ovn_revision_numbers_db [None req-883b355d-fae2-4b75-99ec-fb0b2af0f927 dacf807296c745af82faae598fa8a488 a950f0c701ad422981d555412bd69bf8 - - default default] Successfully bumped revision number for resource 75f5334c-29ed-4602-9de8-34fa66b5916f (type: security_group_rules) to 0
2026-09-11 18:46:48.847 7 INFO neutron.db.ovn_revision_numbers_db [None req-883b355d-fae2-4b75-99ec-fb0b2af0f927 dacf807296c745af82faae598fa8a488 a950f0c701ad422981d555412bd69bf8 - - default default] Successfully bumped revision number for resource a537d969-ed22-4dcd-b287-1910ea624be5 (type: security_group_rules) to 0
2026-09-11 18:46:48.859 7 INFO neutron.db.ovn_revision_numbers_db [None req-883b355d-fae2-4b75-99ec-fb0b2af0f927 dacf807296c745af82faae598fa8a488 a950f0c701ad422981d555412bd69bf8 - - default default] Successfully bumped revision number for resource e3522c2d-0ac3-444e-8750-59d6859badbc (type: security_group_rules) to 0 [pid: 6|app: 0|req: 585/1124] 10.0.0.61 () {28 vars in 584 bytes} [Fri Sep 11 18:46:48 2026] GET /v2.0/networks => generated 4690 bytes in 137 msecs (HTTP/1.1 200) 4 headers in 158 bytes (1 switches on core 0)
2026-09-11 18:46:48.965 7 INFO neutron.db.ovn_revision_numbers_db [None req-883b355d-fae2-4b75-99ec-fb0b2af0f927 dacf807296c745af82faae598fa8a488 a950f0c701ad422981d555412bd69bf8 - - default default] Successfully bumped revision number for resource ccd4dca2-11da-4c49-a4ed-66aad291d469 (type: security_groups) to 1
2026-09-11 18:46:48.977 7 INFO neutron.db.ovn_revision_numbers_db [None req-883b355d-fae2-4b75-99ec-fb0b2af0f927 dacf807296c745af82faae598fa8a488 a950f0c701ad422981d555412bd69bf8 - - default default] Successfully bumped revision number for resource 305ee66c-ca71-4205-aae6-4833e42130b4 (type: security_group_rules) to 0
2026-09-11 18:46:48.987 7 INFO neutron.db.ovn_revision_numbers_db [None req-883b355d-fae2-4b75-99ec-fb0b2af0f927 dacf807296c745af82faae598fa8a488 a950f0c701ad422981d555412bd69bf8 - - default default] Successfully bumped revision number for resource aef4814a-d9fc-49d1-9fb7-e2f7869d21b0 (type: security_group_rules) to 0 [pid: 7|app: 0|req: 540/1125] 10.0.0.30 () {34 vars in 683 bytes} [Fri Sep 11 18:46:48 2026] POST /v2.0/security-groups => generated 1624 bytes in 598 msecs (HTTP/1.1 201) 4 headers in 163 bytes (1 switches on core 0)
2026-09-11 18:46:49.170 6 INFO neutron.db.l3_db [None req-06806cef-d6af-4982-897b-530aa175f7ad 6b1cace80ef04bb18b8d30603ef6ba4d 61f2f5948d4641808e155535d8c28b8e - - default default] Floating IP 86b21cfb-6b1f-404c-a09d-65630e18acea disassociated. External IP: 10.96.250.214, port: 20ebeae8-2cb4-4cba-a65e-aca8de92b13e. [pid: 6|app: 0|req: 586/1126] 10.0.0.30 () {34 vars in 748 bytes} [Fri Sep 11 18:46:48 2026] PUT /v2.0/floatingips/86b21cfb-6b1f-404c-a09d-65630e18acea => generated 554 bytes in 351 msecs (HTTP/1.1 200) 4 headers in 157 bytes (1 switches on core 0) /var/lib/openstack/lib/python3.12/site-packages/pycadf/identifier.py:70: UserWarning: Invalid uuid: neutron. To ensure interoperability, identifiers should be a valid uuid. warnings.warn(('Invalid uuid: %s. To ensure interoperability, '
2026-09-11 18:46:49.469 7 INFO neutron_taas.services.taas.taas_plugin [None req-74003d78-2351-41fc-a36a-a1ceefd43e6d 7f0f947e1b94418a93cc6dce153e71da e1fd5968b1a94394906f52d6bb9179aa - - default default] TaaS: Handle Delete Port: 6cd3c386-65bc-4f63-9282-2feae440a37a
2026-09-11 18:46:49.473 7 INFO neutron_taas.services.taas.tap_mirror_plugin [None req-74003d78-2351-41fc-a36a-a1ceefd43e6d 7f0f947e1b94418a93cc6dce153e71da e1fd5968b1a94394906f52d6bb9179aa - - default default] Tap Mirror: Handle Delete Port: 6cd3c386-65bc-4f63-9282-2feae440a37a
2026-09-11 18:46:49.573 6 WARNING neutron.scheduler.dhcp_agent_scheduler [None req-3c251183-6453-4e9c-8830-aa36474f41a8 7f0f947e1b94418a93cc6dce153e71da e1fd5968b1a94394906f52d6bb9179aa - - default default] No more DHCP agents
2026-09-11 18:46:49.574 6 WARNING neutron.api.rpc.agentnotifiers.dhcp_rpc_agent_api [None req-3c251183-6453-4e9c-8830-aa36474f41a8 7f0f947e1b94418a93cc6dce153e71da e1fd5968b1a94394906f52d6bb9179aa - - default default] Unable to schedule network 9d33ba4f-91c1-40a1-836f-6441c7db8e37: no agents available; will retry on subsequent port and subnet creation events.
2026-09-11 18:46:49.678 6 INFO neutron.plugins.ml2.drivers.ovn.mech_driver.mech_driver [None req-77018821-daba-4ff3-89f1-093b28126e2b - - - - - -] OVN reports status down for port: 57d7aa9c-6104-4058-a43e-ddd5f167ebeb
2026-09-11 18:46:49.747 6 INFO neutron.db.ovn_revision_numbers_db [None req-3c251183-6453-4e9c-8830-aa36474f41a8 7f0f947e1b94418a93cc6dce153e71da e1fd5968b1a94394906f52d6bb9179aa - - default default] Successfully bumped revision number for resource 57d7aa9c-6104-4058-a43e-ddd5f167ebeb (type: ports) to 1 [pid: 7|app: 0|req: 541/1127] 10.0.0.30 () {32 vars in 723 bytes} [Fri Sep 11 18:46:49 2026] DELETE /v2.0/routers/9ca75976-ee17-4fd2-b14b-c64ad4e7e649 => generated 0 bytes in 914 msecs (HTTP/1.1 204) 2 headers in 112 bytes (1 switches on core 0) [pid: 7|app: 0|req: 542/1128] 10.0.0.61 () {28 vars in 582 bytes} [Fri Sep 11 18:46:49 2026] GET /v2.0/subnets => generated 3308 bytes in 31 msecs (HTTP/1.1 200) 4 headers in 158 bytes (1 switches on core 0) [pid: 7|app: 0|req: 543/1129] 10.0.0.30 () {32 vars in 662 bytes} [Fri Sep 11 18:46:49 2026] GET /v2.0/security-groups => generated 4529 bytes in 30 msecs (HTTP/1.1 200) 4 headers in 158 bytes (1 switches on core 0)
2026-09-11 18:46:50.133 7 INFO neutron_taas.services.taas.taas_plugin [None req-6b7673b4-3814-4fd8-a337-5646bdd92b3e 6b1cace80ef04bb18b8d30603ef6ba4d 61f2f5948d4641808e155535d8c28b8e - - default default] TaaS: Handle Delete Port: 8c6b12d5-01d3-4a0b-8c8f-7f09884f193d
2026-09-11 18:46:50.139 7 INFO neutron_taas.services.taas.tap_mirror_plugin [None req-6b7673b4-3814-4fd8-a337-5646bdd92b3e 6b1cace80ef04bb18b8d30603ef6ba4d 61f2f5948d4641808e155535d8c28b8e - - default default] Tap Mirror: Handle Delete Port: 8c6b12d5-01d3-4a0b-8c8f-7f09884f193d [pid: 7|app: 0|req: 544/1130] 10.0.0.30 () {32 vars in 731 bytes} [Fri Sep 11 18:46:50 2026] DELETE /v2.0/floatingips/86b21cfb-6b1f-404c-a09d-65630e18acea => generated 0 bytes in 313 msecs (HTTP/1.1 204) 2 headers in 112 bytes (1 switches on core 0)
2026-09-11 18:46:50.353 7 INFO neutron.plugins.ml2.drivers.ovn.mech_driver.ovsdb.ovsdb_monitor [None req-e3affa58-a51d-4640-8fb9-1ebc81425a5d - - - - - -] Router acb61c39-0351-43d0-b411-ad2f7cbcd353 is bound to host instance
2026-09-11 18:46:50.402 6 INFO neutron.plugins.ml2.drivers.ovn.mech_driver.mech_driver [None req-77018821-daba-4ff3-89f1-093b28126e2b - - - - - -] OVN reports status up for port: 57d7aa9c-6104-4058-a43e-ddd5f167ebeb
2026-09-11 18:46:50.433 6 INFO neutron.plugins.ml2.plugin [None req-77018821-daba-4ff3-89f1-093b28126e2b - - - - - -] Attempt 1 to provision port 57d7aa9c-6104-4058-a43e-ddd5f167ebeb
2026-09-11 18:46:50.462 6 INFO neutron.db.ovn_revision_numbers_db [None req-3c251183-6453-4e9c-8830-aa36474f41a8 7f0f947e1b94418a93cc6dce153e71da e1fd5968b1a94394906f52d6bb9179aa - - default default] Successfully bumped revision number for resource 57d7aa9c-6104-4058-a43e-ddd5f167ebeb (type: router_ports) to 1
2026-09-11 18:46:50.599 6 INFO neutron.db.ovn_revision_numbers_db [None req-3c251183-6453-4e9c-8830-aa36474f41a8 7f0f947e1b94418a93cc6dce153e71da e1fd5968b1a94394906f52d6bb9179aa - - default default] Successfully bumped revision number for resource acb61c39-0351-43d0-b411-ad2f7cbcd353 (type: routers) to 2 [pid: 6|app: 0|req: 587/1133] 10.0.0.30 () {34 vars in 668 bytes} [Fri Sep 11 18:46:49 2026] POST /v2.0/routers => generated 989 bytes in 1394 msecs (HTTP/1.1 201) 4 headers in 162 bytes (1 switches on core 0)
2026-09-11 18:46:50.648 7 WARNING neutron.plugins.ml2.drivers.ovn.mech_driver.ovsdb.ovn_client [None req-0533dea2-b426-4597-8ed9-34e6aeae20bc - - - - - -] No hosting information found for port 8270fca9-fe81-4718-9533-15e9322fa147: RuntimeError: No hosting information found for port 8270fca9-fe81-4718-9533-15e9322fa147 [pid: 6|app: 0|req: 588/1134] 10.0.0.61 () {28 vars in 578 bytes} [Fri Sep 11 18:46:50 2026] GET /v2.0/ports => generated 13384 bytes in 45 msecs (HTTP/1.1 200) 4 headers in 159 bytes (1 switches on core 0)
2026-09-11 18:46:50.725 6 INFO neutron.db.ovn_revision_numbers_db [None req-3a8e5c1e-2b00-4211-8a5d-a4ab107bcbd0 dacf807296c745af82faae598fa8a488 a950f0c701ad422981d555412bd69bf8 - - default default] Successfully bumped revision number for resource ccd4dca2-11da-4c49-a4ed-66aad291d469 (type: security_groups) to 2 [pid: 6|app: 0|req: 589/1135] 10.0.0.30 () {34 vars in 757 bytes} [Fri Sep 11 18:46:50 2026] PUT /v2.0/security-groups/ccd4dca2-11da-4c49-a4ed-66aad291d469 => generated 1661 bytes in 83 msecs (HTTP/1.1 200) 4 headers in 158 bytes (1 switches on core 0)
2026-09-11 18:46:50.761 6 INFO neutron.api.v2.resource [None req-7947eb5b-a78f-4dc3-aaed-f682fea1b8e3 6b1cace80ef04bb18b8d30603ef6ba4d 61f2f5948d4641808e155535d8c28b8e - - default default] delete failed (client error): The resource could not be found. [pid: 6|app: 0|req: 590/1136] 10.0.0.30 () {32 vars in 731 bytes} [Fri Sep 11 18:46:50 2026] DELETE /v2.0/floatingips/86b21cfb-6b1f-404c-a09d-65630e18acea => generated 144 bytes in 15 msecs (HTTP/1.1 404) 4 headers in 164 bytes (1 switches on core 0)
2026-09-11 18:46:50.782 7 INFO neutron.common.ovn.utils [None req-0533dea2-b426-4597-8ed9-34e6aeae20bc - - - - - -] HA Chassis Group neutron-f40fce36-77ef-4fa4-bdec-ae44c38f2fca synchronized; highest priority chassis 54bdbd50-1fe4-4fd9-b506-dd168b6e8e2a [pid: 7|app: 0|req: 547/1137] 10.0.0.30 () {32 vars in 723 bytes} [Fri Sep 11 18:46:50 2026] DELETE /v2.0/subnets/72758517-6ad4-4fd6-8ecf-0b706d94fe67 => generated 0 bytes in 557 msecs (HTTP/1.1 204) 3 headers in 131 bytes (1 switches on core 0) [pid: 7|app: 0|req: 548/1138] 10.0.0.61 () {28 vars in 580 bytes} [Fri Sep 11 18:46:50 2026] GET /v2.0/agents => generated 1214 bytes in 226 msecs (HTTP/1.1 200) 4 headers in 158 bytes (1 switches on core 0)
2026-09-11 18:46:51.177 6 WARNING neutron.scheduler.dhcp_agent_scheduler [None req-dbe2c1b7-68d8-4845-ab95-58d70f70140b 7f0f947e1b94418a93cc6dce153e71da e1fd5968b1a94394906f52d6bb9179aa - - default default] No more DHCP agents
2026-09-11 18:46:51.178 6 WARNING neutron.api.rpc.agentnotifiers.dhcp_rpc_agent_api [None req-dbe2c1b7-68d8-4845-ab95-58d70f70140b 7f0f947e1b94418a93cc6dce153e71da e1fd5968b1a94394906f52d6bb9179aa - - default default] Unable to schedule network 0c09b53c-d142-497b-b6e1-a5c225d4a419: no agents available; will retry on subsequent port and subnet creation events.
2026-09-11 18:46:51.199 7 INFO neutron.db.ovn_revision_numbers_db [None req-0533dea2-b426-4597-8ed9-34e6aeae20bc - - - - - -] Successfully bumped revision number for resource 8270fca9-fe81-4718-9533-15e9322fa147 (type: router_ports) to 2
2026-09-11 18:46:51.200 7 INFO neutron.plugins.ml2.drivers.ovn.mech_driver.mech_driver [None req-0533dea2-b426-4597-8ed9-34e6aeae20bc - - - - - -] OVN reports status down for port: 20ebeae8-2cb4-4cba-a65e-aca8de92b13e [pid: 7|app: 0|req: 549/1139] 10.0.0.30 () {32 vars in 736 bytes} [Fri Sep 11 18:46:51 2026] GET /v2.0/security-groups/ccd4dca2-11da-4c49-a4ed-66aad291d469 => generated 1661 bytes in 123 msecs (HTTP/1.1 200) 4 headers in 158 bytes (1 switches on core 0)
2026-09-11 18:46:51.397 6 INFO neutron.db.ovn_revision_numbers_db [None req-dbe2c1b7-68d8-4845-ab95-58d70f70140b 7f0f947e1b94418a93cc6dce153e71da e1fd5968b1a94394906f52d6bb9179aa - - default default] Successfully bumped revision number for resource 14f18314-bb70-422b-bffb-d049002c9343 (type: ports) to 1
2026-09-11 18:46:51.600 7 INFO neutron.plugins.ml2.drivers.ovn.mech_driver.mech_driver [None req-0533dea2-b426-4597-8ed9-34e6aeae20bc - - - - - -] OVN reports status down for port: 36f33f8d-7968-4e78-a6ee-ea6a58526d7b
2026-09-11 18:46:51.877 7 INFO neutron_taas.services.taas.taas_plugin [None req-61c4b19a-6d5f-4346-baaf-9866373d54e9 6b1cace80ef04bb18b8d30603ef6ba4d 61f2f5948d4641808e155535d8c28b8e - - default default] TaaS: Handle Delete Port: 20ebeae8-2cb4-4cba-a65e-aca8de92b13e
2026-09-11 18:46:51.884 7 INFO neutron_taas.services.taas.tap_mirror_plugin [None req-61c4b19a-6d5f-4346-baaf-9866373d54e9 6b1cace80ef04bb18b8d30603ef6ba4d 61f2f5948d4641808e155535d8c28b8e - - default default] Tap Mirror: Handle Delete Port: 20ebeae8-2cb4-4cba-a65e-aca8de92b13e
2026-09-11 18:46:52.175 6 WARNING neutron.scheduler.dhcp_agent_scheduler [None req-dbe2c1b7-68d8-4845-ab95-58d70f70140b 7f0f947e1b94418a93cc6dce153e71da e1fd5968b1a94394906f52d6bb9179aa - - default default] No more DHCP agents
2026-09-11 18:46:52.176 6 WARNING neutron.api.rpc.agentnotifiers.dhcp_rpc_agent_api [None req-dbe2c1b7-68d8-4845-ab95-58d70f70140b 7f0f947e1b94418a93cc6dce153e71da e1fd5968b1a94394906f52d6bb9179aa - - default default] Unable to schedule network 0c09b53c-d142-497b-b6e1-a5c225d4a419: no agents available; will retry on subsequent port and subnet creation events. [pid: 7|app: 0|req: 550/1140] 10.0.0.30 () {32 vars in 719 bytes} [Fri Sep 11 18:46:51 2026] DELETE /v2.0/ports/20ebeae8-2cb4-4cba-a65e-aca8de92b13e => generated 0 bytes in 1108 msecs (HTTP/1.1 204) 3 headers in 131 bytes (1 switches on core 0)
2026-09-11 18:46:52.637 7 INFO neutron_taas.services.taas.taas_plugin [None req-677afafa-0638-4bbd-b7cd-70a74a0c235e 7f0f947e1b94418a93cc6dce153e71da e1fd5968b1a94394906f52d6bb9179aa - - default default] TaaS: Handle Delete Port: 64843f15-4562-492c-8ee3-2c32df6d4f79
2026-09-11 18:46:52.647 7 INFO neutron_taas.services.taas.tap_mirror_plugin [None req-677afafa-0638-4bbd-b7cd-70a74a0c235e 7f0f947e1b94418a93cc6dce153e71da e1fd5968b1a94394906f52d6bb9179aa - - default default] Tap Mirror: Handle Delete Port: 64843f15-4562-492c-8ee3-2c32df6d4f79
2026-09-11 18:46:52.752 6 INFO neutron.db.ovn_revision_numbers_db [None req-dbe2c1b7-68d8-4845-ab95-58d70f70140b 7f0f947e1b94418a93cc6dce153e71da e1fd5968b1a94394906f52d6bb9179aa - - default default] Successfully bumped revision number for resource 14f18314-bb70-422b-bffb-d049002c9343 (type: router_ports) to 1
2026-09-11 18:46:52.758 7 INFO neutron.db.ovn_revision_numbers_db [None req-7e8387c3-0015-4b3e-a649-ed7ed609ffc7 - - - - - -] Successfully bumped revision number for resource 57d7aa9c-6104-4058-a43e-ddd5f167ebeb (type: ports) to 4 [pid: 6|app: 0|req: 591/1141] 10.0.0.30 () {34 vars in 782 bytes} [Fri Sep 11 18:46:50 2026] PUT /v2.0/routers/acb61c39-0351-43d0-b411-ad2f7cbcd353/add_router_interface => generated 310 bytes in 1999 msecs (HTTP/1.1 200) 4 headers in 157 bytes (1 switches on core 0) [pid: 6|app: 0|req: 592/1142] 10.0.0.61 () {28 vars in 618 bytes} [Fri Sep 11 18:46:52 2026] GET /v2.0/network-ip-availabilities => generated 3817 bytes in 26 msecs (HTTP/1.1 200) 4 headers in 158 bytes (1 switches on core 0) [pid: 6|app: 0|req: 593/1143] 10.0.0.30 () {32 vars in 739 bytes} [Fri Sep 11 18:46:52 2026] DELETE /v2.0/security-groups/ccd4dca2-11da-4c49-a4ed-66aad291d469 => generated 0 bytes in 196 msecs (HTTP/1.1 204) 2 headers in 112 bytes (1 switches on core 0)
2026-09-11 18:46:53.103 7 INFO neutron.services.segments.plugin [-] Segment db8a7ed6-d5f3-4c4d-b27d-bd5794a0431d resource provider aggregate not found
2026-09-11 18:46:53.117 7 INFO neutron.services.segments.plugin [-] Segment db8a7ed6-d5f3-4c4d-b27d-bd5794a0431d resource provider aggregate not found
2026-09-11 18:46:53.150 7 INFO neutron.services.segments.plugin [-] Client error retrieving segment db8a7ed6-d5f3-4c4d-b27d-bd5794a0431d resource provider; error: Placement Client Error (4xx): {"errors": [{"status": 404, "title": "Not Found", "detail": "The resource could not be found.\n\n No resource provider with uuid db8a7ed6-d5f3-4c4d-b27d-bd5794a0431d found for delete ", "request_id": "req-c77cf8c1-a423-43e6-8c4d-7986b19869e0"}]}
2026-09-11 18:46:53.151 7 INFO neutron.services.segments.plugin [-] Client error retrieving segment db8a7ed6-d5f3-4c4d-b27d-bd5794a0431d resource provider; error: Placement Client Error (4xx): {"errors": [{"status": 404, "title": "Not Found", "detail": "The resource could not be found.\n\n No resource provider with uuid db8a7ed6-d5f3-4c4d-b27d-bd5794a0431d found for delete ", "request_id": "req-559674b8-079e-419a-bbfd-f3a6172d948a"}]}
2026-09-11 18:46:53.158 6 INFO neutron.plugins.ml2.drivers.ovn.mech_driver.mech_driver [None req-77018821-daba-4ff3-89f1-093b28126e2b - - - - - -] OVN reports status down for port: 14f18314-bb70-422b-bffb-d049002c9343 [pid: 7|app: 0|req: 551/1144] 10.0.0.30 () {32 vars in 725 bytes} [Fri Sep 11 18:46:52 2026] DELETE /v2.0/networks/04b28dc2-e30f-4fc8-88d4-5468ca3e94be => generated 0 bytes in 920 msecs (HTTP/1.1 204) 3 headers in 131 bytes (1 switches on core 0)
2026-09-11 18:46:53.307 6 WARNING neutron.plugins.ml2.drivers.ovn.mech_driver.ovsdb.ovn_client [None req-77018821-daba-4ff3-89f1-093b28126e2b - - - - - -] Logical_Switch_Port 14f18314-bb70-422b-bffb-d049002c9343 host information not removed, the port state is up
