May 20 22:05:21.101765 np0000175562 systemd[1]: Starting devstack@n-api-meta.service - Devstack devstack@n-api-meta.service...
May 20 22:05:21.112303 np0000175562 devstack@n-api-meta.service[108182]: [uWSGI] getting INI configuration from /etc/nova/nova-metadata-uwsgi.ini
May 20 22:05:21.115172 np0000175562 devstack@n-api-meta.service[108182]: *** Starting uWSGI 2.0.24-debian (64bit) on [Wed May 20 22:05:21 2026] ***
May 20 22:05:21.115172 np0000175562 devstack@n-api-meta.service[108182]: compiled with version: 13.2.0 on 17 April 2024 16:23:48
May 20 22:05:21.115172 np0000175562 devstack@n-api-meta.service[108182]: os: Linux-6.8.0-111-generic #111-Ubuntu SMP PREEMPT_DYNAMIC Sat Apr 11 23:16:02 UTC 2026
May 20 22:05:21.115172 np0000175562 devstack@n-api-meta.service[108182]: nodename: np0000175562
May 20 22:05:21.115172 np0000175562 devstack@n-api-meta.service[108182]: machine: x86_64
May 20 22:05:21.115172 np0000175562 devstack@n-api-meta.service[108182]: clock source: unix
May 20 22:05:21.115172 np0000175562 devstack@n-api-meta.service[108182]: pcre jit disabled
May 20 22:05:21.115172 np0000175562 devstack@n-api-meta.service[108182]: detected number of CPU cores: 16
May 20 22:05:21.115172 np0000175562 devstack@n-api-meta.service[108182]: current working directory: /
May 20 22:05:21.115172 np0000175562 devstack@n-api-meta.service[108182]: detected binary path: /usr/bin/uwsgi-core
May 20 22:05:21.115172 np0000175562 devstack@n-api-meta.service[108182]: your processes number limit is 256917
May 20 22:05:21.115172 np0000175562 devstack@n-api-meta.service[108182]: your memory page size is 4096 bytes
May 20 22:05:21.115172 np0000175562 devstack@n-api-meta.service[108182]: detected max file descriptor number: 2048
May 20 22:05:21.115172 np0000175562 devstack@n-api-meta.service[108182]: lock engine: pthread robust mutexes
May 20 22:05:21.115919 np0000175562 devstack@n-api-meta.service[108182]: thunder lock: enabled
May 20 22:05:21.115919 np0000175562 devstack@n-api-meta.service[108182]: uWSGI http bound on 0.0.0.0:8775 fd 5
May 20 22:05:21.115919 np0000175562 devstack@n-api-meta.service[108182]: uwsgi socket 0 bound to TCP address 127.0.0.1:41201 (port auto-assigned) fd 4
May 20 22:05:21.115919 np0000175562 devstack@n-api-meta.service[108182]: Python version: 3.12.3 (main, Mar 23 2026, 19:04:32) [GCC 13.3.0]
May 20 22:05:21.115919 np0000175562 devstack@n-api-meta.service[108182]: PEP 405 virtualenv detected: /opt/stack/data/venv
May 20 22:05:21.115919 np0000175562 devstack@n-api-meta.service[108182]: Set PythonHome to /opt/stack/data/venv
May 20 22:05:21.149960 np0000175562 devstack@n-api-meta.service[108182]: Python main interpreter initialized at 0x7297798a3668
May 20 22:05:21.149960 np0000175562 devstack@n-api-meta.service[108182]: python threads support enabled
May 20 22:05:21.149960 np0000175562 devstack@n-api-meta.service[108182]: your server socket listen backlog is limited to 100 connections
May 20 22:05:21.149960 np0000175562 devstack@n-api-meta.service[108182]: your mercy for graceful operations on workers is 80 seconds
May 20 22:05:21.150374 np0000175562 devstack@n-api-meta.service[108182]: mapped 671795 bytes (656 KB) for 4 cores
May 20 22:05:21.150504 np0000175562 devstack@n-api-meta.service[108182]: *** Operational MODE: preforking ***
May 20 22:05:21.150663 np0000175562 devstack@n-api-meta.service[108182]: *** uWSGI is running in multiple interpreter mode ***
May 20 22:05:21.150663 np0000175562 devstack@n-api-meta.service[108182]: spawned uWSGI master process (pid: 108182)
May 20 22:05:21.150888 np0000175562 systemd[1]: Started devstack@n-api-meta.service - Devstack devstack@n-api-meta.service.
May 20 22:05:21.151266 np0000175562 devstack@n-api-meta.service[108182]: spawned uWSGI worker 1 (pid: 108183, cores: 1)
May 20 22:05:21.151767 np0000175562 devstack@n-api-meta.service[108182]: spawned uWSGI worker 2 (pid: 108184, cores: 1)
May 20 22:05:21.152213 np0000175562 devstack@n-api-meta.service[108182]: spawned uWSGI worker 3 (pid: 108185, cores: 1)
May 20 22:05:21.152703 np0000175562 devstack@n-api-meta.service[108182]: spawned uWSGI worker 4 (pid: 108186, cores: 1)
May 20 22:05:21.153173 np0000175562 devstack@n-api-meta.service[108182]: spawned uWSGI http 1 (pid: 108187)
May 20 22:05:21.153173 np0000175562 devstack@n-api-meta.service[108182]: running "unix_signal:15 gracefully_kill_them_all" (master-start)...
May 20 22:05:22.964877 np0000175562 devstack@n-api-meta.service[108185]: INFO dbcounter [None req-c7b5cffa-9f7f-4565-a064-e0b454c890c6 None None] Registered counter for database nova_api
May 20 22:05:22.989143 np0000175562 devstack@n-api-meta.service[108185]: DEBUG oslo_db.sqlalchemy.engines [None req-c7b5cffa-9f7f-4565-a064-e0b454c890c6 None None] MySQL server mode set to STRICT_TRANS_TABLES,STRICT_ALL_TABLES,NO_ZERO_IN_DATE,NO_ZERO_DATE,ERROR_FOR_DIVISION_BY_ZERO,TRADITIONAL,NO_ENGINE_SUBSTITUTION {{(pid=108185) _check_effective_sql_mode /opt/stack/data/venv/lib/python3.12/site-packages/oslo_db/sqlalchemy/engines.py:325}}
May 20 22:05:22.993761 np0000175562 devstack@n-api-meta.service[108183]: INFO dbcounter [None req-067e41e6-cca0-43ee-83d2-b2c11eed0f9d None None] Registered counter for database nova_api
May 20 22:05:23.009019 np0000175562 devstack@n-api-meta.service[108183]: DEBUG oslo_db.sqlalchemy.engines [None req-067e41e6-cca0-43ee-83d2-b2c11eed0f9d None None] MySQL server mode set to STRICT_TRANS_TABLES,STRICT_ALL_TABLES,NO_ZERO_IN_DATE,NO_ZERO_DATE,ERROR_FOR_DIVISION_BY_ZERO,TRADITIONAL,NO_ENGINE_SUBSTITUTION {{(pid=108183) _check_effective_sql_mode /opt/stack/data/venv/lib/python3.12/site-packages/oslo_db/sqlalchemy/engines.py:325}}
May 20 22:05:23.009137 np0000175562 devstack@n-api-meta.service[108184]: INFO dbcounter [None req-f6e84b2c-ce21-4c85-b500-6bb9f4444250 None None] Registered counter for database nova_api
May 20 22:05:23.021198 np0000175562 devstack@n-api-meta.service[108185]: DEBUG dbcounter [-] [108185] Writer thread running {{(pid=108185) stat_writer /opt/stack/data/venv/lib/python3.12/site-packages/dbcounter.py:102}}
May 20 22:05:23.023246 np0000175562 devstack@n-api-meta.service[108185]: DEBUG nova.context [None req-c7b5cffa-9f7f-4565-a064-e0b454c890c6 None None] Found 2 cells: 00000000-0000-0000-0000-000000000000(cell0),8058bd8e-3a49-47c6-8966-053c8d8096c1(cell1) {{(pid=108185) load_cells /opt/stack/nova/nova/context.py:509}}
May 20 22:05:23.023464 np0000175562 devstack@n-api-meta.service[108185]: INFO nova.utils [None req-c7b5cffa-9f7f-4565-a064-e0b454c890c6 None None] The cell worker thread pool MainProcess.cell_worker is initialized
May 20 22:05:23.025180 np0000175562 devstack@n-api-meta.service[108185]: DEBUG oslo_concurrency.lockutils [None req-c7b5cffa-9f7f-4565-a064-e0b454c890c6 None None] Acquiring lock "00000000-0000-0000-0000-000000000000" by "nova.context.set_target_cell..get_or_set_cached_cell_and_set_connections" {{(pid=108185) inner /opt/stack/data/venv/lib/python3.12/site-packages/oslo_concurrency/lockutils.py:511}}
May 20 22:05:23.025336 np0000175562 devstack@n-api-meta.service[108185]: DEBUG oslo_concurrency.lockutils [None req-c7b5cffa-9f7f-4565-a064-e0b454c890c6 None None] Lock "00000000-0000-0000-0000-000000000000" acquired by "nova.context.set_target_cell..get_or_set_cached_cell_and_set_connections" :: waited 0.000s {{(pid=108185) inner /opt/stack/data/venv/lib/python3.12/site-packages/oslo_concurrency/lockutils.py:524}}
May 20 22:05:23.025704 np0000175562 devstack@n-api-meta.service[108185]: DEBUG oslo_concurrency.lockutils [None req-c7b5cffa-9f7f-4565-a064-e0b454c890c6 None None] Lock "00000000-0000-0000-0000-000000000000" "released" by "nova.context.set_target_cell..get_or_set_cached_cell_and_set_connections" :: held 0.000s {{(pid=108185) inner /opt/stack/data/venv/lib/python3.12/site-packages/oslo_concurrency/lockutils.py:543}}
May 20 22:05:23.025824 np0000175562 devstack@n-api-meta.service[108184]: DEBUG oslo_db.sqlalchemy.engines [None req-f6e84b2c-ce21-4c85-b500-6bb9f4444250 None None] MySQL server mode set to STRICT_TRANS_TABLES,STRICT_ALL_TABLES,NO_ZERO_IN_DATE,NO_ZERO_DATE,ERROR_FOR_DIVISION_BY_ZERO,TRADITIONAL,NO_ENGINE_SUBSTITUTION {{(pid=108184) _check_effective_sql_mode /opt/stack/data/venv/lib/python3.12/site-packages/oslo_db/sqlalchemy/engines.py:325}}
May 20 22:05:23.026726 np0000175562 devstack@n-api-meta.service[108185]: DEBUG oslo_concurrency.lockutils [None req-c7b5cffa-9f7f-4565-a064-e0b454c890c6 None None] Acquiring lock "8058bd8e-3a49-47c6-8966-053c8d8096c1" by "nova.context.set_target_cell..get_or_set_cached_cell_and_set_connections" {{(pid=108185) inner /opt/stack/data/venv/lib/python3.12/site-packages/oslo_concurrency/lockutils.py:511}}
May 20 22:05:23.026855 np0000175562 devstack@n-api-meta.service[108185]: DEBUG oslo_concurrency.lockutils [None req-c7b5cffa-9f7f-4565-a064-e0b454c890c6 None None] Lock "8058bd8e-3a49-47c6-8966-053c8d8096c1" acquired by "nova.context.set_target_cell..get_or_set_cached_cell_and_set_connections" :: waited 0.000s {{(pid=108185) inner /opt/stack/data/venv/lib/python3.12/site-packages/oslo_concurrency/lockutils.py:524}}
May 20 22:05:23.027678 np0000175562 devstack@n-api-meta.service[108185]: DEBUG oslo_concurrency.lockutils [None req-c7b5cffa-9f7f-4565-a064-e0b454c890c6 None None] Lock "8058bd8e-3a49-47c6-8966-053c8d8096c1" "released" by "nova.context.set_target_cell..get_or_set_cached_cell_and_set_connections" :: held 0.001s {{(pid=108185) inner /opt/stack/data/venv/lib/python3.12/site-packages/oslo_concurrency/lockutils.py:543}}
May 20 22:05:23.028319 np0000175562 devstack@n-api-meta.service[108186]: INFO dbcounter [None req-9110ac5c-80fb-4d5b-ad5a-c70f8cc91a6a None None] Registered counter for database nova_api
May 20 22:05:23.030631 np0000175562 devstack@n-api-meta.service[108185]: INFO dbcounter [None req-c7b5cffa-9f7f-4565-a064-e0b454c890c6 None None] Registered counter for database nova_cell0
May 20 22:05:23.036134 np0000175562 devstack@n-api-meta.service[108185]: INFO dbcounter [None req-c7b5cffa-9f7f-4565-a064-e0b454c890c6 None None] Registered counter for database nova_cell1
May 20 22:05:23.042732 np0000175562 devstack@n-api-meta.service[108183]: DEBUG dbcounter [-] [108183] Writer thread running {{(pid=108183) stat_writer /opt/stack/data/venv/lib/python3.12/site-packages/dbcounter.py:102}}
May 20 22:05:23.044979 np0000175562 devstack@n-api-meta.service[108183]: DEBUG nova.context [None req-067e41e6-cca0-43ee-83d2-b2c11eed0f9d None None] Found 2 cells: 00000000-0000-0000-0000-000000000000(cell0),8058bd8e-3a49-47c6-8966-053c8d8096c1(cell1) {{(pid=108183) load_cells /opt/stack/nova/nova/context.py:509}}
May 20 22:05:23.045203 np0000175562 devstack@n-api-meta.service[108183]: INFO nova.utils [None req-067e41e6-cca0-43ee-83d2-b2c11eed0f9d None None] The cell worker thread pool MainProcess.cell_worker is initialized
May 20 22:05:23.045276 np0000175562 devstack@n-api-meta.service[108186]: DEBUG oslo_db.sqlalchemy.engines [None req-9110ac5c-80fb-4d5b-ad5a-c70f8cc91a6a None None] MySQL server mode set to STRICT_TRANS_TABLES,STRICT_ALL_TABLES,NO_ZERO_IN_DATE,NO_ZERO_DATE,ERROR_FOR_DIVISION_BY_ZERO,TRADITIONAL,NO_ENGINE_SUBSTITUTION {{(pid=108186) _check_effective_sql_mode /opt/stack/data/venv/lib/python3.12/site-packages/oslo_db/sqlalchemy/engines.py:325}}
May 20 22:05:23.047031 np0000175562 devstack@n-api-meta.service[108183]: DEBUG oslo_concurrency.lockutils [None req-067e41e6-cca0-43ee-83d2-b2c11eed0f9d None None] Acquiring lock "00000000-0000-0000-0000-000000000000" by "nova.context.set_target_cell..get_or_set_cached_cell_and_set_connections" {{(pid=108183) inner /opt/stack/data/venv/lib/python3.12/site-packages/oslo_concurrency/lockutils.py:511}}
May 20 22:05:23.047197 np0000175562 devstack@n-api-meta.service[108183]: DEBUG oslo_concurrency.lockutils [None req-067e41e6-cca0-43ee-83d2-b2c11eed0f9d None None] Lock "00000000-0000-0000-0000-000000000000" acquired by "nova.context.set_target_cell..get_or_set_cached_cell_and_set_connections" :: waited 0.000s {{(pid=108183) inner /opt/stack/data/venv/lib/python3.12/site-packages/oslo_concurrency/lockutils.py:524}}
May 20 22:05:23.047576 np0000175562 devstack@n-api-meta.service[108183]: DEBUG oslo_concurrency.lockutils [None req-067e41e6-cca0-43ee-83d2-b2c11eed0f9d None None] Lock "00000000-0000-0000-0000-000000000000" "released" by "nova.context.set_target_cell..get_or_set_cached_cell_and_set_connections" :: held 0.000s {{(pid=108183) inner /opt/stack/data/venv/lib/python3.12/site-packages/oslo_concurrency/lockutils.py:543}}
May 20 22:05:23.048283 np0000175562 devstack@n-api-meta.service[108183]: DEBUG oslo_concurrency.lockutils [None req-067e41e6-cca0-43ee-83d2-b2c11eed0f9d None None] Acquiring lock "8058bd8e-3a49-47c6-8966-053c8d8096c1" by "nova.context.set_target_cell..get_or_set_cached_cell_and_set_connections" {{(pid=108183) inner /opt/stack/data/venv/lib/python3.12/site-packages/oslo_concurrency/lockutils.py:511}}
May 20 22:05:23.051072 np0000175562 devstack@n-api-meta.service[108183]: DEBUG oslo_concurrency.lockutils [None req-067e41e6-cca0-43ee-83d2-b2c11eed0f9d None None] Lock "8058bd8e-3a49-47c6-8966-053c8d8096c1" acquired by "nova.context.set_target_cell..get_or_set_cached_cell_and_set_connections" :: waited 0.000s {{(pid=108183) inner /opt/stack/data/venv/lib/python3.12/site-packages/oslo_concurrency/lockutils.py:524}}
May 20 22:05:23.051537 np0000175562 devstack@n-api-meta.service[108185]: DEBUG oslo_db.sqlalchemy.engines [None req-c7b5cffa-9f7f-4565-a064-e0b454c890c6 None None] MySQL server mode set to STRICT_TRANS_TABLES,STRICT_ALL_TABLES,NO_ZERO_IN_DATE,NO_ZERO_DATE,ERROR_FOR_DIVISION_BY_ZERO,TRADITIONAL,NO_ENGINE_SUBSTITUTION {{(pid=108185) _check_effective_sql_mode /opt/stack/data/venv/lib/python3.12/site-packages/oslo_db/sqlalchemy/engines.py:325}}
May 20 22:05:23.052537 np0000175562 devstack@n-api-meta.service[108183]: INFO dbcounter [None req-067e41e6-cca0-43ee-83d2-b2c11eed0f9d None None] Registered counter for database nova_cell0
May 20 22:05:23.055182 np0000175562 devstack@n-api-meta.service[108183]: DEBUG oslo_concurrency.lockutils [None req-067e41e6-cca0-43ee-83d2-b2c11eed0f9d None None] Lock "8058bd8e-3a49-47c6-8966-053c8d8096c1" "released" by "nova.context.set_target_cell..get_or_set_cached_cell_and_set_connections" :: held 0.004s {{(pid=108183) inner /opt/stack/data/venv/lib/python3.12/site-packages/oslo_concurrency/lockutils.py:543}}
May 20 22:05:23.055308 np0000175562 devstack@n-api-meta.service[108185]: DEBUG oslo_db.sqlalchemy.engines [None req-c7b5cffa-9f7f-4565-a064-e0b454c890c6 None None] MySQL server mode set to STRICT_TRANS_TABLES,STRICT_ALL_TABLES,NO_ZERO_IN_DATE,NO_ZERO_DATE,ERROR_FOR_DIVISION_BY_ZERO,TRADITIONAL,NO_ENGINE_SUBSTITUTION {{(pid=108185) _check_effective_sql_mode /opt/stack/data/venv/lib/python3.12/site-packages/oslo_db/sqlalchemy/engines.py:325}}
May 20 22:05:23.059449 np0000175562 devstack@n-api-meta.service[108183]: INFO dbcounter [None req-067e41e6-cca0-43ee-83d2-b2c11eed0f9d None None] Registered counter for database nova_cell1
May 20 22:05:23.061763 np0000175562 devstack@n-api-meta.service[108184]: DEBUG dbcounter [-] [108184] Writer thread running {{(pid=108184) stat_writer /opt/stack/data/venv/lib/python3.12/site-packages/dbcounter.py:102}}
May 20 22:05:23.064034 np0000175562 devstack@n-api-meta.service[108184]: DEBUG nova.context [None req-f6e84b2c-ce21-4c85-b500-6bb9f4444250 None None] Found 2 cells: 00000000-0000-0000-0000-000000000000(cell0),8058bd8e-3a49-47c6-8966-053c8d8096c1(cell1) {{(pid=108184) load_cells /opt/stack/nova/nova/context.py:509}}
May 20 22:05:23.064282 np0000175562 devstack@n-api-meta.service[108184]: INFO nova.utils [None req-f6e84b2c-ce21-4c85-b500-6bb9f4444250 None None] The cell worker thread pool MainProcess.cell_worker is initialized
May 20 22:05:23.066095 np0000175562 devstack@n-api-meta.service[108184]: DEBUG oslo_concurrency.lockutils [None req-f6e84b2c-ce21-4c85-b500-6bb9f4444250 None None] Acquiring lock "00000000-0000-0000-0000-000000000000" by "nova.context.set_target_cell..get_or_set_cached_cell_and_set_connections" {{(pid=108184) inner /opt/stack/data/venv/lib/python3.12/site-packages/oslo_concurrency/lockutils.py:511}}
May 20 22:05:23.066263 np0000175562 devstack@n-api-meta.service[108184]: DEBUG oslo_concurrency.lockutils [None req-f6e84b2c-ce21-4c85-b500-6bb9f4444250 None None] Lock "00000000-0000-0000-0000-000000000000" acquired by "nova.context.set_target_cell..get_or_set_cached_cell_and_set_connections" :: waited 0.000s {{(pid=108184) inner /opt/stack/data/venv/lib/python3.12/site-packages/oslo_concurrency/lockutils.py:524}}
May 20 22:05:23.066668 np0000175562 devstack@n-api-meta.service[108184]: DEBUG oslo_concurrency.lockutils [None req-f6e84b2c-ce21-4c85-b500-6bb9f4444250 None None] Lock "00000000-0000-0000-0000-000000000000" "released" by "nova.context.set_target_cell..get_or_set_cached_cell_and_set_connections" :: held 0.000s {{(pid=108184) inner /opt/stack/data/venv/lib/python3.12/site-packages/oslo_concurrency/lockutils.py:543}}
May 20 22:05:23.067328 np0000175562 devstack@n-api-meta.service[108184]: DEBUG oslo_concurrency.lockutils [None req-f6e84b2c-ce21-4c85-b500-6bb9f4444250 None None] Acquiring lock "8058bd8e-3a49-47c6-8966-053c8d8096c1" by "nova.context.set_target_cell..get_or_set_cached_cell_and_set_connections" {{(pid=108184) inner /opt/stack/data/venv/lib/python3.12/site-packages/oslo_concurrency/lockutils.py:511}}
May 20 22:05:23.067476 np0000175562 devstack@n-api-meta.service[108184]: DEBUG oslo_concurrency.lockutils [None req-f6e84b2c-ce21-4c85-b500-6bb9f4444250 None None] Lock "8058bd8e-3a49-47c6-8966-053c8d8096c1" acquired by "nova.context.set_target_cell..get_or_set_cached_cell_and_set_connections" :: waited 0.000s {{(pid=108184) inner /opt/stack/data/venv/lib/python3.12/site-packages/oslo_concurrency/lockutils.py:524}}
May 20 22:05:23.068338 np0000175562 devstack@n-api-meta.service[108184]: DEBUG oslo_concurrency.lockutils [None req-f6e84b2c-ce21-4c85-b500-6bb9f4444250 None None] Lock "8058bd8e-3a49-47c6-8966-053c8d8096c1" "released" by "nova.context.set_target_cell..get_or_set_cached_cell_and_set_connections" :: held 0.001s {{(pid=108184) inner /opt/stack/data/venv/lib/python3.12/site-packages/oslo_concurrency/lockutils.py:543}}
May 20 22:05:23.070500 np0000175562 devstack@n-api-meta.service[108183]: DEBUG oslo_db.sqlalchemy.engines [None req-067e41e6-cca0-43ee-83d2-b2c11eed0f9d None None] MySQL server mode set to STRICT_TRANS_TABLES,STRICT_ALL_TABLES,NO_ZERO_IN_DATE,NO_ZERO_DATE,ERROR_FOR_DIVISION_BY_ZERO,TRADITIONAL,NO_ENGINE_SUBSTITUTION {{(pid=108183) _check_effective_sql_mode /opt/stack/data/venv/lib/python3.12/site-packages/oslo_db/sqlalchemy/engines.py:325}}
May 20 22:05:23.071461 np0000175562 devstack@n-api-meta.service[108184]: INFO dbcounter [None req-f6e84b2c-ce21-4c85-b500-6bb9f4444250 None None] Registered counter for database nova_cell0
May 20 22:05:23.076874 np0000175562 devstack@n-api-meta.service[108184]: INFO dbcounter [None req-f6e84b2c-ce21-4c85-b500-6bb9f4444250 None None] Registered counter for database nova_cell1
May 20 22:05:23.079853 np0000175562 devstack@n-api-meta.service[108186]: DEBUG dbcounter [-] [108186] Writer thread running {{(pid=108186) stat_writer /opt/stack/data/venv/lib/python3.12/site-packages/dbcounter.py:102}}
May 20 22:05:23.082548 np0000175562 devstack@n-api-meta.service[108186]: DEBUG nova.context [None req-9110ac5c-80fb-4d5b-ad5a-c70f8cc91a6a None None] Found 2 cells: 00000000-0000-0000-0000-000000000000(cell0),8058bd8e-3a49-47c6-8966-053c8d8096c1(cell1) {{(pid=108186) load_cells /opt/stack/nova/nova/context.py:509}}
May 20 22:05:23.082808 np0000175562 devstack@n-api-meta.service[108186]: INFO nova.utils [None req-9110ac5c-80fb-4d5b-ad5a-c70f8cc91a6a None None] The cell worker thread pool MainProcess.cell_worker is initialized
May 20 22:05:23.084513 np0000175562 devstack@n-api-meta.service[108186]: DEBUG oslo_concurrency.lockutils [None req-9110ac5c-80fb-4d5b-ad5a-c70f8cc91a6a None None] Acquiring lock "00000000-0000-0000-0000-000000000000" by "nova.context.set_target_cell..get_or_set_cached_cell_and_set_connections" {{(pid=108186) inner /opt/stack/data/venv/lib/python3.12/site-packages/oslo_concurrency/lockutils.py:511}}
May 20 22:05:23.084718 np0000175562 devstack@n-api-meta.service[108186]: DEBUG oslo_concurrency.lockutils [None req-9110ac5c-80fb-4d5b-ad5a-c70f8cc91a6a None None] Lock "00000000-0000-0000-0000-000000000000" acquired by "nova.context.set_target_cell..get_or_set_cached_cell_and_set_connections" :: waited 0.000s {{(pid=108186) inner /opt/stack/data/venv/lib/python3.12/site-packages/oslo_concurrency/lockutils.py:524}}
May 20 22:05:23.085071 np0000175562 devstack@n-api-meta.service[108186]: DEBUG oslo_concurrency.lockutils [None req-9110ac5c-80fb-4d5b-ad5a-c70f8cc91a6a None None] Lock "00000000-0000-0000-0000-000000000000" "released" by "nova.context.set_target_cell..get_or_set_cached_cell_and_set_connections" :: held 0.000s {{(pid=108186) inner /opt/stack/data/venv/lib/python3.12/site-packages/oslo_concurrency/lockutils.py:543}}
May 20 22:05:23.085850 np0000175562 devstack@n-api-meta.service[108186]: DEBUG oslo_concurrency.lockutils [None req-9110ac5c-80fb-4d5b-ad5a-c70f8cc91a6a None None] Acquiring lock "8058bd8e-3a49-47c6-8966-053c8d8096c1" by "nova.context.set_target_cell..get_or_set_cached_cell_and_set_connections" {{(pid=108186) inner /opt/stack/data/venv/lib/python3.12/site-packages/oslo_concurrency/lockutils.py:511}}
May 20 22:05:23.085990 np0000175562 devstack@n-api-meta.service[108186]: DEBUG oslo_concurrency.lockutils [None req-9110ac5c-80fb-4d5b-ad5a-c70f8cc91a6a None None] Lock "8058bd8e-3a49-47c6-8966-053c8d8096c1" acquired by "nova.context.set_target_cell..get_or_set_cached_cell_and_set_connections" :: waited 0.000s {{(pid=108186) inner /opt/stack/data/venv/lib/python3.12/site-packages/oslo_concurrency/lockutils.py:524}}
May 20 22:05:23.086816 np0000175562 devstack@n-api-meta.service[108186]: DEBUG oslo_concurrency.lockutils [None req-9110ac5c-80fb-4d5b-ad5a-c70f8cc91a6a None None] Lock "8058bd8e-3a49-47c6-8966-053c8d8096c1" "released" by "nova.context.set_target_cell..get_or_set_cached_cell_and_set_connections" :: held 0.001s {{(pid=108186) inner /opt/stack/data/venv/lib/python3.12/site-packages/oslo_concurrency/lockutils.py:543}}
May 20 22:05:23.087999 np0000175562 devstack@n-api-meta.service[108184]: DEBUG oslo_db.sqlalchemy.engines [None req-f6e84b2c-ce21-4c85-b500-6bb9f4444250 None None] MySQL server mode set to STRICT_TRANS_TABLES,STRICT_ALL_TABLES,NO_ZERO_IN_DATE,NO_ZERO_DATE,ERROR_FOR_DIVISION_BY_ZERO,TRADITIONAL,NO_ENGINE_SUBSTITUTION {{(pid=108184) _check_effective_sql_mode /opt/stack/data/venv/lib/python3.12/site-packages/oslo_db/sqlalchemy/engines.py:325}}
May 20 22:05:23.090171 np0000175562 devstack@n-api-meta.service[108186]: INFO dbcounter [None req-9110ac5c-80fb-4d5b-ad5a-c70f8cc91a6a None None] Registered counter for database nova_cell0
May 20 22:05:23.091722 np0000175562 devstack@n-api-meta.service[108184]: DEBUG oslo_db.sqlalchemy.engines [None req-f6e84b2c-ce21-4c85-b500-6bb9f4444250 None None] MySQL server mode set to STRICT_TRANS_TABLES,STRICT_ALL_TABLES,NO_ZERO_IN_DATE,NO_ZERO_DATE,ERROR_FOR_DIVISION_BY_ZERO,TRADITIONAL,NO_ENGINE_SUBSTITUTION {{(pid=108184) _check_effective_sql_mode /opt/stack/data/venv/lib/python3.12/site-packages/oslo_db/sqlalchemy/engines.py:325}}
May 20 22:05:23.092246 np0000175562 devstack@n-api-meta.service[108183]: DEBUG oslo_db.sqlalchemy.engines [None req-067e41e6-cca0-43ee-83d2-b2c11eed0f9d None None] MySQL server mode set to STRICT_TRANS_TABLES,STRICT_ALL_TABLES,NO_ZERO_IN_DATE,NO_ZERO_DATE,ERROR_FOR_DIVISION_BY_ZERO,TRADITIONAL,NO_ENGINE_SUBSTITUTION {{(pid=108183) _check_effective_sql_mode /opt/stack/data/venv/lib/python3.12/site-packages/oslo_db/sqlalchemy/engines.py:325}}
May 20 22:05:23.096071 np0000175562 devstack@n-api-meta.service[108186]: INFO dbcounter [None req-9110ac5c-80fb-4d5b-ad5a-c70f8cc91a6a None None] Registered counter for database nova_cell1
May 20 22:05:23.108709 np0000175562 devstack@n-api-meta.service[108186]: DEBUG oslo_db.sqlalchemy.engines [None req-9110ac5c-80fb-4d5b-ad5a-c70f8cc91a6a None None] MySQL server mode set to STRICT_TRANS_TABLES,STRICT_ALL_TABLES,NO_ZERO_IN_DATE,NO_ZERO_DATE,ERROR_FOR_DIVISION_BY_ZERO,TRADITIONAL,NO_ENGINE_SUBSTITUTION {{(pid=108186) _check_effective_sql_mode /opt/stack/data/venv/lib/python3.12/site-packages/oslo_db/sqlalchemy/engines.py:325}}
May 20 22:05:23.114045 np0000175562 devstack@n-api-meta.service[108186]: DEBUG oslo_db.sqlalchemy.engines [None req-9110ac5c-80fb-4d5b-ad5a-c70f8cc91a6a None None] MySQL server mode set to STRICT_TRANS_TABLES,STRICT_ALL_TABLES,NO_ZERO_IN_DATE,NO_ZERO_DATE,ERROR_FOR_DIVISION_BY_ZERO,TRADITIONAL,NO_ENGINE_SUBSTITUTION {{(pid=108186) _check_effective_sql_mode /opt/stack/data/venv/lib/python3.12/site-packages/oslo_db/sqlalchemy/engines.py:325}}
May 20 22:05:23.144393 np0000175562 devstack@n-api-meta.service[108185]: DEBUG dbcounter [-] [108185] Writer thread running {{(pid=108185) stat_writer /opt/stack/data/venv/lib/python3.12/site-packages/dbcounter.py:102}}
May 20 22:05:23.146676 np0000175562 devstack@n-api-meta.service[108185]: DEBUG dbcounter [-] [108185] Writer thread running {{(pid=108185) stat_writer /opt/stack/data/venv/lib/python3.12/site-packages/dbcounter.py:102}}
May 20 22:05:23.153853 np0000175562 devstack@n-api-meta.service[108185]: INFO dbcounter [None req-c7b5cffa-9f7f-4565-a064-e0b454c890c6 None None] Registered counter for database nova_cell0
May 20 22:05:23.165553 np0000175562 devstack@n-api-meta.service[108185]: DEBUG oslo_db.sqlalchemy.engines [None req-c7b5cffa-9f7f-4565-a064-e0b454c890c6 None None] MySQL server mode set to STRICT_TRANS_TABLES,STRICT_ALL_TABLES,NO_ZERO_IN_DATE,NO_ZERO_DATE,ERROR_FOR_DIVISION_BY_ZERO,TRADITIONAL,NO_ENGINE_SUBSTITUTION {{(pid=108185) _check_effective_sql_mode /opt/stack/data/venv/lib/python3.12/site-packages/oslo_db/sqlalchemy/engines.py:325}}
May 20 22:05:23.174523 np0000175562 devstack@n-api-meta.service[108183]: DEBUG dbcounter [-] [108183] Writer thread running {{(pid=108183) stat_writer /opt/stack/data/venv/lib/python3.12/site-packages/dbcounter.py:102}}
May 20 22:05:23.175515 np0000175562 devstack@n-api-meta.service[108185]: DEBUG dbcounter [-] [108185] Writer thread running {{(pid=108185) stat_writer /opt/stack/data/venv/lib/python3.12/site-packages/dbcounter.py:102}}
May 20 22:05:23.180168 np0000175562 devstack@n-api-meta.service[108183]: DEBUG dbcounter [-] [108183] Writer thread running {{(pid=108183) stat_writer /opt/stack/data/venv/lib/python3.12/site-packages/dbcounter.py:102}}
May 20 22:05:23.184489 np0000175562 devstack@n-api-meta.service[108183]: INFO dbcounter [None req-067e41e6-cca0-43ee-83d2-b2c11eed0f9d None None] Registered counter for database nova_cell0
May 20 22:05:23.195891 np0000175562 devstack@n-api-meta.service[108183]: DEBUG oslo_db.sqlalchemy.engines [None req-067e41e6-cca0-43ee-83d2-b2c11eed0f9d None None] MySQL server mode set to STRICT_TRANS_TABLES,STRICT_ALL_TABLES,NO_ZERO_IN_DATE,NO_ZERO_DATE,ERROR_FOR_DIVISION_BY_ZERO,TRADITIONAL,NO_ENGINE_SUBSTITUTION {{(pid=108183) _check_effective_sql_mode /opt/stack/data/venv/lib/python3.12/site-packages/oslo_db/sqlalchemy/engines.py:325}}
May 20 22:05:23.202414 np0000175562 devstack@n-api-meta.service[108184]: DEBUG dbcounter [-] [108184] Writer thread running {{(pid=108184) stat_writer /opt/stack/data/venv/lib/python3.12/site-packages/dbcounter.py:102}}
May 20 22:05:23.203083 np0000175562 devstack@n-api-meta.service[108184]: DEBUG dbcounter [-] [108184] Writer thread running {{(pid=108184) stat_writer /opt/stack/data/venv/lib/python3.12/site-packages/dbcounter.py:102}}
May 20 22:05:23.205795 np0000175562 devstack@n-api-meta.service[108183]: DEBUG dbcounter [-] [108183] Writer thread running {{(pid=108183) stat_writer /opt/stack/data/venv/lib/python3.12/site-packages/dbcounter.py:102}}
May 20 22:05:23.209275 np0000175562 devstack@n-api-meta.service[108184]: INFO dbcounter [None req-f6e84b2c-ce21-4c85-b500-6bb9f4444250 None None] Registered counter for database nova_cell0
May 20 22:05:23.217224 np0000175562 devstack@n-api-meta.service[108186]: DEBUG dbcounter [-] [108186] Writer thread running {{(pid=108186) stat_writer /opt/stack/data/venv/lib/python3.12/site-packages/dbcounter.py:102}}
May 20 22:05:23.218783 np0000175562 devstack@n-api-meta.service[108185]: WARNING nova.api.metadata.handler [None req-c7b5cffa-9f7f-4565-a064-e0b454c890c6 None None] metadata_proxy_shared_secret is not configured, the metadata information returned by the proxy cannot be trusted
May 20 22:05:23.219441 np0000175562 devstack@n-api-meta.service[108184]: DEBUG oslo_db.sqlalchemy.engines [None req-f6e84b2c-ce21-4c85-b500-6bb9f4444250 None None] MySQL server mode set to STRICT_TRANS_TABLES,STRICT_ALL_TABLES,NO_ZERO_IN_DATE,NO_ZERO_DATE,ERROR_FOR_DIVISION_BY_ZERO,TRADITIONAL,NO_ENGINE_SUBSTITUTION {{(pid=108184) _check_effective_sql_mode /opt/stack/data/venv/lib/python3.12/site-packages/oslo_db/sqlalchemy/engines.py:325}}
May 20 22:05:23.221105 np0000175562 devstack@n-api-meta.service[108185]: DEBUG nova.api.openstack.wsgi_app [None req-c7b5cffa-9f7f-4565-a064-e0b454c890c6 None None] ******************************************************************************** {{(pid=108185) log_opt_values /opt/stack/data/venv/lib/python3.12/site-packages/oslo_config/cfg.py:3229}}
May 20 22:05:23.221225 np0000175562 devstack@n-api-meta.service[108185]: DEBUG nova.api.openstack.wsgi_app [None req-c7b5cffa-9f7f-4565-a064-e0b454c890c6 None None] Configuration options gathered from: {{(pid=108185) log_opt_values /opt/stack/data/venv/lib/python3.12/site-packages/oslo_config/cfg.py:3230}}
May 20 22:05:23.221324 np0000175562 devstack@n-api-meta.service[108185]: DEBUG nova.api.openstack.wsgi_app [None req-c7b5cffa-9f7f-4565-a064-e0b454c890c6 None None] command line args: [] {{(pid=108185) log_opt_values /opt/stack/data/venv/lib/python3.12/site-packages/oslo_config/cfg.py:3231}}
May 20 22:05:23.221474 np0000175562 devstack@n-api-meta.service[108185]: DEBUG nova.api.openstack.wsgi_app [None req-c7b5cffa-9f7f-4565-a064-e0b454c890c6 None None] config files: ['/etc/nova/api-paste.ini', '/etc/nova/nova.conf'] {{(pid=108185) log_opt_values /opt/stack/data/venv/lib/python3.12/site-packages/oslo_config/cfg.py:3232}}
May 20 22:05:23.221567 np0000175562 devstack@n-api-meta.service[108185]: DEBUG nova.api.openstack.wsgi_app [None req-c7b5cffa-9f7f-4565-a064-e0b454c890c6 None None] ================================================================================ {{(pid=108185) log_opt_values /opt/stack/data/venv/lib/python3.12/site-packages/oslo_config/cfg.py:3237}}
May 20 22:05:23.221759 np0000175562 devstack@n-api-meta.service[108185]: DEBUG nova.api.openstack.wsgi_app [None req-c7b5cffa-9f7f-4565-a064-e0b454c890c6 None None] allow_resize_to_same_host = True {{(pid=108185) log_opt_values /opt/stack/data/venv/lib/python3.12/site-packages/oslo_config/cfg.py:3245}}
May 20 22:05:23.221829 np0000175562 devstack@n-api-meta.service[108186]: DEBUG dbcounter [-] [108186] Writer thread running {{(pid=108186) stat_writer /opt/stack/data/venv/lib/python3.12/site-packages/dbcounter.py:102}}
May 20 22:05:23.221912 np0000175562 devstack@n-api-meta.service[108185]: DEBUG nova.api.openstack.wsgi_app [None req-c7b5cffa-9f7f-4565-a064-e0b454c890c6 None None] arq_binding_timeout = 300 {{(pid=108185) log_opt_values /opt/stack/data/venv/lib/python3.12/site-packages/oslo_config/cfg.py:3245}}
May 20 22:05:23.222014 np0000175562 devstack@n-api-meta.service[108185]: DEBUG nova.api.openstack.wsgi_app [None req-c7b5cffa-9f7f-4565-a064-e0b454c890c6 None None] block_device_allocate_retries = 60 {{(pid=108185) log_opt_values /opt/stack/data/venv/lib/python3.12/site-packages/oslo_config/cfg.py:3245}}
May 20 22:05:23.222149 np0000175562 devstack@n-api-meta.service[108185]: DEBUG nova.api.openstack.wsgi_app [None req-c7b5cffa-9f7f-4565-a064-e0b454c890c6 None None] block_device_allocate_retries_interval = 3 {{(pid=108185) log_opt_values /opt/stack/data/venv/lib/python3.12/site-packages/oslo_config/cfg.py:3245}}
May 20 22:05:23.222271 np0000175562 devstack@n-api-meta.service[108185]: DEBUG nova.api.openstack.wsgi_app [None req-c7b5cffa-9f7f-4565-a064-e0b454c890c6 None None] cell_worker_thread_pool_size = 5 {{(pid=108185) log_opt_values /opt/stack/data/venv/lib/python3.12/site-packages/oslo_config/cfg.py:3245}}
May 20 22:05:23.222412 np0000175562 devstack@n-api-meta.service[108185]: DEBUG nova.api.openstack.wsgi_app [None req-c7b5cffa-9f7f-4565-a064-e0b454c890c6 None None] cert = self.pem {{(pid=108185) log_opt_values /opt/stack/data/venv/lib/python3.12/site-packages/oslo_config/cfg.py:3245}}
May 20 22:05:23.222540 np0000175562 devstack@n-api-meta.service[108185]: DEBUG nova.api.openstack.wsgi_app [None req-c7b5cffa-9f7f-4565-a064-e0b454c890c6 None None] compute_driver = libvirt.LibvirtDriver {{(pid=108185) log_opt_values /opt/stack/data/venv/lib/python3.12/site-packages/oslo_config/cfg.py:3245}}
May 20 22:05:23.222715 np0000175562 devstack@n-api-meta.service[108185]: DEBUG nova.api.openstack.wsgi_app [None req-c7b5cffa-9f7f-4565-a064-e0b454c890c6 None None] compute_monitors = [] {{(pid=108185) log_opt_values /opt/stack/data/venv/lib/python3.12/site-packages/oslo_config/cfg.py:3245}}
May 20 22:05:23.222847 np0000175562 devstack@n-api-meta.service[108185]: DEBUG nova.api.openstack.wsgi_app [None req-c7b5cffa-9f7f-4565-a064-e0b454c890c6 None None] config_dir = [] {{(pid=108185) log_opt_values /opt/stack/data/venv/lib/python3.12/site-packages/oslo_config/cfg.py:3245}}
May 20 22:05:23.222981 np0000175562 devstack@n-api-meta.service[108185]: DEBUG nova.api.openstack.wsgi_app [None req-c7b5cffa-9f7f-4565-a064-e0b454c890c6 None None] config_drive_format = iso9660 {{(pid=108185) log_opt_values /opt/stack/data/venv/lib/python3.12/site-packages/oslo_config/cfg.py:3245}}
May 20 22:05:23.223084 np0000175562 devstack@n-api-meta.service[108185]: DEBUG nova.api.openstack.wsgi_app [None req-c7b5cffa-9f7f-4565-a064-e0b454c890c6 None None] config_file = ['/etc/nova/api-paste.ini', '/etc/nova/nova.conf'] {{(pid=108185) log_opt_values /opt/stack/data/venv/lib/python3.12/site-packages/oslo_config/cfg.py:3245}}
May 20 22:05:23.223213 np0000175562 devstack@n-api-meta.service[108185]: DEBUG nova.api.openstack.wsgi_app [None req-c7b5cffa-9f7f-4565-a064-e0b454c890c6 None None] config_source = [] {{(pid=108185) log_opt_values /opt/stack/data/venv/lib/python3.12/site-packages/oslo_config/cfg.py:3245}}
May 20 22:05:23.223352 np0000175562 devstack@n-api-meta.service[108185]: DEBUG nova.api.openstack.wsgi_app [None req-c7b5cffa-9f7f-4565-a064-e0b454c890c6 None None] console_host = np0000175562 {{(pid=108185) log_opt_values /opt/stack/data/venv/lib/python3.12/site-packages/oslo_config/cfg.py:3245}}
May 20 22:05:23.223483 np0000175562 devstack@n-api-meta.service[108185]: DEBUG nova.api.openstack.wsgi_app [None req-c7b5cffa-9f7f-4565-a064-e0b454c890c6 None None] control_exchange = nova {{(pid=108185) log_opt_values /opt/stack/data/venv/lib/python3.12/site-packages/oslo_config/cfg.py:3245}}
May 20 22:05:23.223627 np0000175562 devstack@n-api-meta.service[108185]: DEBUG nova.api.openstack.wsgi_app [None req-c7b5cffa-9f7f-4565-a064-e0b454c890c6 None None] cpu_allocation_ratio = None {{(pid=108185) log_opt_values /opt/stack/data/venv/lib/python3.12/site-packages/oslo_config/cfg.py:3245}}
May 20 22:05:23.223755 np0000175562 devstack@n-api-meta.service[108185]: DEBUG nova.api.openstack.wsgi_app [None req-c7b5cffa-9f7f-4565-a064-e0b454c890c6 None None] daemon = False {{(pid=108185) log_opt_values /opt/stack/data/venv/lib/python3.12/site-packages/oslo_config/cfg.py:3245}}
May 20 22:05:23.223886 np0000175562 devstack@n-api-meta.service[108185]: DEBUG nova.api.openstack.wsgi_app [None req-c7b5cffa-9f7f-4565-a064-e0b454c890c6 None None] debug = True {{(pid=108185) log_opt_values /opt/stack/data/venv/lib/python3.12/site-packages/oslo_config/cfg.py:3245}}
May 20 22:05:23.224011 np0000175562 devstack@n-api-meta.service[108185]: DEBUG nova.api.openstack.wsgi_app [None req-c7b5cffa-9f7f-4565-a064-e0b454c890c6 None None] default_access_ip_network_name = None {{(pid=108185) log_opt_values /opt/stack/data/venv/lib/python3.12/site-packages/oslo_config/cfg.py:3245}}
May 20 22:05:23.224142 np0000175562 devstack@n-api-meta.service[108185]: DEBUG nova.api.openstack.wsgi_app [None req-c7b5cffa-9f7f-4565-a064-e0b454c890c6 None None] default_availability_zone = nova {{(pid=108185) log_opt_values /opt/stack/data/venv/lib/python3.12/site-packages/oslo_config/cfg.py:3245}}
May 20 22:05:23.224271 np0000175562 devstack@n-api-meta.service[108185]: DEBUG nova.api.openstack.wsgi_app [None req-c7b5cffa-9f7f-4565-a064-e0b454c890c6 None None] default_ephemeral_format = ext4 {{(pid=108185) log_opt_values /opt/stack/data/venv/lib/python3.12/site-packages/oslo_config/cfg.py:3245}}
May 20 22:05:23.224398 np0000175562 devstack@n-api-meta.service[108185]: DEBUG nova.api.openstack.wsgi_app [None req-c7b5cffa-9f7f-4565-a064-e0b454c890c6 None None] default_green_pool_size = 1000 {{(pid=108185) log_opt_values /opt/stack/data/venv/lib/python3.12/site-packages/oslo_config/cfg.py:3245}}
May 20 22:05:23.224678 np0000175562 devstack@n-api-meta.service[108185]: DEBUG nova.api.openstack.wsgi_app [None req-c7b5cffa-9f7f-4565-a064-e0b454c890c6 None None] default_log_levels = ['amqp=WARN', 'boto=WARN', 'sqlalchemy=WARN', 'suds=INFO', 'oslo.messaging=INFO', 'oslo_messaging=INFO', 'iso8601=WARN', 'requests.packages.urllib3.connectionpool=WARN', 'urllib3.connectionpool=WARN', 'websocket=WARN', 'requests.packages.urllib3.util.retry=WARN', 'urllib3.util.retry=WARN', 'keystonemiddleware=WARN', 'routes.middleware=WARN', 'stevedore=WARN', 'taskflow=WARN', 'keystoneauth=WARN', 'oslo.cache=INFO', 'oslo_policy=INFO', 'dogpile.core.dogpile=INFO', 'glanceclient=WARN', 'oslo.privsep.daemon=INFO'] {{(pid=108185) log_opt_values /opt/stack/data/venv/lib/python3.12/site-packages/oslo_config/cfg.py:3245}}
May 20 22:05:23.224870 np0000175562 devstack@n-api-meta.service[108185]: DEBUG nova.api.openstack.wsgi_app [None req-c7b5cffa-9f7f-4565-a064-e0b454c890c6 None None] default_schedule_zone = None {{(pid=108185) log_opt_values /opt/stack/data/venv/lib/python3.12/site-packages/oslo_config/cfg.py:3245}}
May 20 22:05:23.225055 np0000175562 devstack@n-api-meta.service[108185]: DEBUG nova.api.openstack.wsgi_app [None req-c7b5cffa-9f7f-4565-a064-e0b454c890c6 None None] default_thread_pool_size = 10 {{(pid=108185) log_opt_values /opt/stack/data/venv/lib/python3.12/site-packages/oslo_config/cfg.py:3245}}
May 20 22:05:23.225240 np0000175562 devstack@n-api-meta.service[108185]: DEBUG nova.api.openstack.wsgi_app [None req-c7b5cffa-9f7f-4565-a064-e0b454c890c6 None None] disk_allocation_ratio = None {{(pid=108185) log_opt_values /opt/stack/data/venv/lib/python3.12/site-packages/oslo_config/cfg.py:3245}}
May 20 22:05:23.225418 np0000175562 devstack@n-api-meta.service[108185]: DEBUG nova.api.openstack.wsgi_app [None req-c7b5cffa-9f7f-4565-a064-e0b454c890c6 None None] enable_new_services = True {{(pid=108185) log_opt_values /opt/stack/data/venv/lib/python3.12/site-packages/oslo_config/cfg.py:3245}}
May 20 22:05:23.225613 np0000175562 devstack@n-api-meta.service[108185]: DEBUG nova.api.openstack.wsgi_app [None req-c7b5cffa-9f7f-4565-a064-e0b454c890c6 None None] flat_injected = False {{(pid=108185) log_opt_values /opt/stack/data/venv/lib/python3.12/site-packages/oslo_config/cfg.py:3245}}
May 20 22:05:23.225797 np0000175562 devstack@n-api-meta.service[108185]: DEBUG nova.api.openstack.wsgi_app [None req-c7b5cffa-9f7f-4565-a064-e0b454c890c6 None None] force_config_drive = False {{(pid=108185) log_opt_values /opt/stack/data/venv/lib/python3.12/site-packages/oslo_config/cfg.py:3245}}
May 20 22:05:23.225972 np0000175562 devstack@n-api-meta.service[108185]: DEBUG nova.api.openstack.wsgi_app [None req-c7b5cffa-9f7f-4565-a064-e0b454c890c6 None None] force_raw_images = True {{(pid=108185) log_opt_values /opt/stack/data/venv/lib/python3.12/site-packages/oslo_config/cfg.py:3245}}
May 20 22:05:23.226163 np0000175562 devstack@n-api-meta.service[108185]: DEBUG nova.api.openstack.wsgi_app [None req-c7b5cffa-9f7f-4565-a064-e0b454c890c6 None None] graceful_shutdown_timeout = 5 {{(pid=108185) log_opt_values /opt/stack/data/venv/lib/python3.12/site-packages/oslo_config/cfg.py:3245}}
May 20 22:05:23.226342 np0000175562 devstack@n-api-meta.service[108185]: DEBUG nova.api.openstack.wsgi_app [None req-c7b5cffa-9f7f-4565-a064-e0b454c890c6 None None] heal_instance_info_cache_interval = -1 {{(pid=108185) log_opt_values /opt/stack/data/venv/lib/python3.12/site-packages/oslo_config/cfg.py:3245}}
May 20 22:05:23.226572 np0000175562 devstack@n-api-meta.service[108185]: DEBUG nova.api.openstack.wsgi_app [None req-c7b5cffa-9f7f-4565-a064-e0b454c890c6 None None] host = np0000175562 {{(pid=108185) log_opt_values /opt/stack/data/venv/lib/python3.12/site-packages/oslo_config/cfg.py:3245}}
May 20 22:05:23.226672 np0000175562 devstack@n-api-meta.service[108186]: INFO dbcounter [None req-9110ac5c-80fb-4d5b-ad5a-c70f8cc91a6a None None] Registered counter for database nova_cell0
May 20 22:05:23.226803 np0000175562 devstack@n-api-meta.service[108185]: DEBUG nova.api.openstack.wsgi_app [None req-c7b5cffa-9f7f-4565-a064-e0b454c890c6 None None] initial_cpu_allocation_ratio = 4.0 {{(pid=108185) log_opt_values /opt/stack/data/venv/lib/python3.12/site-packages/oslo_config/cfg.py:3245}}
May 20 22:05:23.226988 np0000175562 devstack@n-api-meta.service[108185]: DEBUG nova.api.openstack.wsgi_app [None req-c7b5cffa-9f7f-4565-a064-e0b454c890c6 None None] initial_disk_allocation_ratio = 1.0 {{(pid=108185) log_opt_values /opt/stack/data/venv/lib/python3.12/site-packages/oslo_config/cfg.py:3245}}
May 20 22:05:23.227169 np0000175562 devstack@n-api-meta.service[108185]: DEBUG nova.api.openstack.wsgi_app [None req-c7b5cffa-9f7f-4565-a064-e0b454c890c6 None None] initial_ram_allocation_ratio = 1.0 {{(pid=108185) log_opt_values /opt/stack/data/venv/lib/python3.12/site-packages/oslo_config/cfg.py:3245}}
May 20 22:05:23.227406 np0000175562 devstack@n-api-meta.service[108185]: DEBUG nova.api.openstack.wsgi_app [None req-c7b5cffa-9f7f-4565-a064-e0b454c890c6 None None] injected_network_template = /opt/stack/nova/nova/virt/interfaces.template {{(pid=108185) log_opt_values /opt/stack/data/venv/lib/python3.12/site-packages/oslo_config/cfg.py:3245}}
May 20 22:05:23.227598 np0000175562 devstack@n-api-meta.service[108185]: DEBUG nova.api.openstack.wsgi_app [None req-c7b5cffa-9f7f-4565-a064-e0b454c890c6 None None] instance_build_timeout = 0 {{(pid=108185) log_opt_values /opt/stack/data/venv/lib/python3.12/site-packages/oslo_config/cfg.py:3245}}
May 20 22:05:23.227796 np0000175562 devstack@n-api-meta.service[108185]: DEBUG nova.api.openstack.wsgi_app [None req-c7b5cffa-9f7f-4565-a064-e0b454c890c6 None None] instance_delete_interval = 300 {{(pid=108185) log_opt_values /opt/stack/data/venv/lib/python3.12/site-packages/oslo_config/cfg.py:3245}}
May 20 22:05:23.227983 np0000175562 devstack@n-api-meta.service[108185]: DEBUG nova.api.openstack.wsgi_app [None req-c7b5cffa-9f7f-4565-a064-e0b454c890c6 None None] instance_format = [instance: %(uuid)s] {{(pid=108185) log_opt_values /opt/stack/data/venv/lib/python3.12/site-packages/oslo_config/cfg.py:3245}}
May 20 22:05:23.228166 np0000175562 devstack@n-api-meta.service[108185]: DEBUG nova.api.openstack.wsgi_app [None req-c7b5cffa-9f7f-4565-a064-e0b454c890c6 None None] instance_name_template = instance-%08x {{(pid=108185) log_opt_values /opt/stack/data/venv/lib/python3.12/site-packages/oslo_config/cfg.py:3245}}
May 20 22:05:23.228385 np0000175562 devstack@n-api-meta.service[108185]: DEBUG nova.api.openstack.wsgi_app [None req-c7b5cffa-9f7f-4565-a064-e0b454c890c6 None None] instance_usage_audit = False {{(pid=108185) log_opt_values /opt/stack/data/venv/lib/python3.12/site-packages/oslo_config/cfg.py:3245}}
May 20 22:05:23.228546 np0000175562 devstack@n-api-meta.service[108185]: DEBUG nova.api.openstack.wsgi_app [None req-c7b5cffa-9f7f-4565-a064-e0b454c890c6 None None] instance_usage_audit_period = month {{(pid=108185) log_opt_values /opt/stack/data/venv/lib/python3.12/site-packages/oslo_config/cfg.py:3245}}
May 20 22:05:23.228792 np0000175562 devstack@n-api-meta.service[108185]: DEBUG nova.api.openstack.wsgi_app [None req-c7b5cffa-9f7f-4565-a064-e0b454c890c6 None None] instance_uuid_format = [instance: %(uuid)s] {{(pid=108185) log_opt_values /opt/stack/data/venv/lib/python3.12/site-packages/oslo_config/cfg.py:3245}}
May 20 22:05:23.228977 np0000175562 devstack@n-api-meta.service[108185]: DEBUG nova.api.openstack.wsgi_app [None req-c7b5cffa-9f7f-4565-a064-e0b454c890c6 None None] instances_path = /opt/stack/data/nova/instances {{(pid=108185) log_opt_values /opt/stack/data/venv/lib/python3.12/site-packages/oslo_config/cfg.py:3245}}
May 20 22:05:23.229162 np0000175562 devstack@n-api-meta.service[108185]: DEBUG nova.api.openstack.wsgi_app [None req-c7b5cffa-9f7f-4565-a064-e0b454c890c6 None None] internal_service_availability_zone = internal {{(pid=108185) log_opt_values /opt/stack/data/venv/lib/python3.12/site-packages/oslo_config/cfg.py:3245}}
May 20 22:05:23.229338 np0000175562 devstack@n-api-meta.service[108185]: DEBUG nova.api.openstack.wsgi_app [None req-c7b5cffa-9f7f-4565-a064-e0b454c890c6 None None] key = None {{(pid=108185) log_opt_values /opt/stack/data/venv/lib/python3.12/site-packages/oslo_config/cfg.py:3245}}
May 20 22:05:23.229515 np0000175562 devstack@n-api-meta.service[108185]: DEBUG nova.api.openstack.wsgi_app [None req-c7b5cffa-9f7f-4565-a064-e0b454c890c6 None None] live_migration_retry_count = 30 {{(pid=108185) log_opt_values /opt/stack/data/venv/lib/python3.12/site-packages/oslo_config/cfg.py:3245}}
May 20 22:05:23.229718 np0000175562 devstack@n-api-meta.service[108185]: DEBUG nova.api.openstack.wsgi_app [None req-c7b5cffa-9f7f-4565-a064-e0b454c890c6 None None] log_color = False {{(pid=108185) log_opt_values /opt/stack/data/venv/lib/python3.12/site-packages/oslo_config/cfg.py:3245}}
May 20 22:05:23.229899 np0000175562 devstack@n-api-meta.service[108185]: DEBUG nova.api.openstack.wsgi_app [None req-c7b5cffa-9f7f-4565-a064-e0b454c890c6 None None] log_config_append = None {{(pid=108185) log_opt_values /opt/stack/data/venv/lib/python3.12/site-packages/oslo_config/cfg.py:3245}}
May 20 22:05:23.230086 np0000175562 devstack@n-api-meta.service[108185]: DEBUG nova.api.openstack.wsgi_app [None req-c7b5cffa-9f7f-4565-a064-e0b454c890c6 None None] log_date_format = %Y-%m-%d %H:%M:%S {{(pid=108185) log_opt_values /opt/stack/data/venv/lib/python3.12/site-packages/oslo_config/cfg.py:3245}}
May 20 22:05:23.230263 np0000175562 devstack@n-api-meta.service[108185]: DEBUG nova.api.openstack.wsgi_app [None req-c7b5cffa-9f7f-4565-a064-e0b454c890c6 None None] log_dir = None {{(pid=108185) log_opt_values /opt/stack/data/venv/lib/python3.12/site-packages/oslo_config/cfg.py:3245}}
May 20 22:05:23.230437 np0000175562 devstack@n-api-meta.service[108185]: DEBUG nova.api.openstack.wsgi_app [None req-c7b5cffa-9f7f-4565-a064-e0b454c890c6 None None] log_file = None {{(pid=108185) log_opt_values /opt/stack/data/venv/lib/python3.12/site-packages/oslo_config/cfg.py:3245}}
May 20 22:05:23.230581 np0000175562 devstack@n-api-meta.service[108185]: DEBUG nova.api.openstack.wsgi_app [None req-c7b5cffa-9f7f-4565-a064-e0b454c890c6 None None] log_options = True {{(pid=108185) log_opt_values /opt/stack/data/venv/lib/python3.12/site-packages/oslo_config/cfg.py:3245}}
May 20 22:05:23.230784 np0000175562 devstack@n-api-meta.service[108185]: DEBUG nova.api.openstack.wsgi_app [None req-c7b5cffa-9f7f-4565-a064-e0b454c890c6 None None] log_rotate_interval = 1 {{(pid=108185) log_opt_values /opt/stack/data/venv/lib/python3.12/site-packages/oslo_config/cfg.py:3245}}
May 20 22:05:23.230969 np0000175562 devstack@n-api-meta.service[108185]: DEBUG nova.api.openstack.wsgi_app [None req-c7b5cffa-9f7f-4565-a064-e0b454c890c6 None None] log_rotate_interval_type = days {{(pid=108185) log_opt_values /opt/stack/data/venv/lib/python3.12/site-packages/oslo_config/cfg.py:3245}}
May 20 22:05:23.231153 np0000175562 devstack@n-api-meta.service[108185]: DEBUG nova.api.openstack.wsgi_app [None req-c7b5cffa-9f7f-4565-a064-e0b454c890c6 None None] log_rotation_type = none {{(pid=108185) log_opt_values /opt/stack/data/venv/lib/python3.12/site-packages/oslo_config/cfg.py:3245}}
May 20 22:05:23.231295 np0000175562 devstack@n-api-meta.service[108185]: DEBUG nova.api.openstack.wsgi_app [None req-c7b5cffa-9f7f-4565-a064-e0b454c890c6 None None] logging_context_format_string = %(color)s%(levelname)s %(name)s [%(global_request_id)s %(request_id)s %(project_name)s %(user_name)s%(color)s] %(instance)s%(color)s%(message)s {{(pid=108185) log_opt_values /opt/stack/data/venv/lib/python3.12/site-packages/oslo_config/cfg.py:3245}}
May 20 22:05:23.231440 np0000175562 devstack@n-api-meta.service[108185]: DEBUG nova.api.openstack.wsgi_app [None req-c7b5cffa-9f7f-4565-a064-e0b454c890c6 None None] logging_debug_format_suffix = {{(pid=%(process)d) %(funcName)s %(pathname)s:%(lineno)d}} {{(pid=108185) log_opt_values /opt/stack/data/venv/lib/python3.12/site-packages/oslo_config/cfg.py:3245}}
May 20 22:05:23.231649 np0000175562 devstack@n-api-meta.service[108185]: DEBUG nova.api.openstack.wsgi_app [None req-c7b5cffa-9f7f-4565-a064-e0b454c890c6 None None] logging_default_format_string = %(color)s%(levelname)s %(name)s [-%(color)s] %(instance)s%(color)s%(message)s {{(pid=108185) log_opt_values /opt/stack/data/venv/lib/python3.12/site-packages/oslo_config/cfg.py:3245}}
