May 20 22:05:29.680266 np0000175562 nova-conductor[110461]: DEBUG cotyledon.oslo_config_glue [-] vnc.novncproxy_host = 0.0.0.0 {{(pid=110461) log_opt_values /opt/stack/data/venv/lib/python3.12/site-packages/oslo_config/cfg.py:3256}}
May 20 22:05:29.680266 np0000175562 nova-conductor[110461]: DEBUG cotyledon.oslo_config_glue [-] vnc.novncproxy_port = 6080 {{(pid=110461) log_opt_values /opt/stack/data/venv/lib/python3.12/site-packages/oslo_config/cfg.py:3256}}
May 20 22:05:29.680266 np0000175562 nova-conductor[110461]: DEBUG cotyledon.oslo_config_glue [-] vnc.server_listen = 127.0.0.1 {{(pid=110461) log_opt_values /opt/stack/data/venv/lib/python3.12/site-packages/oslo_config/cfg.py:3256}}
May 20 22:05:29.680266 np0000175562 nova-conductor[110461]: DEBUG cotyledon.oslo_config_glue [-] vnc.server_proxyclient_address = 127.0.0.1 {{(pid=110461) log_opt_values /opt/stack/data/venv/lib/python3.12/site-packages/oslo_config/cfg.py:3256}}
May 20 22:05:29.680266 np0000175562 nova-conductor[110461]: DEBUG cotyledon.oslo_config_glue [-] vnc.vencrypt_ca_certs = None {{(pid=110461) log_opt_values /opt/stack/data/venv/lib/python3.12/site-packages/oslo_config/cfg.py:3256}}
May 20 22:05:29.680266 np0000175562 nova-conductor[110461]: DEBUG cotyledon.oslo_config_glue [-] vnc.vencrypt_client_cert = None {{(pid=110461) log_opt_values /opt/stack/data/venv/lib/python3.12/site-packages/oslo_config/cfg.py:3256}}
May 20 22:05:29.680266 np0000175562 nova-conductor[110461]: DEBUG cotyledon.oslo_config_glue [-] vnc.vencrypt_client_key = None {{(pid=110461) log_opt_values /opt/stack/data/venv/lib/python3.12/site-packages/oslo_config/cfg.py:3256}}
May 20 22:05:29.680266 np0000175562 nova-conductor[110461]: DEBUG cotyledon.oslo_config_glue [-] workarounds.disable_compute_service_check_for_ffu = False {{(pid=110461) log_opt_values /opt/stack/data/venv/lib/python3.12/site-packages/oslo_config/cfg.py:3256}}
May 20 22:05:29.680469 np0000175562 nova-conductor[110461]: DEBUG cotyledon.oslo_config_glue [-] workarounds.disable_deep_image_inspection = False {{(pid=110461) log_opt_values /opt/stack/data/venv/lib/python3.12/site-packages/oslo_config/cfg.py:3256}}
May 20 22:05:29.680469 np0000175562 nova-conductor[110461]: DEBUG cotyledon.oslo_config_glue [-] workarounds.disable_fallback_pcpu_query = False {{(pid=110461) log_opt_values /opt/stack/data/venv/lib/python3.12/site-packages/oslo_config/cfg.py:3256}}
May 20 22:05:29.680469 np0000175562 nova-conductor[110461]: DEBUG cotyledon.oslo_config_glue [-] workarounds.disable_group_policy_check_upcall = False {{(pid=110461) log_opt_values /opt/stack/data/venv/lib/python3.12/site-packages/oslo_config/cfg.py:3256}}
May 20 22:05:29.680469 np0000175562 nova-conductor[110461]: DEBUG cotyledon.oslo_config_glue [-] workarounds.disable_libvirt_livesnapshot = False {{(pid=110461) log_opt_values /opt/stack/data/venv/lib/python3.12/site-packages/oslo_config/cfg.py:3256}}
May 20 22:05:29.680469 np0000175562 nova-conductor[110461]: DEBUG cotyledon.oslo_config_glue [-] workarounds.disable_rootwrap = False {{(pid=110461) log_opt_values /opt/stack/data/venv/lib/python3.12/site-packages/oslo_config/cfg.py:3256}}
May 20 22:05:29.680469 np0000175562 nova-conductor[110461]: DEBUG cotyledon.oslo_config_glue [-] workarounds.enable_numa_live_migration = False {{(pid=110461) log_opt_values /opt/stack/data/venv/lib/python3.12/site-packages/oslo_config/cfg.py:3256}}
May 20 22:05:29.680469 np0000175562 nova-conductor[110461]: DEBUG cotyledon.oslo_config_glue [-] workarounds.enable_qemu_monitor_announce_self = False {{(pid=110461) log_opt_values /opt/stack/data/venv/lib/python3.12/site-packages/oslo_config/cfg.py:3256}}
May 20 22:05:29.680469 np0000175562 nova-conductor[110461]: DEBUG cotyledon.oslo_config_glue [-] workarounds.ensure_libvirt_rbd_instance_dir_cleanup = False {{(pid=110461) log_opt_values /opt/stack/data/venv/lib/python3.12/site-packages/oslo_config/cfg.py:3256}}
May 20 22:05:29.680469 np0000175562 nova-conductor[110461]: DEBUG cotyledon.oslo_config_glue [-] workarounds.handle_virt_lifecycle_events = True {{(pid=110461) log_opt_values /opt/stack/data/venv/lib/python3.12/site-packages/oslo_config/cfg.py:3256}}
May 20 22:05:29.680691 np0000175562 nova-conductor[110461]: DEBUG cotyledon.oslo_config_glue [-] workarounds.libvirt_disable_apic = False {{(pid=110461) log_opt_values /opt/stack/data/venv/lib/python3.12/site-packages/oslo_config/cfg.py:3256}}
May 20 22:05:29.680691 np0000175562 nova-conductor[110461]: DEBUG cotyledon.oslo_config_glue [-] workarounds.never_download_image_if_on_rbd = False {{(pid=110461) log_opt_values /opt/stack/data/venv/lib/python3.12/site-packages/oslo_config/cfg.py:3256}}
May 20 22:05:29.680691 np0000175562 nova-conductor[110461]: DEBUG cotyledon.oslo_config_glue [-] workarounds.qemu_monitor_announce_self_count = 3 {{(pid=110461) log_opt_values /opt/stack/data/venv/lib/python3.12/site-packages/oslo_config/cfg.py:3256}}
May 20 22:05:29.680691 np0000175562 nova-conductor[110461]: DEBUG cotyledon.oslo_config_glue [-] workarounds.qemu_monitor_announce_self_interval = 1 {{(pid=110461) log_opt_values /opt/stack/data/venv/lib/python3.12/site-packages/oslo_config/cfg.py:3256}}
May 20 22:05:29.680691 np0000175562 nova-conductor[110461]: DEBUG cotyledon.oslo_config_glue [-] workarounds.reserve_disk_resource_for_image_cache = False {{(pid=110461) log_opt_values /opt/stack/data/venv/lib/python3.12/site-packages/oslo_config/cfg.py:3256}}
May 20 22:05:29.680691 np0000175562 nova-conductor[110461]: DEBUG cotyledon.oslo_config_glue [-] workarounds.skip_cpu_compare_at_startup = False {{(pid=110461) log_opt_values /opt/stack/data/venv/lib/python3.12/site-packages/oslo_config/cfg.py:3256}}
May 20 22:05:29.680691 np0000175562 nova-conductor[110461]: DEBUG cotyledon.oslo_config_glue [-] workarounds.skip_cpu_compare_on_dest = False {{(pid=110461) log_opt_values /opt/stack/data/venv/lib/python3.12/site-packages/oslo_config/cfg.py:3256}}
May 20 22:05:29.680691 np0000175562 nova-conductor[110461]: DEBUG cotyledon.oslo_config_glue [-] workarounds.skip_hypervisor_version_check_on_lm = False {{(pid=110461) log_opt_values /opt/stack/data/venv/lib/python3.12/site-packages/oslo_config/cfg.py:3256}}
May 20 22:05:29.680691 np0000175562 nova-conductor[110461]: DEBUG cotyledon.oslo_config_glue [-] workarounds.skip_reserve_in_use_ironic_nodes = False {{(pid=110461) log_opt_values /opt/stack/data/venv/lib/python3.12/site-packages/oslo_config/cfg.py:3256}}
May 20 22:05:29.680901 np0000175562 nova-conductor[110461]: DEBUG cotyledon.oslo_config_glue [-] workarounds.unified_limits_count_pcpu_as_vcpu = False {{(pid=110461) log_opt_values /opt/stack/data/venv/lib/python3.12/site-packages/oslo_config/cfg.py:3256}}
May 20 22:05:29.680901 np0000175562 nova-conductor[110461]: DEBUG cotyledon.oslo_config_glue [-] workarounds.wait_for_vif_plugged_event_during_hard_reboot = [] {{(pid=110461) log_opt_values /opt/stack/data/venv/lib/python3.12/site-packages/oslo_config/cfg.py:3256}}
May 20 22:05:29.680901 np0000175562 nova-conductor[110461]: DEBUG cotyledon.oslo_config_glue [-] wsgi.api_paste_config = /etc/nova/api-paste.ini {{(pid=110461) log_opt_values /opt/stack/data/venv/lib/python3.12/site-packages/oslo_config/cfg.py:3256}}
May 20 22:05:29.680901 np0000175562 nova-conductor[110461]: DEBUG cotyledon.oslo_config_glue [-] wsgi.secure_proxy_ssl_header = None {{(pid=110461) log_opt_values /opt/stack/data/venv/lib/python3.12/site-packages/oslo_config/cfg.py:3256}}
May 20 22:05:29.680901 np0000175562 nova-conductor[110461]: DEBUG cotyledon.oslo_config_glue [-] zvm.ca_file = None {{(pid=110461) log_opt_values /opt/stack/data/venv/lib/python3.12/site-packages/oslo_config/cfg.py:3256}}
May 20 22:05:29.680901 np0000175562 nova-conductor[110461]: DEBUG cotyledon.oslo_config_glue [-] zvm.cloud_connector_url = None {{(pid=110461) log_opt_values /opt/stack/data/venv/lib/python3.12/site-packages/oslo_config/cfg.py:3256}}
May 20 22:05:29.680901 np0000175562 nova-conductor[110461]: DEBUG cotyledon.oslo_config_glue [-] zvm.image_tmp_path = /opt/stack/data/nova/images {{(pid=110461) log_opt_values /opt/stack/data/venv/lib/python3.12/site-packages/oslo_config/cfg.py:3256}}
May 20 22:05:29.680901 np0000175562 nova-conductor[110461]: DEBUG cotyledon.oslo_config_glue [-] zvm.reachable_timeout = 300 {{(pid=110461) log_opt_values /opt/stack/data/venv/lib/python3.12/site-packages/oslo_config/cfg.py:3256}}
May 20 22:05:29.680901 np0000175562 nova-conductor[110461]: DEBUG cotyledon.oslo_config_glue [-] oslo_versionedobjects.fatal_exception_format_errors = False {{(pid=110461) log_opt_values /opt/stack/data/venv/lib/python3.12/site-packages/oslo_config/cfg.py:3256}}
May 20 22:05:29.681126 np0000175562 nova-conductor[110461]: DEBUG cotyledon.oslo_config_glue [-] oslo_middleware.http_basic_auth_user_file = /etc/htpasswd {{(pid=110461) log_opt_values /opt/stack/data/venv/lib/python3.12/site-packages/oslo_config/cfg.py:3256}}
May 20 22:05:29.681126 np0000175562 nova-conductor[110461]: DEBUG cotyledon.oslo_config_glue [-] profiler.connection_string = messaging:// {{(pid=110461) log_opt_values /opt/stack/data/venv/lib/python3.12/site-packages/oslo_config/cfg.py:3256}}
May 20 22:05:29.681126 np0000175562 nova-conductor[110461]: DEBUG cotyledon.oslo_config_glue [-] profiler.enabled = False {{(pid=110461) log_opt_values /opt/stack/data/venv/lib/python3.12/site-packages/oslo_config/cfg.py:3256}}
May 20 22:05:29.681126 np0000175562 nova-conductor[110461]: DEBUG cotyledon.oslo_config_glue [-] profiler.es_doc_type = notification {{(pid=110461) log_opt_values /opt/stack/data/venv/lib/python3.12/site-packages/oslo_config/cfg.py:3256}}
May 20 22:05:29.681126 np0000175562 nova-conductor[110461]: DEBUG cotyledon.oslo_config_glue [-] profiler.es_scroll_size = 10000 {{(pid=110461) log_opt_values /opt/stack/data/venv/lib/python3.12/site-packages/oslo_config/cfg.py:3256}}
May 20 22:05:29.681126 np0000175562 nova-conductor[110461]: DEBUG cotyledon.oslo_config_glue [-] profiler.es_scroll_time = 2m {{(pid=110461) log_opt_values /opt/stack/data/venv/lib/python3.12/site-packages/oslo_config/cfg.py:3256}}
May 20 22:05:29.681126 np0000175562 nova-conductor[110461]: DEBUG cotyledon.oslo_config_glue [-] profiler.filter_error_trace = False {{(pid=110461) log_opt_values /opt/stack/data/venv/lib/python3.12/site-packages/oslo_config/cfg.py:3256}}
May 20 22:05:29.681126 np0000175562 nova-conductor[110461]: DEBUG cotyledon.oslo_config_glue [-] profiler.hmac_keys = **** {{(pid=110461) log_opt_values /opt/stack/data/venv/lib/python3.12/site-packages/oslo_config/cfg.py:3256}}
May 20 22:05:29.681126 np0000175562 nova-conductor[110461]: DEBUG cotyledon.oslo_config_glue [-] profiler.sentinel_service_name = mymaster {{(pid=110461) log_opt_values /opt/stack/data/venv/lib/python3.12/site-packages/oslo_config/cfg.py:3256}}
May 20 22:05:29.681342 np0000175562 nova-conductor[110461]: DEBUG cotyledon.oslo_config_glue [-] profiler.socket_timeout = 0.1 {{(pid=110461) log_opt_values /opt/stack/data/venv/lib/python3.12/site-packages/oslo_config/cfg.py:3256}}
May 20 22:05:29.681342 np0000175562 nova-conductor[110461]: DEBUG cotyledon.oslo_config_glue [-] profiler.trace_requests = False {{(pid=110461) log_opt_values /opt/stack/data/venv/lib/python3.12/site-packages/oslo_config/cfg.py:3256}}
May 20 22:05:29.681342 np0000175562 nova-conductor[110461]: DEBUG cotyledon.oslo_config_glue [-] profiler.trace_sqlalchemy = False {{(pid=110461) log_opt_values /opt/stack/data/venv/lib/python3.12/site-packages/oslo_config/cfg.py:3256}}
May 20 22:05:29.681342 np0000175562 nova-conductor[110461]: DEBUG cotyledon.oslo_config_glue [-] profiler_jaeger.process_tags = {} {{(pid=110461) log_opt_values /opt/stack/data/venv/lib/python3.12/site-packages/oslo_config/cfg.py:3256}}
May 20 22:05:29.681342 np0000175562 nova-conductor[110461]: DEBUG cotyledon.oslo_config_glue [-] profiler_jaeger.service_name_prefix = None {{(pid=110461) log_opt_values /opt/stack/data/venv/lib/python3.12/site-packages/oslo_config/cfg.py:3256}}
May 20 22:05:29.681342 np0000175562 nova-conductor[110461]: DEBUG cotyledon.oslo_config_glue [-] profiler_otlp.service_name_prefix = None {{(pid=110461) log_opt_values /opt/stack/data/venv/lib/python3.12/site-packages/oslo_config/cfg.py:3256}}
May 20 22:05:29.681342 np0000175562 nova-conductor[110461]: DEBUG cotyledon.oslo_config_glue [-] oslo_messaging_rabbit.amqp_auto_delete = False {{(pid=110461) log_opt_values /opt/stack/data/venv/lib/python3.12/site-packages/oslo_config/cfg.py:3256}}
May 20 22:05:29.681342 np0000175562 nova-conductor[110461]: DEBUG cotyledon.oslo_config_glue [-] oslo_messaging_rabbit.amqp_durable_queues = False {{(pid=110461) log_opt_values /opt/stack/data/venv/lib/python3.12/site-packages/oslo_config/cfg.py:3256}}
May 20 22:05:29.681342 np0000175562 nova-conductor[110461]: DEBUG cotyledon.oslo_config_glue [-] oslo_messaging_rabbit.conn_pool_min_size = 2 {{(pid=110461) log_opt_values /opt/stack/data/venv/lib/python3.12/site-packages/oslo_config/cfg.py:3256}}
May 20 22:05:29.681543 np0000175562 nova-conductor[110461]: DEBUG cotyledon.oslo_config_glue [-] oslo_messaging_rabbit.conn_pool_ttl = 1200 {{(pid=110461) log_opt_values /opt/stack/data/venv/lib/python3.12/site-packages/oslo_config/cfg.py:3256}}
May 20 22:05:29.681543 np0000175562 nova-conductor[110461]: DEBUG cotyledon.oslo_config_glue [-] oslo_messaging_rabbit.direct_mandatory_flag = True {{(pid=110461) log_opt_values /opt/stack/data/venv/lib/python3.12/site-packages/oslo_config/cfg.py:3256}}
May 20 22:05:29.681543 np0000175562 nova-conductor[110461]: DEBUG cotyledon.oslo_config_glue [-] oslo_messaging_rabbit.enable_cancel_on_failover = False {{(pid=110461) log_opt_values /opt/stack/data/venv/lib/python3.12/site-packages/oslo_config/cfg.py:3256}}
May 20 22:05:29.681543 np0000175562 nova-conductor[110461]: DEBUG cotyledon.oslo_config_glue [-] oslo_messaging_rabbit.heartbeat_rate = 3 {{(pid=110461) log_opt_values /opt/stack/data/venv/lib/python3.12/site-packages/oslo_config/cfg.py:3256}}
May 20 22:05:29.681543 np0000175562 nova-conductor[110461]: DEBUG cotyledon.oslo_config_glue [-] oslo_messaging_rabbit.heartbeat_timeout_threshold = 60 {{(pid=110461) log_opt_values /opt/stack/data/venv/lib/python3.12/site-packages/oslo_config/cfg.py:3256}}
May 20 22:05:29.681543 np0000175562 nova-conductor[110461]: DEBUG cotyledon.oslo_config_glue [-] oslo_messaging_rabbit.hostname = np0000175562 {{(pid=110461) log_opt_values /opt/stack/data/venv/lib/python3.12/site-packages/oslo_config/cfg.py:3256}}
May 20 22:05:29.681543 np0000175562 nova-conductor[110461]: DEBUG cotyledon.oslo_config_glue [-] oslo_messaging_rabbit.kombu_compression = None {{(pid=110461) log_opt_values /opt/stack/data/venv/lib/python3.12/site-packages/oslo_config/cfg.py:3256}}
May 20 22:05:29.681543 np0000175562 nova-conductor[110461]: DEBUG cotyledon.oslo_config_glue [-] oslo_messaging_rabbit.kombu_failover_strategy = round-robin {{(pid=110461) log_opt_values /opt/stack/data/venv/lib/python3.12/site-packages/oslo_config/cfg.py:3256}}
May 20 22:05:29.681750 np0000175562 nova-conductor[110461]: DEBUG cotyledon.oslo_config_glue [-] oslo_messaging_rabbit.kombu_missing_consumer_retry_timeout = 60 {{(pid=110461) log_opt_values /opt/stack/data/venv/lib/python3.12/site-packages/oslo_config/cfg.py:3256}}
May 20 22:05:29.681750 np0000175562 nova-conductor[110461]: DEBUG cotyledon.oslo_config_glue [-] oslo_messaging_rabbit.kombu_reconnect_delay = 1.0 {{(pid=110461) log_opt_values /opt/stack/data/venv/lib/python3.12/site-packages/oslo_config/cfg.py:3256}}
May 20 22:05:29.681750 np0000175562 nova-conductor[110461]: DEBUG cotyledon.oslo_config_glue [-] oslo_messaging_rabbit.kombu_reconnect_splay = 0.0 {{(pid=110461) log_opt_values /opt/stack/data/venv/lib/python3.12/site-packages/oslo_config/cfg.py:3256}}
May 20 22:05:29.681750 np0000175562 nova-conductor[110461]: DEBUG cotyledon.oslo_config_glue [-] oslo_messaging_rabbit.processname = nova-conductor {{(pid=110461) log_opt_values /opt/stack/data/venv/lib/python3.12/site-packages/oslo_config/cfg.py:3256}}
May 20 22:05:29.681750 np0000175562 nova-conductor[110461]: DEBUG cotyledon.oslo_config_glue [-] oslo_messaging_rabbit.rabbit_ha_queues = False {{(pid=110461) log_opt_values /opt/stack/data/venv/lib/python3.12/site-packages/oslo_config/cfg.py:3256}}
May 20 22:05:29.681750 np0000175562 nova-conductor[110461]: DEBUG cotyledon.oslo_config_glue [-] oslo_messaging_rabbit.rabbit_interval_max = 30 {{(pid=110461) log_opt_values /opt/stack/data/venv/lib/python3.12/site-packages/oslo_config/cfg.py:3256}}
May 20 22:05:29.681750 np0000175562 nova-conductor[110461]: DEBUG cotyledon.oslo_config_glue [-] oslo_messaging_rabbit.rabbit_login_method = AMQPLAIN {{(pid=110461) log_opt_values /opt/stack/data/venv/lib/python3.12/site-packages/oslo_config/cfg.py:3256}}
May 20 22:05:29.681750 np0000175562 nova-conductor[110461]: DEBUG cotyledon.oslo_config_glue [-] oslo_messaging_rabbit.rabbit_qos_prefetch_count = 0 {{(pid=110461) log_opt_values /opt/stack/data/venv/lib/python3.12/site-packages/oslo_config/cfg.py:3256}}
May 20 22:05:29.681947 np0000175562 nova-conductor[110461]: DEBUG cotyledon.oslo_config_glue [-] oslo_messaging_rabbit.rabbit_quorum_delivery_limit = 0 {{(pid=110461) log_opt_values /opt/stack/data/venv/lib/python3.12/site-packages/oslo_config/cfg.py:3256}}
May 20 22:05:29.681975 np0000175562 nova-conductor[110455]: DEBUG oslo_db.sqlalchemy.engines [None req-6fddc828-1667-477e-b3eb-3495322b58ec None None] MySQL server mode set to STRICT_TRANS_TABLES,STRICT_ALL_TABLES,NO_ZERO_IN_DATE,NO_ZERO_DATE,ERROR_FOR_DIVISION_BY_ZERO,TRADITIONAL,NO_ENGINE_SUBSTITUTION {{(pid=110455) _check_effective_sql_mode /opt/stack/data/venv/lib/python3.12/site-packages/oslo_db/sqlalchemy/engines.py:325}}
May 20 22:05:29.682004 np0000175562 nova-conductor[110461]: DEBUG cotyledon.oslo_config_glue [-] oslo_messaging_rabbit.rabbit_quorum_max_memory_bytes = 0 {{(pid=110461) log_opt_values /opt/stack/data/venv/lib/python3.12/site-packages/oslo_config/cfg.py:3256}}
May 20 22:05:29.682004 np0000175562 nova-conductor[110461]: DEBUG cotyledon.oslo_config_glue [-] oslo_messaging_rabbit.rabbit_quorum_max_memory_length = 0 {{(pid=110461) log_opt_values /opt/stack/data/venv/lib/python3.12/site-packages/oslo_config/cfg.py:3256}}
May 20 22:05:29.682004 np0000175562 nova-conductor[110461]: DEBUG cotyledon.oslo_config_glue [-] oslo_messaging_rabbit.rabbit_quorum_queue = False {{(pid=110461) log_opt_values /opt/stack/data/venv/lib/python3.12/site-packages/oslo_config/cfg.py:3256}}
May 20 22:05:29.682004 np0000175562 nova-conductor[110461]: DEBUG cotyledon.oslo_config_glue [-] oslo_messaging_rabbit.rabbit_retry_backoff = 2 {{(pid=110461) log_opt_values /opt/stack/data/venv/lib/python3.12/site-packages/oslo_config/cfg.py:3256}}
May 20 22:05:29.682004 np0000175562 nova-conductor[110461]: DEBUG cotyledon.oslo_config_glue [-] oslo_messaging_rabbit.rabbit_retry_interval = 1 {{(pid=110461) log_opt_values /opt/stack/data/venv/lib/python3.12/site-packages/oslo_config/cfg.py:3256}}
May 20 22:05:29.682004 np0000175562 nova-conductor[110461]: DEBUG cotyledon.oslo_config_glue [-] oslo_messaging_rabbit.rabbit_stream_fanout = False {{(pid=110461) log_opt_values /opt/stack/data/venv/lib/python3.12/site-packages/oslo_config/cfg.py:3256}}
May 20 22:05:29.682004 np0000175562 nova-conductor[110461]: DEBUG cotyledon.oslo_config_glue [-] oslo_messaging_rabbit.rabbit_transient_queues_ttl = 1800 {{(pid=110461) log_opt_values /opt/stack/data/venv/lib/python3.12/site-packages/oslo_config/cfg.py:3256}}
May 20 22:05:29.682004 np0000175562 nova-conductor[110461]: DEBUG cotyledon.oslo_config_glue [-] oslo_messaging_rabbit.rabbit_transient_quorum_queue = False {{(pid=110461) log_opt_values /opt/stack/data/venv/lib/python3.12/site-packages/oslo_config/cfg.py:3256}}
May 20 22:05:29.682196 np0000175562 nova-conductor[110461]: DEBUG cotyledon.oslo_config_glue [-] oslo_messaging_rabbit.rpc_conn_pool_size = 30 {{(pid=110461) log_opt_values /opt/stack/data/venv/lib/python3.12/site-packages/oslo_config/cfg.py:3256}}
May 20 22:05:29.682196 np0000175562 nova-conductor[110461]: DEBUG cotyledon.oslo_config_glue [-] oslo_messaging_rabbit.ssl = False {{(pid=110461) log_opt_values /opt/stack/data/venv/lib/python3.12/site-packages/oslo_config/cfg.py:3256}}
May 20 22:05:29.682196 np0000175562 nova-conductor[110461]: DEBUG cotyledon.oslo_config_glue [-] oslo_messaging_rabbit.ssl_ca_file = {{(pid=110461) log_opt_values /opt/stack/data/venv/lib/python3.12/site-packages/oslo_config/cfg.py:3256}}
May 20 22:05:29.682196 np0000175562 nova-conductor[110461]: DEBUG cotyledon.oslo_config_glue [-] oslo_messaging_rabbit.ssl_cert_file = {{(pid=110461) log_opt_values /opt/stack/data/venv/lib/python3.12/site-packages/oslo_config/cfg.py:3256}}
May 20 22:05:29.682196 np0000175562 nova-conductor[110461]: DEBUG cotyledon.oslo_config_glue [-] oslo_messaging_rabbit.ssl_enforce_fips_mode = False {{(pid=110461) log_opt_values /opt/stack/data/venv/lib/python3.12/site-packages/oslo_config/cfg.py:3256}}
May 20 22:05:29.682196 np0000175562 nova-conductor[110461]: DEBUG cotyledon.oslo_config_glue [-] oslo_messaging_rabbit.ssl_enforce_hostname_verification = True {{(pid=110461) log_opt_values /opt/stack/data/venv/lib/python3.12/site-packages/oslo_config/cfg.py:3256}}
May 20 22:05:29.682196 np0000175562 nova-conductor[110461]: DEBUG cotyledon.oslo_config_glue [-] oslo_messaging_rabbit.ssl_key_file = {{(pid=110461) log_opt_values /opt/stack/data/venv/lib/python3.12/site-packages/oslo_config/cfg.py:3256}}
May 20 22:05:29.682196 np0000175562 nova-conductor[110461]: DEBUG cotyledon.oslo_config_glue [-] oslo_messaging_rabbit.ssl_version = {{(pid=110461) log_opt_values /opt/stack/data/venv/lib/python3.12/site-packages/oslo_config/cfg.py:3256}}
May 20 22:05:29.682196 np0000175562 nova-conductor[110461]: DEBUG cotyledon.oslo_config_glue [-] oslo_messaging_rabbit.use_queue_manager = False {{(pid=110461) log_opt_values /opt/stack/data/venv/lib/python3.12/site-packages/oslo_config/cfg.py:3256}}
May 20 22:05:29.682400 np0000175562 nova-conductor[110461]: DEBUG cotyledon.oslo_config_glue [-] oslo_messaging_notifications.driver = ['messagingv2'] {{(pid=110461) log_opt_values /opt/stack/data/venv/lib/python3.12/site-packages/oslo_config/cfg.py:3256}}
May 20 22:05:29.682400 np0000175562 nova-conductor[110461]: DEBUG cotyledon.oslo_config_glue [-] oslo_messaging_notifications.retry = -1 {{(pid=110461) log_opt_values /opt/stack/data/venv/lib/python3.12/site-packages/oslo_config/cfg.py:3256}}
May 20 22:05:29.682400 np0000175562 nova-conductor[110461]: DEBUG cotyledon.oslo_config_glue [-] oslo_messaging_notifications.topics = ['notifications'] {{(pid=110461) log_opt_values /opt/stack/data/venv/lib/python3.12/site-packages/oslo_config/cfg.py:3256}}
May 20 22:05:29.682400 np0000175562 nova-conductor[110461]: DEBUG cotyledon.oslo_config_glue [-] oslo_messaging_notifications.transport_url = **** {{(pid=110461) log_opt_values /opt/stack/data/venv/lib/python3.12/site-packages/oslo_config/cfg.py:3256}}
May 20 22:05:29.682400 np0000175562 nova-conductor[110461]: DEBUG cotyledon.oslo_config_glue [-] oslo_limit.auth_section = None {{(pid=110461) log_opt_values /opt/stack/data/venv/lib/python3.12/site-packages/oslo_config/cfg.py:3256}}
May 20 22:05:29.682400 np0000175562 nova-conductor[110461]: DEBUG cotyledon.oslo_config_glue [-] oslo_limit.auth_type = None {{(pid=110461) log_opt_values /opt/stack/data/venv/lib/python3.12/site-packages/oslo_config/cfg.py:3256}}
May 20 22:05:29.682400 np0000175562 nova-conductor[110461]: DEBUG cotyledon.oslo_config_glue [-] oslo_limit.cafile = None {{(pid=110461) log_opt_values /opt/stack/data/venv/lib/python3.12/site-packages/oslo_config/cfg.py:3256}}
May 20 22:05:29.682400 np0000175562 nova-conductor[110461]: DEBUG cotyledon.oslo_config_glue [-] oslo_limit.certfile = None {{(pid=110461) log_opt_values /opt/stack/data/venv/lib/python3.12/site-packages/oslo_config/cfg.py:3256}}
May 20 22:05:29.682400 np0000175562 nova-conductor[110461]: DEBUG cotyledon.oslo_config_glue [-] oslo_limit.collect_timing = False {{(pid=110461) log_opt_values /opt/stack/data/venv/lib/python3.12/site-packages/oslo_config/cfg.py:3256}}
May 20 22:05:29.682610 np0000175562 nova-conductor[110461]: DEBUG cotyledon.oslo_config_glue [-] oslo_limit.connect_retries = None {{(pid=110461) log_opt_values /opt/stack/data/venv/lib/python3.12/site-packages/oslo_config/cfg.py:3256}}
May 20 22:05:29.682610 np0000175562 nova-conductor[110461]: DEBUG cotyledon.oslo_config_glue [-] oslo_limit.connect_retry_delay = None {{(pid=110461) log_opt_values /opt/stack/data/venv/lib/python3.12/site-packages/oslo_config/cfg.py:3256}}
May 20 22:05:29.682610 np0000175562 nova-conductor[110461]: DEBUG cotyledon.oslo_config_glue [-] oslo_limit.endpoint_id = None {{(pid=110461) log_opt_values /opt/stack/data/venv/lib/python3.12/site-packages/oslo_config/cfg.py:3256}}
May 20 22:05:29.682610 np0000175562 nova-conductor[110461]: DEBUG cotyledon.oslo_config_glue [-] oslo_limit.endpoint_interface = public {{(pid=110461) log_opt_values /opt/stack/data/venv/lib/python3.12/site-packages/oslo_config/cfg.py:3256}}
May 20 22:05:29.682610 np0000175562 nova-conductor[110461]: DEBUG cotyledon.oslo_config_glue [-] oslo_limit.endpoint_override = None {{(pid=110461) log_opt_values /opt/stack/data/venv/lib/python3.12/site-packages/oslo_config/cfg.py:3256}}
May 20 22:05:29.682610 np0000175562 nova-conductor[110461]: DEBUG cotyledon.oslo_config_glue [-] oslo_limit.endpoint_region_name = None {{(pid=110461) log_opt_values /opt/stack/data/venv/lib/python3.12/site-packages/oslo_config/cfg.py:3256}}
May 20 22:05:29.682610 np0000175562 nova-conductor[110461]: DEBUG cotyledon.oslo_config_glue [-] oslo_limit.endpoint_service_name = None {{(pid=110461) log_opt_values /opt/stack/data/venv/lib/python3.12/site-packages/oslo_config/cfg.py:3256}}
May 20 22:05:29.682610 np0000175562 nova-conductor[110461]: DEBUG cotyledon.oslo_config_glue [-] oslo_limit.endpoint_service_type = None {{(pid=110461) log_opt_values /opt/stack/data/venv/lib/python3.12/site-packages/oslo_config/cfg.py:3256}}
May 20 22:05:29.682610 np0000175562 nova-conductor[110461]: DEBUG cotyledon.oslo_config_glue [-] oslo_limit.insecure = False {{(pid=110461) log_opt_values /opt/stack/data/venv/lib/python3.12/site-packages/oslo_config/cfg.py:3256}}
May 20 22:05:29.682826 np0000175562 nova-conductor[110461]: DEBUG cotyledon.oslo_config_glue [-] oslo_limit.keyfile = None {{(pid=110461) log_opt_values /opt/stack/data/venv/lib/python3.12/site-packages/oslo_config/cfg.py:3256}}
May 20 22:05:29.682826 np0000175562 nova-conductor[110461]: DEBUG cotyledon.oslo_config_glue [-] oslo_limit.max_version = None {{(pid=110461) log_opt_values /opt/stack/data/venv/lib/python3.12/site-packages/oslo_config/cfg.py:3256}}
May 20 22:05:29.682826 np0000175562 nova-conductor[110461]: DEBUG cotyledon.oslo_config_glue [-] oslo_limit.min_version = None {{(pid=110461) log_opt_values /opt/stack/data/venv/lib/python3.12/site-packages/oslo_config/cfg.py:3256}}
May 20 22:05:29.682826 np0000175562 nova-conductor[110461]: DEBUG cotyledon.oslo_config_glue [-] oslo_limit.region_name = None {{(pid=110461) log_opt_values /opt/stack/data/venv/lib/python3.12/site-packages/oslo_config/cfg.py:3256}}
May 20 22:05:29.682826 np0000175562 nova-conductor[110461]: DEBUG cotyledon.oslo_config_glue [-] oslo_limit.retriable_status_codes = None {{(pid=110461) log_opt_values /opt/stack/data/venv/lib/python3.12/site-packages/oslo_config/cfg.py:3256}}
May 20 22:05:29.682826 np0000175562 nova-conductor[110461]: DEBUG cotyledon.oslo_config_glue [-] oslo_limit.service_name = None {{(pid=110461) log_opt_values /opt/stack/data/venv/lib/python3.12/site-packages/oslo_config/cfg.py:3256}}
May 20 22:05:29.682826 np0000175562 nova-conductor[110461]: DEBUG cotyledon.oslo_config_glue [-] oslo_limit.service_type = None {{(pid=110461) log_opt_values /opt/stack/data/venv/lib/python3.12/site-packages/oslo_config/cfg.py:3256}}
May 20 22:05:29.682826 np0000175562 nova-conductor[110461]: DEBUG cotyledon.oslo_config_glue [-] oslo_limit.split_loggers = False {{(pid=110461) log_opt_values /opt/stack/data/venv/lib/python3.12/site-packages/oslo_config/cfg.py:3256}}
May 20 22:05:29.682826 np0000175562 nova-conductor[110461]: DEBUG cotyledon.oslo_config_glue [-] oslo_limit.status_code_retries = None {{(pid=110461) log_opt_values /opt/stack/data/venv/lib/python3.12/site-packages/oslo_config/cfg.py:3256}}
May 20 22:05:29.683047 np0000175562 nova-conductor[110461]: DEBUG cotyledon.oslo_config_glue [-] oslo_limit.status_code_retry_delay = None {{(pid=110461) log_opt_values /opt/stack/data/venv/lib/python3.12/site-packages/oslo_config/cfg.py:3256}}
May 20 22:05:29.683047 np0000175562 nova-conductor[110461]: DEBUG cotyledon.oslo_config_glue [-] oslo_limit.timeout = None {{(pid=110461) log_opt_values /opt/stack/data/venv/lib/python3.12/site-packages/oslo_config/cfg.py:3256}}
May 20 22:05:29.683047 np0000175562 nova-conductor[110461]: DEBUG cotyledon.oslo_config_glue [-] oslo_limit.valid_interfaces = None {{(pid=110461) log_opt_values /opt/stack/data/venv/lib/python3.12/site-packages/oslo_config/cfg.py:3256}}
May 20 22:05:29.683047 np0000175562 nova-conductor[110461]: DEBUG cotyledon.oslo_config_glue [-] oslo_limit.version = None {{(pid=110461) log_opt_values /opt/stack/data/venv/lib/python3.12/site-packages/oslo_config/cfg.py:3256}}
May 20 22:05:29.683047 np0000175562 nova-conductor[110461]: DEBUG cotyledon.oslo_config_glue [-] oslo_reports.file_event_handler = None {{(pid=110461) log_opt_values /opt/stack/data/venv/lib/python3.12/site-packages/oslo_config/cfg.py:3256}}
May 20 22:05:29.683047 np0000175562 nova-conductor[110461]: DEBUG cotyledon.oslo_config_glue [-] oslo_reports.file_event_handler_interval = 1 {{(pid=110461) log_opt_values /opt/stack/data/venv/lib/python3.12/site-packages/oslo_config/cfg.py:3256}}
May 20 22:05:29.683047 np0000175562 nova-conductor[110461]: DEBUG cotyledon.oslo_config_glue [-] oslo_reports.log_dir = None {{(pid=110461) log_opt_values /opt/stack/data/venv/lib/python3.12/site-packages/oslo_config/cfg.py:3256}}
May 20 22:05:29.683047 np0000175562 nova-conductor[110461]: DEBUG cotyledon.oslo_config_glue [-] ******************************************************************************** {{(pid=110461) log_opt_values /opt/stack/data/venv/lib/python3.12/site-packages/oslo_config/cfg.py:3263}}
May 20 22:05:29.683047 np0000175562 nova-conductor[110461]: DEBUG cotyledon._service_worker [-] Run service ServiceWrapper(3) [110461] {{(pid=110461) wait_forever /opt/stack/data/venv/lib/python3.12/site-packages/cotyledon/_service_worker.py:218}}
May 20 22:05:29.683265 np0000175562 nova-conductor[110444]: DEBUG dbcounter [-] [110444] Writer thread running {{(pid=110444) stat_writer /opt/stack/data/venv/lib/python3.12/site-packages/dbcounter.py:102}}
May 20 22:05:29.683293 np0000175562 nova-conductor[110461]: INFO nova.service [-] Starting conductor node (version 33.1.0)
May 20 22:05:29.683319 np0000175562 nova-conductor[110437]: DEBUG nova.service [None req-41448abf-e929-4dd4-8357-74f49b930521 None None] Creating RPC server for service: nova-conductor on topic: conductor {{(pid=110437) start /opt/stack/nova/nova/service.py:195}}
May 20 22:05:29.683345 np0000175562 nova-conductor[110455]: DEBUG dbcounter [-] [110455] Writer thread running {{(pid=110455) stat_writer /opt/stack/data/venv/lib/python3.12/site-packages/dbcounter.py:102}}
May 20 22:05:29.684036 np0000175562 nova-conductor[110455]: DEBUG nova.service [None req-6fddc828-1667-477e-b3eb-3495322b58ec None None] Creating RPC server for service: nova-conductor on topic: conductor {{(pid=110455) start /opt/stack/nova/nova/service.py:195}}
May 20 22:05:29.684215 np0000175562 nova-conductor[110461]: INFO dbcounter [None req-1952daca-969e-4250-a282-08f5db230869 None None] Registered counter for database nova_cell0
May 20 22:05:29.694917 np0000175562 nova-conductor[110461]: DEBUG oslo_db.sqlalchemy.engines [None req-1952daca-969e-4250-a282-08f5db230869 None None] MySQL server mode set to STRICT_TRANS_TABLES,STRICT_ALL_TABLES,NO_ZERO_IN_DATE,NO_ZERO_DATE,ERROR_FOR_DIVISION_BY_ZERO,TRADITIONAL,NO_ENGINE_SUBSTITUTION {{(pid=110461) _check_effective_sql_mode /opt/stack/data/venv/lib/python3.12/site-packages/oslo_db/sqlalchemy/engines.py:325}}
May 20 22:05:29.696246 np0000175562 nova-conductor[110444]: DEBUG nova.service [None req-44be9f86-8ea3-4630-8660-3f95a01cd0ec None None] Creating RPC server for service: nova-conductor on topic: conductor {{(pid=110444) start /opt/stack/nova/nova/service.py:195}}
May 20 22:05:29.705101 np0000175562 nova-conductor[110455]: DEBUG nova.service [None req-6fddc828-1667-477e-b3eb-3495322b58ec None None] Join ServiceGroup membership for this service conductor {{(pid=110455) start /opt/stack/nova/nova/service.py:221}}
May 20 22:05:29.705398 np0000175562 nova-conductor[110455]: DEBUG nova.servicegroup.drivers.db [None req-6fddc828-1667-477e-b3eb-3495322b58ec None None] DB_Driver: join new ServiceGroup member np0000175562 to the conductor group, service = {{(pid=110455) join /opt/stack/nova/nova/servicegroup/drivers/db.py:44}}
May 20 22:05:29.706044 np0000175562 nova-conductor[110437]: DEBUG nova.service [None req-41448abf-e929-4dd4-8357-74f49b930521 None None] Join ServiceGroup membership for this service conductor {{(pid=110437) start /opt/stack/nova/nova/service.py:221}}
May 20 22:05:29.706210 np0000175562 nova-conductor[110437]: DEBUG nova.servicegroup.drivers.db [None req-41448abf-e929-4dd4-8357-74f49b930521 None None] DB_Driver: join new ServiceGroup member np0000175562 to the conductor group, service = {{(pid=110437) join /opt/stack/nova/nova/servicegroup/drivers/db.py:44}}
May 20 22:05:29.707451 np0000175562 nova-conductor[110461]: DEBUG dbcounter [-] [110461] Writer thread running {{(pid=110461) stat_writer /opt/stack/data/venv/lib/python3.12/site-packages/dbcounter.py:102}}
May 20 22:05:29.710382 np0000175562 nova-conductor[110461]: DEBUG nova.service [None req-1952daca-969e-4250-a282-08f5db230869 None None] Creating RPC server for service: nova-conductor on topic: conductor {{(pid=110461) start /opt/stack/nova/nova/service.py:195}}
May 20 22:05:29.714001 np0000175562 nova-conductor[110444]: DEBUG nova.service [None req-44be9f86-8ea3-4630-8660-3f95a01cd0ec None None] Join ServiceGroup membership for this service conductor {{(pid=110444) start /opt/stack/nova/nova/service.py:221}}
May 20 22:05:29.714235 np0000175562 nova-conductor[110444]: DEBUG nova.servicegroup.drivers.db [None req-44be9f86-8ea3-4630-8660-3f95a01cd0ec None None] DB_Driver: join new ServiceGroup member np0000175562 to the conductor group, service = {{(pid=110444) join /opt/stack/nova/nova/servicegroup/drivers/db.py:44}}
May 20 22:05:29.727286 np0000175562 nova-conductor[110461]: DEBUG nova.service [None req-1952daca-969e-4250-a282-08f5db230869 None None] Join ServiceGroup membership for this service conductor {{(pid=110461) start /opt/stack/nova/nova/service.py:221}}
May 20 22:05:29.727495 np0000175562 nova-conductor[110461]: DEBUG nova.servicegroup.drivers.db [None req-1952daca-969e-4250-a282-08f5db230869 None None] DB_Driver: join new ServiceGroup member np0000175562 to the conductor group, service = {{(pid=110461) join /opt/stack/nova/nova/servicegroup/drivers/db.py:44}}
May 20 22:05:34.710720 np0000175562 nova-conductor[110437]: DEBUG oslo.service.backend._threading.loopingcall [None req-a69a5c25-c740-4eb4-95c4-141687eeb84b None None] Dynamic interval looping call 'nova.service.Service.periodic_tasks' sleeping for 60.00 seconds {{(pid=110437) _run_loop /opt/stack/data/venv/lib/python3.12/site-packages/oslo_service/backend/_threading/loopingcall.py:125}}
May 20 22:05:34.726729 np0000175562 nova-conductor[110437]: DEBUG oslo.service.backend._threading.loopingcall [-] Fixed interval looping call 'nova.servicegroup.drivers.db.DbDriver._report_state' sleeping for 119.98 seconds {{(pid=110437) _run_loop /opt/stack/data/venv/lib/python3.12/site-packages/oslo_service/backend/_threading/loopingcall.py:125}}
May 20 22:05:34.727520 np0000175562 nova-conductor[110455]: DEBUG oslo.service.backend._threading.loopingcall [-] Fixed interval looping call 'nova.servicegroup.drivers.db.DbDriver._report_state' sleeping for 119.98 seconds {{(pid=110455) _run_loop /opt/stack/data/venv/lib/python3.12/site-packages/oslo_service/backend/_threading/loopingcall.py:125}}
May 20 22:05:34.728717 np0000175562 nova-conductor[110444]: DEBUG oslo.service.backend._threading.loopingcall [-] Fixed interval looping call 'nova.servicegroup.drivers.db.DbDriver._report_state' sleeping for 119.99 seconds {{(pid=110444) _run_loop /opt/stack/data/venv/lib/python3.12/site-packages/oslo_service/backend/_threading/loopingcall.py:125}}
May 20 22:05:34.740473 np0000175562 nova-conductor[110461]: DEBUG oslo.service.backend._threading.loopingcall [-] Fixed interval looping call 'nova.servicegroup.drivers.db.DbDriver._report_state' sleeping for 119.99 seconds {{(pid=110461) _run_loop /opt/stack/data/venv/lib/python3.12/site-packages/oslo_service/backend/_threading/loopingcall.py:125}}
May 20 22:05:38.293948 np0000175562 nova-conductor[109665]: DEBUG dbcounter [-] [109665] Writing DB stats nova_api:SELECT=1 {{(pid=109665) stat_writer /opt/stack/data/venv/lib/python3.12/site-packages/dbcounter.py:115}}
May 20 22:05:38.390133 np0000175562 nova-conductor[109665]: DEBUG dbcounter [-] [109665] Writing DB stats nova_cell0:SELECT=1 {{(pid=109665) stat_writer /opt/stack/data/venv/lib/python3.12/site-packages/dbcounter.py:115}}
May 20 22:05:38.396818 np0000175562 nova-conductor[109665]: DEBUG dbcounter [-] [109665] Writing DB stats nova_cell1:SELECT=1 {{(pid=109665) stat_writer /opt/stack/data/venv/lib/python3.12/site-packages/dbcounter.py:115}}
May 20 22:05:44.718041 np0000175562 nova-conductor[110437]: DEBUG dbcounter [-] [110437] Writing DB stats nova_cell0:SELECT=4,nova_cell0:INSERT=1,nova_cell0:UPDATE=1 {{(pid=110437) stat_writer /opt/stack/data/venv/lib/python3.12/site-packages/dbcounter.py:115}}
May 20 22:05:44.722909 np0000175562 nova-conductor[110455]: DEBUG dbcounter [-] [110455] Writing DB stats nova_cell0:SELECT=3,nova_cell0:UPDATE=1 {{(pid=110455) stat_writer /opt/stack/data/venv/lib/python3.12/site-packages/dbcounter.py:115}}
May 20 22:05:44.725857 np0000175562 nova-conductor[110444]: DEBUG dbcounter [-] [110444] Writing DB stats nova_cell0:SELECT=4,nova_cell0:INSERT=1,nova_cell0:UPDATE=1 {{(pid=110444) stat_writer /opt/stack/data/venv/lib/python3.12/site-packages/dbcounter.py:115}}
May 20 22:05:44.737319 np0000175562 nova-conductor[110461]: DEBUG dbcounter [-] [110461] Writing DB stats nova_cell0:SELECT=3 {{(pid=110461) stat_writer /opt/stack/data/venv/lib/python3.12/site-packages/dbcounter.py:115}}
May 20 22:05:50.717239 np0000175562 nova-conductor[110444]: DEBUG oslo.service.backend._threading.loopingcall [None req-4a95ca09-a67a-40d6-87e0-4810a733a8b3 None None] Dynamic interval looping call 'nova.service.Service.periodic_tasks' sleeping for 60.00 seconds {{(pid=110444) _run_loop /opt/stack/data/venv/lib/python3.12/site-packages/oslo_service/backend/_threading/loopingcall.py:125}}
May 20 22:06:00.729979 np0000175562 nova-conductor[110461]: DEBUG oslo.service.backend._threading.loopingcall [None req-8d26d8da-2a20-45a8-a89d-6a656765fdd9 None None] Dynamic interval looping call 'nova.service.Service.periodic_tasks' sleeping for 60.00 seconds {{(pid=110461) _run_loop /opt/stack/data/venv/lib/python3.12/site-packages/oslo_service/backend/_threading/loopingcall.py:125}}
May 20 22:06:09.708913 np0000175562 nova-conductor[110455]: DEBUG oslo.service.backend._threading.loopingcall [None req-3b368397-02d4-4d04-86ff-a3da0eed1d73 None None] Dynamic interval looping call 'nova.service.Service.periodic_tasks' sleeping for 60.00 seconds {{(pid=110455) _run_loop /opt/stack/data/venv/lib/python3.12/site-packages/oslo_service/backend/_threading/loopingcall.py:125}}
May 20 22:06:34.712249 np0000175562 nova-conductor[110437]: DEBUG oslo.service.backend._threading.loopingcall [None req-a69a5c25-c740-4eb4-95c4-141687eeb84b None None] Dynamic interval looping call 'nova.service.Service.periodic_tasks' sleeping for 60.00 seconds {{(pid=110437) _run_loop /opt/stack/data/venv/lib/python3.12/site-packages/oslo_service/backend/_threading/loopingcall.py:125}}
May 20 22:06:50.717964 np0000175562 nova-conductor[110444]: DEBUG oslo.service.backend._threading.loopingcall [None req-4a95ca09-a67a-40d6-87e0-4810a733a8b3 None None] Dynamic interval looping call 'nova.service.Service.periodic_tasks' sleeping for 60.00 seconds {{(pid=110444) _run_loop /opt/stack/data/venv/lib/python3.12/site-packages/oslo_service/backend/_threading/loopingcall.py:125}}
May 20 22:07:00.730757 np0000175562 nova-conductor[110461]: DEBUG oslo.service.backend._threading.loopingcall [None req-8d26d8da-2a20-45a8-a89d-6a656765fdd9 None None] Dynamic interval looping call 'nova.service.Service.periodic_tasks' sleeping for 60.00 seconds {{(pid=110461) _run_loop /opt/stack/data/venv/lib/python3.12/site-packages/oslo_service/backend/_threading/loopingcall.py:125}}
May 20 22:07:09.709485 np0000175562 nova-conductor[110455]: DEBUG oslo.service.backend._threading.loopingcall [None req-3b368397-02d4-4d04-86ff-a3da0eed1d73 None None] Dynamic interval looping call 'nova.service.Service.periodic_tasks' sleeping for 60.00 seconds {{(pid=110455) _run_loop /opt/stack/data/venv/lib/python3.12/site-packages/oslo_service/backend/_threading/loopingcall.py:125}}
May 20 22:07:34.713436 np0000175562 nova-conductor[110437]: DEBUG oslo.service.backend._threading.loopingcall [None req-a69a5c25-c740-4eb4-95c4-141687eeb84b None None] Dynamic interval looping call 'nova.service.Service.periodic_tasks' sleeping for 60.00 seconds {{(pid=110437) _run_loop /opt/stack/data/venv/lib/python3.12/site-packages/oslo_service/backend/_threading/loopingcall.py:125}}
May 20 22:07:34.717031 np0000175562 nova-conductor[110437]: DEBUG oslo.service.backend._threading.loopingcall [-] Fixed interval looping call 'nova.servicegroup.drivers.db.DbDriver._report_state' sleeping for 119.99 seconds {{(pid=110437) _run_loop /opt/stack/data/venv/lib/python3.12/site-packages/oslo_service/backend/_threading/loopingcall.py:125}}
May 20 22:07:34.717648 np0000175562 nova-conductor[110455]: DEBUG oslo.service.backend._threading.loopingcall [-] Fixed interval looping call 'nova.servicegroup.drivers.db.DbDriver._report_state' sleeping for 119.99 seconds {{(pid=110455) _run_loop /opt/stack/data/venv/lib/python3.12/site-packages/oslo_service/backend/_threading/loopingcall.py:125}}
May 20 22:07:34.723947 np0000175562 nova-conductor[110444]: DEBUG oslo.service.backend._threading.loopingcall [-] Fixed interval looping call 'nova.servicegroup.drivers.db.DbDriver._report_state' sleeping for 120.00 seconds {{(pid=110444) _run_loop /opt/stack/data/venv/lib/python3.12/site-packages/oslo_service/backend/_threading/loopingcall.py:125}}
May 20 22:07:34.736454 np0000175562 nova-conductor[110461]: DEBUG oslo.service.backend._threading.loopingcall [-] Fixed interval looping call 'nova.servicegroup.drivers.db.DbDriver._report_state' sleeping for 119.99 seconds {{(pid=110461) _run_loop /opt/stack/data/venv/lib/python3.12/site-packages/oslo_service/backend/_threading/loopingcall.py:125}}
May 20 22:07:44.711045 np0000175562 nova-conductor[110437]: DEBUG dbcounter [-] [110437] Writing DB stats nova_cell0:SELECT=1,nova_cell0:UPDATE=1 {{(pid=110437) stat_writer /opt/stack/data/venv/lib/python3.12/site-packages/dbcounter.py:115}}
May 20 22:07:44.712300 np0000175562 nova-conductor[110455]: DEBUG dbcounter [-] [110455] Writing DB stats nova_cell0:SELECT=1,nova_cell0:UPDATE=1 {{(pid=110455) stat_writer /opt/stack/data/venv/lib/python3.12/site-packages/dbcounter.py:115}}
May 20 22:07:44.721796 np0000175562 nova-conductor[110444]: DEBUG dbcounter [-] [110444] Writing DB stats nova_cell0:SELECT=1 {{(pid=110444) stat_writer /opt/stack/data/venv/lib/python3.12/site-packages/dbcounter.py:115}}
May 20 22:07:44.733471 np0000175562 nova-conductor[110461]: DEBUG dbcounter [-] [110461] Writing DB stats nova_cell0:SELECT=1 {{(pid=110461) stat_writer /opt/stack/data/venv/lib/python3.12/site-packages/dbcounter.py:115}}
May 20 22:07:50.718860 np0000175562 nova-conductor[110444]: DEBUG oslo.service.backend._threading.loopingcall [None req-4a95ca09-a67a-40d6-87e0-4810a733a8b3 None None] Dynamic interval looping call 'nova.service.Service.periodic_tasks' sleeping for 60.00 seconds {{(pid=110444) _run_loop /opt/stack/data/venv/lib/python3.12/site-packages/oslo_service/backend/_threading/loopingcall.py:125}}
May 20 22:08:00.731572 np0000175562 nova-conductor[110461]: DEBUG oslo.service.backend._threading.loopingcall [None req-8d26d8da-2a20-45a8-a89d-6a656765fdd9 None None] Dynamic interval looping call 'nova.service.Service.periodic_tasks' sleeping for 60.00 seconds {{(pid=110461) _run_loop /opt/stack/data/venv/lib/python3.12/site-packages/oslo_service/backend/_threading/loopingcall.py:125}}
May 20 22:08:09.710295 np0000175562 nova-conductor[110455]: DEBUG oslo.service.backend._threading.loopingcall [None req-3b368397-02d4-4d04-86ff-a3da0eed1d73 None None] Dynamic interval looping call 'nova.service.Service.periodic_tasks' sleeping for 60.00 seconds {{(pid=110455) _run_loop /opt/stack/data/venv/lib/python3.12/site-packages/oslo_service/backend/_threading/loopingcall.py:125}}
May 20 22:08:34.714303 np0000175562 nova-conductor[110437]: DEBUG oslo.service.backend._threading.loopingcall [None req-a69a5c25-c740-4eb4-95c4-141687eeb84b None None] Dynamic interval looping call 'nova.service.Service.periodic_tasks' sleeping for 60.00 seconds {{(pid=110437) _run_loop /opt/stack/data/venv/lib/python3.12/site-packages/oslo_service/backend/_threading/loopingcall.py:125}}
May 20 22:08:50.719703 np0000175562 nova-conductor[110444]: DEBUG oslo.service.backend._threading.loopingcall [None req-4a95ca09-a67a-40d6-87e0-4810a733a8b3 None None] Dynamic interval looping call 'nova.service.Service.periodic_tasks' sleeping for 60.00 seconds {{(pid=110444) _run_loop /opt/stack/data/venv/lib/python3.12/site-packages/oslo_service/backend/_threading/loopingcall.py:125}}
May 20 22:09:00.732398 np0000175562 nova-conductor[110461]: DEBUG oslo.service.backend._threading.loopingcall [None req-8d26d8da-2a20-45a8-a89d-6a656765fdd9 None None] Dynamic interval looping call 'nova.service.Service.periodic_tasks' sleeping for 60.00 seconds {{(pid=110461) _run_loop /opt/stack/data/venv/lib/python3.12/site-packages/oslo_service/backend/_threading/loopingcall.py:125}}
May 20 22:09:09.711159 np0000175562 nova-conductor[110455]: DEBUG oslo.service.backend._threading.loopingcall [None req-3b368397-02d4-4d04-86ff-a3da0eed1d73 None None] Dynamic interval looping call 'nova.service.Service.periodic_tasks' sleeping for 60.00 seconds {{(pid=110455) _run_loop /opt/stack/data/venv/lib/python3.12/site-packages/oslo_service/backend/_threading/loopingcall.py:125}}
May 20 22:09:34.714962 np0000175562 nova-conductor[110437]: DEBUG oslo.service.backend._threading.loopingcall [None req-a69a5c25-c740-4eb4-95c4-141687eeb84b None None] Dynamic interval looping call 'nova.service.Service.periodic_tasks' sleeping for 60.00 seconds {{(pid=110437) _run_loop /opt/stack/data/venv/lib/python3.12/site-packages/oslo_service/backend/_threading/loopingcall.py:125}}
May 20 22:09:34.718911 np0000175562 nova-conductor[110455]: DEBUG oslo.service.backend._threading.loopingcall [-] Fixed interval looping call 'nova.servicegroup.drivers.db.DbDriver._report_state' sleeping for 119.99 seconds {{(pid=110455) _run_loop /opt/stack/data/venv/lib/python3.12/site-packages/oslo_service/backend/_threading/loopingcall.py:125}}
May 20 22:09:34.720084 np0000175562 nova-conductor[110437]: DEBUG oslo.service.backend._threading.loopingcall [-] Fixed interval looping call 'nova.servicegroup.drivers.db.DbDriver._report_state' sleeping for 119.99 seconds {{(pid=110437) _run_loop /opt/stack/data/venv/lib/python3.12/site-packages/oslo_service/backend/_threading/loopingcall.py:125}}
May 20 22:09:34.729357 np0000175562 nova-conductor[110444]: DEBUG oslo.service.backend._threading.loopingcall [-] Fixed interval looping call 'nova.servicegroup.drivers.db.DbDriver._report_state' sleeping for 120.00 seconds {{(pid=110444) _run_loop /opt/stack/data/venv/lib/python3.12/site-packages/oslo_service/backend/_threading/loopingcall.py:125}}
May 20 22:09:34.731707 np0000175562 nova-conductor[110461]: DEBUG oslo.service.backend._threading.loopingcall [-] Fixed interval looping call 'nova.servicegroup.drivers.db.DbDriver._report_state' sleeping for 120.00 seconds {{(pid=110461) _run_loop /opt/stack/data/venv/lib/python3.12/site-packages/oslo_service/backend/_threading/loopingcall.py:125}}
May 20 22:09:44.712629 np0000175562 nova-conductor[110455]: DEBUG dbcounter [-] [110455] Writing DB stats nova_cell0:SELECT=1,nova_cell0:UPDATE=1 {{(pid=110455) stat_writer /opt/stack/data/venv/lib/python3.12/site-packages/dbcounter.py:115}}
May 20 22:09:44.713769 np0000175562 nova-conductor[110437]: DEBUG dbcounter [-] [110437] Writing DB stats nova_cell0:SELECT=1,nova_cell0:UPDATE=1 {{(pid=110437) stat_writer /opt/stack/data/venv/lib/python3.12/site-packages/dbcounter.py:115}}
May 20 22:09:44.726825 np0000175562 nova-conductor[110444]: DEBUG dbcounter [-] [110444] Writing DB stats nova_cell0:SELECT=1 {{(pid=110444) stat_writer /opt/stack/data/venv/lib/python3.12/site-packages/dbcounter.py:115}}
May 20 22:09:44.728865 np0000175562 nova-conductor[110461]: DEBUG dbcounter [-] [110461] Writing DB stats nova_cell0:SELECT=1 {{(pid=110461) stat_writer /opt/stack/data/venv/lib/python3.12/site-packages/dbcounter.py:115}}
