2026-04-09 14:41:09.865 7 INFO neutron.pecan_wsgi.hooks.translation [None req-137d5b78-12b1-4bb1-9a82-dd3ccf2c912b c1563cc3ed154bbcb71d7ff33106b472 3a0164f4de70488083782553acdbe971 - - default default] DELETE failed (client error): The resource could not be found. [pid: 7|app: 0|req: 576/1224] 10.0.0.106 () {32 vars in 724 bytes} [Thu Apr 9 14:41:09 2026] DELETE /v2.0/subnets/48960f60-f4cc-4697-a7ea-8ec51c26471e => generated 136 bytes in 17 msecs (HTTP/1.1 404) 4 headers in 164 bytes (1 switches on core 0)
2026-04-09 14:41:09.879 8 INFO neutron.notifiers.nova [-] Nova event matching ['req-c0bb44c5-9925-4fd5-bcbd-a52b438dc66f'] response: {'name': 'network-changed', 'server_uuid': '666f2d7b-ff47-4459-908e-0d001ce5ec57', 'tag': 'af60d3ae-e6f0-498e-a4c5-939b8e9b979f', 'status': 'completed', 'code': 200} [pid: 8|app: 0|req: 649/1225] 10.0.0.79 () {34 vars in 989 bytes} [Thu Apr 9 14:41:09 2026] GET /v2.0/ports?device_id=26bf9e77-8eb4-4f81-84e9-8fcef16d5604 => generated 975 bytes in 85 msecs (HTTP/1.1 200) 4 headers in 157 bytes (1 switches on core 0) [pid: 8|app: 0|req: 650/1226] 10.0.0.79 () {34 vars in 1039 bytes} [Thu Apr 9 14:41:09 2026] GET /v2.0/security-groups?id=76a4be86-49ef-4503-9cba-fd1a53705500&fields=id&fields=name => generated 113 bytes in 31 msecs (HTTP/1.1 200) 4 headers in 157 bytes (1 switches on core 0)
2026-04-09 14:41:09.992 7 INFO neutron_taas.services.taas.taas_plugin [None req-76575329-5296-44f0-9343-edf4f988ce57 c1563cc3ed154bbcb71d7ff33106b472 3a0164f4de70488083782553acdbe971 - - default default] TaaS: Handle Delete Port: 11b7393e-3697-488d-aea2-280486af7f0a
2026-04-09 14:41:09.994 7 INFO neutron_taas.services.taas.tap_mirror_plugin [None req-76575329-5296-44f0-9343-edf4f988ce57 c1563cc3ed154bbcb71d7ff33106b472 3a0164f4de70488083782553acdbe971 - - default default] Tap Mirror: Handle Delete Port: 11b7393e-3697-488d-aea2-280486af7f0a [pid: 7|app: 0|req: 577/1227] 10.0.0.106 () {32 vars in 720 bytes} [Thu Apr 9 14:41:09 2026] DELETE /v2.0/ports/11b7393e-3697-488d-aea2-280486af7f0a => generated 0 bytes in 241 msecs (HTTP/1.1 204) 3 headers in 131 bytes (1 switches on core 0) [pid: 8|app: 0|req: 651/1228] 10.0.0.79 () {34 vars in 989 bytes} [Thu Apr 9 14:41:10 2026] GET /v2.0/ports?device_id=666f2d7b-ff47-4459-908e-0d001ce5ec57 => generated 971 bytes in 31 msecs (HTTP/1.1 200) 4 headers in 157 bytes (1 switches on core 0) [pid: 8|app: 0|req: 652/1229] 10.0.0.79 () {34 vars in 1039 bytes} [Thu Apr 9 14:41:10 2026] GET /v2.0/security-groups?id=a00e3667-7581-477c-a1db-7dea79b0cd9b&fields=id&fields=name => generated 114 bytes in 25 msecs (HTTP/1.1 200) 4 headers in 157 bytes (1 switches on core 0)
2026-04-09 14:41:10.213 7 INFO neutron_taas.services.taas.taas_plugin [None req-cb86ad92-5a7a-46e2-8dc4-3bfeaef23869 c1563cc3ed154bbcb71d7ff33106b472 3a0164f4de70488083782553acdbe971 - - default default] TaaS: Handle Delete Port: d20eaf57-b0d9-4a14-ba76-b263d3c8afe6
2026-04-09 14:41:10.215 7 INFO neutron_taas.services.taas.tap_mirror_plugin [None req-cb86ad92-5a7a-46e2-8dc4-3bfeaef23869 c1563cc3ed154bbcb71d7ff33106b472 3a0164f4de70488083782553acdbe971 - - default default] Tap Mirror: Handle Delete Port: d20eaf57-b0d9-4a14-ba76-b263d3c8afe6 [pid: 7|app: 0|req: 578/1230] 10.0.0.106 () {32 vars in 726 bytes} [Thu Apr 9 14:41:10 2026] DELETE /v2.0/networks/f1b50255-8f52-4890-8bf3-265497ca3db7 => generated 0 bytes in 308 msecs (HTTP/1.1 204) 3 headers in 131 bytes (1 switches on core 0) [pid: 8|app: 0|req: 653/1231] 199.19.213.24 () {34 vars in 1079 bytes} [Thu Apr 9 14:41:10 2026] GET /v2.0/ports?tenant_id=2eddcbb36c7b4340bd14f24b3e6b2018&device_id=666f2d7b-ff47-4459-908e-0d001ce5ec57 => generated 1209 bytes in 48 msecs (HTTP/1.1 200) 4 headers in 158 bytes (1 switches on core 0) [pid: 7|app: 0|req: 579/1232] 199.19.213.24 () {34 vars in 985 bytes} [Thu Apr 9 14:41:10 2026] GET /v2.0/networks?id=4f48eb48-1408-4b9f-b598-401b19a32135 => generated 807 bytes in 39 msecs (HTTP/1.1 200) 4 headers in 157 bytes (1 switches on core 0) [pid: 8|app: 0|req: 654/1233] 199.19.213.24 () {34 vars in 1057 bytes} [Thu Apr 9 14:41:10 2026] GET /v2.0/floatingips?fixed_ip_address=10.100.0.8&port_id=af60d3ae-e6f0-498e-a4c5-939b8e9b979f => generated 860 bytes in 38 msecs (HTTP/1.1 200) 4 headers in 157 bytes (1 switches on core 0) [pid: 7|app: 0|req: 580/1234] 199.19.213.24 () {34 vars in 983 bytes} [Thu Apr 9 14:41:10 2026] GET /v2.0/subnets?id=0a25e98c-1db4-4e14-97c5-8145d2171f20 => generated 688 bytes in 25 msecs (HTTP/1.1 200) 4 headers in 157 bytes (1 switches on core 0) [pid: 8|app: 0|req: 655/1235] 199.19.213.24 () {34 vars in 1051 bytes} [Thu Apr 9 14:41:10 2026] GET /v2.0/ports?network_id=4f48eb48-1408-4b9f-b598-401b19a32135&device_owner=network%3Adhcp => generated 12 bytes in 25 msecs (HTTP/1.1 200) 4 headers in 156 bytes (1 switches on core 0) [pid: 7|app: 0|req: 581/1236] 199.19.213.24 () {34 vars in 1011 bytes} [Thu Apr 9 14:41:10 2026] GET /v2.0/networks/4f48eb48-1408-4b9f-b598-401b19a32135?fields=segments => generated 14 bytes in 44 msecs (HTTP/1.1 200) 4 headers in 156 bytes (1 switches on core 0)
2026-04-09 14:41:10.662 7 INFO neutron.services.segments.plugin [-] Segment 95a3b309-11a8-4736-9812-03e8d094f03d resource provider aggregate not found
2026-04-09 14:41:10.671 7 INFO neutron.services.segments.plugin [-] Segment 95a3b309-11a8-4736-9812-03e8d094f03d resource provider aggregate not found
2026-04-09 14:41:10.675 7 INFO neutron.services.segments.plugin [-] Segment 95a3b309-11a8-4736-9812-03e8d094f03d resource provider not found; error: Placement Client Error (4xx): {"errors": [{"status": 404, "title": "Not Found", "detail": "The resource could not be found.\n\n No resource provider with uuid 95a3b309-11a8-4736-9812-03e8d094f03d found for delete ", "request_id": "req-eb960dc0-9dd3-4ba7-bc82-81ce5e4b9fff"}]}
2026-04-09 14:41:10.683 7 INFO neutron.services.segments.plugin [-] Segment 95a3b309-11a8-4736-9812-03e8d094f03d resource provider not found; error: Placement Client Error (4xx): {"errors": [{"status": 404, "title": "Not Found", "detail": "The resource could not be found.\n\n No resource provider with uuid 95a3b309-11a8-4736-9812-03e8d094f03d found for delete ", "request_id": "req-200c49ec-947e-4314-8ac0-2a3f795423fa"}]} [pid: 8|app: 0|req: 656/1237] 199.19.213.24 () {34 vars in 1111 bytes} [Thu Apr 9 14:41:10 2026] GET /v2.0/networks/4f48eb48-1408-4b9f-b598-401b19a32135?fields=provider%3Aphysical_network&fields=provider%3Anetwork_type => generated 79 bytes in 46 msecs (HTTP/1.1 200) 4 headers in 156 bytes (1 switches on core 0)
2026-04-09 14:41:10.904 8 INFO neutron.plugins.ml2.drivers.ovn.mech_driver.mech_driver [None req-a1317c7a-7c84-49b9-966d-05ab199bc8b5 - - - - - -] OVN reports status down for port: 87159cc7-4018-4381-bfb3-92f08727e8b5 [pid: 8|app: 0|req: 657/1238] 10.0.0.79 () {34 vars in 989 bytes} [Thu Apr 9 14:41:11 2026] GET /v2.0/ports?device_id=26bf9e77-8eb4-4f81-84e9-8fcef16d5604 => generated 973 bytes in 69 msecs (HTTP/1.1 200) 4 headers in 157 bytes (1 switches on core 0) [pid: 7|app: 0|req: 582/1239] 10.0.0.106 () {32 vars in 774 bytes} [Thu Apr 9 14:41:10 2026] GET /v2.0/security-groups?tenant_id=3a0164f4de70488083782553acdbe971&name=default => generated 2925 bytes in 154 msecs (HTTP/1.1 200) 4 headers in 158 bytes (1 switches on core 0) [pid: 8|app: 0|req: 658/1240] 10.0.0.79 () {34 vars in 1039 bytes} [Thu Apr 9 14:41:11 2026] GET /v2.0/security-groups?id=76a4be86-49ef-4503-9cba-fd1a53705500&fields=id&fields=name => generated 113 bytes in 58 msecs (HTTP/1.1 200) 4 headers in 157 bytes (1 switches on core 0)
2026-04-09 14:41:11.192 8 INFO neutron.db.ovn_revision_numbers_db [None req-a1317c7a-7c84-49b9-966d-05ab199bc8b5 - - - - - -] Successfully bumped revision number for resource 87159cc7-4018-4381-bfb3-92f08727e8b5 (type: ports) to 8
2026-04-09 14:41:11.254 8 INFO neutron.plugins.ml2.drivers.ovn.mech_driver.mech_driver [None req-f090bea1-7443-463e-bd7c-c4610700cb10 - - - - - -] OVN reports status down for port: af60d3ae-e6f0-498e-a4c5-939b8e9b979f /var/lib/openstack/lib/python3.12/site-packages/pycadf/identifier.py:70: UserWarning: Invalid uuid: neutron. To ensure interoperability, identifiers should be a valid uuid. warnings.warn(('Invalid uuid: %s. To ensure interoperability, ' [pid: 8|app: 0|req: 659/1241] 10.0.0.79 () {34 vars in 989 bytes} [Thu Apr 9 14:41:11 2026] GET /v2.0/ports?device_id=666f2d7b-ff47-4459-908e-0d001ce5ec57 => generated 971 bytes in 69 msecs (HTTP/1.1 200) 4 headers in 157 bytes (1 switches on core 0) [pid: 7|app: 0|req: 583/1242] 10.0.0.106 () {32 vars in 740 bytes} [Thu Apr 9 14:41:11 2026] DELETE /v2.0/security-groups/286fd60c-8bcf-4e3f-905f-9db85e7cbf1c => generated 0 bytes in 300 msecs (HTTP/1.1 204) 2 headers in 112 bytes (1 switches on core 0) [pid: 8|app: 0|req: 660/1243] 10.0.0.79 () {34 vars in 1039 bytes} [Thu Apr 9 14:41:11 2026] GET /v2.0/security-groups?id=a00e3667-7581-477c-a1db-7dea79b0cd9b&fields=id&fields=name => generated 114 bytes in 75 msecs (HTTP/1.1 200) 4 headers in 157 bytes (1 switches on core 0)
2026-04-09 14:41:11.562 8 INFO neutron.db.ovn_revision_numbers_db [None req-f090bea1-7443-463e-bd7c-c4610700cb10 - - - - - -] Successfully bumped revision number for resource af60d3ae-e6f0-498e-a4c5-939b8e9b979f (type: ports) to 6
2026-04-09 14:41:11.921 8 INFO neutron.notifiers.nova [-] Nova event matching ['req-10971a59-e715-4f06-a9ba-61fa9b163aa9'] response: {'server_uuid': '26bf9e77-8eb4-4f81-84e9-8fcef16d5604', 'name': 'network-vif-unplugged', 'status': 'completed', 'tag': '87159cc7-4018-4381-bfb3-92f08727e8b5', 'code': 200}
2026-04-09 14:41:11.922 8 INFO neutron.notifiers.nova [-] Nova event matching ['req-10971a59-e715-4f06-a9ba-61fa9b163aa9'] response: {'server_uuid': '26bf9e77-8eb4-4f81-84e9-8fcef16d5604', 'name': 'network-vif-unplugged', 'status': 'completed', 'tag': '87159cc7-4018-4381-bfb3-92f08727e8b5', 'code': 200}
2026-04-09 14:41:11.922 8 INFO neutron.notifiers.nova [-] Nova event matching ['req-10971a59-e715-4f06-a9ba-61fa9b163aa9'] response: {'server_uuid': '666f2d7b-ff47-4459-908e-0d001ce5ec57', 'name': 'network-vif-unplugged', 'status': 'completed', 'tag': 'af60d3ae-e6f0-498e-a4c5-939b8e9b979f', 'code': 200}
2026-04-09 14:41:11.922 8 INFO neutron.notifiers.nova [-] Nova event matching ['req-10971a59-e715-4f06-a9ba-61fa9b163aa9'] response: {'server_uuid': '666f2d7b-ff47-4459-908e-0d001ce5ec57', 'name': 'network-vif-unplugged', 'status': 'completed', 'tag': 'af60d3ae-e6f0-498e-a4c5-939b8e9b979f', 'code': 200} /var/lib/openstack/lib/python3.12/site-packages/pycadf/identifier.py:70: UserWarning: Invalid uuid: neutron. To ensure interoperability, identifiers should be a valid uuid. warnings.warn(('Invalid uuid: %s. To ensure interoperability, ' [pid: 8|app: 0|req: 662/1246] 199.19.213.24 () {34 vars in 993 bytes} [Thu Apr 9 14:41:12 2026] GET /v2.0/ports?device_id=26bf9e77-8eb4-4f81-84e9-8fcef16d5604 => generated 973 bytes in 40 msecs (HTTP/1.1 200) 4 headers in 157 bytes (1 switches on core 0)
2026-04-09 14:41:12.234 7 INFO neutron_taas.services.taas.taas_plugin [req-cc881149-d0ce-4f5c-903e-ed27f4279e16 req-91cbb190-aabc-4931-86f9-0e5e28e122ec 0991d3cdf61c4041afed570f203d55d1 100dade574a24b378e0217653e976c1c - - default default] TaaS: Handle Delete Port: 87159cc7-4018-4381-bfb3-92f08727e8b5
2026-04-09 14:41:12.236 7 INFO neutron_taas.services.taas.tap_mirror_plugin [req-cc881149-d0ce-4f5c-903e-ed27f4279e16 req-91cbb190-aabc-4931-86f9-0e5e28e122ec 0991d3cdf61c4041afed570f203d55d1 100dade574a24b378e0217653e976c1c - - default default] Tap Mirror: Handle Delete Port: 87159cc7-4018-4381-bfb3-92f08727e8b5 [pid: 8|app: 0|req: 663/1247] 10.0.0.79 () {34 vars in 989 bytes} [Thu Apr 9 14:41:12 2026] GET /v2.0/ports?device_id=26bf9e77-8eb4-4f81-84e9-8fcef16d5604 => generated 973 bytes in 39 msecs (HTTP/1.1 200) 4 headers in 157 bytes (1 switches on core 0) [pid: 8|app: 0|req: 664/1248] 10.0.0.79 () {34 vars in 1039 bytes} [Thu Apr 9 14:41:12 2026] GET /v2.0/security-groups?id=76a4be86-49ef-4503-9cba-fd1a53705500&fields=id&fields=name => generated 113 bytes in 29 msecs (HTTP/1.1 200) 4 headers in 157 bytes (1 switches on core 0) /var/lib/openstack/lib/python3.12/site-packages/pycadf/identifier.py:70: UserWarning: Invalid uuid: neutron. To ensure interoperability, identifiers should be a valid uuid. warnings.warn(('Invalid uuid: %s. To ensure interoperability, '
2026-04-09 14:41:12.368 7 INFO neutron.db.l3_db [req-cc881149-d0ce-4f5c-903e-ed27f4279e16 req-91cbb190-aabc-4931-86f9-0e5e28e122ec 0991d3cdf61c4041afed570f203d55d1 100dade574a24b378e0217653e976c1c - - default default] Floating IP 34e33dc6-e18d-4b8e-a5b3-d4e393c77ea4 disassociated. External IP: 10.96.250.203, port: 87159cc7-4018-4381-bfb3-92f08727e8b5. [pid: 8|app: 0|req: 665/1249] 199.19.213.24 () {34 vars in 993 bytes} [Thu Apr 9 14:41:12 2026] GET /v2.0/ports?device_id=666f2d7b-ff47-4459-908e-0d001ce5ec57 => generated 969 bytes in 50 msecs (HTTP/1.1 200) 4 headers in 157 bytes (1 switches on core 0) [pid: 7|app: 0|req: 585/1250] 199.19.213.24 () {36 vars in 996 bytes} [Thu Apr 9 14:41:12 2026] DELETE /v2.0/ports/87159cc7-4018-4381-bfb3-92f08727e8b5 => generated 0 bytes in 347 msecs (HTTP/1.1 204) 3 headers in 131 bytes (1 switches on core 0)
2026-04-09 14:41:12.515 7 INFO neutron.notifiers.nova [-] Nova event matching ['req-5d4f21dd-aaa9-4ae4-aed8-8163b460eabc'] response: {'server_uuid': '26bf9e77-8eb4-4f81-84e9-8fcef16d5604', 'name': 'network-vif-deleted', 'tag': '87159cc7-4018-4381-bfb3-92f08727e8b5', 'status': 'completed', 'code': 200} [pid: 7|app: 0|req: 586/1251] 10.0.0.79 () {34 vars in 989 bytes} [Thu Apr 9 14:41:12 2026] GET /v2.0/ports?device_id=666f2d7b-ff47-4459-908e-0d001ce5ec57 => generated 969 bytes in 55 msecs (HTTP/1.1 200) 4 headers in 157 bytes (1 switches on core 0) [pid: 7|app: 0|req: 587/1252] 10.0.0.79 () {34 vars in 1039 bytes} [Thu Apr 9 14:41:12 2026] GET /v2.0/security-groups?id=a00e3667-7581-477c-a1db-7dea79b0cd9b&fields=id&fields=name => generated 114 bytes in 24 msecs (HTTP/1.1 200) 4 headers in 157 bytes (1 switches on core 0)
2026-04-09 14:41:12.593 8 INFO neutron_taas.services.taas.taas_plugin [req-5e1200a2-bbd8-4b8c-a993-5fcb9040bb1d req-67203395-b2d5-4464-97cf-1dd1ecd20c11 647939808c34417f8fa9a054a4974c64 2eddcbb36c7b4340bd14f24b3e6b2018 - - default default] TaaS: Handle Delete Port: af60d3ae-e6f0-498e-a4c5-939b8e9b979f
2026-04-09 14:41:12.597 8 INFO neutron_taas.services.taas.tap_mirror_plugin [req-5e1200a2-bbd8-4b8c-a993-5fcb9040bb1d req-67203395-b2d5-4464-97cf-1dd1ecd20c11 647939808c34417f8fa9a054a4974c64 2eddcbb36c7b4340bd14f24b3e6b2018 - - default default] Tap Mirror: Handle Delete Port: af60d3ae-e6f0-498e-a4c5-939b8e9b979f
2026-04-09 14:41:12.801 8 INFO neutron.db.l3_db [req-5e1200a2-bbd8-4b8c-a993-5fcb9040bb1d req-67203395-b2d5-4464-97cf-1dd1ecd20c11 647939808c34417f8fa9a054a4974c64 2eddcbb36c7b4340bd14f24b3e6b2018 - - default default] Floating IP 4e5933c9-fa25-4637-95f0-df6279e97095 disassociated. External IP: 10.96.250.214, port: af60d3ae-e6f0-498e-a4c5-939b8e9b979f. [pid: 8|app: 0|req: 666/1253] 199.19.213.24 () {36 vars in 996 bytes} [Thu Apr 9 14:41:12 2026] DELETE /v2.0/ports/af60d3ae-e6f0-498e-a4c5-939b8e9b979f => generated 0 bytes in 502 msecs (HTTP/1.1 204) 3 headers in 131 bytes (1 switches on core 0) /var/lib/openstack/lib/python3.12/site-packages/pycadf/identifier.py:70: UserWarning: Invalid uuid: neutron. To ensure interoperability, identifiers should be a valid uuid. warnings.warn(('Invalid uuid: %s. To ensure interoperability, ' [pid: 8|app: 0|req: 667/1254] 10.0.0.79 () {34 vars in 989 bytes} [Thu Apr 9 14:41:13 2026] GET /v2.0/ports?device_id=26bf9e77-8eb4-4f81-84e9-8fcef16d5604 => generated 12 bytes in 22 msecs (HTTP/1.1 200) 4 headers in 156 bytes (1 switches on core 0)
2026-04-09 14:41:13.473 7 INFO neutron.db.ovn_revision_numbers_db [None req-164bb029-5d17-451d-a939-7787acee9817 6fb39f4f288d45b1ae39ead7376d25f3 81c8f533d98540888792ff490618b1bd - - default default] Successfully bumped revision number for resource 95bdd7a9-85c8-4602-875c-7770730ae3e7 (type: security_groups) to 1
2026-04-09 14:41:13.484 7 INFO neutron.db.ovn_revision_numbers_db [None req-164bb029-5d17-451d-a939-7787acee9817 6fb39f4f288d45b1ae39ead7376d25f3 81c8f533d98540888792ff490618b1bd - - default default] Successfully bumped revision number for resource 033751bf-5898-45f4-bc9f-f91c91cfdf2d (type: security_group_rules) to 0
2026-04-09 14:41:13.495 7 INFO neutron.db.ovn_revision_numbers_db [None req-164bb029-5d17-451d-a939-7787acee9817 6fb39f4f288d45b1ae39ead7376d25f3 81c8f533d98540888792ff490618b1bd - - default default] Successfully bumped revision number for resource 250a5651-bad8-4783-977b-64ff9ce5773d (type: security_group_rules) to 0
2026-04-09 14:41:13.509 7 INFO neutron.db.ovn_revision_numbers_db [None req-164bb029-5d17-451d-a939-7787acee9817 6fb39f4f288d45b1ae39ead7376d25f3 81c8f533d98540888792ff490618b1bd - - default default] Successfully bumped revision number for resource 26081e23-dde7-435f-92e0-c36d055d143f (type: security_group_rules) to 0
2026-04-09 14:41:13.518 7 INFO neutron.db.ovn_revision_numbers_db [None req-164bb029-5d17-451d-a939-7787acee9817 6fb39f4f288d45b1ae39ead7376d25f3 81c8f533d98540888792ff490618b1bd - - default default] Successfully bumped revision number for resource 4124f039-71cd-4de1-a4f3-ce75e446e302 (type: security_group_rules) to 0 [pid: 7|app: 0|req: 588/1255] 10.0.0.106 () {32 vars in 774 bytes} [Thu Apr 9 14:41:13 2026] GET /v2.0/security-groups?tenant_id=1522901e02c34ad19ae8ba3b4ec54443&name=default => generated 2925 bytes in 391 msecs (HTTP/1.1 200) 4 headers in 158 bytes (1 switches on core 0)
2026-04-09 14:41:13.810 8 INFO neutron.db.ovn_revision_numbers_db [None req-de679bed-af7c-40bd-871e-aeb67f0351e8 bee3e58d76004b56aca364be70b55338 edf89e1542a74f839439ddfeeab6916c - - default default] Successfully bumped revision number for resource 8cf09ee6-c5b1-4680-8053-42cf1fce8a4d (type: security_groups) to 1 [pid: 7|app: 0|req: 589/1256] 10.0.0.106 () {32 vars in 740 bytes} [Thu Apr 9 14:41:13 2026] DELETE /v2.0/security-groups/95bdd7a9-85c8-4602-875c-7770730ae3e7 => generated 0 bytes in 257 msecs (HTTP/1.1 204) 2 headers in 112 bytes (1 switches on core 0)
2026-04-09 14:41:13.825 8 INFO neutron.db.ovn_revision_numbers_db [None req-de679bed-af7c-40bd-871e-aeb67f0351e8 bee3e58d76004b56aca364be70b55338 edf89e1542a74f839439ddfeeab6916c - - default default] Successfully bumped revision number for resource 11611325-93c0-4dfc-8501-23c34a9d4d42 (type: security_group_rules) to 0 [pid: 7|app: 0|req: 590/1257] 10.0.0.79 () {34 vars in 989 bytes} [Thu Apr 9 14:41:13 2026] GET /v2.0/ports?device_id=666f2d7b-ff47-4459-908e-0d001ce5ec57 => generated 12 bytes in 16 msecs (HTTP/1.1 200) 4 headers in 156 bytes (1 switches on core 0)
2026-04-09 14:41:13.839 8 INFO neutron.db.ovn_revision_numbers_db [None req-de679bed-af7c-40bd-871e-aeb67f0351e8 bee3e58d76004b56aca364be70b55338 edf89e1542a74f839439ddfeeab6916c - - default default] Successfully bumped revision number for resource 2e75c436-6972-4220-afa5-b881c09c3650 (type: security_group_rules) to 0
2026-04-09 14:41:13.851 8 INFO neutron.db.ovn_revision_numbers_db [None req-de679bed-af7c-40bd-871e-aeb67f0351e8 bee3e58d76004b56aca364be70b55338 edf89e1542a74f839439ddfeeab6916c - - default default] Successfully bumped revision number for resource 4deb9179-1766-4ba9-9995-52b7258d589f (type: security_group_rules) to 0
2026-04-09 14:41:13.863 8 INFO neutron.db.ovn_revision_numbers_db [None req-de679bed-af7c-40bd-871e-aeb67f0351e8 bee3e58d76004b56aca364be70b55338 edf89e1542a74f839439ddfeeab6916c - - default default] Successfully bumped revision number for resource 6fe5d15e-6a1a-4a48-a898-9e5e46fe2204 (type: security_group_rules) to 0
2026-04-09 14:41:13.936 8 INFO neutron.db.segments_db [None req-de679bed-af7c-40bd-871e-aeb67f0351e8 bee3e58d76004b56aca364be70b55338 edf89e1542a74f839439ddfeeab6916c - - default default] Added segment e4363aff-0a7f-44fb-b9d0-e1f2f1c84c87 of type geneve for network 420ff35d-8470-4fc8-8f5b-aed9b6689bdb
2026-04-09 14:41:13.963 8 INFO neutron.notifiers.nova [-] Nova event matching ['req-9200de76-6cfa-488e-bd92-931f18bd7947'] response: {'server_uuid': '666f2d7b-ff47-4459-908e-0d001ce5ec57', 'name': 'network-vif-deleted', 'tag': 'af60d3ae-e6f0-498e-a4c5-939b8e9b979f', 'status': 'completed', 'code': 200}
2026-04-09 14:41:14.028 7 INFO neutron.db.ovn_revision_numbers_db [None req-6690577a-f197-4533-8e93-e0a84a9fe28c 6fb39f4f288d45b1ae39ead7376d25f3 81c8f533d98540888792ff490618b1bd - - default default] Successfully bumped revision number for resource f284ecb2-e7c5-4f70-ae13-ebcb634583ab (type: security_groups) to 1
2026-04-09 14:41:14.040 7 INFO neutron.db.ovn_revision_numbers_db [None req-6690577a-f197-4533-8e93-e0a84a9fe28c 6fb39f4f288d45b1ae39ead7376d25f3 81c8f533d98540888792ff490618b1bd - - default default] Successfully bumped revision number for resource 78978223-f4ce-4b69-9c34-eac127cbf01b (type: security_group_rules) to 0
2026-04-09 14:41:14.053 7 INFO neutron.db.ovn_revision_numbers_db [None req-6690577a-f197-4533-8e93-e0a84a9fe28c 6fb39f4f288d45b1ae39ead7376d25f3 81c8f533d98540888792ff490618b1bd - - default default] Successfully bumped revision number for resource 7f4167de-0a31-485d-983a-9ab936a52236 (type: security_group_rules) to 0
2026-04-09 14:41:14.055 8 INFO neutron.db.ovn_revision_numbers_db [None req-de679bed-af7c-40bd-871e-aeb67f0351e8 bee3e58d76004b56aca364be70b55338 edf89e1542a74f839439ddfeeab6916c - - default default] Successfully bumped revision number for resource 420ff35d-8470-4fc8-8f5b-aed9b6689bdb (type: networks) to 1
2026-04-09 14:41:14.067 7 INFO neutron.db.ovn_revision_numbers_db [None req-6690577a-f197-4533-8e93-e0a84a9fe28c 6fb39f4f288d45b1ae39ead7376d25f3 81c8f533d98540888792ff490618b1bd - - default default] Successfully bumped revision number for resource b0003be8-5ef7-47a4-8f27-9a608a4e4c84 (type: security_group_rules) to 0
2026-04-09 14:41:14.079 7 INFO neutron.db.ovn_revision_numbers_db [None req-6690577a-f197-4533-8e93-e0a84a9fe28c 6fb39f4f288d45b1ae39ead7376d25f3 81c8f533d98540888792ff490618b1bd - - default default] Successfully bumped revision number for resource f348404f-8937-49be-821f-8c1218438c23 (type: security_group_rules) to 0 [pid: 7|app: 0|req: 591/1258] 10.0.0.106 () {32 vars in 774 bytes} [Thu Apr 9 14:41:13 2026] GET /v2.0/security-groups?tenant_id=4e965d92e00a4e6f87726612bf714489&name=default => generated 2925 bytes in 216 msecs (HTTP/1.1 200) 4 headers in 158 bytes (1 switches on core 0)
2026-04-09 14:41:14.225 8 WARNING neutron.scheduler.dhcp_agent_scheduler [None req-de679bed-af7c-40bd-871e-aeb67f0351e8 bee3e58d76004b56aca364be70b55338 edf89e1542a74f839439ddfeeab6916c - - default default] No more DHCP agents
2026-04-09 14:41:14.226 8 WARNING neutron.api.rpc.agentnotifiers.dhcp_rpc_agent_api [None req-de679bed-af7c-40bd-871e-aeb67f0351e8 bee3e58d76004b56aca364be70b55338 edf89e1542a74f839439ddfeeab6916c - - default default] Unable to schedule network 420ff35d-8470-4fc8-8f5b-aed9b6689bdb: no agents available; will retry on subsequent port and subnet creation events.
2026-04-09 14:41:14.288 7 INFO neutron.plugins.ml2.drivers.ovn.mech_driver.mech_driver [None req-39a3a55a-e1db-4b02-a22f-5005a3980b39 - - - - - -] OVN reports status down for port: 51f04140-038f-4c39-a9bb-bef6743e1a1e
2026-04-09 14:41:14.313 8 INFO neutron.db.ovn_revision_numbers_db [None req-de679bed-af7c-40bd-871e-aeb67f0351e8 bee3e58d76004b56aca364be70b55338 edf89e1542a74f839439ddfeeab6916c - - default default] Successfully bumped revision number for resource 51f04140-038f-4c39-a9bb-bef6743e1a1e (type: ports) to 1 [pid: 8|app: 0|req: 668/1259] 10.0.0.106 () {34 vars in 670 bytes} [Thu Apr 9 14:41:13 2026] POST /v2.0/networks => generated 648 bytes in 787 msecs (HTTP/1.1 201) 4 headers in 162 bytes (1 switches on core 0) [pid: 7|app: 0|req: 592/1260] 10.0.0.106 () {32 vars in 740 bytes} [Thu Apr 9 14:41:14 2026] DELETE /v2.0/security-groups/f284ecb2-e7c5-4f70-ae13-ebcb634583ab => generated 0 bytes in 289 msecs (HTTP/1.1 204) 2 headers in 112 bytes (1 switches on core 0)
2026-04-09 14:41:14.443 8 INFO neutron.db.segments_db [None req-4930b204-677b-4da3-8376-21935eeb6e48 bee3e58d76004b56aca364be70b55338 edf89e1542a74f839439ddfeeab6916c - - default default] Added segment b6974122-756d-432c-b33f-3366bbb8db95 of type geneve for network ceb846cb-3371-449d-b322-910da62192e8 [pid: 7|app: 0|req: 593/1261] 10.0.0.79 () {34 vars in 989 bytes} [Thu Apr 9 14:41:14 2026] GET /v2.0/ports?device_id=26bf9e77-8eb4-4f81-84e9-8fcef16d5604 => generated 12 bytes in 19 msecs (HTTP/1.1 200) 4 headers in 156 bytes (1 switches on core 0)
2026-04-09 14:41:14.561 8 INFO neutron.db.ovn_revision_numbers_db [None req-4930b204-677b-4da3-8376-21935eeb6e48 bee3e58d76004b56aca364be70b55338 edf89e1542a74f839439ddfeeab6916c - - default default] Successfully bumped revision number for resource ceb846cb-3371-449d-b322-910da62192e8 (type: networks) to 1
2026-04-09 14:41:14.707 8 WARNING neutron.scheduler.dhcp_agent_scheduler [None req-4930b204-677b-4da3-8376-21935eeb6e48 bee3e58d76004b56aca364be70b55338 edf89e1542a74f839439ddfeeab6916c - - default default] No more DHCP agents
2026-04-09 14:41:14.708 8 WARNING neutron.api.rpc.agentnotifiers.dhcp_rpc_agent_api [None req-4930b204-677b-4da3-8376-21935eeb6e48 bee3e58d76004b56aca364be70b55338 edf89e1542a74f839439ddfeeab6916c - - default default] Unable to schedule network ceb846cb-3371-449d-b322-910da62192e8: no agents available; will retry on subsequent port and subnet creation events.
2026-04-09 14:41:14.754 7 INFO neutron.plugins.ml2.drivers.ovn.mech_driver.mech_driver [None req-39a3a55a-e1db-4b02-a22f-5005a3980b39 - - - - - -] OVN reports status down for port: 42793d73-1edc-48a6-abf6-e2abeae85eb0
2026-04-09 14:41:14.777 8 INFO neutron.db.ovn_revision_numbers_db [None req-4930b204-677b-4da3-8376-21935eeb6e48 bee3e58d76004b56aca364be70b55338 edf89e1542a74f839439ddfeeab6916c - - default default] Successfully bumped revision number for resource 42793d73-1edc-48a6-abf6-e2abeae85eb0 (type: ports) to 1 [pid: 8|app: 0|req: 669/1262] 10.0.0.106 () {34 vars in 670 bytes} [Thu Apr 9 14:41:14 2026] POST /v2.0/networks => generated 649 bytes in 449 msecs (HTTP/1.1 201) 4 headers in 162 bytes (1 switches on core 0) [pid: 8|app: 0|req: 670/1263] 10.0.0.79 () {34 vars in 989 bytes} [Thu Apr 9 14:41:14 2026] GET /v2.0/ports?device_id=666f2d7b-ff47-4459-908e-0d001ce5ec57 => generated 12 bytes in 20 msecs (HTTP/1.1 200) 4 headers in 156 bytes (1 switches on core 0)
2026-04-09 14:41:14.981 7 WARNING neutron.scheduler.dhcp_agent_scheduler [None req-3470a15a-ff0c-480e-97a4-f56906ce7172 bee3e58d76004b56aca364be70b55338 edf89e1542a74f839439ddfeeab6916c - - default default] No more DHCP agents
2026-04-09 14:41:14.982 7 WARNING neutron.api.rpc.agentnotifiers.dhcp_rpc_agent_api [None req-3470a15a-ff0c-480e-97a4-f56906ce7172 bee3e58d76004b56aca364be70b55338 edf89e1542a74f839439ddfeeab6916c - - default default] Unable to schedule network 420ff35d-8470-4fc8-8f5b-aed9b6689bdb: no agents available; will retry on subsequent port and subnet creation events.
2026-04-09 14:41:15.361 7 INFO neutron.db.ovn_revision_numbers_db [None req-9e89f53e-273e-4f3a-a573-6f09f9bdbfcf - - - - - -] Successfully bumped revision number for resource 51f04140-038f-4c39-a9bb-bef6743e1a1e (type: ports) to 2
2026-04-09 14:41:15.397 7 INFO neutron.db.ovn_revision_numbers_db [None req-9e89f53e-273e-4f3a-a573-6f09f9bdbfcf - - - - - -] Successfully bumped revision number for resource e5d949a9-4750-4a29-ba0b-7702e3791514 (type: subnets) to 0 [pid: 7|app: 0|req: 594/1264] 10.0.0.106 () {34 vars in 669 bytes} [Thu Apr 9 14:41:14 2026] POST /v2.0/subnets => generated 626 bytes in 610 msecs (HTTP/1.1 201) 4 headers in 162 bytes (1 switches on core 0) [pid: 7|app: 0|req: 595/1265] 10.0.0.79 () {34 vars in 989 bytes} [Thu Apr 9 14:41:15 2026] GET /v2.0/ports?device_id=26bf9e77-8eb4-4f81-84e9-8fcef16d5604 => generated 12 bytes in 22 msecs (HTTP/1.1 200) 4 headers in 156 bytes (1 switches on core 0)
2026-04-09 14:41:15.573 8 WARNING neutron.scheduler.dhcp_agent_scheduler [None req-d65517de-4fb4-449b-a79d-f8f162450cf4 bee3e58d76004b56aca364be70b55338 edf89e1542a74f839439ddfeeab6916c - - default default] No more DHCP agents
2026-04-09 14:41:15.574 8 WARNING neutron.api.rpc.agentnotifiers.dhcp_rpc_agent_api [None req-d65517de-4fb4-449b-a79d-f8f162450cf4 bee3e58d76004b56aca364be70b55338 edf89e1542a74f839439ddfeeab6916c - - default default] Unable to schedule network ceb846cb-3371-449d-b322-910da62192e8: no agents available; will retry on subsequent port and subnet creation events.
2026-04-09 14:41:15.981 8 INFO neutron.db.ovn_revision_numbers_db [None req-af31cacd-d676-4d53-8ab7-e4ac8247a98c - - - - - -] Successfully bumped revision number for resource 42793d73-1edc-48a6-abf6-e2abeae85eb0 (type: ports) to 2
2026-04-09 14:41:16.011 8 INFO neutron.db.ovn_revision_numbers_db [None req-af31cacd-d676-4d53-8ab7-e4ac8247a98c - - - - - -] Successfully bumped revision number for resource 78518bfd-ec1f-44c2-bff2-67c62f83aa32 (type: subnets) to 0 [pid: 7|app: 0|req: 596/1266] 10.0.0.79 () {34 vars in 989 bytes} [Thu Apr 9 14:41:15 2026] GET /v2.0/ports?device_id=666f2d7b-ff47-4459-908e-0d001ce5ec57 => generated 12 bytes in 21 msecs (HTTP/1.1 200) 4 headers in 156 bytes (1 switches on core 0) [pid: 8|app: 0|req: 671/1267] 10.0.0.106 () {34 vars in 669 bytes} [Thu Apr 9 14:41:15 2026] POST /v2.0/subnets => generated 626 bytes in 609 msecs (HTTP/1.1 201) 4 headers in 162 bytes (1 switches on core 0)
2026-04-09 14:41:16.130 7 INFO neutron.db.ovn_revision_numbers_db [None req-56f200ce-5473-485a-92f4-90b098266b3e bee3e58d76004b56aca364be70b55338 edf89e1542a74f839439ddfeeab6916c - - default default] Successfully bumped revision number for resource 3f50b083-c667-4c2d-82a4-0ab9ed617b0a (type: routers) to 1 [pid: 7|app: 0|req: 597/1268] 10.0.0.106 () {34 vars in 669 bytes} [Thu Apr 9 14:41:16 2026] POST /v2.0/routers => generated 603 bytes in 114 msecs (HTTP/1.1 201) 4 headers in 162 bytes (1 switches on core 0)
2026-04-09 14:41:16.515 8 WARNING neutron.scheduler.dhcp_agent_scheduler [None req-cae12b81-c8b2-42fd-8b07-0894210e355e bee3e58d76004b56aca364be70b55338 edf89e1542a74f839439ddfeeab6916c - - default default] No more DHCP agents
2026-04-09 14:41:16.516 8 WARNING neutron.api.rpc.agentnotifiers.dhcp_rpc_agent_api [None req-cae12b81-c8b2-42fd-8b07-0894210e355e bee3e58d76004b56aca364be70b55338 edf89e1542a74f839439ddfeeab6916c - - default default] Unable to schedule network 420ff35d-8470-4fc8-8f5b-aed9b6689bdb: no agents available; will retry on subsequent port and subnet creation events.
2026-04-09 14:41:16.627 7 INFO neutron.plugins.ml2.drivers.ovn.mech_driver.mech_driver [None req-39a3a55a-e1db-4b02-a22f-5005a3980b39 - - - - - -] OVN reports status down for port: 09a3ba81-ef94-4391-8583-7a8c21edc29e
2026-04-09 14:41:16.650 8 INFO neutron.db.ovn_revision_numbers_db [None req-cae12b81-c8b2-42fd-8b07-0894210e355e bee3e58d76004b56aca364be70b55338 edf89e1542a74f839439ddfeeab6916c - - default default] Successfully bumped revision number for resource 09a3ba81-ef94-4391-8583-7a8c21edc29e (type: ports) to 1
2026-04-09 14:41:16.801 7 INFO neutron.db.ovn_revision_numbers_db [None req-f637f0d2-328e-4ca9-82a9-6568dba3cb07 6fb39f4f288d45b1ae39ead7376d25f3 81c8f533d98540888792ff490618b1bd - - default default] Successfully bumped revision number for resource 54b8544f-28ab-4ad9-b46f-59e46296e761 (type: security_groups) to 1
2026-04-09 14:41:16.813 7 INFO neutron.db.ovn_revision_numbers_db [None req-f637f0d2-328e-4ca9-82a9-6568dba3cb07 6fb39f4f288d45b1ae39ead7376d25f3 81c8f533d98540888792ff490618b1bd - - default default] Successfully bumped revision number for resource 1d6e9037-f2d1-4b50-a273-6ffcc4ab86dc (type: security_group_rules) to 0
2026-04-09 14:41:16.824 7 INFO neutron.db.ovn_revision_numbers_db [None req-f637f0d2-328e-4ca9-82a9-6568dba3cb07 6fb39f4f288d45b1ae39ead7376d25f3 81c8f533d98540888792ff490618b1bd - - default default] Successfully bumped revision number for resource 99a91e1e-2788-400b-a0f8-4f74a7b549df (type: security_group_rules) to 0
2026-04-09 14:41:16.834 7 INFO neutron.db.ovn_revision_numbers_db [None req-f637f0d2-328e-4ca9-82a9-6568dba3cb07 6fb39f4f288d45b1ae39ead7376d25f3 81c8f533d98540888792ff490618b1bd - - default default] Successfully bumped revision number for resource a1cc226c-1699-4b2a-88d6-6cf2fc980422 (type: security_group_rules) to 0
2026-04-09 14:41:16.847 7 INFO neutron.db.ovn_revision_numbers_db [None req-f637f0d2-328e-4ca9-82a9-6568dba3cb07 6fb39f4f288d45b1ae39ead7376d25f3 81c8f533d98540888792ff490618b1bd - - default default] Successfully bumped revision number for resource df3f8012-d28b-4f9f-9e94-bc546eb01c14 (type: security_group_rules) to 0 [pid: 7|app: 0|req: 598/1269] 10.0.0.106 () {32 vars in 774 bytes} [Thu Apr 9 14:41:16 2026] GET /v2.0/security-groups?tenant_id=f8191d0649cf462ead594956c4f2025f&name=default => generated 2925 bytes in 369 msecs (HTTP/1.1 200) 4 headers in 158 bytes (1 switches on core 0) [pid: 7|app: 0|req: 599/1270] 10.0.0.106 () {32 vars in 740 bytes} [Thu Apr 9 14:41:16 2026] DELETE /v2.0/security-groups/76a4be86-49ef-4503-9cba-fd1a53705500 => generated 0 bytes in 110 msecs (HTTP/1.1 204) 2 headers in 112 bytes (1 switches on core 0)
2026-04-09 14:41:17.154 7 INFO neutron.plugins.ml2.drivers.ovn.mech_driver.mech_driver [None req-39a3a55a-e1db-4b02-a22f-5005a3980b39 - - - - - -] OVN reports status up for port: 09a3ba81-ef94-4391-8583-7a8c21edc29e
2026-04-09 14:41:17.181 7 INFO neutron.plugins.ml2.plugin [None req-39a3a55a-e1db-4b02-a22f-5005a3980b39 - - - - - -] Attempt 1 to provision port 09a3ba81-ef94-4391-8583-7a8c21edc29e
2026-04-09 14:41:17.211 8 WARNING neutron.scheduler.dhcp_agent_scheduler [None req-cae12b81-c8b2-42fd-8b07-0894210e355e bee3e58d76004b56aca364be70b55338 edf89e1542a74f839439ddfeeab6916c - - default default] No more DHCP agents
2026-04-09 14:41:17.213 8 WARNING neutron.api.rpc.agentnotifiers.dhcp_rpc_agent_api [None req-cae12b81-c8b2-42fd-8b07-0894210e355e bee3e58d76004b56aca364be70b55338 edf89e1542a74f839439ddfeeab6916c - - default default] Unable to schedule network 420ff35d-8470-4fc8-8f5b-aed9b6689bdb: no agents available; will retry on subsequent port and subnet creation events. [pid: 7|app: 0|req: 600/1271] 10.0.0.106 () {32 vars in 740 bytes} [Thu Apr 9 14:41:16 2026] DELETE /v2.0/security-groups/54b8544f-28ab-4ad9-b46f-59e46296e761 => generated 0 bytes in 298 msecs (HTTP/1.1 204) 2 headers in 112 bytes (1 switches on core 0)
2026-04-09 14:41:17.316 7 INFO neutron.api.v2.resource [None req-188d3cc8-7fdb-45d1-bdaf-e30ce7e570c2 0991d3cdf61c4041afed570f203d55d1 100dade574a24b378e0217653e976c1c - - default default] show failed (client error): The resource could not be found. [pid: 7|app: 0|req: 601/1272] 10.0.0.106 () {32 vars in 737 bytes} [Thu Apr 9 14:41:17 2026] GET /v2.0/security-groups/76a4be86-49ef-4503-9cba-fd1a53705500 => generated 146 bytes in 21 msecs (HTTP/1.1 404) 4 headers in 164 bytes (1 switches on core 0)
2026-04-09 14:41:17.411 8 INFO neutron.db.ovn_revision_numbers_db [None req-cae12b81-c8b2-42fd-8b07-0894210e355e bee3e58d76004b56aca364be70b55338 edf89e1542a74f839439ddfeeab6916c - - default default] Successfully bumped revision number for resource 09a3ba81-ef94-4391-8583-7a8c21edc29e (type: router_ports) to 1 [pid: 8|app: 0|req: 672/1273] 10.0.0.106 () {34 vars in 783 bytes} [Thu Apr 9 14:41:16 2026] PUT /v2.0/routers/3f50b083-c667-4c2d-82a4-0ab9ed617b0a/add_router_interface => generated 309 bytes in 1269 msecs (HTTP/1.1 200) 4 headers in 157 bytes (1 switches on core 0)
2026-04-09 14:41:17.546 8 INFO neutron_taas.services.taas.taas_plugin [None req-ef678d51-e314-4455-ace5-c2baf949a366 0991d3cdf61c4041afed570f203d55d1 100dade574a24b378e0217653e976c1c - - default default] TaaS: Handle Delete Port: a04cc53b-905a-45a4-8bb5-e565c3c6cd6f
2026-04-09 14:41:17.548 8 INFO neutron_taas.services.taas.tap_mirror_plugin [None req-ef678d51-e314-4455-ace5-c2baf949a366 0991d3cdf61c4041afed570f203d55d1 100dade574a24b378e0217653e976c1c - - default default] Tap Mirror: Handle Delete Port: a04cc53b-905a-45a4-8bb5-e565c3c6cd6f [pid: 7|app: 0|req: 602/1274] 10.0.0.106 () {32 vars in 740 bytes} [Thu Apr 9 14:41:17 2026] DELETE /v2.0/security-groups/a00e3667-7581-477c-a1db-7dea79b0cd9b => generated 0 bytes in 322 msecs (HTTP/1.1 204) 2 headers in 112 bytes (1 switches on core 0) [pid: 8|app: 0|req: 673/1275] 10.0.0.106 () {32 vars in 732 bytes} [Thu Apr 9 14:41:17 2026] DELETE /v2.0/floatingips/34e33dc6-e18d-4b8e-a5b3-d4e393c77ea4 => generated 0 bytes in 275 msecs (HTTP/1.1 204) 2 headers in 112 bytes (1 switches on core 0)
2026-04-09 14:41:17.704 8 INFO neutron.api.v2.resource [None req-28a7232b-c80d-425b-8549-78129f13531b 647939808c34417f8fa9a054a4974c64 2eddcbb36c7b4340bd14f24b3e6b2018 - - default default] show failed (client error): The resource could not be found. [pid: 8|app: 0|req: 674/1276] 10.0.0.106 () {32 vars in 737 bytes} [Thu Apr 9 14:41:17 2026] GET /v2.0/security-groups/a00e3667-7581-477c-a1db-7dea79b0cd9b => generated 146 bytes in 11 msecs (HTTP/1.1 404) 4 headers in 164 bytes (1 switches on core 0) [pid: 7|app: 0|req: 603/1277] 10.0.0.106 () {32 vars in 717 bytes} [Thu Apr 9 14:41:17 2026] GET /v2.0/ports/09a3ba81-ef94-4391-8583-7a8c21edc29e => generated 943 bytes in 66 msecs (HTTP/1.1 200) 4 headers in 157 bytes (1 switches on core 0)
2026-04-09 14:41:17.914 7 INFO neutron.db.ovn_revision_numbers_db [None req-39a3a55a-e1db-4b02-a22f-5005a3980b39 - - - - - -] Successfully bumped revision number for resource 09a3ba81-ef94-4391-8583-7a8c21edc29e (type: ports) to 2
2026-04-09 14:41:17.997 8 INFO neutron_taas.services.taas.taas_plugin [None req-d8bbe05b-da11-49ab-8675-39ca8162cae2 6fb39f4f288d45b1ae39ead7376d25f3 81c8f533d98540888792ff490618b1bd - - default default] TaaS: Handle Delete Port: 78b8bb27-0748-4696-8299-25790e5d7fe2
2026-04-09 14:41:18.001 8 INFO neutron_taas.services.taas.tap_mirror_plugin [None req-d8bbe05b-da11-49ab-8675-39ca8162cae2 6fb39f4f288d45b1ae39ead7376d25f3 81c8f533d98540888792ff490618b1bd - - default default] Tap Mirror: Handle Delete Port: 78b8bb27-0748-4696-8299-25790e5d7fe2
2026-04-09 14:41:18.363 7 WARNING neutron.scheduler.dhcp_agent_scheduler [None req-c9c50087-f3de-4569-bb39-beb8d3302c75 bee3e58d76004b56aca364be70b55338 edf89e1542a74f839439ddfeeab6916c - - default default] No more DHCP agents
2026-04-09 14:41:18.364 7 WARNING neutron.api.rpc.agentnotifiers.dhcp_rpc_agent_api [None req-c9c50087-f3de-4569-bb39-beb8d3302c75 bee3e58d76004b56aca364be70b55338 edf89e1542a74f839439ddfeeab6916c - - default default] Unable to schedule network ceb846cb-3371-449d-b322-910da62192e8: no agents available; will retry on subsequent port and subnet creation events.
2026-04-09 14:41:18.508 7 INFO neutron.db.ovn_revision_numbers_db [None req-c9c50087-f3de-4569-bb39-beb8d3302c75 bee3e58d76004b56aca364be70b55338 edf89e1542a74f839439ddfeeab6916c - - default default] Successfully bumped revision number for resource d9dfefce-74e4-45d9-aac9-fe1003b4e947 (type: ports) to 1 [pid: 8|app: 0|req: 675/1278] 10.0.0.106 () {34 vars in 789 bytes} [Thu Apr 9 14:41:17 2026] PUT /v2.0/routers/91eb7208-beef-49bc-a034-0a935f49bcee/remove_router_interface => generated 309 bytes in 925 msecs (HTTP/1.1 200) 4 headers in 157 bytes (1 switches on core 0) /var/lib/openstack/lib/python3.12/site-packages/pycadf/identifier.py:70: UserWarning: Invalid uuid: neutron. To ensure interoperability, identifiers should be a valid uuid. warnings.warn(('Invalid uuid: %s. To ensure interoperability, '
2026-04-09 14:41:18.771 8 INFO neutron_taas.services.taas.taas_plugin [None req-a965ddac-c868-43ab-958a-d07d9cb2ecc9 647939808c34417f8fa9a054a4974c64 2eddcbb36c7b4340bd14f24b3e6b2018 - - default default] TaaS: Handle Delete Port: e0f06cd1-9a7b-42c8-baf2-eaa95c65293d
2026-04-09 14:41:18.775 8 INFO neutron_taas.services.taas.tap_mirror_plugin [None req-a965ddac-c868-43ab-958a-d07d9cb2ecc9 647939808c34417f8fa9a054a4974c64 2eddcbb36c7b4340bd14f24b3e6b2018 - - default default] Tap Mirror: Handle Delete Port: e0f06cd1-9a7b-42c8-baf2-eaa95c65293d [pid: 8|app: 0|req: 676/1279] 10.0.0.106 () {32 vars in 732 bytes} [Thu Apr 9 14:41:18 2026] DELETE /v2.0/floatingips/4e5933c9-fa25-4637-95f0-df6279e97095 => generated 0 bytes in 294 msecs (HTTP/1.1 204) 2 headers in 112 bytes (1 switches on core 0)
2026-04-09 14:41:19.139 7 WARNING neutron.scheduler.dhcp_agent_scheduler [None req-c9c50087-f3de-4569-bb39-beb8d3302c75 bee3e58d76004b56aca364be70b55338 edf89e1542a74f839439ddfeeab6916c - - default default] No more DHCP agents
2026-04-09 14:41:19.140 7 WARNING neutron.api.rpc.agentnotifiers.dhcp_rpc_agent_api [None req-c9c50087-f3de-4569-bb39-beb8d3302c75 bee3e58d76004b56aca364be70b55338 edf89e1542a74f839439ddfeeab6916c - - default default] Unable to schedule network ceb846cb-3371-449d-b322-910da62192e8: no agents available; will retry on subsequent port and subnet creation events.
2026-04-09 14:41:19.227 8 INFO neutron_taas.services.taas.taas_plugin [None req-34e14b54-f5bf-40d5-ae8b-3ee63861590d 6fb39f4f288d45b1ae39ead7376d25f3 81c8f533d98540888792ff490618b1bd - - default default] TaaS: Handle Delete Port: 7b33c4f5-3e4a-4524-80a7-89a512b4d008
2026-04-09 14:41:19.230 8 INFO neutron_taas.services.taas.tap_mirror_plugin [None req-34e14b54-f5bf-40d5-ae8b-3ee63861590d 6fb39f4f288d45b1ae39ead7376d25f3 81c8f533d98540888792ff490618b1bd - - default default] Tap Mirror: Handle Delete Port: 7b33c4f5-3e4a-4524-80a7-89a512b4d008
2026-04-09 14:41:19.367 7 INFO neutron.db.ovn_revision_numbers_db [None req-c9c50087-f3de-4569-bb39-beb8d3302c75 bee3e58d76004b56aca364be70b55338 edf89e1542a74f839439ddfeeab6916c - - default default] Successfully bumped revision number for resource d9dfefce-74e4-45d9-aac9-fe1003b4e947 (type: router_ports) to 1 [pid: 7|app: 0|req: 604/1280] 10.0.0.106 () {34 vars in 783 bytes} [Thu Apr 9 14:41:17 2026] PUT /v2.0/routers/3f50b083-c667-4c2d-82a4-0ab9ed617b0a/add_router_interface => generated 309 bytes in 1665 msecs (HTTP/1.1 200) 4 headers in 157 bytes (1 switches on core 0) [pid: 8|app: 0|req: 677/1281] 10.0.0.106 () {32 vars in 724 bytes} [Thu Apr 9 14:41:18 2026] DELETE /v2.0/routers/91eb7208-beef-49bc-a034-0a935f49bcee => generated 0 bytes in 689 msecs (HTTP/1.1 204) 2 headers in 112 bytes (1 switches on core 0)
2026-04-09 14:41:19.684 7 INFO neutron_taas.services.taas.taas_plugin [None req-72bdbe13-c98e-4333-ae26-d7c2dd3f641d 6fb39f4f288d45b1ae39ead7376d25f3 81c8f533d98540888792ff490618b1bd - - default default] TaaS: Handle Delete Port: 6f25112f-e636-45a0-8ff8-7bbc478e10a0
2026-04-09 14:41:19.687 7 INFO neutron_taas.services.taas.tap_mirror_plugin [None req-72bdbe13-c98e-4333-ae26-d7c2dd3f641d 6fb39f4f288d45b1ae39ead7376d25f3 81c8f533d98540888792ff490618b1bd - - default default] Tap Mirror: Handle Delete Port: 6f25112f-e636-45a0-8ff8-7bbc478e10a0
2026-04-09 14:41:19.936 8 INFO neutron.db.ovn_revision_numbers_db [None req-c51f9fab-3d41-44ed-bc87-0b2a0b672d12 2d960463221e4cc987539a85ecee3636 7729ec6d5ecf476d9d523053d65af43b - - default default] Successfully bumped revision number for resource b7c7b4e3-2811-4444-b7d5-6fe29d1de99d (type: security_groups) to 1
2026-04-09 14:41:19.948 8 INFO neutron.db.ovn_revision_numbers_db [None req-c51f9fab-3d41-44ed-bc87-0b2a0b672d12 2d960463221e4cc987539a85ecee3636 7729ec6d5ecf476d9d523053d65af43b - - default default] Successfully bumped revision number for resource 281dc2a2-1037-4ddc-9194-79fc77d602d4 (type: security_group_rules) to 0
2026-04-09 14:41:19.960 8 INFO neutron.db.ovn_revision_numbers_db [None req-c51f9fab-3d41-44ed-bc87-0b2a0b672d12 2d960463221e4cc987539a85ecee3636 7729ec6d5ecf476d9d523053d65af43b - - default default] Successfully bumped revision number for resource 38717881-9e20-4626-b168-11039e41b806 (type: security_group_rules) to 0
2026-04-09 14:41:19.971 8 INFO neutron.db.ovn_revision_numbers_db [None req-c51f9fab-3d41-44ed-bc87-0b2a0b672d12 2d960463221e4cc987539a85ecee3636 7729ec6d5ecf476d9d523053d65af43b - - default default] Successfully bumped revision number for resource 39f7921e-2553-480f-9217-d5736bbfddb1 (type: security_group_rules) to 0
2026-04-09 14:41:19.983 8 INFO neutron.db.ovn_revision_numbers_db [None req-c51f9fab-3d41-44ed-bc87-0b2a0b672d12 2d960463221e4cc987539a85ecee3636 7729ec6d5ecf476d9d523053d65af43b - - default default] Successfully bumped revision number for resource 758f2d9e-2ac4-4abc-90da-22f8da06f6cd (type: security_group_rules) to 0
2026-04-09 14:41:20.053 8 INFO neutron.db.segments_db [None req-c51f9fab-3d41-44ed-bc87-0b2a0b672d12 2d960463221e4cc987539a85ecee3636 7729ec6d5ecf476d9d523053d65af43b - - default default] Added segment 38218f62-62d5-412d-a2e1-8870df993b51 of type geneve for network 23e85d72-fec5-4583-aa57-818bb1ed8418
2026-04-09 14:41:20.150 8 INFO neutron.db.ovn_revision_numbers_db [None req-c51f9fab-3d41-44ed-bc87-0b2a0b672d12 2d960463221e4cc987539a85ecee3636 7729ec6d5ecf476d9d523053d65af43b - - default default] Successfully bumped revision number for resource 23e85d72-fec5-4583-aa57-818bb1ed8418 (type: networks) to 1
2026-04-09 14:41:20.282 8 WARNING neutron.scheduler.dhcp_agent_scheduler [None req-c51f9fab-3d41-44ed-bc87-0b2a0b672d12 2d960463221e4cc987539a85ecee3636 7729ec6d5ecf476d9d523053d65af43b - - default default] No more DHCP agents
2026-04-09 14:41:20.283 8 WARNING neutron.api.rpc.agentnotifiers.dhcp_rpc_agent_api [None req-c51f9fab-3d41-44ed-bc87-0b2a0b672d12 2d960463221e4cc987539a85ecee3636 7729ec6d5ecf476d9d523053d65af43b - - default default] Unable to schedule network 23e85d72-fec5-4583-aa57-818bb1ed8418: no agents available; will retry on subsequent port and subnet creation events. [pid: 7|app: 0|req: 605/1282] 10.0.0.106 () {34 vars in 789 bytes} [Thu Apr 9 14:41:19 2026] PUT /v2.0/routers/1daaed20-90f5-4566-9b8c-c277837586d0/remove_router_interface => generated 309 bytes in 930 msecs (HTTP/1.1 200) 4 headers in 157 bytes (1 switches on core 0) /var/lib/openstack/lib/python3.12/site-packages/pycadf/identifier.py:70: UserWarning: Invalid uuid: neutron. To ensure interoperability, identifiers should be a valid uuid. warnings.warn(('Invalid uuid: %s. To ensure interoperability, '
2026-04-09 14:41:20.349 8 INFO neutron.plugins.ml2.drivers.ovn.mech_driver.mech_driver [None req-bffcb3c6-7932-460e-9d93-6537111a495c - - - - - -] OVN reports status down for port: 02936cd0-e2fc-4024-8f9f-2c1bcc54406e [pid: 7|app: 0|req: 606/1283] 10.0.0.106 () {32 vars in 717 bytes} [Thu Apr 9 14:41:20 2026] GET /v2.0/ports/d9dfefce-74e4-45d9-aac9-fe1003b4e947 => generated 941 bytes in 88 msecs (HTTP/1.1 200) 4 headers in 157 bytes (1 switches on core 0)
2026-04-09 14:41:20.400 8 INFO neutron.db.ovn_revision_numbers_db [None req-c51f9fab-3d41-44ed-bc87-0b2a0b672d12 2d960463221e4cc987539a85ecee3636 7729ec6d5ecf476d9d523053d65af43b - - default default] Successfully bumped revision number for resource 02936cd0-e2fc-4024-8f9f-2c1bcc54406e (type: ports) to 1 [pid: 8|app: 0|req: 678/1284] 10.0.0.106 () {34 vars in 670 bytes} [Thu Apr 9 14:41:19 2026] POST /v2.0/networks => generated 663 bytes in 824 msecs (HTTP/1.1 201) 4 headers in 162 bytes (1 switches on core 0) [pid: 7|app: 0|req: 607/1285] 10.0.0.106 () {32 vars in 724 bytes} [Thu Apr 9 14:41:20 2026] DELETE /v2.0/subnets/3e438617-e97a-4977-b048-910c8db452b2 => generated 0 bytes in 162 msecs (HTTP/1.1 204) 3 headers in 131 bytes (1 switches on core 0) [pid: 7|app: 0|req: 608/1286] 10.0.0.106 () {32 vars in 717 bytes} [Thu Apr 9 14:41:20 2026] GET /v2.0/ports/d9dfefce-74e4-45d9-aac9-fe1003b4e947 => generated 941 bytes in 31 msecs (HTTP/1.1 200) 4 headers in 157 bytes (1 switches on core 0)
2026-04-09 14:41:20.723 8 INFO neutron_taas.services.taas.taas_plugin [None req-12f1fa82-fdd8-4196-b5e4-407897bf7e18 6fb39f4f288d45b1ae39ead7376d25f3 81c8f533d98540888792ff490618b1bd - - default default] TaaS: Handle Delete Port: 54a63219-f2d7-47db-a03e-d41d486c5d74
2026-04-09 14:41:20.725 8 INFO neutron_taas.services.taas.tap_mirror_plugin [None req-12f1fa82-fdd8-4196-b5e4-407897bf7e18 6fb39f4f288d45b1ae39ead7376d25f3 81c8f533d98540888792ff490618b1bd - - default default] Tap Mirror: Handle Delete Port: 54a63219-f2d7-47db-a03e-d41d486c5d74
2026-04-09 14:41:20.763 7 WARNING neutron.scheduler.dhcp_agent_scheduler [None req-0d4f9336-ce8d-4a29-89a5-1f435bafd059 2d960463221e4cc987539a85ecee3636 7729ec6d5ecf476d9d523053d65af43b - - default default] No more DHCP agents
2026-04-09 14:41:20.764 7 WARNING neutron.api.rpc.agentnotifiers.dhcp_rpc_agent_api [None req-0d4f9336-ce8d-4a29-89a5-1f435bafd059 2d960463221e4cc987539a85ecee3636 7729ec6d5ecf476d9d523053d65af43b - - default default] Unable to schedule network 23e85d72-fec5-4583-aa57-818bb1ed8418: no agents available; will retry on subsequent port and subnet creation events. [pid: 8|app: 0|req: 679/1287] 10.0.0.106 () {32 vars in 724 bytes} [Thu Apr 9 14:41:20 2026] DELETE /v2.0/routers/1daaed20-90f5-4566-9b8c-c277837586d0 => generated 0 bytes in 613 msecs (HTTP/1.1 204) 2 headers in 112 bytes (1 switches on core 0)
2026-04-09 14:41:21.175 8 INFO neutron_taas.services.taas.taas_plugin [None req-4f586fc6-7967-4792-9322-17238e754905 6fb39f4f288d45b1ae39ead7376d25f3 81c8f533d98540888792ff490618b1bd - - default default] TaaS: Handle Delete Port: 59bfebc9-367a-4236-b7f2-fac479bdfc9a
2026-04-09 14:41:21.178 8 INFO neutron_taas.services.taas.tap_mirror_plugin [None req-4f586fc6-7967-4792-9322-17238e754905 6fb39f4f288d45b1ae39ead7376d25f3 81c8f533d98540888792ff490618b1bd - - default default] Tap Mirror: Handle Delete Port: 59bfebc9-367a-4236-b7f2-fac479bdfc9a
2026-04-09 14:41:21.197 7 INFO neutron.db.ovn_revision_numbers_db [None req-36802ce6-c43d-4282-bf1b-45e0e65a7eaf - - - - - -] Successfully bumped revision number for resource 02936cd0-e2fc-4024-8f9f-2c1bcc54406e (type: ports) to 2
