2026-04-09 14:03:38.416 7 INFO neutron.api.extensions [None req-d05eb626-e428-447b-b9fb-af91dee18c10 - - - - - -] Loaded extension: pagination
2026-04-09 14:03:38.416 7 INFO neutron.api.extensions [None req-d05eb626-e428-447b-b9fb-af91dee18c10 - - - - - -] Loaded extension: port-device-profile
2026-04-09 14:03:38.417 7 INFO neutron.api.extensions [None req-d05eb626-e428-447b-b9fb-af91dee18c10 - - - - - -] Extension port-hardware-offload-type not supported by any of loaded plugins
2026-04-09 14:03:38.417 7 INFO neutron.api.extensions [None req-d05eb626-e428-447b-b9fb-af91dee18c10 - - - - - -] Extension port-hint-ovs-tx-steering not supported by any of loaded plugins
2026-04-09 14:03:38.418 7 INFO neutron.api.extensions [None req-d05eb626-e428-447b-b9fb-af91dee18c10 - - - - - -] Extension port-hints not supported by any of loaded plugins
2026-04-09 14:03:38.418 7 INFO neutron.api.extensions [None req-d05eb626-e428-447b-b9fb-af91dee18c10 - - - - - -] Extension port-mac-override not supported by any of loaded plugins
2026-04-09 14:03:38.419 7 INFO neutron.api.extensions [None req-d05eb626-e428-447b-b9fb-af91dee18c10 - - - - - -] Loaded extension: port-mac-address-regenerate
2026-04-09 14:03:38.420 7 INFO neutron.api.extensions [None req-d05eb626-e428-447b-b9fb-af91dee18c10 - - - - - -] Loaded extension: port-numa-affinity-policy
2026-04-09 14:03:38.420 8 INFO neutron.api.extensions [None req-fc19c857-fb59-4038-a89f-eb5419414ec3 - - - - - -] Loaded extension: standard-attr-tag
2026-04-09 14:03:38.420 7 INFO neutron.api.extensions [None req-d05eb626-e428-447b-b9fb-af91dee18c10 - - - - - -] Loaded extension: port-numa-affinity-policy-socket
2026-04-09 14:03:38.420 8 INFO neutron.api.extensions [None req-fc19c857-fb59-4038-a89f-eb5419414ec3 - - - - - -] Loaded extension: standard-attr-timestamp
2026-04-09 14:03:38.421 7 INFO neutron.api.extensions [None req-d05eb626-e428-447b-b9fb-af91dee18c10 - - - - - -] Loaded extension: port-resource-request
2026-04-09 14:03:38.421 8 INFO neutron.api.extensions [None req-fc19c857-fb59-4038-a89f-eb5419414ec3 - - - - - -] Loaded extension: trunk
2026-04-09 14:03:38.421 7 INFO neutron.api.extensions [None req-d05eb626-e428-447b-b9fb-af91dee18c10 - - - - - -] Loaded extension: port-resource-request-groups
2026-04-09 14:03:38.421 8 INFO neutron.api.extensions [None req-fc19c857-fb59-4038-a89f-eb5419414ec3 - - - - - -] Loaded extension: trunk-details
2026-04-09 14:03:38.422 7 INFO neutron.api.extensions [None req-d05eb626-e428-447b-b9fb-af91dee18c10 - - - - - -] Extension port-trusted-vif not supported by any of loaded plugins
2026-04-09 14:03:38.422 8 INFO neutron.api.extensions [None req-fc19c857-fb59-4038-a89f-eb5419414ec3 - - - - - -] Extension uplink-status-propagation not supported by any of loaded plugins
2026-04-09 14:03:38.422 7 INFO neutron.api.extensions [None req-d05eb626-e428-447b-b9fb-af91dee18c10 - - - - - -] Loaded extension: binding
2026-04-09 14:03:38.422 8 INFO neutron.api.extensions [None req-fc19c857-fb59-4038-a89f-eb5419414ec3 - - - - - -] Extension uplink-status-propagation-updatable not supported by any of loaded plugins
2026-04-09 14:03:38.423 8 INFO neutron.api.extensions [None req-fc19c857-fb59-4038-a89f-eb5419414ec3 - - - - - -] Loaded extension: vlan-transparent
2026-04-09 14:03:38.423 7 INFO neutron.api.extensions [None req-d05eb626-e428-447b-b9fb-af91dee18c10 - - - - - -] Loaded extension: binding-extended
2026-04-09 14:03:38.424 8 INFO neutron.api.extensions [None req-fc19c857-fb59-4038-a89f-eb5419414ec3 - - - - - -] Loaded extension: vpn-aes-ctr
2026-04-09 14:03:38.424 7 INFO neutron.api.extensions [None req-d05eb626-e428-447b-b9fb-af91dee18c10 - - - - - -] Loaded extension: port-security
2026-04-09 14:03:38.424 7 INFO neutron.api.extensions [None req-d05eb626-e428-447b-b9fb-af91dee18c10 - - - - - -] Loaded extension: project-id
2026-04-09 14:03:38.425 7 INFO neutron.api.extensions [None req-d05eb626-e428-447b-b9fb-af91dee18c10 - - - - - -] Loaded extension: provider
2026-04-09 14:03:38.425 8 INFO neutron.api.extensions [None req-fc19c857-fb59-4038-a89f-eb5419414ec3 - - - - - -] Loaded extension: vpn-agent-scheduler
2026-04-09 14:03:38.426 7 INFO neutron.api.extensions [None req-d05eb626-e428-447b-b9fb-af91dee18c10 - - - - - -] Loaded extension: qinq
2026-04-09 14:03:38.426 8 INFO neutron.api.extensions [None req-fc19c857-fb59-4038-a89f-eb5419414ec3 - - - - - -] Loaded extension: vpn-endpoint-groups
2026-04-09 14:03:38.427 8 INFO neutron.api.extensions [None req-fc19c857-fb59-4038-a89f-eb5419414ec3 - - - - - -] Loaded extension: vpn-flavors
2026-04-09 14:03:38.428 7 INFO neutron.api.extensions [None req-d05eb626-e428-447b-b9fb-af91dee18c10 - - - - - -] Loaded extension: qos
2026-04-09 14:03:38.428 8 INFO neutron.api.extensions [None req-fc19c857-fb59-4038-a89f-eb5419414ec3 - - - - - -] Loaded extension: vpnaas
2026-04-09 14:03:38.429 7 INFO neutron.api.extensions [None req-d05eb626-e428-447b-b9fb-af91dee18c10 - - - - - -] Loaded extension: qos-bw-limit-direction
2026-04-09 14:03:38.429 7 INFO neutron.api.extensions [None req-d05eb626-e428-447b-b9fb-af91dee18c10 - - - - - -] Loaded extension: qos-bw-minimum-ingress
2026-04-09 14:03:38.430 8 INFO neutron.api.extensions [None req-fc19c857-fb59-4038-a89f-eb5419414ec3 - - - - - -] Loaded extension: taas
2026-04-09 14:03:38.430 7 INFO neutron.api.extensions [None req-d05eb626-e428-447b-b9fb-af91dee18c10 - - - - - -] Loaded extension: qos-default
2026-04-09 14:03:38.430 7 INFO neutron.api.extensions [None req-d05eb626-e428-447b-b9fb-af91dee18c10 - - - - - -] Loaded extension: qos-fip
2026-04-09 14:03:38.431 8 INFO neutron.api.extensions [None req-fc19c857-fb59-4038-a89f-eb5419414ec3 - - - - - -] Loaded extension: tap-mirror
2026-04-09 14:03:38.431 7 INFO neutron.api.extensions [None req-d05eb626-e428-447b-b9fb-af91dee18c10 - - - - - -] Extension qos-fip-network-policy not supported by any of loaded plugins
2026-04-09 14:03:38.431 8 INFO neutron.api.extensions [None req-fc19c857-fb59-4038-a89f-eb5419414ec3 - - - - - -] Loaded extension: taas-vlan-filter
2026-04-09 14:03:38.431 7 INFO neutron.api.extensions [None req-d05eb626-e428-447b-b9fb-af91dee18c10 - - - - - -] Loaded extension: qos-gateway-ip
2026-04-09 14:03:38.432 7 INFO neutron.api.extensions [None req-d05eb626-e428-447b-b9fb-af91dee18c10 - - - - - -] Loaded extension: qos-port-network-policy
2026-04-09 14:03:38.433 7 INFO neutron.api.extensions [None req-d05eb626-e428-447b-b9fb-af91dee18c10 - - - - - -] Loaded extension: qos-pps-minimum
2026-04-09 14:03:38.433 7 INFO neutron.api.extensions [None req-d05eb626-e428-447b-b9fb-af91dee18c10 - - - - - -] Loaded extension: qos-pps-minimum-rule-alias
2026-04-09 14:03:38.433 8 INFO neutron.quota.resource_registry [None req-fc19c857-fb59-4038-a89f-eb5419414ec3 - - - - - -] Creating instance of TrackedResource for resource:network
2026-04-09 14:03:38.434 8 INFO neutron.quota.resource_registry [None req-fc19c857-fb59-4038-a89f-eb5419414ec3 - - - - - -] Creating instance of TrackedResource for resource:subnet
2026-04-09 14:03:38.434 8 INFO neutron.quota.resource_registry [None req-fc19c857-fb59-4038-a89f-eb5419414ec3 - - - - - -] Creating instance of TrackedResource for resource:subnetpool
2026-04-09 14:03:38.434 8 INFO neutron.quota.resource_registry [None req-fc19c857-fb59-4038-a89f-eb5419414ec3 - - - - - -] Creating instance of TrackedResource for resource:port
2026-04-09 14:03:38.434 7 INFO neutron.api.extensions [None req-d05eb626-e428-447b-b9fb-af91dee18c10 - - - - - -] Loaded extension: qos-pps
2026-04-09 14:03:38.435 7 INFO neutron.api.extensions [None req-d05eb626-e428-447b-b9fb-af91dee18c10 - - - - - -] Loaded extension: qos-rule-type-details
2026-04-09 14:03:38.435 7 INFO neutron.api.extensions [None req-d05eb626-e428-447b-b9fb-af91dee18c10 - - - - - -] Loaded extension: qos-rule-type-filter
2026-04-09 14:03:38.436 7 INFO neutron.api.extensions [None req-d05eb626-e428-447b-b9fb-af91dee18c10 - - - - - -] Loaded extension: qos-rules-alias
2026-04-09 14:03:38.436 7 INFO neutron.api.extensions [None req-d05eb626-e428-447b-b9fb-af91dee18c10 - - - - - -] Loaded extension: quota-check-limit
2026-04-09 14:03:38.437 7 INFO neutron.api.extensions [None req-d05eb626-e428-447b-b9fb-af91dee18c10 - - - - - -] Loaded extension: quota-check-limit-default
2026-04-09 14:03:38.437 8 INFO neutron.quota.resource_registry [None req-fc19c857-fb59-4038-a89f-eb5419414ec3 - - - - - -] Creating instance of TrackedResource for resource:router
2026-04-09 14:03:38.437 8 INFO neutron.quota.resource_registry [None req-fc19c857-fb59-4038-a89f-eb5419414ec3 - - - - - -] Creating instance of TrackedResource for resource:floatingip
2026-04-09 14:03:38.439 7 INFO neutron.api.extensions [None req-d05eb626-e428-447b-b9fb-af91dee18c10 - - - - - -] Loaded extension: quotas
2026-04-09 14:03:38.440 7 INFO neutron.api.extensions [None req-d05eb626-e428-447b-b9fb-af91dee18c10 - - - - - -] Loaded extension: quota_details
2026-04-09 14:03:38.442 7 INFO neutron.api.extensions [None req-d05eb626-e428-447b-b9fb-af91dee18c10 - - - - - -] Loaded extension: rbac-policies
2026-04-09 14:03:38.442 7 INFO neutron.api.extensions [None req-d05eb626-e428-447b-b9fb-af91dee18c10 - - - - - -] Extension rbac-address-group not supported by any of loaded plugins
2026-04-09 14:03:38.442 8 INFO neutron.quota.resource_registry [None req-fc19c857-fb59-4038-a89f-eb5419414ec3 - - - - - -] Creating instance of CountableResource for resource:rbac_policy
2026-04-09 14:03:38.443 7 INFO neutron.api.extensions [None req-d05eb626-e428-447b-b9fb-af91dee18c10 - - - - - -] Loaded extension: rbac-address-scope
2026-04-09 14:03:38.443 8 INFO neutron.quota.resource_registry [None req-fc19c857-fb59-4038-a89f-eb5419414ec3 - - - - - -] Creating instance of TrackedResource for resource:security_group
2026-04-09 14:03:38.443 7 INFO neutron.api.extensions [None req-d05eb626-e428-447b-b9fb-af91dee18c10 - - - - - -] Loaded extension: rbac-security-groups
2026-04-09 14:03:38.443 8 INFO neutron.quota.resource_registry [None req-fc19c857-fb59-4038-a89f-eb5419414ec3 - - - - - -] Creating instance of TrackedResource for resource:security_group_rule
2026-04-09 14:03:38.444 7 INFO neutron.api.extensions [None req-d05eb626-e428-447b-b9fb-af91dee18c10 - - - - - -] Extension rbac-subnetpool not supported by any of loaded plugins
2026-04-09 14:03:38.444 8 INFO neutron.quota.resource_registry [None req-fc19c857-fb59-4038-a89f-eb5419414ec3 - - - - - -] Creating instance of TrackedResource for resource:subnetpool
2026-04-09 14:03:38.444 7 INFO neutron.api.extensions [None req-d05eb626-e428-447b-b9fb-af91dee18c10 - - - - - -] Loaded extension: revision-if-match
2026-04-09 14:03:38.444 8 WARNING neutron.quota.resource_registry [None req-fc19c857-fb59-4038-a89f-eb5419414ec3 - - - - - -] subnetpool is already registered
2026-04-09 14:03:38.445 8 INFO neutron.quota.resource_registry [None req-fc19c857-fb59-4038-a89f-eb5419414ec3 - - - - - -] Creating instance of CountableResource for resource:trunk
2026-04-09 14:03:38.445 7 INFO neutron.api.extensions [None req-d05eb626-e428-447b-b9fb-af91dee18c10 - - - - - -] Loaded extension: standard-attr-revisions
2026-04-09 14:03:38.445 8 INFO neutron.quota.resource_registry [None req-fc19c857-fb59-4038-a89f-eb5419414ec3 - - - - - -] Creating instance of CountableResource for resource:ikepolicy
2026-04-09 14:03:38.446 8 INFO neutron.quota.resource_registry [None req-fc19c857-fb59-4038-a89f-eb5419414ec3 - - - - - -] Creating instance of CountableResource for resource:ipsecpolicy
2026-04-09 14:03:38.446 7 INFO neutron.api.extensions [None req-d05eb626-e428-447b-b9fb-af91dee18c10 - - - - - -] Loaded extension: router_availability_zone
2026-04-09 14:03:38.446 8 INFO neutron.quota.resource_registry [None req-fc19c857-fb59-4038-a89f-eb5419414ec3 - - - - - -] Creating instance of CountableResource for resource:endpoint_group
2026-04-09 14:03:38.446 7 INFO neutron.api.extensions [None req-d05eb626-e428-447b-b9fb-af91dee18c10 - - - - - -] Extension router-service-type not supported by any of loaded plugins
2026-04-09 14:03:38.446 8 INFO neutron.quota.resource_registry [None req-fc19c857-fb59-4038-a89f-eb5419414ec3 - - - - - -] Creating instance of CountableResource for resource:vpnservice
2026-04-09 14:03:38.447 8 INFO neutron.quota.resource_registry [None req-fc19c857-fb59-4038-a89f-eb5419414ec3 - - - - - -] Creating instance of CountableResource for resource:ipsec_site_connection
2026-04-09 14:03:38.447 8 INFO neutron.quota.resource_registry [None req-fc19c857-fb59-4038-a89f-eb5419414ec3 - - - - - -] Creating instance of CountableResource for resource:ipsecpolicy
2026-04-09 14:03:38.447 8 WARNING neutron.quota.resource_registry [None req-fc19c857-fb59-4038-a89f-eb5419414ec3 - - - - - -] ipsecpolicy is already registered
2026-04-09 14:03:38.448 8 INFO neutron.quota.resource_registry [None req-fc19c857-fb59-4038-a89f-eb5419414ec3 - - - - - -] Creating instance of CountableResource for resource:ikepolicy
2026-04-09 14:03:38.448 8 WARNING neutron.quota.resource_registry [None req-fc19c857-fb59-4038-a89f-eb5419414ec3 - - - - - -] ikepolicy is already registered
2026-04-09 14:03:38.448 7 INFO neutron.api.extensions [None req-d05eb626-e428-447b-b9fb-af91dee18c10 - - - - - -] Loaded extension: security-groups-default-rules
2026-04-09 14:03:38.449 7 INFO neutron.api.extensions [None req-d05eb626-e428-447b-b9fb-af91dee18c10 - - - - - -] Loaded extension: security-groups-normalized-cidr
2026-04-09 14:03:38.449 7 INFO neutron.api.extensions [None req-d05eb626-e428-447b-b9fb-af91dee18c10 - - - - - -] Extension port-security-groups-filtering not supported by any of loaded plugins
2026-04-09 14:03:38.450 7 INFO neutron.api.extensions [None req-d05eb626-e428-447b-b9fb-af91dee18c10 - - - - - -] Loaded extension: security-groups-remote-address-group
2026-04-09 14:03:38.450 7 INFO neutron.api.extensions [None req-d05eb626-e428-447b-b9fb-af91dee18c10 - - - - - -] Loaded extension: security-groups-rules-belongs-to-default-sg
2026-04-09 14:03:38.451 7 INFO neutron.api.extensions [None req-d05eb626-e428-447b-b9fb-af91dee18c10 - - - - - -] Loaded extension: security-groups-shared-filtering
2026-04-09 14:03:38.452 8 INFO neutron.quota.resource_registry [None req-fc19c857-fb59-4038-a89f-eb5419414ec3 - - - - - -] Creating instance of TrackedResource for resource:router
2026-04-09 14:03:38.452 8 WARNING neutron.quota.resource_registry [None req-fc19c857-fb59-4038-a89f-eb5419414ec3 - - - - - -] router is already registered
2026-04-09 14:03:38.453 8 INFO neutron.quota.resource_registry [None req-fc19c857-fb59-4038-a89f-eb5419414ec3 - - - - - -] Creating instance of TrackedResource for resource:floatingip
2026-04-09 14:03:38.453 8 WARNING neutron.quota.resource_registry [None req-fc19c857-fb59-4038-a89f-eb5419414ec3 - - - - - -] floatingip is already registered
2026-04-09 14:03:38.456 7 INFO neutron.api.extensions [None req-d05eb626-e428-447b-b9fb-af91dee18c10 - - - - - -] Loaded extension: security-group
2026-04-09 14:03:38.457 7 INFO neutron.api.extensions [None req-d05eb626-e428-447b-b9fb-af91dee18c10 - - - - - -] Loaded extension: segment
2026-04-09 14:03:38.457 8 INFO neutron.quota.resource_registry [None req-fc19c857-fb59-4038-a89f-eb5419414ec3 - - - - - -] Creating instance of CountableResource for resource:rbac_policy
2026-04-09 14:03:38.457 7 INFO neutron.api.extensions [None req-d05eb626-e428-447b-b9fb-af91dee18c10 - - - - - -] Loaded extension: segments-peer-subnet-host-routes
2026-04-09 14:03:38.457 8 WARNING neutron.quota.resource_registry [None req-fc19c857-fb59-4038-a89f-eb5419414ec3 - - - - - -] rbac_policy is already registered
2026-04-09 14:03:38.458 8 INFO neutron.quota.resource_registry [None req-fc19c857-fb59-4038-a89f-eb5419414ec3 - - - - - -] Creating instance of TrackedResource for resource:security_group
2026-04-09 14:03:38.458 7 INFO neutron.api.extensions [None req-d05eb626-e428-447b-b9fb-af91dee18c10 - - - - - -] Loaded extension: service-type
2026-04-09 14:03:38.458 8 WARNING neutron.quota.resource_registry [None req-fc19c857-fb59-4038-a89f-eb5419414ec3 - - - - - -] security_group is already registered
2026-04-09 14:03:38.459 7 INFO neutron.api.extensions [None req-d05eb626-e428-447b-b9fb-af91dee18c10 - - - - - -] Loaded extension: sorting
2026-04-09 14:03:38.458 8 INFO neutron.quota.resource_registry [None req-fc19c857-fb59-4038-a89f-eb5419414ec3 - - - - - -] Creating instance of TrackedResource for resource:security_group_rule
2026-04-09 14:03:38.459 8 WARNING neutron.quota.resource_registry [None req-fc19c857-fb59-4038-a89f-eb5419414ec3 - - - - - -] security_group_rule is already registered
2026-04-09 14:03:38.459 7 INFO neutron.api.extensions [None req-d05eb626-e428-447b-b9fb-af91dee18c10 - - - - - -] Loaded extension: standard-attr-segment
2026-04-09 14:03:38.459 8 INFO neutron.quota.resource_registry [None req-fc19c857-fb59-4038-a89f-eb5419414ec3 - - - - - -] Creating instance of TrackedResource for resource:subnetpool
2026-04-09 14:03:38.460 8 WARNING neutron.quota.resource_registry [None req-fc19c857-fb59-4038-a89f-eb5419414ec3 - - - - - -] subnetpool is already registered
2026-04-09 14:03:38.460 7 INFO neutron.api.extensions [None req-d05eb626-e428-447b-b9fb-af91dee18c10 - - - - - -] Loaded extension: standard-attr-description
2026-04-09 14:03:38.460 8 INFO neutron.quota.resource_registry [None req-fc19c857-fb59-4038-a89f-eb5419414ec3 - - - - - -] Creating instance of CountableResource for resource:trunk
2026-04-09 14:03:38.460 8 WARNING neutron.quota.resource_registry [None req-fc19c857-fb59-4038-a89f-eb5419414ec3 - - - - - -] trunk is already registered
2026-04-09 14:03:38.460 7 INFO neutron.api.extensions [None req-d05eb626-e428-447b-b9fb-af91dee18c10 - - - - - -] Loaded extension: stateful-security-group
2026-04-09 14:03:38.460 8 INFO neutron.quota.resource_registry [None req-fc19c857-fb59-4038-a89f-eb5419414ec3 - - - - - -] Creating instance of CountableResource for resource:ikepolicy
2026-04-09 14:03:38.461 8 WARNING neutron.quota.resource_registry [None req-fc19c857-fb59-4038-a89f-eb5419414ec3 - - - - - -] ikepolicy is already registered
2026-04-09 14:03:38.461 7 WARNING neutron.api.extensions [None req-d05eb626-e428-447b-b9fb-af91dee18c10 - - - - - -] Did not find expected name "Stdattrs_common" in /var/lib/openstack/lib/python3.12/site-packages/neutron/extensions/stdattrs_common.py
2026-04-09 14:03:38.461 8 INFO neutron.quota.resource_registry [None req-fc19c857-fb59-4038-a89f-eb5419414ec3 - - - - - -] Creating instance of CountableResource for resource:ipsecpolicy
2026-04-09 14:03:38.461 8 WARNING neutron.quota.resource_registry [None req-fc19c857-fb59-4038-a89f-eb5419414ec3 - - - - - -] ipsecpolicy is already registered
2026-04-09 14:03:38.461 7 INFO neutron.api.extensions [None req-d05eb626-e428-447b-b9fb-af91dee18c10 - - - - - -] Loaded extension: subnet-dns-publish-fixed-ip
2026-04-09 14:03:38.461 8 INFO neutron.quota.resource_registry [None req-fc19c857-fb59-4038-a89f-eb5419414ec3 - - - - - -] Creating instance of CountableResource for resource:endpoint_group
2026-04-09 14:03:38.462 8 WARNING neutron.quota.resource_registry [None req-fc19c857-fb59-4038-a89f-eb5419414ec3 - - - - - -] endpoint_group is already registered
2026-04-09 14:03:38.462 7 INFO neutron.api.extensions [None req-d05eb626-e428-447b-b9fb-af91dee18c10 - - - - - -] Loaded extension: subnet-external-network
2026-04-09 14:03:38.462 8 INFO neutron.quota.resource_registry [None req-fc19c857-fb59-4038-a89f-eb5419414ec3 - - - - - -] Creating instance of CountableResource for resource:vpnservice
2026-04-09 14:03:38.462 8 WARNING neutron.quota.resource_registry [None req-fc19c857-fb59-4038-a89f-eb5419414ec3 - - - - - -] vpnservice is already registered
2026-04-09 14:03:38.462 8 INFO neutron.quota.resource_registry [None req-fc19c857-fb59-4038-a89f-eb5419414ec3 - - - - - -] Creating instance of CountableResource for resource:ipsec_site_connection
2026-04-09 14:03:38.463 8 WARNING neutron.quota.resource_registry [None req-fc19c857-fb59-4038-a89f-eb5419414ec3 - - - - - -] ipsec_site_connection is already registered
2026-04-09 14:03:38.463 7 INFO neutron.api.extensions [None req-d05eb626-e428-447b-b9fb-af91dee18c10 - - - - - -] Extension subnet_onboard not supported by any of loaded plugins
2026-04-09 14:03:38.463 8 INFO neutron.quota.resource_registry [None req-fc19c857-fb59-4038-a89f-eb5419414ec3 - - - - - -] Creating instance of CountableResource for resource:ipsecpolicy
2026-04-09 14:03:38.463 8 WARNING neutron.quota.resource_registry [None req-fc19c857-fb59-4038-a89f-eb5419414ec3 - - - - - -] ipsecpolicy is already registered
2026-04-09 14:03:38.463 7 INFO neutron.api.extensions [None req-d05eb626-e428-447b-b9fb-af91dee18c10 - - - - - -] Loaded extension: subnet-segmentid-writable
2026-04-09 14:03:38.463 8 INFO neutron.quota.resource_registry [None req-fc19c857-fb59-4038-a89f-eb5419414ec3 - - - - - -] Creating instance of CountableResource for resource:ikepolicy
2026-04-09 14:03:38.464 8 WARNING neutron.quota.resource_registry [None req-fc19c857-fb59-4038-a89f-eb5419414ec3 - - - - - -] ikepolicy is already registered
2026-04-09 14:03:38.464 7 INFO neutron.api.extensions [None req-d05eb626-e428-447b-b9fb-af91dee18c10 - - - - - -] Loaded extension: subnet-service-types
2026-04-09 14:03:38.465 7 INFO neutron.api.extensions [None req-d05eb626-e428-447b-b9fb-af91dee18c10 - - - - - -] Loaded extension: subnet_allocation
2026-04-09 14:03:38.465 7 INFO neutron.api.extensions [None req-d05eb626-e428-447b-b9fb-af91dee18c10 - - - - - -] Loaded extension: subnetpool-prefix-ops
2026-04-09 14:03:38.466 7 INFO neutron.api.extensions [None req-d05eb626-e428-447b-b9fb-af91dee18c10 - - - - - -] Loaded extension: tag-creation
2026-04-09 14:03:38.466 7 INFO neutron.api.extensions [None req-d05eb626-e428-447b-b9fb-af91dee18c10 - - - - - -] Extension tag-ports-during-bulk-creation not supported by any of loaded plugins
2026-04-09 14:03:38.470 7 INFO neutron.api.extensions [None req-d05eb626-e428-447b-b9fb-af91dee18c10 - - - - - -] Loaded extension: standard-attr-tag
2026-04-09 14:03:38.471 7 INFO neutron.api.extensions [None req-d05eb626-e428-447b-b9fb-af91dee18c10 - - - - - -] Loaded extension: standard-attr-timestamp
2026-04-09 14:03:38.472 7 INFO neutron.api.extensions [None req-d05eb626-e428-447b-b9fb-af91dee18c10 - - - - - -] Loaded extension: trunk
2026-04-09 14:03:38.472 7 INFO neutron.api.extensions [None req-d05eb626-e428-447b-b9fb-af91dee18c10 - - - - - -] Loaded extension: trunk-details
2026-04-09 14:03:38.473 7 INFO neutron.api.extensions [None req-d05eb626-e428-447b-b9fb-af91dee18c10 - - - - - -] Extension uplink-status-propagation not supported by any of loaded plugins
2026-04-09 14:03:38.474 7 INFO neutron.api.extensions [None req-d05eb626-e428-447b-b9fb-af91dee18c10 - - - - - -] Extension uplink-status-propagation-updatable not supported by any of loaded plugins
2026-04-09 14:03:38.474 7 INFO neutron.api.extensions [None req-d05eb626-e428-447b-b9fb-af91dee18c10 - - - - - -] Loaded extension: vlan-transparent
2026-04-09 14:03:38.475 7 INFO neutron.api.extensions [None req-d05eb626-e428-447b-b9fb-af91dee18c10 - - - - - -] Loaded extension: vpn-aes-ctr
2026-04-09 14:03:38.477 7 INFO neutron.api.extensions [None req-d05eb626-e428-447b-b9fb-af91dee18c10 - - - - - -] Loaded extension: vpn-agent-scheduler
2026-04-09 14:03:38.478 7 INFO neutron.api.extensions [None req-d05eb626-e428-447b-b9fb-af91dee18c10 - - - - - -] Loaded extension: vpn-endpoint-groups
2026-04-09 14:03:38.478 7 INFO neutron.api.extensions [None req-d05eb626-e428-447b-b9fb-af91dee18c10 - - - - - -] Loaded extension: vpn-flavors
2026-04-09 14:03:38.480 7 INFO neutron.api.extensions [None req-d05eb626-e428-447b-b9fb-af91dee18c10 - - - - - -] Loaded extension: vpnaas
2026-04-09 14:03:38.481 7 INFO neutron.api.extensions [None req-d05eb626-e428-447b-b9fb-af91dee18c10 - - - - - -] Loaded extension: taas
2026-04-09 14:03:38.482 7 INFO neutron.api.extensions [None req-d05eb626-e428-447b-b9fb-af91dee18c10 - - - - - -] Loaded extension: tap-mirror
2026-04-09 14:03:38.483 7 INFO neutron.api.extensions [None req-d05eb626-e428-447b-b9fb-af91dee18c10 - - - - - -] Loaded extension: taas-vlan-filter
2026-04-09 14:03:38.486 7 INFO neutron.quota.resource_registry [None req-d05eb626-e428-447b-b9fb-af91dee18c10 - - - - - -] Creating instance of TrackedResource for resource:network
2026-04-09 14:03:38.486 7 INFO neutron.quota.resource_registry [None req-d05eb626-e428-447b-b9fb-af91dee18c10 - - - - - -] Creating instance of TrackedResource for resource:subnet
2026-04-09 14:03:38.486 7 INFO neutron.quota.resource_registry [None req-d05eb626-e428-447b-b9fb-af91dee18c10 - - - - - -] Creating instance of TrackedResource for resource:subnetpool
2026-04-09 14:03:38.486 7 INFO neutron.quota.resource_registry [None req-d05eb626-e428-447b-b9fb-af91dee18c10 - - - - - -] Creating instance of TrackedResource for resource:port
2026-04-09 14:03:38.490 7 INFO neutron.quota.resource_registry [None req-d05eb626-e428-447b-b9fb-af91dee18c10 - - - - - -] Creating instance of TrackedResource for resource:router
2026-04-09 14:03:38.490 7 INFO neutron.quota.resource_registry [None req-d05eb626-e428-447b-b9fb-af91dee18c10 - - - - - -] Creating instance of TrackedResource for resource:floatingip
2026-04-09 14:03:38.495 7 INFO neutron.quota.resource_registry [None req-d05eb626-e428-447b-b9fb-af91dee18c10 - - - - - -] Creating instance of CountableResource for resource:rbac_policy
2026-04-09 14:03:38.496 7 INFO neutron.quota.resource_registry [None req-d05eb626-e428-447b-b9fb-af91dee18c10 - - - - - -] Creating instance of TrackedResource for resource:security_group
2026-04-09 14:03:38.496 7 INFO neutron.quota.resource_registry [None req-d05eb626-e428-447b-b9fb-af91dee18c10 - - - - - -] Creating instance of TrackedResource for resource:security_group_rule
2026-04-09 14:03:38.497 7 INFO neutron.quota.resource_registry [None req-d05eb626-e428-447b-b9fb-af91dee18c10 - - - - - -] Creating instance of TrackedResource for resource:subnetpool
2026-04-09 14:03:38.497 7 WARNING neutron.quota.resource_registry [None req-d05eb626-e428-447b-b9fb-af91dee18c10 - - - - - -] subnetpool is already registered
2026-04-09 14:03:38.498 7 INFO neutron.quota.resource_registry [None req-d05eb626-e428-447b-b9fb-af91dee18c10 - - - - - -] Creating instance of CountableResource for resource:trunk
2026-04-09 14:03:38.498 7 INFO neutron.quota.resource_registry [None req-d05eb626-e428-447b-b9fb-af91dee18c10 - - - - - -] Creating instance of CountableResource for resource:ikepolicy
2026-04-09 14:03:38.499 7 INFO neutron.quota.resource_registry [None req-d05eb626-e428-447b-b9fb-af91dee18c10 - - - - - -] Creating instance of CountableResource for resource:ipsecpolicy
2026-04-09 14:03:38.499 8 WARNING keystonemiddleware._common.config [None req-fc19c857-fb59-4038-a89f-eb5419414ec3 - - - - - -] The option "audit_map_file" is not known to keystonemiddleware
2026-04-09 14:03:38.499 7 INFO neutron.quota.resource_registry [None req-d05eb626-e428-447b-b9fb-af91dee18c10 - - - - - -] Creating instance of CountableResource for resource:endpoint_group
2026-04-09 14:03:38.499 7 INFO neutron.quota.resource_registry [None req-d05eb626-e428-447b-b9fb-af91dee18c10 - - - - - -] Creating instance of CountableResource for resource:vpnservice
2026-04-09 14:03:38.500 7 INFO neutron.quota.resource_registry [None req-d05eb626-e428-447b-b9fb-af91dee18c10 - - - - - -] Creating instance of CountableResource for resource:ipsec_site_connection
2026-04-09 14:03:38.500 7 INFO neutron.quota.resource_registry [None req-d05eb626-e428-447b-b9fb-af91dee18c10 - - - - - -] Creating instance of CountableResource for resource:ipsecpolicy
2026-04-09 14:03:38.500 7 WARNING neutron.quota.resource_registry [None req-d05eb626-e428-447b-b9fb-af91dee18c10 - - - - - -] ipsecpolicy is already registered
2026-04-09 14:03:38.501 7 INFO neutron.quota.resource_registry [None req-d05eb626-e428-447b-b9fb-af91dee18c10 - - - - - -] Creating instance of CountableResource for resource:ikepolicy
2026-04-09 14:03:38.501 7 WARNING neutron.quota.resource_registry [None req-d05eb626-e428-447b-b9fb-af91dee18c10 - - - - - -] ikepolicy is already registered
2026-04-09 14:03:38.505 7 INFO neutron.quota.resource_registry [None req-d05eb626-e428-447b-b9fb-af91dee18c10 - - - - - -] Creating instance of TrackedResource for resource:router
2026-04-09 14:03:38.505 7 WARNING neutron.quota.resource_registry [None req-d05eb626-e428-447b-b9fb-af91dee18c10 - - - - - -] router is already registered
2026-04-09 14:03:38.505 8 WARNING oslo_config.cfg [None req-fc19c857-fb59-4038-a89f-eb5419414ec3 - - - - - -] Deprecated: Option "auth_uri" from group "keystone_authtoken" is deprecated. Use option "www_authenticate_uri" from group "keystone_authtoken".
2026-04-09 14:03:38.506 7 INFO neutron.quota.resource_registry [None req-d05eb626-e428-447b-b9fb-af91dee18c10 - - - - - -] Creating instance of TrackedResource for resource:floatingip
2026-04-09 14:03:38.506 7 WARNING neutron.quota.resource_registry [None req-d05eb626-e428-447b-b9fb-af91dee18c10 - - - - - -] floatingip is already registered
2026-04-09 14:03:38.510 7 INFO neutron.quota.resource_registry [None req-d05eb626-e428-447b-b9fb-af91dee18c10 - - - - - -] Creating instance of CountableResource for resource:rbac_policy
2026-04-09 14:03:38.511 7 WARNING neutron.quota.resource_registry [None req-d05eb626-e428-447b-b9fb-af91dee18c10 - - - - - -] rbac_policy is already registered
2026-04-09 14:03:38.511 7 INFO neutron.quota.resource_registry [None req-d05eb626-e428-447b-b9fb-af91dee18c10 - - - - - -] Creating instance of TrackedResource for resource:security_group
2026-04-09 14:03:38.511 7 WARNING neutron.quota.resource_registry [None req-d05eb626-e428-447b-b9fb-af91dee18c10 - - - - - -] security_group is already registered
2026-04-09 14:03:38.512 7 INFO neutron.quota.resource_registry [None req-d05eb626-e428-447b-b9fb-af91dee18c10 - - - - - -] Creating instance of TrackedResource for resource:security_group_rule
2026-04-09 14:03:38.512 7 WARNING neutron.quota.resource_registry [None req-d05eb626-e428-447b-b9fb-af91dee18c10 - - - - - -] security_group_rule is already registered
2026-04-09 14:03:38.513 7 INFO neutron.quota.resource_registry [None req-d05eb626-e428-447b-b9fb-af91dee18c10 - - - - - -] Creating instance of TrackedResource for resource:subnetpool
2026-04-09 14:03:38.513 7 WARNING neutron.quota.resource_registry [None req-d05eb626-e428-447b-b9fb-af91dee18c10 - - - - - -] subnetpool is already registered
2026-04-09 14:03:38.513 7 INFO neutron.quota.resource_registry [None req-d05eb626-e428-447b-b9fb-af91dee18c10 - - - - - -] Creating instance of CountableResource for resource:trunk
2026-04-09 14:03:38.513 7 WARNING neutron.quota.resource_registry [None req-d05eb626-e428-447b-b9fb-af91dee18c10 - - - - - -] trunk is already registered
2026-04-09 14:03:38.514 7 INFO neutron.quota.resource_registry [None req-d05eb626-e428-447b-b9fb-af91dee18c10 - - - - - -] Creating instance of CountableResource for resource:ikepolicy
2026-04-09 14:03:38.514 7 WARNING neutron.quota.resource_registry [None req-d05eb626-e428-447b-b9fb-af91dee18c10 - - - - - -] ikepolicy is already registered
2026-04-09 14:03:38.514 7 INFO neutron.quota.resource_registry [None req-d05eb626-e428-447b-b9fb-af91dee18c10 - - - - - -] Creating instance of CountableResource for resource:ipsecpolicy
2026-04-09 14:03:38.514 7 WARNING neutron.quota.resource_registry [None req-d05eb626-e428-447b-b9fb-af91dee18c10 - - - - - -] ipsecpolicy is already registered
2026-04-09 14:03:38.515 7 INFO neutron.quota.resource_registry [None req-d05eb626-e428-447b-b9fb-af91dee18c10 - - - - - -] Creating instance of CountableResource for resource:endpoint_group
2026-04-09 14:03:38.515 7 WARNING neutron.quota.resource_registry [None req-d05eb626-e428-447b-b9fb-af91dee18c10 - - - - - -] endpoint_group is already registered
2026-04-09 14:03:38.515 7 INFO neutron.quota.resource_registry [None req-d05eb626-e428-447b-b9fb-af91dee18c10 - - - - - -] Creating instance of CountableResource for resource:vpnservice
2026-04-09 14:03:38.515 7 WARNING neutron.quota.resource_registry [None req-d05eb626-e428-447b-b9fb-af91dee18c10 - - - - - -] vpnservice is already registered
2026-04-09 14:03:38.517 7 INFO neutron.quota.resource_registry [None req-d05eb626-e428-447b-b9fb-af91dee18c10 - - - - - -] Creating instance of CountableResource for resource:ipsec_site_connection
2026-04-09 14:03:38.517 7 WARNING neutron.quota.resource_registry [None req-d05eb626-e428-447b-b9fb-af91dee18c10 - - - - - -] ipsec_site_connection is already registered
2026-04-09 14:03:38.518 7 INFO neutron.quota.resource_registry [None req-d05eb626-e428-447b-b9fb-af91dee18c10 - - - - - -] Creating instance of CountableResource for resource:ipsecpolicy
2026-04-09 14:03:38.519 7 WARNING neutron.quota.resource_registry [None req-d05eb626-e428-447b-b9fb-af91dee18c10 - - - - - -] ipsecpolicy is already registered
2026-04-09 14:03:38.520 7 INFO neutron.quota.resource_registry [None req-d05eb626-e428-447b-b9fb-af91dee18c10 - - - - - -] Creating instance of CountableResource for resource:ikepolicy
2026-04-09 14:03:38.521 7 WARNING neutron.quota.resource_registry [None req-d05eb626-e428-447b-b9fb-af91dee18c10 - - - - - -] ikepolicy is already registered
2026-04-09 14:03:38.529 8 WARNING neutron.plugins.ml2.drivers.ovn.mech_driver.mech_driver [None req-fc19c857-fb59-4038-a89f-eb5419414ec3 - - - - - -] uWSGI must provide a start time using the configuration parameter "start-time %t" in the configuration file
2026-04-09 14:03:38.544 8 INFO neutron.db.ovn_hash_ring_db [None req-fc19c857-fb59-4038-a89f-eb5419414ec3 - - - - - -] Nodes from host "neutron-server-7d7c4c6864-jpdk7" and group "mechanism_driver" removed from the Hash Ring created at
2026-04-09 14:03:38+00:00
2026-04-09 14:03:38.546 8 INFO neutron.db.ovn_hash_ring_db [None req-fc19c857-fb59-4038-a89f-eb5419414ec3 - - - - - -] Node b31e03cd2e2b50f8a57dbc8dd4b9afe5 from host "neutron-server-7d7c4c6864-jpdk7" and group "mechanism_driver" added to the Hash Ring
2026-04-09 14:03:38.555 8 INFO neutron.plugins.ml2.drivers.ovn.mech_driver.mech_driver [None req-fc19c857-fb59-4038-a89f-eb5419414ec3 - - - - - -] Hash Ring probing thread for node b31e03cd2e2b50f8a57dbc8dd4b9afe5 has started
2026-04-09 14:03:38.556 8 INFO neutron.plugins.ml2.drivers.ovn.mech_driver.ovsdb.impl_idl_ovn [None req-fc19c857-fb59-4038-a89f-eb5419414ec3 - - - - - -] Getting OvsdbNbOvnIdl for WorkerService with retry
2026-04-09 14:03:38.562 7 WARNING keystonemiddleware._common.config [None req-d05eb626-e428-447b-b9fb-af91dee18c10 - - - - - -] The option "audit_map_file" is not known to keystonemiddleware
2026-04-09 14:03:38.569 7 WARNING oslo_config.cfg [None req-d05eb626-e428-447b-b9fb-af91dee18c10 - - - - - -] Deprecated: Option "auth_uri" from group "keystone_authtoken" is deprecated. Use option "www_authenticate_uri" from group "keystone_authtoken".
2026-04-09 14:03:38.588 8 INFO ovsdbapp.backend.ovs_idl.vlog [None req-fc19c857-fb59-4038-a89f-eb5419414ec3 - - - - - -] tcp:10.96.19.143:6641: connecting...
2026-04-09 14:03:38.588 8 INFO ovsdbapp.backend.ovs_idl.vlog [None req-fc19c857-fb59-4038-a89f-eb5419414ec3 - - - - - -] tcp:10.96.19.143:6641: connected
2026-04-09 14:03:38.593 7 WARNING neutron.plugins.ml2.drivers.ovn.mech_driver.mech_driver [None req-d05eb626-e428-447b-b9fb-af91dee18c10 - - - - - -] uWSGI must provide a start time using the configuration parameter "start-time %t" in the configuration file
2026-04-09 14:03:38.608 7 INFO neutron.db.ovn_hash_ring_db [None req-d05eb626-e428-447b-b9fb-af91dee18c10 - - - - - -] Nodes from host "neutron-server-7d7c4c6864-jpdk7" and group "mechanism_driver" removed from the Hash Ring created at
2026-04-09 14:03:38+00:00
2026-04-09 14:03:38.610 7 INFO neutron.db.ovn_hash_ring_db [None req-d05eb626-e428-447b-b9fb-af91dee18c10 - - - - - -] Node a29ee9361e6253478c6a0dee06858fb3 from host "neutron-server-7d7c4c6864-jpdk7" and group "mechanism_driver" added to the Hash Ring
2026-04-09 14:03:38.618 7 INFO neutron.plugins.ml2.drivers.ovn.mech_driver.mech_driver [None req-d05eb626-e428-447b-b9fb-af91dee18c10 - - - - - -] Hash Ring probing thread for node a29ee9361e6253478c6a0dee06858fb3 has started
2026-04-09 14:03:38.619 7 INFO neutron.plugins.ml2.drivers.ovn.mech_driver.ovsdb.impl_idl_ovn [None req-d05eb626-e428-447b-b9fb-af91dee18c10 - - - - - -] Getting OvsdbNbOvnIdl for WorkerService with retry
2026-04-09 14:03:38.633 8 INFO neutron.plugins.ml2.drivers.ovn.mech_driver.ovsdb.impl_idl_ovn [None req-fc19c857-fb59-4038-a89f-eb5419414ec3 - - - - - -] Getting OvsdbSbOvnIdl for WorkerService with retry
2026-04-09 14:03:38.649 7 INFO ovsdbapp.backend.ovs_idl.vlog [None req-d05eb626-e428-447b-b9fb-af91dee18c10 - - - - - -] tcp:10.96.19.143:6641: connecting...
2026-04-09 14:03:38.649 7 INFO ovsdbapp.backend.ovs_idl.vlog [None req-d05eb626-e428-447b-b9fb-af91dee18c10 - - - - - -] tcp:10.96.19.143:6641: connected
2026-04-09 14:03:38.655 8 INFO ovsdbapp.backend.ovs_idl.vlog [None req-fc19c857-fb59-4038-a89f-eb5419414ec3 - - - - - -] tcp:10.104.130.116:6642: connecting...
2026-04-09 14:03:38.655 8 INFO ovsdbapp.backend.ovs_idl.vlog [None req-fc19c857-fb59-4038-a89f-eb5419414ec3 - - - - - -] tcp:10.104.130.116:6642: connected
2026-04-09 14:03:38.681 7 INFO neutron.plugins.ml2.drivers.ovn.mech_driver.ovsdb.impl_idl_ovn [None req-d05eb626-e428-447b-b9fb-af91dee18c10 - - - - - -] Getting OvsdbSbOvnIdl for WorkerService with retry
2026-04-09 14:03:38.685 8 INFO neutron.plugins.ml2.drivers.ovn.mech_driver.mech_driver [None req-fc19c857-fb59-4038-a89f-eb5419414ec3 - - - - - -] WorkerService process has finished the post initialization
2026-04-09 14:03:38.699 7 INFO ovsdbapp.backend.ovs_idl.vlog [None req-d05eb626-e428-447b-b9fb-af91dee18c10 - - - - - -] tcp:10.104.130.116:6642: connecting...
2026-04-09 14:03:38.699 7 INFO ovsdbapp.backend.ovs_idl.vlog [None req-d05eb626-e428-447b-b9fb-af91dee18c10 - - - - - -] tcp:10.104.130.116:6642: connected
2026-04-09 14:03:38.707 8 INFO ovsdbapp.backend.ovs_idl.vlog [None req-fc19c857-fb59-4038-a89f-eb5419414ec3 - - - - - -] tcp:10.96.19.143:6641: connecting...
2026-04-09 14:03:38.707 8 INFO ovsdbapp.backend.ovs_idl.vlog [None req-fc19c857-fb59-4038-a89f-eb5419414ec3 - - - - - -] tcp:10.96.19.143:6641: connected
2026-04-09 14:03:38.728 7 INFO neutron.plugins.ml2.drivers.ovn.mech_driver.mech_driver [None req-d05eb626-e428-447b-b9fb-af91dee18c10 - - - - - -] WorkerService process has finished the post initialization
2026-04-09 14:03:38.729 7 INFO neutron.plugins.ml2.drivers.ovn.mech_driver.ovsdb.extensions.qos [-] Starting OVNClientQosExtension
2026-04-09 14:03:38.729 7 INFO neutron.plugins.ml2.drivers.ovn.mech_driver.ovsdb.extensions.placement [-] Starting OVNClientPlacementExtension
2026-04-09 14:03:38.744 8 INFO ovsdbapp.backend.ovs_idl.vlog [None req-fc19c857-fb59-4038-a89f-eb5419414ec3 - - - - - -] tcp:10.96.19.143:6641: connecting...
2026-04-09 14:03:38.744 8 INFO ovsdbapp.backend.ovs_idl.vlog [None req-fc19c857-fb59-4038-a89f-eb5419414ec3 - - - - - -] tcp:10.96.19.143:6641: connected
2026-04-09 14:03:38.750 7 INFO ovsdbapp.backend.ovs_idl.vlog [None req-d05eb626-e428-447b-b9fb-af91dee18c10 - - - - - -] tcp:10.96.19.143:6641: connecting...
2026-04-09 14:03:38.750 7 INFO ovsdbapp.backend.ovs_idl.vlog [None req-d05eb626-e428-447b-b9fb-af91dee18c10 - - - - - -] tcp:10.96.19.143:6641: connected WSGI app 0 (mountpoint='') ready in 9 seconds on interpreter 0x7f6eda208668 pid: 8 (default app)
2026-04-09 14:03:38.798 7 INFO ovsdbapp.backend.ovs_idl.vlog [None req-d05eb626-e428-447b-b9fb-af91dee18c10 - - - - - -] tcp:10.96.19.143:6641: connecting...
2026-04-09 14:03:38.799 7 INFO ovsdbapp.backend.ovs_idl.vlog [None req-d05eb626-e428-447b-b9fb-af91dee18c10 - - - - - -] tcp:10.96.19.143:6641: connected WSGI app 0 (mountpoint='') ready in 9 seconds on interpreter 0x7f6eda208668 pid: 7 (default app) /var/lib/openstack/lib/python3.12/site-packages/pycadf/identifier.py:70: UserWarning: Invalid uuid: unknown. To ensure interoperability, identifiers should be a valid uuid. warnings.warn(('Invalid uuid: %s. To ensure interoperability, '
2026-04-09 14:03:46.220 7 INFO neutron.pecan_wsgi.hooks.translation [None req-011f7aad-527b-4870-83d5-ce6e5eb8b0a5 6fb39f4f288d45b1ae39ead7376d25f3 81c8f533d98540888792ff490618b1bd - - default default] GET failed (client error): The resource could not be found. [pid: 7|app: 0|req: 1/4] 199.19.213.24 () {44 vars in 923 bytes} [Thu Apr 9 14:03:45 2026] GET /v2.0/networks/public => generated 108 bytes in 837 msecs (HTTP/1.1 404) 4 headers in 164 bytes (1 switches on core 0) /var/lib/openstack/lib/python3.12/site-packages/pycadf/identifier.py:70: UserWarning: Invalid uuid: unknown. To ensure interoperability, identifiers should be a valid uuid. warnings.warn(('Invalid uuid: %s. To ensure interoperability, ' [pid: 8|app: 0|req: 4/5] 199.19.213.24 () {44 vars in 945 bytes} [Thu Apr 9 14:03:46 2026] GET /v2.0/networks?name=public => generated 15 bytes in 389 msecs (HTTP/1.1 200) 4 headers in 156 bytes (1 switches on core 0)
2026-04-09 14:03:46.975 7 INFO neutron.db.ovn_revision_numbers_db [None req-0d97201d-e4c9-4bd7-866e-2697a1d22997 6fb39f4f288d45b1ae39ead7376d25f3 81c8f533d98540888792ff490618b1bd - - default default] Successfully bumped revision number for resource c1955af6-da72-4e2e-9f2b-6c14d84f4a0f (type: security_groups) to 1
2026-04-09 14:03:46.996 7 INFO neutron.db.ovn_revision_numbers_db [None req-0d97201d-e4c9-4bd7-866e-2697a1d22997 6fb39f4f288d45b1ae39ead7376d25f3 81c8f533d98540888792ff490618b1bd - - default default] Successfully bumped revision number for resource 7116d0aa-ce55-4cc0-997e-8c6276204d29 (type: security_group_rules) to 0
2026-04-09 14:03:47.008 7 INFO neutron.db.ovn_revision_numbers_db [None req-0d97201d-e4c9-4bd7-866e-2697a1d22997 6fb39f4f288d45b1ae39ead7376d25f3 81c8f533d98540888792ff490618b1bd - - default default] Successfully bumped revision number for resource 9a5abb7b-34ae-4bba-943b-be96dc4a201d (type: security_group_rules) to 0
2026-04-09 14:03:47.018 7 INFO neutron.db.ovn_revision_numbers_db [None req-0d97201d-e4c9-4bd7-866e-2697a1d22997 6fb39f4f288d45b1ae39ead7376d25f3 81c8f533d98540888792ff490618b1bd - - default default] Successfully bumped revision number for resource c777727f-2b5f-45a4-954c-490822aef043 (type: security_group_rules) to 0
2026-04-09 14:03:47.029 7 INFO neutron.db.ovn_revision_numbers_db [None req-0d97201d-e4c9-4bd7-866e-2697a1d22997 6fb39f4f288d45b1ae39ead7376d25f3 81c8f533d98540888792ff490618b1bd - - default default] Successfully bumped revision number for resource f7e88a0e-19f9-4919-8464-4ea5a4430a69 (type: security_group_rules) to 0
2026-04-09 14:03:47.113 7 WARNING neutron.services.revisions.revision_plugin [None req-0d97201d-e4c9-4bd7-866e-2697a1d22997 6fb39f4f288d45b1ae39ead7376d25f3 81c8f533d98540888792ff490618b1bd - - default default] Could not find related network for resource to bump revision.
2026-04-09 14:03:47.140 7 INFO neutron.db.segments_db [None req-0d97201d-e4c9-4bd7-866e-2697a1d22997 6fb39f4f288d45b1ae39ead7376d25f3 81c8f533d98540888792ff490618b1bd - - default default] Added segment 88b28c76-a3c7-479f-864c-fc8cb6f95d4b of type flat for network 475a48af-f357-43eb-af46-c9a9637517a3
2026-04-09 14:03:47.279 7 INFO neutron.plugins.ml2.drivers.ovn.mech_driver.mech_driver [-] OVN reports status down for port: provnet-88b28c76-a3c7-479f-864c-fc8cb6f95d4b
2026-04-09 14:03:47.346 7 INFO neutron.db.ovn_revision_numbers_db [None req-0d97201d-e4c9-4bd7-866e-2697a1d22997 6fb39f4f288d45b1ae39ead7376d25f3 81c8f533d98540888792ff490618b1bd - - default default] Successfully bumped revision number for resource 475a48af-f357-43eb-af46-c9a9637517a3 (type: networks) to 1
2026-04-09 14:03:47.599 7 WARNING neutron.scheduler.dhcp_agent_scheduler [None req-0d97201d-e4c9-4bd7-866e-2697a1d22997 6fb39f4f288d45b1ae39ead7376d25f3 81c8f533d98540888792ff490618b1bd - - default default] No more DHCP agents
2026-04-09 14:03:47.600 7 WARNING neutron.api.rpc.agentnotifiers.dhcp_rpc_agent_api [None req-0d97201d-e4c9-4bd7-866e-2697a1d22997 6fb39f4f288d45b1ae39ead7376d25f3 81c8f533d98540888792ff490618b1bd - - default default] Unable to schedule network 475a48af-f357-43eb-af46-c9a9637517a3: no agents available; will retry on subsequent port and subnet creation events.
2026-04-09 14:03:47.885 7 INFO neutron.plugins.ml2.drivers.ovn.mech_driver.mech_driver [None req-060e0e0b-6ccd-41ee-b684-8edf548a8b53 - - - - - -] OVN reports status down for port: aacdaf31-059c-4f3f-bd99-9ddcacaeb68e
2026-04-09 14:03:47.980 7 INFO neutron.db.ovn_revision_numbers_db [None req-0d97201d-e4c9-4bd7-866e-2697a1d22997 6fb39f4f288d45b1ae39ead7376d25f3 81c8f533d98540888792ff490618b1bd - - default default] Successfully bumped revision number for resource aacdaf31-059c-4f3f-bd99-9ddcacaeb68e (type: ports) to 1 [pid: 7|app: 0|req: 2/6] 199.19.213.24 () {48 vars in 963 bytes} [Thu Apr 9 14:03:46 2026] POST /v2.0/networks => generated 744 bytes in 1438 msecs (HTTP/1.1 201) 4 headers in 162 bytes (1 switches on core 0)
2026-04-09 14:03:49.529 8 INFO neutron.pecan_wsgi.hooks.translation [None req-35b033c4-61b0-4ed2-a515-36f3a64996bc 6fb39f4f288d45b1ae39ead7376d25f3 81c8f533d98540888792ff490618b1bd - - default default] GET failed (client error): The resource could not be found. [pid: 8|app: 0|req: 5/7] 199.19.213.24 () {44 vars in 923 bytes} [Thu Apr 9 14:03:49 2026] GET /v2.0/networks/public => generated 108 bytes in 369 msecs (HTTP/1.1 404) 4 headers in 164 bytes (1 switches on core 0) [pid: 7|app: 0|req: 3/8] 199.19.213.24 () {44 vars in 945 bytes} [Thu Apr 9 14:03:49 2026] GET /v2.0/networks?name=public => generated 753 bytes in 35 msecs (HTTP/1.1 200) 4 headers in 157 bytes (1 switches on core 0)
2026-04-09 14:03:49.604 8 INFO neutron.pecan_wsgi.hooks.translation [None req-50302c3b-99a9-429c-b23e-eee079cd5997 6fb39f4f288d45b1ae39ead7376d25f3 81c8f533d98540888792ff490618b1bd - - default default] GET failed (client error): The resource could not be found. [pid: 8|app: 0|req: 6/9] 199.19.213.24 () {44 vars in 1030 bytes} [Thu Apr 9 14:03:49 2026] GET /v2.0/subnets/public-subnet?network_id=475a48af-f357-43eb-af46-c9a9637517a3 => generated 113 bytes in 25 msecs (HTTP/1.1 404) 4 headers in 164 bytes (1 switches on core 0) [pid: 7|app: 0|req: 4/10] 199.19.213.24 () {44 vars in 1053 bytes} [Thu Apr 9 14:03:49 2026] GET /v2.0/subnets?name=public-subnet&network_id=475a48af-f357-43eb-af46-c9a9637517a3 => generated 14 bytes in 25 msecs (HTTP/1.1 200) 4 headers in 156 bytes (1 switches on core 0)
2026-04-09 14:03:50.083 8 WARNING neutron.scheduler.dhcp_agent_scheduler [None req-46f8ce3b-bb36-4d2e-8d6a-362be347f278 6fb39f4f288d45b1ae39ead7376d25f3 81c8f533d98540888792ff490618b1bd - - default default] No more DHCP agents
2026-04-09 14:03:50.085 8 WARNING neutron.api.rpc.agentnotifiers.dhcp_rpc_agent_api [None req-46f8ce3b-bb36-4d2e-8d6a-362be347f278 6fb39f4f288d45b1ae39ead7376d25f3 81c8f533d98540888792ff490618b1bd - - default default] Unable to schedule network 475a48af-f357-43eb-af46-c9a9637517a3: no agents available; will retry on subsequent port and subnet creation events.
2026-04-09 14:03:50.085 8 INFO neutron.plugins.ml2.drivers.ovn.mech_driver.ovsdb.extensions.qos [None req-46f8ce3b-bb36-4d2e-8d6a-362be347f278 6fb39f4f288d45b1ae39ead7376d25f3 81c8f533d98540888792ff490618b1bd - - default default] Starting OVNClientQosExtension
2026-04-09 14:03:50.085 8 INFO neutron.plugins.ml2.drivers.ovn.mech_driver.ovsdb.extensions.placement [None req-46f8ce3b-bb36-4d2e-8d6a-362be347f278 6fb39f4f288d45b1ae39ead7376d25f3 81c8f533d98540888792ff490618b1bd - - default default] Starting OVNClientPlacementExtension
2026-04-09 14:03:50.841 8 INFO neutron.db.ovn_revision_numbers_db [None req-e0273cd5-0b42-40b5-aab7-551e352daa77 - - - - - -] Successfully bumped revision number for resource aacdaf31-059c-4f3f-bd99-9ddcacaeb68e (type: ports) to 2
2026-04-09 14:03:50.885 8 INFO neutron.db.ovn_revision_numbers_db [None req-e0273cd5-0b42-40b5-aab7-551e352daa77 - - - - - -] Successfully bumped revision number for resource 4b7c3381-1808-41e5-a24f-d4b14d46578c (type: subnets) to 0 [pid: 8|app: 0|req: 7/11] 199.19.213.24 () {48 vars in 961 bytes} [Thu Apr 9 14:03:49 2026] POST /v2.0/subnets => generated 664 bytes in 1269 msecs (HTTP/1.1 201) 4 headers in 162 bytes (1 switches on core 0)
2026-04-09 14:08:51.933 7 INFO neutron.pecan_wsgi.hooks.translation [None req-08b64871-2281-4fc1-9623-860be57d503b 6fb39f4f288d45b1ae39ead7376d25f3 81c8f533d98540888792ff490618b1bd - - default default] GET failed (client error): The resource could not be found. [pid: 7|app: 0|req: 24/49] 199.19.213.24 () {44 vars in 933 bytes} [Thu Apr 9 14:08:51 2026] GET /v2.0/networks/lb-mgmt-net => generated 113 bytes in 114 msecs (HTTP/1.1 404) 4 headers in 164 bytes (1 switches on core 0) [pid: 8|app: 0|req: 26/50] 199.19.213.24 () {44 vars in 955 bytes} [Thu Apr 9 14:08:51 2026] GET /v2.0/networks?name=lb-mgmt-net => generated 15 bytes in 17 msecs (HTTP/1.1 200) 4 headers in 156 bytes (1 switches on core 0)
2026-04-09 14:08:52.054 7 INFO neutron.db.segments_db [None req-5bfad1f2-e12e-45d7-aa47-413e1d25b50c 6fb39f4f288d45b1ae39ead7376d25f3 81c8f533d98540888792ff490618b1bd - - default default] Added segment d143181b-f94f-4f09-8c38-79d032e3776d of type geneve for network d7f901a8-df92-4195-9b4f-212e2f8195b8
2026-04-09 14:08:52.193 7 INFO neutron.db.ovn_revision_numbers_db [None req-5bfad1f2-e12e-45d7-aa47-413e1d25b50c 6fb39f4f288d45b1ae39ead7376d25f3 81c8f533d98540888792ff490618b1bd - - default default] Successfully bumped revision number for resource d7f901a8-df92-4195-9b4f-212e2f8195b8 (type: networks) to 1
2026-04-09 14:08:52.358 7 WARNING neutron.scheduler.dhcp_agent_scheduler [None req-5bfad1f2-e12e-45d7-aa47-413e1d25b50c 6fb39f4f288d45b1ae39ead7376d25f3 81c8f533d98540888792ff490618b1bd - - default default] No more DHCP agents
