2026-04-09 14:42:28.279 8 INFO neutron.db.ovn_revision_numbers_db [None req-6e6e7330-c7a3-46be-9644-0274004a04c6 59f7155fa17c4467ba5efc32589bd53f 36c8861937124a05a39ba1eeae6a3b37 - - default default] Successfully bumped revision number for resource 58a16848-f22a-4260-952f-b2e5f76b1078 (type: ports) to 1
2026-04-09 14:42:28.304 7 INFO neutron.services.segments.plugin [-] Segment bedf9e25-be6a-4be2-8bb6-cda196d65f4c resource provider not found; error: Placement Client Error (4xx): {"errors": [{"status": 404, "title": "Not Found", "detail": "The resource could not be found.\n\n No resource provider with uuid bedf9e25-be6a-4be2-8bb6-cda196d65f4c found for delete ", "request_id": "req-64876a9a-a4f5-42b8-ae5b-c47841aa90b3"}]}
2026-04-09 14:42:28.306 7 INFO neutron.services.segments.plugin [-] Segment bedf9e25-be6a-4be2-8bb6-cda196d65f4c resource provider not found; error: Placement Client Error (4xx): {"errors": [{"status": 404, "title": "Not Found", "detail": "The resource could not be found.\n\n No resource provider with uuid bedf9e25-be6a-4be2-8bb6-cda196d65f4c found for delete ", "request_id": "req-e93e28ec-079c-48f5-ba9a-d5d61ca91fe5"}]} [pid: 8|app: 0|req: 920/1833] 10.0.0.106 () {34 vars in 670 bytes} [Thu Apr 9 14:42:27 2026] POST /v2.0/networks => generated 669 bytes in 518 msecs (HTTP/1.1 201) 4 headers in 162 bytes (1 switches on core 0)
2026-04-09 14:42:28.312 7 INFO neutron.plugins.ml2.drivers.ovn.mech_driver.mech_driver [None req-64f4af3c-24df-40b3-9f9f-61524ac29f03 - - - - - -] OVN reports status down for port: 58a16848-f22a-4260-952f-b2e5f76b1078 [pid: 7|app: 0|req: 914/1834] 10.0.0.106 () {32 vars in 726 bytes} [Thu Apr 9 14:42:27 2026] DELETE /v2.0/networks/259f1aa3-dd34-4827-94db-fbceed5ce0b4 => generated 0 bytes in 621 msecs (HTTP/1.1 204) 3 headers in 131 bytes (1 switches on core 0)
2026-04-09 14:42:28.477 7 INFO neutron.db.segments_db [None req-0a1525f4-d98b-4ff0-aa7d-1f56aacd70c0 e8e375498b05475ea24d76e4e5c9a005 475e68611de1400ab97113a5c9d340ab - - default default] Added segment 8ef7e556-9895-4853-90a1-00a6c3d8caf5 of type geneve for network 2fea6e13-1bf7-4b4d-b9e5-77c0cd0f1db4
2026-04-09 14:42:28.574 7 INFO neutron.db.ovn_revision_numbers_db [None req-0a1525f4-d98b-4ff0-aa7d-1f56aacd70c0 e8e375498b05475ea24d76e4e5c9a005 475e68611de1400ab97113a5c9d340ab - - default default] Successfully bumped revision number for resource 2fea6e13-1bf7-4b4d-b9e5-77c0cd0f1db4 (type: networks) to 1
2026-04-09 14:42:28.576 8 INFO neutron.services.segments.plugin [-] Segment 52c84d31-3323-4001-8bc9-3d4fd9be96da resource provider aggregate not found
2026-04-09 14:42:28.595 8 INFO neutron.services.segments.plugin [-] Segment 52c84d31-3323-4001-8bc9-3d4fd9be96da resource provider not found; error: Placement Client Error (4xx): {"errors": [{"status": 404, "title": "Not Found", "detail": "The resource could not be found.\n\n No resource provider with uuid 52c84d31-3323-4001-8bc9-3d4fd9be96da found for delete ", "request_id": "req-5e7bc774-c5a8-4efb-be3d-8cf8a155ecf0"}]}
2026-04-09 14:42:28.602 8 INFO neutron.services.segments.plugin [-] Segment 52c84d31-3323-4001-8bc9-3d4fd9be96da resource provider aggregate not found
2026-04-09 14:42:28.617 8 INFO neutron.services.segments.plugin [-] Segment 52c84d31-3323-4001-8bc9-3d4fd9be96da resource provider not found; error: Placement Client Error (4xx): {"errors": [{"status": 404, "title": "Not Found", "detail": "The resource could not be found.\n\n No resource provider with uuid 52c84d31-3323-4001-8bc9-3d4fd9be96da found for delete ", "request_id": "req-9d92bac2-2645-4a5c-a21e-c17a527c1f81"}]}
2026-04-09 14:42:28.718 7 WARNING neutron.scheduler.dhcp_agent_scheduler [None req-0a1525f4-d98b-4ff0-aa7d-1f56aacd70c0 e8e375498b05475ea24d76e4e5c9a005 475e68611de1400ab97113a5c9d340ab - - default default] No more DHCP agents
2026-04-09 14:42:28.720 7 WARNING neutron.api.rpc.agentnotifiers.dhcp_rpc_agent_api [None req-0a1525f4-d98b-4ff0-aa7d-1f56aacd70c0 e8e375498b05475ea24d76e4e5c9a005 475e68611de1400ab97113a5c9d340ab - - default default] Unable to schedule network 2fea6e13-1bf7-4b4d-b9e5-77c0cd0f1db4: no agents available; will retry on subsequent port and subnet creation events.
2026-04-09 14:42:28.727 8 WARNING neutron.scheduler.dhcp_agent_scheduler [None req-836c4c7e-1cfb-4737-9fe8-601261951beb 59f7155fa17c4467ba5efc32589bd53f 36c8861937124a05a39ba1eeae6a3b37 - - default default] No more DHCP agents
2026-04-09 14:42:28.728 8 WARNING neutron.api.rpc.agentnotifiers.dhcp_rpc_agent_api [None req-836c4c7e-1cfb-4737-9fe8-601261951beb 59f7155fa17c4467ba5efc32589bd53f 36c8861937124a05a39ba1eeae6a3b37 - - default default] Unable to schedule network 78f83f25-936e-46fc-8afc-72ef7362c684: no agents available; will retry on subsequent port and subnet creation events.
2026-04-09 14:42:28.777 7 INFO neutron.plugins.ml2.drivers.ovn.mech_driver.mech_driver [None req-64f4af3c-24df-40b3-9f9f-61524ac29f03 - - - - - -] OVN reports status down for port: fa0dda14-9c24-41b3-b0bd-efa72d924017
2026-04-09 14:42:28.800 8 INFO neutron.plugins.ml2.drivers.ovn.mech_driver.mech_driver [None req-b90810d3-3ad9-475b-9e05-966fc72f280a - - - - - -] OVN reports status down for port: d675c7ce-f092-4348-ac2e-20c43044827f
2026-04-09 14:42:28.856 7 INFO neutron.db.ovn_revision_numbers_db [None req-0a1525f4-d98b-4ff0-aa7d-1f56aacd70c0 e8e375498b05475ea24d76e4e5c9a005 475e68611de1400ab97113a5c9d340ab - - default default] Successfully bumped revision number for resource fa0dda14-9c24-41b3-b0bd-efa72d924017 (type: ports) to 1
2026-04-09 14:42:28.880 8 INFO neutron.db.ovn_revision_numbers_db [None req-836c4c7e-1cfb-4737-9fe8-601261951beb 59f7155fa17c4467ba5efc32589bd53f 36c8861937124a05a39ba1eeae6a3b37 - - default default] Successfully bumped revision number for resource d675c7ce-f092-4348-ac2e-20c43044827f (type: ports) to 1 [pid: 7|app: 0|req: 915/1835] 10.0.0.106 () {34 vars in 670 bytes} [Thu Apr 9 14:42:28 2026] POST /v2.0/networks => generated 749 bytes in 505 msecs (HTTP/1.1 201) 4 headers in 162 bytes (1 switches on core 0)
2026-04-09 14:42:28.938 8 WARNING neutron.scheduler.dhcp_agent_scheduler [None req-836c4c7e-1cfb-4737-9fe8-601261951beb 59f7155fa17c4467ba5efc32589bd53f 36c8861937124a05a39ba1eeae6a3b37 - - default default] No more DHCP agents [pid: 7|app: 0|req: 916/1836] 10.0.0.79 () {34 vars in 989 bytes} [Thu Apr 9 14:42:28 2026] GET /v2.0/ports?device_id=a2cd0d0b-0fd0-4228-b68e-6bf2d699232a => generated 973 bytes in 51 msecs (HTTP/1.1 200) 4 headers in 157 bytes (1 switches on core 0)
2026-04-09 14:42:28.939 8 WARNING neutron.api.rpc.agentnotifiers.dhcp_rpc_agent_api [None req-836c4c7e-1cfb-4737-9fe8-601261951beb 59f7155fa17c4467ba5efc32589bd53f 36c8861937124a05a39ba1eeae6a3b37 - - default default] Unable to schedule network 7347dfe5-30ee-4562-9f7a-53e1491337b9: no agents available; will retry on subsequent port and subnet creation events.
2026-04-09 14:42:29.003 7 INFO neutron.plugins.ml2.drivers.ovn.mech_driver.mech_driver [None req-64f4af3c-24df-40b3-9f9f-61524ac29f03 - - - - - -] OVN reports status down for port: 691dee3e-cffb-4c9f-8bed-654a6d4f9c27
2026-04-09 14:42:29.010 8 INFO neutron.db.ovn_revision_numbers_db [None req-836c4c7e-1cfb-4737-9fe8-601261951beb 59f7155fa17c4467ba5efc32589bd53f 36c8861937124a05a39ba1eeae6a3b37 - - default default] Successfully bumped revision number for resource 691dee3e-cffb-4c9f-8bed-654a6d4f9c27 (type: ports) to 1 [pid: 8|app: 0|req: 921/1837] 10.0.0.106 () {34 vars in 665 bytes} [Thu Apr 9 14:42:28 2026] POST /v2.0/ports => generated 1506 bytes in 764 msecs (HTTP/1.1 201) 4 headers in 163 bytes (1 switches on core 0) /var/lib/openstack/lib/python3.12/site-packages/pycadf/identifier.py:70: UserWarning: Invalid uuid: neutron. To ensure interoperability, identifiers should be a valid uuid. warnings.warn(('Invalid uuid: %s. To ensure interoperability, ' [pid: 8|app: 0|req: 922/1838] 10.0.0.79 () {34 vars in 1039 bytes} [Thu Apr 9 14:42:29 2026] GET /v2.0/security-groups?id=a36c8ab9-034c-42ce-b2c3-49bc653ed48e&fields=id&fields=name => generated 88 bytes in 26 msecs (HTTP/1.1 200) 4 headers in 156 bytes (1 switches on core 0) [pid: 8|app: 0|req: 923/1839] 10.0.0.106 () {32 vars in 643 bytes} [Thu Apr 9 14:42:29 2026] GET /v2.0/ports => generated 3018 bytes in 40 msecs (HTTP/1.1 200) 4 headers in 158 bytes (1 switches on core 0)
2026-04-09 14:42:29.159 7 WARNING neutron.scheduler.dhcp_agent_scheduler [None req-3c03fb49-97ac-476b-978c-ed16518b2a93 e8e375498b05475ea24d76e4e5c9a005 475e68611de1400ab97113a5c9d340ab - - default default] No more DHCP agents
2026-04-09 14:42:29.162 7 WARNING neutron.api.rpc.agentnotifiers.dhcp_rpc_agent_api [None req-3c03fb49-97ac-476b-978c-ed16518b2a93 e8e375498b05475ea24d76e4e5c9a005 475e68611de1400ab97113a5c9d340ab - - default default] Unable to schedule network 2fea6e13-1bf7-4b4d-b9e5-77c0cd0f1db4: no agents available; will retry on subsequent port and subnet creation events.
2026-04-09 14:42:29.253 8 INFO neutron_taas.services.taas.taas_plugin [None req-5398e43d-29d6-48f1-a260-8639c71e858b 59f7155fa17c4467ba5efc32589bd53f 36c8861937124a05a39ba1eeae6a3b37 - - default default] TaaS: Handle Delete Port: d675c7ce-f092-4348-ac2e-20c43044827f
2026-04-09 14:42:29.255 8 INFO neutron_taas.services.taas.tap_mirror_plugin [None req-5398e43d-29d6-48f1-a260-8639c71e858b 59f7155fa17c4467ba5efc32589bd53f 36c8861937124a05a39ba1eeae6a3b37 - - default default] Tap Mirror: Handle Delete Port: d675c7ce-f092-4348-ac2e-20c43044827f [pid: 8|app: 0|req: 924/1840] 10.0.0.106 () {32 vars in 720 bytes} [Thu Apr 9 14:42:29 2026] DELETE /v2.0/ports/d675c7ce-f092-4348-ac2e-20c43044827f => generated 0 bytes in 195 msecs (HTTP/1.1 204) 3 headers in 131 bytes (1 switches on core 0)
2026-04-09 14:42:29.443 8 INFO neutron_taas.services.taas.taas_plugin [None req-f8feb630-42ad-4343-99a3-044fef1b2015 59f7155fa17c4467ba5efc32589bd53f 36c8861937124a05a39ba1eeae6a3b37 - - default default] TaaS: Handle Delete Port: 691dee3e-cffb-4c9f-8bed-654a6d4f9c27
2026-04-09 14:42:29.445 8 INFO neutron_taas.services.taas.tap_mirror_plugin [None req-f8feb630-42ad-4343-99a3-044fef1b2015 59f7155fa17c4467ba5efc32589bd53f 36c8861937124a05a39ba1eeae6a3b37 - - default default] Tap Mirror: Handle Delete Port: 691dee3e-cffb-4c9f-8bed-654a6d4f9c27 [pid: 8|app: 0|req: 925/1841] 10.0.0.106 () {32 vars in 720 bytes} [Thu Apr 9 14:42:29 2026] DELETE /v2.0/ports/691dee3e-cffb-4c9f-8bed-654a6d4f9c27 => generated 0 bytes in 233 msecs (HTTP/1.1 204) 3 headers in 131 bytes (1 switches on core 0) [pid: 8|app: 0|req: 926/1842] 10.0.0.106 () {32 vars in 643 bytes} [Thu Apr 9 14:42:29 2026] GET /v2.0/ports => generated 1523 bytes in 31 msecs (HTTP/1.1 200) 4 headers in 158 bytes (1 switches on core 0)
2026-04-09 14:42:29.709 8 INFO neutron.db.segments_db [None req-b7f96b39-98c1-4f8a-9bb9-0f3f383c45c8 59f7155fa17c4467ba5efc32589bd53f 36c8861937124a05a39ba1eeae6a3b37 - - default default] Added segment 2f590b03-776b-4ac7-8e05-44a431075c5c of type geneve for network 617abca6-347d-4752-ba99-b6d37a3414af
2026-04-09 14:42:29.825 8 INFO neutron.db.ovn_revision_numbers_db [None req-b7f96b39-98c1-4f8a-9bb9-0f3f383c45c8 59f7155fa17c4467ba5efc32589bd53f 36c8861937124a05a39ba1eeae6a3b37 - - default default] Successfully bumped revision number for resource 617abca6-347d-4752-ba99-b6d37a3414af (type: networks) to 1
2026-04-09 14:42:29.961 8 WARNING neutron.scheduler.dhcp_agent_scheduler [None req-b7f96b39-98c1-4f8a-9bb9-0f3f383c45c8 59f7155fa17c4467ba5efc32589bd53f 36c8861937124a05a39ba1eeae6a3b37 - - default default] No more DHCP agents
2026-04-09 14:42:29.963 8 WARNING neutron.api.rpc.agentnotifiers.dhcp_rpc_agent_api [None req-b7f96b39-98c1-4f8a-9bb9-0f3f383c45c8 59f7155fa17c4467ba5efc32589bd53f 36c8861937124a05a39ba1eeae6a3b37 - - default default] Unable to schedule network 617abca6-347d-4752-ba99-b6d37a3414af: no agents available; will retry on subsequent port and subnet creation events.
2026-04-09 14:42:30.015 8 INFO neutron.plugins.ml2.drivers.ovn.mech_driver.mech_driver [None req-b90810d3-3ad9-475b-9e05-966fc72f280a - - - - - -] OVN reports status down for port: fa3dc0ee-00a9-419a-b497-182fddbbb363
2026-04-09 14:42:30.065 7 INFO neutron.db.ovn_revision_numbers_db [None req-ee09ff96-136f-4e79-9063-580545cb614d - - - - - -] Successfully bumped revision number for resource fa0dda14-9c24-41b3-b0bd-efa72d924017 (type: ports) to 2
2026-04-09 14:42:30.078 8 INFO neutron.db.ovn_revision_numbers_db [None req-b7f96b39-98c1-4f8a-9bb9-0f3f383c45c8 59f7155fa17c4467ba5efc32589bd53f 36c8861937124a05a39ba1eeae6a3b37 - - default default] Successfully bumped revision number for resource fa3dc0ee-00a9-419a-b497-182fddbbb363 (type: ports) to 1
2026-04-09 14:42:30.123 7 INFO neutron.db.ovn_revision_numbers_db [None req-ee09ff96-136f-4e79-9063-580545cb614d - - - - - -] Successfully bumped revision number for resource 2d267f0e-393c-4ac2-b7a3-3803fd404a2c (type: subnets) to 0 [pid: 8|app: 0|req: 927/1843] 10.0.0.106 () {34 vars in 670 bytes} [Thu Apr 9 14:42:29 2026] POST /v2.0/networks => generated 668 bytes in 510 msecs (HTTP/1.1 201) 4 headers in 162 bytes (1 switches on core 0) [pid: 7|app: 0|req: 917/1844] 10.0.0.106 () {34 vars in 669 bytes} [Thu Apr 9 14:42:28 2026] POST /v2.0/subnets => generated 647 bytes in 1212 msecs (HTTP/1.1 201) 4 headers in 162 bytes (1 switches on core 0)
2026-04-09 14:42:30.159 7 WARNING neutron.api.v2.base [None req-ab45235e-cbb7-4fb0-b4c5-b9de22703e27 e8e375498b05475ea24d76e4e5c9a005 475e68611de1400ab97113a5c9d340ab - - default default] An exception happened while processing the request body. The exception message is [Invalid input for target_tenant. Reason: '1234123412341234123412341234123412341234123412341234123412341234123412341234123412341234123412341234123412341234123412341234123412341234123412341234123412341234123412341234123412341234123412341234123412341234123412341234123412341234123412341234123412341234123412341234123412341234123412341234123412341234123412341234123412341234123412341234123412341234123412341234123412341234123412341234123412341234' exceeds maximum length of 255.].: webob.exc.HTTPBadRequest: Invalid input for target_tenant. Reason: '1234123412341234123412341234123412341234123412341234123412341234123412341234123412341234123412341234123412341234123412341234123412341234123412341234123412341234123412341234123412341234123412341234123412341234123412341234123412341234123412341234123412341234123412341234123412341234123412341234123412341234123412341234123412341234123412341234123412341234123412341234123412341234123412341234123412341234' exceeds maximum length of 255.
2026-04-09 14:42:30.159 7 INFO neutron.api.v2.resource [None req-ab45235e-cbb7-4fb0-b4c5-b9de22703e27 e8e375498b05475ea24d76e4e5c9a005 475e68611de1400ab97113a5c9d340ab - - default default] create failed (client error): Invalid input for target_tenant. Reason: '1234123412341234123412341234123412341234123412341234123412341234123412341234123412341234123412341234123412341234123412341234123412341234123412341234123412341234123412341234123412341234123412341234123412341234123412341234123412341234123412341234123412341234123412341234123412341234123412341234123412341234123412341234123412341234123412341234123412341234123412341234123412341234123412341234123412341234' exceeds maximum length of 255. [pid: 7|app: 0|req: 918/1845] 10.0.0.106 () {34 vars in 681 bytes} [Thu Apr 9 14:42:30 2026] POST /v2.0/rbac-policies => generated 547 bytes in 5 msecs (HTTP/1.1 400) 4 headers in 166 bytes (1 switches on core 0)
2026-04-09 14:42:30.226 8 INFO neutron.db.segments_db [None req-537f1ec2-d9ff-490c-97f4-eb29663577d8 59f7155fa17c4467ba5efc32589bd53f 36c8861937124a05a39ba1eeae6a3b37 - - default default] Added segment 8b0bcc0d-d4fa-41bf-9922-7497b44955bc of type geneve for network ae911b42-3253-4761-8be3-fe775c24f074
2026-04-09 14:42:30.323 7 INFO neutron_taas.services.taas.taas_plugin [None req-fda1516f-ef53-4288-8bbe-c1c8c175a216 e8e375498b05475ea24d76e4e5c9a005 475e68611de1400ab97113a5c9d340ab - - default default] TaaS: Handle Delete Port: fa0dda14-9c24-41b3-b0bd-efa72d924017
2026-04-09 14:42:30.327 7 INFO neutron_taas.services.taas.tap_mirror_plugin [None req-fda1516f-ef53-4288-8bbe-c1c8c175a216 e8e375498b05475ea24d76e4e5c9a005 475e68611de1400ab97113a5c9d340ab - - default default] Tap Mirror: Handle Delete Port: fa0dda14-9c24-41b3-b0bd-efa72d924017
2026-04-09 14:42:30.349 8 INFO neutron.db.ovn_revision_numbers_db [None req-537f1ec2-d9ff-490c-97f4-eb29663577d8 59f7155fa17c4467ba5efc32589bd53f 36c8861937124a05a39ba1eeae6a3b37 - - default default] Successfully bumped revision number for resource ae911b42-3253-4761-8be3-fe775c24f074 (type: networks) to 1
2026-04-09 14:42:30.414 7 INFO neutron.plugins.ml2.drivers.ovn.mech_driver.mech_driver [None req-64f4af3c-24df-40b3-9f9f-61524ac29f03 - - - - - -] OVN reports status up for port: cfb2b3d4-dfef-4947-a9f9-98a3f25ce33a
2026-04-09 14:42:30.440 7 INFO neutron.plugins.ml2.plugin [None req-64f4af3c-24df-40b3-9f9f-61524ac29f03 - - - - - -] Attempt 1 to provision port cfb2b3d4-dfef-4947-a9f9-98a3f25ce33a
2026-04-09 14:42:30.566 8 WARNING neutron.scheduler.dhcp_agent_scheduler [None req-537f1ec2-d9ff-490c-97f4-eb29663577d8 59f7155fa17c4467ba5efc32589bd53f 36c8861937124a05a39ba1eeae6a3b37 - - default default] No more DHCP agents
2026-04-09 14:42:30.568 8 WARNING neutron.api.rpc.agentnotifiers.dhcp_rpc_agent_api [None req-537f1ec2-d9ff-490c-97f4-eb29663577d8 59f7155fa17c4467ba5efc32589bd53f 36c8861937124a05a39ba1eeae6a3b37 - - default default] Unable to schedule network ae911b42-3253-4761-8be3-fe775c24f074: no agents available; will retry on subsequent port and subnet creation events.
2026-04-09 14:42:30.635 8 INFO neutron.plugins.ml2.drivers.ovn.mech_driver.mech_driver [None req-b90810d3-3ad9-475b-9e05-966fc72f280a - - - - - -] OVN reports status down for port: 965bcc21-d819-41b3-a371-95a500de0730
2026-04-09 14:42:30.702 7 INFO neutron.notifiers.nova [-] Nova event matching ['req-2d9a95d9-9678-4efd-9d5a-44099aac7bf5'] response: {'server_uuid': 'a2cd0d0b-0fd0-4228-b68e-6bf2d699232a', 'name': 'network-vif-plugged', 'status': 'completed', 'tag': 'cfb2b3d4-dfef-4947-a9f9-98a3f25ce33a', 'code': 200}
2026-04-09 14:42:30.715 8 INFO neutron.db.ovn_revision_numbers_db [None req-537f1ec2-d9ff-490c-97f4-eb29663577d8 59f7155fa17c4467ba5efc32589bd53f 36c8861937124a05a39ba1eeae6a3b37 - - default default] Successfully bumped revision number for resource 965bcc21-d819-41b3-a371-95a500de0730 (type: ports) to 1 [pid: 8|app: 0|req: 928/1846] 10.0.0.106 () {34 vars in 670 bytes} [Thu Apr 9 14:42:30 2026] POST /v2.0/networks => generated 668 bytes in 613 msecs (HTTP/1.1 201) 4 headers in 162 bytes (1 switches on core 0) [pid: 8|app: 0|req: 929/1847] 10.0.0.79 () {34 vars in 989 bytes} [Thu Apr 9 14:42:30 2026] GET /v2.0/ports?device_id=a2cd0d0b-0fd0-4228-b68e-6bf2d699232a => generated 975 bytes in 52 msecs (HTTP/1.1 200) 4 headers in 157 bytes (1 switches on core 0)
2026-04-09 14:42:30.868 7 INFO neutron.db.ovn_revision_numbers_db [None req-64f4af3c-24df-40b3-9f9f-61524ac29f03 - - - - - -] Successfully bumped revision number for resource cfb2b3d4-dfef-4947-a9f9-98a3f25ce33a (type: ports) to 5 [pid: 8|app: 0|req: 930/1848] 10.0.0.210 () {32 vars in 802 bytes} [Thu Apr 9 14:42:30 2026] GET /v2.0/extensions => generated 20541 bytes in 119 msecs (HTTP/1.1 200) 4 headers in 159 bytes (1 switches on core 0)
2026-04-09 14:42:30.990 7 INFO neutron.services.segments.plugin [-] Segment 8ef7e556-9895-4853-90a1-00a6c3d8caf5 resource provider aggregate not found
2026-04-09 14:42:31.002 7 INFO neutron.services.segments.plugin [-] Segment 8ef7e556-9895-4853-90a1-00a6c3d8caf5 resource provider aggregate not found
2026-04-09 14:42:31.012 7 INFO neutron.services.segments.plugin [-] Segment 8ef7e556-9895-4853-90a1-00a6c3d8caf5 resource provider not found; error: Placement Client Error (4xx): {"errors": [{"status": 404, "title": "Not Found", "detail": "The resource could not be found.\n\n No resource provider with uuid 8ef7e556-9895-4853-90a1-00a6c3d8caf5 found for delete ", "request_id": "req-eb90fe70-4b27-4250-93c9-14010d538d72"}]}
2026-04-09 14:42:31.030 7 INFO neutron.services.segments.plugin [-] Segment 8ef7e556-9895-4853-90a1-00a6c3d8caf5 resource provider not found; error: Placement Client Error (4xx): {"errors": [{"status": 404, "title": "Not Found", "detail": "The resource could not be found.\n\n No resource provider with uuid 8ef7e556-9895-4853-90a1-00a6c3d8caf5 found for delete ", "request_id": "req-43e61be5-37f9-43ce-8958-4f64d34c2a78"}]} [pid: 7|app: 0|req: 919/1849] 10.0.0.106 () {32 vars in 726 bytes} [Thu Apr 9 14:42:30 2026] DELETE /v2.0/networks/2fea6e13-1bf7-4b4d-b9e5-77c0cd0f1db4 => generated 0 bytes in 929 msecs (HTTP/1.1 204) 3 headers in 131 bytes (1 switches on core 0) /var/lib/openstack/lib/python3.12/site-packages/pycadf/identifier.py:70: UserWarning: Invalid uuid: neutron. To ensure interoperability, identifiers should be a valid uuid. warnings.warn(('Invalid uuid: %s. To ensure interoperability, ' [pid: 7|app: 0|req: 920/1850] 10.0.0.79 () {34 vars in 1039 bytes} [Thu Apr 9 14:42:31 2026] GET /v2.0/security-groups?id=a36c8ab9-034c-42ce-b2c3-49bc653ed48e&fields=id&fields=name => generated 88 bytes in 33 msecs (HTTP/1.1 200) 4 headers in 156 bytes (1 switches on core 0)
2026-04-09 14:42:31.204 7 INFO neutron.db.segments_db [None req-18ef4dde-8091-4cb3-86e4-30cc5921524b e8e375498b05475ea24d76e4e5c9a005 475e68611de1400ab97113a5c9d340ab - - default default] Added segment 5a80941e-ff3d-44a5-8f57-e188f25b4027 of type geneve for network dfae6088-2f0d-49c9-9766-36f822867cb8
2026-04-09 14:42:31.252 8 WARNING neutron.scheduler.dhcp_agent_scheduler [None req-fff09065-3bb6-47e7-8ab8-3507cd4a6f12 59f7155fa17c4467ba5efc32589bd53f 36c8861937124a05a39ba1eeae6a3b37 - - default default] No more DHCP agents
2026-04-09 14:42:31.253 8 WARNING neutron.api.rpc.agentnotifiers.dhcp_rpc_agent_api [None req-fff09065-3bb6-47e7-8ab8-3507cd4a6f12 59f7155fa17c4467ba5efc32589bd53f 36c8861937124a05a39ba1eeae6a3b37 - - default default] Unable to schedule network 617abca6-347d-4752-ba99-b6d37a3414af: no agents available; will retry on subsequent port and subnet creation events.
2026-04-09 14:42:31.330 7 INFO neutron.db.ovn_revision_numbers_db [None req-18ef4dde-8091-4cb3-86e4-30cc5921524b e8e375498b05475ea24d76e4e5c9a005 475e68611de1400ab97113a5c9d340ab - - default default] Successfully bumped revision number for resource dfae6088-2f0d-49c9-9766-36f822867cb8 (type: networks) to 1
2026-04-09 14:42:31.464 7 WARNING neutron.scheduler.dhcp_agent_scheduler [None req-18ef4dde-8091-4cb3-86e4-30cc5921524b e8e375498b05475ea24d76e4e5c9a005 475e68611de1400ab97113a5c9d340ab - - default default] No more DHCP agents
2026-04-09 14:42:31.465 7 WARNING neutron.api.rpc.agentnotifiers.dhcp_rpc_agent_api [None req-18ef4dde-8091-4cb3-86e4-30cc5921524b e8e375498b05475ea24d76e4e5c9a005 475e68611de1400ab97113a5c9d340ab - - default default] Unable to schedule network dfae6088-2f0d-49c9-9766-36f822867cb8: no agents available; will retry on subsequent port and subnet creation events.
2026-04-09 14:42:31.519 7 INFO neutron.plugins.ml2.drivers.ovn.mech_driver.mech_driver [None req-22055eac-2548-41d9-9718-ba80f7d170fc - - - - - -] OVN reports status down for port: e926769b-caca-4d55-b3ec-4e47e9a2abed
2026-04-09 14:42:31.581 7 INFO neutron.db.ovn_revision_numbers_db [None req-18ef4dde-8091-4cb3-86e4-30cc5921524b e8e375498b05475ea24d76e4e5c9a005 475e68611de1400ab97113a5c9d340ab - - default default] Successfully bumped revision number for resource e926769b-caca-4d55-b3ec-4e47e9a2abed (type: ports) to 1 [pid: 7|app: 0|req: 921/1851] 10.0.0.106 () {34 vars in 670 bytes} [Thu Apr 9 14:42:31 2026] POST /v2.0/networks => generated 748 bytes in 500 msecs (HTTP/1.1 201) 4 headers in 162 bytes (1 switches on core 0)
2026-04-09 14:42:31.744 8 INFO neutron.db.ovn_revision_numbers_db [None req-08c94856-d58e-47dc-998a-2144ee8ec8ae - - - - - -] Successfully bumped revision number for resource fa3dc0ee-00a9-419a-b497-182fddbbb363 (type: ports) to 2 [pid: 7|app: 0|req: 922/1852] 10.0.0.210 () {30 vars in 724 bytes} [Thu Apr 9 14:42:31 2026] GET /v2.0/quotas/e3de9320d6e443578c301d135ec840fd/details => generated 847 bytes in 139 msecs (HTTP/1.1 200) 4 headers in 157 bytes (1 switches on core 0)
2026-04-09 14:42:31.788 8 INFO neutron.db.ovn_revision_numbers_db [None req-08c94856-d58e-47dc-998a-2144ee8ec8ae - - - - - -] Successfully bumped revision number for resource 22ac1326-6b28-4ec8-8356-52bf22e4d6aa (type: subnets) to 0
2026-04-09 14:42:31.825 8 WARNING neutron.scheduler.dhcp_agent_scheduler [None req-fff09065-3bb6-47e7-8ab8-3507cd4a6f12 59f7155fa17c4467ba5efc32589bd53f 36c8861937124a05a39ba1eeae6a3b37 - - default default] No more DHCP agents
2026-04-09 14:42:31.827 8 WARNING neutron.api.rpc.agentnotifiers.dhcp_rpc_agent_api [None req-fff09065-3bb6-47e7-8ab8-3507cd4a6f12 59f7155fa17c4467ba5efc32589bd53f 36c8861937124a05a39ba1eeae6a3b37 - - default default] Unable to schedule network ae911b42-3253-4761-8be3-fe775c24f074: no agents available; will retry on subsequent port and subnet creation events.
2026-04-09 14:42:31.919 7 WARNING neutron.scheduler.dhcp_agent_scheduler [None req-d7dd1703-b712-4cd6-912e-0c5668f35965 e8e375498b05475ea24d76e4e5c9a005 475e68611de1400ab97113a5c9d340ab - - default default] No more DHCP agents
2026-04-09 14:42:31.921 7 WARNING neutron.api.rpc.agentnotifiers.dhcp_rpc_agent_api [None req-d7dd1703-b712-4cd6-912e-0c5668f35965 e8e375498b05475ea24d76e4e5c9a005 475e68611de1400ab97113a5c9d340ab - - default default] Unable to schedule network dfae6088-2f0d-49c9-9766-36f822867cb8: no agents available; will retry on subsequent port and subnet creation events.
2026-04-09 14:42:32.277 8 INFO neutron.db.ovn_revision_numbers_db [None req-0f4e01a3-dad8-4e64-b477-112abfef42d9 - - - - - -] Successfully bumped revision number for resource 965bcc21-d819-41b3-a371-95a500de0730 (type: ports) to 2
2026-04-09 14:42:32.308 8 INFO neutron.db.ovn_revision_numbers_db [None req-0f4e01a3-dad8-4e64-b477-112abfef42d9 - - - - - -] Successfully bumped revision number for resource 89cf7d52-1ff0-41c9-bacf-ee4c2377fa05 (type: subnets) to 0 [pid: 8|app: 0|req: 931/1853] 10.0.0.106 () {34 vars in 669 bytes} [Thu Apr 9 14:42:30 2026] POST /v2.0/subnets => generated 1274 bytes in 1416 msecs (HTTP/1.1 201) 4 headers in 163 bytes (1 switches on core 0) [pid: 8|app: 0|req: 932/1854] 10.0.0.79 () {34 vars in 989 bytes} [Thu Apr 9 14:42:32 2026] GET /v2.0/ports?device_id=a2cd0d0b-0fd0-4228-b68e-6bf2d699232a => generated 975 bytes in 79 msecs (HTTP/1.1 200) 4 headers in 157 bytes (1 switches on core 0)
2026-04-09 14:42:32.429 7 INFO neutron.db.ovn_revision_numbers_db [None req-45cc3d54-3a06-428f-a2de-70d22d694d33 - - - - - -] Successfully bumped revision number for resource e926769b-caca-4d55-b3ec-4e47e9a2abed (type: ports) to 2 [pid: 8|app: 0|req: 933/1855] 10.0.0.106 () {32 vars in 647 bytes} [Thu Apr 9 14:42:32 2026] GET /v2.0/subnets => generated 1910 bytes in 29 msecs (HTTP/1.1 200) 4 headers in 158 bytes (1 switches on core 0)
2026-04-09 14:42:32.464 7 INFO neutron.db.ovn_revision_numbers_db [None req-45cc3d54-3a06-428f-a2de-70d22d694d33 - - - - - -] Successfully bumped revision number for resource 2f8fbc27-ecc7-4f10-b53d-dc28c3b5275d (type: subnets) to 0 [pid: 8|app: 0|req: 934/1856] 10.0.0.79 () {34 vars in 1039 bytes} [Thu Apr 9 14:42:32 2026] GET /v2.0/security-groups?id=a36c8ab9-034c-42ce-b2c3-49bc653ed48e&fields=id&fields=name => generated 88 bytes in 21 msecs (HTTP/1.1 200) 4 headers in 156 bytes (1 switches on core 0) [pid: 7|app: 0|req: 923/1857] 10.0.0.106 () {34 vars in 669 bytes} [Thu Apr 9 14:42:31 2026] POST /v2.0/subnets => generated 647 bytes in 712 msecs (HTTP/1.1 201) 4 headers in 162 bytes (1 switches on core 0) [pid: 8|app: 0|req: 935/1858] 10.0.0.106 () {32 vars in 724 bytes} [Thu Apr 9 14:42:32 2026] DELETE /v2.0/subnets/22ac1326-6b28-4ec8-8356-52bf22e4d6aa => generated 0 bytes in 165 msecs (HTTP/1.1 204) 3 headers in 131 bytes (1 switches on core 0)
2026-04-09 14:42:32.754 7 INFO neutron.notifiers.nova [-] Nova event matching ['req-6327477a-24cd-4727-b732-a82924420510'] response: {'server_uuid': 'a2cd0d0b-0fd0-4228-b68e-6bf2d699232a', 'name': 'network-vif-plugged', 'status': 'completed', 'tag': 'cfb2b3d4-dfef-4947-a9f9-98a3f25ce33a', 'code': 200} [pid: 7|app: 0|req: 924/1859] 10.0.0.106 () {34 vars in 681 bytes} [Thu Apr 9 14:42:32 2026] POST /v2.0/rbac-policies => generated 324 bytes in 281 msecs (HTTP/1.1 201) 4 headers in 162 bytes (1 switches on core 0) [pid: 8|app: 0|req: 936/1860] 10.0.0.106 () {32 vars in 724 bytes} [Thu Apr 9 14:42:32 2026] DELETE /v2.0/subnets/89cf7d52-1ff0-41c9-bacf-ee4c2377fa05 => generated 0 bytes in 198 msecs (HTTP/1.1 204) 3 headers in 131 bytes (1 switches on core 0) [pid: 7|app: 0|req: 925/1861] 10.0.0.106 () {32 vars in 647 bytes} [Thu Apr 9 14:42:32 2026] GET /v2.0/subnets => generated 649 bytes in 35 msecs (HTTP/1.1 200) 4 headers in 157 bytes (1 switches on core 0)
2026-04-09 14:42:32.979 8 INFO neutron_taas.services.taas.taas_plugin [None req-8e69707d-27d3-4d70-bd54-93e335e37c99 59f7155fa17c4467ba5efc32589bd53f 36c8861937124a05a39ba1eeae6a3b37 - - default default] TaaS: Handle Delete Port: 965bcc21-d819-41b3-a371-95a500de0730
2026-04-09 14:42:32.981 8 INFO neutron_taas.services.taas.tap_mirror_plugin [None req-8e69707d-27d3-4d70-bd54-93e335e37c99 59f7155fa17c4467ba5efc32589bd53f 36c8861937124a05a39ba1eeae6a3b37 - - default default] Tap Mirror: Handle Delete Port: 965bcc21-d819-41b3-a371-95a500de0730
2026-04-09 14:42:33.125 8 INFO neutron.services.segments.plugin [-] Segment 8b0bcc0d-d4fa-41bf-9922-7497b44955bc resource provider aggregate not found
2026-04-09 14:42:33.129 8 INFO neutron.services.segments.plugin [-] Segment 8b0bcc0d-d4fa-41bf-9922-7497b44955bc resource provider aggregate not found
2026-04-09 14:42:33.148 8 INFO neutron.services.segments.plugin [-] Segment 8b0bcc0d-d4fa-41bf-9922-7497b44955bc resource provider not found; error: Placement Client Error (4xx): {"errors": [{"status": 404, "title": "Not Found", "detail": "The resource could not be found.\n\n No resource provider with uuid 8b0bcc0d-d4fa-41bf-9922-7497b44955bc found for delete ", "request_id": "req-d828a154-9c8e-4ca3-9d73-f724216d8631"}]}
2026-04-09 14:42:33.148 8 INFO neutron.services.segments.plugin [-] Segment 8b0bcc0d-d4fa-41bf-9922-7497b44955bc resource provider not found; error: Placement Client Error (4xx): {"errors": [{"status": 404, "title": "Not Found", "detail": "The resource could not be found.\n\n No resource provider with uuid 8b0bcc0d-d4fa-41bf-9922-7497b44955bc found for delete ", "request_id": "req-8f576d33-1890-4f1d-a019-36f0d8488528"}]} [pid: 8|app: 0|req: 937/1862] 10.0.0.106 () {32 vars in 726 bytes} [Thu Apr 9 14:42:32 2026] DELETE /v2.0/networks/ae911b42-3253-4761-8be3-fe775c24f074 => generated 0 bytes in 283 msecs (HTTP/1.1 204) 3 headers in 131 bytes (1 switches on core 0) [pid: 7|app: 0|req: 926/1863] 10.0.0.106 () {32 vars in 723 bytes} [Thu Apr 9 14:42:33 2026] GET /v2.0/networks/dfae6088-2f0d-49c9-9766-36f822867cb8 => generated 692 bytes in 120 msecs (HTTP/1.1 200) 4 headers in 157 bytes (1 switches on core 0)
2026-04-09 14:42:33.297 8 INFO neutron_taas.services.taas.taas_plugin [None req-2ac3318e-9b97-42a5-8fb5-14ce8285dc2b 59f7155fa17c4467ba5efc32589bd53f 36c8861937124a05a39ba1eeae6a3b37 - - default default] TaaS: Handle Delete Port: fa3dc0ee-00a9-419a-b497-182fddbbb363
2026-04-09 14:42:33.299 8 INFO neutron_taas.services.taas.tap_mirror_plugin [None req-2ac3318e-9b97-42a5-8fb5-14ce8285dc2b 59f7155fa17c4467ba5efc32589bd53f 36c8861937124a05a39ba1eeae6a3b37 - - default default] Tap Mirror: Handle Delete Port: fa3dc0ee-00a9-419a-b497-182fddbbb363 [pid: 8|app: 0|req: 938/1864] 10.0.0.106 () {32 vars in 726 bytes} [Thu Apr 9 14:42:33 2026] DELETE /v2.0/networks/617abca6-347d-4752-ba99-b6d37a3414af => generated 0 bytes in 375 msecs (HTTP/1.1 204) 3 headers in 131 bytes (1 switches on core 0)
2026-04-09 14:42:33.654 7 INFO neutron_taas.services.taas.taas_plugin [None req-4fe87f56-3d3e-441f-a59e-17c385cdf5e6 59f7155fa17c4467ba5efc32589bd53f 36c8861937124a05a39ba1eeae6a3b37 - - default default] TaaS: Handle Delete Port: 58a16848-f22a-4260-952f-b2e5f76b1078
2026-04-09 14:42:33.658 7 INFO neutron_taas.services.taas.tap_mirror_plugin [None req-4fe87f56-3d3e-441f-a59e-17c385cdf5e6 59f7155fa17c4467ba5efc32589bd53f 36c8861937124a05a39ba1eeae6a3b37 - - default default] Tap Mirror: Handle Delete Port: 58a16848-f22a-4260-952f-b2e5f76b1078
2026-04-09 14:42:33.716 8 INFO neutron.pecan_wsgi.hooks.translation [None req-0c4092cc-86f6-426b-bb69-b658108b8e98 4fe0c752591d415a81cf249f0a178031 6ba692d8001d4467b549a44c0027f027 - - default default] GET failed (client error): The resource could not be found. [pid: 8|app: 0|req: 939/1865] 10.0.0.106 () {32 vars in 723 bytes} [Thu Apr 9 14:42:33 2026] GET /v2.0/networks/dfae6088-2f0d-49c9-9766-36f822867cb8 => generated 138 bytes in 69 msecs (HTTP/1.1 404) 4 headers in 164 bytes (1 switches on core 0)
2026-04-09 14:42:33.852 8 INFO neutron_taas.services.taas.taas_plugin [None req-4b558447-4874-4420-bb47-b876d2b6da99 e8e375498b05475ea24d76e4e5c9a005 475e68611de1400ab97113a5c9d340ab - - default default] TaaS: Handle Delete Port: e926769b-caca-4d55-b3ec-4e47e9a2abed
2026-04-09 14:42:33.854 8 INFO neutron_taas.services.taas.tap_mirror_plugin [None req-4b558447-4874-4420-bb47-b876d2b6da99 e8e375498b05475ea24d76e4e5c9a005 475e68611de1400ab97113a5c9d340ab - - default default] Tap Mirror: Handle Delete Port: e926769b-caca-4d55-b3ec-4e47e9a2abed
2026-04-09 14:42:33.855 7 INFO neutron.services.segments.plugin [-] Segment cef941e6-6b4d-45c9-b09b-d9a452c3d648 resource provider aggregate not found
2026-04-09 14:42:33.859 7 INFO neutron.services.segments.plugin [-] Segment cef941e6-6b4d-45c9-b09b-d9a452c3d648 resource provider aggregate not found
2026-04-09 14:42:33.881 7 INFO neutron.services.segments.plugin [-] Segment cef941e6-6b4d-45c9-b09b-d9a452c3d648 resource provider not found; error: Placement Client Error (4xx): {"errors": [{"status": 404, "title": "Not Found", "detail": "The resource could not be found.\n\n No resource provider with uuid cef941e6-6b4d-45c9-b09b-d9a452c3d648 found for delete ", "request_id": "req-62740617-95b7-472c-854c-8a73d9aeb4d5"}]}
2026-04-09 14:42:33.885 7 INFO neutron.services.segments.plugin [-] Segment cef941e6-6b4d-45c9-b09b-d9a452c3d648 resource provider not found; error: Placement Client Error (4xx): {"errors": [{"status": 404, "title": "Not Found", "detail": "The resource could not be found.\n\n No resource provider with uuid cef941e6-6b4d-45c9-b09b-d9a452c3d648 found for delete ", "request_id": "req-a5e2249b-d051-4a96-a426-4adec530a232"}]} [pid: 7|app: 0|req: 927/1866] 10.0.0.106 () {32 vars in 726 bytes} [Thu Apr 9 14:42:33 2026] DELETE /v2.0/networks/7347dfe5-30ee-4562-9f7a-53e1491337b9 => generated 0 bytes in 360 msecs (HTTP/1.1 204) 3 headers in 131 bytes (1 switches on core 0) [pid: 7|app: 0|req: 928/1867] 10.0.0.79 () {34 vars in 989 bytes} [Thu Apr 9 14:42:33 2026] GET /v2.0/ports?device_id=a2cd0d0b-0fd0-4228-b68e-6bf2d699232a => generated 975 bytes in 102 msecs (HTTP/1.1 200) 4 headers in 157 bytes (1 switches on core 0) [pid: 8|app: 0|req: 940/1868] 10.0.0.106 () {32 vars in 726 bytes} [Thu Apr 9 14:42:33 2026] DELETE /v2.0/networks/dfae6088-2f0d-49c9-9766-36f822867cb8 => generated 0 bytes in 383 msecs (HTTP/1.1 204) 3 headers in 131 bytes (1 switches on core 0) [pid: 8|app: 0|req: 941/1869] 10.0.0.79 () {34 vars in 1039 bytes} [Thu Apr 9 14:42:34 2026] GET /v2.0/security-groups?id=a36c8ab9-034c-42ce-b2c3-49bc653ed48e&fields=id&fields=name => generated 88 bytes in 23 msecs (HTTP/1.1 200) 4 headers in 156 bytes (1 switches on core 0)
2026-04-09 14:42:34.138 8 INFO neutron.pecan_wsgi.hooks.translation [None req-6d27ea59-80f7-4f5d-b553-be49d6b19618 e8e375498b05475ea24d76e4e5c9a005 475e68611de1400ab97113a5c9d340ab - - default default] DELETE failed (client error): The resource could not be found. [pid: 8|app: 0|req: 942/1870] 10.0.0.106 () {32 vars in 724 bytes} [Thu Apr 9 14:42:34 2026] DELETE /v2.0/subnets/1e6891cc-dc48-4039-9459-d0c1c2c51f2d => generated 136 bytes in 11 msecs (HTTP/1.1 404) 4 headers in 164 bytes (1 switches on core 0)
2026-04-09 14:42:34.157 8 INFO neutron.pecan_wsgi.hooks.translation [None req-ba362c10-5d84-4a25-b063-8540cc4f9718 e8e375498b05475ea24d76e4e5c9a005 475e68611de1400ab97113a5c9d340ab - - default default] DELETE failed (client error): The resource could not be found. [pid: 8|app: 0|req: 943/1871] 10.0.0.106 () {32 vars in 724 bytes} [Thu Apr 9 14:42:34 2026] DELETE /v2.0/subnets/2d267f0e-393c-4ac2-b7a3-3803fd404a2c => generated 136 bytes in 12 msecs (HTTP/1.1 404) 4 headers in 164 bytes (1 switches on core 0)
2026-04-09 14:42:34.163 7 INFO neutron_taas.services.taas.taas_plugin [None req-a9e878ce-e9c5-4ea6-a6ad-1478189433a8 59f7155fa17c4467ba5efc32589bd53f 36c8861937124a05a39ba1eeae6a3b37 - - default default] TaaS: Handle Delete Port: 88ea1670-669c-461e-9769-b2b18886cd1c
2026-04-09 14:42:34.166 7 INFO neutron_taas.services.taas.tap_mirror_plugin [None req-a9e878ce-e9c5-4ea6-a6ad-1478189433a8 59f7155fa17c4467ba5efc32589bd53f 36c8861937124a05a39ba1eeae6a3b37 - - default default] Tap Mirror: Handle Delete Port: 88ea1670-669c-461e-9769-b2b18886cd1c
2026-04-09 14:42:34.171 8 INFO neutron.pecan_wsgi.hooks.translation [None req-72436dfc-8128-451c-be1c-7ffa4677c2ac e8e375498b05475ea24d76e4e5c9a005 475e68611de1400ab97113a5c9d340ab - - default default] DELETE failed (client error): The resource could not be found. [pid: 8|app: 0|req: 944/1872] 10.0.0.106 () {32 vars in 724 bytes} [Thu Apr 9 14:42:34 2026] DELETE /v2.0/subnets/2f8fbc27-ecc7-4f10-b53d-dc28c3b5275d => generated 136 bytes in 10 msecs (HTTP/1.1 404) 4 headers in 164 bytes (1 switches on core 0) [pid: 7|app: 0|req: 929/1873] 10.0.0.106 () {32 vars in 726 bytes} [Thu Apr 9 14:42:34 2026] DELETE /v2.0/networks/78f83f25-936e-46fc-8afc-72ef7362c684 => generated 0 bytes in 403 msecs (HTTP/1.1 204) 3 headers in 131 bytes (1 switches on core 0)
2026-04-09 14:42:34.903 7 INFO neutron.plugins.ml2.drivers.ovn.mech_driver.mech_driver [None req-22055eac-2548-41d9-9718-ba80f7d170fc - - - - - -] OVN reports status down for port: cfb2b3d4-dfef-4947-a9f9-98a3f25ce33a
2026-04-09 14:42:35.053 7 INFO neutron.notifiers.nova [-] Nova event matching ['req-cb7c1a7e-b8c5-4403-94cf-e2a1f124a009'] response: {'server_uuid': 'a2cd0d0b-0fd0-4228-b68e-6bf2d699232a', 'name': 'network-vif-unplugged', 'status': 'completed', 'tag': 'cfb2b3d4-dfef-4947-a9f9-98a3f25ce33a', 'code': 200} [pid: 7|app: 0|req: 930/1874] 10.0.0.210 () {32 vars in 802 bytes} [Thu Apr 9 14:42:35 2026] GET /v2.0/extensions => generated 20541 bytes in 18 msecs (HTTP/1.1 200) 4 headers in 159 bytes (1 switches on core 0) [pid: 8|app: 0|req: 945/1875] 10.0.0.106 () {32 vars in 774 bytes} [Thu Apr 9 14:42:34 2026] GET /v2.0/security-groups?tenant_id=36c8861937124a05a39ba1eeae6a3b37&name=default => generated 2925 bytes in 143 msecs (HTTP/1.1 200) 4 headers in 158 bytes (1 switches on core 0)
2026-04-09 14:42:35.168 8 INFO neutron.services.segments.plugin [-] Segment 2f590b03-776b-4ac7-8e05-44a431075c5c resource provider aggregate not found
2026-04-09 14:42:35.184 8 INFO neutron.services.segments.plugin [-] Segment 2f590b03-776b-4ac7-8e05-44a431075c5c resource provider aggregate not found
2026-04-09 14:42:35.192 8 INFO neutron.services.segments.plugin [-] Segment 2f590b03-776b-4ac7-8e05-44a431075c5c resource provider not found; error: Placement Client Error (4xx): {"errors": [{"status": 404, "title": "Not Found", "detail": "The resource could not be found.\n\n No resource provider with uuid 2f590b03-776b-4ac7-8e05-44a431075c5c found for delete ", "request_id": "req-22b7adcd-b519-4f66-b94b-ea7655d80e10"}]}
2026-04-09 14:42:35.207 8 INFO neutron.services.segments.plugin [-] Segment 2f590b03-776b-4ac7-8e05-44a431075c5c resource provider not found; error: Placement Client Error (4xx): {"errors": [{"status": 404, "title": "Not Found", "detail": "The resource could not be found.\n\n No resource provider with uuid 2f590b03-776b-4ac7-8e05-44a431075c5c found for delete ", "request_id": "req-cde382a9-5cd7-4509-833a-6319f89cfbeb"}]}
2026-04-09 14:42:35.212 8 INFO neutron.services.segments.plugin [-] Segment 5a80941e-ff3d-44a5-8f57-e188f25b4027 resource provider aggregate not found
2026-04-09 14:42:35.230 8 INFO neutron.services.segments.plugin [-] Segment 5a80941e-ff3d-44a5-8f57-e188f25b4027 resource provider aggregate not found
2026-04-09 14:42:35.235 8 INFO neutron.services.segments.plugin [-] Segment 5a80941e-ff3d-44a5-8f57-e188f25b4027 resource provider not found; error: Placement Client Error (4xx): {"errors": [{"status": 404, "title": "Not Found", "detail": "The resource could not be found.\n\n No resource provider with uuid 5a80941e-ff3d-44a5-8f57-e188f25b4027 found for delete ", "request_id": "req-1159332d-4f09-4c38-9762-8ca139136a7c"}]}
2026-04-09 14:42:35.254 8 INFO neutron.services.segments.plugin [-] Segment 5a80941e-ff3d-44a5-8f57-e188f25b4027 resource provider not found; error: Placement Client Error (4xx): {"errors": [{"status": 404, "title": "Not Found", "detail": "The resource could not be found.\n\n No resource provider with uuid 5a80941e-ff3d-44a5-8f57-e188f25b4027 found for delete ", "request_id": "req-6b802650-61e1-4e01-b002-b06f49f7089a"}]}
2026-04-09 14:42:35.293 7 INFO neutron.db.ovn_revision_numbers_db [None req-22055eac-2548-41d9-9718-ba80f7d170fc - - - - - -] Successfully bumped revision number for resource cfb2b3d4-dfef-4947-a9f9-98a3f25ce33a (type: ports) to 6
2026-04-09 14:42:35.342 7 INFO neutron.db.ovn_revision_numbers_db [None req-93f40500-7f45-4562-b473-927115ad6e70 6fb39f4f288d45b1ae39ead7376d25f3 81c8f533d98540888792ff490618b1bd - - default default] Successfully bumped revision number for resource 91597921-ab67-4444-b316-cbe503247c50 (type: security_groups) to 1
2026-04-09 14:42:35.361 7 INFO neutron.db.ovn_revision_numbers_db [None req-93f40500-7f45-4562-b473-927115ad6e70 6fb39f4f288d45b1ae39ead7376d25f3 81c8f533d98540888792ff490618b1bd - - default default] Successfully bumped revision number for resource 18e93f0a-c7ee-43be-95e8-6876701e3860 (type: security_group_rules) to 0
2026-04-09 14:42:35.382 7 INFO neutron.db.ovn_revision_numbers_db [None req-93f40500-7f45-4562-b473-927115ad6e70 6fb39f4f288d45b1ae39ead7376d25f3 81c8f533d98540888792ff490618b1bd - - default default] Successfully bumped revision number for resource 836a042f-4773-4b7a-bf8a-3cf3d90d18f3 (type: security_group_rules) to 0
2026-04-09 14:42:35.397 7 INFO neutron.db.ovn_revision_numbers_db [None req-93f40500-7f45-4562-b473-927115ad6e70 6fb39f4f288d45b1ae39ead7376d25f3 81c8f533d98540888792ff490618b1bd - - default default] Successfully bumped revision number for resource c8fd9241-ebae-4a95-b65b-108cdd65baa4 (type: security_group_rules) to 0
2026-04-09 14:42:35.407 7 INFO neutron.db.ovn_revision_numbers_db [None req-93f40500-7f45-4562-b473-927115ad6e70 6fb39f4f288d45b1ae39ead7376d25f3 81c8f533d98540888792ff490618b1bd - - default default] Successfully bumped revision number for resource ed947bfe-e4cc-40f8-bce2-e597becf237d (type: security_group_rules) to 0 [pid: 8|app: 0|req: 946/1876] 10.0.0.106 () {32 vars in 740 bytes} [Thu Apr 9 14:42:35 2026] DELETE /v2.0/security-groups/d68e8a2a-eb1b-41ca-b438-ed3cdffc6697 => generated 0 bytes in 308 msecs (HTTP/1.1 204) 2 headers in 112 bytes (1 switches on core 0) [pid: 7|app: 0|req: 931/1877] 10.0.0.106 () {32 vars in 774 bytes} [Thu Apr 9 14:42:35 2026] GET /v2.0/security-groups?tenant_id=0164223454854990bb18306fa85ba970&name=default => generated 2925 bytes in 372 msecs (HTTP/1.1 200) 4 headers in 158 bytes (1 switches on core 0) /var/lib/openstack/lib/python3.12/site-packages/pycadf/identifier.py:70: UserWarning: Invalid uuid: neutron. To ensure interoperability, identifiers should be a valid uuid. warnings.warn(('Invalid uuid: %s. To ensure interoperability, ' [pid: 7|app: 0|req: 932/1878] 10.0.0.79 () {34 vars in 989 bytes} [Thu Apr 9 14:42:35 2026] GET /v2.0/ports?device_id=a2cd0d0b-0fd0-4228-b68e-6bf2d699232a => generated 973 bytes in 34 msecs (HTTP/1.1 200) 4 headers in 157 bytes (1 switches on core 0) [pid: 8|app: 0|req: 947/1879] 10.0.0.210 () {30 vars in 724 bytes} [Thu Apr 9 14:42:35 2026] GET /v2.0/quotas/e3de9320d6e443578c301d135ec840fd/details => generated 847 bytes in 81 msecs (HTTP/1.1 200) 4 headers in 157 bytes (1 switches on core 0) [pid: 8|app: 0|req: 948/1880] 10.0.0.79 () {34 vars in 1039 bytes} [Thu Apr 9 14:42:35 2026] GET /v2.0/security-groups?id=a36c8ab9-034c-42ce-b2c3-49bc653ed48e&fields=id&fields=name => generated 88 bytes in 49 msecs (HTTP/1.1 200) 4 headers in 156 bytes (1 switches on core 0) [pid: 7|app: 0|req: 933/1881] 10.0.0.106 () {32 vars in 740 bytes} [Thu Apr 9 14:42:35 2026] DELETE /v2.0/security-groups/91597921-ab67-4444-b316-cbe503247c50 => generated 0 bytes in 270 msecs (HTTP/1.1 204) 2 headers in 112 bytes (1 switches on core 0)
2026-04-09 14:42:35.908 7 INFO neutron.services.segments.plugin [-] Segment 20aaceda-0fea-4c82-94d5-4b2dd5c4dd5d resource provider aggregate not found
2026-04-09 14:42:35.922 7 INFO neutron.services.segments.plugin [-] Segment 20aaceda-0fea-4c82-94d5-4b2dd5c4dd5d resource provider aggregate not found
2026-04-09 14:42:35.936 7 INFO neutron.services.segments.plugin [-] Segment 20aaceda-0fea-4c82-94d5-4b2dd5c4dd5d resource provider not found; error: Placement Client Error (4xx): {"errors": [{"status": 404, "title": "Not Found", "detail": "The resource could not be found.\n\n No resource provider with uuid 20aaceda-0fea-4c82-94d5-4b2dd5c4dd5d found for delete ", "request_id": "req-c9451335-0c37-4718-88bf-2f160aa575ac"}]}
2026-04-09 14:42:35.942 7 INFO neutron.services.segments.plugin [-] Segment 20aaceda-0fea-4c82-94d5-4b2dd5c4dd5d resource provider not found; error: Placement Client Error (4xx): {"errors": [{"status": 404, "title": "Not Found", "detail": "The resource could not be found.\n\n No resource provider with uuid 20aaceda-0fea-4c82-94d5-4b2dd5c4dd5d found for delete ", "request_id": "req-3e3add36-f165-42b5-95a2-0b78d42f4b04"}]}
2026-04-09 14:42:36.028 8 INFO neutron.db.ovn_revision_numbers_db [None req-24fd656b-8352-4858-a121-d65241ae23da 6fb39f4f288d45b1ae39ead7376d25f3 81c8f533d98540888792ff490618b1bd - - default default] Successfully bumped revision number for resource 2ea194fb-c354-4ae6-9a67-04aee51ba433 (type: security_groups) to 1
2026-04-09 14:42:36.038 8 INFO neutron.db.ovn_revision_numbers_db [None req-24fd656b-8352-4858-a121-d65241ae23da 6fb39f4f288d45b1ae39ead7376d25f3 81c8f533d98540888792ff490618b1bd - - default default] Successfully bumped revision number for resource 4cf139ea-22a6-41c2-b8e0-a791b1a650ba (type: security_group_rules) to 0
2026-04-09 14:42:36.054 8 INFO neutron.db.ovn_revision_numbers_db [None req-24fd656b-8352-4858-a121-d65241ae23da 6fb39f4f288d45b1ae39ead7376d25f3 81c8f533d98540888792ff490618b1bd - - default default] Successfully bumped revision number for resource 91101c82-7216-4496-85d0-1f543b25d011 (type: security_group_rules) to 0
2026-04-09 14:42:36.065 8 INFO neutron.db.ovn_revision_numbers_db [None req-24fd656b-8352-4858-a121-d65241ae23da 6fb39f4f288d45b1ae39ead7376d25f3 81c8f533d98540888792ff490618b1bd - - default default] Successfully bumped revision number for resource 9e604d18-75e6-459e-9a78-33db29bc4011 (type: security_group_rules) to 0
2026-04-09 14:42:36.077 8 INFO neutron.db.ovn_revision_numbers_db [None req-24fd656b-8352-4858-a121-d65241ae23da 6fb39f4f288d45b1ae39ead7376d25f3 81c8f533d98540888792ff490618b1bd - - default default] Successfully bumped revision number for resource e8649d64-01f4-4e98-9461-83435d72fb2b (type: security_group_rules) to 0 [pid: 8|app: 0|req: 949/1882] 10.0.0.106 () {32 vars in 774 bytes} [Thu Apr 9 14:42:35 2026] GET /v2.0/security-groups?tenant_id=6ba692d8001d4467b549a44c0027f027&name=default => generated 2925 bytes in 229 msecs (HTTP/1.1 200) 4 headers in 158 bytes (1 switches on core 0) [pid: 7|app: 0|req: 934/1883] 199.19.213.24 () {34 vars in 993 bytes} [Thu Apr 9 14:42:36 2026] GET /v2.0/ports?device_id=a2cd0d0b-0fd0-4228-b68e-6bf2d699232a => generated 973 bytes in 28 msecs (HTTP/1.1 200) 4 headers in 157 bytes (1 switches on core 0)
2026-04-09 14:42:36.291 7 INFO neutron_taas.services.taas.taas_plugin [req-65584839-537b-46e3-a486-554d7fc4e0a5 req-7980528b-a5ce-44dc-8e00-830c67bbda7a 1dd7b2855f48457f977ea9bea9f34eaf a11ac5f14de9441b9f72b15fec75a98f - - default default] TaaS: Handle Delete Port: cfb2b3d4-dfef-4947-a9f9-98a3f25ce33a
