+ COMMAND=start + start + for KEYSTONE_WSGI_SCRIPT in keystone-wsgi-public ++ type -p keystone-wsgi-public + cp -a /var/lib/openstack/bin/keystone-wsgi-public /var/www/cgi-bin/keystone/ + '[' -f /etc/apache2/envvars ']' + source /etc/apache2/envvars ++ unset HOME ++ '[' '' '!=' '' ']' ++ SUFFIX= ++ export APACHE_RUN_USER=www-data ++ APACHE_RUN_USER=www-data ++ export APACHE_RUN_GROUP=www-data ++ APACHE_RUN_GROUP=www-data ++ export APACHE_PID_FILE=/var/run/apache2/apache2.pid ++ APACHE_PID_FILE=/var/run/apache2/apache2.pid ++ export APACHE_RUN_DIR=/var/run/apache2 ++ APACHE_RUN_DIR=/var/run/apache2 ++ export APACHE_LOCK_DIR=/var/lock/apache2 ++ APACHE_LOCK_DIR=/var/lock/apache2 ++ export APACHE_LOG_DIR=/var/log/apache2 ++ APACHE_LOG_DIR=/var/log/apache2 ++ export LANG=C ++ LANG=C ++ export LANG + '[' -f /var/run/apache2/apache2.pid ']' + exec apache2 -DFOREGROUND AH00558: apache2: Could not reliably determine the server's fully qualified domain name, using 10.0.0.201. Set the 'ServerName' directive globally to suppress this message AH00558: apache2: Could not reliably determine the server's fully qualified domain name, using 10.0.0.201. Set the 'ServerName' directive globally to suppress this message
[Fri Sep 11 17:56:29.497440 2026] [mpm_event:notice] [pid 1:tid 140549992699776] AH00489: Apache/2.4.58 (Ubuntu) mod_wsgi/5.0.0 Python/3.12 configured -- resuming normal operations
[Fri Sep 11 17:56:29.497610 2026] [core:notice] [pid 1:tid 140549992699776] AH00094: Command line: 'apache2 -D FOREGROUND'
[Fri Sep 11 17:57:26.606943 2026] [wsgi:error] [pid 9:tid 140549354878656] /var/lib/openstack/lib/python3.12/site-packages/oslo_utils/importutils.py:77: EventletDeprecationWarning:
[Fri Sep 11 17:57:26.607089 2026] [wsgi:error] [pid 9:tid 140549354878656] Eventlet is deprecated. It is currently being maintained in bugfix mode, and
[Fri Sep 11 17:57:26.607099 2026] [wsgi:error] [pid 9:tid 140549354878656] we strongly recommend against using it for new projects.
[Fri Sep 11 17:57:26.607102 2026] [wsgi:error] [pid 9:tid 140549354878656]
[Fri Sep 11 17:57:26.607105 2026] [wsgi:error] [pid 9:tid 140549354878656] If you are already using Eventlet, we recommend migrating to a different
[Fri Sep 11 17:57:26.607108 2026] [wsgi:error] [pid 9:tid 140549354878656] framework. For more detail see
[Fri Sep 11 17:57:26.607110 2026] [wsgi:error] [pid 9:tid 140549354878656] https://eventlet.readthedocs.io/en/latest/asyncio/migration.html
[Fri Sep 11 17:57:26.607113 2026] [wsgi:error] [pid 9:tid 140549354878656]
[Fri Sep 11 17:57:26.607115 2026] [wsgi:error] [pid 9:tid 140549354878656] __import__(import_str)
[Fri Sep 11 17:57:26.607248 2026] [wsgi:error] [pid 10:tid 140549354878656] /var/lib/openstack/lib/python3.12/site-packages/oslo_utils/importutils.py:77: EventletDeprecationWarning:
[Fri Sep 11 17:57:26.607286 2026] [wsgi:error] [pid 10:tid 140549354878656] Eventlet is deprecated. It is currently being maintained in bugfix mode, and
[Fri Sep 11 17:57:26.607289 2026] [wsgi:error] [pid 10:tid 140549354878656] we strongly recommend against using it for new projects.
[Fri Sep 11 17:57:26.607291 2026] [wsgi:error] [pid 10:tid 140549354878656]
[Fri Sep 11 17:57:26.607292 2026] [wsgi:error] [pid 10:tid 140549354878656] If you are already using Eventlet, we recommend migrating to a different
[Fri Sep 11 17:57:26.607294 2026] [wsgi:error] [pid 10:tid 140549354878656] framework. For more detail see
[Fri Sep 11 17:57:26.607295 2026] [wsgi:error] [pid 10:tid 140549354878656] https://eventlet.readthedocs.io/en/latest/asyncio/migration.html
[Fri Sep 11 17:57:26.607297 2026] [wsgi:error] [pid 10:tid 140549354878656]
[Fri Sep 11 17:57:26.607298 2026] [wsgi:error] [pid 10:tid 140549354878656] __import__(import_str) 10.0.0.125 - - [11/Sep/2026:17:57:25 +0000] "GET /v3/ HTTP/1.1" 200 250 10.0.0.125 - - [11/Sep/2026:17:57:25 +0000] "GET /v3/ HTTP/1.1" 200 250
[Fri Sep 11 17:57:40.169879 2026] [wsgi:error] [pid 12:tid 140549354878656] /var/lib/openstack/lib/python3.12/site-packages/oslo_utils/importutils.py:77: EventletDeprecationWarning:
[Fri Sep 11 17:57:40.170006 2026] [wsgi:error] [pid 12:tid 140549354878656] Eventlet is deprecated. It is currently being maintained in bugfix mode, and
[Fri Sep 11 17:57:40.170060 2026] [wsgi:error] [pid 12:tid 140549354878656] we strongly recommend against using it for new projects.
[Fri Sep 11 17:57:40.170084 2026] [wsgi:error] [pid 12:tid 140549354878656]
[Fri Sep 11 17:57:40.170106 2026] [wsgi:error] [pid 12:tid 140549354878656] If you are already using Eventlet, we recommend migrating to a different
[Fri Sep 11 17:57:40.170136 2026] [wsgi:error] [pid 12:tid 140549354878656] framework. For more detail see
[Fri Sep 11 17:57:40.170158 2026] [wsgi:error] [pid 12:tid 140549354878656] https://eventlet.readthedocs.io/en/latest/asyncio/migration.html
[Fri Sep 11 17:57:40.170180 2026] [wsgi:error] [pid 12:tid 140549354878656]
[Fri Sep 11 17:57:40.170201 2026] [wsgi:error] [pid 12:tid 140549354878656] __import__(import_str) 10.0.0.183 - - [11/Sep/2026:17:57:39 +0000] "GET / HTTP/1.1" 300 295
[Fri Sep 11 17:57:45.936834 2026] [wsgi:error] [pid 11:tid 140549354878656] /var/lib/openstack/lib/python3.12/site-packages/oslo_utils/importutils.py:77: EventletDeprecationWarning:
[Fri Sep 11 17:57:45.936881 2026] [wsgi:error] [pid 11:tid 140549354878656] Eventlet is deprecated. It is currently being maintained in bugfix mode, and
[Fri Sep 11 17:57:45.936883 2026] [wsgi:error] [pid 11:tid 140549354878656] we strongly recommend against using it for new projects.
[Fri Sep 11 17:57:45.936884 2026] [wsgi:error] [pid 11:tid 140549354878656]
[Fri Sep 11 17:57:45.936885 2026] [wsgi:error] [pid 11:tid 140549354878656] If you are already using Eventlet, we recommend migrating to a different
[Fri Sep 11 17:57:45.936887 2026] [wsgi:error] [pid 11:tid 140549354878656] framework. For more detail see
[Fri Sep 11 17:57:45.936888 2026] [wsgi:error] [pid 11:tid 140549354878656] https://eventlet.readthedocs.io/en/latest/asyncio/migration.html
[Fri Sep 11 17:57:45.936889 2026] [wsgi:error] [pid 11:tid 140549354878656]
[Fri Sep 11 17:57:45.936890 2026] [wsgi:error] [pid 11:tid 140549354878656] __import__(import_str)
[Fri Sep 11 17:57:50.889818 2026] [wsgi:error] [pid 11:tid 140549354878656] [remote 10.0.0.183:45400] 2026-09-11 17:57:50.887 11 WARNING keystone.identity.core [None req-5aa4a32c-bb1a-4e1b-ad61-cafe25d1ee56 - - - - - -] Invalid domain name (atmosphere) found in config file name: keystone.exception.DomainNotFound: Could not find domain: atmosphere.
[Fri Sep 11 17:57:50.943170 2026] [wsgi:error] [pid 11:tid 140549354878656] [remote 10.0.0.183:45400] 2026-09-11 17:57:50.942 11 WARNING keystone.common.password_hashing [None req-5aa4a32c-bb1a-4e1b-ad61-cafe25d1ee56 - - - - - -] Truncating password to algorithm specific maximum length 72 characters.
[Fri Sep 11 17:57:51.233950 2026] [wsgi:error] [pid 11:tid 140549354878656] [remote 10.0.0.183:45400] 2026-09-11 17:57:51.233 11 WARNING keystone.common.fernet_utils [None req-5aa4a32c-bb1a-4e1b-ad61-cafe25d1ee56 - - - - - -] key_repository is world readable: /etc/keystone/fernet-keys/ 10.0.0.183 - - [11/Sep/2026:17:57:44 +0000] "POST /v3/auth/tokens HTTP/1.1" 201 1359
[Fri Sep 11 17:57:51.615989 2026] [wsgi:error] [pid 9:tid 140549354878656] [remote 10.0.0.183:45400] 2026-09-11 17:57:51.613 9 WARNING keystone.identity.core [None req-20e240eb-0c0a-4a85-b1ef-94d83f04f878 - - - - - -] Invalid domain name (atmosphere) found in config file name: keystone.exception.DomainNotFound: Could not find domain: atmosphere. 10.0.0.183 - - [11/Sep/2026:17:57:51 +0000] "POST /v3/domains HTTP/1.1" 201 261 10.0.0.214 - - [11/Sep/2026:17:58:03 +0000] "GET / HTTP/1.1" 300 295
[Fri Sep 11 17:58:03.962257 2026] [wsgi:error] [pid 12:tid 140549354878656] [remote 10.0.0.214:55856] 2026-09-11 17:58:03.961 12 WARNING keystone.common.password_hashing [None req-64b6a262-71a6-4c82-a957-c0b6b686d9e2 - - - - - -] Truncating password to algorithm specific maximum length 72 characters.
[Fri Sep 11 17:58:04.243925 2026] [wsgi:error] [pid 12:tid 140549354878656] [remote 10.0.0.214:55856] 2026-09-11 17:58:04.243 12 WARNING keystone.common.fernet_utils [None req-64b6a262-71a6-4c82-a957-c0b6b686d9e2 - - - - - -] key_repository is world readable: /etc/keystone/fernet-keys/ 10.0.0.214 - - [11/Sep/2026:17:58:03 +0000] "POST /v3/auth/tokens HTTP/1.1" 201 1359 10.0.0.214 - - [11/Sep/2026:17:58:04 +0000] "GET /v3/roles/admin HTTP/1.1" 404 83
[Fri Sep 11 17:58:04.522942 2026] [wsgi:error] [pid 9:tid 140549354878656] [remote 10.0.0.214:55856] 2026-09-11 17:58:04.522 9 WARNING keystone.common.rbac_enforcer.enforcer [None req-60d46730-4cb6-46eb-b12a-39785b01c63f f3edeca166c64f23b1f51b404df3b31d f47f3650901446978f6a9c515572ecb5 - - default default] Deprecated policy rules found. Use oslopolicy-policy-generator and oslopolicy-policy-upgrade to detect and resolve deprecated policies in your configuration. 10.0.0.214 - - [11/Sep/2026:17:58:04 +0000] "GET /v3/roles?name=admin HTTP/1.1" 200 389
[Fri Sep 11 17:58:05.199892 2026] [wsgi:error] [pid 10:tid 140549354878656] [remote 10.0.0.214:55856] 2026-09-11 17:58:05.199 10 WARNING keystone.common.rbac_enforcer.enforcer [None req-908acefa-56b8-448c-b7d5-bc47c149e05d f3edeca166c64f23b1f51b404df3b31d f47f3650901446978f6a9c515572ecb5 - - default default] Deprecated policy rules found. Use oslopolicy-policy-generator and oslopolicy-policy-upgrade to detect and resolve deprecated policies in your configuration. 10.0.0.214 - - [11/Sep/2026:17:58:04 +0000] "GET /v3/users/admin-RegionOne HTTP/1.1" 404 93
[Fri Sep 11 17:58:05.390233 2026] [wsgi:error] [pid 12:tid 140549354878656] [remote 10.0.0.214:55856] 2026-09-11 17:58:05.389 12 WARNING keystone.common.rbac_enforcer.enforcer [None req-8cbb225b-4e7f-46ef-a932-1af31968d62b f3edeca166c64f23b1f51b404df3b31d f47f3650901446978f6a9c515572ecb5 - - default default] Deprecated policy rules found. Use oslopolicy-policy-generator and oslopolicy-policy-upgrade to detect and resolve deprecated policies in your configuration. 10.0.0.214 - - [11/Sep/2026:17:58:05 +0000] "GET /v3/users?name=admin-RegionOne HTTP/1.1" 200 422
[Fri Sep 11 17:58:05.583426 2026] [wsgi:error] [pid 11:tid 140549354878656] [remote 10.0.0.214:55856] 2026-09-11 17:58:05.583 11 WARNING keystone.common.rbac_enforcer.enforcer [None req-d4e91910-1d6e-48c1-abba-bc5acdb71156 f3edeca166c64f23b1f51b404df3b31d f47f3650901446978f6a9c515572ecb5 - - default default] Deprecated policy rules found. Use oslopolicy-policy-generator and oslopolicy-policy-upgrade to detect and resolve deprecated policies in your configuration. 10.0.0.214 - - [11/Sep/2026:17:58:05 +0000] "GET /v3/domains/default HTTP/1.1" 200 224 10.0.0.214 - - [11/Sep/2026:17:58:05 +0000] "PUT /v3/domains/default/users/f3edeca166c64f23b1f51b404df3b31d/roles/41a2b8ab73934241b160c7afea919a00 HTTP/1.1" 204 - 10.0.0.125 - - [11/Sep/2026:17:58:16 +0000] "GET / HTTP/1.1" 300 280 10.0.0.125 - - [11/Sep/2026:17:58:17 +0000] "GET /v3 HTTP/1.1" 200 265
[Fri Sep 11 17:58:17.697203 2026] [wsgi:error] [pid 11:tid 140549354878656] [remote 10.0.0.125:45524] 2026-09-11 17:58:17.696 11 WARNING keystone.common.password_hashing [None req-56f3d3e2-5994-4ba9-b764-942f037da493 - - - - - -] Truncating password to algorithm specific maximum length 72 characters.
[Fri Sep 11 17:58:18.014768 2026] [wsgi:error] [pid 11:tid 140549354878656] [remote 10.0.0.125:45524] 2026-09-11 17:58:18.014 11 WARNING keystone.common.fernet_utils [None req-56f3d3e2-5994-4ba9-b764-942f037da493 - - - - - -] key_repository is world readable: /etc/keystone/fernet-keys/ 10.0.0.125 - - [11/Sep/2026:17:58:17 +0000] "POST /v3/auth/tokens HTTP/1.1" 201 1359 10.0.0.125 - - [11/Sep/2026:17:58:18 +0000] "GET / HTTP/1.1" 300 280 10.0.0.125 - - [11/Sep/2026:17:58:18 +0000] "GET /v3/domains/atmosphere HTTP/1.1" 404 90 10.0.0.125 - - [11/Sep/2026:17:58:18 +0000] "GET /v3/domains?name=atmosphere HTTP/1.1" 200 368 10.0.0.125 - - [11/Sep/2026:17:58:18 +0000] "GET /v3/domains/2e87a77129384700b74ec5c972183ff7 HTTP/1.1" 200 246 10.0.0.125 - - [11/Sep/2026:17:58:19 +0000] "GET /v3 HTTP/1.1" 200 265
[Fri Sep 11 17:58:19.257870 2026] [wsgi:error] [pid 10:tid 140549354878656] [remote 10.0.0.125:45508] 2026-09-11 17:58:19.257 10 WARNING keystone.common.password_hashing [None req-84656d64-04f1-4e98-816b-cfeaad1b0fcb - - - - - -] Truncating password to algorithm specific maximum length 72 characters.
[Fri Sep 11 17:58:19.554532 2026] [wsgi:error] [pid 10:tid 140549354878656] [remote 10.0.0.125:45508] 2026-09-11 17:58:19.554 10 WARNING keystone.common.fernet_utils [None req-84656d64-04f1-4e98-816b-cfeaad1b0fcb - - - - - -] key_repository is world readable: /etc/keystone/fernet-keys/ 10.0.0.125 - - [11/Sep/2026:17:58:19 +0000] "POST /v3/auth/tokens HTTP/1.1" 201 1359 10.0.0.125 - - [11/Sep/2026:17:58:19 +0000] "GET / HTTP/1.1" 300 280 10.0.0.125 - - [11/Sep/2026:17:58:19 +0000] "GET /v3/OS-FEDERATION/identity_providers/atmosphere HTTP/1.1" 404 101 10.0.0.125 - - [11/Sep/2026:17:58:19 +0000] "GET /v3/OS-FEDERATION/identity_providers HTTP/1.1" 200 155 10.0.0.125 - - [11/Sep/2026:17:58:19 +0000] "PUT /v3/OS-FEDERATION/identity_providers/atmosphere HTTP/1.1" 201 340 10.0.0.125 - - [11/Sep/2026:17:58:20 +0000] "GET /v3 HTTP/1.1" 200 265
[Fri Sep 11 17:58:20.516821 2026] [wsgi:error] [pid 11:tid 140549354878656] [remote 10.0.0.125:45524] 2026-09-11 17:58:20.516 11 WARNING keystone.common.password_hashing [None req-e62f8f8a-f352-47aa-83f8-05097b9b7bb7 - - - - - -] Truncating password to algorithm specific maximum length 72 characters.
[Fri Sep 11 17:58:20.787581 2026] [wsgi:error] [pid 11:tid 140549354878656] [remote 10.0.0.125:45524] 2026-09-11 17:58:20.787 11 WARNING keystone.common.fernet_utils [None req-e62f8f8a-f352-47aa-83f8-05097b9b7bb7 - - - - - -] key_repository is world readable: /etc/keystone/fernet-keys/ 10.0.0.125 - - [11/Sep/2026:17:58:20 +0000] "POST /v3/auth/tokens HTTP/1.1" 201 1359 10.0.0.125 - - [11/Sep/2026:17:58:20 +0000] "GET / HTTP/1.1" 300 280 10.0.0.125 - - [11/Sep/2026:17:58:20 +0000] "GET /v3/OS-FEDERATION/mappings/atmosphere-openid HTTP/1.1" 404 98 10.0.0.125 - - [11/Sep/2026:17:58:20 +0000] "GET /v3/OS-FEDERATION/mappings HTTP/1.1" 200 135 10.0.0.125 - - [11/Sep/2026:17:58:20 +0000] "PUT /v3/OS-FEDERATION/mappings/atmosphere-openid HTTP/1.1" 201 356 10.0.0.125 - - [11/Sep/2026:17:58:21 +0000] "GET /v3 HTTP/1.1" 200 265
[Fri Sep 11 17:58:21.656228 2026] [wsgi:error] [pid 10:tid 140549354878656] [remote 10.0.0.125:45524] 2026-09-11 17:58:21.655 10 WARNING keystone.common.password_hashing [None req-198fd9a8-cc55-4bd7-9814-1e0c92ad2716 - - - - - -] Truncating password to algorithm specific maximum length 72 characters.
[Fri Sep 11 17:58:21.951605 2026] [wsgi:error] [pid 10:tid 140549354878656] [remote 10.0.0.125:45524] 2026-09-11 17:58:21.951 10 WARNING keystone.common.fernet_utils [None req-198fd9a8-cc55-4bd7-9814-1e0c92ad2716 - - - - - -] key_repository is world readable: /etc/keystone/fernet-keys/ 10.0.0.125 - - [11/Sep/2026:17:58:21 +0000] "POST /v3/auth/tokens HTTP/1.1" 201 1359 10.0.0.125 - - [11/Sep/2026:17:58:21 +0000] "GET / HTTP/1.1" 300 280 10.0.0.125 - - [11/Sep/2026:17:58:21 +0000] "GET /v3/OS-FEDERATION/identity_providers/atmosphere/protocols/openid?idp_id=atmosphere HTTP/1.1" 404 131 10.0.0.125 - - [11/Sep/2026:17:58:22 +0000] "GET /v3/OS-FEDERATION/identity_providers/atmosphere/protocols HTTP/1.1" 200 167 10.0.0.125 - - [11/Sep/2026:17:58:22 +0000] "PUT /v3/OS-FEDERATION/identity_providers/atmosphere/protocols/openid HTTP/1.1" 201 222 10.0.0.125 - - [11/Sep/2026:17:58:25 +0000] "GET /v3/ HTTP/1.1" 200 250 10.0.0.125 - - [11/Sep/2026:17:58:25 +0000] "GET /v3/ HTTP/1.1" 200 250 10.0.0.125 - - [11/Sep/2026:17:59:25 +0000] "GET /v3/ HTTP/1.1" 200 250 10.0.0.125 - - [11/Sep/2026:17:59:25 +0000] "GET /v3/ HTTP/1.1" 200 250 10.0.0.93 - - [11/Sep/2026:17:59:49 +0000] "GET / HTTP/1.1" 300 295
[Fri Sep 11 17:59:49.425409 2026] [wsgi:error] [pid 11:tid 140549354878656] [remote 10.0.0.93:52036] 2026-09-11 17:59:49.425 11 WARNING keystone.common.password_hashing [None req-dbe22426-8ee6-4323-acf0-5cd46025a1d9 - - - - - -] Truncating password to algorithm specific maximum length 72 characters.
[Fri Sep 11 17:59:49.720239 2026] [wsgi:error] [pid 11:tid 140549354878656] [remote 10.0.0.93:52036] 2026-09-11 17:59:49.720 11 WARNING keystone.common.fernet_utils [None req-dbe22426-8ee6-4323-acf0-5cd46025a1d9 - - - - - -] key_repository is world readable: /etc/keystone/fernet-keys/ 10.0.0.93 - - [11/Sep/2026:17:59:49 +0000] "POST /v3/auth/tokens HTTP/1.1" 201 1359 10.0.0.93 - - [11/Sep/2026:17:59:49 +0000] "GET /v3/services HTTP/1.1" 200 355 10.0.0.93 - - [11/Sep/2026:17:59:53 +0000] "GET / HTTP/1.1" 300 295
[Fri Sep 11 17:59:53.240992 2026] [wsgi:error] [pid 10:tid 140549354878656] [remote 10.0.0.93:52048] 2026-09-11 17:59:53.240 10 WARNING keystone.common.password_hashing [None req-15406936-4f3e-416c-b539-9937b93b7bf0 - - - - - -] Truncating password to algorithm specific maximum length 72 characters.
[Fri Sep 11 17:59:53.519775 2026] [wsgi:error] [pid 10:tid 140549354878656] [remote 10.0.0.93:52048] 2026-09-11 17:59:53.519 10 WARNING keystone.common.fernet_utils [None req-15406936-4f3e-416c-b539-9937b93b7bf0 - - - - - -] key_repository is world readable: /etc/keystone/fernet-keys/ 10.0.0.93 - - [11/Sep/2026:17:59:53 +0000] "POST /v3/auth/tokens HTTP/1.1" 201 1359 10.0.0.93 - - [11/Sep/2026:17:59:53 +0000] "GET /v3/services HTTP/1.1" 200 355 10.0.0.93 - - [11/Sep/2026:17:59:56 +0000] "GET / HTTP/1.1" 300 295
[Fri Sep 11 17:59:56.967611 2026] [wsgi:error] [pid 9:tid 140549354878656] [remote 10.0.0.93:52056] 2026-09-11 17:59:56.966 9 WARNING keystone.common.password_hashing [None req-feb4a1bb-dcc8-4393-8a8b-4a578a462609 - - - - - -] Truncating password to algorithm specific maximum length 72 characters.
[Fri Sep 11 17:59:57.272257 2026] [wsgi:error] [pid 9:tid 140549354878656] [remote 10.0.0.93:52056] 2026-09-11 17:59:57.272 9 WARNING keystone.common.fernet_utils [None req-feb4a1bb-dcc8-4393-8a8b-4a578a462609 - - - - - -] key_repository is world readable: /etc/keystone/fernet-keys/ 10.0.0.93 - - [11/Sep/2026:17:59:56 +0000] "POST /v3/auth/tokens HTTP/1.1" 201 1359 10.0.0.93 - - [11/Sep/2026:17:59:57 +0000] "GET /v3/services HTTP/1.1" 200 355 10.0.0.93 - - [11/Sep/2026:18:00:00 +0000] "GET / HTTP/1.1" 300 295
[Fri Sep 11 18:00:00.814615 2026] [wsgi:error] [pid 12:tid 140549354878656] [remote 10.0.0.93:39306] 2026-09-11 18:00:00.814 12 WARNING keystone.common.password_hashing [None req-7926ef34-6aaf-4921-a423-c8d718246651 - - - - - -] Truncating password to algorithm specific maximum length 72 characters.
[Fri Sep 11 18:00:01.109126 2026] [wsgi:error] [pid 12:tid 140549354878656] [remote 10.0.0.93:39306] 2026-09-11 18:00:01.108 12 WARNING keystone.common.fernet_utils [None req-7926ef34-6aaf-4921-a423-c8d718246651 - - - - - -] key_repository is world readable: /etc/keystone/fernet-keys/ 10.0.0.93 - - [11/Sep/2026:18:00:00 +0000] "POST /v3/auth/tokens HTTP/1.1" 201 1359 10.0.0.93 - - [11/Sep/2026:18:00:01 +0000] "POST /v3/services HTTP/1.1" 201 296 10.0.0.228 - - [11/Sep/2026:18:00:12 +0000] "GET / HTTP/1.1" 300 295
[Fri Sep 11 18:00:12.998825 2026] [wsgi:error] [pid 11:tid 140549354878656] [remote 10.0.0.228:40454] 2026-09-11 18:00:12.998 11 WARNING keystone.common.password_hashing [None req-c0cf0bda-aaf6-4265-b179-71f981e9f428 - - - - - -] Truncating password to algorithm specific maximum length 72 characters. 10.0.0.228 - - [11/Sep/2026:18:00:13 +0000] "GET / HTTP/1.1" 300 295
[Fri Sep 11 18:00:13.034466 2026] [wsgi:error] [pid 9:tid 140549354878656] [remote 10.0.0.228:40464] 2026-09-11 18:00:13.034 9 WARNING keystone.common.password_hashing [None req-656ec719-05b0-40ef-901c-e8c1cc563be4 - - - - - -] Truncating password to algorithm specific maximum length 72 characters. 10.0.0.228 - - [11/Sep/2026:18:00:13 +0000] "GET / HTTP/1.1" 300 295
[Fri Sep 11 18:00:13.079004 2026] [wsgi:error] [pid 12:tid 140549354878656] [remote 10.0.0.228:40466] 2026-09-11 18:00:13.078 12 WARNING keystone.common.password_hashing [None req-36218a06-bbdf-4887-a8e1-bdfb2c716324 - - - - - -] Truncating password to algorithm specific maximum length 72 characters.
[Fri Sep 11 18:00:13.323308 2026] [wsgi:error] [pid 9:tid 140549354878656] [remote 10.0.0.228:40464] 2026-09-11 18:00:13.323 9 WARNING keystone.common.fernet_utils [None req-656ec719-05b0-40ef-901c-e8c1cc563be4 - - - - - -] key_repository is world readable: /etc/keystone/fernet-keys/ 10.0.0.228 - - [11/Sep/2026:18:00:13 +0000] "POST /v3/auth/tokens HTTP/1.1" 201 1463
[Fri Sep 11 18:00:13.379661 2026] [wsgi:error] [pid 12:tid 140549354878656] [remote 10.0.0.228:40466] 2026-09-11 18:00:13.379 12 WARNING keystone.common.fernet_utils [None req-36218a06-bbdf-4887-a8e1-bdfb2c716324 - - - - - -] key_repository is world readable: /etc/keystone/fernet-keys/ 10.0.0.228 - - [11/Sep/2026:18:00:13 +0000] "POST /v3/auth/tokens HTTP/1.1" 201 1463
[Fri Sep 11 18:00:13.388655 2026] [wsgi:error] [pid 11:tid 140549354878656] [remote 10.0.0.228:40454] 2026-09-11 18:00:13.388 11 WARNING keystone.common.fernet_utils [None req-c0cf0bda-aaf6-4265-b179-71f981e9f428 - - - - - -] key_repository is world readable: /etc/keystone/fernet-keys/ 10.0.0.228 - - [11/Sep/2026:18:00:12 +0000] "POST /v3/auth/tokens HTTP/1.1" 201 1463 10.0.0.228 - - [11/Sep/2026:18:00:13 +0000] "GET /v3/services HTTP/1.1" 200 639 10.0.0.228 - - [11/Sep/2026:18:00:13 +0000] "GET /v3/services HTTP/1.1" 200 639 10.0.0.228 - - [11/Sep/2026:18:00:13 +0000] "GET /v3/services HTTP/1.1" 200 639 10.0.0.228 - - [11/Sep/2026:18:00:14 +0000] "GET / HTTP/1.1" 300 295 10.0.0.228 - - [11/Sep/2026:18:00:14 +0000] "GET / HTTP/1.1" 300 295
[Fri Sep 11 18:00:14.807216 2026] [wsgi:error] [pid 10:tid 140549354878656] [remote 10.0.0.228:40480] 2026-09-11 18:00:14.806 10 WARNING keystone.common.password_hashing [None req-4125b3eb-d694-4c33-9e5b-f3a99d3e65f2 - - - - - -] Truncating password to algorithm specific maximum length 72 characters.
[Fri Sep 11 18:00:14.823495 2026] [wsgi:error] [pid 12:tid 140549354878656] [remote 10.0.0.228:40490] 2026-09-11 18:00:14.823 12 WARNING keystone.common.password_hashing [None req-1ecbb3dc-60b2-488f-b2e4-600da1c53e08 - - - - - -] Truncating password to algorithm specific maximum length 72 characters. 10.0.0.228 - - [11/Sep/2026:18:00:14 +0000] "GET / HTTP/1.1" 300 295
[Fri Sep 11 18:00:14.866825 2026] [wsgi:error] [pid 9:tid 140549354878656] [remote 10.0.0.228:40494] 2026-09-11 18:00:14.866 9 WARNING keystone.common.password_hashing [None req-de7556ac-805f-4e9e-baea-63aa9f19864d - - - - - -] Truncating password to algorithm specific maximum length 72 characters.
[Fri Sep 11 18:00:15.093285 2026] [wsgi:error] [pid 12:tid 140549354878656] [remote 10.0.0.228:40490] 2026-09-11 18:00:15.093 12 WARNING keystone.common.fernet_utils [None req-1ecbb3dc-60b2-488f-b2e4-600da1c53e08 - - - - - -] key_repository is world readable: /etc/keystone/fernet-keys/ 10.0.0.228 - - [11/Sep/2026:18:00:14 +0000] "POST /v3/auth/tokens HTTP/1.1" 201 1463
[Fri Sep 11 18:00:15.110185 2026] [wsgi:error] [pid 10:tid 140549354878656] [remote 10.0.0.228:40480] 2026-09-11 18:00:15.110 10 WARNING keystone.common.fernet_utils [None req-4125b3eb-d694-4c33-9e5b-f3a99d3e65f2 - - - - - -] key_repository is world readable: /etc/keystone/fernet-keys/ 10.0.0.228 - - [11/Sep/2026:18:00:14 +0000] "POST /v3/auth/tokens HTTP/1.1" 201 1463
[Fri Sep 11 18:00:15.168957 2026] [wsgi:error] [pid 9:tid 140549354878656] [remote 10.0.0.228:40494] 2026-09-11 18:00:15.168 9 WARNING keystone.common.fernet_utils [None req-de7556ac-805f-4e9e-baea-63aa9f19864d - - - - - -] key_repository is world readable: /etc/keystone/fernet-keys/ 10.0.0.228 - - [11/Sep/2026:18:00:14 +0000] "POST /v3/auth/tokens HTTP/1.1" 201 1463 10.0.0.228 - - [11/Sep/2026:18:00:15 +0000] "GET /v3/endpoints HTTP/1.1" 200 1226 10.0.0.228 - - [11/Sep/2026:18:00:15 +0000] "GET /v3/services/449aa4e35e3145af9deae2ef7c0d3010 HTTP/1.1" 200 233 10.0.0.228 - - [11/Sep/2026:18:00:15 +0000] "GET /v3/services/449aa4e35e3145af9deae2ef7c0d3010 HTTP/1.1" 200 233 10.0.0.228 - - [11/Sep/2026:18:00:15 +0000] "GET /v3/endpoints HTTP/1.1" 200 1226 10.0.0.228 - - [11/Sep/2026:18:00:15 +0000] "GET /v3/services/449aa4e35e3145af9deae2ef7c0d3010 HTTP/1.1" 200 233 10.0.0.228 - - [11/Sep/2026:18:00:15 +0000] "GET /v3/services/449aa4e35e3145af9deae2ef7c0d3010 HTTP/1.1" 200 233 10.0.0.228 - - [11/Sep/2026:18:00:15 +0000] "GET /v3/services/449aa4e35e3145af9deae2ef7c0d3010 HTTP/1.1" 200 233 10.0.0.228 - - [11/Sep/2026:18:00:15 +0000] "GET /v3/endpoints HTTP/1.1" 200 1226 10.0.0.228 - - [11/Sep/2026:18:00:15 +0000] "GET /v3/services/449aa4e35e3145af9deae2ef7c0d3010 HTTP/1.1" 200 233 10.0.0.228 - - [11/Sep/2026:18:00:15 +0000] "GET /v3/services/449aa4e35e3145af9deae2ef7c0d3010 HTTP/1.1" 200 233 10.0.0.228 - - [11/Sep/2026:18:00:15 +0000] "GET /v3/services/449aa4e35e3145af9deae2ef7c0d3010 HTTP/1.1" 200 233 10.0.0.228 - - [11/Sep/2026:18:00:15 +0000] "GET /v3/services/449aa4e35e3145af9deae2ef7c0d3010 HTTP/1.1" 200 233 10.0.0.228 - - [11/Sep/2026:18:00:16 +0000] "GET / HTTP/1.1" 300 295
[Fri Sep 11 18:00:16.638501 2026] [wsgi:error] [pid 12:tid 140549354878656] [remote 10.0.0.228:40510] 2026-09-11 18:00:16.638 12 WARNING keystone.common.password_hashing [None req-bf8ea4b1-2048-48d6-ad8b-4fa6a6201e3c - - - - - -] Truncating password to algorithm specific maximum length 72 characters. 10.0.0.228 - - [11/Sep/2026:18:00:16 +0000] "GET / HTTP/1.1" 300 295
[Fri Sep 11 18:00:16.684046 2026] [wsgi:error] [pid 9:tid 140549354878656] [remote 10.0.0.228:40514] 2026-09-11 18:00:16.683 9 WARNING keystone.common.password_hashing [None req-157f1b7e-7778-4dc7-8d22-813dd5b93387 - - - - - -] Truncating password to algorithm specific maximum length 72 characters. 10.0.0.228 - - [11/Sep/2026:18:00:16 +0000] "GET / HTTP/1.1" 300 295
[Fri Sep 11 18:00:16.733997 2026] [wsgi:error] [pid 10:tid 140549354878656] [remote 10.0.0.228:40522] 2026-09-11 18:00:16.733 10 WARNING keystone.common.password_hashing [None req-7b2cde47-5e7e-430a-a79f-88daba7db40c - - - - - -] Truncating password to algorithm specific maximum length 72 characters.
[Fri Sep 11 18:00:16.971017 2026] [wsgi:error] [pid 12:tid 140549354878656] [remote 10.0.0.228:40510] 2026-09-11 18:00:16.970 12 WARNING keystone.common.fernet_utils [None req-bf8ea4b1-2048-48d6-ad8b-4fa6a6201e3c - - - - - -] key_repository is world readable: /etc/keystone/fernet-keys/ 10.0.0.228 - - [11/Sep/2026:18:00:16 +0000] "POST /v3/auth/tokens HTTP/1.1" 201 1463
[Fri Sep 11 18:00:17.031291 2026] [wsgi:error] [pid 10:tid 140549354878656] [remote 10.0.0.228:40522] 2026-09-11 18:00:17.031 10 WARNING keystone.common.fernet_utils [None req-7b2cde47-5e7e-430a-a79f-88daba7db40c - - - - - -] key_repository is world readable: /etc/keystone/fernet-keys/ 10.0.0.228 - - [11/Sep/2026:18:00:16 +0000] "POST /v3/auth/tokens HTTP/1.1" 201 1463
[Fri Sep 11 18:00:17.052706 2026] [wsgi:error] [pid 9:tid 140549354878656] [remote 10.0.0.228:40514] 2026-09-11 18:00:17.052 9 WARNING keystone.common.fernet_utils [None req-157f1b7e-7778-4dc7-8d22-813dd5b93387 - - - - - -] key_repository is world readable: /etc/keystone/fernet-keys/ 10.0.0.228 - - [11/Sep/2026:18:00:16 +0000] "POST /v3/auth/tokens HTTP/1.1" 201 1463 10.0.0.228 - - [11/Sep/2026:18:00:17 +0000] "GET /v3/services/77818339846545b083d4c30cc5eeea09 HTTP/1.1" 200 296 10.0.0.228 - - [11/Sep/2026:18:00:17 +0000] "GET /v3/regions/RegionOne HTTP/1.1" 200 173 10.0.0.228 - - [11/Sep/2026:18:00:17 +0000] "GET /v3/services/77818339846545b083d4c30cc5eeea09 HTTP/1.1" 200 296 10.0.0.228 - - [11/Sep/2026:18:00:17 +0000] "GET /v3/services/77818339846545b083d4c30cc5eeea09 HTTP/1.1" 200 296 10.0.0.228 - - [11/Sep/2026:18:00:17 +0000] "GET /v3/regions/RegionOne HTTP/1.1" 200 173 10.0.0.228 - - [11/Sep/2026:18:00:17 +0000] "POST /v3/endpoints HTTP/1.1" 201 383 10.0.0.228 - - [11/Sep/2026:18:00:17 +0000] "GET /v3/regions/RegionOne HTTP/1.1" 200 173 10.0.0.228 - - [11/Sep/2026:18:00:17 +0000] "POST /v3/endpoints HTTP/1.1" 201 369 10.0.0.228 - - [11/Sep/2026:18:00:17 +0000] "POST /v3/endpoints HTTP/1.1" 201 380 10.0.0.228 - - [11/Sep/2026:18:00:18 +0000] "GET / HTTP/1.1" 300 295
[Fri Sep 11 18:00:18.559558 2026] [wsgi:error] [pid 10:tid 140549354878656] [remote 10.0.0.228:54686] 2026-09-11 18:00:18.559 10 WARNING keystone.common.password_hashing [None req-cb0d9711-a8cb-4880-99ec-ec3b17bd4b20 - - - - - -] Truncating password to algorithm specific maximum length 72 characters. 10.0.0.228 - - [11/Sep/2026:18:00:18 +0000] "GET / HTTP/1.1" 300 295
[Fri Sep 11 18:00:18.748618 2026] [wsgi:error] [pid 12:tid 140549354878656] [remote 10.0.0.228:54698] 2026-09-11 18:00:18.748 12 WARNING keystone.common.password_hashing [None req-aca54fea-eb7c-47cd-97c0-c850399caa0b - - - - - -] Truncating password to algorithm specific maximum length 72 characters.
[Fri Sep 11 18:00:18.854956 2026] [wsgi:error] [pid 10:tid 140549354878656] [remote 10.0.0.228:54686] 2026-09-11 18:00:18.854 10 WARNING keystone.common.fernet_utils [None req-cb0d9711-a8cb-4880-99ec-ec3b17bd4b20 - - - - - -] key_repository is world readable: /etc/keystone/fernet-keys/ 10.0.0.228 - - [11/Sep/2026:18:00:18 +0000] "POST /v3/auth/tokens HTTP/1.1" 201 1990 10.0.0.228 - - [11/Sep/2026:18:00:18 +0000] "GET / HTTP/1.1" 300 295
[Fri Sep 11 18:00:18.973308 2026] [wsgi:error] [pid 11:tid 140549354878656] [remote 10.0.0.228:54702] 2026-09-11 18:00:18.972 11 WARNING keystone.common.password_hashing [None req-a25e216c-02a4-402d-9c5b-60b462ddfe98 - - - - - -] Truncating password to algorithm specific maximum length 72 characters. 10.0.0.228 - - [11/Sep/2026:18:00:18 +0000] "GET /v3/endpoints/382cc57c8b8a43518fc141d124637913 HTTP/1.1" 200 383
[Fri Sep 11 18:00:19.029219 2026] [wsgi:error] [pid 12:tid 140549354878656] [remote 10.0.0.228:54698] 2026-09-11 18:00:19.028 12 WARNING keystone.common.fernet_utils [None req-aca54fea-eb7c-47cd-97c0-c850399caa0b - - - - - -] key_repository is world readable: /etc/keystone/fernet-keys/ 10.0.0.228 - - [11/Sep/2026:18:00:18 +0000] "POST /v3/auth/tokens HTTP/1.1" 201 1990 10.0.0.228 - - [11/Sep/2026:18:00:19 +0000] "GET /v3/services/77818339846545b083d4c30cc5eeea09 HTTP/1.1" 200 296 10.0.0.228 - - [11/Sep/2026:18:00:19 +0000] "GET /v3/endpoints/bddefd32d82f41af92e114efe3df654f HTTP/1.1" 200 380 10.0.0.228 - - [11/Sep/2026:18:00:19 +0000] "GET /v3/services/77818339846545b083d4c30cc5eeea09 HTTP/1.1" 200 296
[Fri Sep 11 18:00:19.299965 2026] [wsgi:error] [pid 11:tid 140549354878656] [remote 10.0.0.228:54702] 2026-09-11 18:00:19.299 11 WARNING keystone.common.fernet_utils [None req-a25e216c-02a4-402d-9c5b-60b462ddfe98 - - - - - -] key_repository is world readable: /etc/keystone/fernet-keys/ 10.0.0.228 - - [11/Sep/2026:18:00:18 +0000] "POST /v3/auth/tokens HTTP/1.1" 201 1990 10.0.0.228 - - [11/Sep/2026:18:00:19 +0000] "GET /v3/endpoints/b7e539bfa7cc407da41dffa42277d629 HTTP/1.1" 200 369 10.0.0.228 - - [11/Sep/2026:18:00:19 +0000] "GET /v3/services/77818339846545b083d4c30cc5eeea09 HTTP/1.1" 200 296 10.0.0.125 - - [11/Sep/2026:18:00:25 +0000] "GET /v3/ HTTP/1.1" 200 250 10.0.0.125 - - [11/Sep/2026:18:00:25 +0000] "GET /v3/ HTTP/1.1" 200 250 10.0.0.3 - - [11/Sep/2026:18:00:30 +0000] "GET / HTTP/1.1" 300 295
[Fri Sep 11 18:00:30.209647 2026] [wsgi:error] [pid 10:tid 140549354878656] [remote 10.0.0.3:49872] 2026-09-11 18:00:30.209 10 WARNING keystone.common.password_hashing [None req-845593cf-1057-4f97-9010-91630a11de5e - - - - - -] Truncating password to algorithm specific maximum length 72 characters.
[Fri Sep 11 18:00:30.503701 2026] [wsgi:error] [pid 10:tid 140549354878656] [remote 10.0.0.3:49872] 2026-09-11 18:00:30.503 10 WARNING keystone.common.fernet_utils [None req-845593cf-1057-4f97-9010-91630a11de5e - - - - - -] key_repository is world readable: /etc/keystone/fernet-keys/ 10.0.0.3 - - [11/Sep/2026:18:00:30 +0000] "POST /v3/auth/tokens HTTP/1.1" 201 1990 10.0.0.3 - - [11/Sep/2026:18:00:30 +0000] "POST /v3/domains HTTP/1.1" 201 284 10.0.0.3 - - [11/Sep/2026:18:00:32 +0000] "GET / HTTP/1.1" 300 295
[Fri Sep 11 18:00:32.212295 2026] [wsgi:error] [pid 9:tid 140549354878656] [remote 10.0.0.3:49878] 2026-09-11 18:00:32.211 9 WARNING keystone.common.password_hashing [None req-e753335c-8a43-4dee-a4f2-67b13c07e90c - - - - - -] Truncating password to algorithm specific maximum length 72 characters.
[Fri Sep 11 18:00:32.520676 2026] [wsgi:error] [pid 9:tid 140549354878656] [remote 10.0.0.3:49878] 2026-09-11 18:00:32.520 9 WARNING keystone.common.fernet_utils [None req-e753335c-8a43-4dee-a4f2-67b13c07e90c - - - - - -] key_repository is world readable: /etc/keystone/fernet-keys/ 10.0.0.3 - - [11/Sep/2026:18:00:32 +0000] "POST /v3/auth/tokens HTTP/1.1" 201 1990
[Fri Sep 11 18:00:32.756218 2026] [wsgi:error] [pid 10:tid 140549354878656] [remote 10.0.0.3:49878] 2026-09-11 18:00:32.741 10 ERROR keystone.server.flask.application [None req-b82d4494-88d8-45f5-b732-acab8c182df6 f3edeca166c64f23b1f51b404df3b31d f47f3650901446978f6a9c515572ecb5 - - default default] Conflict occurred attempting to store project - it is not permitted to have two projects acting as domains with the same name: service.: keystone.exception.Conflict: Conflict occurred attempting to store project - it is not permitted to have two projects acting as domains with the same name: service.
[Fri Sep 11 18:00:32.756242 2026] [wsgi:error] [pid 10:tid 140549354878656] [remote 10.0.0.3:49878] 2026-09-11 18:00:32.741 10 ERROR keystone.server.flask.application
Traceback (most recent call last):
[Fri Sep 11 18:00:32.756244 2026] [wsgi:error] [pid 10:tid 140549354878656] [remote 10.0.0.3:49878] 2026-09-11 18:00:32.741 10 ERROR keystone.server.flask.application
File "/var/lib/openstack/lib/python3.12/site-packages/sqlalchemy/engine/base.py", line 1969, in _exec_single_context
[Fri Sep 11 18:00:32.756246 2026] [wsgi:error] [pid 10:tid 140549354878656] [remote 10.0.0.3:49878] 2026-09-11 18:00:32.741 10 ERROR keystone.server.flask.application self.dialect.do_execute(
[Fri Sep 11 18:00:32.756247 2026] [wsgi:error] [pid 10:tid 140549354878656] [remote 10.0.0.3:49878] 2026-09-11 18:00:32.741 10 ERROR keystone.server.flask.application
File "/var/lib/openstack/lib/python3.12/site-packages/sqlalchemy/engine/default.py", line 952, in do_execute
[Fri Sep 11 18:00:32.756249 2026] [wsgi:error] [pid 10:tid 140549354878656] [remote 10.0.0.3:49878] 2026-09-11 18:00:32.741 10 ERROR keystone.server.flask.application cursor.execute(statement, parameters)
[Fri Sep 11 18:00:32.756250 2026] [wsgi:error] [pid 10:tid 140549354878656] [remote 10.0.0.3:49878] 2026-09-11 18:00:32.741 10 ERROR keystone.server.flask.application
File "/var/lib/openstack/lib/python3.12/site-packages/pymysql/cursors.py", line 159, in execute
[Fri Sep 11 18:00:32.756252 2026] [wsgi:error] [pid 10:tid 140549354878656] [remote 10.0.0.3:49878] 2026-09-11 18:00:32.741 10 ERROR keystone.server.flask.application result = self._query(query)
[Fri Sep 11 18:00:32.756253 2026] [wsgi:error] [pid 10:tid 140549354878656] [remote 10.0.0.3:49878] 2026-09-11 18:00:32.741 10 ERROR keystone.server.flask.application ^^^^^^^^^^^^^^^^^^
[Fri Sep 11 18:00:32.756254 2026] [wsgi:error] [pid 10:tid 140549354878656] [remote 10.0.0.3:49878] 2026-09-11 18:00:32.741 10 ERROR keystone.server.flask.application
File "/var/lib/openstack/lib/python3.12/site-packages/pymysql/cursors.py", line 330, in _query
[Fri Sep 11 18:00:32.756256 2026] [wsgi:error] [pid 10:tid 140549354878656] [remote 10.0.0.3:49878] 2026-09-11 18:00:32.741 10 ERROR keystone.server.flask.application conn.query(q)
[Fri Sep 11 18:00:32.756257 2026] [wsgi:error] [pid 10:tid 140549354878656] [remote 10.0.0.3:49878] 2026-09-11 18:00:32.741 10 ERROR keystone.server.flask.application
File "/var/lib/openstack/lib/python3.12/site-packages/pymysql/connections.py", line 582, in query
[Fri Sep 11 18:00:32.756259 2026] [wsgi:error] [pid 10:tid 140549354878656] [remote 10.0.0.3:49878] 2026-09-11 18:00:32.741 10 ERROR keystone.server.flask.application self._affected_rows = self._read_query_result(unbuffered=unbuffered)
[Fri Sep 11 18:00:32.756260 2026] [wsgi:error] [pid 10:tid 140549354878656] [remote 10.0.0.3:49878] 2026-09-11 18:00:32.741 10 ERROR keystone.server.flask.application ^^^^^^^^^^^^^^^^^^^^^^^^^^^^^^^^^^^^^^^^^^^^^^
[Fri Sep 11 18:00:32.756262 2026] [wsgi:error] [pid 10:tid 140549354878656] [remote 10.0.0.3:49878] 2026-09-11 18:00:32.741 10 ERROR keystone.server.flask.application
File "/var/lib/openstack/lib/python3.12/site-packages/pymysql/connections.py", line 847, in _read_query_result
[Fri Sep 11 18:00:32.756263 2026] [wsgi:error] [pid 10:tid 140549354878656] [remote 10.0.0.3:49878] 2026-09-11 18:00:32.741 10 ERROR keystone.server.flask.application result.read()
[Fri Sep 11 18:00:32.756266 2026] [wsgi:error] [pid 10:tid 140549354878656] [remote 10.0.0.3:49878] 2026-09-11 18:00:32.741 10 ERROR keystone.server.flask.application
File "/var/lib/openstack/lib/python3.12/site-packages/pymysql/connections.py", line 1245, in read
[Fri Sep 11 18:00:32.756268 2026] [wsgi:error] [pid 10:tid 140549354878656] [remote 10.0.0.3:49878] 2026-09-11 18:00:32.741 10 ERROR keystone.server.flask.application first_packet = self.connection._read_packet()
[Fri Sep 11 18:00:32.756269 2026] [wsgi:error] [pid 10:tid 140549354878656] [remote 10.0.0.3:49878] 2026-09-11 18:00:32.741 10 ERROR keystone.server.flask.application ^^^^^^^^^^^^^^^^^^^^^^^^^^^^^^
[Fri Sep 11 18:00:32.756270 2026] [wsgi:error] [pid 10:tid 140549354878656] [remote 10.0.0.3:49878] 2026-09-11 18:00:32.741 10 ERROR keystone.server.flask.application
File "/var/lib/openstack/lib/python3.12/site-packages/pymysql/connections.py", line 803, in _read_packet
[Fri Sep 11 18:00:32.756272 2026] [wsgi:error] [pid 10:tid 140549354878656] [remote 10.0.0.3:49878] 2026-09-11 18:00:32.741 10 ERROR keystone.server.flask.application packet.raise_for_error()
[Fri Sep 11 18:00:32.756273 2026] [wsgi:error] [pid 10:tid 140549354878656] [remote 10.0.0.3:49878] 2026-09-11 18:00:32.741 10 ERROR keystone.server.flask.application
File "/var/lib/openstack/lib/python3.12/site-packages/pymysql/protocol.py", line 219, in raise_for_error
[Fri Sep 11 18:00:32.756275 2026] [wsgi:error] [pid 10:tid 140549354878656] [remote 10.0.0.3:49878] 2026-09-11 18:00:32.741 10 ERROR keystone.server.flask.application err.raise_mysql_exception(self._data)
[Fri Sep 11 18:00:32.756277 2026] [wsgi:error] [pid 10:tid 140549354878656] [remote 10.0.0.3:49878] 2026-09-11 18:00:32.741 10 ERROR keystone.server.flask.application
File "/var/lib/openstack/lib/python3.12/site-packages/pymysql/err.py", line 154, in raise_mysql_exception
[Fri Sep 11 18:00:32.756279 2026] [wsgi:error] [pid 10:tid 140549354878656] [remote 10.0.0.3:49878] 2026-09-11 18:00:32.741 10 ERROR keystone.server.flask.application raise errorclass(errno, errval, sqlstate=sqlstate)
[Fri Sep 11 18:00:32.756280 2026] [wsgi:error] [pid 10:tid 140549354878656] [remote 10.0.0.3:49878] 2026-09-11 18:00:32.741 10 ERROR keystone.server.flask.application pymysql.err.IntegrityError: (1062, "Duplicate entry '<>-service' for key 'project.ixu_project_name_domain_id'")
[Fri Sep 11 18:00:32.756282 2026] [wsgi:error] [pid 10:tid 140549354878656] [remote 10.0.0.3:49878] 2026-09-11 18:00:32.741 10 ERROR keystone.server.flask.application
[Fri Sep 11 18:00:32.756283 2026] [wsgi:error] [pid 10:tid 140549354878656] [remote 10.0.0.3:49878] 2026-09-11 18:00:32.741 10 ERROR keystone.server.flask.application The above exception was the direct cause of the following exception:
[Fri Sep 11 18:00:32.756284 2026] [wsgi:error] [pid 10:tid 140549354878656] [remote 10.0.0.3:49878] 2026-09-11 18:00:32.741 10 ERROR keystone.server.flask.application
[Fri Sep 11 18:00:32.756286 2026] [wsgi:error] [pid 10:tid 140549354878656] [remote 10.0.0.3:49878] 2026-09-11 18:00:32.741 10 ERROR keystone.server.flask.application
Traceback (most recent call last):
[Fri Sep 11 18:00:32.756287 2026] [wsgi:error] [pid 10:tid 140549354878656] [remote 10.0.0.3:49878] 2026-09-11 18:00:32.741 10 ERROR keystone.server.flask.application
File "/var/lib/openstack/lib/python3.12/site-packages/keystone/common/sql/core.py", line 575, in wrapper
[Fri Sep 11 18:00:32.756288 2026] [wsgi:error] [pid 10:tid 140549354878656] [remote 10.0.0.3:49878] 2026-09-11 18:00:32.741 10 ERROR keystone.server.flask.application return method(*args, **kwargs)
[Fri Sep 11 18:00:32.756290 2026] [wsgi:error] [pid 10:tid 140549354878656] [remote 10.0.0.3:49878] 2026-09-11 18:00:32.741 10 ERROR keystone.server.flask.application ^^^^^^^^^^^^^^^^^^^^^^^
[Fri Sep 11 18:00:32.756291 2026] [wsgi:error] [pid 10:tid 140549354878656] [remote 10.0.0.3:49878] 2026-09-11 18:00:32.741 10 ERROR keystone.server.flask.application
File "/var/lib/openstack/lib/python3.12/site-packages/keystone/resource/backends/sql.py", line 278, in create_project
[Fri Sep 11 18:00:32.756293 2026] [wsgi:error] [pid 10:tid 140549354878656] [remote 10.0.0.3:49878] 2026-09-11 18:00:32.741 10 ERROR keystone.server.flask.application with sql.session_for_write() as session:
[Fri Sep 11 18:00:32.756295 2026] [wsgi:error] [pid 10:tid 140549354878656] [remote 10.0.0.3:49878] 2026-09-11 18:00:32.741 10 ERROR keystone.server.flask.application
File "/usr/lib/python3.12/contextlib.py", line 144, in __exit__
[Fri Sep 11 18:00:32.756296 2026] [wsgi:error] [pid 10:tid 140549354878656] [remote 10.0.0.3:49878] 2026-09-11 18:00:32.741 10 ERROR keystone.server.flask.application next(self.gen)
[Fri Sep 11 18:00:32.756297 2026] [wsgi:error] [pid 10:tid 140549354878656] [remote 10.0.0.3:49878] 2026-09-11 18:00:32.741 10 ERROR keystone.server.flask.application
File "/var/lib/openstack/lib/python3.12/site-packages/oslo_db/sqlalchemy/enginefacade.py", line 1175, in _transaction_scope
[Fri Sep 11 18:00:32.756299 2026] [wsgi:error] [pid 10:tid 140549354878656] [remote 10.0.0.3:49878] 2026-09-11 18:00:32.741 10 ERROR keystone.server.flask.application with current._produce_block(
[Fri Sep 11 18:00:32.756300 2026] [wsgi:error] [pid 10:tid 140549354878656] [remote 10.0.0.3:49878] 2026-09-11 18:00:32.741 10 ERROR keystone.server.flask.application
File "/usr/lib/python3.12/contextlib.py", line 144, in __exit__
[Fri Sep 11 18:00:32.756302 2026] [wsgi:error] [pid 10:tid 140549354878656] [remote 10.0.0.3:49878] 2026-09-11 18:00:32.741 10 ERROR keystone.server.flask.application next(self.gen)
[Fri Sep 11 18:00:32.756303 2026] [wsgi:error] [pid 10:tid 140549354878656] [remote 10.0.0.3:49878] 2026-09-11 18:00:32.741 10 ERROR keystone.server.flask.application
File "/var/lib/openstack/lib/python3.12/site-packages/oslo_db/sqlalchemy/enginefacade.py", line 837, in _session
[Fri Sep 11 18:00:32.756304 2026] [wsgi:error] [pid 10:tid 140549354878656] [remote 10.0.0.3:49878] 2026-09-11 18:00:32.741 10 ERROR keystone.server.flask.application with excutils.save_and_reraise_exception():
[Fri Sep 11 18:00:32.756306 2026] [wsgi:error] [pid 10:tid 140549354878656] [remote 10.0.0.3:49878] 2026-09-11 18:00:32.741 10 ERROR keystone.server.flask.application
File "/var/lib/openstack/lib/python3.12/site-packages/oslo_utils/excutils.py", line 266, in __exit__
[Fri Sep 11 18:00:32.756307 2026] [wsgi:error] [pid 10:tid 140549354878656] [remote 10.0.0.3:49878] 2026-09-11 18:00:32.741 10 ERROR keystone.server.flask.application self.force_reraise()
[Fri Sep 11 18:00:32.756308 2026] [wsgi:error] [pid 10:tid 140549354878656] [remote 10.0.0.3:49878] 2026-09-11 18:00:32.741 10 ERROR keystone.server.flask.application
File "/var/lib/openstack/lib/python3.12/site-packages/oslo_utils/excutils.py", line 232, in force_reraise
[Fri Sep 11 18:00:32.756310 2026] [wsgi:error] [pid 10:tid 140549354878656] [remote 10.0.0.3:49878] 2026-09-11 18:00:32.741 10 ERROR keystone.server.flask.application raise self.value
[Fri Sep 11 18:00:32.756311 2026] [wsgi:error] [pid 10:tid 140549354878656] [remote 10.0.0.3:49878] 2026-09-11 18:00:32.741 10 ERROR keystone.server.flask.application
File "/var/lib/openstack/lib/python3.12/site-packages/oslo_db/sqlalchemy/enginefacade.py", line 835, in _session
[Fri Sep 11 18:00:32.756313 2026] [wsgi:error] [pid 10:tid 140549354878656] [remote 10.0.0.3:49878] 2026-09-11 18:00:32.741 10 ERROR keystone.server.flask.application self._end_session_transaction(self.session)
[Fri Sep 11 18:00:32.756314 2026] [wsgi:error] [pid 10:tid 140549354878656] [remote 10.0.0.3:49878] 2026-09-11 18:00:32.741 10 ERROR keystone.server.flask.application
File "/var/lib/openstack/lib/python3.12/site-packages/oslo_db/sqlalchemy/enginefacade.py", line 748, in _end_session_transaction
[Fri Sep 11 18:00:32.756315 2026] [wsgi:error] [pid 10:tid 140549354878656] [remote 10.0.0.3:49878] 2026-09-11 18:00:32.741 10 ERROR keystone.server.flask.application session.commit()
[Fri Sep 11 18:00:32.756319 2026] [wsgi:error] [pid 10:tid 140549354878656] [remote 10.0.0.3:49878] 2026-09-11 18:00:32.741 10 ERROR keystone.server.flask.application
File "/var/lib/openstack/lib/python3.12/site-packages/sqlalchemy/orm/session.py", line 2034, in commit
[Fri Sep 11 18:00:32.756338 2026] [wsgi:error] [pid 10:tid 140549354878656] [remote 10.0.0.3:49878] 2026-09-11 18:00:32.741 10 ERROR keystone.server.flask.application trans.commit(_to_root=True)
[Fri Sep 11 18:00:32.756339 2026] [wsgi:error] [pid 10:tid 140549354878656] [remote 10.0.0.3:49878] 2026-09-11 18:00:32.741 10 ERROR keystone.server.flask.application File "", line 2, in commit
[Fri Sep 11 18:00:32.756341 2026] [wsgi:error] [pid 10:tid 140549354878656] [remote 10.0.0.3:49878] 2026-09-11 18:00:32.741 10 ERROR keystone.server.flask.application
File "/var/lib/openstack/lib/python3.12/site-packages/sqlalchemy/orm/state_changes.py", line 137, in _go
[Fri Sep 11 18:00:32.756343 2026] [wsgi:error] [pid 10:tid 140549354878656] [remote 10.0.0.3:49878] 2026-09-11 18:00:32.741 10 ERROR keystone.server.flask.application ret_value = fn(self, *arg, **kw)
[Fri Sep 11 18:00:32.756344 2026] [wsgi:error] [pid 10:tid 140549354878656] [remote 10.0.0.3:49878] 2026-09-11 18:00:32.741 10 ERROR keystone.server.flask.application ^^^^^^^^^^^^^^^^^^^^
[Fri Sep 11 18:00:32.756346 2026] [wsgi:error] [pid 10:tid 140549354878656] [remote 10.0.0.3:49878] 2026-09-11 18:00:32.741 10 ERROR keystone.server.flask.application
File "/var/lib/openstack/lib/python3.12/site-packages/sqlalchemy/orm/session.py", line 1315, in commit
[Fri Sep 11 18:00:32.756348 2026] [wsgi:error] [pid 10:tid 140549354878656] [remote 10.0.0.3:49878] 2026-09-11 18:00:32.741 10 ERROR keystone.server.flask.application self._prepare_impl()
[Fri Sep 11 18:00:32.756349 2026] [wsgi:error] [pid 10:tid 140549354878656] [remote 10.0.0.3:49878] 2026-09-11 18:00:32.741 10 ERROR keystone.server.flask.application File "", line 2, in _prepare_impl
[Fri Sep 11 18:00:32.756351 2026] [wsgi:error] [pid 10:tid 140549354878656] [remote 10.0.0.3:49878] 2026-09-11 18:00:32.741 10 ERROR keystone.server.flask.application
File "/var/lib/openstack/lib/python3.12/site-packages/sqlalchemy/orm/state_changes.py", line 137, in _go
[Fri Sep 11 18:00:32.756352 2026] [wsgi:error] [pid 10:tid 140549354878656] [remote 10.0.0.3:49878] 2026-09-11 18:00:32.741 10 ERROR keystone.server.flask.application ret_value = fn(self, *arg, **kw)
[Fri Sep 11 18:00:32.756354 2026] [wsgi:error] [pid 10:tid 140549354878656] [remote 10.0.0.3:49878] 2026-09-11 18:00:32.741 10 ERROR keystone.server.flask.application ^^^^^^^^^^^^^^^^^^^^
[Fri Sep 11 18:00:32.756356 2026] [wsgi:error] [pid 10:tid 140549354878656] [remote 10.0.0.3:49878] 2026-09-11 18:00:32.741 10 ERROR keystone.server.flask.application
File "/var/lib/openstack/lib/python3.12/site-packages/sqlalchemy/orm/session.py", line 1290, in _prepare_impl
[Fri Sep 11 18:00:32.756357 2026] [wsgi:error] [pid 10:tid 140549354878656] [remote 10.0.0.3:49878] 2026-09-11 18:00:32.741 10 ERROR keystone.server.flask.application self.session.flush()
[Fri Sep 11 18:00:32.756359 2026] [wsgi:error] [pid 10:tid 140549354878656] [remote 10.0.0.3:49878] 2026-09-11 18:00:32.741 10 ERROR keystone.server.flask.application
File "/var/lib/openstack/lib/python3.12/site-packages/sqlalchemy/orm/session.py", line 4352, in flush
[Fri Sep 11 18:00:32.756361 2026] [wsgi:error] [pid 10:tid 140549354878656] [remote 10.0.0.3:49878] 2026-09-11 18:00:32.741 10 ERROR keystone.server.flask.application self._flush(objects)
[Fri Sep 11 18:00:32.756363 2026] [wsgi:error] [pid 10:tid 140549354878656] [remote 10.0.0.3:49878] 2026-09-11 18:00:32.741 10 ERROR keystone.server.flask.application
File "/var/lib/openstack/lib/python3.12/site-packages/sqlalchemy/orm/session.py", line 4487, in _flush
[Fri Sep 11 18:00:32.756364 2026] [wsgi:error] [pid 10:tid 140549354878656] [remote 10.0.0.3:49878] 2026-09-11 18:00:32.741 10 ERROR keystone.server.flask.application with util.safe_reraise():
[Fri Sep 11 18:00:32.756367 2026] [wsgi:error] [pid 10:tid 140549354878656] [remote 10.0.0.3:49878] 2026-09-11 18:00:32.741 10 ERROR keystone.server.flask.application
File "/var/lib/openstack/lib/python3.12/site-packages/sqlalchemy/util/langhelpers.py", line 122, in __exit__
[Fri Sep 11 18:00:32.756368 2026] [wsgi:error] [pid 10:tid 140549354878656] [remote 10.0.0.3:49878] 2026-09-11 18:00:32.741 10 ERROR keystone.server.flask.application raise exc_value.with_traceback(exc_tb)
[Fri Sep 11 18:00:32.756370 2026] [wsgi:error] [pid 10:tid 140549354878656] [remote 10.0.0.3:49878] 2026-09-11 18:00:32.741 10 ERROR keystone.server.flask.application
File "/var/lib/openstack/lib/python3.12/site-packages/sqlalchemy/orm/session.py", line 4448, in _flush
[Fri Sep 11 18:00:32.756371 2026] [wsgi:error] [pid 10:tid 140549354878656] [remote 10.0.0.3:49878] 2026-09-11 18:00:32.741 10 ERROR keystone.server.flask.application flush_context.execute()
[Fri Sep 11 18:00:32.756372 2026] [wsgi:error] [pid 10:tid 140549354878656] [remote 10.0.0.3:49878] 2026-09-11 18:00:32.741 10 ERROR keystone.server.flask.application
File "/var/lib/openstack/lib/python3.12/site-packages/sqlalchemy/orm/unitofwork.py", line 465, in execute
