2026-09-11 19:05:16.452 8 WARNING neutron.scheduler.dhcp_agent_scheduler [None req-32c93205-0847-43c5-8b0e-7543b41ae50d 44ff242e731246a880198df40ed15088 02e67371284548c79fd185124e2343c6 - - default default] No more DHCP agents
2026-09-11 19:05:16.454 8 WARNING neutron.api.rpc.agentnotifiers.dhcp_rpc_agent_api [None req-32c93205-0847-43c5-8b0e-7543b41ae50d 44ff242e731246a880198df40ed15088 02e67371284548c79fd185124e2343c6 - - default default] Unable to schedule network 32421793-3932-476d-9e7f-bce4dd1ce9e3: no agents available; will retry on subsequent port and subnet creation events.
2026-09-11 19:05:16.551 7 INFO neutron.plugins.ml2.drivers.ovn.mech_driver.mech_driver [None req-5c803f78-b8cc-4adc-8969-06d8335867e1 - - - - - -] OVN reports status down for port: f1f9b141-fe3b-4e08-8061-737cea000ca3
2026-09-11 19:05:16.581 8 INFO neutron.db.ovn_revision_numbers_db [None req-32c93205-0847-43c5-8b0e-7543b41ae50d 44ff242e731246a880198df40ed15088 02e67371284548c79fd185124e2343c6 - - default default] Successfully bumped revision number for resource f1f9b141-fe3b-4e08-8061-737cea000ca3 (type: ports) to 1 [pid: 8|app: 0|req: 1215/2377] 10.0.0.149 () {34 vars in 664 bytes} [Fri Sep 11 19:05:16 2026] POST /v2.0/ports => generated 743 bytes in 516 msecs (HTTP/1.1 201) 4 headers in 162 bytes (1 switches on core 0) [pid: 7|app: 0|req: 1163/2378] 10.0.0.149 () {34 vars in 747 bytes} [Fri Sep 11 19:05:16 2026] PUT /v2.0/ports/a0b7b588-ad39-4e68-822e-deeecb944c45/tags => generated 17 bytes in 126 msecs (HTTP/1.1 200) 4 headers in 156 bytes (1 switches on core 0) /var/lib/openstack/lib/python3.12/site-packages/pycadf/identifier.py:70: UserWarning: Invalid uuid: neutron. To ensure interoperability, identifiers should be a valid uuid. warnings.warn(('Invalid uuid: %s. To ensure interoperability, ' [pid: 8|app: 0|req: 1216/2379] 10.0.0.149 () {34 vars in 747 bytes} [Fri Sep 11 19:05:16 2026] PUT /v2.0/ports/0f20cb67-7e94-4aad-98cc-d41e2e88fba6/tags => generated 25 bytes in 112 msecs (HTTP/1.1 200) 4 headers in 156 bytes (1 switches on core 0) /var/lib/openstack/lib/python3.12/site-packages/pycadf/identifier.py:70: UserWarning: Invalid uuid: neutron. To ensure interoperability, identifiers should be a valid uuid. warnings.warn(('Invalid uuid: %s. To ensure interoperability, ' [pid: 7|app: 0|req: 1164/2380] 10.0.0.149 () {34 vars in 747 bytes} [Fri Sep 11 19:05:16 2026] PUT /v2.0/ports/ea8746e9-31f8-4ef4-aa01-0b62dafc533c/tags => generated 34 bytes in 108 msecs (HTTP/1.1 200) 4 headers in 156 bytes (1 switches on core 0) /var/lib/openstack/lib/python3.12/site-packages/pycadf/identifier.py:70: UserWarning: Invalid uuid: neutron. To ensure interoperability, identifiers should be a valid uuid. warnings.warn(('Invalid uuid: %s. To ensure interoperability, ' [pid: 8|app: 0|req: 1217/2381] 10.0.0.149 () {34 vars in 747 bytes} [Fri Sep 11 19:05:16 2026] PUT /v2.0/ports/dcef1885-29d4-45e8-a8e0-602961be86e3/tags => generated 19 bytes in 129 msecs (HTTP/1.1 200) 4 headers in 156 bytes (1 switches on core 0) /var/lib/openstack/lib/python3.12/site-packages/pycadf/identifier.py:70: UserWarning: Invalid uuid: neutron. To ensure interoperability, identifiers should be a valid uuid. warnings.warn(('Invalid uuid: %s. To ensure interoperability, ' [pid: 7|app: 0|req: 1165/2382] 10.0.0.149 () {32 vars in 660 bytes} [Fri Sep 11 19:05:17 2026] GET /v2.0/ports?tags=red => generated 2253 bytes in 210 msecs (HTTP/1.1 200) 4 headers in 158 bytes (1 switches on core 0) /var/lib/openstack/lib/python3.12/site-packages/pycadf/identifier.py:70: UserWarning: Invalid uuid: neutron. To ensure interoperability, identifiers should be a valid uuid. warnings.warn(('Invalid uuid: %s. To ensure interoperability, ' [pid: 8|app: 0|req: 1218/2383] 10.0.0.149 () {32 vars in 674 bytes} [Fri Sep 11 19:05:17 2026] GET /v2.0/ports?tags=red%2Cblue => generated 1513 bytes in 104 msecs (HTTP/1.1 200) 4 headers in 158 bytes (1 switches on core 0) [pid: 7|app: 0|req: 1166/2384] 10.0.0.149 () {32 vars in 670 bytes} [Fri Sep 11 19:05:17 2026] GET /v2.0/ports?tags-any=blue => generated 1513 bytes in 108 msecs (HTTP/1.1 200) 4 headers in 158 bytes (1 switches on core 0) [pid: 8|app: 0|req: 1219/2385] 10.0.0.149 () {32 vars in 682 bytes} [Fri Sep 11 19:05:17 2026] GET /v2.0/ports?tags-any=red%2Cblue => generated 2253 bytes in 208 msecs (HTTP/1.1 200) 4 headers in 158 bytes (1 switches on core 0) [pid: 7|app: 0|req: 1167/2386] 10.0.0.149 () {32 vars in 668 bytes} [Fri Sep 11 19:05:17 2026] GET /v2.0/ports?not-tags=red => generated 5268 bytes in 220 msecs (HTTP/1.1 200) 4 headers in 158 bytes (1 switches on core 0) [pid: 8|app: 0|req: 1220/2387] 10.0.0.149 () {32 vars in 682 bytes} [Fri Sep 11 19:05:18 2026] GET /v2.0/ports?not-tags=red%2Cblue => generated 6008 bytes in 101 msecs (HTTP/1.1 200) 4 headers in 158 bytes (1 switches on core 0) [pid: 7|app: 0|req: 1168/2388] 10.0.0.149 () {32 vars in 678 bytes} [Fri Sep 11 19:05:18 2026] GET /v2.0/ports?not-tags-any=blue => generated 6008 bytes in 77 msecs (HTTP/1.1 200) 4 headers in 158 bytes (1 switches on core 0) [pid: 8|app: 0|req: 1221/2391] 10.0.0.149 () {32 vars in 690 bytes} [Fri Sep 11 19:05:18 2026] GET /v2.0/ports?not-tags-any=red%2Cblue => generated 5268 bytes in 90 msecs (HTTP/1.1 200) 4 headers in 158 bytes (1 switches on core 0)
2026-09-11 19:05:18.472 7 INFO neutron_taas.services.taas.taas_plugin [None req-e9c4c7cb-e3d9-499c-9ee7-c784dc6cd385 44ff242e731246a880198df40ed15088 02e67371284548c79fd185124e2343c6 - - default default] TaaS: Handle Delete Port: a0b7b588-ad39-4e68-822e-deeecb944c45
2026-09-11 19:05:18.476 7 INFO neutron_taas.services.taas.tap_mirror_plugin [None req-e9c4c7cb-e3d9-499c-9ee7-c784dc6cd385 44ff242e731246a880198df40ed15088 02e67371284548c79fd185124e2343c6 - - default default] Tap Mirror: Handle Delete Port: a0b7b588-ad39-4e68-822e-deeecb944c45 [pid: 7|app: 0|req: 1171/2392] 10.0.0.149 () {32 vars in 720 bytes} [Fri Sep 11 19:05:18 2026] DELETE /v2.0/ports/a0b7b588-ad39-4e68-822e-deeecb944c45 => generated 0 bytes in 349 msecs (HTTP/1.1 204) 3 headers in 131 bytes (1 switches on core 0)
2026-09-11 19:05:18.841 8 INFO neutron_taas.services.taas.taas_plugin [None req-488acc93-8bfe-48e2-ae4f-9af7a6f036c3 44ff242e731246a880198df40ed15088 02e67371284548c79fd185124e2343c6 - - default default] TaaS: Handle Delete Port: 0f20cb67-7e94-4aad-98cc-d41e2e88fba6
2026-09-11 19:05:18.844 8 INFO neutron_taas.services.taas.tap_mirror_plugin [None req-488acc93-8bfe-48e2-ae4f-9af7a6f036c3 44ff242e731246a880198df40ed15088 02e67371284548c79fd185124e2343c6 - - default default] Tap Mirror: Handle Delete Port: 0f20cb67-7e94-4aad-98cc-d41e2e88fba6 [pid: 8|app: 0|req: 1222/2393] 10.0.0.149 () {32 vars in 720 bytes} [Fri Sep 11 19:05:18 2026] DELETE /v2.0/ports/0f20cb67-7e94-4aad-98cc-d41e2e88fba6 => generated 0 bytes in 303 msecs (HTTP/1.1 204) 3 headers in 131 bytes (1 switches on core 0)
2026-09-11 19:05:19.139 7 INFO neutron_taas.services.taas.taas_plugin [None req-a17aaf01-635b-406b-a0ec-e48d3ce16a93 44ff242e731246a880198df40ed15088 02e67371284548c79fd185124e2343c6 - - default default] TaaS: Handle Delete Port: ea8746e9-31f8-4ef4-aa01-0b62dafc533c
2026-09-11 19:05:19.142 7 INFO neutron_taas.services.taas.tap_mirror_plugin [None req-a17aaf01-635b-406b-a0ec-e48d3ce16a93 44ff242e731246a880198df40ed15088 02e67371284548c79fd185124e2343c6 - - default default] Tap Mirror: Handle Delete Port: ea8746e9-31f8-4ef4-aa01-0b62dafc533c [pid: 7|app: 0|req: 1172/2394] 10.0.0.149 () {32 vars in 720 bytes} [Fri Sep 11 19:05:18 2026] DELETE /v2.0/ports/ea8746e9-31f8-4ef4-aa01-0b62dafc533c => generated 0 bytes in 376 msecs (HTTP/1.1 204) 3 headers in 131 bytes (1 switches on core 0)
2026-09-11 19:05:19.553 8 INFO neutron_taas.services.taas.taas_plugin [None req-9211ddab-b878-4c4c-aca9-b4f0c5f74171 44ff242e731246a880198df40ed15088 02e67371284548c79fd185124e2343c6 - - default default] TaaS: Handle Delete Port: dcef1885-29d4-45e8-a8e0-602961be86e3
2026-09-11 19:05:19.559 8 INFO neutron_taas.services.taas.tap_mirror_plugin [None req-9211ddab-b878-4c4c-aca9-b4f0c5f74171 44ff242e731246a880198df40ed15088 02e67371284548c79fd185124e2343c6 - - default default] Tap Mirror: Handle Delete Port: dcef1885-29d4-45e8-a8e0-602961be86e3 [pid: 8|app: 0|req: 1223/2395] 10.0.0.149 () {32 vars in 720 bytes} [Fri Sep 11 19:05:19 2026] DELETE /v2.0/ports/dcef1885-29d4-45e8-a8e0-602961be86e3 => generated 0 bytes in 347 msecs (HTTP/1.1 204) 3 headers in 131 bytes (1 switches on core 0)
2026-09-11 19:05:19.866 7 INFO neutron_taas.services.taas.taas_plugin [None req-036e4c2f-9ce6-47fa-a7c4-969f55fee05f 44ff242e731246a880198df40ed15088 02e67371284548c79fd185124e2343c6 - - default default] TaaS: Handle Delete Port: f1f9b141-fe3b-4e08-8061-737cea000ca3
2026-09-11 19:05:19.869 7 INFO neutron_taas.services.taas.tap_mirror_plugin [None req-036e4c2f-9ce6-47fa-a7c4-969f55fee05f 44ff242e731246a880198df40ed15088 02e67371284548c79fd185124e2343c6 - - default default] Tap Mirror: Handle Delete Port: f1f9b141-fe3b-4e08-8061-737cea000ca3 [pid: 7|app: 0|req: 1173/2396] 10.0.0.149 () {32 vars in 720 bytes} [Fri Sep 11 19:05:19 2026] DELETE /v2.0/ports/f1f9b141-fe3b-4e08-8061-737cea000ca3 => generated 0 bytes in 278 msecs (HTTP/1.1 204) 3 headers in 131 bytes (1 switches on core 0) [pid: 8|app: 0|req: 1224/2397] 10.0.0.159 () {34 vars in 990 bytes} [Fri Sep 11 19:05:19 2026] GET /v2.0/ports?device_id=08326771-b37c-4ab0-a3e8-ac24bfcfba2c => generated 1014 bytes in 115 msecs (HTTP/1.1 200) 4 headers in 158 bytes (1 switches on core 0) [pid: 8|app: 0|req: 1225/2398] 10.0.0.159 () {34 vars in 1120 bytes} [Fri Sep 11 19:05:20 2026] GET /v2.0/security-groups?id=b95bc611-22e4-486e-9707-a0ac12c91b7c&id=d34570d8-18e8-40a0-a8e5-b6c4c532dd67&fields=id&fields=name => generated 207 bytes in 45 msecs (HTTP/1.1 200) 4 headers in 157 bytes (1 switches on core 0)
2026-09-11 19:05:20.142 7 INFO neutron_taas.services.taas.taas_plugin [None req-e215767b-49dc-4f17-a769-ca7d17277684 44ff242e731246a880198df40ed15088 02e67371284548c79fd185124e2343c6 - - default default] TaaS: Handle Delete Port: ded87909-7f2b-458c-80ee-d602e205f0e4
2026-09-11 19:05:20.149 7 INFO neutron_taas.services.taas.tap_mirror_plugin [None req-e215767b-49dc-4f17-a769-ca7d17277684 44ff242e731246a880198df40ed15088 02e67371284548c79fd185124e2343c6 - - default default] Tap Mirror: Handle Delete Port: ded87909-7f2b-458c-80ee-d602e205f0e4 [pid: 8|app: 0|req: 1226/2399] 10.0.0.149 () {32 vars in 736 bytes} [Fri Sep 11 19:05:20 2026] GET /v2.0/ports?device_id=08326771-b37c-4ab0-a3e8-ac24bfcfba2c => generated 1274 bytes in 254 msecs (HTTP/1.1 200) 4 headers in 158 bytes (1 switches on core 0)
2026-09-11 19:05:20.436 7 INFO neutron.services.segments.plugin [-] Segment a8a573e5-9fe7-4756-9709-2740d7b34fbd resource provider aggregate not found
2026-09-11 19:05:20.445 7 INFO neutron.services.segments.plugin [-] Segment a8a573e5-9fe7-4756-9709-2740d7b34fbd resource provider aggregate not found
2026-09-11 19:05:20.466 7 INFO neutron.services.segments.plugin [-] Client error retrieving segment a8a573e5-9fe7-4756-9709-2740d7b34fbd resource provider; error: Placement Client Error (4xx): {"errors": [{"status": 404, "title": "Not Found", "detail": "The resource could not be found.\n\n No resource provider with uuid a8a573e5-9fe7-4756-9709-2740d7b34fbd found for delete ", "request_id": "req-ea94e62e-94bd-4ef5-bd45-8272797860d5"}]}
2026-09-11 19:05:20.473 7 INFO neutron.services.segments.plugin [-] Client error retrieving segment a8a573e5-9fe7-4756-9709-2740d7b34fbd resource provider; error: Placement Client Error (4xx): {"errors": [{"status": 404, "title": "Not Found", "detail": "The resource could not be found.\n\n No resource provider with uuid a8a573e5-9fe7-4756-9709-2740d7b34fbd found for delete ", "request_id": "req-80d0cf63-2e2a-4bb7-aa02-a75ed67debe5"}]} [pid: 8|app: 0|req: 1227/2400] 10.0.0.149 () {32 vars in 858 bytes} [Fri Sep 11 19:05:20 2026] GET /v2.0/floatingips?floating_network_id=a1f6cd3c-e224-4621-be2c-783ee9774b95&port_id=29805dc0-1344-497a-b937-603d5d038e9a => generated 861 bytes in 92 msecs (HTTP/1.1 200) 4 headers in 157 bytes (1 switches on core 0) [pid: 7|app: 0|req: 1174/2401] 10.0.0.149 () {32 vars in 726 bytes} [Fri Sep 11 19:05:19 2026] DELETE /v2.0/networks/20dfaaf3-7f24-450b-a2a7-580b71782692 => generated 0 bytes in 512 msecs (HTTP/1.1 204) 3 headers in 131 bytes (1 switches on core 0)
2026-09-11 19:05:20.685 8 INFO neutron_taas.services.taas.taas_plugin [None req-22dd91f5-43d9-40ed-ae40-ded15aa9fa84 44ff242e731246a880198df40ed15088 02e67371284548c79fd185124e2343c6 - - default default] TaaS: Handle Delete Port: 31cd64b6-072c-4a5b-bcc5-d9f16380658d
2026-09-11 19:05:20.692 8 INFO neutron_taas.services.taas.tap_mirror_plugin [None req-22dd91f5-43d9-40ed-ae40-ded15aa9fa84 44ff242e731246a880198df40ed15088 02e67371284548c79fd185124e2343c6 - - default default] Tap Mirror: Handle Delete Port: 31cd64b6-072c-4a5b-bcc5-d9f16380658d
2026-09-11 19:05:20.886 7 INFO neutron.db.ovn_revision_numbers_db [None req-0e7ea9cb-9424-43e5-a695-8a1a508eaf0e 93a35f03b1fe455bae9ab47f5fd045f0 07e6f123dc8b43da83f7e255a9d9f4b2 - - default default] Successfully bumped revision number for resource 9d7fbc6d-8eda-4f05-acf5-ec17398d58cb (type: security_groups) to 1
2026-09-11 19:05:20.919 7 INFO neutron.db.ovn_revision_numbers_db [None req-0e7ea9cb-9424-43e5-a695-8a1a508eaf0e 93a35f03b1fe455bae9ab47f5fd045f0 07e6f123dc8b43da83f7e255a9d9f4b2 - - default default] Successfully bumped revision number for resource 955de689-e3f4-4417-9c71-27428efcb81b (type: security_group_rules) to 0
2026-09-11 19:05:20.943 7 INFO neutron.db.ovn_revision_numbers_db [None req-0e7ea9cb-9424-43e5-a695-8a1a508eaf0e 93a35f03b1fe455bae9ab47f5fd045f0 07e6f123dc8b43da83f7e255a9d9f4b2 - - default default] Successfully bumped revision number for resource a670a3d6-4f4a-41bd-8755-4273e9f8fa88 (type: security_group_rules) to 0
2026-09-11 19:05:20.965 7 INFO neutron.db.ovn_revision_numbers_db [None req-0e7ea9cb-9424-43e5-a695-8a1a508eaf0e 93a35f03b1fe455bae9ab47f5fd045f0 07e6f123dc8b43da83f7e255a9d9f4b2 - - default default] Successfully bumped revision number for resource b77ac34e-026c-4488-a7cd-2b2c1e63c837 (type: security_group_rules) to 0
2026-09-11 19:05:20.990 7 INFO neutron.db.ovn_revision_numbers_db [None req-0e7ea9cb-9424-43e5-a695-8a1a508eaf0e 93a35f03b1fe455bae9ab47f5fd045f0 07e6f123dc8b43da83f7e255a9d9f4b2 - - default default] Successfully bumped revision number for resource c5f0dfd7-bb92-4f5f-bc6f-20c4b840f268 (type: security_group_rules) to 0
2026-09-11 19:05:20.996 8 INFO neutron.services.segments.plugin [-] Segment b0664a8a-d5d1-4562-b27a-077e6816dbe5 resource provider aggregate not found
2026-09-11 19:05:21.001 8 INFO neutron.services.segments.plugin [-] Segment b0664a8a-d5d1-4562-b27a-077e6816dbe5 resource provider aggregate not found
2026-09-11 19:05:21.023 8 INFO neutron.services.segments.plugin [-] Client error retrieving segment b0664a8a-d5d1-4562-b27a-077e6816dbe5 resource provider; error: Placement Client Error (4xx): {"errors": [{"status": 404, "title": "Not Found", "detail": "The resource could not be found.\n\n No resource provider with uuid b0664a8a-d5d1-4562-b27a-077e6816dbe5 found for delete ", "request_id": "req-445cb4ac-c095-46ee-bb64-e2b687a2eb53"}]}
2026-09-11 19:05:21.027 8 INFO neutron.services.segments.plugin [-] Client error retrieving segment b0664a8a-d5d1-4562-b27a-077e6816dbe5 resource provider; error: Placement Client Error (4xx): {"errors": [{"status": 404, "title": "Not Found", "detail": "The resource could not be found.\n\n No resource provider with uuid b0664a8a-d5d1-4562-b27a-077e6816dbe5 found for delete ", "request_id": "req-f20378fa-1fe4-49b9-a504-49be2300fe6d"}]} [pid: 8|app: 0|req: 1228/2402] 10.0.0.149 () {32 vars in 726 bytes} [Fri Sep 11 19:05:20 2026] DELETE /v2.0/networks/5b32352e-bccc-4e8a-80e1-4cdaf4349945 => generated 0 bytes in 541 msecs (HTTP/1.1 204) 3 headers in 131 bytes (1 switches on core 0) [pid: 8|app: 0|req: 1229/2403] 10.0.0.212 () {34 vars in 990 bytes} [Fri Sep 11 19:05:21 2026] GET /v2.0/ports?device_id=08326771-b37c-4ab0-a3e8-ac24bfcfba2c => generated 1274 bytes in 45 msecs (HTTP/1.1 200) 4 headers in 158 bytes (1 switches on core 0)
2026-09-11 19:05:21.138 7 INFO neutron.db.segments_db [None req-0e7ea9cb-9424-43e5-a695-8a1a508eaf0e 93a35f03b1fe455bae9ab47f5fd045f0 07e6f123dc8b43da83f7e255a9d9f4b2 - - default default] Added segment 61a4dc49-cf39-4f2f-ac34-24e0830c0d9e of type geneve for network ee4685bb-f0b8-482f-9a2e-307e2cec3337
2026-09-11 19:05:21.332 8 INFO neutron_taas.services.taas.taas_plugin [None req-c8431b41-0d2d-4c33-bf2f-d6e4d8ac215e 44ff242e731246a880198df40ed15088 02e67371284548c79fd185124e2343c6 - - default default] TaaS: Handle Delete Port: 970fab0f-deb6-4570-912f-6ec55360a438
2026-09-11 19:05:21.341 8 INFO neutron_taas.services.taas.tap_mirror_plugin [None req-c8431b41-0d2d-4c33-bf2f-d6e4d8ac215e 44ff242e731246a880198df40ed15088 02e67371284548c79fd185124e2343c6 - - default default] Tap Mirror: Handle Delete Port: 970fab0f-deb6-4570-912f-6ec55360a438
2026-09-11 19:05:21.369 7 INFO neutron.db.ovn_revision_numbers_db [None req-0e7ea9cb-9424-43e5-a695-8a1a508eaf0e 93a35f03b1fe455bae9ab47f5fd045f0 07e6f123dc8b43da83f7e255a9d9f4b2 - - default default] Successfully bumped revision number for resource ee4685bb-f0b8-482f-9a2e-307e2cec3337 (type: networks) to 1
2026-09-11 19:05:21.580 7 WARNING neutron.scheduler.dhcp_agent_scheduler [None req-0e7ea9cb-9424-43e5-a695-8a1a508eaf0e 93a35f03b1fe455bae9ab47f5fd045f0 07e6f123dc8b43da83f7e255a9d9f4b2 - - default default] No more DHCP agents
2026-09-11 19:05:21.582 7 WARNING neutron.api.rpc.agentnotifiers.dhcp_rpc_agent_api [None req-0e7ea9cb-9424-43e5-a695-8a1a508eaf0e 93a35f03b1fe455bae9ab47f5fd045f0 07e6f123dc8b43da83f7e255a9d9f4b2 - - default default] Unable to schedule network ee4685bb-f0b8-482f-9a2e-307e2cec3337: no agents available; will retry on subsequent port and subnet creation events.
2026-09-11 19:05:21.657 7 INFO neutron.plugins.ml2.drivers.ovn.mech_driver.mech_driver [None req-5c803f78-b8cc-4adc-8969-06d8335867e1 - - - - - -] OVN reports status down for port: c2e09207-b3b0-48fc-8410-050a4d5731f1 [pid: 8|app: 0|req: 1230/2404] 10.0.0.149 () {32 vars in 726 bytes} [Fri Sep 11 19:05:21 2026] DELETE /v2.0/networks/2a47a90a-d7d1-4c98-bd51-0415ee9adf4a => generated 0 bytes in 598 msecs (HTTP/1.1 204) 3 headers in 131 bytes (1 switches on core 0) [pid: 8|app: 0|req: 1231/2405] 10.0.0.212 () {34 vars in 1120 bytes} [Fri Sep 11 19:05:21 2026] GET /v2.0/security-groups?id=b95bc611-22e4-486e-9707-a0ac12c91b7c&id=d34570d8-18e8-40a0-a8e5-b6c4c532dd67&fields=id&fields=name => generated 207 bytes in 48 msecs (HTTP/1.1 200) 4 headers in 157 bytes (1 switches on core 0)
2026-09-11 19:05:21.913 8 INFO neutron_taas.services.taas.taas_plugin [None req-aa24b92c-67c8-4a4a-bfe4-a7e0ffdc8985 44ff242e731246a880198df40ed15088 02e67371284548c79fd185124e2343c6 - - default default] TaaS: Handle Delete Port: 4bfab3e0-85c0-4d6e-adf6-3ccd43808dc7
2026-09-11 19:05:21.917 8 INFO neutron_taas.services.taas.tap_mirror_plugin [None req-aa24b92c-67c8-4a4a-bfe4-a7e0ffdc8985 44ff242e731246a880198df40ed15088 02e67371284548c79fd185124e2343c6 - - default default] Tap Mirror: Handle Delete Port: 4bfab3e0-85c0-4d6e-adf6-3ccd43808dc7 [pid: 8|app: 0|req: 1232/2406] 10.0.0.149 () {32 vars in 726 bytes} [Fri Sep 11 19:05:21 2026] DELETE /v2.0/networks/f0737bef-aa36-4253-aaa9-a6535f553b36 => generated 0 bytes in 473 msecs (HTTP/1.1 204) 3 headers in 131 bytes (1 switches on core 0)
2026-09-11 19:05:22.461 8 INFO neutron_taas.services.taas.taas_plugin [None req-3b8bd4f7-90d4-4ed1-8f9e-e6c4bdd4f866 44ff242e731246a880198df40ed15088 02e67371284548c79fd185124e2343c6 - - default default] TaaS: Handle Delete Port: 44f26079-51ae-4df7-ab38-ea24a6c2673c
2026-09-11 19:05:22.466 8 INFO neutron_taas.services.taas.tap_mirror_plugin [None req-3b8bd4f7-90d4-4ed1-8f9e-e6c4bdd4f866 44ff242e731246a880198df40ed15088 02e67371284548c79fd185124e2343c6 - - default default] Tap Mirror: Handle Delete Port: 44f26079-51ae-4df7-ab38-ea24a6c2673c
2026-09-11 19:05:22.551 7 INFO neutron.db.ovn_revision_numbers_db [None req-0e7ea9cb-9424-43e5-a695-8a1a508eaf0e 93a35f03b1fe455bae9ab47f5fd045f0 07e6f123dc8b43da83f7e255a9d9f4b2 - - default default] Successfully bumped revision number for resource c2e09207-b3b0-48fc-8410-050a4d5731f1 (type: ports) to 1 [pid: 7|app: 0|req: 1175/2407] 10.0.0.149 () {34 vars in 670 bytes} [Fri Sep 11 19:05:20 2026] POST /v2.0/networks => generated 678 bytes in 2077 msecs (HTTP/1.1 201) 4 headers in 162 bytes (1 switches on core 0) [pid: 8|app: 0|req: 1233/2408] 10.0.0.149 () {32 vars in 726 bytes} [Fri Sep 11 19:05:22 2026] DELETE /v2.0/networks/32421793-3932-476d-9e7f-bce4dd1ce9e3 => generated 0 bytes in 493 msecs (HTTP/1.1 204) 3 headers in 131 bytes (1 switches on core 0)
2026-09-11 19:05:22.935 7 WARNING neutron.scheduler.dhcp_agent_scheduler [None req-2d6e68c6-118c-4038-b1f0-730d0b2810f6 93a35f03b1fe455bae9ab47f5fd045f0 07e6f123dc8b43da83f7e255a9d9f4b2 - - default default] No more DHCP agents
2026-09-11 19:05:22.937 7 WARNING neutron.api.rpc.agentnotifiers.dhcp_rpc_agent_api [None req-2d6e68c6-118c-4038-b1f0-730d0b2810f6 93a35f03b1fe455bae9ab47f5fd045f0 07e6f123dc8b43da83f7e255a9d9f4b2 - - default default] Unable to schedule network ee4685bb-f0b8-482f-9a2e-307e2cec3337: no agents available; will retry on subsequent port and subnet creation events.
2026-09-11 19:05:23.056 8 INFO neutron.services.segments.plugin [-] Segment e3aabdf2-ee93-4391-a05b-781a42a8bb9f resource provider aggregate not found
2026-09-11 19:05:23.062 8 INFO neutron.services.segments.plugin [-] Segment e3aabdf2-ee93-4391-a05b-781a42a8bb9f resource provider aggregate not found
2026-09-11 19:05:23.084 8 INFO neutron.services.segments.plugin [-] Client error retrieving segment e3aabdf2-ee93-4391-a05b-781a42a8bb9f resource provider; error: Placement Client Error (4xx): {"errors": [{"status": 404, "title": "Not Found", "detail": "The resource could not be found.\n\n No resource provider with uuid e3aabdf2-ee93-4391-a05b-781a42a8bb9f found for delete ", "request_id": "req-28d13c2a-e85a-41e7-ac49-1d2afa19f505"}]}
2026-09-11 19:05:23.089 8 INFO neutron.services.segments.plugin [-] Client error retrieving segment e3aabdf2-ee93-4391-a05b-781a42a8bb9f resource provider; error: Placement Client Error (4xx): {"errors": [{"status": 404, "title": "Not Found", "detail": "The resource could not be found.\n\n No resource provider with uuid e3aabdf2-ee93-4391-a05b-781a42a8bb9f found for delete ", "request_id": "req-4b5262b0-250b-4e80-a913-ec6d8516d38c"}]}
2026-09-11 19:05:23.105 8 INFO neutron.services.segments.plugin [-] Segment dad511ad-a18a-4534-ba14-62081ea8af53 resource provider aggregate not found
2026-09-11 19:05:23.111 8 INFO neutron.services.segments.plugin [-] Segment dad511ad-a18a-4534-ba14-62081ea8af53 resource provider aggregate not found
2026-09-11 19:05:23.128 8 INFO neutron.services.segments.plugin [-] Client error retrieving segment dad511ad-a18a-4534-ba14-62081ea8af53 resource provider; error: Placement Client Error (4xx): {"errors": [{"status": 404, "title": "Not Found", "detail": "The resource could not be found.\n\n No resource provider with uuid dad511ad-a18a-4534-ba14-62081ea8af53 found for delete ", "request_id": "req-d9d872e9-6bac-41d7-8738-480c1fd697b4"}]}
2026-09-11 19:05:23.139 8 INFO neutron.services.segments.plugin [-] Client error retrieving segment dad511ad-a18a-4534-ba14-62081ea8af53 resource provider; error: Placement Client Error (4xx): {"errors": [{"status": 404, "title": "Not Found", "detail": "The resource could not be found.\n\n No resource provider with uuid dad511ad-a18a-4534-ba14-62081ea8af53 found for delete ", "request_id": "req-1589f017-1c2b-4c49-9d59-aa048d9647d2"}]}
2026-09-11 19:05:23.148 8 INFO neutron.services.segments.plugin [-] Segment 80b6184b-ca81-4eca-a028-9b9e5b096bdc resource provider aggregate not found
2026-09-11 19:05:23.169 8 INFO neutron.services.segments.plugin [-] Segment 80b6184b-ca81-4eca-a028-9b9e5b096bdc resource provider aggregate not found
2026-09-11 19:05:23.172 8 INFO neutron.services.segments.plugin [-] Client error retrieving segment 80b6184b-ca81-4eca-a028-9b9e5b096bdc resource provider; error: Placement Client Error (4xx): {"errors": [{"status": 404, "title": "Not Found", "detail": "The resource could not be found.\n\n No resource provider with uuid 80b6184b-ca81-4eca-a028-9b9e5b096bdc found for delete ", "request_id": "req-86cfcff5-00c4-4ed8-80b8-b0d515525d94"}]}
2026-09-11 19:05:23.196 8 INFO neutron.services.segments.plugin [-] Client error retrieving segment 80b6184b-ca81-4eca-a028-9b9e5b096bdc resource provider; error: Placement Client Error (4xx): {"errors": [{"status": 404, "title": "Not Found", "detail": "The resource could not be found.\n\n No resource provider with uuid 80b6184b-ca81-4eca-a028-9b9e5b096bdc found for delete ", "request_id": "req-a390dfac-e59b-4b91-b0d5-9b9a11b3e210"}]}
2026-09-11 19:05:23.648 7 INFO neutron.db.ovn_revision_numbers_db [None req-2d6e68c6-118c-4038-b1f0-730d0b2810f6 93a35f03b1fe455bae9ab47f5fd045f0 07e6f123dc8b43da83f7e255a9d9f4b2 - - default default] Successfully bumped revision number for resource c2e09207-b3b0-48fc-8410-050a4d5731f1 (type: ports) to 2
2026-09-11 19:05:23.684 7 INFO neutron.db.ovn_revision_numbers_db [None req-2d6e68c6-118c-4038-b1f0-730d0b2810f6 93a35f03b1fe455bae9ab47f5fd045f0 07e6f123dc8b43da83f7e255a9d9f4b2 - - default default] Successfully bumped revision number for resource f6fd24db-4dfb-4431-a922-8c71f7d273e1 (type: subnets) to 0 [pid: 7|app: 0|req: 1176/2409] 10.0.0.149 () {34 vars in 669 bytes} [Fri Sep 11 19:05:22 2026] POST /v2.0/subnets => generated 657 bytes in 1077 msecs (HTTP/1.1 201) 4 headers in 162 bytes (1 switches on core 0)
2026-09-11 19:05:23.939 7 WARNING neutron.db.securitygroups_db [None req-54825a15-8e6c-42ed-b874-859ddb765e32 f3edeca166c64f23b1f51b404df3b31d f47f3650901446978f6a9c515572ecb5 - - default default] project_id key not found in filters, using tenant_id instead. This support has been deprecated and will be removed in a future release. [pid: 8|app: 0|req: 1234/2410] 10.0.0.149 () {32 vars in 722 bytes} [Fri Sep 11 19:05:23 2026] GET /v2.0/subnetpools?name=shared-default-subnetpool-v6 => generated 19 bytes in 287 msecs (HTTP/1.1 200) 4 headers in 156 bytes (1 switches on core 0)
2026-09-11 19:05:24.145 7 INFO neutron.db.ovn_revision_numbers_db [None req-54825a15-8e6c-42ed-b874-859ddb765e32 f3edeca166c64f23b1f51b404df3b31d f47f3650901446978f6a9c515572ecb5 - - default default] Successfully bumped revision number for resource 4471773d-3099-4085-963a-cf6e5c38e3bd (type: security_groups) to 1
2026-09-11 19:05:24.167 7 INFO neutron.db.ovn_revision_numbers_db [None req-54825a15-8e6c-42ed-b874-859ddb765e32 f3edeca166c64f23b1f51b404df3b31d f47f3650901446978f6a9c515572ecb5 - - default default] Successfully bumped revision number for resource 50e68251-aad5-419e-b103-ed4e64ab732e (type: security_group_rules) to 0
2026-09-11 19:05:24.193 7 INFO neutron.db.ovn_revision_numbers_db [None req-54825a15-8e6c-42ed-b874-859ddb765e32 f3edeca166c64f23b1f51b404df3b31d f47f3650901446978f6a9c515572ecb5 - - default default] Successfully bumped revision number for resource 6e7e6b3e-056a-42c6-ad04-53733ce35279 (type: security_group_rules) to 0
2026-09-11 19:05:24.217 7 INFO neutron.db.ovn_revision_numbers_db [None req-54825a15-8e6c-42ed-b874-859ddb765e32 f3edeca166c64f23b1f51b404df3b31d f47f3650901446978f6a9c515572ecb5 - - default default] Successfully bumped revision number for resource a982d815-1748-41fc-951b-262c1f291926 (type: security_group_rules) to 0
2026-09-11 19:05:24.241 7 INFO neutron.db.ovn_revision_numbers_db [None req-54825a15-8e6c-42ed-b874-859ddb765e32 f3edeca166c64f23b1f51b404df3b31d f47f3650901446978f6a9c515572ecb5 - - default default] Successfully bumped revision number for resource db5ad5dc-7efb-4074-80a6-c331def45f85 (type: security_group_rules) to 0
2026-09-11 19:05:24.289 8 WARNING neutron.scheduler.dhcp_agent_scheduler [None req-9414208f-2dd9-487c-824d-466c9e64c73d 93a35f03b1fe455bae9ab47f5fd045f0 07e6f123dc8b43da83f7e255a9d9f4b2 - - default default] No more DHCP agents
2026-09-11 19:05:24.292 8 WARNING neutron.api.rpc.agentnotifiers.dhcp_rpc_agent_api [None req-9414208f-2dd9-487c-824d-466c9e64c73d 93a35f03b1fe455bae9ab47f5fd045f0 07e6f123dc8b43da83f7e255a9d9f4b2 - - default default] Unable to schedule network ee4685bb-f0b8-482f-9a2e-307e2cec3337: no agents available; will retry on subsequent port and subnet creation events. [pid: 7|app: 0|req: 1177/2411] 10.0.0.149 () {32 vars in 774 bytes} [Fri Sep 11 19:05:23 2026] GET /v2.0/security-groups?tenant_id=ac4a62402a0541489192c2a18332c5f9&name=default => generated 2925 bytes in 509 msecs (HTTP/1.1 200) 4 headers in 158 bytes (1 switches on core 0)
2026-09-11 19:05:24.334 8 INFO neutron.db.ovn_revision_numbers_db [None req-9414208f-2dd9-487c-824d-466c9e64c73d 93a35f03b1fe455bae9ab47f5fd045f0 07e6f123dc8b43da83f7e255a9d9f4b2 - - default default] Successfully bumped revision number for resource 4a0e8a52-3ad4-4fae-8214-ab9517ec681f (type: subnets) to 0 [pid: 8|app: 0|req: 1235/2412] 10.0.0.149 () {34 vars in 669 bytes} [Fri Sep 11 19:05:24 2026] POST /v2.0/subnets => generated 732 bytes in 357 msecs (HTTP/1.1 201) 4 headers in 162 bytes (1 switches on core 0) [pid: 7|app: 0|req: 1178/2413] 10.0.0.159 () {34 vars in 990 bytes} [Fri Sep 11 19:05:24 2026] GET /v2.0/ports?device_id=08326771-b37c-4ab0-a3e8-ac24bfcfba2c => generated 1014 bytes in 115 msecs (HTTP/1.1 200) 4 headers in 158 bytes (1 switches on core 0)
2026-09-11 19:05:24.590 7 INFO neutron.db.segments_db [None req-d2a6fb16-9175-43a9-96ab-13e253148ad3 93a35f03b1fe455bae9ab47f5fd045f0 07e6f123dc8b43da83f7e255a9d9f4b2 - - default default] Added segment 9492f54d-c6d5-4e51-9507-e9d8800b6896 of type geneve for network d162a3d6-aed4-41c9-9d50-01fef4240fc0 [pid: 8|app: 0|req: 1236/2414] 10.0.0.149 () {32 vars in 740 bytes} [Fri Sep 11 19:05:24 2026] DELETE /v2.0/security-groups/4471773d-3099-4085-963a-cf6e5c38e3bd => generated 0 bytes in 235 msecs (HTTP/1.1 204) 2 headers in 112 bytes (1 switches on core 0) [pid: 8|app: 0|req: 1237/2415] 10.0.0.159 () {34 vars in 1120 bytes} [Fri Sep 11 19:05:24 2026] GET /v2.0/security-groups?id=b95bc611-22e4-486e-9707-a0ac12c91b7c&id=d34570d8-18e8-40a0-a8e5-b6c4c532dd67&fields=id&fields=name => generated 207 bytes in 47 msecs (HTTP/1.1 200) 4 headers in 157 bytes (1 switches on core 0)
2026-09-11 19:05:24.721 8 WARNING neutron.db.securitygroups_db [None req-c2ae018e-2d8f-4d2c-a261-6bf95f71346b f3edeca166c64f23b1f51b404df3b31d f47f3650901446978f6a9c515572ecb5 - - default default] project_id key not found in filters, using tenant_id instead. This support has been deprecated and will be removed in a future release.
2026-09-11 19:05:24.745 7 INFO neutron.db.ovn_revision_numbers_db [None req-d2a6fb16-9175-43a9-96ab-13e253148ad3 93a35f03b1fe455bae9ab47f5fd045f0 07e6f123dc8b43da83f7e255a9d9f4b2 - - default default] Successfully bumped revision number for resource d162a3d6-aed4-41c9-9d50-01fef4240fc0 (type: networks) to 1
2026-09-11 19:05:24.865 8 INFO neutron.db.ovn_revision_numbers_db [None req-c2ae018e-2d8f-4d2c-a261-6bf95f71346b f3edeca166c64f23b1f51b404df3b31d f47f3650901446978f6a9c515572ecb5 - - default default] Successfully bumped revision number for resource 28455af5-2847-4168-b10d-87d0d0f108dd (type: security_groups) to 1
2026-09-11 19:05:24.880 8 INFO neutron.db.ovn_revision_numbers_db [None req-c2ae018e-2d8f-4d2c-a261-6bf95f71346b f3edeca166c64f23b1f51b404df3b31d f47f3650901446978f6a9c515572ecb5 - - default default] Successfully bumped revision number for resource 183e0637-c949-45f3-b0cb-6b63cc26a047 (type: security_group_rules) to 0
2026-09-11 19:05:24.900 8 INFO neutron.db.ovn_revision_numbers_db [None req-c2ae018e-2d8f-4d2c-a261-6bf95f71346b f3edeca166c64f23b1f51b404df3b31d f47f3650901446978f6a9c515572ecb5 - - default default] Successfully bumped revision number for resource 570fb883-7445-409a-8b56-1f92101672b3 (type: security_group_rules) to 0
2026-09-11 19:05:24.918 8 INFO neutron.db.ovn_revision_numbers_db [None req-c2ae018e-2d8f-4d2c-a261-6bf95f71346b f3edeca166c64f23b1f51b404df3b31d f47f3650901446978f6a9c515572ecb5 - - default default] Successfully bumped revision number for resource e8206b9b-ba53-4834-b284-b9b6711400f2 (type: security_group_rules) to 0
2026-09-11 19:05:24.938 8 INFO neutron.db.ovn_revision_numbers_db [None req-c2ae018e-2d8f-4d2c-a261-6bf95f71346b f3edeca166c64f23b1f51b404df3b31d f47f3650901446978f6a9c515572ecb5 - - default default] Successfully bumped revision number for resource efc8c2ab-8733-4f41-98a2-929df63a0af5 (type: security_group_rules) to 0 [pid: 8|app: 0|req: 1238/2416] 10.0.0.149 () {32 vars in 774 bytes} [Fri Sep 11 19:05:24 2026] GET /v2.0/security-groups?tenant_id=f7eeda5f4289401f88135e8aff89228e&name=default => generated 2925 bytes in 292 msecs (HTTP/1.1 200) 4 headers in 158 bytes (1 switches on core 0)
2026-09-11 19:05:25.050 7 WARNING neutron.scheduler.dhcp_agent_scheduler [None req-d2a6fb16-9175-43a9-96ab-13e253148ad3 93a35f03b1fe455bae9ab47f5fd045f0 07e6f123dc8b43da83f7e255a9d9f4b2 - - default default] No more DHCP agents
2026-09-11 19:05:25.052 7 WARNING neutron.api.rpc.agentnotifiers.dhcp_rpc_agent_api [None req-d2a6fb16-9175-43a9-96ab-13e253148ad3 93a35f03b1fe455bae9ab47f5fd045f0 07e6f123dc8b43da83f7e255a9d9f4b2 - - default default] Unable to schedule network d162a3d6-aed4-41c9-9d50-01fef4240fc0: no agents available; will retry on subsequent port and subnet creation events.
2026-09-11 19:05:25.113 7 INFO neutron.plugins.ml2.drivers.ovn.mech_driver.mech_driver [None req-5c803f78-b8cc-4adc-8969-06d8335867e1 - - - - - -] OVN reports status down for port: 29805dc0-1344-497a-b937-603d5d038e9a
2026-09-11 19:05:25.259 7 INFO neutron.db.ovn_revision_numbers_db [None req-d2a6fb16-9175-43a9-96ab-13e253148ad3 93a35f03b1fe455bae9ab47f5fd045f0 07e6f123dc8b43da83f7e255a9d9f4b2 - - default default] Successfully bumped revision number for resource f37f3325-242d-42c5-b612-c6e471393063 (type: ports) to 1 [pid: 8|app: 0|req: 1239/2417] 10.0.0.149 () {32 vars in 740 bytes} [Fri Sep 11 19:05:25 2026] DELETE /v2.0/security-groups/28455af5-2847-4168-b10d-87d0d0f108dd => generated 0 bytes in 318 msecs (HTTP/1.1 204) 2 headers in 112 bytes (1 switches on core 0) [pid: 7|app: 0|req: 1179/2418] 10.0.0.149 () {34 vars in 670 bytes} [Fri Sep 11 19:05:24 2026] POST /v2.0/networks => generated 675 bytes in 932 msecs (HTTP/1.1 201) 4 headers in 162 bytes (1 switches on core 0)
2026-09-11 19:05:25.424 7 INFO neutron.notifiers.nova [-] Nova event matching ['req-179373cb-78a0-400f-992a-84caa43504fa'] response: {'server_uuid': '08326771-b37c-4ab0-a3e8-ac24bfcfba2c', 'name': 'network-vif-unplugged', 'status': 'completed', 'tag': '29805dc0-1344-497a-b937-603d5d038e9a', 'code': 200}
2026-09-11 19:05:25.533 7 WARNING neutron.db.securitygroups_db [None req-d0d57822-bbe2-4354-a0a7-b4e68dd8b486 f3edeca166c64f23b1f51b404df3b31d f47f3650901446978f6a9c515572ecb5 - - default default] project_id key not found in filters, using tenant_id instead. This support has been deprecated and will be removed in a future release.
2026-09-11 19:05:25.586 8 WARNING neutron.scheduler.dhcp_agent_scheduler [None req-85406e53-6596-4ce8-879a-9695c983b6d4 93a35f03b1fe455bae9ab47f5fd045f0 07e6f123dc8b43da83f7e255a9d9f4b2 - - default default] No more DHCP agents
2026-09-11 19:05:25.589 8 WARNING neutron.api.rpc.agentnotifiers.dhcp_rpc_agent_api [None req-85406e53-6596-4ce8-879a-9695c983b6d4 93a35f03b1fe455bae9ab47f5fd045f0 07e6f123dc8b43da83f7e255a9d9f4b2 - - default default] Unable to schedule network d162a3d6-aed4-41c9-9d50-01fef4240fc0: no agents available; will retry on subsequent port and subnet creation events. [pid: 7|app: 0|req: 1180/2419] 10.0.0.149 () {32 vars in 774 bytes} [Fri Sep 11 19:05:25 2026] GET /v2.0/security-groups?tenant_id=02e67371284548c79fd185124e2343c6&name=default => generated 2925 bytes in 76 msecs (HTTP/1.1 200) 4 headers in 158 bytes (1 switches on core 0)
2026-09-11 19:05:25.595 7 INFO neutron.db.ovn_revision_numbers_db [None req-5c803f78-b8cc-4adc-8969-06d8335867e1 - - - - - -] Successfully bumped revision number for resource 29805dc0-1344-497a-b937-603d5d038e9a (type: ports) to 6
2026-09-11 19:05:25.747 7 INFO neutron.plugins.ml2.drivers.ovn.mech_driver.mech_driver [None req-445b76a8-fa8c-4781-9b50-588182c2d69b - - - - - -] OVN reports status down for port: f37f3325-242d-42c5-b612-c6e471393063 [pid: 7|app: 0|req: 1181/2420] 10.0.0.149 () {32 vars in 740 bytes} [Fri Sep 11 19:05:25 2026] DELETE /v2.0/security-groups/c8c5adc0-0521-4559-9d36-bb5502a72d67 => generated 0 bytes in 357 msecs (HTTP/1.1 204) 2 headers in 112 bytes (1 switches on core 0) /var/lib/openstack/lib/python3.12/site-packages/pycadf/identifier.py:70: UserWarning: Invalid uuid: neutron. To ensure interoperability, identifiers should be a valid uuid. warnings.warn(('Invalid uuid: %s. To ensure interoperability, ' [pid: 7|app: 0|req: 1182/2421] 10.0.0.159 () {34 vars in 990 bytes} [Fri Sep 11 19:05:25 2026] GET /v2.0/ports?device_id=08326771-b37c-4ab0-a3e8-ac24bfcfba2c => generated 1012 bytes in 72 msecs (HTTP/1.1 200) 4 headers in 158 bytes (1 switches on core 0)
2026-09-11 19:05:26.194 8 INFO neutron.db.ovn_revision_numbers_db [None req-85406e53-6596-4ce8-879a-9695c983b6d4 93a35f03b1fe455bae9ab47f5fd045f0 07e6f123dc8b43da83f7e255a9d9f4b2 - - default default] Successfully bumped revision number for resource f37f3325-242d-42c5-b612-c6e471393063 (type: ports) to 2
2026-09-11 19:05:26.261 8 INFO neutron.db.ovn_revision_numbers_db [None req-85406e53-6596-4ce8-879a-9695c983b6d4 93a35f03b1fe455bae9ab47f5fd045f0 07e6f123dc8b43da83f7e255a9d9f4b2 - - default default] Successfully bumped revision number for resource cc9ba4ba-25d5-446e-9d5e-7f148fae136f (type: subnets) to 0 [pid: 8|app: 0|req: 1240/2422] 10.0.0.149 () {34 vars in 669 bytes} [Fri Sep 11 19:05:25 2026] POST /v2.0/subnets => generated 654 bytes in 920 msecs (HTTP/1.1 201) 4 headers in 162 bytes (1 switches on core 0) [pid: 8|app: 0|req: 1241/2423] 10.0.0.159 () {34 vars in 1120 bytes} [Fri Sep 11 19:05:26 2026] GET /v2.0/security-groups?id=b95bc611-22e4-486e-9707-a0ac12c91b7c&id=d34570d8-18e8-40a0-a8e5-b6c4c532dd67&fields=id&fields=name => generated 207 bytes in 48 msecs (HTTP/1.1 200) 4 headers in 157 bytes (1 switches on core 0)
2026-09-11 19:05:26.361 7 WARNING neutron.db.securitygroups_db [None req-f3d1f595-662b-44b3-ad75-cba93c679564 f3edeca166c64f23b1f51b404df3b31d f47f3650901446978f6a9c515572ecb5 - - default default] project_id key not found in filters, using tenant_id instead. This support has been deprecated and will be removed in a future release.
2026-09-11 19:05:26.527 8 WARNING neutron.scheduler.dhcp_agent_scheduler [None req-4aac28aa-2825-4827-b7e8-1e1e7c39f2b0 93a35f03b1fe455bae9ab47f5fd045f0 07e6f123dc8b43da83f7e255a9d9f4b2 - - default default] No more DHCP agents
2026-09-11 19:05:26.527 7 INFO neutron.db.ovn_revision_numbers_db [None req-f3d1f595-662b-44b3-ad75-cba93c679564 f3edeca166c64f23b1f51b404df3b31d f47f3650901446978f6a9c515572ecb5 - - default default] Successfully bumped revision number for resource c759f8be-b1a6-4924-9648-828cf9272482 (type: security_groups) to 1
2026-09-11 19:05:26.528 8 WARNING neutron.api.rpc.agentnotifiers.dhcp_rpc_agent_api [None req-4aac28aa-2825-4827-b7e8-1e1e7c39f2b0 93a35f03b1fe455bae9ab47f5fd045f0 07e6f123dc8b43da83f7e255a9d9f4b2 - - default default] Unable to schedule network d162a3d6-aed4-41c9-9d50-01fef4240fc0: no agents available; will retry on subsequent port and subnet creation events.
2026-09-11 19:05:26.549 7 INFO neutron.db.ovn_revision_numbers_db [None req-f3d1f595-662b-44b3-ad75-cba93c679564 f3edeca166c64f23b1f51b404df3b31d f47f3650901446978f6a9c515572ecb5 - - default default] Successfully bumped revision number for resource 189c6740-49c2-4368-b3a1-de16007f648f (type: security_group_rules) to 0
2026-09-11 19:05:26.560 8 INFO neutron.db.ovn_revision_numbers_db [None req-4aac28aa-2825-4827-b7e8-1e1e7c39f2b0 93a35f03b1fe455bae9ab47f5fd045f0 07e6f123dc8b43da83f7e255a9d9f4b2 - - default default] Successfully bumped revision number for resource 69ec0668-c5b6-4164-a4ae-5277a1a59ed9 (type: subnets) to 0
2026-09-11 19:05:26.567 7 INFO neutron.db.ovn_revision_numbers_db [None req-f3d1f595-662b-44b3-ad75-cba93c679564 f3edeca166c64f23b1f51b404df3b31d f47f3650901446978f6a9c515572ecb5 - - default default] Successfully bumped revision number for resource 2ce3acfc-1891-45e5-bf4b-898274d29b67 (type: security_group_rules) to 0 [pid: 8|app: 0|req: 1242/2424] 10.0.0.149 () {34 vars in 669 bytes} [Fri Sep 11 19:05:26 2026] POST /v2.0/subnets => generated 725 bytes in 239 msecs (HTTP/1.1 201) 4 headers in 162 bytes (1 switches on core 0)
2026-09-11 19:05:26.586 7 INFO neutron.db.ovn_revision_numbers_db [None req-f3d1f595-662b-44b3-ad75-cba93c679564 f3edeca166c64f23b1f51b404df3b31d f47f3650901446978f6a9c515572ecb5 - - default default] Successfully bumped revision number for resource 3e34fdce-8a3e-4196-b18d-8c756889b3ba (type: security_group_rules) to 0
2026-09-11 19:05:26.604 7 INFO neutron.db.ovn_revision_numbers_db [None req-f3d1f595-662b-44b3-ad75-cba93c679564 f3edeca166c64f23b1f51b404df3b31d f47f3650901446978f6a9c515572ecb5 - - default default] Successfully bumped revision number for resource 5b11e83e-7ff3-4115-b5c2-244a3b153d9f (type: security_group_rules) to 0 [pid: 8|app: 0|req: 1243/2425] 162.253.55.81 () {34 vars in 993 bytes} [Fri Sep 11 19:05:26 2026] GET /v2.0/ports?device_id=08326771-b37c-4ab0-a3e8-ac24bfcfba2c => generated 1012 bytes in 67 msecs (HTTP/1.1 200) 4 headers in 158 bytes (1 switches on core 0) [pid: 7|app: 0|req: 1183/2426] 10.0.0.149 () {32 vars in 774 bytes} [Fri Sep 11 19:05:26 2026] GET /v2.0/security-groups?tenant_id=12166625797946b7bacd55a746e445b5&name=default => generated 2925 bytes in 632 msecs (HTTP/1.1 200) 4 headers in 158 bytes (1 switches on core 0)
2026-09-11 19:05:26.775 8 INFO neutron.db.segments_db [None req-8ef84d5f-fb9e-4f42-9b5e-333d62c6b2f3 93a35f03b1fe455bae9ab47f5fd045f0 07e6f123dc8b43da83f7e255a9d9f4b2 - - default default] Added segment f7fb1616-15cd-4ec1-9ae1-955b8273a9a0 of type geneve for network 1e485bc0-7e6e-4eef-9db3-089cd82bbe40
2026-09-11 19:05:26.838 7 INFO neutron_taas.services.taas.taas_plugin [req-0f887292-4378-4424-be32-f4ad6ef50990 req-55ab6bde-3b1d-43c0-a4f6-64799c169d6a 16c4d914a90447239ad0106ec9c96280 60bedda861034ae7a6a2e68adf992cf2 - - default default] TaaS: Handle Delete Port: 29805dc0-1344-497a-b937-603d5d038e9a
2026-09-11 19:05:26.841 7 INFO neutron_taas.services.taas.tap_mirror_plugin [req-0f887292-4378-4424-be32-f4ad6ef50990 req-55ab6bde-3b1d-43c0-a4f6-64799c169d6a 16c4d914a90447239ad0106ec9c96280 60bedda861034ae7a6a2e68adf992cf2 - - default default] Tap Mirror: Handle Delete Port: 29805dc0-1344-497a-b937-603d5d038e9a
2026-09-11 19:05:26.909 8 INFO neutron.db.ovn_revision_numbers_db [None req-8ef84d5f-fb9e-4f42-9b5e-333d62c6b2f3 93a35f03b1fe455bae9ab47f5fd045f0 07e6f123dc8b43da83f7e255a9d9f4b2 - - default default] Successfully bumped revision number for resource 1e485bc0-7e6e-4eef-9db3-089cd82bbe40 (type: networks) to 1
2026-09-11 19:05:27.094 7 INFO neutron.db.l3_db [req-0f887292-4378-4424-be32-f4ad6ef50990 req-55ab6bde-3b1d-43c0-a4f6-64799c169d6a 16c4d914a90447239ad0106ec9c96280 60bedda861034ae7a6a2e68adf992cf2 - - default default] Floating IP b898574f-c354-490d-b560-72669ff63cc7 disassociated. External IP: 10.96.250.214, port: 29805dc0-1344-497a-b937-603d5d038e9a.
2026-09-11 19:05:27.191 8 WARNING neutron.scheduler.dhcp_agent_scheduler [None req-8ef84d5f-fb9e-4f42-9b5e-333d62c6b2f3 93a35f03b1fe455bae9ab47f5fd045f0 07e6f123dc8b43da83f7e255a9d9f4b2 - - default default] No more DHCP agents
2026-09-11 19:05:27.193 8 WARNING neutron.api.rpc.agentnotifiers.dhcp_rpc_agent_api [None req-8ef84d5f-fb9e-4f42-9b5e-333d62c6b2f3 93a35f03b1fe455bae9ab47f5fd045f0 07e6f123dc8b43da83f7e255a9d9f4b2 - - default default] Unable to schedule network 1e485bc0-7e6e-4eef-9db3-089cd82bbe40: no agents available; will retry on subsequent port and subnet creation events.
2026-09-11 19:05:27.275 8 INFO neutron.plugins.ml2.drivers.ovn.mech_driver.mech_driver [None req-d3df29ea-ad73-4e26-812c-e09bfcd8ff05 - - - - - -] OVN reports status down for port: 3ea354c5-8ade-4fe2-85f6-ce66bf48ae42 [pid: 7|app: 0|req: 1184/2427] 162.253.55.81 () {36 vars in 996 bytes} [Fri Sep 11 19:05:26 2026] DELETE /v2.0/ports/29805dc0-1344-497a-b937-603d5d038e9a => generated 0 bytes in 637 msecs (HTTP/1.1 204) 3 headers in 131 bytes (1 switches on core 0) /var/lib/openstack/lib/python3.12/site-packages/pycadf/identifier.py:70: UserWarning: Invalid uuid: neutron. To ensure interoperability, identifiers should be a valid uuid. warnings.warn(('Invalid uuid: %s. To ensure interoperability, '
2026-09-11 19:05:27.343 8 INFO neutron.db.ovn_revision_numbers_db [None req-8ef84d5f-fb9e-4f42-9b5e-333d62c6b2f3 93a35f03b1fe455bae9ab47f5fd045f0 07e6f123dc8b43da83f7e255a9d9f4b2 - - default default] Successfully bumped revision number for resource 3ea354c5-8ade-4fe2-85f6-ce66bf48ae42 (type: ports) to 1 [pid: 8|app: 0|req: 1244/2428] 10.0.0.149 () {34 vars in 670 bytes} [Fri Sep 11 19:05:26 2026] POST /v2.0/networks => generated 675 bytes in 756 msecs (HTTP/1.1 201) 4 headers in 162 bytes (1 switches on core 0)
2026-09-11 19:05:27.496 7 INFO neutron.notifiers.nova [-] Nova event matching ['req-44ea664c-0065-40ee-951f-b45df424d362'] response: {'server_uuid': '08326771-b37c-4ab0-a3e8-ac24bfcfba2c', 'name': 'network-vif-unplugged', 'status': 'completed', 'tag': '29805dc0-1344-497a-b937-603d5d038e9a', 'code': 200}
2026-09-11 19:05:27.499 7 INFO neutron.notifiers.nova [-] Nova event matching ['req-44ea664c-0065-40ee-951f-b45df424d362'] response: {'server_uuid': '08326771-b37c-4ab0-a3e8-ac24bfcfba2c', 'name': 'network-vif-deleted', 'tag': '29805dc0-1344-497a-b937-603d5d038e9a', 'status': 'completed', 'code': 200} [pid: 7|app: 0|req: 1185/2429] 10.0.0.149 () {32 vars in 740 bytes} [Fri Sep 11 19:05:27 2026] DELETE /v2.0/security-groups/c759f8be-b1a6-4924-9648-828cf9272482 => generated 0 bytes in 339 msecs (HTTP/1.1 204) 2 headers in 112 bytes (1 switches on core 0) [pid: 7|app: 0|req: 1186/2430] 10.0.0.159 () {34 vars in 990 bytes} [Fri Sep 11 19:05:27 2026] GET /v2.0/ports?device_id=08326771-b37c-4ab0-a3e8-ac24bfcfba2c => generated 12 bytes in 23 msecs (HTTP/1.1 200) 4 headers in 156 bytes (1 switches on core 0)
2026-09-11 19:05:27.697 8 WARNING neutron.scheduler.dhcp_agent_scheduler [None req-27fb8638-ee57-4551-945e-8a3f3b6e09da 93a35f03b1fe455bae9ab47f5fd045f0 07e6f123dc8b43da83f7e255a9d9f4b2 - - default default] No more DHCP agents
2026-09-11 19:05:27.699 8 WARNING neutron.api.rpc.agentnotifiers.dhcp_rpc_agent_api [None req-27fb8638-ee57-4551-945e-8a3f3b6e09da 93a35f03b1fe455bae9ab47f5fd045f0 07e6f123dc8b43da83f7e255a9d9f4b2 - - default default] Unable to schedule network 1e485bc0-7e6e-4eef-9db3-089cd82bbe40: no agents available; will retry on subsequent port and subnet creation events.
2026-09-11 19:05:28.225 8 INFO neutron.db.ovn_revision_numbers_db [None req-27fb8638-ee57-4551-945e-8a3f3b6e09da 93a35f03b1fe455bae9ab47f5fd045f0 07e6f123dc8b43da83f7e255a9d9f4b2 - - default default] Successfully bumped revision number for resource 3ea354c5-8ade-4fe2-85f6-ce66bf48ae42 (type: ports) to 2
2026-09-11 19:05:28.280 8 INFO neutron.db.ovn_revision_numbers_db [None req-27fb8638-ee57-4551-945e-8a3f3b6e09da 93a35f03b1fe455bae9ab47f5fd045f0 07e6f123dc8b43da83f7e255a9d9f4b2 - - default default] Successfully bumped revision number for resource 1483b4c4-87f4-4793-955d-494624a97cda (type: subnets) to 0 [pid: 8|app: 0|req: 1245/2431] 10.0.0.149 () {34 vars in 669 bytes} [Fri Sep 11 19:05:27 2026] POST /v2.0/subnets => generated 656 bytes in 896 msecs (HTTP/1.1 201) 4 headers in 162 bytes (1 switches on core 0)
2026-09-11 19:05:28.563 7 WARNING neutron.scheduler.dhcp_agent_scheduler [None req-59d19f55-2c0b-41c5-9e3e-76306f0d29eb 93a35f03b1fe455bae9ab47f5fd045f0 07e6f123dc8b43da83f7e255a9d9f4b2 - - default default] No more DHCP agents
2026-09-11 19:05:28.564 7 WARNING neutron.api.rpc.agentnotifiers.dhcp_rpc_agent_api [None req-59d19f55-2c0b-41c5-9e3e-76306f0d29eb 93a35f03b1fe455bae9ab47f5fd045f0 07e6f123dc8b43da83f7e255a9d9f4b2 - - default default] Unable to schedule network 1e485bc0-7e6e-4eef-9db3-089cd82bbe40: no agents available; will retry on subsequent port and subnet creation events.
2026-09-11 19:05:28.612 7 INFO neutron.db.ovn_revision_numbers_db [None req-59d19f55-2c0b-41c5-9e3e-76306f0d29eb 93a35f03b1fe455bae9ab47f5fd045f0 07e6f123dc8b43da83f7e255a9d9f4b2 - - default default] Successfully bumped revision number for resource 0b6f3654-2d17-4793-922c-3ffd0c8bd5d8 (type: subnets) to 0 [pid: 7|app: 0|req: 1187/2432] 10.0.0.149 () {34 vars in 669 bytes} [Fri Sep 11 19:05:28 2026] POST /v2.0/subnets => generated 729 bytes in 331 msecs (HTTP/1.1 201) 4 headers in 162 bytes (1 switches on core 0) [pid: 7|app: 0|req: 1188/2433] 10.0.0.159 () {34 vars in 990 bytes} [Fri Sep 11 19:05:28 2026] GET /v2.0/ports?device_id=08326771-b37c-4ab0-a3e8-ac24bfcfba2c => generated 12 bytes in 29 msecs (HTTP/1.1 200) 4 headers in 156 bytes (1 switches on core 0)
2026-09-11 19:05:29.152 8 WARNING neutron.scheduler.dhcp_agent_scheduler [None req-a9363ae6-b45e-4b8c-9496-07200b40d7a3 93a35f03b1fe455bae9ab47f5fd045f0 07e6f123dc8b43da83f7e255a9d9f4b2 - - default default] No more DHCP agents
2026-09-11 19:05:29.154 8 WARNING neutron.api.rpc.agentnotifiers.dhcp_rpc_agent_api [None req-a9363ae6-b45e-4b8c-9496-07200b40d7a3 93a35f03b1fe455bae9ab47f5fd045f0 07e6f123dc8b43da83f7e255a9d9f4b2 - - default default] Unable to schedule network a1f6cd3c-e224-4621-be2c-783ee9774b95: no agents available; will retry on subsequent port and subnet creation events.
