2026-09-11 19:02:25.795 7 WARNING neutron.api.rpc.agentnotifiers.dhcp_rpc_agent_api [None req-642ed947-e214-468e-8de4-d90efea9fd7e f3edeca166c64f23b1f51b404df3b31d f47f3650901446978f6a9c515572ecb5 - - default default] Unable to schedule network 60fa1085-6fc4-40aa-8ded-e38013eb2486: no agents available; will retry on subsequent port and subnet creation events.
2026-09-11 19:02:26.382 7 INFO neutron.db.ovn_revision_numbers_db [None req-642ed947-e214-468e-8de4-d90efea9fd7e f3edeca166c64f23b1f51b404df3b31d f47f3650901446978f6a9c515572ecb5 - - default default] Successfully bumped revision number for resource 4ea909df-e789-48d5-9115-bfe4c003b49b (type: ports) to 2 [pid: 8|app: 0|req: 652/1234] 10.0.0.149 () {34 vars in 789 bytes} [Fri Sep 11 19:02:25 2026] PUT /v2.0/routers/097b7a5f-8de6-460e-887a-c49e1f9d51fa/remove_router_interface => generated 310 bytes in 1010 msecs (HTTP/1.1 200) 4 headers in 157 bytes (1 switches on core 0) /var/lib/openstack/lib/python3.12/site-packages/pycadf/identifier.py:70: UserWarning: Invalid uuid: neutron. To ensure interoperability, identifiers should be a valid uuid. warnings.warn(('Invalid uuid: %s. To ensure interoperability, '
2026-09-11 19:02:26.425 8 WARNING neutron.db.securitygroups_db [None req-ecf8556a-b7b1-43ac-9b46-c6b13e9c1b6b f3edeca166c64f23b1f51b404df3b31d f47f3650901446978f6a9c515572ecb5 - - default default] project_id key not found in filters, using tenant_id instead. This support has been deprecated and will be removed in a future release.
2026-09-11 19:02:26.432 7 INFO neutron.db.ovn_revision_numbers_db [None req-642ed947-e214-468e-8de4-d90efea9fd7e f3edeca166c64f23b1f51b404df3b31d f47f3650901446978f6a9c515572ecb5 - - default default] Successfully bumped revision number for resource 5ad65e98-cbe8-403a-8e13-4c7231855721 (type: subnets) to 0 [pid: 7|app: 0|req: 583/1235] 10.0.0.149 () {34 vars in 669 bytes} [Fri Sep 11 19:02:25 2026] POST /v2.0/subnets => generated 685 bytes in 798 msecs (HTTP/1.1 201) 4 headers in 162 bytes (1 switches on core 0) [pid: 8|app: 0|req: 653/1236] 10.0.0.149 () {32 vars in 774 bytes} [Fri Sep 11 19:02:26 2026] GET /v2.0/security-groups?tenant_id=adfd4680efe049f79d23154864682bbe&name=default => generated 2921 bytes in 35 msecs (HTTP/1.1 200) 4 headers in 158 bytes (1 switches on core 0)
2026-09-11 19:02:26.713 7 INFO neutron_taas.services.taas.taas_plugin [None req-84914368-56d0-440d-87f9-264b482d904a f3edeca166c64f23b1f51b404df3b31d f47f3650901446978f6a9c515572ecb5 - - default default] TaaS: Handle Delete Port: 45e709e2-4cf8-4875-888f-082d716808be
2026-09-11 19:02:26.716 7 INFO neutron_taas.services.taas.tap_mirror_plugin [None req-84914368-56d0-440d-87f9-264b482d904a f3edeca166c64f23b1f51b404df3b31d f47f3650901446978f6a9c515572ecb5 - - default default] Tap Mirror: Handle Delete Port: 45e709e2-4cf8-4875-888f-082d716808be
2026-09-11 19:02:26.852 8 WARNING neutron.scheduler.dhcp_agent_scheduler [None req-0ded0090-5338-4907-9c0e-b28713afb039 f3edeca166c64f23b1f51b404df3b31d f47f3650901446978f6a9c515572ecb5 - - default default] No more DHCP agents
2026-09-11 19:02:26.854 8 WARNING neutron.api.rpc.agentnotifiers.dhcp_rpc_agent_api [None req-0ded0090-5338-4907-9c0e-b28713afb039 f3edeca166c64f23b1f51b404df3b31d f47f3650901446978f6a9c515572ecb5 - - default default] Unable to schedule network a1f6cd3c-e224-4621-be2c-783ee9774b95: no agents available; will retry on subsequent port and subnet creation events.
2026-09-11 19:02:27.004 7 INFO neutron.plugins.ml2.drivers.ovn.mech_driver.mech_driver [None req-ae04fe5f-65ec-458f-a9f2-a098fa2089db - - - - - -] OVN reports status down for port: 61d21648-4e7c-4a73-8c6a-275f145ac4ba
2026-09-11 19:02:27.019 8 INFO neutron.db.ovn_revision_numbers_db [None req-0ded0090-5338-4907-9c0e-b28713afb039 f3edeca166c64f23b1f51b404df3b31d f47f3650901446978f6a9c515572ecb5 - - default default] Successfully bumped revision number for resource 61d21648-4e7c-4a73-8c6a-275f145ac4ba (type: ports) to 1 [pid: 7|app: 0|req: 584/1237] 10.0.0.149 () {32 vars in 724 bytes} [Fri Sep 11 19:02:26 2026] DELETE /v2.0/routers/097b7a5f-8de6-460e-887a-c49e1f9d51fa => generated 0 bytes in 870 msecs (HTTP/1.1 204) 2 headers in 112 bytes (1 switches on core 0) [pid: 7|app: 0|req: 585/1238] 10.0.0.149 () {32 vars in 740 bytes} [Fri Sep 11 19:02:27 2026] DELETE /v2.0/security-groups/e76d23bb-0dbf-4a2e-93b6-c6adabaf831c => generated 0 bytes in 202 msecs (HTTP/1.1 204) 2 headers in 112 bytes (1 switches on core 0)
2026-09-11 19:02:27.802 7 INFO neutron.plugins.ml2.drivers.ovn.mech_driver.ovsdb.ovsdb_monitor [None req-a3ec5ca8-cb4f-422a-9a78-e1cd01e6dca8 - - - - - -] Router 725ca466-4954-4fd3-8378-c21de1f68ff2 is bound to host instance
2026-09-11 19:02:27.851 7 INFO neutron.plugins.ml2.drivers.ovn.mech_driver.mech_driver [None req-ae04fe5f-65ec-458f-a9f2-a098fa2089db - - - - - -] OVN reports status up for port: 61d21648-4e7c-4a73-8c6a-275f145ac4ba
2026-09-11 19:02:27.888 7 INFO neutron.plugins.ml2.plugin [None req-ae04fe5f-65ec-458f-a9f2-a098fa2089db - - - - - -] Attempt 1 to provision port 61d21648-4e7c-4a73-8c6a-275f145ac4ba
2026-09-11 19:02:27.907 8 INFO neutron.db.ovn_revision_numbers_db [None req-0ded0090-5338-4907-9c0e-b28713afb039 f3edeca166c64f23b1f51b404df3b31d f47f3650901446978f6a9c515572ecb5 - - default default] Successfully bumped revision number for resource 61d21648-4e7c-4a73-8c6a-275f145ac4ba (type: router_ports) to 1 [pid: 7|app: 0|req: 586/1239] 10.0.0.149 () {32 vars in 724 bytes} [Fri Sep 11 19:02:27 2026] DELETE /v2.0/subnets/8ff95a6a-9073-4a87-8ae6-c7611ce0712e => generated 0 bytes in 395 msecs (HTTP/1.1 204) 3 headers in 131 bytes (1 switches on core 0)
2026-09-11 19:02:28.021 8 INFO neutron.db.ovn_revision_numbers_db [None req-0ded0090-5338-4907-9c0e-b28713afb039 f3edeca166c64f23b1f51b404df3b31d f47f3650901446978f6a9c515572ecb5 - - default default] Successfully bumped revision number for resource 725ca466-4954-4fd3-8378-c21de1f68ff2 (type: routers) to 2 [pid: 8|app: 0|req: 654/1240] 10.0.0.149 () {34 vars in 669 bytes} [Fri Sep 11 19:02:26 2026] POST /v2.0/routers => generated 984 bytes in 1588 msecs (HTTP/1.1 201) 4 headers in 162 bytes (1 switches on core 0)
2026-09-11 19:02:28.232 7 INFO neutron_taas.services.taas.taas_plugin [None req-5292a83b-34ad-488d-b54a-bd317dcc4e13 f3edeca166c64f23b1f51b404df3b31d f47f3650901446978f6a9c515572ecb5 - - default default] TaaS: Handle Delete Port: cdc0d03c-6826-438f-9dba-4b892e1f490a
2026-09-11 19:02:28.244 7 INFO neutron_taas.services.taas.tap_mirror_plugin [None req-5292a83b-34ad-488d-b54a-bd317dcc4e13 f3edeca166c64f23b1f51b404df3b31d f47f3650901446978f6a9c515572ecb5 - - default default] Tap Mirror: Handle Delete Port: cdc0d03c-6826-438f-9dba-4b892e1f490a
2026-09-11 19:02:28.585 7 INFO neutron.services.segments.plugin [-] Segment e3d30e90-df74-49ac-a9bb-b1e450ad2c42 resource provider aggregate not found
2026-09-11 19:02:28.592 7 INFO neutron.services.segments.plugin [-] Segment e3d30e90-df74-49ac-a9bb-b1e450ad2c42 resource provider aggregate not found
2026-09-11 19:02:28.596 8 WARNING neutron.scheduler.dhcp_agent_scheduler [None req-64696eb5-76ab-47fa-8551-a3706fb4f9b3 f3edeca166c64f23b1f51b404df3b31d f47f3650901446978f6a9c515572ecb5 - - default default] No more DHCP agents
2026-09-11 19:02:28.598 8 WARNING neutron.api.rpc.agentnotifiers.dhcp_rpc_agent_api [None req-64696eb5-76ab-47fa-8551-a3706fb4f9b3 f3edeca166c64f23b1f51b404df3b31d f47f3650901446978f6a9c515572ecb5 - - default default] Unable to schedule network 60fa1085-6fc4-40aa-8ded-e38013eb2486: no agents available; will retry on subsequent port and subnet creation events.
2026-09-11 19:02:28.617 7 INFO neutron.services.segments.plugin [-] Client error retrieving segment e3d30e90-df74-49ac-a9bb-b1e450ad2c42 resource provider; error: Placement Client Error (4xx): {"errors": [{"status": 404, "title": "Not Found", "detail": "The resource could not be found.\n\n No resource provider with uuid e3d30e90-df74-49ac-a9bb-b1e450ad2c42 found for delete ", "request_id": "req-a6fc763e-f8b6-4a23-b3ca-a9570243ba7a"}]}
2026-09-11 19:02:28.621 7 INFO neutron.services.segments.plugin [-] Client error retrieving segment e3d30e90-df74-49ac-a9bb-b1e450ad2c42 resource provider; error: Placement Client Error (4xx): {"errors": [{"status": 404, "title": "Not Found", "detail": "The resource could not be found.\n\n No resource provider with uuid e3d30e90-df74-49ac-a9bb-b1e450ad2c42 found for delete ", "request_id": "req-36fa4c23-4a57-4d1c-ac38-b9eb802a642b"}]} [pid: 7|app: 0|req: 587/1241] 10.0.0.149 () {32 vars in 726 bytes} [Fri Sep 11 19:02:27 2026] DELETE /v2.0/networks/b1c78369-1913-4fca-a1be-1aaa9f508fcb => generated 0 bytes in 831 msecs (HTTP/1.1 204) 3 headers in 131 bytes (1 switches on core 0)
2026-09-11 19:02:28.760 8 INFO neutron.db.ovn_revision_numbers_db [None req-64696eb5-76ab-47fa-8551-a3706fb4f9b3 f3edeca166c64f23b1f51b404df3b31d f47f3650901446978f6a9c515572ecb5 - - default default] Successfully bumped revision number for resource 881b8cdc-1cc0-4f68-b516-77c06b1b6350 (type: ports) to 1
2026-09-11 19:02:28.971 7 WARNING neutron.db.securitygroups_db [None req-dc5db4d5-bb17-4b3a-8269-85de2ceaa3c8 f3edeca166c64f23b1f51b404df3b31d f47f3650901446978f6a9c515572ecb5 - - default default] project_id key not found in filters, using tenant_id instead. This support has been deprecated and will be removed in a future release.
2026-09-11 19:02:29.191 7 INFO neutron.db.ovn_revision_numbers_db [None req-dc5db4d5-bb17-4b3a-8269-85de2ceaa3c8 f3edeca166c64f23b1f51b404df3b31d f47f3650901446978f6a9c515572ecb5 - - default default] Successfully bumped revision number for resource e67d81d9-f2dc-4359-9ace-09b06e7f14be (type: security_groups) to 1
2026-09-11 19:02:29.234 7 INFO neutron.db.ovn_revision_numbers_db [None req-dc5db4d5-bb17-4b3a-8269-85de2ceaa3c8 f3edeca166c64f23b1f51b404df3b31d f47f3650901446978f6a9c515572ecb5 - - default default] Successfully bumped revision number for resource 38e5acff-bfab-44fd-80da-5a77962e0b4b (type: security_group_rules) to 0
2026-09-11 19:02:29.268 7 INFO neutron.db.ovn_revision_numbers_db [None req-dc5db4d5-bb17-4b3a-8269-85de2ceaa3c8 f3edeca166c64f23b1f51b404df3b31d f47f3650901446978f6a9c515572ecb5 - - default default] Successfully bumped revision number for resource 7de5dd65-8e7e-42ac-9e8e-be1612a0fe2a (type: security_group_rules) to 0
2026-09-11 19:02:29.288 7 INFO neutron.db.ovn_revision_numbers_db [None req-dc5db4d5-bb17-4b3a-8269-85de2ceaa3c8 f3edeca166c64f23b1f51b404df3b31d f47f3650901446978f6a9c515572ecb5 - - default default] Successfully bumped revision number for resource c094df9a-976e-4c84-bcba-b895c175b1e0 (type: security_group_rules) to 0
2026-09-11 19:02:29.305 7 INFO neutron.db.ovn_revision_numbers_db [None req-dc5db4d5-bb17-4b3a-8269-85de2ceaa3c8 f3edeca166c64f23b1f51b404df3b31d f47f3650901446978f6a9c515572ecb5 - - default default] Successfully bumped revision number for resource f5cd3cf8-0aa6-4234-ab9c-7b39e4533b31 (type: security_group_rules) to 0 [pid: 7|app: 0|req: 588/1242] 10.0.0.149 () {32 vars in 774 bytes} [Fri Sep 11 19:02:28 2026] GET /v2.0/security-groups?tenant_id=b8ad5ea0acb64736a57efdebf59e5ebf&name=default => generated 2925 bytes in 638 msecs (HTTP/1.1 200) 4 headers in 158 bytes (1 switches on core 0)
2026-09-11 19:02:29.405 7 WARNING neutron.db.securitygroups_db [None req-cea9e287-0229-49fe-aecd-b3d3f9d67cd6 f3edeca166c64f23b1f51b404df3b31d f47f3650901446978f6a9c515572ecb5 - - default default] project_id key not found in filters, using tenant_id instead. This support has been deprecated and will be removed in a future release. [pid: 7|app: 0|req: 589/1243] 10.0.0.149 () {32 vars in 774 bytes} [Fri Sep 11 19:02:29 2026] GET /v2.0/security-groups?tenant_id=b3d704fa0de1405e81cc7a85ddbd5c0d&name=default => generated 2925 bytes in 47 msecs (HTTP/1.1 200) 4 headers in 158 bytes (1 switches on core 0)
2026-09-11 19:02:29.515 7 INFO neutron.db.ovn_revision_numbers_db [None req-1f04ef43-f56a-437b-88e6-d77bdf641600 - - - - - -] Successfully bumped revision number for resource 61d21648-4e7c-4a73-8c6a-275f145ac4ba (type: ports) to 4 [pid: 7|app: 0|req: 590/1244] 10.0.0.149 () {32 vars in 740 bytes} [Fri Sep 11 19:02:29 2026] DELETE /v2.0/security-groups/e67d81d9-f2dc-4359-9ace-09b06e7f14be => generated 0 bytes in 265 msecs (HTTP/1.1 204) 2 headers in 112 bytes (1 switches on core 0)
2026-09-11 19:02:29.917 7 INFO neutron.db.ovn_revision_numbers_db [None req-1f04ef43-f56a-437b-88e6-d77bdf641600 - - - - - -] Successfully bumped revision number for resource 61d21648-4e7c-4a73-8c6a-275f145ac4ba (type: ports) to 5 [pid: 7|app: 0|req: 591/1245] 10.0.0.149 () {32 vars in 740 bytes} [Fri Sep 11 19:02:29 2026] DELETE /v2.0/security-groups/b1e31f04-b7a6-4864-9a62-82b9a78669e3 => generated 0 bytes in 296 msecs (HTTP/1.1 204) 2 headers in 112 bytes (1 switches on core 0)
2026-09-11 19:02:30.016 7 WARNING neutron.db.securitygroups_db [None req-11e6b1c3-79c7-4d63-8985-be0622f8b546 f3edeca166c64f23b1f51b404df3b31d f47f3650901446978f6a9c515572ecb5 - - default default] project_id key not found in filters, using tenant_id instead. This support has been deprecated and will be removed in a future release.
2026-09-11 19:02:30.180 7 INFO neutron.db.ovn_revision_numbers_db [None req-11e6b1c3-79c7-4d63-8985-be0622f8b546 f3edeca166c64f23b1f51b404df3b31d f47f3650901446978f6a9c515572ecb5 - - default default] Successfully bumped revision number for resource c6f906d7-a0c8-4bae-85f5-30bcb2d13115 (type: security_groups) to 1
2026-09-11 19:02:30.199 7 INFO neutron.db.ovn_revision_numbers_db [None req-11e6b1c3-79c7-4d63-8985-be0622f8b546 f3edeca166c64f23b1f51b404df3b31d f47f3650901446978f6a9c515572ecb5 - - default default] Successfully bumped revision number for resource 362efebf-8b31-4233-8aef-985eee29bf07 (type: security_group_rules) to 0
2026-09-11 19:02:30.211 7 INFO neutron.db.ovn_revision_numbers_db [None req-11e6b1c3-79c7-4d63-8985-be0622f8b546 f3edeca166c64f23b1f51b404df3b31d f47f3650901446978f6a9c515572ecb5 - - default default] Successfully bumped revision number for resource d263f425-473d-4d45-b6fb-ec0d9db7e390 (type: security_group_rules) to 0
2026-09-11 19:02:30.221 7 INFO neutron.db.ovn_revision_numbers_db [None req-11e6b1c3-79c7-4d63-8985-be0622f8b546 f3edeca166c64f23b1f51b404df3b31d f47f3650901446978f6a9c515572ecb5 - - default default] Successfully bumped revision number for resource e2ead8dc-a675-4b40-bf0e-060ecf13f2db (type: security_group_rules) to 0
2026-09-11 19:02:30.239 7 INFO neutron.db.ovn_revision_numbers_db [None req-11e6b1c3-79c7-4d63-8985-be0622f8b546 f3edeca166c64f23b1f51b404df3b31d f47f3650901446978f6a9c515572ecb5 - - default default] Successfully bumped revision number for resource fd5eab52-d124-4d7d-a6ed-22faff8da346 (type: security_group_rules) to 0 [pid: 7|app: 0|req: 592/1246] 10.0.0.149 () {32 vars in 774 bytes} [Fri Sep 11 19:02:30 2026] GET /v2.0/security-groups?tenant_id=94a7f697ce81444d9d8a742925b5a250&name=default => generated 2925 bytes in 293 msecs (HTTP/1.1 200) 4 headers in 158 bytes (1 switches on core 0)
2026-09-11 19:02:30.393 8 WARNING neutron.scheduler.dhcp_agent_scheduler [None req-64696eb5-76ab-47fa-8551-a3706fb4f9b3 f3edeca166c64f23b1f51b404df3b31d f47f3650901446978f6a9c515572ecb5 - - default default] No more DHCP agents
2026-09-11 19:02:30.394 8 WARNING neutron.api.rpc.agentnotifiers.dhcp_rpc_agent_api [None req-64696eb5-76ab-47fa-8551-a3706fb4f9b3 f3edeca166c64f23b1f51b404df3b31d f47f3650901446978f6a9c515572ecb5 - - default default] Unable to schedule network 60fa1085-6fc4-40aa-8ded-e38013eb2486: no agents available; will retry on subsequent port and subnet creation events.
2026-09-11 19:02:30.508 7 INFO neutron.plugins.ml2.drivers.ovn.mech_driver.mech_driver [None req-ae04fe5f-65ec-458f-a9f2-a098fa2089db - - - - - -] OVN reports status down for port: 881b8cdc-1cc0-4f68-b516-77c06b1b6350 [pid: 7|app: 0|req: 593/1247] 10.0.0.149 () {32 vars in 740 bytes} [Fri Sep 11 19:02:30 2026] DELETE /v2.0/security-groups/c6f906d7-a0c8-4bae-85f5-30bcb2d13115 => generated 0 bytes in 231 msecs (HTTP/1.1 204) 2 headers in 112 bytes (1 switches on core 0)
2026-09-11 19:02:30.569 7 WARNING neutron.plugins.ml2.drivers.ovn.mech_driver.ovsdb.ovn_client [None req-ae04fe5f-65ec-458f-a9f2-a098fa2089db - - - - - -] Logical_Switch_Port 881b8cdc-1cc0-4f68-b516-77c06b1b6350 host information not removed, the port state is up
2026-09-11 19:02:30.569 7 INFO neutron.plugins.ml2.drivers.ovn.mech_driver.mech_driver [None req-ae04fe5f-65ec-458f-a9f2-a098fa2089db - - - - - -] OVN reports status up for port: 881b8cdc-1cc0-4f68-b516-77c06b1b6350
2026-09-11 19:02:30.579 7 INFO neutron.plugins.ml2.plugin [None req-ae04fe5f-65ec-458f-a9f2-a098fa2089db - - - - - -] Attempt 1 to provision port 881b8cdc-1cc0-4f68-b516-77c06b1b6350
2026-09-11 19:02:30.784 8 INFO neutron.db.ovn_revision_numbers_db [None req-64696eb5-76ab-47fa-8551-a3706fb4f9b3 f3edeca166c64f23b1f51b404df3b31d f47f3650901446978f6a9c515572ecb5 - - default default] Successfully bumped revision number for resource 881b8cdc-1cc0-4f68-b516-77c06b1b6350 (type: router_ports) to 1 [pid: 8|app: 0|req: 655/1248] 10.0.0.149 () {34 vars in 783 bytes} [Fri Sep 11 19:02:28 2026] PUT /v2.0/routers/725ca466-4954-4fd3-8378-c21de1f68ff2/add_router_interface => generated 310 bytes in 2737 msecs (HTTP/1.1 200) 4 headers in 157 bytes (1 switches on core 0)
2026-09-11 19:02:31.111 7 INFO neutron.db.ovn_revision_numbers_db [None req-ae04fe5f-65ec-458f-a9f2-a098fa2089db - - - - - -] Successfully bumped revision number for resource 881b8cdc-1cc0-4f68-b516-77c06b1b6350 (type: ports) to 2
2026-09-11 19:02:31.480 7 INFO neutron.db.ovn_revision_numbers_db [None req-5f42a8d4-5086-473d-b1d5-f2eae5990436 99e11c8d0b1c4abdb9051e91dbcd1f21 680126aaf1894e8397189e7e442c12d0 - - default default] Successfully bumped revision number for resource 25feed79-e778-47c9-8683-ab8332c84c54 (type: security_groups) to 1
2026-09-11 19:02:31.498 7 INFO neutron.db.ovn_revision_numbers_db [None req-5f42a8d4-5086-473d-b1d5-f2eae5990436 99e11c8d0b1c4abdb9051e91dbcd1f21 680126aaf1894e8397189e7e442c12d0 - - default default] Successfully bumped revision number for resource 5ad0881e-bdc2-4b96-b4ef-a2ceec7574ec (type: security_group_rules) to 0
2026-09-11 19:02:31.510 7 INFO neutron.db.ovn_revision_numbers_db [None req-5f42a8d4-5086-473d-b1d5-f2eae5990436 99e11c8d0b1c4abdb9051e91dbcd1f21 680126aaf1894e8397189e7e442c12d0 - - default default] Successfully bumped revision number for resource 7bebf8e6-6896-4932-af66-156cbf2cc250 (type: security_group_rules) to 0 [pid: 7|app: 0|req: 594/1249] 10.0.0.149 () {34 vars in 685 bytes} [Fri Sep 11 19:02:31 2026] POST /v2.0/security-groups => generated 1661 bytes in 210 msecs (HTTP/1.1 201) 4 headers in 163 bytes (1 switches on core 0)
2026-09-11 19:02:31.683 8 INFO neutron.db.ovn_revision_numbers_db [None req-e98af2cc-2fef-4658-bf5e-0f00bae2a203 99e11c8d0b1c4abdb9051e91dbcd1f21 680126aaf1894e8397189e7e442c12d0 - - default default] Successfully bumped revision number for resource 020efe48-e7ba-4b12-83aa-eaf28ad363fb (type: security_group_rules) to 0 [pid: 8|app: 0|req: 656/1250] 10.0.0.149 () {34 vars in 695 bytes} [Fri Sep 11 19:02:31 2026] POST /v2.0/security-group-rules => generated 597 bytes in 163 msecs (HTTP/1.1 201) 4 headers in 162 bytes (1 switches on core 0)
2026-09-11 19:02:31.847 7 INFO neutron.db.ovn_revision_numbers_db [None req-df5d0f53-83ec-4802-9654-539a5c869be2 99e11c8d0b1c4abdb9051e91dbcd1f21 680126aaf1894e8397189e7e442c12d0 - - default default] Successfully bumped revision number for resource 2213ba57-872b-4a53-8829-cc5cdf96c2d3 (type: security_group_rules) to 0 [pid: 7|app: 0|req: 595/1251] 10.0.0.149 () {34 vars in 695 bytes} [Fri Sep 11 19:02:31 2026] POST /v2.0/security-group-rules => generated 602 bytes in 162 msecs (HTTP/1.1 201) 4 headers in 162 bytes (1 switches on core 0)
2026-09-11 19:02:32.168 8 WARNING neutron.scheduler.dhcp_agent_scheduler [None req-b5a8685c-4c1b-42f7-b70d-feb9263c5811 99e11c8d0b1c4abdb9051e91dbcd1f21 680126aaf1894e8397189e7e442c12d0 - - default default] No more DHCP agents
2026-09-11 19:02:32.170 8 WARNING neutron.api.rpc.agentnotifiers.dhcp_rpc_agent_api [None req-b5a8685c-4c1b-42f7-b70d-feb9263c5811 99e11c8d0b1c4abdb9051e91dbcd1f21 680126aaf1894e8397189e7e442c12d0 - - default default] Unable to schedule network a1f6cd3c-e224-4621-be2c-783ee9774b95: no agents available; will retry on subsequent port and subnet creation events. [pid: 8|app: 0|req: 657/1252] 10.0.0.149 () {34 vars in 676 bytes} [Fri Sep 11 19:02:31 2026] POST /v2.0/floatingips => generated 552 bytes in 567 msecs (HTTP/1.1 201) 4 headers in 162 bytes (1 switches on core 0)
2026-09-11 19:02:32.535 7 INFO neutron.db.ovn_revision_numbers_db [None req-508ebed5-bb7e-4dc8-a494-307f580f9c10 f3edeca166c64f23b1f51b404df3b31d f47f3650901446978f6a9c515572ecb5 - - default default] Successfully bumped revision number for resource 4439b072-7015-4e20-ba24-23b325012e5f (type: security_groups) to 1
2026-09-11 19:02:32.552 7 INFO neutron.db.ovn_revision_numbers_db [None req-508ebed5-bb7e-4dc8-a494-307f580f9c10 f3edeca166c64f23b1f51b404df3b31d f47f3650901446978f6a9c515572ecb5 - - default default] Successfully bumped revision number for resource 2f172bce-1291-459e-bbf4-9c92aa4c22d7 (type: security_group_rules) to 0
2026-09-11 19:02:32.569 7 INFO neutron.db.ovn_revision_numbers_db [None req-508ebed5-bb7e-4dc8-a494-307f580f9c10 f3edeca166c64f23b1f51b404df3b31d f47f3650901446978f6a9c515572ecb5 - - default default] Successfully bumped revision number for resource 456e92dd-0f9c-4195-97d4-faf0d865287b (type: security_group_rules) to 0
2026-09-11 19:02:32.586 7 INFO neutron.db.ovn_revision_numbers_db [None req-508ebed5-bb7e-4dc8-a494-307f580f9c10 f3edeca166c64f23b1f51b404df3b31d f47f3650901446978f6a9c515572ecb5 - - default default] Successfully bumped revision number for resource 5e41e8c7-c04e-4848-bfcf-45f2e999518a (type: security_group_rules) to 0
2026-09-11 19:02:32.601 7 INFO neutron.db.ovn_revision_numbers_db [None req-508ebed5-bb7e-4dc8-a494-307f580f9c10 f3edeca166c64f23b1f51b404df3b31d f47f3650901446978f6a9c515572ecb5 - - default default] Successfully bumped revision number for resource 93ef8a59-d45c-4176-b9ca-e98f17e62a5d (type: security_group_rules) to 0
2026-09-11 19:02:32.695 7 INFO neutron.db.segments_db [None req-508ebed5-bb7e-4dc8-a494-307f580f9c10 f3edeca166c64f23b1f51b404df3b31d f47f3650901446978f6a9c515572ecb5 - - default default] Added segment 6995ab24-2ba1-4d55-be4d-2e3d7bceef9d of type geneve for network 53815a77-4646-4aed-8b5f-2fafb9691bb3
2026-09-11 19:02:32.804 7 INFO neutron.db.ovn_revision_numbers_db [None req-508ebed5-bb7e-4dc8-a494-307f580f9c10 f3edeca166c64f23b1f51b404df3b31d f47f3650901446978f6a9c515572ecb5 - - default default] Successfully bumped revision number for resource 53815a77-4646-4aed-8b5f-2fafb9691bb3 (type: networks) to 1
2026-09-11 19:02:32.917 8 WARNING neutron.db.securitygroups_db [req-1090bc3f-6a17-471f-97ac-cd27ea574b41 req-afc50926-3735-48f8-8432-0cd361d86475 99e11c8d0b1c4abdb9051e91dbcd1f21 680126aaf1894e8397189e7e442c12d0 - - default default] project_id key not found in filters, using tenant_id instead. This support has been deprecated and will be removed in a future release. [pid: 8|app: 0|req: 658/1253] 10.0.0.159 () {34 vars in 1100 bytes} [Fri Sep 11 19:02:32 2026] GET /v2.0/security-groups?name=tempest-securitygroup--1455016305&fields=id&tenant_id=680126aaf1894e8397189e7e442c12d0 => generated 69 bytes in 28 msecs (HTTP/1.1 200) 4 headers in 156 bytes (1 switches on core 0)
2026-09-11 19:02:32.972 7 WARNING neutron.scheduler.dhcp_agent_scheduler [None req-508ebed5-bb7e-4dc8-a494-307f580f9c10 f3edeca166c64f23b1f51b404df3b31d f47f3650901446978f6a9c515572ecb5 - - default default] No more DHCP agents
2026-09-11 19:02:32.974 7 WARNING neutron.api.rpc.agentnotifiers.dhcp_rpc_agent_api [None req-508ebed5-bb7e-4dc8-a494-307f580f9c10 f3edeca166c64f23b1f51b404df3b31d f47f3650901446978f6a9c515572ecb5 - - default default] Unable to schedule network 53815a77-4646-4aed-8b5f-2fafb9691bb3: no agents available; will retry on subsequent port and subnet creation events. [pid: 8|app: 0|req: 659/1254] 10.0.0.159 () {34 vars in 982 bytes} [Fri Sep 11 19:02:32 2026] GET /v2.0/networks?id=60fa1085-6fc4-40aa-8ded-e38013eb2486 => generated 708 bytes in 49 msecs (HTTP/1.1 200) 4 headers in 157 bytes (1 switches on core 0) [pid: 8|app: 0|req: 660/1255] 10.0.0.159 () {34 vars in 965 bytes} [Fri Sep 11 19:02:33 2026] GET /v2.0/quotas/680126aaf1894e8397189e7e442c12d0 => generated 312 bytes in 35 msecs (HTTP/1.1 200) 4 headers in 157 bytes (1 switches on core 0)
2026-09-11 19:02:33.081 7 INFO neutron.db.ovn_revision_numbers_db [None req-508ebed5-bb7e-4dc8-a494-307f580f9c10 f3edeca166c64f23b1f51b404df3b31d f47f3650901446978f6a9c515572ecb5 - - default default] Successfully bumped revision number for resource b90fc71e-2f5a-48c1-849b-91b0c4e6a48e (type: ports) to 1 [pid: 7|app: 0|req: 596/1256] 10.0.0.149 () {34 vars in 671 bytes} [Fri Sep 11 19:02:32 2026] POST /v2.0/networks => generated 787 bytes in 961 msecs (HTTP/1.1 201) 4 headers in 162 bytes (1 switches on core 0) [pid: 8|app: 0|req: 661/1257] 10.0.0.159 () {34 vars in 1002 bytes} [Fri Sep 11 19:02:33 2026] GET /v2.0/ports?tenant_id=680126aaf1894e8397189e7e442c12d0&fields=id => generated 103 bytes in 63 msecs (HTTP/1.1 200) 4 headers in 157 bytes (1 switches on core 0) [pid: 8|app: 0|req: 662/1258] 10.0.0.159 () {34 vars in 1008 bytes} [Fri Sep 11 19:02:33 2026] GET /v2.0/networks/60fa1085-6fc4-40aa-8ded-e38013eb2486?fields=segments => generated 14 bytes in 40 msecs (HTTP/1.1 200) 4 headers in 156 bytes (1 switches on core 0) [pid: 8|app: 0|req: 663/1259] 10.0.0.159 () {34 vars in 1108 bytes} [Fri Sep 11 19:02:33 2026] GET /v2.0/networks/60fa1085-6fc4-40aa-8ded-e38013eb2486?fields=provider%3Aphysical_network&fields=provider%3Anetwork_type => generated 79 bytes in 52 msecs (HTTP/1.1 200) 4 headers in 156 bytes (1 switches on core 0)
2026-09-11 19:02:33.251 7 WARNING neutron.scheduler.dhcp_agent_scheduler [None req-7c7c61c6-d007-4219-b4c1-df40b1fc4e80 f3edeca166c64f23b1f51b404df3b31d f47f3650901446978f6a9c515572ecb5 - - default default] No more DHCP agents
2026-09-11 19:02:33.252 7 WARNING neutron.api.rpc.agentnotifiers.dhcp_rpc_agent_api [None req-7c7c61c6-d007-4219-b4c1-df40b1fc4e80 f3edeca166c64f23b1f51b404df3b31d f47f3650901446978f6a9c515572ecb5 - - default default] Unable to schedule network 53815a77-4646-4aed-8b5f-2fafb9691bb3: no agents available; will retry on subsequent port and subnet creation events. [pid: 8|app: 0|req: 666/1262] 10.0.0.159 () {34 vars in 990 bytes} [Fri Sep 11 19:02:33 2026] GET /v2.0/ports?device_id=3581d3bf-768e-4f78-a76c-051d4b434d08 => generated 12 bytes in 23 msecs (HTTP/1.1 200) 4 headers in 156 bytes (1 switches on core 0)
2026-09-11 19:02:33.784 7 INFO neutron.db.ovn_revision_numbers_db [None req-7c7c61c6-d007-4219-b4c1-df40b1fc4e80 f3edeca166c64f23b1f51b404df3b31d f47f3650901446978f6a9c515572ecb5 - - default default] Successfully bumped revision number for resource b90fc71e-2f5a-48c1-849b-91b0c4e6a48e (type: ports) to 2
2026-09-11 19:02:33.808 7 INFO neutron.db.ovn_revision_numbers_db [None req-7c7c61c6-d007-4219-b4c1-df40b1fc4e80 f3edeca166c64f23b1f51b404df3b31d f47f3650901446978f6a9c515572ecb5 - - default default] Successfully bumped revision number for resource e0e8fc8b-a171-427f-a734-7776a417d6dd (type: subnets) to 0 [pid: 7|app: 0|req: 597/1263] 10.0.0.149 () {34 vars in 669 bytes} [Fri Sep 11 19:02:33 2026] POST /v2.0/subnets => generated 693 bytes in 711 msecs (HTTP/1.1 201) 4 headers in 162 bytes (1 switches on core 0)
2026-09-11 19:02:34.273 8 WARNING neutron.scheduler.dhcp_agent_scheduler [None req-afb444f5-4a98-4067-a0dc-499c886307b5 f3edeca166c64f23b1f51b404df3b31d f47f3650901446978f6a9c515572ecb5 - - default default] No more DHCP agents
2026-09-11 19:02:34.275 8 WARNING neutron.api.rpc.agentnotifiers.dhcp_rpc_agent_api [None req-afb444f5-4a98-4067-a0dc-499c886307b5 f3edeca166c64f23b1f51b404df3b31d f47f3650901446978f6a9c515572ecb5 - - default default] Unable to schedule network a1f6cd3c-e224-4621-be2c-783ee9774b95: no agents available; will retry on subsequent port and subnet creation events.
2026-09-11 19:02:34.405 8 INFO neutron.db.ovn_revision_numbers_db [None req-afb444f5-4a98-4067-a0dc-499c886307b5 f3edeca166c64f23b1f51b404df3b31d f47f3650901446978f6a9c515572ecb5 - - default default] Successfully bumped revision number for resource 9f373548-e978-4da3-9833-79479e869224 (type: ports) to 1
2026-09-11 19:02:34.555 7 WARNING neutron.db.securitygroups_db [None req-c247964d-0845-442a-a224-b71201efdb67 f3edeca166c64f23b1f51b404df3b31d f47f3650901446978f6a9c515572ecb5 - - default default] project_id key not found in filters, using tenant_id instead. This support has been deprecated and will be removed in a future release.
2026-09-11 19:02:34.750 7 INFO neutron.db.ovn_revision_numbers_db [None req-c247964d-0845-442a-a224-b71201efdb67 f3edeca166c64f23b1f51b404df3b31d f47f3650901446978f6a9c515572ecb5 - - default default] Successfully bumped revision number for resource 18bbc5e8-4f46-4514-bd31-ccdb90d3c84e (type: security_groups) to 1
2026-09-11 19:02:34.768 7 INFO neutron.db.ovn_revision_numbers_db [None req-c247964d-0845-442a-a224-b71201efdb67 f3edeca166c64f23b1f51b404df3b31d f47f3650901446978f6a9c515572ecb5 - - default default] Successfully bumped revision number for resource a6036cb0-98fc-441d-92a5-49e4cf605ee2 (type: security_group_rules) to 0
2026-09-11 19:02:34.790 7 INFO neutron.db.ovn_revision_numbers_db [None req-c247964d-0845-442a-a224-b71201efdb67 f3edeca166c64f23b1f51b404df3b31d f47f3650901446978f6a9c515572ecb5 - - default default] Successfully bumped revision number for resource de28d0ab-dfd8-46c3-94ac-cad8c5d6dd6c (type: security_group_rules) to 0
2026-09-11 19:02:34.806 7 INFO neutron.db.ovn_revision_numbers_db [None req-c247964d-0845-442a-a224-b71201efdb67 f3edeca166c64f23b1f51b404df3b31d f47f3650901446978f6a9c515572ecb5 - - default default] Successfully bumped revision number for resource f0dede9b-693f-42c9-bcfb-003dfd22810d (type: security_group_rules) to 0
2026-09-11 19:02:34.823 7 INFO neutron.db.ovn_revision_numbers_db [None req-c247964d-0845-442a-a224-b71201efdb67 f3edeca166c64f23b1f51b404df3b31d f47f3650901446978f6a9c515572ecb5 - - default default] Successfully bumped revision number for resource f6bc208c-9275-4cdf-8d9c-aea7b359ade9 (type: security_group_rules) to 0 [pid: 7|app: 0|req: 598/1264] 10.0.0.149 () {32 vars in 774 bytes} [Fri Sep 11 19:02:34 2026] GET /v2.0/security-groups?tenant_id=dd7f6394ddeb4f4eabfdbc475b17adbb&name=default => generated 2925 bytes in 615 msecs (HTTP/1.1 200) 4 headers in 158 bytes (1 switches on core 0)
2026-09-11 19:02:34.971 7 INFO neutron.plugins.ml2.drivers.ovn.mech_driver.ovsdb.ovsdb_monitor [None req-1f04ef43-f56a-437b-88e6-d77bdf641600 - - - - - -] Router 8c251996-ddcc-4c4f-9337-25a49bc6b1e8 is bound to host instance
2026-09-11 19:02:34.973 8 INFO neutron.db.ovn_revision_numbers_db [None req-afb444f5-4a98-4067-a0dc-499c886307b5 f3edeca166c64f23b1f51b404df3b31d f47f3650901446978f6a9c515572ecb5 - - default default] Successfully bumped revision number for resource 9f373548-e978-4da3-9833-79479e869224 (type: router_ports) to 1
2026-09-11 19:02:35.032 7 WARNING neutron.db.securitygroups_db [None req-da668c2d-bf65-42e4-b651-2974940b6a12 f3edeca166c64f23b1f51b404df3b31d f47f3650901446978f6a9c515572ecb5 - - default default] project_id key not found in filters, using tenant_id instead. This support has been deprecated and will be removed in a future release.
2026-09-11 19:02:35.059 8 INFO neutron.db.ovn_revision_numbers_db [None req-afb444f5-4a98-4067-a0dc-499c886307b5 f3edeca166c64f23b1f51b404df3b31d f47f3650901446978f6a9c515572ecb5 - - default default] Successfully bumped revision number for resource 8c251996-ddcc-4c4f-9337-25a49bc6b1e8 (type: routers) to 2 [pid: 8|app: 0|req: 667/1265] 10.0.0.149 () {34 vars in 669 bytes} [Fri Sep 11 19:02:33 2026] POST /v2.0/routers => generated 992 bytes in 1251 msecs (HTTP/1.1 201) 4 headers in 162 bytes (1 switches on core 0) [pid: 8|app: 0|req: 668/1266] 10.0.0.159 () {34 vars in 990 bytes} [Fri Sep 11 19:02:35 2026] GET /v2.0/ports?device_id=3581d3bf-768e-4f78-a76c-051d4b434d08 => generated 12 bytes in 27 msecs (HTTP/1.1 200) 4 headers in 156 bytes (1 switches on core 0) [pid: 8|app: 0|req: 669/1267] 10.0.0.149 () {32 vars in 740 bytes} [Fri Sep 11 19:02:35 2026] DELETE /v2.0/security-groups/18bbc5e8-4f46-4514-bd31-ccdb90d3c84e => generated 0 bytes in 198 msecs (HTTP/1.1 204) 2 headers in 112 bytes (1 switches on core 0)
2026-09-11 19:02:35.425 7 INFO neutron.db.ovn_revision_numbers_db [None req-da668c2d-bf65-42e4-b651-2974940b6a12 f3edeca166c64f23b1f51b404df3b31d f47f3650901446978f6a9c515572ecb5 - - default default] Successfully bumped revision number for resource 597b450c-7fa8-43d9-a85b-b18b982c5103 (type: security_groups) to 1
2026-09-11 19:02:35.441 7 INFO neutron.db.ovn_revision_numbers_db [None req-da668c2d-bf65-42e4-b651-2974940b6a12 f3edeca166c64f23b1f51b404df3b31d f47f3650901446978f6a9c515572ecb5 - - default default] Successfully bumped revision number for resource 043c7ed9-3233-4973-aa36-5b04ceedefcb (type: security_group_rules) to 0
2026-09-11 19:02:35.459 7 INFO neutron.db.ovn_revision_numbers_db [None req-da668c2d-bf65-42e4-b651-2974940b6a12 f3edeca166c64f23b1f51b404df3b31d f47f3650901446978f6a9c515572ecb5 - - default default] Successfully bumped revision number for resource 67714eff-5552-4c23-afea-aecf880b9401 (type: security_group_rules) to 0
2026-09-11 19:02:35.478 7 INFO neutron.db.ovn_revision_numbers_db [None req-da668c2d-bf65-42e4-b651-2974940b6a12 f3edeca166c64f23b1f51b404df3b31d f47f3650901446978f6a9c515572ecb5 - - default default] Successfully bumped revision number for resource 90531e65-ff0b-4c6c-9a39-f99d2dc0ab85 (type: security_group_rules) to 0
2026-09-11 19:02:35.498 7 INFO neutron.db.ovn_revision_numbers_db [None req-da668c2d-bf65-42e4-b651-2974940b6a12 f3edeca166c64f23b1f51b404df3b31d f47f3650901446978f6a9c515572ecb5 - - default default] Successfully bumped revision number for resource a46fc284-9c27-4f8b-950c-b8e4c138e316 (type: security_group_rules) to 0 [pid: 7|app: 0|req: 599/1268] 10.0.0.149 () {32 vars in 774 bytes} [Fri Sep 11 19:02:34 2026] GET /v2.0/security-groups?tenant_id=d3f2b701ec1844cd81af2fe18063e0eb&name=default => generated 2925 bytes in 631 msecs (HTTP/1.1 200) 4 headers in 158 bytes (1 switches on core 0)
2026-09-11 19:02:35.581 7 WARNING neutron.db.securitygroups_db [None req-7681fb88-fc0c-4bc6-8017-28c1b8a30d50 f3edeca166c64f23b1f51b404df3b31d f47f3650901446978f6a9c515572ecb5 - - default default] project_id key not found in filters, using tenant_id instead. This support has been deprecated and will be removed in a future release.
2026-09-11 19:02:35.786 8 WARNING neutron.scheduler.dhcp_agent_scheduler [None req-10ca661a-e950-44f4-9fb3-302e4e8fd909 f3edeca166c64f23b1f51b404df3b31d f47f3650901446978f6a9c515572ecb5 - - default default] No more DHCP agents
2026-09-11 19:02:35.788 8 WARNING neutron.api.rpc.agentnotifiers.dhcp_rpc_agent_api [None req-10ca661a-e950-44f4-9fb3-302e4e8fd909 f3edeca166c64f23b1f51b404df3b31d f47f3650901446978f6a9c515572ecb5 - - default default] Unable to schedule network 53815a77-4646-4aed-8b5f-2fafb9691bb3: no agents available; will retry on subsequent port and subnet creation events.
2026-09-11 19:02:35.966 8 INFO neutron.plugins.ml2.drivers.ovn.mech_driver.mech_driver [None req-28f2b8c8-4e93-4037-a019-fc4bdb30a0b1 - - - - - -] OVN reports status down for port: 92cf34af-eb92-4096-9c72-4b3c061c2dd9
2026-09-11 19:02:36.040 8 INFO neutron.db.ovn_revision_numbers_db [None req-10ca661a-e950-44f4-9fb3-302e4e8fd909 f3edeca166c64f23b1f51b404df3b31d f47f3650901446978f6a9c515572ecb5 - - default default] Successfully bumped revision number for resource 92cf34af-eb92-4096-9c72-4b3c061c2dd9 (type: ports) to 1
2026-09-11 19:02:36.352 7 INFO neutron.db.ovn_revision_numbers_db [None req-7681fb88-fc0c-4bc6-8017-28c1b8a30d50 f3edeca166c64f23b1f51b404df3b31d f47f3650901446978f6a9c515572ecb5 - - default default] Successfully bumped revision number for resource 5db56a63-1ea8-4407-a92e-98fb3662e72c (type: security_groups) to 1
2026-09-11 19:02:36.375 7 INFO neutron.db.ovn_revision_numbers_db [None req-7681fb88-fc0c-4bc6-8017-28c1b8a30d50 f3edeca166c64f23b1f51b404df3b31d f47f3650901446978f6a9c515572ecb5 - - default default] Successfully bumped revision number for resource 1093e45e-a6f8-4440-9a27-8b8eeb099ce8 (type: security_group_rules) to 0
2026-09-11 19:02:36.415 7 INFO neutron.db.ovn_revision_numbers_db [None req-7681fb88-fc0c-4bc6-8017-28c1b8a30d50 f3edeca166c64f23b1f51b404df3b31d f47f3650901446978f6a9c515572ecb5 - - default default] Successfully bumped revision number for resource 2a85cf73-2acc-4e5d-9def-83c19ecd2a7c (type: security_group_rules) to 0
2026-09-11 19:02:36.442 7 INFO neutron.db.ovn_revision_numbers_db [None req-7681fb88-fc0c-4bc6-8017-28c1b8a30d50 f3edeca166c64f23b1f51b404df3b31d f47f3650901446978f6a9c515572ecb5 - - default default] Successfully bumped revision number for resource fd18fbcc-7adc-4cc8-baec-29078e6ffafa (type: security_group_rules) to 0
2026-09-11 19:02:36.467 7 INFO neutron.db.ovn_revision_numbers_db [None req-7681fb88-fc0c-4bc6-8017-28c1b8a30d50 f3edeca166c64f23b1f51b404df3b31d f47f3650901446978f6a9c515572ecb5 - - default default] Successfully bumped revision number for resource fd3e3560-c9c6-44dd-a33c-70edc17630ba (type: security_group_rules) to 0 [pid: 7|app: 0|req: 600/1269] 10.0.0.149 () {32 vars in 774 bytes} [Fri Sep 11 19:02:35 2026] GET /v2.0/security-groups?tenant_id=c6146c920b6d42beb7b72dd0328ca91f&name=default => generated 2925 bytes in 977 msecs (HTTP/1.1 200) 4 headers in 158 bytes (1 switches on core 0)
2026-09-11 19:02:36.631 7 WARNING neutron.plugins.ml2.drivers.ovn.mech_driver.ovsdb.ovn_client [None req-44d38464-4a40-4abc-9141-5072a0e1282e - - - - - -] No hosting information found for port 881b8cdc-1cc0-4f68-b516-77c06b1b6350: RuntimeError: No hosting information found for port 881b8cdc-1cc0-4f68-b516-77c06b1b6350
2026-09-11 19:02:36.726 8 INFO neutron.plugins.ml2.drivers.ovn.mech_driver.mech_driver [None req-28f2b8c8-4e93-4037-a019-fc4bdb30a0b1 - - - - - -] OVN reports status up for port: 92cf34af-eb92-4096-9c72-4b3c061c2dd9
2026-09-11 19:02:36.758 8 INFO neutron.plugins.ml2.plugin [None req-28f2b8c8-4e93-4037-a019-fc4bdb30a0b1 - - - - - -] Attempt 1 to provision port 92cf34af-eb92-4096-9c72-4b3c061c2dd9
2026-09-11 19:02:36.762 7 INFO neutron.common.ovn.utils [None req-44d38464-4a40-4abc-9141-5072a0e1282e - - - - - -] HA Chassis Group neutron-60fa1085-6fc4-40aa-8ded-e38013eb2486 synchronized; highest priority chassis 0d2d1523-58aa-4627-a59d-3c82e23d90d2
2026-09-11 19:02:36.895 8 WARNING neutron.scheduler.dhcp_agent_scheduler [None req-10ca661a-e950-44f4-9fb3-302e4e8fd909 f3edeca166c64f23b1f51b404df3b31d f47f3650901446978f6a9c515572ecb5 - - default default] No more DHCP agents
2026-09-11 19:02:36.903 8 WARNING neutron.api.rpc.agentnotifiers.dhcp_rpc_agent_api [None req-10ca661a-e950-44f4-9fb3-302e4e8fd909 f3edeca166c64f23b1f51b404df3b31d f47f3650901446978f6a9c515572ecb5 - - default default] Unable to schedule network 53815a77-4646-4aed-8b5f-2fafb9691bb3: no agents available; will retry on subsequent port and subnet creation events.
2026-09-11 19:02:36.977 7 INFO neutron.db.ovn_revision_numbers_db [None req-44d38464-4a40-4abc-9141-5072a0e1282e - - - - - -] Successfully bumped revision number for resource 881b8cdc-1cc0-4f68-b516-77c06b1b6350 (type: router_ports) to 2
2026-09-11 19:02:37.046 7 INFO neutron.db.ovn_revision_numbers_db [None req-78ab741e-d1fa-45d5-b9a8-b3eb976a5ff2 - - - - - -] Successfully bumped revision number for resource 9f373548-e978-4da3-9833-79479e869224 (type: ports) to 4
2026-09-11 19:02:37.059 7 INFO neutron.plugins.ml2.drivers.ovn.mech_driver.mech_driver [None req-44d38464-4a40-4abc-9141-5072a0e1282e - - - - - -] OVN reports status down for port: b90fc71e-2f5a-48c1-849b-91b0c4e6a48e [pid: 7|app: 0|req: 601/1270] 10.0.0.149 () {32 vars in 740 bytes} [Fri Sep 11 19:02:36 2026] DELETE /v2.0/security-groups/597b450c-7fa8-43d9-a85b-b18b982c5103 => generated 0 bytes in 595 msecs (HTTP/1.1 204) 2 headers in 112 bytes (1 switches on core 0) [pid: 7|app: 0|req: 602/1271] 10.0.0.159 () {34 vars in 990 bytes} [Fri Sep 11 19:02:37 2026] GET /v2.0/ports?device_id=3581d3bf-768e-4f78-a76c-051d4b434d08 => generated 12 bytes in 42 msecs (HTTP/1.1 200) 4 headers in 156 bytes (1 switches on core 0)
2026-09-11 19:02:37.300 7 INFO neutron.plugins.ml2.drivers.ovn.mech_driver.mech_driver [None req-44d38464-4a40-4abc-9141-5072a0e1282e - - - - - -] OVN reports status down for port: 9f373548-e978-4da3-9833-79479e869224
2026-09-11 19:02:37.471 8 INFO neutron.db.ovn_revision_numbers_db [None req-28f2b8c8-4e93-4037-a019-fc4bdb30a0b1 - - - - - -] Successfully bumped revision number for resource 92cf34af-eb92-4096-9c72-4b3c061c2dd9 (type: ports) to 2
2026-09-11 19:02:37.713 8 INFO neutron.db.ovn_revision_numbers_db [None req-10ca661a-e950-44f4-9fb3-302e4e8fd909 f3edeca166c64f23b1f51b404df3b31d f47f3650901446978f6a9c515572ecb5 - - default default] Successfully bumped revision number for resource 92cf34af-eb92-4096-9c72-4b3c061c2dd9 (type: router_ports) to 1 [pid: 8|app: 0|req: 670/1272] 10.0.0.149 () {34 vars in 783 bytes} [Fri Sep 11 19:02:35 2026] PUT /v2.0/routers/8c251996-ddcc-4c4f-9337-25a49bc6b1e8/add_router_interface => generated 310 bytes in 2411 msecs (HTTP/1.1 200) 4 headers in 157 bytes (1 switches on core 0) [pid: 7|app: 0|req: 603/1273] 10.0.0.149 () {32 vars in 740 bytes} [Fri Sep 11 19:02:37 2026] DELETE /v2.0/security-groups/5db56a63-1ea8-4407-a92e-98fb3662e72c => generated 0 bytes in 557 msecs (HTTP/1.1 204) 2 headers in 112 bytes (1 switches on core 0) [pid: 8|app: 0|req: 671/1274] 162.253.55.81 () {34 vars in 985 bytes} [Fri Sep 11 19:02:37 2026] GET /v2.0/networks?id=60fa1085-6fc4-40aa-8ded-e38013eb2486 => generated 708 bytes in 41 msecs (HTTP/1.1 200) 4 headers in 157 bytes (1 switches on core 0)
2026-09-11 19:02:37.776 7 WARNING neutron.db.securitygroups_db [req-1090bc3f-6a17-471f-97ac-cd27ea574b41 req-49524fc9-1612-4cb0-8131-3974ecd1ed40 99e11c8d0b1c4abdb9051e91dbcd1f21 680126aaf1894e8397189e7e442c12d0 - - default default] project_id key not found in filters, using tenant_id instead. This support has been deprecated and will be removed in a future release. [pid: 7|app: 0|req: 604/1275] 162.253.55.81 () {34 vars in 1049 bytes} [Fri Sep 11 19:02:37 2026] GET /v2.0/security-groups?fields=id&fields=name&tenant_id=680126aaf1894e8397189e7e442c12d0 => generated 181 bytes in 85 msecs (HTTP/1.1 200) 4 headers in 157 bytes (1 switches on core 0)
2026-09-11 19:02:37.965 7 INFO neutron.db.ovn_revision_numbers_db [None req-78ab741e-d1fa-45d5-b9a8-b3eb976a5ff2 - - - - - -] Successfully bumped revision number for resource 9f373548-e978-4da3-9833-79479e869224 (type: ports) to 5
2026-09-11 19:02:37.971 7 INFO neutron.db.ovn_revision_numbers_db [None req-44d38464-4a40-4abc-9141-5072a0e1282e - - - - - -] Successfully bumped revision number for resource 9f373548-e978-4da3-9833-79479e869224 (type: ports) to 6
2026-09-11 19:02:38.090 7 WARNING neutron.plugins.ml2.drivers.ovn.mech_driver.ovsdb.ovn_client [None req-cca0a61f-4e12-4dd0-9570-510801cdb4c2 - - - - - -] Logical_Switch_Port 9f373548-e978-4da3-9833-79479e869224 host information not removed, the port state is up
2026-09-11 19:02:38.090 7 INFO neutron.plugins.ml2.drivers.ovn.mech_driver.mech_driver [None req-cca0a61f-4e12-4dd0-9570-510801cdb4c2 - - - - - -] OVN reports status up for port: 9f373548-e978-4da3-9833-79479e869224
2026-09-11 19:02:38.112 7 INFO neutron.plugins.ml2.plugin [None req-cca0a61f-4e12-4dd0-9570-510801cdb4c2 - - - - - -] Attempt 1 to provision port 9f373548-e978-4da3-9833-79479e869224
2026-09-11 19:02:38.164 8 WARNING neutron.scheduler.dhcp_agent_scheduler [req-1090bc3f-6a17-471f-97ac-cd27ea574b41 req-db44e05f-7f69-40c8-9707-42f99074947d 99e11c8d0b1c4abdb9051e91dbcd1f21 680126aaf1894e8397189e7e442c12d0 - - default default] No more DHCP agents
2026-09-11 19:02:38.166 8 WARNING neutron.api.rpc.agentnotifiers.dhcp_rpc_agent_api [req-1090bc3f-6a17-471f-97ac-cd27ea574b41 req-db44e05f-7f69-40c8-9707-42f99074947d 99e11c8d0b1c4abdb9051e91dbcd1f21 680126aaf1894e8397189e7e442c12d0 - - default default] Unable to schedule network 60fa1085-6fc4-40aa-8ded-e38013eb2486: no agents available; will retry on subsequent port and subnet creation events.
2026-09-11 19:02:38.337 8 INFO neutron.db.ovn_revision_numbers_db [req-1090bc3f-6a17-471f-97ac-cd27ea574b41 req-db44e05f-7f69-40c8-9707-42f99074947d 99e11c8d0b1c4abdb9051e91dbcd1f21 680126aaf1894e8397189e7e442c12d0 - - default default] Successfully bumped revision number for resource bcbe9c73-4dae-4ffe-b13f-6a6771a138da (type: ports) to 1 [pid: 8|app: 0|req: 672/1276] 162.253.55.81 () {38 vars in 954 bytes} [Fri Sep 11 19:02:37 2026] POST /v2.0/ports => generated 958 bytes in 572 msecs (HTTP/1.1 201) 4 headers in 162 bytes (1 switches on core 0) /var/lib/openstack/lib/python3.12/site-packages/pycadf/identifier.py:70: UserWarning: Invalid uuid: neutron. To ensure interoperability, identifiers should be a valid uuid. warnings.warn(('Invalid uuid: %s. To ensure interoperability, ' [pid: 7|app: 0|req: 605/1277] 10.0.0.159 () {34 vars in 990 bytes} [Fri Sep 11 19:02:38 2026] GET /v2.0/ports?device_id=3581d3bf-768e-4f78-a76c-051d4b434d08 => generated 961 bytes in 158 msecs (HTTP/1.1 200) 4 headers in 157 bytes (1 switches on core 0) [pid: 8|app: 0|req: 673/1278] 10.0.0.159 () {34 vars in 1040 bytes} [Fri Sep 11 19:02:38 2026] GET /v2.0/security-groups?id=25feed79-e778-47c9-8683-ab8332c84c54&fields=id&fields=name => generated 114 bytes in 44 msecs (HTTP/1.1 200) 4 headers in 157 bytes (1 switches on core 0)
2026-09-11 19:02:38.710 7 INFO neutron.db.ovn_revision_numbers_db [None req-cca0a61f-4e12-4dd0-9570-510801cdb4c2 - - - - - -] Successfully bumped revision number for resource 9f373548-e978-4da3-9833-79479e869224 (type: ports) to 7 [pid: 8|app: 0|req: 674/1279] 10.0.0.159 () {34 vars in 982 bytes} [Fri Sep 11 19:02:38 2026] GET /v2.0/networks?id=53815a77-4646-4aed-8b5f-2fafb9691bb3 => generated 716 bytes in 48 msecs (HTTP/1.1 200) 4 headers in 157 bytes (1 switches on core 0) [pid: 8|app: 0|req: 675/1280] 10.0.0.159 () {34 vars in 965 bytes} [Fri Sep 11 19:02:38 2026] GET /v2.0/quotas/9c4e2b433ec343abb255e327a84acd41 => generated 312 bytes in 10 msecs (HTTP/1.1 200) 4 headers in 157 bytes (1 switches on core 0) [pid: 8|app: 0|req: 676/1281] 10.0.0.159 () {34 vars in 1002 bytes} [Fri Sep 11 19:02:38 2026] GET /v2.0/ports?tenant_id=9c4e2b433ec343abb255e327a84acd41&fields=id => generated 103 bytes in 65 msecs (HTTP/1.1 200) 4 headers in 157 bytes (1 switches on core 0)
2026-09-11 19:02:38.890 7 INFO neutron.plugins.ml2.drivers.ovn.mech_driver.mech_driver [None req-5e6e3659-b3a9-441f-9221-162163222e99 - - - - - -] OVN reports status down for port: bcbe9c73-4dae-4ffe-b13f-6a6771a138da [pid: 8|app: 0|req: 677/1282] 10.0.0.159 () {34 vars in 1008 bytes} [Fri Sep 11 19:02:38 2026] GET /v2.0/networks/53815a77-4646-4aed-8b5f-2fafb9691bb3?fields=segments => generated 14 bytes in 36 msecs (HTTP/1.1 200) 4 headers in 156 bytes (1 switches on core 0) [pid: 8|app: 0|req: 678/1283] 10.0.0.159 () {34 vars in 1108 bytes} [Fri Sep 11 19:02:38 2026] GET /v2.0/networks/53815a77-4646-4aed-8b5f-2fafb9691bb3?fields=provider%3Aphysical_network&fields=provider%3Anetwork_type => generated 79 bytes in 44 msecs (HTTP/1.1 200) 4 headers in 156 bytes (1 switches on core 0)
2026-09-11 19:02:39.004 7 INFO neutron.db.ovn_revision_numbers_db [req-1090bc3f-6a17-471f-97ac-cd27ea574b41 req-7841f563-cdd1-4dfa-9764-10c224a2ed7f 1d1c3fe4dcfe4e47b2fbb6b61a6fcff5 1845e233ffb44b15b63dbf393c068208 - - bf0ab5cc0d014ac18fa3ea0dee42d6a2 bf0ab5cc0d014ac18fa3ea0dee42d6a2] Successfully bumped revision number for resource bcbe9c73-4dae-4ffe-b13f-6a6771a138da (type: ports) to 2
2026-09-11 19:02:39.038 7 INFO neutron.notifiers.nova [-] Nova event matching ['req-f985b2d8-90cc-499f-892e-7b340070f078'] response: {'server_uuid': '3581d3bf-768e-4f78-a76c-051d4b434d08', 'name': 'network-vif-unplugged', 'status': 'completed', 'tag': 'bcbe9c73-4dae-4ffe-b13f-6a6771a138da', 'code': 200} [pid: 8|app: 0|req: 679/1284] 10.0.0.159 () {34 vars in 990 bytes} [Fri Sep 11 19:02:39 2026] GET /v2.0/ports?device_id=3e8211ea-cb6c-4cdd-9ded-ed08a3c898ea => generated 12 bytes in 24 msecs (HTTP/1.1 200) 4 headers in 156 bytes (1 switches on core 0)
2026-09-11 19:02:39.266 7 INFO neutron.db.ovn_revision_numbers_db [req-1090bc3f-6a17-471f-97ac-cd27ea574b41 req-7841f563-cdd1-4dfa-9764-10c224a2ed7f 1d1c3fe4dcfe4e47b2fbb6b61a6fcff5 1845e233ffb44b15b63dbf393c068208 - - bf0ab5cc0d014ac18fa3ea0dee42d6a2 bf0ab5cc0d014ac18fa3ea0dee42d6a2] Successfully bumped revision number for resource bcbe9c73-4dae-4ffe-b13f-6a6771a138da (type: ports) to 4 [pid: 7|app: 0|req: 606/1285] 162.253.55.81 () {38 vars in 1027 bytes} [Fri Sep 11 19:02:38 2026] PUT /v2.0/ports/bcbe9c73-4dae-4ffe-b13f-6a6771a138da => generated 1230 bytes in 847 msecs (HTTP/1.1 200) 4 headers in 158 bytes (1 switches on core 0) [pid: 8|app: 0|req: 680/1286] 10.0.0.159 () {34 vars in 990 bytes} [Fri Sep 11 19:02:39 2026] GET /v2.0/ports?device_id=3581d3bf-768e-4f78-a76c-051d4b434d08 => generated 973 bytes in 69 msecs (HTTP/1.1 200) 4 headers in 157 bytes (1 switches on core 0) [pid: 8|app: 0|req: 681/1287] 10.0.0.159 () {34 vars in 1040 bytes} [Fri Sep 11 19:02:39 2026] GET /v2.0/security-groups?id=25feed79-e778-47c9-8683-ab8332c84c54&fields=id&fields=name => generated 114 bytes in 55 msecs (HTTP/1.1 200) 4 headers in 157 bytes (1 switches on core 0) /var/lib/openstack/lib/python3.12/site-packages/pycadf/identifier.py:70: UserWarning: Invalid uuid: neutron. To ensure interoperability, identifiers should be a valid uuid. warnings.warn(('Invalid uuid: %s. To ensure interoperability, '
