2026-09-11 19:02:53.954 7 INFO neutron.api.v2.resource [None req-84dd0c2e-7c7d-4f79-9ab1-69621408123f 99e11c8d0b1c4abdb9051e91dbcd1f21 680126aaf1894e8397189e7e442c12d0 - - default default] show failed (client error): The resource could not be found. [pid: 7|app: 0|req: 652/1387] 10.0.0.149 () {32 vars in 737 bytes} [Fri Sep 11 19:02:53 2026] GET /v2.0/security-groups/25feed79-e778-47c9-8683-ab8332c84c54 => generated 146 bytes in 17 msecs (HTTP/1.1 404) 4 headers in 164 bytes (1 switches on core 0) [pid: 7|app: 0|req: 653/1388] 162.253.55.81 () {34 vars in 993 bytes} [Fri Sep 11 19:02:54 2026] GET /v2.0/ports?device_id=3e8211ea-cb6c-4cdd-9ded-ed08a3c898ea => generated 973 bytes in 58 msecs (HTTP/1.1 200) 4 headers in 157 bytes (1 switches on core 0)
2026-09-11 19:02:54.186 8 INFO neutron_taas.services.taas.taas_plugin [None req-6e599899-0224-41ab-a372-2e8360c6f9a9 99e11c8d0b1c4abdb9051e91dbcd1f21 680126aaf1894e8397189e7e442c12d0 - - default default] TaaS: Handle Delete Port: 19ad531a-77cf-4ab0-88ed-82114270cc0a
2026-09-11 19:02:54.190 8 INFO neutron_taas.services.taas.tap_mirror_plugin [None req-6e599899-0224-41ab-a372-2e8360c6f9a9 99e11c8d0b1c4abdb9051e91dbcd1f21 680126aaf1894e8397189e7e442c12d0 - - default default] Tap Mirror: Handle Delete Port: 19ad531a-77cf-4ab0-88ed-82114270cc0a
2026-09-11 19:02:54.211 7 INFO neutron_taas.services.taas.taas_plugin [req-49f1215f-f357-43aa-ad93-18f509510af6 req-01a09f7d-f6da-4c39-b245-8c88eec08397 8c8ce4e0b622454982199514720b108a 9c4e2b433ec343abb255e327a84acd41 - - default default] TaaS: Handle Delete Port: 4ba7b82a-d0cd-4ed2-b547-238926b5dbb7
2026-09-11 19:02:54.214 7 INFO neutron_taas.services.taas.tap_mirror_plugin [req-49f1215f-f357-43aa-ad93-18f509510af6 req-01a09f7d-f6da-4c39-b245-8c88eec08397 8c8ce4e0b622454982199514720b108a 9c4e2b433ec343abb255e327a84acd41 - - default default] Tap Mirror: Handle Delete Port: 4ba7b82a-d0cd-4ed2-b547-238926b5dbb7 [pid: 8|app: 0|req: 736/1389] 10.0.0.149 () {32 vars in 732 bytes} [Fri Sep 11 19:02:53 2026] DELETE /v2.0/floatingips/e7f0f462-5517-4c4c-8cb5-bbc47f1ab6df => generated 0 bytes in 410 msecs (HTTP/1.1 204) 2 headers in 112 bytes (1 switches on core 0) [pid: 7|app: 0|req: 654/1390] 162.253.55.81 () {36 vars in 996 bytes} [Fri Sep 11 19:02:54 2026] DELETE /v2.0/ports/4ba7b82a-d0cd-4ed2-b547-238926b5dbb7 => generated 0 bytes in 312 msecs (HTTP/1.1 204) 3 headers in 131 bytes (1 switches on core 0) [pid: 8|app: 0|req: 737/1391] 10.0.0.159 () {34 vars in 990 bytes} [Fri Sep 11 19:02:54 2026] GET /v2.0/ports?device_id=3e8211ea-cb6c-4cdd-9ded-ed08a3c898ea => generated 12 bytes in 26 msecs (HTTP/1.1 200) 4 headers in 156 bytes (1 switches on core 0)
2026-09-11 19:02:54.424 7 INFO neutron.notifiers.nova [-] Nova event matching ['req-2b7c3035-1bdb-46d0-a541-067c836b785b'] response: {'server_uuid': '3e8211ea-cb6c-4cdd-9ded-ed08a3c898ea', 'name': 'network-vif-deleted', 'tag': '4ba7b82a-d0cd-4ed2-b547-238926b5dbb7', 'status': 'completed', 'code': 200}
2026-09-11 19:02:54.695 7 INFO neutron_taas.services.taas.taas_plugin [None req-a211f234-67e1-4785-b121-0682619f50be f3edeca166c64f23b1f51b404df3b31d f47f3650901446978f6a9c515572ecb5 - - default default] TaaS: Handle Delete Port: 881b8cdc-1cc0-4f68-b516-77c06b1b6350
2026-09-11 19:02:54.699 7 INFO neutron_taas.services.taas.tap_mirror_plugin [None req-a211f234-67e1-4785-b121-0682619f50be f3edeca166c64f23b1f51b404df3b31d f47f3650901446978f6a9c515572ecb5 - - default default] Tap Mirror: Handle Delete Port: 881b8cdc-1cc0-4f68-b516-77c06b1b6350 [pid: 7|app: 0|req: 655/1392] 10.0.0.149 () {34 vars in 789 bytes} [Fri Sep 11 19:02:54 2026] PUT /v2.0/routers/725ca466-4954-4fd3-8378-c21de1f68ff2/remove_router_interface => generated 310 bytes in 890 msecs (HTTP/1.1 200) 4 headers in 157 bytes (1 switches on core 0)
2026-09-11 19:02:55.357 8 INFO neutron.notifiers.nova [-] Nova event matching ['req-0f3ca857-fdd4-4351-a566-9060b147d3c4'] response: {'server_uuid': '3e8211ea-cb6c-4cdd-9ded-ed08a3c898ea', 'name': 'network-vif-unplugged', 'status': 'completed', 'tag': '4ba7b82a-d0cd-4ed2-b547-238926b5dbb7', 'code': 200} /var/lib/openstack/lib/python3.12/site-packages/pycadf/identifier.py:70: UserWarning: Invalid uuid: neutron. To ensure interoperability, identifiers should be a valid uuid. warnings.warn(('Invalid uuid: %s. To ensure interoperability, ' [pid: 7|app: 0|req: 656/1393] 10.0.0.159 () {34 vars in 990 bytes} [Fri Sep 11 19:02:55 2026] GET /v2.0/ports?device_id=3e8211ea-cb6c-4cdd-9ded-ed08a3c898ea => generated 12 bytes in 32 msecs (HTTP/1.1 200) 4 headers in 156 bytes (1 switches on core 0)
2026-09-11 19:02:55.609 8 INFO neutron_taas.services.taas.taas_plugin [None req-1a3eef73-e7c0-4a4e-833c-4897c18c1d39 f3edeca166c64f23b1f51b404df3b31d f47f3650901446978f6a9c515572ecb5 - - default default] TaaS: Handle Delete Port: 61d21648-4e7c-4a73-8c6a-275f145ac4ba
2026-09-11 19:02:55.612 8 INFO neutron_taas.services.taas.tap_mirror_plugin [None req-1a3eef73-e7c0-4a4e-833c-4897c18c1d39 f3edeca166c64f23b1f51b404df3b31d f47f3650901446978f6a9c515572ecb5 - - default default] Tap Mirror: Handle Delete Port: 61d21648-4e7c-4a73-8c6a-275f145ac4ba [pid: 8|app: 0|req: 738/1394] 10.0.0.149 () {32 vars in 724 bytes} [Fri Sep 11 19:02:55 2026] DELETE /v2.0/routers/725ca466-4954-4fd3-8378-c21de1f68ff2 => generated 0 bytes in 749 msecs (HTTP/1.1 204) 2 headers in 112 bytes (1 switches on core 0) [pid: 7|app: 0|req: 657/1395] 10.0.0.149 () {32 vars in 724 bytes} [Fri Sep 11 19:02:56 2026] DELETE /v2.0/subnets/5ad65e98-cbe8-403a-8e13-4c7231855721 => generated 0 bytes in 198 msecs (HTTP/1.1 204) 3 headers in 131 bytes (1 switches on core 0)
2026-09-11 19:02:56.366 7 INFO neutron_taas.services.taas.taas_plugin [None req-26db8c23-068d-4bde-8091-9dd0aa99103b f3edeca166c64f23b1f51b404df3b31d f47f3650901446978f6a9c515572ecb5 - - default default] TaaS: Handle Delete Port: 4ea909df-e789-48d5-9115-bfe4c003b49b
2026-09-11 19:02:56.371 7 INFO neutron_taas.services.taas.tap_mirror_plugin [None req-26db8c23-068d-4bde-8091-9dd0aa99103b f3edeca166c64f23b1f51b404df3b31d f47f3650901446978f6a9c515572ecb5 - - default default] Tap Mirror: Handle Delete Port: 4ea909df-e789-48d5-9115-bfe4c003b49b
2026-09-11 19:02:56.590 7 INFO neutron.services.segments.plugin [-] Segment 5c77c2be-85c1-48e4-896a-29400f8306ab resource provider aggregate not found
2026-09-11 19:02:56.594 7 INFO neutron.services.segments.plugin [-] Segment 5c77c2be-85c1-48e4-896a-29400f8306ab resource provider aggregate not found
2026-09-11 19:02:56.605 7 INFO neutron.services.segments.plugin [-] Client error retrieving segment 5c77c2be-85c1-48e4-896a-29400f8306ab resource provider; error: Placement Client Error (4xx): {"errors": [{"status": 404, "title": "Not Found", "detail": "The resource could not be found.\n\n No resource provider with uuid 5c77c2be-85c1-48e4-896a-29400f8306ab found for delete ", "request_id": "req-ee8b8734-2686-4c94-b20c-9ad8fbbd7bdd"}]}
2026-09-11 19:02:56.620 7 INFO neutron.services.segments.plugin [-] Client error retrieving segment 5c77c2be-85c1-48e4-896a-29400f8306ab resource provider; error: Placement Client Error (4xx): {"errors": [{"status": 404, "title": "Not Found", "detail": "The resource could not be found.\n\n No resource provider with uuid 5c77c2be-85c1-48e4-896a-29400f8306ab found for delete ", "request_id": "req-61a3c4b4-0dec-43ad-99db-78c0add9309c"}]} [pid: 7|app: 0|req: 658/1396] 10.0.0.149 () {32 vars in 726 bytes} [Fri Sep 11 19:02:56 2026] DELETE /v2.0/networks/60fa1085-6fc4-40aa-8ded-e38013eb2486 => generated 0 bytes in 409 msecs (HTTP/1.1 204) 3 headers in 131 bytes (1 switches on core 0)
2026-09-11 19:02:56.661 8 INFO neutron.db.ovn_revision_numbers_db [None req-66513a52-43d6-456e-a99d-68582e7c5420 33c0057bf47c45da97b745b410f62daa ce66de5d6da54424813f8479d1866c2b - - default default] Successfully bumped revision number for resource 95859135-5f7b-4de9-8e46-7de8174a26ee (type: security_groups) to 1 [pid: 7|app: 0|req: 659/1397] 10.0.0.159 () {34 vars in 990 bytes} [Fri Sep 11 19:02:56 2026] GET /v2.0/ports?device_id=3e8211ea-cb6c-4cdd-9ded-ed08a3c898ea => generated 12 bytes in 24 msecs (HTTP/1.1 200) 4 headers in 156 bytes (1 switches on core 0)
2026-09-11 19:02:56.677 8 INFO neutron.db.ovn_revision_numbers_db [None req-66513a52-43d6-456e-a99d-68582e7c5420 33c0057bf47c45da97b745b410f62daa ce66de5d6da54424813f8479d1866c2b - - default default] Successfully bumped revision number for resource 4bdb054b-d204-4e9e-8fff-e17cfd9a30a0 (type: security_group_rules) to 0
2026-09-11 19:02:56.695 8 INFO neutron.db.ovn_revision_numbers_db [None req-66513a52-43d6-456e-a99d-68582e7c5420 33c0057bf47c45da97b745b410f62daa ce66de5d6da54424813f8479d1866c2b - - default default] Successfully bumped revision number for resource 4fd1c434-43c4-4942-8859-2442abc7e942 (type: security_group_rules) to 0
2026-09-11 19:02:56.716 8 INFO neutron.db.ovn_revision_numbers_db [None req-66513a52-43d6-456e-a99d-68582e7c5420 33c0057bf47c45da97b745b410f62daa ce66de5d6da54424813f8479d1866c2b - - default default] Successfully bumped revision number for resource 7a31228f-0f61-4149-9799-a01f4acee4d0 (type: security_group_rules) to 0
2026-09-11 19:02:56.731 8 INFO neutron.db.ovn_revision_numbers_db [None req-66513a52-43d6-456e-a99d-68582e7c5420 33c0057bf47c45da97b745b410f62daa ce66de5d6da54424813f8479d1866c2b - - default default] Successfully bumped revision number for resource 7c90e882-aa9d-4ac5-9ab6-d6ca08de7e3f (type: security_group_rules) to 0
2026-09-11 19:02:56.776 7 WARNING neutron.db.securitygroups_db [None req-bea34d33-3b86-470a-aae7-8c14bb42c23f f3edeca166c64f23b1f51b404df3b31d f47f3650901446978f6a9c515572ecb5 - - default default] project_id key not found in filters, using tenant_id instead. This support has been deprecated and will be removed in a future release. [pid: 7|app: 0|req: 660/1398] 10.0.0.149 () {32 vars in 774 bytes} [Fri Sep 11 19:02:56 2026] GET /v2.0/security-groups?tenant_id=680126aaf1894e8397189e7e442c12d0&name=default => generated 2925 bytes in 41 msecs (HTTP/1.1 200) 4 headers in 158 bytes (1 switches on core 0)
2026-09-11 19:02:56.831 8 INFO neutron.db.segments_db [None req-66513a52-43d6-456e-a99d-68582e7c5420 33c0057bf47c45da97b745b410f62daa ce66de5d6da54424813f8479d1866c2b - - default default] Added segment 5f34a080-b9f0-420e-a391-6d037c89c368 of type geneve for network cddf53cc-198b-4f13-a80c-dac9669eafa4
2026-09-11 19:02:56.945 8 INFO neutron.db.ovn_revision_numbers_db [None req-66513a52-43d6-456e-a99d-68582e7c5420 33c0057bf47c45da97b745b410f62daa ce66de5d6da54424813f8479d1866c2b - - default default] Successfully bumped revision number for resource cddf53cc-198b-4f13-a80c-dac9669eafa4 (type: networks) to 1 [pid: 7|app: 0|req: 661/1399] 10.0.0.149 () {32 vars in 740 bytes} [Fri Sep 11 19:02:56 2026] DELETE /v2.0/security-groups/04a67d77-c7d6-4217-9cde-489a79a119bc => generated 0 bytes in 157 msecs (HTTP/1.1 204) 2 headers in 112 bytes (1 switches on core 0)
2026-09-11 19:02:57.081 8 WARNING neutron.scheduler.dhcp_agent_scheduler [None req-66513a52-43d6-456e-a99d-68582e7c5420 33c0057bf47c45da97b745b410f62daa ce66de5d6da54424813f8479d1866c2b - - default default] No more DHCP agents
2026-09-11 19:02:57.083 8 WARNING neutron.api.rpc.agentnotifiers.dhcp_rpc_agent_api [None req-66513a52-43d6-456e-a99d-68582e7c5420 33c0057bf47c45da97b745b410f62daa ce66de5d6da54424813f8479d1866c2b - - default default] Unable to schedule network cddf53cc-198b-4f13-a80c-dac9669eafa4: no agents available; will retry on subsequent port and subnet creation events.
2026-09-11 19:02:57.141 8 INFO neutron.plugins.ml2.drivers.ovn.mech_driver.mech_driver [None req-bd4f0503-f34a-4b22-84a8-4d2d3cc79f29 - - - - - -] OVN reports status down for port: 49594156-1142-4dce-b3fe-944c4a11a6b2
2026-09-11 19:02:57.223 8 INFO neutron.db.ovn_revision_numbers_db [None req-66513a52-43d6-456e-a99d-68582e7c5420 33c0057bf47c45da97b745b410f62daa ce66de5d6da54424813f8479d1866c2b - - default default] Successfully bumped revision number for resource 49594156-1142-4dce-b3fe-944c4a11a6b2 (type: ports) to 1 [pid: 8|app: 0|req: 739/1400] 10.0.0.149 () {34 vars in 671 bytes} [Fri Sep 11 19:02:56 2026] POST /v2.0/networks => generated 670 bytes in 1190 msecs (HTTP/1.1 201) 4 headers in 162 bytes (1 switches on core 0)
2026-09-11 19:02:57.675 7 WARNING neutron.scheduler.dhcp_agent_scheduler [None req-b8e799bc-c2a7-4999-b0ff-61f7707af517 33c0057bf47c45da97b745b410f62daa ce66de5d6da54424813f8479d1866c2b - - default default] No more DHCP agents
2026-09-11 19:02:57.676 7 WARNING neutron.api.rpc.agentnotifiers.dhcp_rpc_agent_api [None req-b8e799bc-c2a7-4999-b0ff-61f7707af517 33c0057bf47c45da97b745b410f62daa ce66de5d6da54424813f8479d1866c2b - - default default] Unable to schedule network a1f6cd3c-e224-4621-be2c-783ee9774b95: no agents available; will retry on subsequent port and subnet creation events.
2026-09-11 19:02:57.773 7 INFO neutron.plugins.ml2.drivers.ovn.mech_driver.mech_driver [None req-c3dae3a4-35d1-4a70-b26b-72127e32302e - - - - - -] OVN reports status down for port: 1f47bdab-3287-4615-886f-c3cc3ccb9b59
2026-09-11 19:02:57.811 7 INFO neutron.db.ovn_revision_numbers_db [None req-b8e799bc-c2a7-4999-b0ff-61f7707af517 33c0057bf47c45da97b745b410f62daa ce66de5d6da54424813f8479d1866c2b - - default default] Successfully bumped revision number for resource 1f47bdab-3287-4615-886f-c3cc3ccb9b59 (type: ports) to 1
2026-09-11 19:02:58.163 8 INFO neutron_taas.services.taas.taas_plugin [None req-721ce82a-2d62-46b1-b5bf-3520d9a845e4 f3edeca166c64f23b1f51b404df3b31d f47f3650901446978f6a9c515572ecb5 - - default default] TaaS: Handle Delete Port: 92cf34af-eb92-4096-9c72-4b3c061c2dd9
2026-09-11 19:02:58.166 8 INFO neutron_taas.services.taas.tap_mirror_plugin [None req-721ce82a-2d62-46b1-b5bf-3520d9a845e4 f3edeca166c64f23b1f51b404df3b31d f47f3650901446978f6a9c515572ecb5 - - default default] Tap Mirror: Handle Delete Port: 92cf34af-eb92-4096-9c72-4b3c061c2dd9
2026-09-11 19:02:58.468 7 INFO neutron.plugins.ml2.drivers.ovn.mech_driver.ovsdb.ovsdb_monitor [None req-78ab741e-d1fa-45d5-b9a8-b3eb976a5ff2 - - - - - -] Router 9132e963-d6e1-4272-a7cd-5ecda7c02b35 is bound to host instance
2026-09-11 19:02:58.472 7 INFO neutron.plugins.ml2.drivers.ovn.mech_driver.mech_driver [None req-c3dae3a4-35d1-4a70-b26b-72127e32302e - - - - - -] OVN reports status up for port: 1f47bdab-3287-4615-886f-c3cc3ccb9b59
2026-09-11 19:02:58.524 7 INFO neutron.plugins.ml2.plugin [None req-c3dae3a4-35d1-4a70-b26b-72127e32302e - - - - - -] Attempt 1 to provision port 1f47bdab-3287-4615-886f-c3cc3ccb9b59
2026-09-11 19:02:58.530 7 INFO neutron.db.ovn_revision_numbers_db [None req-b8e799bc-c2a7-4999-b0ff-61f7707af517 33c0057bf47c45da97b745b410f62daa ce66de5d6da54424813f8479d1866c2b - - default default] Successfully bumped revision number for resource 1f47bdab-3287-4615-886f-c3cc3ccb9b59 (type: router_ports) to 1
2026-09-11 19:02:58.765 7 INFO neutron.db.ovn_revision_numbers_db [None req-b8e799bc-c2a7-4999-b0ff-61f7707af517 33c0057bf47c45da97b745b410f62daa ce66de5d6da54424813f8479d1866c2b - - default default] Successfully bumped revision number for resource 9132e963-d6e1-4272-a7cd-5ecda7c02b35 (type: routers) to 2 [pid: 8|app: 0|req: 740/1401] 10.0.0.149 () {34 vars in 789 bytes} [Fri Sep 11 19:02:57 2026] PUT /v2.0/routers/8c251996-ddcc-4c4f-9337-25a49bc6b1e8/remove_router_interface => generated 310 bytes in 1089 msecs (HTTP/1.1 200) 4 headers in 157 bytes (1 switches on core 0) [pid: 7|app: 0|req: 662/1402] 10.0.0.149 () {34 vars in 669 bytes} [Fri Sep 11 19:02:57 2026] POST /v2.0/routers => generated 975 bytes in 1536 msecs (HTTP/1.1 201) 4 headers in 162 bytes (1 switches on core 0) /var/lib/openstack/lib/python3.12/site-packages/pycadf/identifier.py:70: UserWarning: Invalid uuid: neutron. To ensure interoperability, identifiers should be a valid uuid. warnings.warn(('Invalid uuid: %s. To ensure interoperability, '
2026-09-11 19:02:59.123 8 WARNING neutron.db.securitygroups_db [None req-d5d9700e-fd5c-402f-b418-70828ddd1be1 f3edeca166c64f23b1f51b404df3b31d f47f3650901446978f6a9c515572ecb5 - - default default] project_id key not found in filters, using tenant_id instead. This support has been deprecated and will be removed in a future release.
2026-09-11 19:02:59.269 8 INFO neutron.db.ovn_revision_numbers_db [None req-d5d9700e-fd5c-402f-b418-70828ddd1be1 f3edeca166c64f23b1f51b404df3b31d f47f3650901446978f6a9c515572ecb5 - - default default] Successfully bumped revision number for resource e9dc84b0-5106-4871-9a9f-1d2aa5f0721c (type: security_groups) to 1
2026-09-11 19:02:59.280 8 INFO neutron.db.ovn_revision_numbers_db [None req-d5d9700e-fd5c-402f-b418-70828ddd1be1 f3edeca166c64f23b1f51b404df3b31d f47f3650901446978f6a9c515572ecb5 - - default default] Successfully bumped revision number for resource 44eced7a-e2b7-4dbb-ac1d-64cb5fec518d (type: security_group_rules) to 0
2026-09-11 19:02:59.292 8 INFO neutron.db.ovn_revision_numbers_db [None req-d5d9700e-fd5c-402f-b418-70828ddd1be1 f3edeca166c64f23b1f51b404df3b31d f47f3650901446978f6a9c515572ecb5 - - default default] Successfully bumped revision number for resource 52aabe41-4bad-4cc7-9d02-11362ce5186d (type: security_group_rules) to 0
2026-09-11 19:02:59.303 8 INFO neutron.db.ovn_revision_numbers_db [None req-d5d9700e-fd5c-402f-b418-70828ddd1be1 f3edeca166c64f23b1f51b404df3b31d f47f3650901446978f6a9c515572ecb5 - - default default] Successfully bumped revision number for resource adbd5c42-37d8-4f6f-a87b-5d6bed482523 (type: security_group_rules) to 0
2026-09-11 19:02:59.315 8 INFO neutron.db.ovn_revision_numbers_db [None req-d5d9700e-fd5c-402f-b418-70828ddd1be1 f3edeca166c64f23b1f51b404df3b31d f47f3650901446978f6a9c515572ecb5 - - default default] Successfully bumped revision number for resource fbaca5a3-a7ab-4b94-9e4b-fd20f006a74c (type: security_group_rules) to 0 [pid: 8|app: 0|req: 741/1403] 10.0.0.149 () {32 vars in 774 bytes} [Fri Sep 11 19:02:58 2026] GET /v2.0/security-groups?tenant_id=b0415d3349b0427eaaf8fd43e6bd5d9a&name=default => generated 2925 bytes in 533 msecs (HTTP/1.1 200) 4 headers in 158 bytes (1 switches on core 0)
2026-09-11 19:02:59.487 7 INFO neutron_taas.services.taas.taas_plugin [None req-3fb45e7b-4bf6-434b-a4af-fada67b58a48 f3edeca166c64f23b1f51b404df3b31d f47f3650901446978f6a9c515572ecb5 - - default default] TaaS: Handle Delete Port: 9f373548-e978-4da3-9833-79479e869224
2026-09-11 19:02:59.492 7 INFO neutron_taas.services.taas.tap_mirror_plugin [None req-3fb45e7b-4bf6-434b-a4af-fada67b58a48 f3edeca166c64f23b1f51b404df3b31d f47f3650901446978f6a9c515572ecb5 - - default default] Tap Mirror: Handle Delete Port: 9f373548-e978-4da3-9833-79479e869224 [pid: 8|app: 0|req: 742/1404] 10.0.0.149 () {32 vars in 776 bytes} [Fri Sep 11 19:02:59 2026] GET /v2.0/subnets?project_id=ce66de5d6da54424813f8479d1866c2b&cidr=10.100.0.0%2F28 => generated 14 bytes in 165 msecs (HTTP/1.1 200) 4 headers in 156 bytes (1 switches on core 0) [pid: 8|app: 0|req: 743/1405] 10.0.0.149 () {32 vars in 740 bytes} [Fri Sep 11 19:02:59 2026] DELETE /v2.0/security-groups/e9dc84b0-5106-4871-9a9f-1d2aa5f0721c => generated 0 bytes in 195 msecs (HTTP/1.1 204) 2 headers in 112 bytes (1 switches on core 0) [pid: 8|app: 0|req: 744/1406] 10.0.0.149 () {32 vars in 694 bytes} [Fri Sep 11 19:02:59 2026] GET /v2.0/networks?router%3Aexternal=True => generated 791 bytes in 51 msecs (HTTP/1.1 200) 4 headers in 157 bytes (1 switches on core 0) [pid: 8|app: 0|req: 745/1407] 10.0.0.149 () {32 vars in 784 bytes} [Fri Sep 11 19:02:59 2026] GET /v2.0/subnets?network_id=a1f6cd3c-e224-4621-be2c-783ee9774b95&cidr=10.100.0.0%2F28 => generated 14 bytes in 23 msecs (HTTP/1.1 200) 4 headers in 156 bytes (1 switches on core 0)
2026-09-11 19:02:59.945 8 WARNING neutron.scheduler.dhcp_agent_scheduler [None req-8a023761-407b-47df-b8c2-b94c16630bcb 33c0057bf47c45da97b745b410f62daa ce66de5d6da54424813f8479d1866c2b - - default default] No more DHCP agents
2026-09-11 19:02:59.946 8 WARNING neutron.api.rpc.agentnotifiers.dhcp_rpc_agent_api [None req-8a023761-407b-47df-b8c2-b94c16630bcb 33c0057bf47c45da97b745b410f62daa ce66de5d6da54424813f8479d1866c2b - - default default] Unable to schedule network cddf53cc-198b-4f13-a80c-dac9669eafa4: no agents available; will retry on subsequent port and subnet creation events. [pid: 7|app: 0|req: 663/1408] 10.0.0.149 () {32 vars in 724 bytes} [Fri Sep 11 19:02:58 2026] DELETE /v2.0/routers/8c251996-ddcc-4c4f-9337-25a49bc6b1e8 => generated 0 bytes in 1559 msecs (HTTP/1.1 204) 2 headers in 112 bytes (1 switches on core 0)
2026-09-11 19:03:00.400 7 WARNING neutron.db.securitygroups_db [None req-2de22294-bebb-451c-b157-7a1a1c0d7817 f3edeca166c64f23b1f51b404df3b31d f47f3650901446978f6a9c515572ecb5 - - default default] project_id key not found in filters, using tenant_id instead. This support has been deprecated and will be removed in a future release.
2026-09-11 19:03:00.428 7 INFO neutron.db.ovn_revision_numbers_db [None req-f2e0d75f-2144-4c61-9eed-8efa159156a1 - - - - - -] Successfully bumped revision number for resource 1f47bdab-3287-4615-886f-c3cc3ccb9b59 (type: ports) to 4
2026-09-11 19:03:00.516 8 INFO neutron.db.ovn_revision_numbers_db [None req-8a023761-407b-47df-b8c2-b94c16630bcb 33c0057bf47c45da97b745b410f62daa ce66de5d6da54424813f8479d1866c2b - - default default] Successfully bumped revision number for resource 49594156-1142-4dce-b3fe-944c4a11a6b2 (type: ports) to 2
2026-09-11 19:03:00.569 8 INFO neutron.db.ovn_revision_numbers_db [None req-8a023761-407b-47df-b8c2-b94c16630bcb 33c0057bf47c45da97b745b410f62daa ce66de5d6da54424813f8479d1866c2b - - default default] Successfully bumped revision number for resource 563797a6-ffd6-4c6c-9de7-d83d5acf303c (type: subnets) to 0 [pid: 8|app: 0|req: 746/1409] 10.0.0.149 () {34 vars in 669 bytes} [Fri Sep 11 19:02:59 2026] POST /v2.0/subnets => generated 656 bytes in 789 msecs (HTTP/1.1 201) 4 headers in 162 bytes (1 switches on core 0)
2026-09-11 19:03:00.615 7 INFO neutron.db.ovn_revision_numbers_db [None req-2de22294-bebb-451c-b157-7a1a1c0d7817 f3edeca166c64f23b1f51b404df3b31d f47f3650901446978f6a9c515572ecb5 - - default default] Successfully bumped revision number for resource b17aaeae-7fe1-4967-9779-709f7c463cd5 (type: security_groups) to 1
2026-09-11 19:03:00.641 7 INFO neutron.db.ovn_revision_numbers_db [None req-2de22294-bebb-451c-b157-7a1a1c0d7817 f3edeca166c64f23b1f51b404df3b31d f47f3650901446978f6a9c515572ecb5 - - default default] Successfully bumped revision number for resource 0402aa21-d556-4d7e-84d4-188c463e6e5e (type: security_group_rules) to 0
2026-09-11 19:03:00.657 7 INFO neutron.db.ovn_revision_numbers_db [None req-2de22294-bebb-451c-b157-7a1a1c0d7817 f3edeca166c64f23b1f51b404df3b31d f47f3650901446978f6a9c515572ecb5 - - default default] Successfully bumped revision number for resource 573cc9e1-131e-40bc-92b7-3d64beeca5ab (type: security_group_rules) to 0
2026-09-11 19:03:00.685 7 INFO neutron.db.ovn_revision_numbers_db [None req-2de22294-bebb-451c-b157-7a1a1c0d7817 f3edeca166c64f23b1f51b404df3b31d f47f3650901446978f6a9c515572ecb5 - - default default] Successfully bumped revision number for resource 8f826d4d-aaf8-4bb0-80fa-91408c2ce570 (type: security_group_rules) to 0
2026-09-11 19:03:00.689 8 WARNING neutron.db.securitygroups_db [None req-5b2ab932-4ffd-4fe7-b7ac-927e95542f87 f3edeca166c64f23b1f51b404df3b31d f47f3650901446978f6a9c515572ecb5 - - default default] project_id key not found in filters, using tenant_id instead. This support has been deprecated and will be removed in a future release.
2026-09-11 19:03:00.711 7 INFO neutron.db.ovn_revision_numbers_db [None req-2de22294-bebb-451c-b157-7a1a1c0d7817 f3edeca166c64f23b1f51b404df3b31d f47f3650901446978f6a9c515572ecb5 - - default default] Successfully bumped revision number for resource aa0ab46e-8922-480c-8640-fb68fda8621d (type: security_group_rules) to 0 [pid: 7|app: 0|req: 664/1410] 10.0.0.149 () {32 vars in 774 bytes} [Fri Sep 11 19:03:00 2026] GET /v2.0/security-groups?tenant_id=49cfa35c90574561bbb72aadca64c390&name=default => generated 2925 bytes in 414 msecs (HTTP/1.1 200) 4 headers in 158 bytes (1 switches on core 0)
2026-09-11 19:03:00.854 8 INFO neutron.db.ovn_revision_numbers_db [None req-5b2ab932-4ffd-4fe7-b7ac-927e95542f87 f3edeca166c64f23b1f51b404df3b31d f47f3650901446978f6a9c515572ecb5 - - default default] Successfully bumped revision number for resource 6999eb61-df1b-4a0a-bb5c-fb82247580e9 (type: security_groups) to 1
2026-09-11 19:03:00.873 8 INFO neutron.db.ovn_revision_numbers_db [None req-5b2ab932-4ffd-4fe7-b7ac-927e95542f87 f3edeca166c64f23b1f51b404df3b31d f47f3650901446978f6a9c515572ecb5 - - default default] Successfully bumped revision number for resource 3471afa9-2b36-42fb-bab9-87f36a8ecdd3 (type: security_group_rules) to 0
2026-09-11 19:03:00.890 8 INFO neutron.db.ovn_revision_numbers_db [None req-5b2ab932-4ffd-4fe7-b7ac-927e95542f87 f3edeca166c64f23b1f51b404df3b31d f47f3650901446978f6a9c515572ecb5 - - default default] Successfully bumped revision number for resource 38a227f9-7ff3-4fca-a958-af0a44f6c414 (type: security_group_rules) to 0
2026-09-11 19:03:00.908 8 INFO neutron.db.ovn_revision_numbers_db [None req-5b2ab932-4ffd-4fe7-b7ac-927e95542f87 f3edeca166c64f23b1f51b404df3b31d f47f3650901446978f6a9c515572ecb5 - - default default] Successfully bumped revision number for resource 38c8f4db-2884-4c3b-9928-a14b33eb4eba (type: security_group_rules) to 0
2026-09-11 19:03:00.926 8 INFO neutron.db.ovn_revision_numbers_db [None req-5b2ab932-4ffd-4fe7-b7ac-927e95542f87 f3edeca166c64f23b1f51b404df3b31d f47f3650901446978f6a9c515572ecb5 - - default default] Successfully bumped revision number for resource bf104cf2-6c0d-48f5-b542-65a01ebd3f6b (type: security_group_rules) to 0 [pid: 8|app: 0|req: 747/1411] 10.0.0.149 () {32 vars in 774 bytes} [Fri Sep 11 19:03:00 2026] GET /v2.0/security-groups?tenant_id=5d02e911a8884c07a7253a6edfecfc2b&name=default => generated 2925 bytes in 400 msecs (HTTP/1.1 200) 4 headers in 158 bytes (1 switches on core 0)
2026-09-11 19:03:01.029 7 INFO neutron.db.ovn_revision_numbers_db [None req-f2e0d75f-2144-4c61-9eed-8efa159156a1 - - - - - -] Successfully bumped revision number for resource 1f47bdab-3287-4615-886f-c3cc3ccb9b59 (type: ports) to 5 [pid: 7|app: 0|req: 665/1412] 10.0.0.149 () {32 vars in 724 bytes} [Fri Sep 11 19:03:00 2026] DELETE /v2.0/subnets/e0e8fc8b-a171-427f-a734-7776a417d6dd => generated 0 bytes in 302 msecs (HTTP/1.1 204) 3 headers in 131 bytes (1 switches on core 0) [pid: 7|app: 0|req: 666/1413] 10.0.0.149 () {32 vars in 740 bytes} [Fri Sep 11 19:03:01 2026] DELETE /v2.0/security-groups/b17aaeae-7fe1-4967-9779-709f7c463cd5 => generated 0 bytes in 259 msecs (HTTP/1.1 204) 2 headers in 112 bytes (1 switches on core 0) [pid: 7|app: 0|req: 667/1414] 10.0.0.149 () {32 vars in 740 bytes} [Fri Sep 11 19:03:01 2026] DELETE /v2.0/security-groups/6999eb61-df1b-4a0a-bb5c-fb82247580e9 => generated 0 bytes in 191 msecs (HTTP/1.1 204) 2 headers in 112 bytes (1 switches on core 0)
2026-09-11 19:03:01.653 7 INFO neutron_taas.services.taas.taas_plugin [None req-65c78b98-041a-4735-b6a3-d108a74e4540 f3edeca166c64f23b1f51b404df3b31d f47f3650901446978f6a9c515572ecb5 - - default default] TaaS: Handle Delete Port: b90fc71e-2f5a-48c1-849b-91b0c4e6a48e
2026-09-11 19:03:01.656 7 INFO neutron_taas.services.taas.tap_mirror_plugin [None req-65c78b98-041a-4735-b6a3-d108a74e4540 f3edeca166c64f23b1f51b404df3b31d f47f3650901446978f6a9c515572ecb5 - - default default] Tap Mirror: Handle Delete Port: b90fc71e-2f5a-48c1-849b-91b0c4e6a48e
2026-09-11 19:03:01.762 8 WARNING neutron.scheduler.dhcp_agent_scheduler [None req-a05521f5-977e-4c97-aa4a-d56ebce20f64 33c0057bf47c45da97b745b410f62daa ce66de5d6da54424813f8479d1866c2b - - default default] No more DHCP agents
2026-09-11 19:03:01.764 8 WARNING neutron.api.rpc.agentnotifiers.dhcp_rpc_agent_api [None req-a05521f5-977e-4c97-aa4a-d56ebce20f64 33c0057bf47c45da97b745b410f62daa ce66de5d6da54424813f8479d1866c2b - - default default] Unable to schedule network cddf53cc-198b-4f13-a80c-dac9669eafa4: no agents available; will retry on subsequent port and subnet creation events.
2026-09-11 19:03:01.839 7 INFO neutron.services.segments.plugin [-] Segment 6995ab24-2ba1-4d55-be4d-2e3d7bceef9d resource provider aggregate not found
2026-09-11 19:03:01.844 7 INFO neutron.services.segments.plugin [-] Segment 6995ab24-2ba1-4d55-be4d-2e3d7bceef9d resource provider aggregate not found
2026-09-11 19:03:01.862 7 INFO neutron.services.segments.plugin [-] Client error retrieving segment 6995ab24-2ba1-4d55-be4d-2e3d7bceef9d resource provider; error: Placement Client Error (4xx): {"errors": [{"status": 404, "title": "Not Found", "detail": "The resource could not be found.\n\n No resource provider with uuid 6995ab24-2ba1-4d55-be4d-2e3d7bceef9d found for delete ", "request_id": "req-9c1a7114-ca61-4f56-9cd4-7f572b64ed63"}]}
2026-09-11 19:03:01.867 7 INFO neutron.services.segments.plugin [-] Client error retrieving segment 6995ab24-2ba1-4d55-be4d-2e3d7bceef9d resource provider; error: Placement Client Error (4xx): {"errors": [{"status": 404, "title": "Not Found", "detail": "The resource could not be found.\n\n No resource provider with uuid 6995ab24-2ba1-4d55-be4d-2e3d7bceef9d found for delete ", "request_id": "req-b91f22aa-8fe2-47a0-b1b3-9f02131ad347"}]}
2026-09-11 19:03:01.903 8 INFO neutron.plugins.ml2.drivers.ovn.mech_driver.mech_driver [None req-bd4f0503-f34a-4b22-84a8-4d2d3cc79f29 - - - - - -] OVN reports status down for port: a55ef5f5-a7fd-4637-af55-e34482be1bfa [pid: 7|app: 0|req: 668/1415] 10.0.0.149 () {32 vars in 726 bytes} [Fri Sep 11 19:03:01 2026] DELETE /v2.0/networks/53815a77-4646-4aed-8b5f-2fafb9691bb3 => generated 0 bytes in 362 msecs (HTTP/1.1 204) 3 headers in 131 bytes (1 switches on core 0)
2026-09-11 19:03:01.968 8 INFO neutron.db.ovn_revision_numbers_db [None req-a05521f5-977e-4c97-aa4a-d56ebce20f64 33c0057bf47c45da97b745b410f62daa ce66de5d6da54424813f8479d1866c2b - - default default] Successfully bumped revision number for resource a55ef5f5-a7fd-4637-af55-e34482be1bfa (type: ports) to 1
2026-09-11 19:03:02.076 7 WARNING neutron.db.securitygroups_db [None req-9a8ddaef-e698-42ed-823d-98f0b91db1d3 f3edeca166c64f23b1f51b404df3b31d f47f3650901446978f6a9c515572ecb5 - - default default] project_id key not found in filters, using tenant_id instead. This support has been deprecated and will be removed in a future release. [pid: 7|app: 0|req: 669/1416] 10.0.0.149 () {32 vars in 774 bytes} [Fri Sep 11 19:03:02 2026] GET /v2.0/security-groups?tenant_id=9c4e2b433ec343abb255e327a84acd41&name=default => generated 2925 bytes in 61 msecs (HTTP/1.1 200) 4 headers in 158 bytes (1 switches on core 0) [pid: 7|app: 0|req: 670/1417] 10.0.0.149 () {32 vars in 740 bytes} [Fri Sep 11 19:03:02 2026] DELETE /v2.0/security-groups/4439b072-7015-4e20-ba24-23b325012e5f => generated 0 bytes in 209 msecs (HTTP/1.1 204) 2 headers in 112 bytes (1 switches on core 0)
2026-09-11 19:03:02.651 8 INFO neutron.plugins.ml2.drivers.ovn.mech_driver.mech_driver [None req-bd4f0503-f34a-4b22-84a8-4d2d3cc79f29 - - - - - -] OVN reports status up for port: a55ef5f5-a7fd-4637-af55-e34482be1bfa
2026-09-11 19:03:02.693 8 INFO neutron.plugins.ml2.plugin [None req-bd4f0503-f34a-4b22-84a8-4d2d3cc79f29 - - - - - -] Attempt 1 to provision port a55ef5f5-a7fd-4637-af55-e34482be1bfa
2026-09-11 19:03:02.840 8 WARNING neutron.scheduler.dhcp_agent_scheduler [None req-a05521f5-977e-4c97-aa4a-d56ebce20f64 33c0057bf47c45da97b745b410f62daa ce66de5d6da54424813f8479d1866c2b - - default default] No more DHCP agents
2026-09-11 19:03:02.844 8 WARNING neutron.api.rpc.agentnotifiers.dhcp_rpc_agent_api [None req-a05521f5-977e-4c97-aa4a-d56ebce20f64 33c0057bf47c45da97b745b410f62daa ce66de5d6da54424813f8479d1866c2b - - default default] Unable to schedule network cddf53cc-198b-4f13-a80c-dac9669eafa4: no agents available; will retry on subsequent port and subnet creation events.
2026-09-11 19:03:03.372 7 INFO neutron.common.ovn.utils [None req-c3dae3a4-35d1-4a70-b26b-72127e32302e - - - - - -] HA Chassis Group neutron-cddf53cc-198b-4f13-a80c-dac9669eafa4 synchronized; highest priority chassis 0d2d1523-58aa-4627-a59d-3c82e23d90d2
2026-09-11 19:03:03.523 8 INFO neutron.db.ovn_revision_numbers_db [None req-a05521f5-977e-4c97-aa4a-d56ebce20f64 33c0057bf47c45da97b745b410f62daa ce66de5d6da54424813f8479d1866c2b - - default default] Successfully bumped revision number for resource a55ef5f5-a7fd-4637-af55-e34482be1bfa (type: router_ports) to 1 [pid: 8|app: 0|req: 748/1420] 10.0.0.149 () {34 vars in 783 bytes} [Fri Sep 11 19:03:00 2026] PUT /v2.0/routers/9132e963-d6e1-4272-a7cd-5ecda7c02b35/add_router_interface => generated 310 bytes in 2538 msecs (HTTP/1.1 200) 4 headers in 157 bytes (1 switches on core 0)
2026-09-11 19:03:03.673 8 INFO neutron.db.ovn_revision_numbers_db [None req-bd4f0503-f34a-4b22-84a8-4d2d3cc79f29 - - - - - -] Successfully bumped revision number for resource a55ef5f5-a7fd-4637-af55-e34482be1bfa (type: ports) to 2 [pid: 8|app: 0|req: 749/1421] 10.0.0.149 () {32 vars in 649 bytes} [Fri Sep 11 19:03:03 2026] GET /v2.0/networks => generated 3071 bytes in 132 msecs (HTTP/1.1 200) 4 headers in 158 bytes (1 switches on core 0)
2026-09-11 19:03:03.710 7 INFO neutron.db.ovn_revision_numbers_db [None req-397541a1-55ff-43ce-b4d4-74ecf8fd0b59 0147a62abaf54ba682b0287ca7bbc2e7 2df5683099e249c8a5b33525e13cf086 - - default default] Successfully bumped revision number for resource 02744944-f736-45fe-8591-95a2e92256ec (type: security_groups) to 1
2026-09-11 19:03:03.723 7 INFO neutron.db.ovn_revision_numbers_db [None req-397541a1-55ff-43ce-b4d4-74ecf8fd0b59 0147a62abaf54ba682b0287ca7bbc2e7 2df5683099e249c8a5b33525e13cf086 - - default default] Successfully bumped revision number for resource 0bef8109-b352-425c-a5ab-b0bf2ea46269 (type: security_group_rules) to 0
2026-09-11 19:03:03.735 7 INFO neutron.db.ovn_revision_numbers_db [None req-397541a1-55ff-43ce-b4d4-74ecf8fd0b59 0147a62abaf54ba682b0287ca7bbc2e7 2df5683099e249c8a5b33525e13cf086 - - default default] Successfully bumped revision number for resource 8103c4a9-8ca0-4bfa-9755-368ba7aa8f1e (type: security_group_rules) to 0
2026-09-11 19:03:03.746 7 INFO neutron.db.ovn_revision_numbers_db [None req-397541a1-55ff-43ce-b4d4-74ecf8fd0b59 0147a62abaf54ba682b0287ca7bbc2e7 2df5683099e249c8a5b33525e13cf086 - - default default] Successfully bumped revision number for resource c68e0a23-9090-455a-a168-b3630defe010 (type: security_group_rules) to 0
2026-09-11 19:03:03.759 7 INFO neutron.db.ovn_revision_numbers_db [None req-397541a1-55ff-43ce-b4d4-74ecf8fd0b59 0147a62abaf54ba682b0287ca7bbc2e7 2df5683099e249c8a5b33525e13cf086 - - default default] Successfully bumped revision number for resource ed6aaed9-ab34-457c-9c6c-44ea2be09b92 (type: security_group_rules) to 0 [pid: 8|app: 0|req: 750/1422] 10.0.0.149 () {32 vars in 647 bytes} [Fri Sep 11 19:03:03 2026] GET /v2.0/subnets => generated 1972 bytes in 99 msecs (HTTP/1.1 200) 4 headers in 158 bytes (1 switches on core 0)
2026-09-11 19:03:03.844 7 INFO neutron.db.segments_db [None req-397541a1-55ff-43ce-b4d4-74ecf8fd0b59 0147a62abaf54ba682b0287ca7bbc2e7 2df5683099e249c8a5b33525e13cf086 - - default default] Added segment f19d962d-dca2-488c-bdd4-b6a18a5823ff of type geneve for network d296a0c3-f460-484d-ba08-dc62e2a66470 [pid: 8|app: 0|req: 751/1423] 10.0.0.149 () {32 vars in 647 bytes} [Fri Sep 11 19:03:03 2026] GET /v2.0/routers => generated 996 bytes in 116 msecs (HTTP/1.1 200) 4 headers in 157 bytes (1 switches on core 0)
2026-09-11 19:03:03.931 7 INFO neutron.db.segments_db [None req-397541a1-55ff-43ce-b4d4-74ecf8fd0b59 0147a62abaf54ba682b0287ca7bbc2e7 2df5683099e249c8a5b33525e13cf086 - - default default] Added segment d0bd0b46-0737-40ce-89bc-727571b44d6f of type geneve for network afd43c6a-e188-4ce7-8346-c29ff4be1032
2026-09-11 19:03:04.046 7 INFO neutron.db.ovn_revision_numbers_db [None req-397541a1-55ff-43ce-b4d4-74ecf8fd0b59 0147a62abaf54ba682b0287ca7bbc2e7 2df5683099e249c8a5b33525e13cf086 - - default default] Successfully bumped revision number for resource d296a0c3-f460-484d-ba08-dc62e2a66470 (type: networks) to 1
2026-09-11 19:03:04.131 8 INFO neutron.db.ovn_revision_numbers_db [None req-e6142dcc-ef4d-4ee3-89f5-8d7f4280af2a 33c0057bf47c45da97b745b410f62daa ce66de5d6da54424813f8479d1866c2b - - default default] Successfully bumped revision number for resource f3e5cda3-5b1d-4fd1-81b6-60d251e07ea0 (type: security_groups) to 1
2026-09-11 19:03:04.162 8 INFO neutron.db.ovn_revision_numbers_db [None req-e6142dcc-ef4d-4ee3-89f5-8d7f4280af2a 33c0057bf47c45da97b745b410f62daa ce66de5d6da54424813f8479d1866c2b - - default default] Successfully bumped revision number for resource 548c0b9d-df45-4a8e-a550-592f1873d600 (type: security_group_rules) to 0
2026-09-11 19:03:04.183 8 INFO neutron.db.ovn_revision_numbers_db [None req-e6142dcc-ef4d-4ee3-89f5-8d7f4280af2a 33c0057bf47c45da97b745b410f62daa ce66de5d6da54424813f8479d1866c2b - - default default] Successfully bumped revision number for resource 66c9e090-1727-466d-bde1-7fccbb5c90a5 (type: security_group_rules) to 0 [pid: 8|app: 0|req: 752/1424] 10.0.0.149 () {34 vars in 685 bytes} [Fri Sep 11 19:03:03 2026] POST /v2.0/security-groups => generated 1675 bytes in 265 msecs (HTTP/1.1 201) 4 headers in 163 bytes (1 switches on core 0)
2026-09-11 19:03:04.265 7 WARNING neutron.scheduler.dhcp_agent_scheduler [None req-397541a1-55ff-43ce-b4d4-74ecf8fd0b59 0147a62abaf54ba682b0287ca7bbc2e7 2df5683099e249c8a5b33525e13cf086 - - default default] No more DHCP agents
2026-09-11 19:03:04.267 7 WARNING neutron.api.rpc.agentnotifiers.dhcp_rpc_agent_api [None req-397541a1-55ff-43ce-b4d4-74ecf8fd0b59 0147a62abaf54ba682b0287ca7bbc2e7 2df5683099e249c8a5b33525e13cf086 - - default default] Unable to schedule network d296a0c3-f460-484d-ba08-dc62e2a66470: no agents available; will retry on subsequent port and subnet creation events.
2026-09-11 19:03:04.307 7 INFO neutron.plugins.ml2.drivers.ovn.mech_driver.mech_driver [None req-c3dae3a4-35d1-4a70-b26b-72127e32302e - - - - - -] OVN reports status down for port: bb4e0bd7-9b89-4344-bfe1-1ebbaffcdefd
2026-09-11 19:03:04.366 8 INFO neutron.db.ovn_revision_numbers_db [None req-d40b14bb-028e-4c84-a32c-50117aabf69c 33c0057bf47c45da97b745b410f62daa ce66de5d6da54424813f8479d1866c2b - - default default] Successfully bumped revision number for resource e620290e-8efd-4266-9e88-d4f372da08d9 (type: security_group_rules) to 0
2026-09-11 19:03:04.374 7 INFO neutron.db.ovn_revision_numbers_db [None req-397541a1-55ff-43ce-b4d4-74ecf8fd0b59 0147a62abaf54ba682b0287ca7bbc2e7 2df5683099e249c8a5b33525e13cf086 - - default default] Successfully bumped revision number for resource bb4e0bd7-9b89-4344-bfe1-1ebbaffcdefd (type: ports) to 1 [pid: 8|app: 0|req: 753/1425] 10.0.0.149 () {34 vars in 695 bytes} [Fri Sep 11 19:03:04 2026] POST /v2.0/security-group-rules => generated 597 bytes in 163 msecs (HTTP/1.1 201) 4 headers in 162 bytes (1 switches on core 0)
2026-09-11 19:03:04.499 7 INFO neutron.db.ovn_revision_numbers_db [None req-397541a1-55ff-43ce-b4d4-74ecf8fd0b59 0147a62abaf54ba682b0287ca7bbc2e7 2df5683099e249c8a5b33525e13cf086 - - default default] Successfully bumped revision number for resource afd43c6a-e188-4ce7-8346-c29ff4be1032 (type: networks) to 1
2026-09-11 19:03:04.535 8 INFO neutron.db.ovn_revision_numbers_db [None req-d10762dc-3766-414d-aee3-99e452cbf94c 33c0057bf47c45da97b745b410f62daa ce66de5d6da54424813f8479d1866c2b - - default default] Successfully bumped revision number for resource 1d9b231e-95fd-4e59-88a2-8bc7edb46a71 (type: security_group_rules) to 0 [pid: 8|app: 0|req: 754/1426] 10.0.0.149 () {34 vars in 695 bytes} [Fri Sep 11 19:03:04 2026] POST /v2.0/security-group-rules => generated 596 bytes in 167 msecs (HTTP/1.1 201) 4 headers in 162 bytes (1 switches on core 0)
2026-09-11 19:03:04.697 7 WARNING neutron.scheduler.dhcp_agent_scheduler [None req-397541a1-55ff-43ce-b4d4-74ecf8fd0b59 0147a62abaf54ba682b0287ca7bbc2e7 2df5683099e249c8a5b33525e13cf086 - - default default] No more DHCP agents
2026-09-11 19:03:04.699 7 WARNING neutron.api.rpc.agentnotifiers.dhcp_rpc_agent_api [None req-397541a1-55ff-43ce-b4d4-74ecf8fd0b59 0147a62abaf54ba682b0287ca7bbc2e7 2df5683099e249c8a5b33525e13cf086 - - default default] Unable to schedule network afd43c6a-e188-4ce7-8346-c29ff4be1032: no agents available; will retry on subsequent port and subnet creation events.
2026-09-11 19:03:04.708 8 INFO neutron.db.ovn_revision_numbers_db [None req-62e1e894-e6a6-4c2a-8ea6-e237f9c2e005 33c0057bf47c45da97b745b410f62daa ce66de5d6da54424813f8479d1866c2b - - default default] Successfully bumped revision number for resource 78988702-32c7-4e85-9593-4e587f857eaf (type: security_group_rules) to 0
2026-09-11 19:03:04.751 7 INFO neutron.plugins.ml2.drivers.ovn.mech_driver.mech_driver [None req-c3dae3a4-35d1-4a70-b26b-72127e32302e - - - - - -] OVN reports status down for port: aceffebf-ddfe-498f-8d3f-c78e4e86995c [pid: 8|app: 0|req: 755/1427] 10.0.0.149 () {34 vars in 695 bytes} [Fri Sep 11 19:03:04 2026] POST /v2.0/security-group-rules => generated 602 bytes in 177 msecs (HTTP/1.1 201) 4 headers in 162 bytes (1 switches on core 0)
2026-09-11 19:03:04.828 7 INFO neutron.db.ovn_revision_numbers_db [None req-397541a1-55ff-43ce-b4d4-74ecf8fd0b59 0147a62abaf54ba682b0287ca7bbc2e7 2df5683099e249c8a5b33525e13cf086 - - default default] Successfully bumped revision number for resource aceffebf-ddfe-498f-8d3f-c78e4e86995c (type: ports) to 1
2026-09-11 19:03:04.898 8 INFO neutron.db.ovn_revision_numbers_db [None req-29dbd6c8-8635-4fd0-9a72-0b40d94b2334 33c0057bf47c45da97b745b410f62daa ce66de5d6da54424813f8479d1866c2b - - default default] Successfully bumped revision number for resource f6ccbc96-e4a9-43d1-b0fb-eac38c3467fc (type: security_group_rules) to 0 [pid: 7|app: 0|req: 673/1428] 10.0.0.149 () {34 vars in 670 bytes} [Fri Sep 11 19:03:03 2026] POST /v2.0/networks => generated 1322 bytes in 1511 msecs (HTTP/1.1 201) 4 headers in 163 bytes (1 switches on core 0) [pid: 8|app: 0|req: 756/1429] 10.0.0.149 () {34 vars in 695 bytes} [Fri Sep 11 19:03:04 2026] POST /v2.0/security-group-rules => generated 601 bytes in 184 msecs (HTTP/1.1 201) 4 headers in 162 bytes (1 switches on core 0) [pid: 7|app: 0|req: 674/1430] 10.0.0.149 () {32 vars in 649 bytes} [Fri Sep 11 19:03:04 2026] GET /v2.0/networks => generated 1971 bytes in 85 msecs (HTTP/1.1 200) 4 headers in 158 bytes (1 switches on core 0)
2026-09-11 19:03:05.054 7 INFO neutron.db.securitygroups_db [None req-95649173-6acd-435a-a94e-c8b7a6f7371a 33c0057bf47c45da97b745b410f62daa ce66de5d6da54424813f8479d1866c2b - - default default] Project ce66de5d6da54424813f8479d1866c2b added a security group rule with legacy IPv6 ICMP protocol name icmp, ipv6-icmp should be used instead. It was automatically converted.
2026-09-11 19:03:05.154 7 INFO neutron.db.ovn_revision_numbers_db [None req-95649173-6acd-435a-a94e-c8b7a6f7371a 33c0057bf47c45da97b745b410f62daa ce66de5d6da54424813f8479d1866c2b - - default default] Successfully bumped revision number for resource e2980fb5-aa08-421e-b797-5e3c32f59f5e (type: security_group_rules) to 0 [pid: 7|app: 0|req: 675/1431] 10.0.0.149 () {34 vars in 695 bytes} [Fri Sep 11 19:03:05 2026] POST /v2.0/security-group-rules => generated 607 bytes in 199 msecs (HTTP/1.1 201) 4 headers in 162 bytes (1 switches on core 0) [pid: 8|app: 0|req: 757/1432] 10.0.0.86 () {28 vars in 584 bytes} [Fri Sep 11 19:03:04 2026] GET /v2.0/networks => generated 4551 bytes in 304 msecs (HTTP/1.1 200) 4 headers in 158 bytes (1 switches on core 0)
2026-09-11 19:03:05.284 8 INFO neutron.db.securitygroups_db [None req-930216f8-cf8c-4272-9858-b92b2532d3c3 33c0057bf47c45da97b745b410f62daa ce66de5d6da54424813f8479d1866c2b - - default default] Project ce66de5d6da54424813f8479d1866c2b added a security group rule with legacy IPv6 ICMP protocol name icmp, ipv6-icmp should be used instead. It was automatically converted.
2026-09-11 19:03:05.345 7 INFO neutron_taas.services.taas.taas_plugin [None req-8d08e298-6694-46b0-b887-f91e0fe76289 0147a62abaf54ba682b0287ca7bbc2e7 2df5683099e249c8a5b33525e13cf086 - - default default] TaaS: Handle Delete Port: bb4e0bd7-9b89-4344-bfe1-1ebbaffcdefd
2026-09-11 19:03:05.355 7 INFO neutron_taas.services.taas.tap_mirror_plugin [None req-8d08e298-6694-46b0-b887-f91e0fe76289 0147a62abaf54ba682b0287ca7bbc2e7 2df5683099e249c8a5b33525e13cf086 - - default default] Tap Mirror: Handle Delete Port: bb4e0bd7-9b89-4344-bfe1-1ebbaffcdefd
2026-09-11 19:03:05.371 8 INFO neutron.db.ovn_revision_numbers_db [None req-930216f8-cf8c-4272-9858-b92b2532d3c3 33c0057bf47c45da97b745b410f62daa ce66de5d6da54424813f8479d1866c2b - - default default] Successfully bumped revision number for resource 1a2bebf5-c953-4b7c-b0fa-03d3eea9a2cc (type: security_group_rules) to 0 [pid: 8|app: 0|req: 758/1433] 10.0.0.149 () {34 vars in 695 bytes} [Fri Sep 11 19:03:05 2026] POST /v2.0/security-group-rules => generated 606 bytes in 154 msecs (HTTP/1.1 201) 4 headers in 162 bytes (1 switches on core 0) [pid: 8|app: 0|req: 759/1434] 10.0.0.86 () {28 vars in 598 bytes} [Fri Sep 11 19:03:05 2026] GET /v2.0/security-groups => generated 28547 bytes in 41 msecs (HTTP/1.1 200) 4 headers in 159 bytes (1 switches on core 0)
2026-09-11 19:03:05.510 7 INFO neutron.services.segments.plugin [-] Segment f19d962d-dca2-488c-bdd4-b6a18a5823ff resource provider aggregate not found
2026-09-11 19:03:05.516 7 INFO neutron.services.segments.plugin [-] Segment f19d962d-dca2-488c-bdd4-b6a18a5823ff resource provider aggregate not found
2026-09-11 19:03:05.531 7 INFO neutron.services.segments.plugin [-] Client error retrieving segment f19d962d-dca2-488c-bdd4-b6a18a5823ff resource provider; error: Placement Client Error (4xx): {"errors": [{"status": 404, "title": "Not Found", "detail": "The resource could not be found.\n\n No resource provider with uuid f19d962d-dca2-488c-bdd4-b6a18a5823ff found for delete ", "request_id": "req-fc813a31-fe63-443f-b22c-359ab1432134"}]}
2026-09-11 19:03:05.537 7 INFO neutron.services.segments.plugin [-] Client error retrieving segment f19d962d-dca2-488c-bdd4-b6a18a5823ff resource provider; error: Placement Client Error (4xx): {"errors": [{"status": 404, "title": "Not Found", "detail": "The resource could not be found.\n\n No resource provider with uuid f19d962d-dca2-488c-bdd4-b6a18a5823ff found for delete ", "request_id": "req-36533cb5-75b4-4b7c-9fa1-aeb9bc924c88"}]} [pid: 8|app: 0|req: 760/1435] 10.0.0.86 () {28 vars in 582 bytes} [Fri Sep 11 19:03:05 2026] GET /v2.0/routers => generated 996 bytes in 83 msecs (HTTP/1.1 200) 4 headers in 157 bytes (1 switches on core 0) [pid: 8|app: 0|req: 761/1436] 10.0.0.86 () {28 vars in 623 bytes} [Fri Sep 11 19:03:05 2026] GET /v2.0/agents?binary=ovn-controller => generated 416 bytes in 20 msecs (HTTP/1.1 200) 4 headers in 157 bytes (1 switches on core 0) [pid: 7|app: 0|req: 676/1437] 10.0.0.149 () {32 vars in 726 bytes} [Fri Sep 11 19:03:05 2026] DELETE /v2.0/networks/d296a0c3-f460-484d-ba08-dc62e2a66470 => generated 0 bytes in 372 msecs (HTTP/1.1 204) 3 headers in 131 bytes (1 switches on core 0) [pid: 8|app: 0|req: 762/1438] 10.0.0.86 () {28 vars in 580 bytes} [Fri Sep 11 19:03:05 2026] GET /v2.0/agents => generated 1214 bytes in 21 msecs (HTTP/1.1 200) 4 headers in 158 bytes (1 switches on core 0) [pid: 8|app: 0|req: 763/1439] 10.0.0.86 () {28 vars in 590 bytes} [Fri Sep 11 19:03:05 2026] GET /v2.0/floatingips => generated 19 bytes in 19 msecs (HTTP/1.1 200) 4 headers in 156 bytes (1 switches on core 0) [pid: 8|app: 0|req: 764/1440] 10.0.0.86 () {28 vars in 582 bytes} [Fri Sep 11 19:03:05 2026] GET /v2.0/subnets => generated 1972 bytes in 35 msecs (HTTP/1.1 200) 4 headers in 158 bytes (1 switches on core 0) [pid: 8|app: 0|req: 765/1441] 10.0.0.86 () {28 vars in 582 bytes} [Fri Sep 11 19:03:05 2026] GET /v2.0/subnets => generated 1972 bytes in 32 msecs (HTTP/1.1 200) 4 headers in 158 bytes (1 switches on core 0) [pid: 8|app: 0|req: 766/1442] 10.0.0.86 () {28 vars in 590 bytes} [Fri Sep 11 19:03:05 2026] GET /v2.0/subnetpools => generated 19 bytes in 7 msecs (HTTP/1.1 200) 4 headers in 156 bytes (1 switches on core 0)
2026-09-11 19:03:05.730 7 INFO neutron_taas.services.taas.taas_plugin [None req-4df1941c-4834-465b-8884-9f74e2d8c8c5 0147a62abaf54ba682b0287ca7bbc2e7 2df5683099e249c8a5b33525e13cf086 - - default default] TaaS: Handle Delete Port: aceffebf-ddfe-498f-8d3f-c78e4e86995c
2026-09-11 19:03:05.733 7 INFO neutron_taas.services.taas.tap_mirror_plugin [None req-4df1941c-4834-465b-8884-9f74e2d8c8c5 0147a62abaf54ba682b0287ca7bbc2e7 2df5683099e249c8a5b33525e13cf086 - - default default] Tap Mirror: Handle Delete Port: aceffebf-ddfe-498f-8d3f-c78e4e86995c [pid: 8|app: 0|req: 767/1443] 10.0.0.86 () {28 vars in 578 bytes} [Fri Sep 11 19:03:05 2026] GET /v2.0/ports => generated 9338 bytes in 38 msecs (HTTP/1.1 200) 4 headers in 158 bytes (1 switches on core 0) [pid: 8|app: 0|req: 768/1444] 10.0.0.86 () {28 vars in 618 bytes} [Fri Sep 11 19:03:05 2026] GET /v2.0/network-ip-availabilities => generated 3026 bytes in 18 msecs (HTTP/1.1 200) 4 headers in 158 bytes (1 switches on core 0) [pid: 7|app: 0|req: 677/1445] 10.0.0.149 () {32 vars in 726 bytes} [Fri Sep 11 19:03:05 2026] DELETE /v2.0/networks/afd43c6a-e188-4ce7-8346-c29ff4be1032 => generated 0 bytes in 418 msecs (HTTP/1.1 204) 3 headers in 131 bytes (1 switches on core 0) [pid: 8|app: 0|req: 769/1446] 10.0.0.149 () {32 vars in 649 bytes} [Fri Sep 11 19:03:05 2026] GET /v2.0/networks => generated 1373 bytes in 261 msecs (HTTP/1.1 200) 4 headers in 158 bytes (1 switches on core 0) [pid: 7|app: 0|req: 678/1447] 10.0.0.149 () {32 vars in 649 bytes} [Fri Sep 11 19:03:06 2026] GET /v2.0/networks => generated 689 bytes in 76 msecs (HTTP/1.1 200) 4 headers in 157 bytes (1 switches on core 0)
