File "/var/lib/openstack/lib/python3.10/site-packages/neutron/plugins/ml2/drivers/openvswitch/mech_driver/mech_openvswitch.py", line 133, in bind_port
2026-05-09 14:06:22.704 10 ERROR neutron.plugins.ml2.managers super(OpenvswitchMechanismDriver, self).bind_port(context)
2026-05-09 14:06:22.704 10 ERROR neutron.plugins.ml2.managers
File "/var/lib/openstack/lib/python3.10/site-packages/neutron/plugins/ml2/drivers/mech_agent.py", line 104, in bind_port
2026-05-09 14:06:22.704 10 ERROR neutron.plugins.ml2.managers subnets = self.get_subnets_from_fixed_ips(context)
2026-05-09 14:06:22.704 10 ERROR neutron.plugins.ml2.managers
File "/var/lib/openstack/lib/python3.10/site-packages/neutron/plugins/ml2/drivers/mech_agent.py", line 149, in get_subnets_from_fixed_ips
2026-05-09 14:06:22.704 10 ERROR neutron.plugins.ml2.managers subnets.append(context._plugin.get_subnet(
2026-05-09 14:06:22.704 10 ERROR neutron.plugins.ml2.managers
File "/var/lib/openstack/lib/python3.10/site-packages/neutron_lib/db/api.py", line 223, in wrapped
2026-05-09 14:06:22.704 10 ERROR neutron.plugins.ml2.managers return f_with_retry(*args, **kwargs,
2026-05-09 14:06:22.704 10 ERROR neutron.plugins.ml2.managers
File "/var/lib/openstack/lib/python3.10/site-packages/neutron_lib/db/api.py", line 137, in wrapped
2026-05-09 14:06:22.704 10 ERROR neutron.plugins.ml2.managers with excutils.save_and_reraise_exception():
2026-05-09 14:06:22.704 10 ERROR neutron.plugins.ml2.managers
File "/var/lib/openstack/lib/python3.10/site-packages/oslo_utils/excutils.py", line 227, in __exit__
2026-05-09 14:06:22.704 10 ERROR neutron.plugins.ml2.managers self.force_reraise()
2026-05-09 14:06:22.704 10 ERROR neutron.plugins.ml2.managers
File "/var/lib/openstack/lib/python3.10/site-packages/oslo_utils/excutils.py", line 200, in force_reraise
2026-05-09 14:06:22.704 10 ERROR neutron.plugins.ml2.managers raise self.value
2026-05-09 14:06:22.704 10 ERROR neutron.plugins.ml2.managers
File "/var/lib/openstack/lib/python3.10/site-packages/neutron_lib/db/api.py", line 135, in wrapped
2026-05-09 14:06:22.704 10 ERROR neutron.plugins.ml2.managers return f(*args, **kwargs)
2026-05-09 14:06:22.704 10 ERROR neutron.plugins.ml2.managers
File "/var/lib/openstack/lib/python3.10/site-packages/oslo_db/api.py", line 144, in wrapper
2026-05-09 14:06:22.704 10 ERROR neutron.plugins.ml2.managers with excutils.save_and_reraise_exception() as ectxt:
2026-05-09 14:06:22.704 10 ERROR neutron.plugins.ml2.managers
File "/var/lib/openstack/lib/python3.10/site-packages/oslo_utils/excutils.py", line 227, in __exit__
2026-05-09 14:06:22.704 10 ERROR neutron.plugins.ml2.managers self.force_reraise()
2026-05-09 14:06:22.704 10 ERROR neutron.plugins.ml2.managers
File "/var/lib/openstack/lib/python3.10/site-packages/oslo_utils/excutils.py", line 200, in force_reraise
2026-05-09 14:06:22.704 10 ERROR neutron.plugins.ml2.managers raise self.value
2026-05-09 14:06:22.704 10 ERROR neutron.plugins.ml2.managers
File "/var/lib/openstack/lib/python3.10/site-packages/oslo_db/api.py", line 142, in wrapper
2026-05-09 14:06:22.704 10 ERROR neutron.plugins.ml2.managers return f(*args, **kwargs)
2026-05-09 14:06:22.704 10 ERROR neutron.plugins.ml2.managers
File "/var/lib/openstack/lib/python3.10/site-packages/neutron_lib/db/api.py", line 183, in wrapped
2026-05-09 14:06:22.704 10 ERROR neutron.plugins.ml2.managers with excutils.save_and_reraise_exception():
2026-05-09 14:06:22.704 10 ERROR neutron.plugins.ml2.managers
File "/var/lib/openstack/lib/python3.10/site-packages/oslo_utils/excutils.py", line 227, in __exit__
2026-05-09 14:06:22.704 10 ERROR neutron.plugins.ml2.managers self.force_reraise()
2026-05-09 14:06:22.704 10 ERROR neutron.plugins.ml2.managers
File "/var/lib/openstack/lib/python3.10/site-packages/oslo_utils/excutils.py", line 200, in force_reraise
2026-05-09 14:06:22.704 10 ERROR neutron.plugins.ml2.managers raise self.value
2026-05-09 14:06:22.704 10 ERROR neutron.plugins.ml2.managers
File "/var/lib/openstack/lib/python3.10/site-packages/neutron_lib/db/api.py", line 181, in wrapped
2026-05-09 14:06:22.704 10 ERROR neutron.plugins.ml2.managers return f(*dup_args, **dup_kwargs)
2026-05-09 14:06:22.704 10 ERROR neutron.plugins.ml2.managers
File "/var/lib/openstack/lib/python3.10/site-packages/neutron/db/db_base_plugin_v2.py", line 1233, in get_subnet
2026-05-09 14:06:22.704 10 ERROR neutron.plugins.ml2.managers subnet_obj = self._get_subnet_object(context, id)
2026-05-09 14:06:22.704 10 ERROR neutron.plugins.ml2.managers
File "/var/lib/openstack/lib/python3.10/site-packages/neutron/db/db_base_plugin_common.py", line 282, in _get_subnet_object
2026-05-09 14:06:22.704 10 ERROR neutron.plugins.ml2.managers raise exceptions.SubnetNotFound(subnet_id=id)
2026-05-09 14:06:22.704 10 ERROR neutron.plugins.ml2.managers neutron_lib.exceptions.SubnetNotFound: Subnet fe0f70b6-e993-4c3a-94cc-c1e191e75678 could not be found.
2026-05-09 14:06:22.704 10 ERROR neutron.plugins.ml2.managers 
2026-05-09 14:06:22.705 10 ERROR neutron.plugins.ml2.managers [None req-eabfaa31-a97a-49a5-a518-c631cfadc815 - - - - - -] Failed to bind port 70664006-e2a1-4a7d-90d7-16a7c2deac8c on host instance for vnic_type normal using segments [{'id': 'a8e99785-51c1-4635-8480-43a206db3d40', 'network_type': 'vxlan', 'physical_network': None, 'segmentation_id': 778, 'network_id': '5ab6748d-eb88-4abe-90db-d9e2076465e4'}]
2026-05-09 14:06:22.706 10 INFO neutron.plugins.ml2.plugin [None req-eabfaa31-a97a-49a5-a518-c631cfadc815 - - - - - -] Attempt 10 to bind port 70664006-e2a1-4a7d-90d7-16a7c2deac8c
2026-05-09 14:06:22.737 10 ERROR neutron.plugins.ml2.managers [None req-eabfaa31-a97a-49a5-a518-c631cfadc815 - - - - - -] Mechanism driver openvswitch failed in bind_port: neutron_lib.exceptions.SubnetNotFound: Subnet fe0f70b6-e993-4c3a-94cc-c1e191e75678 could not be found.
2026-05-09 14:06:22.737 10 ERROR neutron.plugins.ml2.managers
Traceback (most recent call last):
2026-05-09 14:06:22.737 10 ERROR neutron.plugins.ml2.managers
File "/var/lib/openstack/lib/python3.10/site-packages/neutron/plugins/ml2/managers.py", line 850, in _bind_port_level
2026-05-09 14:06:22.737 10 ERROR neutron.plugins.ml2.managers driver.obj.bind_port(context)
2026-05-09 14:06:22.737 10 ERROR neutron.plugins.ml2.managers
File "/var/lib/openstack/lib/python3.10/site-packages/neutron/plugins/ml2/drivers/openvswitch/mech_driver/mech_openvswitch.py", line 133, in bind_port
2026-05-09 14:06:22.737 10 ERROR neutron.plugins.ml2.managers super(OpenvswitchMechanismDriver, self).bind_port(context)
2026-05-09 14:06:22.737 10 ERROR neutron.plugins.ml2.managers
File "/var/lib/openstack/lib/python3.10/site-packages/neutron/plugins/ml2/drivers/mech_agent.py", line 104, in bind_port
2026-05-09 14:06:22.737 10 ERROR neutron.plugins.ml2.managers subnets = self.get_subnets_from_fixed_ips(context)
2026-05-09 14:06:22.737 10 ERROR neutron.plugins.ml2.managers
File "/var/lib/openstack/lib/python3.10/site-packages/neutron/plugins/ml2/drivers/mech_agent.py", line 149, in get_subnets_from_fixed_ips
2026-05-09 14:06:22.737 10 ERROR neutron.plugins.ml2.managers subnets.append(context._plugin.get_subnet(
2026-05-09 14:06:22.737 10 ERROR neutron.plugins.ml2.managers
File "/var/lib/openstack/lib/python3.10/site-packages/neutron_lib/db/api.py", line 223, in wrapped
2026-05-09 14:06:22.737 10 ERROR neutron.plugins.ml2.managers return f_with_retry(*args, **kwargs,
2026-05-09 14:06:22.737 10 ERROR neutron.plugins.ml2.managers
File "/var/lib/openstack/lib/python3.10/site-packages/neutron_lib/db/api.py", line 137, in wrapped
2026-05-09 14:06:22.737 10 ERROR neutron.plugins.ml2.managers with excutils.save_and_reraise_exception():
2026-05-09 14:06:22.737 10 ERROR neutron.plugins.ml2.managers
File "/var/lib/openstack/lib/python3.10/site-packages/oslo_utils/excutils.py", line 227, in __exit__
2026-05-09 14:06:22.737 10 ERROR neutron.plugins.ml2.managers self.force_reraise()
2026-05-09 14:06:22.737 10 ERROR neutron.plugins.ml2.managers
File "/var/lib/openstack/lib/python3.10/site-packages/oslo_utils/excutils.py", line 200, in force_reraise
2026-05-09 14:06:22.737 10 ERROR neutron.plugins.ml2.managers raise self.value
2026-05-09 14:06:22.737 10 ERROR neutron.plugins.ml2.managers
File "/var/lib/openstack/lib/python3.10/site-packages/neutron_lib/db/api.py", line 135, in wrapped
2026-05-09 14:06:22.737 10 ERROR neutron.plugins.ml2.managers return f(*args, **kwargs)
2026-05-09 14:06:22.737 10 ERROR neutron.plugins.ml2.managers
File "/var/lib/openstack/lib/python3.10/site-packages/oslo_db/api.py", line 144, in wrapper
2026-05-09 14:06:22.737 10 ERROR neutron.plugins.ml2.managers with excutils.save_and_reraise_exception() as ectxt:
2026-05-09 14:06:22.737 10 ERROR neutron.plugins.ml2.managers
File "/var/lib/openstack/lib/python3.10/site-packages/oslo_utils/excutils.py", line 227, in __exit__
2026-05-09 14:06:22.737 10 ERROR neutron.plugins.ml2.managers self.force_reraise()
2026-05-09 14:06:22.737 10 ERROR neutron.plugins.ml2.managers
File "/var/lib/openstack/lib/python3.10/site-packages/oslo_utils/excutils.py", line 200, in force_reraise
2026-05-09 14:06:22.737 10 ERROR neutron.plugins.ml2.managers raise self.value
2026-05-09 14:06:22.737 10 ERROR neutron.plugins.ml2.managers
File "/var/lib/openstack/lib/python3.10/site-packages/oslo_db/api.py", line 142, in wrapper
2026-05-09 14:06:22.737 10 ERROR neutron.plugins.ml2.managers return f(*args, **kwargs)
2026-05-09 14:06:22.737 10 ERROR neutron.plugins.ml2.managers
File "/var/lib/openstack/lib/python3.10/site-packages/neutron_lib/db/api.py", line 183, in wrapped
2026-05-09 14:06:22.737 10 ERROR neutron.plugins.ml2.managers with excutils.save_and_reraise_exception():
2026-05-09 14:06:22.737 10 ERROR neutron.plugins.ml2.managers
File "/var/lib/openstack/lib/python3.10/site-packages/oslo_utils/excutils.py", line 227, in __exit__
2026-05-09 14:06:22.737 10 ERROR neutron.plugins.ml2.managers self.force_reraise()
2026-05-09 14:06:22.737 10 ERROR neutron.plugins.ml2.managers
File "/var/lib/openstack/lib/python3.10/site-packages/oslo_utils/excutils.py", line 200, in force_reraise
2026-05-09 14:06:22.737 10 ERROR neutron.plugins.ml2.managers raise self.value
2026-05-09 14:06:22.737 10 ERROR neutron.plugins.ml2.managers
File "/var/lib/openstack/lib/python3.10/site-packages/neutron_lib/db/api.py", line 181, in wrapped
2026-05-09 14:06:22.737 10 ERROR neutron.plugins.ml2.managers return f(*dup_args, **dup_kwargs)
2026-05-09 14:06:22.737 10 ERROR neutron.plugins.ml2.managers
File "/var/lib/openstack/lib/python3.10/site-packages/neutron/db/db_base_plugin_v2.py", line 1233, in get_subnet
2026-05-09 14:06:22.737 10 ERROR neutron.plugins.ml2.managers subnet_obj = self._get_subnet_object(context, id)
2026-05-09 14:06:22.737 10 ERROR neutron.plugins.ml2.managers
File "/var/lib/openstack/lib/python3.10/site-packages/neutron/db/db_base_plugin_common.py", line 282, in _get_subnet_object
2026-05-09 14:06:22.737 10 ERROR neutron.plugins.ml2.managers raise exceptions.SubnetNotFound(subnet_id=id)
2026-05-09 14:06:22.737 10 ERROR neutron.plugins.ml2.managers neutron_lib.exceptions.SubnetNotFound: Subnet fe0f70b6-e993-4c3a-94cc-c1e191e75678 could not be found.
2026-05-09 14:06:22.737 10 ERROR neutron.plugins.ml2.managers 
2026-05-09 14:06:22.737 10 ERROR neutron.plugins.ml2.managers [None req-eabfaa31-a97a-49a5-a518-c631cfadc815 - - - - - -] Failed to bind port 70664006-e2a1-4a7d-90d7-16a7c2deac8c on host instance for vnic_type normal using segments [{'id': 'a8e99785-51c1-4635-8480-43a206db3d40', 'network_type': 'vxlan', 'physical_network': None, 'segmentation_id': 778, 'network_id': '5ab6748d-eb88-4abe-90db-d9e2076465e4'}]
2026-05-09 14:06:22.943 11 INFO neutron.plugins.ml2.plugin [None req-d81773a5-146e-4c19-8dcd-2ad3f6e577fe - - - - - -] Attempt 1 to provision port 709e23b2-204e-45a7-9926-25ca08a1a83e
2026-05-09 14:06:23.083 10 INFO neutron.plugins.ml2.plugin [None req-ebdaa04b-50b9-40e2-acf2-82ed5b283d53 - - - - - -] Attempt 1 to provision port 709e23b2-204e-45a7-9926-25ca08a1a83e /var/lib/openstack/lib/python3.10/site-packages/oslo_db/sqlalchemy/enginefacade.py:664: SAWarning: DELETE statement on table 'portsecuritybindings' expected to delete 1 row(s); 0 were matched. Please set confirm_deleted_rows=False within the mapper configuration to prevent this warning. self.session.flush() /var/lib/openstack/lib/python3.10/site-packages/oslo_db/sqlalchemy/enginefacade.py:664: SAWarning: DELETE statement on table 'ml2_port_bindings' expected to delete 1 row(s); 0 were matched. Please set confirm_deleted_rows=False within the mapper configuration to prevent this warning. self.session.flush() /var/lib/openstack/lib/python3.10/site-packages/oslo_db/sqlalchemy/enginefacade.py:664: SAWarning: DELETE statement on table 'ml2_port_binding_levels' expected to delete 1 row(s); 0 were matched. Please set confirm_deleted_rows=False within the mapper configuration to prevent this warning. self.session.flush() /var/lib/openstack/lib/python3.10/site-packages/oslo_db/sqlalchemy/enginefacade.py:664: SAWarning: DELETE statement on table 'ports' expected to delete 1 row(s); 0 were matched. Please set confirm_deleted_rows=False within the mapper configuration to prevent this warning. self.session.flush()
2026-05-09 14:06:25.245 10 INFO neutron.plugins.ml2.plugin [None req-ebdaa04b-50b9-40e2-acf2-82ed5b283d53 - - - - - -] Attempt 1 to provision port 93c7b622-e026-479c-b37c-0c029104249a
2026-05-09 14:06:25.598 10 INFO neutron.plugins.ml2.plugin [None req-ebdaa04b-50b9-40e2-acf2-82ed5b283d53 - - - - - -] Attempt 1 to provision port ab1ae09b-a1ca-4959-a75e-d3ed1de96a27
2026-05-09 14:06:27.020 10 INFO neutron.plugins.ml2.plugin [None req-ebdaa04b-50b9-40e2-acf2-82ed5b283d53 - - - - - -] Attempt 1 to provision port 93c7b622-e026-479c-b37c-0c029104249a
2026-05-09 14:06:27.383 10 INFO neutron.plugins.ml2.plugin [None req-ebdaa04b-50b9-40e2-acf2-82ed5b283d53 - - - - - -] Attempt 1 to provision port ab1ae09b-a1ca-4959-a75e-d3ed1de96a27
2026-05-09 14:06:31.291 10 INFO neutron.plugins.ml2.plugin [None req-ebdaa04b-50b9-40e2-acf2-82ed5b283d53 - - - - - -] Attempt 1 to provision port b0e720a9-ee8e-42be-9950-9c94cfbedb96
2026-05-09 14:06:31.354 10 INFO neutron.plugins.ml2.plugin [None req-323d2a4a-70c3-4d83-9b86-f3f3aed08513 - - - - - -] Attempt 1 to provision port e4298273-d78e-40c7-893b-ac7a31b37bff
2026-05-09 14:06:32.017 11 INFO neutron.plugins.ml2.plugin [None req-2632b40f-76f8-47af-b235-fd7036db9cd4 - - - - - -] Attempt 1 to provision port b0e720a9-ee8e-42be-9950-9c94cfbedb96
2026-05-09 14:06:33.166 10 INFO neutron.plugins.ml2.plugin [None req-ebdaa04b-50b9-40e2-acf2-82ed5b283d53 - - - - - -] Attempt 1 to provision port b0e720a9-ee8e-42be-9950-9c94cfbedb96
2026-05-09 14:06:34.245 10 INFO neutron.plugins.ml2.plugin [None req-9c22d26f-91e9-4021-bca7-24fa32df8ed3 - - - - - -] Attempt 1 to provision port 100b5df2-2567-44ad-bd6f-f4c48c8e47d2
2026-05-09 14:06:34.903 11 INFO neutron.plugins.ml2.plugin [None req-7bbacc43-e0eb-446b-bbf8-c1b091cf39ff - - - - - -] Attempt 1 to provision port 100b5df2-2567-44ad-bd6f-f4c48c8e47d2
2026-05-09 14:06:35.038 10 INFO neutron.plugins.ml2.plugin [None req-ebdaa04b-50b9-40e2-acf2-82ed5b283d53 - - - - - -] Attempt 1 to provision port 3ff1d7b2-b480-4afb-8905-0bd26d0f54ef
2026-05-09 14:06:37.145 11 INFO neutron.plugins.ml2.plugin [None req-ebdaa04b-50b9-40e2-acf2-82ed5b283d53 - - - - - -] Attempt 1 to provision port 3ff1d7b2-b480-4afb-8905-0bd26d0f54ef
2026-05-09 14:06:38.784 10 INFO neutron.plugins.ml2.plugin [None req-fce08fe3-249e-428f-afff-063df35ef84c - - - - - -] Attempt 1 to provision port 5da178cb-ee69-4a22-a910-ef8292d71818
2026-05-09 14:06:39.246 11 INFO neutron.plugins.ml2.plugin [None req-ebdaa04b-50b9-40e2-acf2-82ed5b283d53 - - - - - -] Attempt 1 to provision port 1915a7a8-efe7-4996-83c5-6adbce56014f
2026-05-09 14:06:41.093 11 INFO neutron.notifiers.nova [-] Nova event matching ['req-a802d511-c4c3-400b-961c-ebf2d4b08b80'] response: {'server_uuid': '48c8ad43-25ab-44f1-95e3-6aed7a86a35a', 'name': 'network-vif-unplugged', 'status': 'completed', 'tag': '47875562-7d86-47a0-aa97-123eafe03212', 'code': 200}
2026-05-09 14:06:42.068 10 INFO neutron.plugins.ml2.plugin [None req-ebdaa04b-50b9-40e2-acf2-82ed5b283d53 - - - - - -] Attempt 1 to provision port 47875562-7d86-47a0-aa97-123eafe03212
2026-05-09 14:06:42.222 10 INFO neutron.notifiers.nova [-] Nova event matching ['req-f369c963-3fc3-4070-8579-ad9b6df939d4'] response: {'server_uuid': '48c8ad43-25ab-44f1-95e3-6aed7a86a35a', 'name': 'network-vif-plugged', 'status': 'completed', 'tag': '47875562-7d86-47a0-aa97-123eafe03212', 'code': 200}
2026-05-09 14:06:42.562 10 INFO neutron.plugins.ml2.plugin [None req-813b343d-6899-4850-bd30-450cbbfce631 - - - - - -] Attempt 1 to provision port 9e824670-228a-4193-8a1b-49559639d1f3
2026-05-09 14:06:43.316 11 INFO neutron.plugins.ml2.plugin [None req-ebdaa04b-50b9-40e2-acf2-82ed5b283d53 - - - - - -] Attempt 1 to provision port 47875562-7d86-47a0-aa97-123eafe03212
2026-05-09 14:06:43.323 10 INFO neutron.plugins.ml2.plugin [None req-66eda650-7857-4b4a-92d1-d00ea32808d8 - - - - - -] Attempt 1 to provision port 9980f927-3362-4808-b858-f6a188b11b2b
2026-05-09 14:06:43.665 11 INFO neutron.plugins.ml2.plugin [None req-ebdaa04b-50b9-40e2-acf2-82ed5b283d53 - - - - - -] Attempt 1 to provision port 9e824670-228a-4193-8a1b-49559639d1f3
2026-05-09 14:06:43.961 11 INFO neutron.plugins.ml2.plugin [None req-ad7d901d-1e24-4a16-8ce5-33cbc4167a6d - - - - - -] Attempt 1 to provision port cac3bd10-3f60-441a-a8c9-fdf9ee2dfbc6
2026-05-09 14:06:44.001 11 INFO neutron.plugins.ml2.plugin [None req-ebdaa04b-50b9-40e2-acf2-82ed5b283d53 - - - - - -] Attempt 1 to provision port 5da178cb-ee69-4a22-a910-ef8292d71818
2026-05-09 14:06:44.153 11 INFO neutron.notifiers.nova [-] Nova event matching ['req-17cf9c9d-9073-440c-bdaf-f96f23aa7a2b'] response: {'server_uuid': '97643524-3f16-43f9-8c55-65d9d3bae044', 'name': 'network-vif-plugged', 'status': 'completed', 'tag': '5da178cb-ee69-4a22-a910-ef8292d71818', 'code': 200}
2026-05-09 14:06:44.527 10 INFO neutron.plugins.ml2.plugin [None req-985a8cb2-5441-4e57-bc63-314298721af3 - - - - - -] Attempt 1 to provision port cac3bd10-3f60-441a-a8c9-fdf9ee2dfbc6
2026-05-09 14:06:44.593 11 INFO neutron.plugins.ml2.plugin [None req-ebdaa04b-50b9-40e2-acf2-82ed5b283d53 - - - - - -] Attempt 1 to provision port 9980f927-3362-4808-b858-f6a188b11b2b
2026-05-09 14:06:45.032 11 INFO neutron.plugins.ml2.plugin [None req-ebdaa04b-50b9-40e2-acf2-82ed5b283d53 - - - - - -] Attempt 1 to provision port 5da178cb-ee69-4a22-a910-ef8292d71818
2026-05-09 14:06:45.356 11 INFO neutron.plugins.ml2.plugin [None req-ebdaa04b-50b9-40e2-acf2-82ed5b283d53 - - - - - -] Attempt 1 to provision port 9980f927-3362-4808-b858-f6a188b11b2b
2026-05-09 14:06:45.679 11 INFO neutron.plugins.ml2.plugin [None req-ebdaa04b-50b9-40e2-acf2-82ed5b283d53 - - - - - -] Attempt 1 to provision port 9e824670-228a-4193-8a1b-49559639d1f3
2026-05-09 14:06:45.799 10 INFO neutron.plugins.ml2.plugin [None req-6dd6fbb7-2d6c-41fb-91d9-09c3e0c233ce - - - - - -] Attempt 1 to provision port 17536941-fad4-4132-98f5-76231beff44b
2026-05-09 14:06:46.359 11 INFO neutron.plugins.ml2.plugin [None req-b8654aed-baff-4832-8f53-9fd6a432e1d3 - - - - - -] Attempt 1 to provision port 17536941-fad4-4132-98f5-76231beff44b
2026-05-09 14:06:54.475 11 INFO neutron.plugins.ml2.plugin [None req-ef359a15-daca-4dda-9e1f-f2ecb29c26fa - - - - - -] Attempt 1 to provision port acb1622b-732c-4504-b61f-9b20601c0d63
2026-05-09 14:06:55.036 10 INFO neutron.plugins.ml2.plugin [None req-ebdaa04b-50b9-40e2-acf2-82ed5b283d53 - - - - - -] Attempt 1 to provision port acb1622b-732c-4504-b61f-9b20601c0d63
2026-05-09 14:06:55.348 11 INFO neutron.plugins.ml2.plugin [None req-d954413b-25c6-4e63-81e0-17d239ac24db - - - - - -] Attempt 1 to provision port c567afdd-be84-4d60-b3b0-9704b4395b1b
2026-05-09 14:06:55.905 10 INFO neutron.plugins.ml2.plugin [None req-abc8aa59-0f40-47be-9cb7-a76311b2271d - - - - - -] Attempt 1 to provision port c567afdd-be84-4d60-b3b0-9704b4395b1b
2026-05-09 14:07:01.095 11 INFO neutron.plugins.ml2.plugin [None req-ebdaa04b-50b9-40e2-acf2-82ed5b283d53 - - - - - -] Attempt 1 to provision port 882dbf41-d6e4-4638-9b6e-5c5553f8d79e
2026-05-09 14:07:01.631 11 INFO neutron.plugins.ml2.plugin [None req-ea1f9f11-0495-44c6-a989-ef733da1bb50 - - - - - -] Attempt 1 to provision port 882dbf41-d6e4-4638-9b6e-5c5553f8d79e
2026-05-09 14:07:03.247 11 INFO neutron.plugins.ml2.plugin [None req-f968abce-7bb1-4d26-823f-4fd7c99b6d52 - - - - - -] Attempt 1 to provision port 587356ed-3265-4dd9-9ce1-045a54d6dc76
2026-05-09 14:07:03.249 10 INFO neutron.plugins.ml2.plugin [None req-ebdaa04b-50b9-40e2-acf2-82ed5b283d53 - - - - - -] Attempt 1 to provision port 882dbf41-d6e4-4638-9b6e-5c5553f8d79e /var/lib/openstack/lib/python3.10/site-packages/oslo_db/sqlalchemy/enginefacade.py:664: SAWarning: DELETE statement on table 'portsecuritybindings' expected to delete 1 row(s); 0 were matched. Please set confirm_deleted_rows=False within the mapper configuration to prevent this warning. self.session.flush() /var/lib/openstack/lib/python3.10/site-packages/oslo_db/sqlalchemy/enginefacade.py:664: SAWarning: DELETE statement on table 'ml2_port_bindings' expected to delete 1 row(s); 0 were matched. Please set confirm_deleted_rows=False within the mapper configuration to prevent this warning. self.session.flush() /var/lib/openstack/lib/python3.10/site-packages/oslo_db/sqlalchemy/enginefacade.py:664: SAWarning: DELETE statement on table 'ml2_port_binding_levels' expected to delete 1 row(s); 0 were matched. Please set confirm_deleted_rows=False within the mapper configuration to prevent this warning. self.session.flush() /var/lib/openstack/lib/python3.10/site-packages/oslo_db/sqlalchemy/enginefacade.py:664: SAWarning: DELETE statement on table 'ports' expected to delete 1 row(s); 0 were matched. Please set confirm_deleted_rows=False within the mapper configuration to prevent this warning. self.session.flush()
2026-05-09 14:07:07.549 10 INFO neutron.plugins.ml2.plugin [None req-e7149182-94ff-4ff8-922b-7722e6d47784 - - - - - -] Attempt 1 to provision port 021d6262-2a57-4ebb-b4a7-d59a82cd763a
2026-05-09 14:07:18.882 11 INFO neutron.plugins.ml2.plugin [None req-7e470b79-f8c0-4b7f-8a70-d637c684fab8 - - - - - -] Attempt 1 to provision port 01c1599f-b31f-45ce-a12f-6107e1fca4ae
2026-05-09 14:07:22.866 11 INFO neutron.plugins.ml2.plugin [None req-a856f43e-0f40-4491-8895-7fc3819ad360 - - - - - -] Attempt 1 to provision port 0e5007dc-f35c-4c03-beee-bf7e86a85537
2026-05-09 14:07:23.053 10 INFO neutron.plugins.ml2.plugin [None req-ebdaa04b-50b9-40e2-acf2-82ed5b283d53 - - - - - -] Attempt 1 to provision port 31deefbf-def1-4bd0-a701-2a20025dbbaf
2026-05-09 14:07:23.532 10 INFO neutron.plugins.ml2.plugin [None req-af93690e-5940-4ba5-95ba-3499b6eec705 - - - - - -] Attempt 1 to provision port 31deefbf-def1-4bd0-a701-2a20025dbbaf
2026-05-09 14:07:25.062 11 INFO neutron.plugins.ml2.plugin [None req-ebdaa04b-50b9-40e2-acf2-82ed5b283d53 - - - - - -] Attempt 1 to provision port 31deefbf-def1-4bd0-a701-2a20025dbbaf
2026-05-09 14:07:26.050 11 INFO neutron.plugins.ml2.plugin [None req-dfc2b09e-ca40-4b86-8af6-7d97a024adda - - - - - -] Attempt 1 to provision port 15d56ea8-214b-4099-be12-ffd6f2bd873c
2026-05-09 14:07:26.601 11 INFO neutron.plugins.ml2.plugin [None req-bf5c367e-58c2-4dc1-9d83-d3b28297aa2c - - - - - -] Attempt 1 to provision port 15d56ea8-214b-4099-be12-ffd6f2bd873c
2026-05-09 14:07:27.061 10 INFO neutron.plugins.ml2.plugin [None req-ebdaa04b-50b9-40e2-acf2-82ed5b283d53 - - - - - -] Attempt 1 to provision port 2d5ea64a-6e74-43b8-a286-fca8708fc520
2026-05-09 14:07:29.129 11 INFO neutron.plugins.ml2.plugin [None req-ebdaa04b-50b9-40e2-acf2-82ed5b283d53 - - - - - -] Attempt 1 to provision port 2d5ea64a-6e74-43b8-a286-fca8708fc520
2026-05-09 14:07:31.882 11 INFO neutron.plugins.ml2.plugin [None req-56fc3ab8-e555-4d04-aef0-59092c0162d4 - - - - - -] Attempt 1 to provision port cc0e2c2f-f126-4257-b879-5a124f54cdf1
2026-05-09 14:07:35.253 10 INFO neutron.plugins.ml2.plugin [None req-ebdaa04b-50b9-40e2-acf2-82ed5b283d53 - - - - - -] Attempt 1 to provision port cc0e2c2f-f126-4257-b879-5a124f54cdf1
2026-05-09 14:07:35.511 10 INFO neutron.notifiers.nova [-] Nova event matching ['req-3940f4a0-dfa0-40ca-9ee3-a4bb6c06f605'] response: {'server_uuid': 'edd68f46-2cb4-4f00-bb12-f22c2083ceeb', 'name': 'network-vif-plugged', 'status': 'completed', 'tag': 'cc0e2c2f-f126-4257-b879-5a124f54cdf1', 'code': 200}
2026-05-09 14:07:43.110 11 INFO neutron.plugins.ml2.plugin [None req-ebdaa04b-50b9-40e2-acf2-82ed5b283d53 - - - - - -] Attempt 1 to provision port 438221fe-7a00-4582-b884-e5804b3b7da0
2026-05-09 14:07:43.131 10 INFO neutron.plugins.ml2.plugin [None req-f60e2916-89ea-4dd5-8738-5df9c0c79d72 - - - - - -] Attempt 1 to provision port 438221fe-7a00-4582-b884-e5804b3b7da0 /var/lib/openstack/lib/python3.10/site-packages/oslo_db/sqlalchemy/enginefacade.py:664: SAWarning: DELETE statement on table 'portsecuritybindings' expected to delete 1 row(s); 0 were matched. Please set confirm_deleted_rows=False within the mapper configuration to prevent this warning. self.session.flush() /var/lib/openstack/lib/python3.10/site-packages/oslo_db/sqlalchemy/enginefacade.py:664: SAWarning: DELETE statement on table 'ml2_port_bindings' expected to delete 1 row(s); 0 were matched. Please set confirm_deleted_rows=False within the mapper configuration to prevent this warning. self.session.flush() /var/lib/openstack/lib/python3.10/site-packages/oslo_db/sqlalchemy/enginefacade.py:664: SAWarning: DELETE statement on table 'ml2_port_binding_levels' expected to delete 1 row(s); 0 were matched. Please set confirm_deleted_rows=False within the mapper configuration to prevent this warning. self.session.flush() /var/lib/openstack/lib/python3.10/site-packages/oslo_db/sqlalchemy/enginefacade.py:664: SAWarning: DELETE statement on table 'ports' expected to delete 1 row(s); 0 were matched. Please set confirm_deleted_rows=False within the mapper configuration to prevent this warning. self.session.flush()
2026-05-09 14:07:51.017 11 INFO neutron.plugins.ml2.plugin [None req-c26d6751-94a7-4803-b098-e2a5e7ba7c4c - - - - - -] Attempt 1 to provision port ebcc568e-44b3-4edf-a884-6f37c2e2fadd
2026-05-09 14:07:51.129 11 INFO neutron.plugins.ml2.plugin [None req-ebdaa04b-50b9-40e2-acf2-82ed5b283d53 - - - - - -] Attempt 1 to provision port ebcc568e-44b3-4edf-a884-6f37c2e2fadd
2026-05-09 14:07:51.488 10 INFO neutron.plugins.ml2.plugin [None req-e808dbb1-8707-4595-ad49-b8c33929eb95 - - - - - -] Attempt 1 to provision port 34beee8f-3259-4144-9633-380cba7134a4
2026-05-09 14:07:52.086 11 INFO neutron.plugins.ml2.plugin [None req-ebdaa04b-50b9-40e2-acf2-82ed5b283d53 - - - - - -] Attempt 1 to provision port 34beee8f-3259-4144-9633-380cba7134a4
2026-05-09 14:07:52.258 11 INFO neutron.plugins.ml2.plugin [None req-7d81e7e5-8bc0-4616-a4d4-76a559c29cad - - - - - -] Attempt 1 to provision port d7a3ff48-c8a7-4159-94f1-b865bb509453
2026-05-09 14:07:53.036 10 INFO neutron.plugins.ml2.plugin [None req-6c948d24-c352-4e1d-b8b5-69d3a41382ef - - - - - -] Attempt 1 to provision port d7a3ff48-c8a7-4159-94f1-b865bb509453
2026-05-09 14:07:53.129 11 INFO neutron.plugins.ml2.plugin [None req-ebdaa04b-50b9-40e2-acf2-82ed5b283d53 - - - - - -] Attempt 1 to provision port ebcc568e-44b3-4edf-a884-6f37c2e2fadd
2026-05-09 14:07:53.573 11 INFO neutron.plugins.ml2.plugin [None req-ebdaa04b-50b9-40e2-acf2-82ed5b283d53 - - - - - -] Attempt 1 to provision port 34beee8f-3259-4144-9633-380cba7134a4
2026-05-09 14:07:54.406 11 INFO neutron.plugins.ml2.plugin [None req-71a7bce1-efe0-419a-960a-57a887260701 - - - - - -] Attempt 1 to provision port 8da56c81-7640-40ca-a200-3142844f55f8
2026-05-09 14:07:55.104 11 INFO neutron.plugins.ml2.plugin [None req-ebdaa04b-50b9-40e2-acf2-82ed5b283d53 - - - - - -] Attempt 1 to provision port 0581efe0-ed28-4fa9-96cd-b7a862a5b22f
2026-05-09 14:07:55.257 10 INFO neutron.plugins.ml2.plugin [None req-72795ca6-9ca0-4c44-a878-4682be0a4e50 - - - - - -] Attempt 1 to provision port 8da56c81-7640-40ca-a200-3142844f55f8 /var/lib/openstack/lib/python3.10/site-packages/oslo_db/sqlalchemy/enginefacade.py:664: SAWarning: DELETE statement on table 'portsecuritybindings' expected to delete 1 row(s); 0 were matched. Please set confirm_deleted_rows=False within the mapper configuration to prevent this warning. self.session.flush() /var/lib/openstack/lib/python3.10/site-packages/oslo_db/sqlalchemy/enginefacade.py:664: SAWarning: DELETE statement on table 'ml2_port_bindings' expected to delete 1 row(s); 0 were matched. Please set confirm_deleted_rows=False within the mapper configuration to prevent this warning. self.session.flush() /var/lib/openstack/lib/python3.10/site-packages/oslo_db/sqlalchemy/enginefacade.py:664: SAWarning: DELETE statement on table 'ml2_port_binding_levels' expected to delete 1 row(s); 0 were matched. Please set confirm_deleted_rows=False within the mapper configuration to prevent this warning. self.session.flush() /var/lib/openstack/lib/python3.10/site-packages/oslo_db/sqlalchemy/enginefacade.py:664: SAWarning: DELETE statement on table 'ports' expected to delete 1 row(s); 0 were matched. Please set confirm_deleted_rows=False within the mapper configuration to prevent this warning. self.session.flush()
2026-05-09 14:07:59.543 10 INFO neutron.plugins.ml2.plugin [None req-7a77925b-c01c-4933-9b76-28083f1c885e - - - - - -] Attempt 1 to provision port 9bb901fc-87e7-4722-a208-41a56f3db43d
2026-05-09 14:08:03.034 10 INFO neutron.plugins.ml2.plugin [None req-045d75ec-083b-468d-8752-736203864dd6 - - - - - -] Attempt 1 to provision port 0aa0b2e1-19ba-4301-a51e-a1eaae326182
2026-05-09 14:08:03.098 11 INFO neutron.plugins.ml2.plugin [None req-ebdaa04b-50b9-40e2-acf2-82ed5b283d53 - - - - - -] Attempt 1 to provision port 0aa0b2e1-19ba-4301-a51e-a1eaae326182
2026-05-09 14:08:04.295 10 INFO neutron.plugins.ml2.plugin [None req-975da077-e999-4cab-ab75-4609cf2fff19 - - - - - -] Attempt 1 to provision port 89a204c4-1c56-41ab-acb8-1bc7114553df
2026-05-09 14:08:04.534 10 INFO neutron.plugins.ml2.plugin [None req-ba96a369-b1b6-4923-a96b-5fc1cc12d142 - - - - - -] Attempt 1 to provision port 06b9fd1f-78c0-4b1e-b6f3-e6bf146f4366
2026-05-09 14:08:04.781 10 INFO neutron.plugins.ml2.plugin [None req-ba96a369-b1b6-4923-a96b-5fc1cc12d142 - - - - - -] Attempt 1 to provision port d25157c8-c022-41cb-a202-2a0f05dc14f8
2026-05-09 14:08:04.931 10 INFO neutron.plugins.ml2.plugin [None req-c119ff69-b522-4ac0-a496-5014c4ae9701 - - - - - -] Attempt 1 to provision port d25157c8-c022-41cb-a202-2a0f05dc14f8
2026-05-09 14:08:05.085 11 INFO neutron.plugins.ml2.plugin [None req-42bf05d8-97ac-4db6-b9b8-4a3432fc8035 - - - - - -] Attempt 1 to provision port d25157c8-c022-41cb-a202-2a0f05dc14f8
2026-05-09 14:08:05.136 10 INFO neutron.plugins.ml2.plugin [None req-ebdaa04b-50b9-40e2-acf2-82ed5b283d53 - - - - - -] Attempt 1 to provision port 9c66cab5-d09b-4ab8-845f-93cb557104d7
2026-05-09 14:08:05.614 10 INFO neutron.plugins.ml2.plugin [None req-ebdaa04b-50b9-40e2-acf2-82ed5b283d53 - - - - - -] Attempt 1 to provision port 06b9fd1f-78c0-4b1e-b6f3-e6bf146f4366
2026-05-09 14:08:05.733 10 INFO neutron.plugins.ml2.plugin [None req-b1a2fa23-6a21-4914-b6c0-d8fe07b5aac1 - - - - - -] Attempt 1 to provision port 89a204c4-1c56-41ab-acb8-1bc7114553df
2026-05-09 14:08:06.016 10 INFO neutron.plugins.ml2.plugin [None req-ebdaa04b-50b9-40e2-acf2-82ed5b283d53 - - - - - -] Attempt 1 to provision port 0aa0b2e1-19ba-4301-a51e-a1eaae326182
2026-05-09 14:08:07.402 10 INFO neutron.plugins.ml2.plugin [None req-ebdaa04b-50b9-40e2-acf2-82ed5b283d53 - - - - - -] Attempt 1 to provision port 9c66cab5-d09b-4ab8-845f-93cb557104d7
2026-05-09 14:08:09.608 10 INFO neutron.plugins.ml2.plugin [None req-6a406fed-e9f5-457e-aa1b-de4e9a24f4d5 - - - - - -] Attempt 1 to provision port 9eb43a5a-71f1-4afc-b982-9ee41ac348a8
2026-05-09 14:08:11.082 11 INFO neutron.plugins.ml2.plugin [None req-ebdaa04b-50b9-40e2-acf2-82ed5b283d53 - - - - - -] Attempt 1 to provision port 38b7661f-3423-4d95-971b-4273a90496ad
2026-05-09 14:08:11.268 10 INFO neutron.plugins.ml2.plugin [None req-4728b327-90bd-4941-8241-42feb3721f81 - - - - - -] Attempt 1 to provision port 38b7661f-3423-4d95-971b-4273a90496ad
2026-05-09 14:08:11.955 10 INFO neutron.plugins.ml2.plugin [None req-fa15ccb4-03a4-4ca6-8cf9-26a0d7699554 - - - - - -] Attempt 1 to provision port 23f7b0e9-f345-42b6-8f49-1038bc71539f
2026-05-09 14:08:13.009 10 INFO neutron.plugins.ml2.plugin [None req-6c7b3d31-6f44-4415-b354-22ade7627ca2 - - - - - -] Attempt 1 to provision port 23f7b0e9-f345-42b6-8f49-1038bc71539f
2026-05-09 14:08:13.243 11 INFO neutron.plugins.ml2.plugin [None req-ebdaa04b-50b9-40e2-acf2-82ed5b283d53 - - - - - -] Attempt 1 to provision port 9eb43a5a-71f1-4afc-b982-9ee41ac348a8
2026-05-09 14:08:13.386 11 INFO neutron.notifiers.nova [-] Nova event matching ['req-a3b9451c-7a3d-4871-a11b-709f912e68f1'] response: {'server_uuid': 'b0e55ac2-028e-4e61-8659-3546b96de3de', 'name': 'network-vif-plugged', 'status': 'completed', 'tag': '9eb43a5a-71f1-4afc-b982-9ee41ac348a8', 'code': 200}
2026-05-09 14:08:13.818 11 INFO neutron.plugins.ml2.plugin [None req-ebdaa04b-50b9-40e2-acf2-82ed5b283d53 - - - - - -] Attempt 1 to provision port 38b7661f-3423-4d95-971b-4273a90496ad
2026-05-09 14:08:15.149 11 INFO neutron.plugins.ml2.plugin [None req-ebdaa04b-50b9-40e2-acf2-82ed5b283d53 - - - - - -] Attempt 1 to provision port 9eb43a5a-71f1-4afc-b982-9ee41ac348a8
2026-05-09 14:08:18.205 11 INFO neutron.plugins.ml2.plugin [None req-deb42f78-18ce-45f0-84a6-4b595d8ac631 - - - - - -] Attempt 1 to provision port c3931210-3e0b-4860-8595-9eee87d5322d
2026-05-09 14:08:19.107 10 INFO neutron.plugins.ml2.plugin [None req-ebdaa04b-50b9-40e2-acf2-82ed5b283d53 - - - - - -] Attempt 1 to provision port 9bb901fc-87e7-4722-a208-41a56f3db43d
2026-05-09 14:08:19.690 10 INFO neutron.plugins.ml2.plugin [None req-ebdaa04b-50b9-40e2-acf2-82ed5b283d53 - - - - - -] Attempt 1 to provision port d25157c8-c022-41cb-a202-2a0f05dc14f8
2026-05-09 14:08:21.068 11 INFO neutron.plugins.ml2.plugin [None req-ebdaa04b-50b9-40e2-acf2-82ed5b283d53 - - - - - -] Attempt 1 to provision port 9bb901fc-87e7-4722-a208-41a56f3db43d
2026-05-09 14:08:21.429 11 INFO neutron.plugins.ml2.plugin [None req-ebdaa04b-50b9-40e2-acf2-82ed5b283d53 - - - - - -] Attempt 1 to provision port d25157c8-c022-41cb-a202-2a0f05dc14f8
2026-05-09 14:08:27.279 10 INFO neutron.plugins.ml2.plugin [None req-ebdaa04b-50b9-40e2-acf2-82ed5b283d53 - - - - - -] Attempt 1 to provision port 7a992619-440a-49d9-a902-a7dfe4d75235
2026-05-09 14:08:35.485 11 INFO neutron.plugins.ml2.plugin [None req-182ee2cd-7f5e-420f-ae66-08ff04ea037f - - - - - -] Attempt 1 to provision port b159392b-ddb1-4e1d-a270-417d7d5e59f8
2026-05-09 14:08:37.188 11 INFO neutron.plugins.ml2.plugin [None req-ebdaa04b-50b9-40e2-acf2-82ed5b283d53 - - - - - -] Attempt 1 to provision port b159392b-ddb1-4e1d-a270-417d7d5e59f8
2026-05-09 14:08:37.338 11 INFO neutron.notifiers.nova [-] Nova event matching ['req-d2000bfb-2d85-4a52-ac3e-432920b3a396'] response: {'server_uuid': 'c6d880f4-a242-4c76-b4ed-c2419679bb5c', 'name': 'network-vif-plugged', 'status': 'completed', 'tag': 'b159392b-ddb1-4e1d-a270-417d7d5e59f8', 'code': 200}
2026-05-09 14:08:37.846 10 ERROR oslo_messaging.rpc.server [None req-e6bfa365-0b95-4577-8215-e6114f9e4e58 - - - - - -] Exception during message handling: neutron_lib.exceptions.SubnetInUse: Unable to complete operation on subnet 431fd9c6-1b4d-4926-8ff7-703db37d489f: This subnet is being modified by another concurrent operation.
2026-05-09 14:08:37.846 10 ERROR oslo_messaging.rpc.server
Traceback (most recent call last):
2026-05-09 14:08:37.846 10 ERROR oslo_messaging.rpc.server
File "/var/lib/openstack/lib/python3.10/site-packages/oslo_messaging/rpc/server.py", line 165, in _process_incoming
2026-05-09 14:08:37.846 10 ERROR oslo_messaging.rpc.server res = self.dispatcher.dispatch(message)
2026-05-09 14:08:37.846 10 ERROR oslo_messaging.rpc.server
File "/var/lib/openstack/lib/python3.10/site-packages/oslo_messaging/rpc/dispatcher.py", line 309, in dispatch
2026-05-09 14:08:37.846 10 ERROR oslo_messaging.rpc.server return self._do_dispatch(endpoint, method, ctxt, args)
2026-05-09 14:08:37.846 10 ERROR oslo_messaging.rpc.server
File "/var/lib/openstack/lib/python3.10/site-packages/oslo_messaging/rpc/dispatcher.py", line 229, in _do_dispatch
2026-05-09 14:08:37.846 10 ERROR oslo_messaging.rpc.server result = func(ctxt, **new_args)
2026-05-09 14:08:37.846 10 ERROR oslo_messaging.rpc.server
File "/var/lib/openstack/lib/python3.10/site-packages/oslo_messaging/rpc/server.py", line 244, in inner
2026-05-09 14:08:37.846 10 ERROR oslo_messaging.rpc.server return func(*args, **kwargs)
2026-05-09 14:08:37.846 10 ERROR oslo_messaging.rpc.server
File "/var/lib/openstack/lib/python3.10/site-packages/neutron_lib/db/api.py", line 137, in wrapped
2026-05-09 14:08:37.846 10 ERROR oslo_messaging.rpc.server with excutils.save_and_reraise_exception():
2026-05-09 14:08:37.846 10 ERROR oslo_messaging.rpc.server
File "/var/lib/openstack/lib/python3.10/site-packages/oslo_utils/excutils.py", line 227, in __exit__
2026-05-09 14:08:37.846 10 ERROR oslo_messaging.rpc.server self.force_reraise()
2026-05-09 14:08:37.846 10 ERROR oslo_messaging.rpc.server
File "/var/lib/openstack/lib/python3.10/site-packages/oslo_utils/excutils.py", line 200, in force_reraise
2026-05-09 14:08:37.846 10 ERROR oslo_messaging.rpc.server raise self.value
2026-05-09 14:08:37.846 10 ERROR oslo_messaging.rpc.server
File "/var/lib/openstack/lib/python3.10/site-packages/neutron_lib/db/api.py", line 135, in wrapped
2026-05-09 14:08:37.846 10 ERROR oslo_messaging.rpc.server return f(*args, **kwargs)
2026-05-09 14:08:37.846 10 ERROR oslo_messaging.rpc.server
File "/var/lib/openstack/lib/python3.10/site-packages/oslo_db/api.py", line 144, in wrapper
2026-05-09 14:08:37.846 10 ERROR oslo_messaging.rpc.server with excutils.save_and_reraise_exception() as ectxt:
2026-05-09 14:08:37.846 10 ERROR oslo_messaging.rpc.server
File "/var/lib/openstack/lib/python3.10/site-packages/oslo_utils/excutils.py", line 227, in __exit__
2026-05-09 14:08:37.846 10 ERROR oslo_messaging.rpc.server self.force_reraise()
2026-05-09 14:08:37.846 10 ERROR oslo_messaging.rpc.server
File "/var/lib/openstack/lib/python3.10/site-packages/oslo_utils/excutils.py", line 200, in force_reraise
2026-05-09 14:08:37.846 10 ERROR oslo_messaging.rpc.server raise self.value
2026-05-09 14:08:37.846 10 ERROR oslo_messaging.rpc.server
File "/var/lib/openstack/lib/python3.10/site-packages/oslo_db/api.py", line 142, in wrapper
2026-05-09 14:08:37.846 10 ERROR oslo_messaging.rpc.server return f(*args, **kwargs)
2026-05-09 14:08:37.846 10 ERROR oslo_messaging.rpc.server
File "/var/lib/openstack/lib/python3.10/site-packages/neutron_lib/db/api.py", line 183, in wrapped
2026-05-09 14:08:37.846 10 ERROR oslo_messaging.rpc.server with excutils.save_and_reraise_exception():
2026-05-09 14:08:37.846 10 ERROR oslo_messaging.rpc.server
File "/var/lib/openstack/lib/python3.10/site-packages/oslo_utils/excutils.py", line 227, in __exit__
2026-05-09 14:08:37.846 10 ERROR oslo_messaging.rpc.server self.force_reraise()
2026-05-09 14:08:37.846 10 ERROR oslo_messaging.rpc.server
File "/var/lib/openstack/lib/python3.10/site-packages/oslo_utils/excutils.py", line 200, in force_reraise
2026-05-09 14:08:37.846 10 ERROR oslo_messaging.rpc.server raise self.value
2026-05-09 14:08:37.846 10 ERROR oslo_messaging.rpc.server
File "/var/lib/openstack/lib/python3.10/site-packages/neutron_lib/db/api.py", line 181, in wrapped
2026-05-09 14:08:37.846 10 ERROR oslo_messaging.rpc.server return f(*dup_args, **dup_kwargs)
2026-05-09 14:08:37.846 10 ERROR oslo_messaging.rpc.server
File "/var/lib/openstack/lib/python3.10/site-packages/neutron/quota/resource_registry.py", line 95, in wrapper
2026-05-09 14:08:37.846 10 ERROR oslo_messaging.rpc.server ret_val = f(_self, context, *args, **kwargs)
2026-05-09 14:08:37.846 10 ERROR oslo_messaging.rpc.server
File "/var/lib/openstack/lib/python3.10/site-packages/neutron/api/rpc/handlers/dhcp_rpc.py", line 292, in create_dhcp_port
2026-05-09 14:08:37.846 10 ERROR oslo_messaging.rpc.server return self._port_action(plugin, context, port, 'create_port')
2026-05-09 14:08:37.846 10 ERROR oslo_messaging.rpc.server
File "/var/lib/openstack/lib/python3.10/site-packages/neutron/api/rpc/handlers/dhcp_rpc.py", line 118, in _port_action
2026-05-09 14:08:37.846 10 ERROR oslo_messaging.rpc.server return p_utils.create_port(plugin, context, port)
2026-05-09 14:08:37.846 10 ERROR oslo_messaging.rpc.server
File "/var/lib/openstack/lib/python3.10/site-packages/neutron_lib/plugins/utils.py", line 338, in create_port
2026-05-09 14:08:37.846 10 ERROR oslo_messaging.rpc.server return core_plugin.create_port(
2026-05-09 14:08:37.846 10 ERROR oslo_messaging.rpc.server
File "/var/lib/openstack/lib/python3.10/site-packages/neutron/common/utils.py", line 724, in inner
2026-05-09 14:08:37.846 10 ERROR oslo_messaging.rpc.server return f(*args, **kwargs)
2026-05-09 14:08:37.846 10 ERROR oslo_messaging.rpc.server
File "/var/lib/openstack/lib/python3.10/site-packages/neutron_lib/db/api.py", line 223, in wrapped
2026-05-09 14:08:37.846 10 ERROR oslo_messaging.rpc.server return f_with_retry(*args, **kwargs,
2026-05-09 14:08:37.846 10 ERROR oslo_messaging.rpc.server
File "/var/lib/openstack/lib/python3.10/site-packages/neutron_lib/db/api.py", line 137, in wrapped
2026-05-09 14:08:37.846 10 ERROR oslo_messaging.rpc.server with excutils.save_and_reraise_exception():
2026-05-09 14:08:37.846 10 ERROR oslo_messaging.rpc.server
File "/var/lib/openstack/lib/python3.10/site-packages/oslo_utils/excutils.py", line 227, in __exit__
2026-05-09 14:08:37.846 10 ERROR oslo_messaging.rpc.server self.force_reraise()
2026-05-09 14:08:37.846 10 ERROR oslo_messaging.rpc.server
File "/var/lib/openstack/lib/python3.10/site-packages/oslo_utils/excutils.py", line 200, in force_reraise
2026-05-09 14:08:37.846 10 ERROR oslo_messaging.rpc.server raise self.value
2026-05-09 14:08:37.846 10 ERROR oslo_messaging.rpc.server
File "/var/lib/openstack/lib/python3.10/site-packages/neutron_lib/db/api.py", line 135, in wrapped
2026-05-09 14:08:37.846 10 ERROR oslo_messaging.rpc.server return f(*args, **kwargs)
2026-05-09 14:08:37.846 10 ERROR oslo_messaging.rpc.server
File "/var/lib/openstack/lib/python3.10/site-packages/oslo_db/api.py", line 144, in wrapper
2026-05-09 14:08:37.846 10 ERROR oslo_messaging.rpc.server with excutils.save_and_reraise_exception() as ectxt:
2026-05-09 14:08:37.846 10 ERROR oslo_messaging.rpc.server
File "/var/lib/openstack/lib/python3.10/site-packages/oslo_utils/excutils.py", line 227, in __exit__
2026-05-09 14:08:37.846 10 ERROR oslo_messaging.rpc.server self.force_reraise()
2026-05-09 14:08:37.846 10 ERROR oslo_messaging.rpc.server
File "/var/lib/openstack/lib/python3.10/site-packages/oslo_utils/excutils.py", line 200, in force_reraise
2026-05-09 14:08:37.846 10 ERROR oslo_messaging.rpc.server raise self.value
2026-05-09 14:08:37.846 10 ERROR oslo_messaging.rpc.server
File "/var/lib/openstack/lib/python3.10/site-packages/oslo_db/api.py", line 142, in wrapper
2026-05-09 14:08:37.846 10 ERROR oslo_messaging.rpc.server return f(*args, **kwargs)
2026-05-09 14:08:37.846 10 ERROR oslo_messaging.rpc.server
File "/var/lib/openstack/lib/python3.10/site-packages/neutron_lib/db/api.py", line 183, in wrapped
2026-05-09 14:08:37.846 10 ERROR oslo_messaging.rpc.server with excutils.save_and_reraise_exception():
2026-05-09 14:08:37.846 10 ERROR oslo_messaging.rpc.server
File "/var/lib/openstack/lib/python3.10/site-packages/oslo_utils/excutils.py", line 227, in __exit__
2026-05-09 14:08:37.846 10 ERROR oslo_messaging.rpc.server self.force_reraise()
2026-05-09 14:08:37.846 10 ERROR oslo_messaging.rpc.server
File "/var/lib/openstack/lib/python3.10/site-packages/oslo_utils/excutils.py", line 200, in force_reraise
2026-05-09 14:08:37.846 10 ERROR oslo_messaging.rpc.server raise self.value
2026-05-09 14:08:37.846 10 ERROR oslo_messaging.rpc.server
File "/var/lib/openstack/lib/python3.10/site-packages/neutron_lib/db/api.py", line 181, in wrapped
2026-05-09 14:08:37.846 10 ERROR oslo_messaging.rpc.server return f(*dup_args, **dup_kwargs)
2026-05-09 14:08:37.846 10 ERROR oslo_messaging.rpc.server
File "/var/lib/openstack/lib/python3.10/site-packages/neutron/plugins/ml2/plugin.py", line 1586, in create_port
2026-05-09 14:08:37.846 10 ERROR oslo_messaging.rpc.server result, mech_context = self._create_port_db(context, port)
2026-05-09 14:08:37.846 10 ERROR oslo_messaging.rpc.server
File "/var/lib/openstack/lib/python3.10/site-packages/neutron/plugins/ml2/plugin.py", line 1551, in _create_port_db
2026-05-09 14:08:37.846 10 ERROR oslo_messaging.rpc.server port_db = self.create_port_db(context, port)
2026-05-09 14:08:37.846 10 ERROR oslo_messaging.rpc.server
File "/var/lib/openstack/lib/python3.10/site-packages/neutron/db/db_base_plugin_v2.py", line 1603, in create_port_db
2026-05-09 14:08:37.846 10 ERROR oslo_messaging.rpc.server self.ipam.allocate_ips_for_port_and_store(
2026-05-09 14:08:37.846 10 ERROR oslo_messaging.rpc.server
File "/var/lib/openstack/lib/python3.10/site-packages/neutron/db/ipam_pluggable_backend.py", line 219, in allocate_ips_for_port_and_store
2026-05-09 14:08:37.846 10 ERROR oslo_messaging.rpc.server ips = self.allocate_ips_for_port(context, port_copy)
2026-05-09 14:08:37.846 10 ERROR oslo_messaging.rpc.server
File "/var/lib/openstack/lib/python3.10/site-packages/neutron_lib/db/api.py", line 221, in wrapped
2026-05-09 14:08:37.846 10 ERROR oslo_messaging.rpc.server return f(*args, **kwargs)
2026-05-09 14:08:37.846 10 ERROR oslo_messaging.rpc.server
File "/var/lib/openstack/lib/python3.10/site-packages/oslo_db/sqlalchemy/enginefacade.py", line 998, in wrapper
2026-05-09 14:08:37.846 10 ERROR oslo_messaging.rpc.server return fn(*args, **kwargs)
2026-05-09 14:08:37.846 10 ERROR oslo_messaging.rpc.server
File "/var/lib/openstack/lib/python3.10/site-packages/neutron/db/ipam_pluggable_backend.py", line 226, in allocate_ips_for_port
2026-05-09 14:08:37.846 10 ERROR oslo_messaging.rpc.server return self._allocate_ips_for_port(context, port)
2026-05-09 14:08:37.846 10 ERROR oslo_messaging.rpc.server
File "/var/lib/openstack/lib/python3.10/site-packages/neutron/db/ipam_pluggable_backend.py", line 258, in _allocate_ips_for_port
2026-05-09 14:08:37.846 10 ERROR oslo_messaging.rpc.server subnets = self._ipam_get_subnets(
2026-05-09 14:08:37.846 10 ERROR oslo_messaging.rpc.server
File "/var/lib/openstack/lib/python3.10/site-packages/neutron/db/ipam_backend_mixin.py", line 686, in _ipam_get_subnets
2026-05-09 14:08:37.846 10 ERROR oslo_messaging.rpc.server subnet.read_lock_register(
2026-05-09 14:08:37.846 10 ERROR oslo_messaging.rpc.server
File "/var/lib/openstack/lib/python3.10/site-packages/neutron/db/models_v2.py", line 77, in read_lock_register
2026-05-09 14:08:37.846 10 ERROR oslo_messaging.rpc.server raise exception
2026-05-09 14:08:37.846 10 ERROR oslo_messaging.rpc.server neutron_lib.exceptions.SubnetInUse: Unable to complete operation on subnet 431fd9c6-1b4d-4926-8ff7-703db37d489f: This subnet is being modified by another concurrent operation.
2026-05-09 14:08:37.846 10 ERROR oslo_messaging.rpc.server 
2026-05-09 14:08:38.874 10 ERROR neutron.plugins.ml2.managers [None req-6a8af4f0-57cc-459d-ba8a-cf2c4d68633e - - - - - -] Mechanism driver openvswitch failed in bind_port: neutron_lib.exceptions.SubnetNotFound: Subnet 6247d85e-abee-4390-8eec-643b73bb984b could not be found.
2026-05-09 14:08:38.874 10 ERROR neutron.plugins.ml2.managers
Traceback (most recent call last):
2026-05-09 14:08:38.874 10 ERROR neutron.plugins.ml2.managers
File "/var/lib/openstack/lib/python3.10/site-packages/neutron/plugins/ml2/managers.py", line 850, in _bind_port_level
2026-05-09 14:08:38.874 10 ERROR neutron.plugins.ml2.managers driver.obj.bind_port(context)
2026-05-09 14:08:38.874 10 ERROR neutron.plugins.ml2.managers
File "/var/lib/openstack/lib/python3.10/site-packages/neutron/plugins/ml2/drivers/openvswitch/mech_driver/mech_openvswitch.py", line 133, in bind_port
2026-05-09 14:08:38.874 10 ERROR neutron.plugins.ml2.managers super(OpenvswitchMechanismDriver, self).bind_port(context)
2026-05-09 14:08:38.874 10 ERROR neutron.plugins.ml2.managers
File "/var/lib/openstack/lib/python3.10/site-packages/neutron/plugins/ml2/drivers/mech_agent.py", line 104, in bind_port
2026-05-09 14:08:38.874 10 ERROR neutron.plugins.ml2.managers subnets = self.get_subnets_from_fixed_ips(context)
2026-05-09 14:08:38.874 10 ERROR neutron.plugins.ml2.managers
File "/var/lib/openstack/lib/python3.10/site-packages/neutron/plugins/ml2/drivers/mech_agent.py", line 149, in get_subnets_from_fixed_ips
2026-05-09 14:08:38.874 10 ERROR neutron.plugins.ml2.managers subnets.append(context._plugin.get_subnet(
2026-05-09 14:08:38.874 10 ERROR neutron.plugins.ml2.managers
File "/var/lib/openstack/lib/python3.10/site-packages/neutron_lib/db/api.py", line 223, in wrapped
2026-05-09 14:08:38.874 10 ERROR neutron.plugins.ml2.managers return f_with_retry(*args, **kwargs,
2026-05-09 14:08:38.874 10 ERROR neutron.plugins.ml2.managers
File "/var/lib/openstack/lib/python3.10/site-packages/neutron_lib/db/api.py", line 137, in wrapped
2026-05-09 14:08:38.874 10 ERROR neutron.plugins.ml2.managers with excutils.save_and_reraise_exception():
2026-05-09 14:08:38.874 10 ERROR neutron.plugins.ml2.managers
File "/var/lib/openstack/lib/python3.10/site-packages/oslo_utils/excutils.py", line 227, in __exit__
2026-05-09 14:08:38.874 10 ERROR neutron.plugins.ml2.managers self.force_reraise()
2026-05-09 14:08:38.874 10 ERROR neutron.plugins.ml2.managers
File "/var/lib/openstack/lib/python3.10/site-packages/oslo_utils/excutils.py", line 200, in force_reraise
2026-05-09 14:08:38.874 10 ERROR neutron.plugins.ml2.managers raise self.value
