2026-05-09 14:08:38.236 7 INFO placement.requestlog [None req-fac2e292-9209-4f7a-93ad-eac21eb63e04 4b3639f97b184cf89a042a55c1280056 6813b52574b645b1a2545fcf1b239587 - - 88d0a3a50c2f49adb2e36543738ecd34 88d0a3a50c2f49adb2e36543738ecd34] 10.0.0.235 "DELETE /resource_providers/d8e14117-5249-4dd1-9590-2854c9d4a0cf" status: 404 len: 246 microversion: 1.1 [pid: 7|app: 0|req: 510/1026] 10.0.0.235 () {34 vars in 816 bytes} [Sat May 9 14:08:38 2026] DELETE /resource_providers/d8e14117-5249-4dd1-9590-2854c9d4a0cf => generated 246 bytes in 16 msecs (HTTP/1.1 404) 6 headers in 231 bytes (1 switches on core 0)
2026-05-09 14:08:39.954 8 INFO placement.requestlog [None req-d638b8e0-633e-4e02-98ae-7411e45fe401 - - - - - -] 10.0.0.180 "GET /" status: 200 len: 136 microversion: 1.0
2026-05-09 14:08:39.955 7 INFO placement.requestlog [None req-88169361-14cd-4461-80a3-6452e0429c99 - - - - - -] 10.0.0.180 "GET /" status: 200 len: 136 microversion: 1.0
2026-05-09 14:08:40.257 8 INFO placement.requestlog [None req-11da989a-8bd7-4bc8-8d6b-6ef2f0eb4a6d 4b3639f97b184cf89a042a55c1280056 6813b52574b645b1a2545fcf1b239587 - - 88d0a3a50c2f49adb2e36543738ecd34 88d0a3a50c2f49adb2e36543738ecd34] 10.0.0.235 "GET /resource_providers/b6e97cbb-724d-4e9c-82ba-9b92dbe22cf2/aggregates" status: 404 len: 235 microversion: 1.1 [pid: 8|app: 0|req: 518/1029] 10.0.0.235 () {32 vars in 816 bytes} [Sat May 9 14:08:40 2026] GET /resource_providers/b6e97cbb-724d-4e9c-82ba-9b92dbe22cf2/aggregates => generated 235 bytes in 22 msecs (HTTP/1.1 404) 5 headers in 202 bytes (1 switches on core 0)
2026-05-09 14:08:40.258 7 INFO placement.requestlog [None req-c8d9d515-10e6-4343-b118-acef0ef477d5 4b3639f97b184cf89a042a55c1280056 6813b52574b645b1a2545fcf1b239587 - - 88d0a3a50c2f49adb2e36543738ecd34 88d0a3a50c2f49adb2e36543738ecd34] 10.0.0.235 "GET /resource_providers/b6e97cbb-724d-4e9c-82ba-9b92dbe22cf2/aggregates" status: 404 len: 235 microversion: 1.1 [pid: 7|app: 0|req: 512/1030] 10.0.0.235 () {32 vars in 816 bytes} [Sat May 9 14:08:40 2026] GET /resource_providers/b6e97cbb-724d-4e9c-82ba-9b92dbe22cf2/aggregates => generated 235 bytes in 9 msecs (HTTP/1.1 404) 5 headers in 202 bytes (1 switches on core 0)
2026-05-09 14:08:40.285 7 INFO placement.requestlog [None req-4e5f86c6-865a-4d0a-9de7-8fc3cee32426 4b3639f97b184cf89a042a55c1280056 6813b52574b645b1a2545fcf1b239587 - - 88d0a3a50c2f49adb2e36543738ecd34 88d0a3a50c2f49adb2e36543738ecd34] 10.0.0.235 "DELETE /resource_providers/b6e97cbb-724d-4e9c-82ba-9b92dbe22cf2" status: 404 len: 246 microversion: 1.1 [pid: 7|app: 0|req: 513/1031] 10.0.0.235 () {34 vars in 816 bytes} [Sat May 9 14:08:40 2026] DELETE /resource_providers/b6e97cbb-724d-4e9c-82ba-9b92dbe22cf2 => generated 246 bytes in 12 msecs (HTTP/1.1 404) 6 headers in 231 bytes (1 switches on core 0)
2026-05-09 14:08:40.290 8 INFO placement.requestlog [None req-66dd3bac-0819-4151-be19-a24ea013b1f2 4b3639f97b184cf89a042a55c1280056 6813b52574b645b1a2545fcf1b239587 - - 88d0a3a50c2f49adb2e36543738ecd34 88d0a3a50c2f49adb2e36543738ecd34] 10.0.0.235 "DELETE /resource_providers/b6e97cbb-724d-4e9c-82ba-9b92dbe22cf2" status: 404 len: 246 microversion: 1.1 [pid: 8|app: 0|req: 519/1032] 10.0.0.235 () {34 vars in 816 bytes} [Sat May 9 14:08:40 2026] DELETE /resource_providers/b6e97cbb-724d-4e9c-82ba-9b92dbe22cf2 => generated 246 bytes in 17 msecs (HTTP/1.1 404) 6 headers in 231 bytes (1 switches on core 0)
2026-05-09 14:08:40.308 7 INFO placement.requestlog [None req-d3132323-c825-4288-bad3-5b0497a71d15 4b3639f97b184cf89a042a55c1280056 6813b52574b645b1a2545fcf1b239587 - - 88d0a3a50c2f49adb2e36543738ecd34 88d0a3a50c2f49adb2e36543738ecd34] 10.0.0.235 "GET /resource_providers/b6e97cbb-724d-4e9c-82ba-9b92dbe22cf2/aggregates" status: 404 len: 235 microversion: 1.1 [pid: 7|app: 0|req: 514/1033] 10.0.0.235 () {32 vars in 816 bytes} [Sat May 9 14:08:40 2026] GET /resource_providers/b6e97cbb-724d-4e9c-82ba-9b92dbe22cf2/aggregates => generated 235 bytes in 13 msecs (HTTP/1.1 404) 5 headers in 202 bytes (1 switches on core 0)
2026-05-09 14:08:40.310 8 INFO placement.requestlog [None req-24fdba91-ba42-46af-bbcb-55760d054cff 4b3639f97b184cf89a042a55c1280056 6813b52574b645b1a2545fcf1b239587 - - 88d0a3a50c2f49adb2e36543738ecd34 88d0a3a50c2f49adb2e36543738ecd34] 10.0.0.235 "GET /resource_providers/b6e97cbb-724d-4e9c-82ba-9b92dbe22cf2/aggregates" status: 404 len: 235 microversion: 1.1 [pid: 8|app: 0|req: 520/1034] 10.0.0.235 () {32 vars in 816 bytes} [Sat May 9 14:08:40 2026] GET /resource_providers/b6e97cbb-724d-4e9c-82ba-9b92dbe22cf2/aggregates => generated 235 bytes in 11 msecs (HTTP/1.1 404) 5 headers in 202 bytes (1 switches on core 0)
2026-05-09 14:08:40.331 7 INFO placement.requestlog [None req-2e31924d-b32d-4727-8660-4a818eb59811 4b3639f97b184cf89a042a55c1280056 6813b52574b645b1a2545fcf1b239587 - - 88d0a3a50c2f49adb2e36543738ecd34 88d0a3a50c2f49adb2e36543738ecd34] 10.0.0.235 "DELETE /resource_providers/b6e97cbb-724d-4e9c-82ba-9b92dbe22cf2" status: 404 len: 246 microversion: 1.1
2026-05-09 14:08:40.331 8 INFO placement.requestlog [None req-e755351a-cbf8-419c-91bc-14f624d9acb5 4b3639f97b184cf89a042a55c1280056 6813b52574b645b1a2545fcf1b239587 - - 88d0a3a50c2f49adb2e36543738ecd34 88d0a3a50c2f49adb2e36543738ecd34] 10.0.0.235 "DELETE /resource_providers/b6e97cbb-724d-4e9c-82ba-9b92dbe22cf2" status: 404 len: 246 microversion: 1.1 [pid: 8|app: 0|req: 521/1036] 10.0.0.235 () {34 vars in 816 bytes} [Sat May 9 14:08:40 2026] DELETE /resource_providers/b6e97cbb-724d-4e9c-82ba-9b92dbe22cf2 => generated 246 bytes in 12 msecs (HTTP/1.1 404) 6 headers in 231 bytes (1 switches on core 0) [pid: 7|app: 0|req: 515/1036] 10.0.0.235 () {34 vars in 816 bytes} [Sat May 9 14:08:40 2026] DELETE /resource_providers/b6e97cbb-724d-4e9c-82ba-9b92dbe22cf2 => generated 246 bytes in 12 msecs (HTTP/1.1 404) 6 headers in 231 bytes (1 switches on core 0)
2026-05-09 14:08:42.421 7 INFO placement.requestlog [None req-69498918-6735-4433-babe-cc0d646fff54 4b3639f97b184cf89a042a55c1280056 6813b52574b645b1a2545fcf1b239587 - - 88d0a3a50c2f49adb2e36543738ecd34 88d0a3a50c2f49adb2e36543738ecd34] 10.0.0.235 "GET /resource_providers/bf6a7bc2-31f8-46f2-844b-0241788fcf99/aggregates" status: 404 len: 235 microversion: 1.1 [pid: 7|app: 0|req: 516/1037] 10.0.0.235 () {32 vars in 816 bytes} [Sat May 9 14:08:42 2026] GET /resource_providers/bf6a7bc2-31f8-46f2-844b-0241788fcf99/aggregates => generated 235 bytes in 12 msecs (HTTP/1.1 404) 5 headers in 202 bytes (1 switches on core 0)
2026-05-09 14:08:42.422 8 INFO placement.requestlog [None req-0f329e59-1356-4bfd-8851-41e0e4afe56d 4b3639f97b184cf89a042a55c1280056 6813b52574b645b1a2545fcf1b239587 - - 88d0a3a50c2f49adb2e36543738ecd34 88d0a3a50c2f49adb2e36543738ecd34] 10.0.0.235 "GET /resource_providers/bf6a7bc2-31f8-46f2-844b-0241788fcf99/aggregates" status: 404 len: 235 microversion: 1.1 [pid: 8|app: 0|req: 522/1038] 10.0.0.235 () {32 vars in 816 bytes} [Sat May 9 14:08:42 2026] GET /resource_providers/bf6a7bc2-31f8-46f2-844b-0241788fcf99/aggregates => generated 235 bytes in 11 msecs (HTTP/1.1 404) 5 headers in 202 bytes (1 switches on core 0)
2026-05-09 14:08:42.437 7 INFO placement.requestlog [None req-23e0e235-b69b-4471-b1be-e3f7cdb29f60 4b3639f97b184cf89a042a55c1280056 6813b52574b645b1a2545fcf1b239587 - - 88d0a3a50c2f49adb2e36543738ecd34 88d0a3a50c2f49adb2e36543738ecd34] 10.0.0.235 "DELETE /resource_providers/bf6a7bc2-31f8-46f2-844b-0241788fcf99" status: 404 len: 246 microversion: 1.1 [pid: 7|app: 0|req: 517/1039] 10.0.0.235 () {34 vars in 816 bytes} [Sat May 9 14:08:42 2026] DELETE /resource_providers/bf6a7bc2-31f8-46f2-844b-0241788fcf99 => generated 246 bytes in 8 msecs (HTTP/1.1 404) 6 headers in 231 bytes (1 switches on core 0)
2026-05-09 14:08:42.448 8 INFO placement.requestlog [None req-537b4d66-5d56-4ac0-889a-4158da31db8b 4b3639f97b184cf89a042a55c1280056 6813b52574b645b1a2545fcf1b239587 - - 88d0a3a50c2f49adb2e36543738ecd34 88d0a3a50c2f49adb2e36543738ecd34] 10.0.0.235 "DELETE /resource_providers/bf6a7bc2-31f8-46f2-844b-0241788fcf99" status: 404 len: 246 microversion: 1.1 [pid: 8|app: 0|req: 523/1040] 10.0.0.235 () {34 vars in 816 bytes} [Sat May 9 14:08:42 2026] DELETE /resource_providers/bf6a7bc2-31f8-46f2-844b-0241788fcf99 => generated 246 bytes in 15 msecs (HTTP/1.1 404) 6 headers in 231 bytes (1 switches on core 0)
2026-05-09 14:08:47.865 7 INFO placement.requestlog [None req-2a3805ef-49e2-4bfc-a6da-58ed982f5b77 4b3639f97b184cf89a042a55c1280056 6813b52574b645b1a2545fcf1b239587 - - 88d0a3a50c2f49adb2e36543738ecd34 88d0a3a50c2f49adb2e36543738ecd34] 10.0.0.235 "GET /resource_providers/5d71e6ed-7ecc-4f59-b01e-f849b2ef6851/aggregates" status: 404 len: 235 microversion: 1.1 [pid: 7|app: 0|req: 518/1041] 10.0.0.235 () {32 vars in 816 bytes} [Sat May 9 14:08:47 2026] GET /resource_providers/5d71e6ed-7ecc-4f59-b01e-f849b2ef6851/aggregates => generated 235 bytes in 25 msecs (HTTP/1.1 404) 5 headers in 202 bytes (1 switches on core 0)
2026-05-09 14:08:47.885 8 INFO placement.requestlog [None req-4d307895-c876-48b7-8ddf-d639889e5155 4b3639f97b184cf89a042a55c1280056 6813b52574b645b1a2545fcf1b239587 - - 88d0a3a50c2f49adb2e36543738ecd34 88d0a3a50c2f49adb2e36543738ecd34] 10.0.0.235 "GET /resource_providers/5d71e6ed-7ecc-4f59-b01e-f849b2ef6851/aggregates" status: 404 len: 235 microversion: 1.1 [pid: 8|app: 0|req: 524/1042] 10.0.0.235 () {32 vars in 816 bytes} [Sat May 9 14:08:47 2026] GET /resource_providers/5d71e6ed-7ecc-4f59-b01e-f849b2ef6851/aggregates => generated 235 bytes in 34 msecs (HTTP/1.1 404) 5 headers in 202 bytes (1 switches on core 0)
2026-05-09 14:08:47.897 7 INFO placement.requestlog [None req-362008aa-44f1-4318-b26d-e9db0e6d7c7d 4b3639f97b184cf89a042a55c1280056 6813b52574b645b1a2545fcf1b239587 - - 88d0a3a50c2f49adb2e36543738ecd34 88d0a3a50c2f49adb2e36543738ecd34] 10.0.0.235 "DELETE /resource_providers/5d71e6ed-7ecc-4f59-b01e-f849b2ef6851" status: 404 len: 246 microversion: 1.1 [pid: 7|app: 0|req: 519/1043] 10.0.0.235 () {34 vars in 816 bytes} [Sat May 9 14:08:47 2026] DELETE /resource_providers/5d71e6ed-7ecc-4f59-b01e-f849b2ef6851 => generated 246 bytes in 13 msecs (HTTP/1.1 404) 6 headers in 231 bytes (1 switches on core 0)
2026-05-09 14:08:47.905 8 INFO placement.requestlog [None req-9fe70775-dc21-46d7-93b9-aa2420ccdb98 4b3639f97b184cf89a042a55c1280056 6813b52574b645b1a2545fcf1b239587 - - 88d0a3a50c2f49adb2e36543738ecd34 88d0a3a50c2f49adb2e36543738ecd34] 10.0.0.235 "DELETE /resource_providers/5d71e6ed-7ecc-4f59-b01e-f849b2ef6851" status: 404 len: 246 microversion: 1.1 [pid: 8|app: 0|req: 525/1044] 10.0.0.235 () {34 vars in 816 bytes} [Sat May 9 14:08:47 2026] DELETE /resource_providers/5d71e6ed-7ecc-4f59-b01e-f849b2ef6851 => generated 246 bytes in 9 msecs (HTTP/1.1 404) 6 headers in 231 bytes (1 switches on core 0)
2026-05-09 14:08:49.927 8 INFO placement.requestlog [None req-80771545-8762-4591-a9b1-4a1100ff43d3 4b3639f97b184cf89a042a55c1280056 6813b52574b645b1a2545fcf1b239587 - - 88d0a3a50c2f49adb2e36543738ecd34 88d0a3a50c2f49adb2e36543738ecd34] 10.0.0.235 "GET /resource_providers/2179326a-387e-4c2e-8819-3f3cf3ede789/aggregates" status: 404 len: 235 microversion: 1.1 [pid: 8|app: 0|req: 526/1045] 10.0.0.235 () {32 vars in 816 bytes} [Sat May 9 14:08:49 2026] GET /resource_providers/2179326a-387e-4c2e-8819-3f3cf3ede789/aggregates => generated 235 bytes in 9 msecs (HTTP/1.1 404) 5 headers in 202 bytes (1 switches on core 0)
2026-05-09 14:08:49.928 7 INFO placement.requestlog [None req-9b021c7f-1969-4bc0-a855-9cd33b5f4bef 4b3639f97b184cf89a042a55c1280056 6813b52574b645b1a2545fcf1b239587 - - 88d0a3a50c2f49adb2e36543738ecd34 88d0a3a50c2f49adb2e36543738ecd34] 10.0.0.235 "GET /resource_providers/2179326a-387e-4c2e-8819-3f3cf3ede789/aggregates" status: 404 len: 235 microversion: 1.1 [pid: 7|app: 0|req: 520/1046] 10.0.0.235 () {32 vars in 816 bytes} [Sat May 9 14:08:49 2026] GET /resource_providers/2179326a-387e-4c2e-8819-3f3cf3ede789/aggregates => generated 235 bytes in 16 msecs (HTTP/1.1 404) 5 headers in 202 bytes (1 switches on core 0)
2026-05-09 14:08:49.957 7 INFO placement.requestlog [None req-94b00f23-6b68-4026-84ac-080b6e450e33 4b3639f97b184cf89a042a55c1280056 6813b52574b645b1a2545fcf1b239587 - - 88d0a3a50c2f49adb2e36543738ecd34 88d0a3a50c2f49adb2e36543738ecd34] 10.0.0.235 "DELETE /resource_providers/2179326a-387e-4c2e-8819-3f3cf3ede789" status: 404 len: 246 microversion: 1.1 [pid: 7|app: 0|req: 521/1047] 10.0.0.235 () {34 vars in 816 bytes} [Sat May 9 14:08:49 2026] DELETE /resource_providers/2179326a-387e-4c2e-8819-3f3cf3ede789 => generated 246 bytes in 13 msecs (HTTP/1.1 404) 6 headers in 231 bytes (1 switches on core 0)
2026-05-09 14:08:49.957 8 INFO placement.requestlog [None req-6e56818a-2561-48c5-a90f-e5232fb42a81 4b3639f97b184cf89a042a55c1280056 6813b52574b645b1a2545fcf1b239587 - - 88d0a3a50c2f49adb2e36543738ecd34 88d0a3a50c2f49adb2e36543738ecd34] 10.0.0.235 "DELETE /resource_providers/2179326a-387e-4c2e-8819-3f3cf3ede789" status: 404 len: 246 microversion: 1.1
2026-05-09 14:08:49.958 7 INFO placement.requestlog [None req-e42b9020-23af-443b-a453-1315a7b165f6 - - - - - -] 10.0.0.180 "GET /" status: 200 len: 136 microversion: 1.0 [pid: 8|app: 0|req: 527/1049] 10.0.0.235 () {34 vars in 816 bytes} [Sat May 9 14:08:49 2026] DELETE /resource_providers/2179326a-387e-4c2e-8819-3f3cf3ede789 => generated 246 bytes in 14 msecs (HTTP/1.1 404) 6 headers in 231 bytes (1 switches on core 0)
2026-05-09 14:08:49.959 7 INFO placement.requestlog [None req-5d962156-6129-45a7-b3ed-47b85ae75c29 - - - - - -] 10.0.0.180 "GET /" status: 200 len: 136 microversion: 1.0
2026-05-09 14:08:49.973 8 INFO placement.requestlog [None req-c8a6592e-a6fe-4ffc-b547-7a8a2b631acf 4b3639f97b184cf89a042a55c1280056 6813b52574b645b1a2545fcf1b239587 - - 88d0a3a50c2f49adb2e36543738ecd34 88d0a3a50c2f49adb2e36543738ecd34] 10.0.0.235 "GET /resource_providers/186a1153-5771-4013-9fc8-32af84aabbe5/aggregates" status: 404 len: 235 microversion: 1.1 [pid: 8|app: 0|req: 528/1051] 10.0.0.235 () {32 vars in 816 bytes} [Sat May 9 14:08:49 2026] GET /resource_providers/186a1153-5771-4013-9fc8-32af84aabbe5/aggregates => generated 235 bytes in 10 msecs (HTTP/1.1 404) 5 headers in 202 bytes (1 switches on core 0)
2026-05-09 14:08:49.991 7 INFO placement.requestlog [None req-62bdf145-8a14-4708-b911-c08313cedebf 4b3639f97b184cf89a042a55c1280056 6813b52574b645b1a2545fcf1b239587 - - 88d0a3a50c2f49adb2e36543738ecd34 88d0a3a50c2f49adb2e36543738ecd34] 10.0.0.235 "GET /resource_providers/186a1153-5771-4013-9fc8-32af84aabbe5/aggregates" status: 404 len: 235 microversion: 1.1 [pid: 7|app: 0|req: 524/1052] 10.0.0.235 () {32 vars in 816 bytes} [Sat May 9 14:08:49 2026] GET /resource_providers/186a1153-5771-4013-9fc8-32af84aabbe5/aggregates => generated 235 bytes in 21 msecs (HTTP/1.1 404) 5 headers in 202 bytes (1 switches on core 0)
2026-05-09 14:08:49.995 8 INFO placement.requestlog [None req-1c4a6261-0f55-46c9-8961-9491a5985ab1 4b3639f97b184cf89a042a55c1280056 6813b52574b645b1a2545fcf1b239587 - - 88d0a3a50c2f49adb2e36543738ecd34 88d0a3a50c2f49adb2e36543738ecd34] 10.0.0.235 "DELETE /resource_providers/186a1153-5771-4013-9fc8-32af84aabbe5" status: 404 len: 246 microversion: 1.1 [pid: 8|app: 0|req: 529/1053] 10.0.0.235 () {34 vars in 816 bytes} [Sat May 9 14:08:49 2026] DELETE /resource_providers/186a1153-5771-4013-9fc8-32af84aabbe5 => generated 246 bytes in 16 msecs (HTTP/1.1 404) 6 headers in 231 bytes (1 switches on core 0)
2026-05-09 14:08:50.014 7 INFO placement.requestlog [None req-e60766f5-c195-4a42-b27d-633cf4bdb760 4b3639f97b184cf89a042a55c1280056 6813b52574b645b1a2545fcf1b239587 - - 88d0a3a50c2f49adb2e36543738ecd34 88d0a3a50c2f49adb2e36543738ecd34] 10.0.0.235 "DELETE /resource_providers/186a1153-5771-4013-9fc8-32af84aabbe5" status: 404 len: 246 microversion: 1.1 [pid: 7|app: 0|req: 525/1054] 10.0.0.235 () {34 vars in 816 bytes} [Sat May 9 14:08:50 2026] DELETE /resource_providers/186a1153-5771-4013-9fc8-32af84aabbe5 => generated 246 bytes in 12 msecs (HTTP/1.1 404) 6 headers in 231 bytes (1 switches on core 0)
2026-05-09 14:08:50.021 8 INFO placement.requestlog [None req-17c4c21a-e66c-4564-b81d-b1a96d51ad47 4b3639f97b184cf89a042a55c1280056 6813b52574b645b1a2545fcf1b239587 - - 88d0a3a50c2f49adb2e36543738ecd34 88d0a3a50c2f49adb2e36543738ecd34] 10.0.0.235 "GET /resource_providers/072b1a26-528b-484b-a100-7c3f8113b236/aggregates" status: 404 len: 235 microversion: 1.1 [pid: 8|app: 0|req: 530/1055] 10.0.0.235 () {32 vars in 816 bytes} [Sat May 9 14:08:50 2026] GET /resource_providers/072b1a26-528b-484b-a100-7c3f8113b236/aggregates => generated 235 bytes in 13 msecs (HTTP/1.1 404) 5 headers in 202 bytes (1 switches on core 0)
2026-05-09 14:08:50.033 7 INFO placement.requestlog [None req-6b9e6f08-eb3f-4170-9d3a-7ec51da76d01 4b3639f97b184cf89a042a55c1280056 6813b52574b645b1a2545fcf1b239587 - - 88d0a3a50c2f49adb2e36543738ecd34 88d0a3a50c2f49adb2e36543738ecd34] 10.0.0.235 "GET /resource_providers/072b1a26-528b-484b-a100-7c3f8113b236/aggregates" status: 404 len: 235 microversion: 1.1 [pid: 7|app: 0|req: 526/1056] 10.0.0.235 () {32 vars in 816 bytes} [Sat May 9 14:08:50 2026] GET /resource_providers/072b1a26-528b-484b-a100-7c3f8113b236/aggregates => generated 235 bytes in 14 msecs (HTTP/1.1 404) 5 headers in 202 bytes (1 switches on core 0)
2026-05-09 14:08:50.037 8 INFO placement.requestlog [None req-1671e449-2904-4092-92af-2fc88535ff85 4b3639f97b184cf89a042a55c1280056 6813b52574b645b1a2545fcf1b239587 - - 88d0a3a50c2f49adb2e36543738ecd34 88d0a3a50c2f49adb2e36543738ecd34] 10.0.0.235 "DELETE /resource_providers/072b1a26-528b-484b-a100-7c3f8113b236" status: 404 len: 246 microversion: 1.1 [pid: 8|app: 0|req: 531/1057] 10.0.0.235 () {34 vars in 816 bytes} [Sat May 9 14:08:50 2026] DELETE /resource_providers/072b1a26-528b-484b-a100-7c3f8113b236 => generated 246 bytes in 11 msecs (HTTP/1.1 404) 6 headers in 231 bytes (1 switches on core 0)
2026-05-09 14:08:50.054 7 INFO placement.requestlog [None req-a258fadc-dea9-42ef-a272-d2d847d6e4ec 4b3639f97b184cf89a042a55c1280056 6813b52574b645b1a2545fcf1b239587 - - 88d0a3a50c2f49adb2e36543738ecd34 88d0a3a50c2f49adb2e36543738ecd34] 10.0.0.235 "DELETE /resource_providers/072b1a26-528b-484b-a100-7c3f8113b236" status: 404 len: 246 microversion: 1.1 [pid: 7|app: 0|req: 527/1058] 10.0.0.235 () {34 vars in 816 bytes} [Sat May 9 14:08:50 2026] DELETE /resource_providers/072b1a26-528b-484b-a100-7c3f8113b236 => generated 246 bytes in 11 msecs (HTTP/1.1 404) 6 headers in 231 bytes (1 switches on core 0)
2026-05-09 14:08:50.055 8 INFO placement.requestlog [None req-942ad3a3-b5cc-4d8b-b509-0e868378ed61 4b3639f97b184cf89a042a55c1280056 6813b52574b645b1a2545fcf1b239587 - - 88d0a3a50c2f49adb2e36543738ecd34 88d0a3a50c2f49adb2e36543738ecd34] 10.0.0.235 "GET /resource_providers/b3e6cc3e-4724-482d-ae96-69d9b42d53c5/aggregates" status: 404 len: 235 microversion: 1.1 [pid: 8|app: 0|req: 532/1059] 10.0.0.235 () {32 vars in 816 bytes} [Sat May 9 14:08:50 2026] GET /resource_providers/b3e6cc3e-4724-482d-ae96-69d9b42d53c5/aggregates => generated 235 bytes in 11 msecs (HTTP/1.1 404) 5 headers in 202 bytes (1 switches on core 0)
2026-05-09 14:08:50.077 7 INFO placement.requestlog [None req-bd3e2a41-7035-4b2c-99e7-04ee46f767b2 4b3639f97b184cf89a042a55c1280056 6813b52574b645b1a2545fcf1b239587 - - 88d0a3a50c2f49adb2e36543738ecd34 88d0a3a50c2f49adb2e36543738ecd34] 10.0.0.235 "GET /resource_providers/b3e6cc3e-4724-482d-ae96-69d9b42d53c5/aggregates" status: 404 len: 235 microversion: 1.1 [pid: 7|app: 0|req: 528/1060] 10.0.0.235 () {32 vars in 816 bytes} [Sat May 9 14:08:50 2026] GET /resource_providers/b3e6cc3e-4724-482d-ae96-69d9b42d53c5/aggregates => generated 235 bytes in 10 msecs (HTTP/1.1 404) 5 headers in 202 bytes (1 switches on core 0)
2026-05-09 14:08:50.079 8 INFO placement.requestlog [None req-2c9f0ef4-0ce8-47c1-898e-79c46ce34d17 4b3639f97b184cf89a042a55c1280056 6813b52574b645b1a2545fcf1b239587 - - 88d0a3a50c2f49adb2e36543738ecd34 88d0a3a50c2f49adb2e36543738ecd34] 10.0.0.235 "DELETE /resource_providers/b3e6cc3e-4724-482d-ae96-69d9b42d53c5" status: 404 len: 246 microversion: 1.1 [pid: 8|app: 0|req: 533/1061] 10.0.0.235 () {34 vars in 816 bytes} [Sat May 9 14:08:50 2026] DELETE /resource_providers/b3e6cc3e-4724-482d-ae96-69d9b42d53c5 => generated 246 bytes in 10 msecs (HTTP/1.1 404) 6 headers in 231 bytes (1 switches on core 0)
2026-05-09 14:08:50.098 7 INFO placement.requestlog [None req-2e2fa3ea-c163-4ea0-a4ee-dcc3fd43a078 4b3639f97b184cf89a042a55c1280056 6813b52574b645b1a2545fcf1b239587 - - 88d0a3a50c2f49adb2e36543738ecd34 88d0a3a50c2f49adb2e36543738ecd34] 10.0.0.235 "DELETE /resource_providers/b3e6cc3e-4724-482d-ae96-69d9b42d53c5" status: 404 len: 246 microversion: 1.1 [pid: 7|app: 0|req: 529/1062] 10.0.0.235 () {34 vars in 816 bytes} [Sat May 9 14:08:50 2026] DELETE /resource_providers/b3e6cc3e-4724-482d-ae96-69d9b42d53c5 => generated 246 bytes in 11 msecs (HTTP/1.1 404) 6 headers in 231 bytes (1 switches on core 0)
2026-05-09 14:08:58.586 8 INFO placement.requestlog [req-86f7f08b-2df6-43a4-a2dc-66fa8bfd2463 req-7f5099c0-af20-4a5d-827b-88d5a7424997 39089d73230749b99425f6259485cee7 6813b52574b645b1a2545fcf1b239587 - - 88d0a3a50c2f49adb2e36543738ecd34 88d0a3a50c2f49adb2e36543738ecd34] 199.204.45.129 "GET /resource_providers/905777d9-804e-4524-afdc-3a7b99260faa/allocations" status: 200 len: 253 microversion: 1.0 [pid: 8|app: 0|req: 534/1063] 199.204.45.129 () {32 vars in 857 bytes} [Sat May 9 14:08:58 2026] GET /resource_providers/905777d9-804e-4524-afdc-3a7b99260faa/allocations => generated 253 bytes in 31 msecs (HTTP/1.1 200) 6 headers in 224 bytes (1 switches on core 0)
2026-05-09 14:08:58.609 7 INFO placement.requestlog [req-86f7f08b-2df6-43a4-a2dc-66fa8bfd2463 req-78a30668-d05a-4412-b1c4-c19b5fefb4c1 39089d73230749b99425f6259485cee7 6813b52574b645b1a2545fcf1b239587 - - 88d0a3a50c2f49adb2e36543738ecd34 88d0a3a50c2f49adb2e36543738ecd34] 199.204.45.129 "GET /allocations/c6d880f4-a242-4c76-b4ed-c2419679bb5c" status: 200 len: 258 microversion: 1.28 [pid: 7|app: 0|req: 530/1064] 199.204.45.129 () {34 vars in 863 bytes} [Sat May 9 14:08:58 2026] GET /allocations/c6d880f4-a242-4c76-b4ed-c2419679bb5c => generated 258 bytes in 14 msecs (HTTP/1.1 200) 8 headers in 296 bytes (1 switches on core 0)
2026-05-09 14:08:58.684 8 INFO placement.requestlog [req-86f7f08b-2df6-43a4-a2dc-66fa8bfd2463 req-4eef99c7-f44f-4b65-b85a-c12753cb19d8 39089d73230749b99425f6259485cee7 6813b52574b645b1a2545fcf1b239587 - - 88d0a3a50c2f49adb2e36543738ecd34 88d0a3a50c2f49adb2e36543738ecd34] 199.204.45.129 "GET /allocations/b0e55ac2-028e-4e61-8659-3546b96de3de" status: 200 len: 258 microversion: 1.28 [pid: 8|app: 0|req: 535/1065] 199.204.45.129 () {34 vars in 863 bytes} [Sat May 9 14:08:58 2026] GET /allocations/b0e55ac2-028e-4e61-8659-3546b96de3de => generated 258 bytes in 67 msecs (HTTP/1.1 200) 8 headers in 296 bytes (1 switches on core 0)
2026-05-09 14:08:58.771 7 INFO placement.requestlog [req-86f7f08b-2df6-43a4-a2dc-66fa8bfd2463 req-0391bec7-00a1-4638-b606-d1655dd330f4 39089d73230749b99425f6259485cee7 6813b52574b645b1a2545fcf1b239587 - - 88d0a3a50c2f49adb2e36543738ecd34 88d0a3a50c2f49adb2e36543738ecd34] 199.204.45.129 "DELETE /allocations/c6d880f4-a242-4c76-b4ed-c2419679bb5c" status: 204 len: 0 microversion: 1.0 [pid: 7|app: 0|req: 531/1066] 199.204.45.129 () {34 vars in 841 bytes} [Sat May 9 14:08:58 2026] DELETE /allocations/c6d880f4-a242-4c76-b4ed-c2419679bb5c => generated 0 bytes in 24 msecs (HTTP/1.1 204) 5 headers in 198 bytes (1 switches on core 0)
2026-05-09 14:08:59.183 8 INFO placement.requestlog [None req-2d759b20-0321-4aa6-adc9-118b233846a3 4b3639f97b184cf89a042a55c1280056 6813b52574b645b1a2545fcf1b239587 - - 88d0a3a50c2f49adb2e36543738ecd34 88d0a3a50c2f49adb2e36543738ecd34] 10.0.0.235 "GET /resource_providers/0958d6d6-3284-4626-b44f-6e9d39f5fbd0/aggregates" status: 404 len: 235 microversion: 1.1 [pid: 8|app: 0|req: 536/1067] 10.0.0.235 () {32 vars in 816 bytes} [Sat May 9 14:08:59 2026] GET /resource_providers/0958d6d6-3284-4626-b44f-6e9d39f5fbd0/aggregates => generated 235 bytes in 10 msecs (HTTP/1.1 404) 5 headers in 202 bytes (1 switches on core 0)
2026-05-09 14:08:59.184 7 INFO placement.requestlog [None req-ab4f63bb-fe86-4c3f-830a-1cd6b5ba5585 4b3639f97b184cf89a042a55c1280056 6813b52574b645b1a2545fcf1b239587 - - 88d0a3a50c2f49adb2e36543738ecd34 88d0a3a50c2f49adb2e36543738ecd34] 10.0.0.235 "GET /resource_providers/0958d6d6-3284-4626-b44f-6e9d39f5fbd0/aggregates" status: 404 len: 235 microversion: 1.1 [pid: 7|app: 0|req: 532/1068] 10.0.0.235 () {32 vars in 816 bytes} [Sat May 9 14:08:59 2026] GET /resource_providers/0958d6d6-3284-4626-b44f-6e9d39f5fbd0/aggregates => generated 235 bytes in 8 msecs (HTTP/1.1 404) 5 headers in 202 bytes (1 switches on core 0)
2026-05-09 14:08:59.210 7 INFO placement.requestlog [None req-81b0f684-bfaf-40ce-adc3-8e8c86540141 4b3639f97b184cf89a042a55c1280056 6813b52574b645b1a2545fcf1b239587 - - 88d0a3a50c2f49adb2e36543738ecd34 88d0a3a50c2f49adb2e36543738ecd34] 10.0.0.235 "DELETE /resource_providers/0958d6d6-3284-4626-b44f-6e9d39f5fbd0" status: 404 len: 246 microversion: 1.1
2026-05-09 14:08:59.210 8 INFO placement.requestlog [None req-435e7afa-108c-49fe-8f85-1a5270fea9a4 4b3639f97b184cf89a042a55c1280056 6813b52574b645b1a2545fcf1b239587 - - 88d0a3a50c2f49adb2e36543738ecd34 88d0a3a50c2f49adb2e36543738ecd34] 10.0.0.235 "DELETE /resource_providers/0958d6d6-3284-4626-b44f-6e9d39f5fbd0" status: 404 len: 246 microversion: 1.1 [pid: 7|app: 0|req: 533/1069] 10.0.0.235 () {34 vars in 816 bytes} [Sat May 9 14:08:59 2026] DELETE /resource_providers/0958d6d6-3284-4626-b44f-6e9d39f5fbd0 => generated 246 bytes in 13 msecs (HTTP/1.1 404) 6 headers in 231 bytes (1 switches on core 0) [pid: 8|app: 0|req: 537/1070] 10.0.0.235 () {34 vars in 816 bytes} [Sat May 9 14:08:59 2026] DELETE /resource_providers/0958d6d6-3284-4626-b44f-6e9d39f5fbd0 => generated 246 bytes in 14 msecs (HTTP/1.1 404) 6 headers in 231 bytes (1 switches on core 0)
2026-05-09 14:08:59.955 7 INFO placement.requestlog [None req-355e4239-f586-48fb-b442-44fa239a0deb - - - - - -] 10.0.0.180 "GET /" status: 200 len: 136 microversion: 1.0
2026-05-09 14:08:59.956 8 INFO placement.requestlog [None req-56065f42-daee-4e12-ac00-c351c98cb39b - - - - - -] 10.0.0.180 "GET /" status: 200 len: 136 microversion: 1.0
2026-05-09 14:08:59.969 7 INFO placement.requestlog [None req-2c6e35de-dcbf-441d-bb9a-597840373e4a 4b3639f97b184cf89a042a55c1280056 6813b52574b645b1a2545fcf1b239587 - - 88d0a3a50c2f49adb2e36543738ecd34 88d0a3a50c2f49adb2e36543738ecd34] 10.0.0.235 "GET /resource_providers/e3f55d75-5074-45fc-bfff-0f29854ecca8/aggregates" status: 404 len: 235 microversion: 1.1 [pid: 7|app: 0|req: 535/1073] 10.0.0.235 () {32 vars in 816 bytes} [Sat May 9 14:08:59 2026] GET /resource_providers/e3f55d75-5074-45fc-bfff-0f29854ecca8/aggregates => generated 235 bytes in 12 msecs (HTTP/1.1 404) 5 headers in 202 bytes (1 switches on core 0)
2026-05-09 14:08:59.971 8 INFO placement.requestlog [None req-5b1578fa-b32b-47b0-acfe-1ff7072883d8 4b3639f97b184cf89a042a55c1280056 6813b52574b645b1a2545fcf1b239587 - - 88d0a3a50c2f49adb2e36543738ecd34 88d0a3a50c2f49adb2e36543738ecd34] 10.0.0.235 "GET /resource_providers/e3f55d75-5074-45fc-bfff-0f29854ecca8/aggregates" status: 404 len: 235 microversion: 1.1 [pid: 8|app: 0|req: 539/1074] 10.0.0.235 () {32 vars in 816 bytes} [Sat May 9 14:08:59 2026] GET /resource_providers/e3f55d75-5074-45fc-bfff-0f29854ecca8/aggregates => generated 235 bytes in 11 msecs (HTTP/1.1 404) 5 headers in 202 bytes (1 switches on core 0)
2026-05-09 14:08:59.996 7 INFO placement.requestlog [None req-15296ae0-49a9-4a03-8ed2-0ee5cd85ec4e 4b3639f97b184cf89a042a55c1280056 6813b52574b645b1a2545fcf1b239587 - - 88d0a3a50c2f49adb2e36543738ecd34 88d0a3a50c2f49adb2e36543738ecd34] 10.0.0.235 "DELETE /resource_providers/e3f55d75-5074-45fc-bfff-0f29854ecca8" status: 404 len: 246 microversion: 1.1 [pid: 7|app: 0|req: 536/1075] 10.0.0.235 () {34 vars in 816 bytes} [Sat May 9 14:08:59 2026] DELETE /resource_providers/e3f55d75-5074-45fc-bfff-0f29854ecca8 => generated 246 bytes in 10 msecs (HTTP/1.1 404) 6 headers in 231 bytes (1 switches on core 0)
2026-05-09 14:09:00.000 8 INFO placement.requestlog [None req-6efd3316-bd25-49d1-8f66-52e29601a75f 4b3639f97b184cf89a042a55c1280056 6813b52574b645b1a2545fcf1b239587 - - 88d0a3a50c2f49adb2e36543738ecd34 88d0a3a50c2f49adb2e36543738ecd34] 10.0.0.235 "DELETE /resource_providers/e3f55d75-5074-45fc-bfff-0f29854ecca8" status: 404 len: 246 microversion: 1.1 [pid: 8|app: 0|req: 540/1076] 10.0.0.235 () {34 vars in 816 bytes} [Sat May 9 14:08:59 2026] DELETE /resource_providers/e3f55d75-5074-45fc-bfff-0f29854ecca8 => generated 246 bytes in 13 msecs (HTTP/1.1 404) 6 headers in 231 bytes (1 switches on core 0)
2026-05-09 14:09:01.224 7 INFO placement.requestlog [None req-704f8b5c-608a-4d5a-ab73-761e34a447ce 4b3639f97b184cf89a042a55c1280056 6813b52574b645b1a2545fcf1b239587 - - 88d0a3a50c2f49adb2e36543738ecd34 88d0a3a50c2f49adb2e36543738ecd34] 10.0.0.235 "GET /resource_providers/944773f8-ef8a-4959-b17b-1830b09a7850/aggregates" status: 404 len: 235 microversion: 1.1 [pid: 7|app: 0|req: 537/1077] 10.0.0.235 () {32 vars in 816 bytes} [Sat May 9 14:09:01 2026] GET /resource_providers/944773f8-ef8a-4959-b17b-1830b09a7850/aggregates => generated 235 bytes in 8 msecs (HTTP/1.1 404) 5 headers in 202 bytes (1 switches on core 0)
2026-05-09 14:09:01.229 8 INFO placement.requestlog [None req-376984a7-2d42-4931-ae6e-9ac0510d4a2e 4b3639f97b184cf89a042a55c1280056 6813b52574b645b1a2545fcf1b239587 - - 88d0a3a50c2f49adb2e36543738ecd34 88d0a3a50c2f49adb2e36543738ecd34] 10.0.0.235 "GET /resource_providers/944773f8-ef8a-4959-b17b-1830b09a7850/aggregates" status: 404 len: 235 microversion: 1.1 [pid: 8|app: 0|req: 541/1078] 10.0.0.235 () {32 vars in 816 bytes} [Sat May 9 14:09:01 2026] GET /resource_providers/944773f8-ef8a-4959-b17b-1830b09a7850/aggregates => generated 235 bytes in 9 msecs (HTTP/1.1 404) 5 headers in 202 bytes (1 switches on core 0)
2026-05-09 14:09:01.254 7 INFO placement.requestlog [None req-348fb16a-0ab6-4cbf-a414-e1a69a9d9725 4b3639f97b184cf89a042a55c1280056 6813b52574b645b1a2545fcf1b239587 - - 88d0a3a50c2f49adb2e36543738ecd34 88d0a3a50c2f49adb2e36543738ecd34] 10.0.0.235 "DELETE /resource_providers/944773f8-ef8a-4959-b17b-1830b09a7850" status: 404 len: 246 microversion: 1.1 [pid: 7|app: 0|req: 538/1079] 10.0.0.235 () {34 vars in 816 bytes} [Sat May 9 14:09:01 2026] DELETE /resource_providers/944773f8-ef8a-4959-b17b-1830b09a7850 => generated 246 bytes in 16 msecs (HTTP/1.1 404) 6 headers in 231 bytes (1 switches on core 0)
2026-05-09 14:09:01.263 8 INFO placement.requestlog [None req-710ecb20-8b4c-4fb6-8770-510abd18901d 4b3639f97b184cf89a042a55c1280056 6813b52574b645b1a2545fcf1b239587 - - 88d0a3a50c2f49adb2e36543738ecd34 88d0a3a50c2f49adb2e36543738ecd34] 10.0.0.235 "DELETE /resource_providers/944773f8-ef8a-4959-b17b-1830b09a7850" status: 404 len: 246 microversion: 1.1 [pid: 8|app: 0|req: 542/1080] 10.0.0.235 () {34 vars in 816 bytes} [Sat May 9 14:09:01 2026] DELETE /resource_providers/944773f8-ef8a-4959-b17b-1830b09a7850 => generated 246 bytes in 22 msecs (HTTP/1.1 404) 6 headers in 231 bytes (1 switches on core 0)
2026-05-09 14:09:01.277 8 INFO placement.requestlog [None req-e4c2385e-ea1c-40de-9aac-53c48ca82840 4b3639f97b184cf89a042a55c1280056 6813b52574b645b1a2545fcf1b239587 - - 88d0a3a50c2f49adb2e36543738ecd34 88d0a3a50c2f49adb2e36543738ecd34] 10.0.0.235 "GET /resource_providers/596ef008-3fea-4c60-8dfb-3043fcb122f8/aggregates" status: 404 len: 235 microversion: 1.1 [pid: 8|app: 0|req: 543/1081] 10.0.0.235 () {32 vars in 816 bytes} [Sat May 9 14:09:01 2026] GET /resource_providers/596ef008-3fea-4c60-8dfb-3043fcb122f8/aggregates => generated 235 bytes in 7 msecs (HTTP/1.1 404) 5 headers in 202 bytes (1 switches on core 0)
2026-05-09 14:09:01.278 7 INFO placement.requestlog [None req-62ace562-1815-4ccd-820e-0f41cfd39c01 4b3639f97b184cf89a042a55c1280056 6813b52574b645b1a2545fcf1b239587 - - 88d0a3a50c2f49adb2e36543738ecd34 88d0a3a50c2f49adb2e36543738ecd34] 10.0.0.235 "GET /resource_providers/596ef008-3fea-4c60-8dfb-3043fcb122f8/aggregates" status: 404 len: 235 microversion: 1.1 [pid: 7|app: 0|req: 539/1082] 10.0.0.235 () {32 vars in 816 bytes} [Sat May 9 14:09:01 2026] GET /resource_providers/596ef008-3fea-4c60-8dfb-3043fcb122f8/aggregates => generated 235 bytes in 10 msecs (HTTP/1.1 404) 5 headers in 202 bytes (1 switches on core 0)
2026-05-09 14:09:01.304 8 INFO placement.requestlog [None req-f6c37095-ea49-413c-b8d6-16fd9ed0f2d6 4b3639f97b184cf89a042a55c1280056 6813b52574b645b1a2545fcf1b239587 - - 88d0a3a50c2f49adb2e36543738ecd34 88d0a3a50c2f49adb2e36543738ecd34] 10.0.0.235 "DELETE /resource_providers/596ef008-3fea-4c60-8dfb-3043fcb122f8" status: 404 len: 246 microversion: 1.1 [pid: 8|app: 0|req: 544/1083] 10.0.0.235 () {34 vars in 816 bytes} [Sat May 9 14:09:01 2026] DELETE /resource_providers/596ef008-3fea-4c60-8dfb-3043fcb122f8 => generated 246 bytes in 11 msecs (HTTP/1.1 404) 6 headers in 231 bytes (1 switches on core 0)
2026-05-09 14:09:01.308 7 INFO placement.requestlog [None req-ba139f58-da15-4d97-9a88-f31b101f057c 4b3639f97b184cf89a042a55c1280056 6813b52574b645b1a2545fcf1b239587 - - 88d0a3a50c2f49adb2e36543738ecd34 88d0a3a50c2f49adb2e36543738ecd34] 10.0.0.235 "DELETE /resource_providers/596ef008-3fea-4c60-8dfb-3043fcb122f8" status: 404 len: 246 microversion: 1.1 [pid: 7|app: 0|req: 540/1084] 10.0.0.235 () {34 vars in 816 bytes} [Sat May 9 14:09:01 2026] DELETE /resource_providers/596ef008-3fea-4c60-8dfb-3043fcb122f8 => generated 246 bytes in 15 msecs (HTTP/1.1 404) 6 headers in 231 bytes (1 switches on core 0)
2026-05-09 14:09:01.811 8 INFO placement.requestlog [req-10cc4424-b329-4625-a63e-11e900d4d2f7 req-10ce549e-ef60-479c-baf5-1c23e9777965 39089d73230749b99425f6259485cee7 6813b52574b645b1a2545fcf1b239587 - - 88d0a3a50c2f49adb2e36543738ecd34 88d0a3a50c2f49adb2e36543738ecd34] 199.204.45.129 "GET /resource_providers/905777d9-804e-4524-afdc-3a7b99260faa/allocations" status: 200 len: 153 microversion: 1.0 [pid: 8|app: 0|req: 545/1085] 199.204.45.129 () {32 vars in 857 bytes} [Sat May 9 14:09:01 2026] GET /resource_providers/905777d9-804e-4524-afdc-3a7b99260faa/allocations => generated 153 bytes in 17 msecs (HTTP/1.1 200) 6 headers in 224 bytes (1 switches on core 0)
2026-05-09 14:09:01.842 7 INFO placement.requestlog [req-10cc4424-b329-4625-a63e-11e900d4d2f7 req-2e85eb0e-6700-4dc3-81b1-71bbca308439 39089d73230749b99425f6259485cee7 6813b52574b645b1a2545fcf1b239587 - - 88d0a3a50c2f49adb2e36543738ecd34 88d0a3a50c2f49adb2e36543738ecd34] 199.204.45.129 "GET /allocations/b0e55ac2-028e-4e61-8659-3546b96de3de" status: 200 len: 258 microversion: 1.28 [pid: 7|app: 0|req: 541/1086] 199.204.45.129 () {34 vars in 863 bytes} [Sat May 9 14:09:01 2026] GET /allocations/b0e55ac2-028e-4e61-8659-3546b96de3de => generated 258 bytes in 26 msecs (HTTP/1.1 200) 8 headers in 296 bytes (1 switches on core 0)
2026-05-09 14:09:01.925 8 INFO placement.requestlog [req-10cc4424-b329-4625-a63e-11e900d4d2f7 req-799e95aa-8a42-408c-be94-8e4d8aeaef09 39089d73230749b99425f6259485cee7 6813b52574b645b1a2545fcf1b239587 - - 88d0a3a50c2f49adb2e36543738ecd34 88d0a3a50c2f49adb2e36543738ecd34] 199.204.45.129 "DELETE /allocations/b0e55ac2-028e-4e61-8659-3546b96de3de" status: 204 len: 0 microversion: 1.0 [pid: 8|app: 0|req: 546/1087] 199.204.45.129 () {34 vars in 841 bytes} [Sat May 9 14:09:01 2026] DELETE /allocations/b0e55ac2-028e-4e61-8659-3546b96de3de => generated 0 bytes in 29 msecs (HTTP/1.1 204) 5 headers in 198 bytes (1 switches on core 0)
2026-05-09 14:09:02.025 7 INFO placement.requestlog [None req-44af727c-c077-4625-a24b-cf0d09e4c842 4b3639f97b184cf89a042a55c1280056 6813b52574b645b1a2545fcf1b239587 - - 88d0a3a50c2f49adb2e36543738ecd34 88d0a3a50c2f49adb2e36543738ecd34] 10.0.0.235 "GET /resource_providers/b51f7f1d-5976-434f-8e12-0ddac88d2eb3/aggregates" status: 404 len: 235 microversion: 1.1 [pid: 7|app: 0|req: 542/1088] 10.0.0.235 () {32 vars in 816 bytes} [Sat May 9 14:09:02 2026] GET /resource_providers/b51f7f1d-5976-434f-8e12-0ddac88d2eb3/aggregates => generated 235 bytes in 18 msecs (HTTP/1.1 404) 5 headers in 202 bytes (1 switches on core 0)
2026-05-09 14:09:02.031 8 INFO placement.requestlog [None req-d1336b60-fa7e-4c9d-80e6-e81e50e9d96c 4b3639f97b184cf89a042a55c1280056 6813b52574b645b1a2545fcf1b239587 - - 88d0a3a50c2f49adb2e36543738ecd34 88d0a3a50c2f49adb2e36543738ecd34] 10.0.0.235 "GET /resource_providers/b51f7f1d-5976-434f-8e12-0ddac88d2eb3/aggregates" status: 404 len: 235 microversion: 1.1 [pid: 8|app: 0|req: 547/1089] 10.0.0.235 () {32 vars in 816 bytes} [Sat May 9 14:09:02 2026] GET /resource_providers/b51f7f1d-5976-434f-8e12-0ddac88d2eb3/aggregates => generated 235 bytes in 22 msecs (HTTP/1.1 404) 5 headers in 202 bytes (1 switches on core 0)
2026-05-09 14:09:02.054 7 INFO placement.requestlog [None req-6721c23b-05a3-45fb-9be9-9a5c8dceabaa 4b3639f97b184cf89a042a55c1280056 6813b52574b645b1a2545fcf1b239587 - - 88d0a3a50c2f49adb2e36543738ecd34 88d0a3a50c2f49adb2e36543738ecd34] 10.0.0.235 "DELETE /resource_providers/b51f7f1d-5976-434f-8e12-0ddac88d2eb3" status: 404 len: 246 microversion: 1.1 [pid: 7|app: 0|req: 543/1090] 10.0.0.235 () {34 vars in 816 bytes} [Sat May 9 14:09:02 2026] DELETE /resource_providers/b51f7f1d-5976-434f-8e12-0ddac88d2eb3 => generated 246 bytes in 12 msecs (HTTP/1.1 404) 6 headers in 231 bytes (1 switches on core 0)
2026-05-09 14:09:02.068 7 INFO placement.requestlog [None req-69930dc9-5e37-4354-8b16-14f698e66941 4b3639f97b184cf89a042a55c1280056 6813b52574b645b1a2545fcf1b239587 - - 88d0a3a50c2f49adb2e36543738ecd34 88d0a3a50c2f49adb2e36543738ecd34] 10.0.0.235 "GET /resource_providers/5b7d2607-29fa-476e-b33f-014fe9372552/aggregates" status: 404 len: 235 microversion: 1.1
2026-05-09 14:09:02.068 8 INFO placement.requestlog [None req-eb1afbec-4dfe-4029-97ad-5dce0ef880c9 4b3639f97b184cf89a042a55c1280056 6813b52574b645b1a2545fcf1b239587 - - 88d0a3a50c2f49adb2e36543738ecd34 88d0a3a50c2f49adb2e36543738ecd34] 10.0.0.235 "DELETE /resource_providers/b51f7f1d-5976-434f-8e12-0ddac88d2eb3" status: 404 len: 246 microversion: 1.1 [pid: 7|app: 0|req: 544/1091] 10.0.0.235 () {32 vars in 816 bytes} [Sat May 9 14:09:02 2026] GET /resource_providers/5b7d2607-29fa-476e-b33f-014fe9372552/aggregates => generated 235 bytes in 9 msecs (HTTP/1.1 404) 5 headers in 202 bytes (1 switches on core 0) [pid: 8|app: 0|req: 548/1092] 10.0.0.235 () {34 vars in 816 bytes} [Sat May 9 14:09:02 2026] DELETE /resource_providers/b51f7f1d-5976-434f-8e12-0ddac88d2eb3 => generated 246 bytes in 27 msecs (HTTP/1.1 404) 6 headers in 231 bytes (1 switches on core 0)
2026-05-09 14:09:02.082 7 INFO placement.requestlog [None req-6262b099-2cf1-429c-927e-3fe9e22c66e0 4b3639f97b184cf89a042a55c1280056 6813b52574b645b1a2545fcf1b239587 - - 88d0a3a50c2f49adb2e36543738ecd34 88d0a3a50c2f49adb2e36543738ecd34] 10.0.0.235 "DELETE /resource_providers/5b7d2607-29fa-476e-b33f-014fe9372552" status: 404 len: 246 microversion: 1.1 [pid: 7|app: 0|req: 545/1093] 10.0.0.235 () {34 vars in 816 bytes} [Sat May 9 14:09:02 2026] DELETE /resource_providers/5b7d2607-29fa-476e-b33f-014fe9372552 => generated 246 bytes in 8 msecs (HTTP/1.1 404) 6 headers in 231 bytes (1 switches on core 0)
2026-05-09 14:09:02.097 8 INFO placement.requestlog [None req-9d4f268d-f5ce-49e4-9d2d-faadfa9bd963 4b3639f97b184cf89a042a55c1280056 6813b52574b645b1a2545fcf1b239587 - - 88d0a3a50c2f49adb2e36543738ecd34 88d0a3a50c2f49adb2e36543738ecd34] 10.0.0.235 "GET /resource_providers/5b7d2607-29fa-476e-b33f-014fe9372552/aggregates" status: 404 len: 235 microversion: 1.1 [pid: 8|app: 0|req: 549/1094] 10.0.0.235 () {32 vars in 816 bytes} [Sat May 9 14:09:02 2026] GET /resource_providers/5b7d2607-29fa-476e-b33f-014fe9372552/aggregates => generated 235 bytes in 13 msecs (HTTP/1.1 404) 5 headers in 202 bytes (1 switches on core 0)
2026-05-09 14:09:02.127 7 INFO placement.requestlog [None req-46d035d2-9fd4-4ca9-a639-c679dd65cd53 4b3639f97b184cf89a042a55c1280056 6813b52574b645b1a2545fcf1b239587 - - 88d0a3a50c2f49adb2e36543738ecd34 88d0a3a50c2f49adb2e36543738ecd34] 10.0.0.235 "DELETE /resource_providers/5b7d2607-29fa-476e-b33f-014fe9372552" status: 404 len: 246 microversion: 1.1 [pid: 7|app: 0|req: 546/1095] 10.0.0.235 () {34 vars in 816 bytes} [Sat May 9 14:09:02 2026] DELETE /resource_providers/5b7d2607-29fa-476e-b33f-014fe9372552 => generated 246 bytes in 22 msecs (HTTP/1.1 404) 6 headers in 231 bytes (1 switches on core 0)
2026-05-09 14:09:03.704 8 INFO placement.requestlog [req-a2b86cf1-d744-4e9a-8b7b-20910ffd94d0 req-43a7178d-5a37-4047-81dd-ef7613bd52b0 39089d73230749b99425f6259485cee7 6813b52574b645b1a2545fcf1b239587 - - 88d0a3a50c2f49adb2e36543738ecd34 88d0a3a50c2f49adb2e36543738ecd34] 10.0.0.234 "GET /allocation_candidates?limit=1000&resources=DISK_GB%3A1%2CMEMORY_MB%3A512%2CVCPU%3A1&root_required=%21COMPUTE_STATUS_DISABLED" status: 200 len: 2217 microversion: 1.36 [pid: 8|app: 0|req: 550/1096] 10.0.0.234 () {34 vars in 1012 bytes} [Sat May 9 14:09:03 2026] GET /allocation_candidates?limit=1000&resources=DISK_GB%3A1%2CMEMORY_MB%3A512%2CVCPU%3A1&root_required=%21COMPUTE_STATUS_DISABLED => generated 2217 bytes in 43 msecs (HTTP/1.1 200) 8 headers in 297 bytes (1 switches on core 0)
2026-05-09 14:09:03.736 7 INFO placement.requestlog [req-a2b86cf1-d744-4e9a-8b7b-20910ffd94d0 req-20fa4184-c60a-4eb1-9d45-71f70f06839a 39089d73230749b99425f6259485cee7 6813b52574b645b1a2545fcf1b239587 - - 88d0a3a50c2f49adb2e36543738ecd34 88d0a3a50c2f49adb2e36543738ecd34] 10.0.0.234 "GET /allocations/43e19237-6b15-4885-81f1-d8fad698caa4" status: 200 len: 19 microversion: 1.28 [pid: 7|app: 0|req: 547/1097] 10.0.0.234 () {34 vars in 861 bytes} [Sat May 9 14:09:03 2026] GET /allocations/43e19237-6b15-4885-81f1-d8fad698caa4 => generated 19 bytes in 11 msecs (HTTP/1.1 200) 8 headers in 295 bytes (1 switches on core 0)
2026-05-09 14:09:03.830 8 INFO placement.requestlog [req-a2b86cf1-d744-4e9a-8b7b-20910ffd94d0 req-4f3a16b6-f7ae-42e2-acd6-650aa83ddea9 39089d73230749b99425f6259485cee7 6813b52574b645b1a2545fcf1b239587 - - 88d0a3a50c2f49adb2e36543738ecd34 88d0a3a50c2f49adb2e36543738ecd34] 10.0.0.234 "PUT /allocations/43e19237-6b15-4885-81f1-d8fad698caa4" status: 204 len: 0 microversion: 1.36 [pid: 8|app: 0|req: 551/1098] 10.0.0.234 () {38 vars in 914 bytes} [Sat May 9 14:09:03 2026] PUT /allocations/43e19237-6b15-4885-81f1-d8fad698caa4 => generated 0 bytes in 88 msecs (HTTP/1.1 204) 5 headers in 199 bytes (1 switches on core 0)
2026-05-09 14:09:04.079 7 INFO placement.requestlog [req-a2b86cf1-d744-4e9a-8b7b-20910ffd94d0 req-844bef04-5a7e-45c7-8493-416c84b72dcd 39089d73230749b99425f6259485cee7 6813b52574b645b1a2545fcf1b239587 - - 88d0a3a50c2f49adb2e36543738ecd34 88d0a3a50c2f49adb2e36543738ecd34] 199.204.45.129 "GET /allocations/43e19237-6b15-4885-81f1-d8fad698caa4" status: 200 len: 258 microversion: 1.28 [pid: 7|app: 0|req: 548/1099] 199.204.45.129 () {34 vars in 863 bytes} [Sat May 9 14:09:04 2026] GET /allocations/43e19237-6b15-4885-81f1-d8fad698caa4 => generated 258 bytes in 18 msecs (HTTP/1.1 200) 8 headers in 296 bytes (1 switches on core 0)
2026-05-09 14:09:04.178 8 INFO placement.requestlog [req-a2b86cf1-d744-4e9a-8b7b-20910ffd94d0 req-198bb462-a39d-4955-9bcd-85efaa420c48 39089d73230749b99425f6259485cee7 6813b52574b645b1a2545fcf1b239587 - - 88d0a3a50c2f49adb2e36543738ecd34 88d0a3a50c2f49adb2e36543738ecd34] 199.204.45.129 "GET /resource_providers/905777d9-804e-4524-afdc-3a7b99260faa/allocations" status: 200 len: 153 microversion: 1.0 [pid: 8|app: 0|req: 552/1100] 199.204.45.129 () {32 vars in 857 bytes} [Sat May 9 14:09:04 2026] GET /resource_providers/905777d9-804e-4524-afdc-3a7b99260faa/allocations => generated 153 bytes in 22 msecs (HTTP/1.1 200) 6 headers in 224 bytes (1 switches on core 0)
2026-05-09 14:09:04.213 7 INFO placement.requestlog [req-a2b86cf1-d744-4e9a-8b7b-20910ffd94d0 req-34fbd41c-a0f5-4bba-ab77-b06790fae838 39089d73230749b99425f6259485cee7 6813b52574b645b1a2545fcf1b239587 - - 88d0a3a50c2f49adb2e36543738ecd34 88d0a3a50c2f49adb2e36543738ecd34] 199.204.45.129 "GET /allocations/43e19237-6b15-4885-81f1-d8fad698caa4" status: 200 len: 258 microversion: 1.28 [pid: 7|app: 0|req: 549/1101] 199.204.45.129 () {34 vars in 863 bytes} [Sat May 9 14:09:04 2026] GET /allocations/43e19237-6b15-4885-81f1-d8fad698caa4 => generated 258 bytes in 27 msecs (HTTP/1.1 200) 8 headers in 296 bytes (1 switches on core 0)
2026-05-09 14:09:06.747 8 INFO placement.requestlog [None req-1ecf7cee-9d2b-4867-9195-ded1a0367f6f 4b3639f97b184cf89a042a55c1280056 6813b52574b645b1a2545fcf1b239587 - - 88d0a3a50c2f49adb2e36543738ecd34 88d0a3a50c2f49adb2e36543738ecd34] 10.0.0.235 "GET /resource_providers/e75296d9-2c4c-4580-ba4f-9d71a7213c71/aggregates" status: 404 len: 235 microversion: 1.1 [pid: 8|app: 0|req: 553/1102] 10.0.0.235 () {32 vars in 816 bytes} [Sat May 9 14:09:06 2026] GET /resource_providers/e75296d9-2c4c-4580-ba4f-9d71a7213c71/aggregates => generated 235 bytes in 14 msecs (HTTP/1.1 404) 5 headers in 202 bytes (1 switches on core 0)
2026-05-09 14:09:06.748 7 INFO placement.requestlog [None req-f109825f-e8bb-4483-b82c-7aa4ef750bee 4b3639f97b184cf89a042a55c1280056 6813b52574b645b1a2545fcf1b239587 - - 88d0a3a50c2f49adb2e36543738ecd34 88d0a3a50c2f49adb2e36543738ecd34] 10.0.0.235 "GET /resource_providers/e75296d9-2c4c-4580-ba4f-9d71a7213c71/aggregates" status: 404 len: 235 microversion: 1.1 [pid: 7|app: 0|req: 550/1103] 10.0.0.235 () {32 vars in 816 bytes} [Sat May 9 14:09:06 2026] GET /resource_providers/e75296d9-2c4c-4580-ba4f-9d71a7213c71/aggregates => generated 235 bytes in 13 msecs (HTTP/1.1 404) 5 headers in 202 bytes (1 switches on core 0)
2026-05-09 14:09:06.767 8 INFO placement.requestlog [None req-34464385-61c2-440c-b5dd-05bd66a3fef0 4b3639f97b184cf89a042a55c1280056 6813b52574b645b1a2545fcf1b239587 - - 88d0a3a50c2f49adb2e36543738ecd34 88d0a3a50c2f49adb2e36543738ecd34] 10.0.0.235 "DELETE /resource_providers/e75296d9-2c4c-4580-ba4f-9d71a7213c71" status: 404 len: 246 microversion: 1.1 [pid: 8|app: 0|req: 554/1104] 10.0.0.235 () {34 vars in 816 bytes} [Sat May 9 14:09:06 2026] DELETE /resource_providers/e75296d9-2c4c-4580-ba4f-9d71a7213c71 => generated 246 bytes in 7 msecs (HTTP/1.1 404) 6 headers in 231 bytes (1 switches on core 0)
2026-05-09 14:09:06.773 7 INFO placement.requestlog [None req-501b3447-3e30-45d7-bb43-efa0a303bf82 4b3639f97b184cf89a042a55c1280056 6813b52574b645b1a2545fcf1b239587 - - 88d0a3a50c2f49adb2e36543738ecd34 88d0a3a50c2f49adb2e36543738ecd34] 10.0.0.235 "DELETE /resource_providers/e75296d9-2c4c-4580-ba4f-9d71a7213c71" status: 404 len: 246 microversion: 1.1 [pid: 7|app: 0|req: 551/1105] 10.0.0.235 () {34 vars in 816 bytes} [Sat May 9 14:09:06 2026] DELETE /resource_providers/e75296d9-2c4c-4580-ba4f-9d71a7213c71 => generated 246 bytes in 12 msecs (HTTP/1.1 404) 6 headers in 231 bytes (1 switches on core 0)
2026-05-09 14:09:08.811 7 INFO placement.requestlog [None req-ffe2b0d0-c9c0-4dfd-a0dd-7b09453c45ff 4b3639f97b184cf89a042a55c1280056 6813b52574b645b1a2545fcf1b239587 - - 88d0a3a50c2f49adb2e36543738ecd34 88d0a3a50c2f49adb2e36543738ecd34] 10.0.0.235 "GET /resource_providers/abd22399-9b3d-47c6-b400-ff767312966b/aggregates" status: 404 len: 235 microversion: 1.1 [pid: 7|app: 0|req: 552/1106] 10.0.0.235 () {32 vars in 816 bytes} [Sat May 9 14:09:08 2026] GET /resource_providers/abd22399-9b3d-47c6-b400-ff767312966b/aggregates => generated 235 bytes in 15 msecs (HTTP/1.1 404) 5 headers in 202 bytes (1 switches on core 0)
2026-05-09 14:09:08.820 8 INFO placement.requestlog [None req-002d668a-aaac-4b22-8136-0d805abfb5dc 4b3639f97b184cf89a042a55c1280056 6813b52574b645b1a2545fcf1b239587 - - 88d0a3a50c2f49adb2e36543738ecd34 88d0a3a50c2f49adb2e36543738ecd34] 10.0.0.235 "GET /resource_providers/abd22399-9b3d-47c6-b400-ff767312966b/aggregates" status: 404 len: 235 microversion: 1.1 [pid: 8|app: 0|req: 555/1107] 10.0.0.235 () {32 vars in 816 bytes} [Sat May 9 14:09:08 2026] GET /resource_providers/abd22399-9b3d-47c6-b400-ff767312966b/aggregates => generated 235 bytes in 32 msecs (HTTP/1.1 404) 5 headers in 202 bytes (1 switches on core 0)
2026-05-09 14:09:08.846 8 INFO placement.requestlog [None req-4bcb09a6-5574-4f34-9cb8-a8f8b4b6a200 4b3639f97b184cf89a042a55c1280056 6813b52574b645b1a2545fcf1b239587 - - 88d0a3a50c2f49adb2e36543738ecd34 88d0a3a50c2f49adb2e36543738ecd34] 10.0.0.235 "DELETE /resource_providers/abd22399-9b3d-47c6-b400-ff767312966b" status: 404 len: 246 microversion: 1.1
2026-05-09 14:09:08.846 7 INFO placement.requestlog [None req-8e2454b1-6ab5-4354-97d6-608b422b6c25 4b3639f97b184cf89a042a55c1280056 6813b52574b645b1a2545fcf1b239587 - - 88d0a3a50c2f49adb2e36543738ecd34 88d0a3a50c2f49adb2e36543738ecd34] 10.0.0.235 "DELETE /resource_providers/abd22399-9b3d-47c6-b400-ff767312966b" status: 404 len: 246 microversion: 1.1 [pid: 8|app: 0|req: 556/1108] 10.0.0.235 () {34 vars in 816 bytes} [Sat May 9 14:09:08 2026] DELETE /resource_providers/abd22399-9b3d-47c6-b400-ff767312966b => generated 246 bytes in 17 msecs (HTTP/1.1 404) 6 headers in 231 bytes (1 switches on core 0) [pid: 7|app: 0|req: 553/1109] 10.0.0.235 () {34 vars in 816 bytes} [Sat May 9 14:09:08 2026] DELETE /resource_providers/abd22399-9b3d-47c6-b400-ff767312966b => generated 246 bytes in 29 msecs (HTTP/1.1 404) 6 headers in 231 bytes (1 switches on core 0)
2026-05-09 14:09:09.954 8 INFO placement.requestlog [None req-4f94af10-1f7c-434c-8a9e-0cf15f6cb58a - - - - - -] 10.0.0.180 "GET /" status: 200 len: 136 microversion: 1.0
2026-05-09 14:09:09.954 7 INFO placement.requestlog [None req-18ba8acb-6992-4479-98e5-4e68410ae493 - - - - - -] 10.0.0.180 "GET /" status: 200 len: 136 microversion: 1.0
2026-05-09 14:09:10.881 8 INFO placement.requestlog [None req-25f27199-8753-4a06-a4e2-4af61966587e 4b3639f97b184cf89a042a55c1280056 6813b52574b645b1a2545fcf1b239587 - - 88d0a3a50c2f49adb2e36543738ecd34 88d0a3a50c2f49adb2e36543738ecd34] 10.0.0.235 "GET /resource_providers/072880de-0e3f-42b5-983f-cb6f385f10b2/aggregates" status: 404 len: 235 microversion: 1.1
