2026-05-18 19:02:20.460 7 INFO cinder.api.openstack.wsgi [None req-477ba3f4-9b61-414c-a4fb-f84bd18a2cd5 6ff5e4a6617445eeb098321c52bebafe f1a8500cf27945799996d986e9e8cb2c - - default default] http://cinder-api.openstack.svc.cluster.local:8776/v3/f1a8500cf27945799996d986e9e8cb2c/os-quota-sets/c8bf2c4092a74e3191c0bc2a77debfe4?usage=true returned with HTTP 200 [pid: 7|app: 0|req: 478/955] 10.0.0.185 () {28 vars in 736 bytes} [Mon May 18 19:02:20 2026] GET /v3/f1a8500cf27945799996d986e9e8cb2c/os-quota-sets/c8bf2c4092a74e3191c0bc2a77debfe4?usage=true => generated 847 bytes in 29 msecs (HTTP/1.1 200) 7 headers in 285 bytes (1 switches on core 0)
2026-05-18 19:02:20.472 8 INFO cinder.api.openstack.wsgi [None req-fcf6a380-b33d-4109-96aa-f70cdbdcff1a 6ff5e4a6617445eeb098321c52bebafe f1a8500cf27945799996d986e9e8cb2c - - default default] GET http://cinder-api.openstack.svc.cluster.local:8776/v3/f1a8500cf27945799996d986e9e8cb2c/os-quota-sets/ccafe571954b47129e92a53ee1a3657e?usage=true
2026-05-18 19:02:20.489 8 INFO cinder.api.openstack.wsgi [None req-fcf6a380-b33d-4109-96aa-f70cdbdcff1a 6ff5e4a6617445eeb098321c52bebafe f1a8500cf27945799996d986e9e8cb2c - - default default] http://cinder-api.openstack.svc.cluster.local:8776/v3/f1a8500cf27945799996d986e9e8cb2c/os-quota-sets/ccafe571954b47129e92a53ee1a3657e?usage=true returned with HTTP 200 [pid: 8|app: 0|req: 478/956] 10.0.0.185 () {28 vars in 736 bytes} [Mon May 18 19:02:20 2026] GET /v3/f1a8500cf27945799996d986e9e8cb2c/os-quota-sets/ccafe571954b47129e92a53ee1a3657e?usage=true => generated 847 bytes in 25 msecs (HTTP/1.1 200) 7 headers in 285 bytes (1 switches on core 0)
2026-05-18 19:02:20.501 7 INFO cinder.api.openstack.wsgi [None req-d79e97b3-f921-4e72-beed-ee9b449507da 6ff5e4a6617445eeb098321c52bebafe f1a8500cf27945799996d986e9e8cb2c - - default default] GET http://cinder-api.openstack.svc.cluster.local:8776/v3/f1a8500cf27945799996d986e9e8cb2c/os-quota-sets/d707460016314be8b5346ceb9cea6e42?usage=true
2026-05-18 19:02:20.522 7 INFO cinder.api.openstack.wsgi [None req-d79e97b3-f921-4e72-beed-ee9b449507da 6ff5e4a6617445eeb098321c52bebafe f1a8500cf27945799996d986e9e8cb2c - - default default] http://cinder-api.openstack.svc.cluster.local:8776/v3/f1a8500cf27945799996d986e9e8cb2c/os-quota-sets/d707460016314be8b5346ceb9cea6e42?usage=true returned with HTTP 200 [pid: 7|app: 0|req: 479/957] 10.0.0.185 () {28 vars in 736 bytes} [Mon May 18 19:02:20 2026] GET /v3/f1a8500cf27945799996d986e9e8cb2c/os-quota-sets/d707460016314be8b5346ceb9cea6e42?usage=true => generated 847 bytes in 29 msecs (HTTP/1.1 200) 7 headers in 285 bytes (1 switches on core 0)
2026-05-18 19:02:20.534 8 INFO cinder.api.openstack.wsgi [None req-fc2ee9db-08f9-444c-b0c3-487bc2c640cb 6ff5e4a6617445eeb098321c52bebafe f1a8500cf27945799996d986e9e8cb2c - - default default] GET http://cinder-api.openstack.svc.cluster.local:8776/v3/f1a8500cf27945799996d986e9e8cb2c/os-quota-sets/f1a8500cf27945799996d986e9e8cb2c?usage=true
2026-05-18 19:02:20.555 8 INFO cinder.api.openstack.wsgi [None req-fc2ee9db-08f9-444c-b0c3-487bc2c640cb 6ff5e4a6617445eeb098321c52bebafe f1a8500cf27945799996d986e9e8cb2c - - default default] http://cinder-api.openstack.svc.cluster.local:8776/v3/f1a8500cf27945799996d986e9e8cb2c/os-quota-sets/f1a8500cf27945799996d986e9e8cb2c?usage=true returned with HTTP 200 [pid: 8|app: 0|req: 479/958] 10.0.0.185 () {28 vars in 736 bytes} [Mon May 18 19:02:20 2026] GET /v3/f1a8500cf27945799996d986e9e8cb2c/os-quota-sets/f1a8500cf27945799996d986e9e8cb2c?usage=true => generated 847 bytes in 29 msecs (HTTP/1.1 200) 7 headers in 285 bytes (1 switches on core 0)
2026-05-18 19:02:20.565 7 INFO cinder.api.openstack.wsgi [None req-eab46b8f-eeab-4b12-8f43-e0b78ce82f19 6ff5e4a6617445eeb098321c52bebafe f1a8500cf27945799996d986e9e8cb2c - - default default] GET http://cinder-api.openstack.svc.cluster.local:8776/v3/f1a8500cf27945799996d986e9e8cb2c/os-quota-sets/fbe19afc0144483d844604f12ee4cb5a?usage=true
2026-05-18 19:02:20.590 7 INFO cinder.api.openstack.wsgi [None req-eab46b8f-eeab-4b12-8f43-e0b78ce82f19 6ff5e4a6617445eeb098321c52bebafe f1a8500cf27945799996d986e9e8cb2c - - default default] http://cinder-api.openstack.svc.cluster.local:8776/v3/f1a8500cf27945799996d986e9e8cb2c/os-quota-sets/fbe19afc0144483d844604f12ee4cb5a?usage=true returned with HTTP 200 [pid: 7|app: 0|req: 480/959] 10.0.0.185 () {28 vars in 736 bytes} [Mon May 18 19:02:20 2026] GET /v3/f1a8500cf27945799996d986e9e8cb2c/os-quota-sets/fbe19afc0144483d844604f12ee4cb5a?usage=true => generated 845 bytes in 32 msecs (HTTP/1.1 200) 7 headers in 285 bytes (1 switches on core 0)
2026-05-18 19:02:20.601 8 INFO cinder.api.openstack.wsgi [None req-72801b3e-dc6d-4e12-9afb-ada5fe92ab77 6ff5e4a6617445eeb098321c52bebafe f1a8500cf27945799996d986e9e8cb2c - - default default] GET http://cinder-api.openstack.svc.cluster.local:8776/v3/f1a8500cf27945799996d986e9e8cb2c/os-quota-sets/fd1dd063d93c489ca5587975f7d016bc?usage=true
2026-05-18 19:02:20.623 8 INFO cinder.api.openstack.wsgi [None req-72801b3e-dc6d-4e12-9afb-ada5fe92ab77 6ff5e4a6617445eeb098321c52bebafe f1a8500cf27945799996d986e9e8cb2c - - default default] http://cinder-api.openstack.svc.cluster.local:8776/v3/f1a8500cf27945799996d986e9e8cb2c/os-quota-sets/fd1dd063d93c489ca5587975f7d016bc?usage=true returned with HTTP 200 [pid: 8|app: 0|req: 480/960] 10.0.0.185 () {28 vars in 736 bytes} [Mon May 18 19:02:20 2026] GET /v3/f1a8500cf27945799996d986e9e8cb2c/os-quota-sets/fd1dd063d93c489ca5587975f7d016bc?usage=true => generated 847 bytes in 28 msecs (HTTP/1.1 200) 7 headers in 285 bytes (1 switches on core 0)
2026-05-18 19:02:20.640 7 INFO cinder.api.openstack.wsgi [None req-1a6d77c1-61ab-4ad6-b45b-309aa3e58318 6ff5e4a6617445eeb098321c52bebafe f1a8500cf27945799996d986e9e8cb2c - - default default] GET http://cinder-api.openstack.svc.cluster.local:8776/v3/f1a8500cf27945799996d986e9e8cb2c/scheduler-stats/get_pools?detail=true
2026-05-18 19:02:21.143 7 INFO cinder.api.openstack.wsgi [None req-1a6d77c1-61ab-4ad6-b45b-309aa3e58318 6ff5e4a6617445eeb098321c52bebafe f1a8500cf27945799996d986e9e8cb2c - - default default] http://cinder-api.openstack.svc.cluster.local:8776/v3/f1a8500cf27945799996d986e9e8cb2c/scheduler-stats/get_pools?detail=true returned with HTTP 200 [pid: 7|app: 0|req: 481/961] 10.0.0.185 () {28 vars in 696 bytes} [Mon May 18 19:02:20 2026] GET /v3/f1a8500cf27945799996d986e9e8cb2c/scheduler-stats/get_pools?detail=true => generated 670 bytes in 513 msecs (HTTP/1.1 200) 7 headers in 285 bytes (1 switches on core 0)
2026-05-18 19:02:21.153 8 INFO cinder.api.openstack.wsgi [None req-092824d9-3b89-4c55-872f-538c54e72bc0 6ff5e4a6617445eeb098321c52bebafe f1a8500cf27945799996d986e9e8cb2c - - default default] GET http://cinder-api.openstack.svc.cluster.local:8776/v3/f1a8500cf27945799996d986e9e8cb2c/os-services
2026-05-18 19:02:21.159 8 INFO cinder.api.openstack.wsgi [None req-092824d9-3b89-4c55-872f-538c54e72bc0 6ff5e4a6617445eeb098321c52bebafe f1a8500cf27945799996d986e9e8cb2c - - default default] http://cinder-api.openstack.svc.cluster.local:8776/v3/f1a8500cf27945799996d986e9e8cb2c/os-services returned with HTTP 200 [pid: 8|app: 0|req: 481/962] 10.0.0.185 () {28 vars in 645 bytes} [Mon May 18 19:02:21 2026] GET /v3/f1a8500cf27945799996d986e9e8cb2c/os-services => generated 646 bytes in 11 msecs (HTTP/1.1 200) 7 headers in 285 bytes (1 switches on core 0)
2026-05-18 19:02:29.382 8 INFO cinder.api.openstack.wsgi [None req-092824d9-3b89-4c55-872f-538c54e72bc0 6ff5e4a6617445eeb098321c52bebafe f1a8500cf27945799996d986e9e8cb2c - - default default] GET http://10.0.0.177:8776/
2026-05-18 19:02:29.382 7 INFO cinder.api.openstack.wsgi [None req-1a6d77c1-61ab-4ad6-b45b-309aa3e58318 6ff5e4a6617445eeb098321c52bebafe f1a8500cf27945799996d986e9e8cb2c - - default default] GET http://10.0.0.177:8776/
2026-05-18 19:02:29.384 8 INFO cinder.api.openstack.wsgi [None req-092824d9-3b89-4c55-872f-538c54e72bc0 6ff5e4a6617445eeb098321c52bebafe f1a8500cf27945799996d986e9e8cb2c - - default default] http://10.0.0.177:8776/ returned with HTTP 300
2026-05-18 19:02:29.384 7 INFO cinder.api.openstack.wsgi [None req-1a6d77c1-61ab-4ad6-b45b-309aa3e58318 6ff5e4a6617445eeb098321c52bebafe f1a8500cf27945799996d986e9e8cb2c - - default default] http://10.0.0.177:8776/ returned with HTTP 300
2026-05-18 19:02:39.382 7 INFO cinder.api.openstack.wsgi [None req-1a6d77c1-61ab-4ad6-b45b-309aa3e58318 6ff5e4a6617445eeb098321c52bebafe f1a8500cf27945799996d986e9e8cb2c - - default default] GET http://10.0.0.177:8776/
2026-05-18 19:02:39.382 8 INFO cinder.api.openstack.wsgi [None req-092824d9-3b89-4c55-872f-538c54e72bc0 6ff5e4a6617445eeb098321c52bebafe f1a8500cf27945799996d986e9e8cb2c - - default default] GET http://10.0.0.177:8776/
2026-05-18 19:02:39.383 7 INFO cinder.api.openstack.wsgi [None req-1a6d77c1-61ab-4ad6-b45b-309aa3e58318 6ff5e4a6617445eeb098321c52bebafe f1a8500cf27945799996d986e9e8cb2c - - default default] http://10.0.0.177:8776/ returned with HTTP 300
2026-05-18 19:02:39.383 8 INFO cinder.api.openstack.wsgi [None req-092824d9-3b89-4c55-872f-538c54e72bc0 6ff5e4a6617445eeb098321c52bebafe f1a8500cf27945799996d986e9e8cb2c - - default default] http://10.0.0.177:8776/ returned with HTTP 300
2026-05-18 19:02:49.393 7 INFO cinder.api.openstack.wsgi [None req-1a6d77c1-61ab-4ad6-b45b-309aa3e58318 6ff5e4a6617445eeb098321c52bebafe f1a8500cf27945799996d986e9e8cb2c - - default default] GET http://10.0.0.177:8776/
2026-05-18 19:02:49.394 8 INFO cinder.api.openstack.wsgi [None req-092824d9-3b89-4c55-872f-538c54e72bc0 6ff5e4a6617445eeb098321c52bebafe f1a8500cf27945799996d986e9e8cb2c - - default default] GET http://10.0.0.177:8776/
2026-05-18 19:02:49.394 7 INFO cinder.api.openstack.wsgi [None req-1a6d77c1-61ab-4ad6-b45b-309aa3e58318 6ff5e4a6617445eeb098321c52bebafe f1a8500cf27945799996d986e9e8cb2c - - default default] http://10.0.0.177:8776/ returned with HTTP 300
2026-05-18 19:02:49.395 8 INFO cinder.api.openstack.wsgi [None req-092824d9-3b89-4c55-872f-538c54e72bc0 6ff5e4a6617445eeb098321c52bebafe f1a8500cf27945799996d986e9e8cb2c - - default default] http://10.0.0.177:8776/ returned with HTTP 300
2026-05-18 19:02:59.382 7 INFO cinder.api.openstack.wsgi [None req-1a6d77c1-61ab-4ad6-b45b-309aa3e58318 6ff5e4a6617445eeb098321c52bebafe f1a8500cf27945799996d986e9e8cb2c - - default default] GET http://10.0.0.177:8776/
2026-05-18 19:02:59.382 8 INFO cinder.api.openstack.wsgi [None req-092824d9-3b89-4c55-872f-538c54e72bc0 6ff5e4a6617445eeb098321c52bebafe f1a8500cf27945799996d986e9e8cb2c - - default default] GET http://10.0.0.177:8776/
2026-05-18 19:02:59.383 7 INFO cinder.api.openstack.wsgi [None req-1a6d77c1-61ab-4ad6-b45b-309aa3e58318 6ff5e4a6617445eeb098321c52bebafe f1a8500cf27945799996d986e9e8cb2c - - default default] http://10.0.0.177:8776/ returned with HTTP 300
2026-05-18 19:02:59.383 8 INFO cinder.api.openstack.wsgi [None req-092824d9-3b89-4c55-872f-538c54e72bc0 6ff5e4a6617445eeb098321c52bebafe f1a8500cf27945799996d986e9e8cb2c - - default default] http://10.0.0.177:8776/ returned with HTTP 300
2026-05-18 19:03:09.382 7 INFO cinder.api.openstack.wsgi [None req-1a6d77c1-61ab-4ad6-b45b-309aa3e58318 6ff5e4a6617445eeb098321c52bebafe f1a8500cf27945799996d986e9e8cb2c - - default default] GET http://10.0.0.177:8776/
2026-05-18 19:03:09.383 7 INFO cinder.api.openstack.wsgi [None req-1a6d77c1-61ab-4ad6-b45b-309aa3e58318 6ff5e4a6617445eeb098321c52bebafe f1a8500cf27945799996d986e9e8cb2c - - default default] http://10.0.0.177:8776/ returned with HTTP 300
2026-05-18 19:03:09.384 8 INFO cinder.api.openstack.wsgi [None req-092824d9-3b89-4c55-872f-538c54e72bc0 6ff5e4a6617445eeb098321c52bebafe f1a8500cf27945799996d986e9e8cb2c - - default default] GET http://10.0.0.177:8776/
2026-05-18 19:03:09.387 8 INFO cinder.api.openstack.wsgi [None req-092824d9-3b89-4c55-872f-538c54e72bc0 6ff5e4a6617445eeb098321c52bebafe f1a8500cf27945799996d986e9e8cb2c - - default default] http://10.0.0.177:8776/ returned with HTTP 300
2026-05-18 19:03:19.382 8 INFO cinder.api.openstack.wsgi [None req-092824d9-3b89-4c55-872f-538c54e72bc0 6ff5e4a6617445eeb098321c52bebafe f1a8500cf27945799996d986e9e8cb2c - - default default] GET http://10.0.0.177:8776/
2026-05-18 19:03:19.382 7 INFO cinder.api.openstack.wsgi [None req-1a6d77c1-61ab-4ad6-b45b-309aa3e58318 6ff5e4a6617445eeb098321c52bebafe f1a8500cf27945799996d986e9e8cb2c - - default default] GET http://10.0.0.177:8776/
2026-05-18 19:03:19.383 8 INFO cinder.api.openstack.wsgi [None req-092824d9-3b89-4c55-872f-538c54e72bc0 6ff5e4a6617445eeb098321c52bebafe f1a8500cf27945799996d986e9e8cb2c - - default default] http://10.0.0.177:8776/ returned with HTTP 300
2026-05-18 19:03:19.384 7 INFO cinder.api.openstack.wsgi [None req-1a6d77c1-61ab-4ad6-b45b-309aa3e58318 6ff5e4a6617445eeb098321c52bebafe f1a8500cf27945799996d986e9e8cb2c - - default default] http://10.0.0.177:8776/ returned with HTTP 300
2026-05-18 19:03:19.936 8 INFO cinder.api.openstack.wsgi [None req-33528af5-2fc5-4add-bb72-20f34a02ff4a 6ff5e4a6617445eeb098321c52bebafe f1a8500cf27945799996d986e9e8cb2c - - default default] GET http://cinder-api.openstack.svc.cluster.local:8776/v3/f1a8500cf27945799996d986e9e8cb2c/volumes/detail?all_tenants=true
2026-05-18 19:03:19.949 8 INFO cinder.volume.api [None req-33528af5-2fc5-4add-bb72-20f34a02ff4a 6ff5e4a6617445eeb098321c52bebafe f1a8500cf27945799996d986e9e8cb2c - - default default] Get all volumes completed successfully. /var/lib/openstack/lib/python3.12/site-packages/oslo_context/context.py:101: DeprecationWarning: Policy enforcement is depending on the value of is_admin. This key is deprecated. Please update your policy file to use the standard policy values. warnings.warn(
2026-05-18 19:03:19.955 8 INFO cinder.api.openstack.wsgi [None req-33528af5-2fc5-4add-bb72-20f34a02ff4a 6ff5e4a6617445eeb098321c52bebafe f1a8500cf27945799996d986e9e8cb2c - - default default] http://cinder-api.openstack.svc.cluster.local:8776/v3/f1a8500cf27945799996d986e9e8cb2c/volumes/detail?all_tenants=true returned with HTTP 200 [pid: 8|app: 0|req: 488/975] 10.0.0.185 () {28 vars in 684 bytes} [Mon May 18 19:03:19 2026] GET /v3/f1a8500cf27945799996d986e9e8cb2c/volumes/detail?all_tenants=true => generated 1790 bytes in 57 msecs (HTTP/1.1 200) 7 headers in 286 bytes (1 switches on core 0)
2026-05-18 19:03:19.969 7 INFO cinder.api.openstack.wsgi [None req-ddc15f0b-3efa-4a2e-9cbf-db69c3cde981 6ff5e4a6617445eeb098321c52bebafe f1a8500cf27945799996d986e9e8cb2c - - default default] GET http://cinder-api.openstack.svc.cluster.local:8776/v3/f1a8500cf27945799996d986e9e8cb2c/scheduler-stats/get_pools?detail=true
2026-05-18 19:03:20.473 7 INFO cinder.api.openstack.wsgi [None req-ddc15f0b-3efa-4a2e-9cbf-db69c3cde981 6ff5e4a6617445eeb098321c52bebafe f1a8500cf27945799996d986e9e8cb2c - - default default] http://cinder-api.openstack.svc.cluster.local:8776/v3/f1a8500cf27945799996d986e9e8cb2c/scheduler-stats/get_pools?detail=true returned with HTTP 200 [pid: 7|app: 0|req: 488/976] 10.0.0.185 () {28 vars in 696 bytes} [Mon May 18 19:03:19 2026] GET /v3/f1a8500cf27945799996d986e9e8cb2c/scheduler-stats/get_pools?detail=true => generated 670 bytes in 514 msecs (HTTP/1.1 200) 7 headers in 285 bytes (1 switches on core 0) /var/lib/openstack/lib/python3.12/site-packages/pycadf/identifier.py:70: UserWarning: Invalid uuid: cinderv3. To ensure interoperability, identifiers should be a valid uuid. warnings.warn(('Invalid uuid: %s. To ensure interoperability, '
2026-05-18 19:03:20.520 8 INFO cinder.api.openstack.wsgi [None req-04f7644c-7ffa-443a-b2be-40730ec70095 6ff5e4a6617445eeb098321c52bebafe f1a8500cf27945799996d986e9e8cb2c - - default default] GET http://cinder-api.openstack.svc.cluster.local:8776/v3/f1a8500cf27945799996d986e9e8cb2c/os-quota-sets/463af2ce71534f4ea39f67bcf3354829?usage=true
2026-05-18 19:03:20.542 8 INFO cinder.api.openstack.wsgi [None req-04f7644c-7ffa-443a-b2be-40730ec70095 6ff5e4a6617445eeb098321c52bebafe f1a8500cf27945799996d986e9e8cb2c - - default default] http://cinder-api.openstack.svc.cluster.local:8776/v3/f1a8500cf27945799996d986e9e8cb2c/os-quota-sets/463af2ce71534f4ea39f67bcf3354829?usage=true returned with HTTP 200 [pid: 8|app: 0|req: 489/977] 10.0.0.185 () {28 vars in 736 bytes} [Mon May 18 19:03:20 2026] GET /v3/f1a8500cf27945799996d986e9e8cb2c/os-quota-sets/463af2ce71534f4ea39f67bcf3354829?usage=true => generated 847 bytes in 29 msecs (HTTP/1.1 200) 7 headers in 285 bytes (1 switches on core 0)
2026-05-18 19:03:20.551 7 INFO cinder.api.openstack.wsgi [None req-a89280d9-6ee9-42c5-b00b-30f0a13cf1be 6ff5e4a6617445eeb098321c52bebafe f1a8500cf27945799996d986e9e8cb2c - - default default] GET http://cinder-api.openstack.svc.cluster.local:8776/v3/f1a8500cf27945799996d986e9e8cb2c/os-quota-sets/643651a51e4d41d99993118afd73a9fe?usage=true
2026-05-18 19:03:20.573 7 INFO cinder.api.openstack.wsgi [None req-a89280d9-6ee9-42c5-b00b-30f0a13cf1be 6ff5e4a6617445eeb098321c52bebafe f1a8500cf27945799996d986e9e8cb2c - - default default] http://cinder-api.openstack.svc.cluster.local:8776/v3/f1a8500cf27945799996d986e9e8cb2c/os-quota-sets/643651a51e4d41d99993118afd73a9fe?usage=true returned with HTTP 200 [pid: 7|app: 0|req: 489/978] 10.0.0.185 () {28 vars in 736 bytes} [Mon May 18 19:03:20 2026] GET /v3/f1a8500cf27945799996d986e9e8cb2c/os-quota-sets/643651a51e4d41d99993118afd73a9fe?usage=true => generated 847 bytes in 27 msecs (HTTP/1.1 200) 7 headers in 285 bytes (1 switches on core 0)
2026-05-18 19:03:20.583 8 INFO cinder.api.openstack.wsgi [None req-d84abd20-ecb1-43d6-a7b2-883e3ee7ee4a 6ff5e4a6617445eeb098321c52bebafe f1a8500cf27945799996d986e9e8cb2c - - default default] GET http://cinder-api.openstack.svc.cluster.local:8776/v3/f1a8500cf27945799996d986e9e8cb2c/os-quota-sets/7a4f56c3fb7943448cbfa6b9d57c44d6?usage=true
2026-05-18 19:03:20.601 8 INFO cinder.api.openstack.wsgi [None req-d84abd20-ecb1-43d6-a7b2-883e3ee7ee4a 6ff5e4a6617445eeb098321c52bebafe f1a8500cf27945799996d986e9e8cb2c - - default default] http://cinder-api.openstack.svc.cluster.local:8776/v3/f1a8500cf27945799996d986e9e8cb2c/os-quota-sets/7a4f56c3fb7943448cbfa6b9d57c44d6?usage=true returned with HTTP 200 [pid: 8|app: 0|req: 490/979] 10.0.0.185 () {28 vars in 736 bytes} [Mon May 18 19:03:20 2026] GET /v3/f1a8500cf27945799996d986e9e8cb2c/os-quota-sets/7a4f56c3fb7943448cbfa6b9d57c44d6?usage=true => generated 847 bytes in 25 msecs (HTTP/1.1 200) 7 headers in 285 bytes (1 switches on core 0)
2026-05-18 19:03:20.616 7 INFO cinder.api.openstack.wsgi [None req-72c4e180-41e9-45e8-b038-0ac487ed840f 6ff5e4a6617445eeb098321c52bebafe f1a8500cf27945799996d986e9e8cb2c - - default default] GET http://cinder-api.openstack.svc.cluster.local:8776/v3/f1a8500cf27945799996d986e9e8cb2c/os-quota-sets/819822abde4440929063d3e5e9ef38b9?usage=true
2026-05-18 19:03:20.639 7 INFO cinder.api.openstack.wsgi [None req-72c4e180-41e9-45e8-b038-0ac487ed840f 6ff5e4a6617445eeb098321c52bebafe f1a8500cf27945799996d986e9e8cb2c - - default default] http://cinder-api.openstack.svc.cluster.local:8776/v3/f1a8500cf27945799996d986e9e8cb2c/os-quota-sets/819822abde4440929063d3e5e9ef38b9?usage=true returned with HTTP 200 [pid: 7|app: 0|req: 490/980] 10.0.0.185 () {28 vars in 736 bytes} [Mon May 18 19:03:20 2026] GET /v3/f1a8500cf27945799996d986e9e8cb2c/os-quota-sets/819822abde4440929063d3e5e9ef38b9?usage=true => generated 847 bytes in 31 msecs (HTTP/1.1 200) 7 headers in 285 bytes (1 switches on core 0)
2026-05-18 19:03:20.649 8 INFO cinder.api.openstack.wsgi [None req-0334e886-abce-43a3-9cb1-32d74e86cfce 6ff5e4a6617445eeb098321c52bebafe f1a8500cf27945799996d986e9e8cb2c - - default default] GET http://cinder-api.openstack.svc.cluster.local:8776/v3/f1a8500cf27945799996d986e9e8cb2c/os-quota-sets/b2f75cd10ca7447781257323de35b5b5?usage=true
2026-05-18 19:03:20.669 8 INFO cinder.api.openstack.wsgi [None req-0334e886-abce-43a3-9cb1-32d74e86cfce 6ff5e4a6617445eeb098321c52bebafe f1a8500cf27945799996d986e9e8cb2c - - default default] http://cinder-api.openstack.svc.cluster.local:8776/v3/f1a8500cf27945799996d986e9e8cb2c/os-quota-sets/b2f75cd10ca7447781257323de35b5b5?usage=true returned with HTTP 200 [pid: 8|app: 0|req: 491/981] 10.0.0.185 () {28 vars in 736 bytes} [Mon May 18 19:03:20 2026] GET /v3/f1a8500cf27945799996d986e9e8cb2c/os-quota-sets/b2f75cd10ca7447781257323de35b5b5?usage=true => generated 847 bytes in 26 msecs (HTTP/1.1 200) 7 headers in 285 bytes (1 switches on core 0)
2026-05-18 19:03:20.683 7 INFO cinder.api.openstack.wsgi [None req-1c604ad6-840c-4de6-9f13-7e1a4ca35e6a 6ff5e4a6617445eeb098321c52bebafe f1a8500cf27945799996d986e9e8cb2c - - default default] GET http://cinder-api.openstack.svc.cluster.local:8776/v3/f1a8500cf27945799996d986e9e8cb2c/os-quota-sets/c8bf2c4092a74e3191c0bc2a77debfe4?usage=true
2026-05-18 19:03:20.702 7 INFO cinder.api.openstack.wsgi [None req-1c604ad6-840c-4de6-9f13-7e1a4ca35e6a 6ff5e4a6617445eeb098321c52bebafe f1a8500cf27945799996d986e9e8cb2c - - default default] http://cinder-api.openstack.svc.cluster.local:8776/v3/f1a8500cf27945799996d986e9e8cb2c/os-quota-sets/c8bf2c4092a74e3191c0bc2a77debfe4?usage=true returned with HTTP 200 [pid: 7|app: 0|req: 491/982] 10.0.0.185 () {28 vars in 736 bytes} [Mon May 18 19:03:20 2026] GET /v3/f1a8500cf27945799996d986e9e8cb2c/os-quota-sets/c8bf2c4092a74e3191c0bc2a77debfe4?usage=true => generated 847 bytes in 29 msecs (HTTP/1.1 200) 7 headers in 285 bytes (1 switches on core 0)
2026-05-18 19:03:20.711 8 INFO cinder.api.openstack.wsgi [None req-d2984646-dcda-4781-9bdb-900239753c92 6ff5e4a6617445eeb098321c52bebafe f1a8500cf27945799996d986e9e8cb2c - - default default] GET http://cinder-api.openstack.svc.cluster.local:8776/v3/f1a8500cf27945799996d986e9e8cb2c/os-quota-sets/ccafe571954b47129e92a53ee1a3657e?usage=true
2026-05-18 19:03:20.736 8 INFO cinder.api.openstack.wsgi [None req-d2984646-dcda-4781-9bdb-900239753c92 6ff5e4a6617445eeb098321c52bebafe f1a8500cf27945799996d986e9e8cb2c - - default default] http://cinder-api.openstack.svc.cluster.local:8776/v3/f1a8500cf27945799996d986e9e8cb2c/os-quota-sets/ccafe571954b47129e92a53ee1a3657e?usage=true returned with HTTP 200 [pid: 8|app: 0|req: 492/983] 10.0.0.185 () {28 vars in 736 bytes} [Mon May 18 19:03:20 2026] GET /v3/f1a8500cf27945799996d986e9e8cb2c/os-quota-sets/ccafe571954b47129e92a53ee1a3657e?usage=true => generated 847 bytes in 31 msecs (HTTP/1.1 200) 7 headers in 285 bytes (1 switches on core 0)
2026-05-18 19:03:20.749 7 INFO cinder.api.openstack.wsgi [None req-83dfa28a-b7b9-4954-841d-3050ca6b7684 6ff5e4a6617445eeb098321c52bebafe f1a8500cf27945799996d986e9e8cb2c - - default default] GET http://cinder-api.openstack.svc.cluster.local:8776/v3/f1a8500cf27945799996d986e9e8cb2c/os-quota-sets/d707460016314be8b5346ceb9cea6e42?usage=true
2026-05-18 19:03:20.767 7 INFO cinder.api.openstack.wsgi [None req-83dfa28a-b7b9-4954-841d-3050ca6b7684 6ff5e4a6617445eeb098321c52bebafe f1a8500cf27945799996d986e9e8cb2c - - default default] http://cinder-api.openstack.svc.cluster.local:8776/v3/f1a8500cf27945799996d986e9e8cb2c/os-quota-sets/d707460016314be8b5346ceb9cea6e42?usage=true returned with HTTP 200 [pid: 7|app: 0|req: 492/984] 10.0.0.185 () {28 vars in 736 bytes} [Mon May 18 19:03:20 2026] GET /v3/f1a8500cf27945799996d986e9e8cb2c/os-quota-sets/d707460016314be8b5346ceb9cea6e42?usage=true => generated 847 bytes in 27 msecs (HTTP/1.1 200) 7 headers in 285 bytes (1 switches on core 0)
2026-05-18 19:03:20.779 8 INFO cinder.api.openstack.wsgi [None req-dec03e4c-4fa9-42a8-9174-304006eb1f69 6ff5e4a6617445eeb098321c52bebafe f1a8500cf27945799996d986e9e8cb2c - - default default] GET http://cinder-api.openstack.svc.cluster.local:8776/v3/f1a8500cf27945799996d986e9e8cb2c/os-quota-sets/f1a8500cf27945799996d986e9e8cb2c?usage=true
2026-05-18 19:03:20.799 8 INFO cinder.api.openstack.wsgi [None req-dec03e4c-4fa9-42a8-9174-304006eb1f69 6ff5e4a6617445eeb098321c52bebafe f1a8500cf27945799996d986e9e8cb2c - - default default] http://cinder-api.openstack.svc.cluster.local:8776/v3/f1a8500cf27945799996d986e9e8cb2c/os-quota-sets/f1a8500cf27945799996d986e9e8cb2c?usage=true returned with HTTP 200 [pid: 8|app: 0|req: 493/985] 10.0.0.185 () {28 vars in 736 bytes} [Mon May 18 19:03:20 2026] GET /v3/f1a8500cf27945799996d986e9e8cb2c/os-quota-sets/f1a8500cf27945799996d986e9e8cb2c?usage=true => generated 847 bytes in 29 msecs (HTTP/1.1 200) 7 headers in 285 bytes (1 switches on core 0)
2026-05-18 19:03:20.811 7 INFO cinder.api.openstack.wsgi [None req-369c6ff3-cad1-487f-b9b1-4fb71d8ddffd 6ff5e4a6617445eeb098321c52bebafe f1a8500cf27945799996d986e9e8cb2c - - default default] GET http://cinder-api.openstack.svc.cluster.local:8776/v3/f1a8500cf27945799996d986e9e8cb2c/os-quota-sets/fbe19afc0144483d844604f12ee4cb5a?usage=true
2026-05-18 19:03:20.831 7 INFO cinder.api.openstack.wsgi [None req-369c6ff3-cad1-487f-b9b1-4fb71d8ddffd 6ff5e4a6617445eeb098321c52bebafe f1a8500cf27945799996d986e9e8cb2c - - default default] http://cinder-api.openstack.svc.cluster.local:8776/v3/f1a8500cf27945799996d986e9e8cb2c/os-quota-sets/fbe19afc0144483d844604f12ee4cb5a?usage=true returned with HTTP 200 [pid: 7|app: 0|req: 493/986] 10.0.0.185 () {28 vars in 736 bytes} [Mon May 18 19:03:20 2026] GET /v3/f1a8500cf27945799996d986e9e8cb2c/os-quota-sets/fbe19afc0144483d844604f12ee4cb5a?usage=true => generated 845 bytes in 28 msecs (HTTP/1.1 200) 7 headers in 285 bytes (1 switches on core 0)
2026-05-18 19:03:20.842 8 INFO cinder.api.openstack.wsgi [None req-e52bd312-81b3-49c6-b47f-c9aa27fa75b4 6ff5e4a6617445eeb098321c52bebafe f1a8500cf27945799996d986e9e8cb2c - - default default] GET http://cinder-api.openstack.svc.cluster.local:8776/v3/f1a8500cf27945799996d986e9e8cb2c/os-quota-sets/fd1dd063d93c489ca5587975f7d016bc?usage=true
2026-05-18 19:03:20.861 8 INFO cinder.api.openstack.wsgi [None req-e52bd312-81b3-49c6-b47f-c9aa27fa75b4 6ff5e4a6617445eeb098321c52bebafe f1a8500cf27945799996d986e9e8cb2c - - default default] http://cinder-api.openstack.svc.cluster.local:8776/v3/f1a8500cf27945799996d986e9e8cb2c/os-quota-sets/fd1dd063d93c489ca5587975f7d016bc?usage=true returned with HTTP 200 [pid: 8|app: 0|req: 494/987] 10.0.0.185 () {28 vars in 736 bytes} [Mon May 18 19:03:20 2026] GET /v3/f1a8500cf27945799996d986e9e8cb2c/os-quota-sets/fd1dd063d93c489ca5587975f7d016bc?usage=true => generated 847 bytes in 26 msecs (HTTP/1.1 200) 7 headers in 285 bytes (1 switches on core 0)
2026-05-18 19:03:20.872 7 INFO cinder.api.openstack.wsgi [None req-21fde57e-f9d4-4d64-a5c7-1f2c12ef1f24 6ff5e4a6617445eeb098321c52bebafe f1a8500cf27945799996d986e9e8cb2c - - default default] GET http://cinder-api.openstack.svc.cluster.local:8776/v3/f1a8500cf27945799996d986e9e8cb2c/snapshots?all_tenants=true
2026-05-18 19:03:20.879 7 INFO cinder.volume.api [None req-21fde57e-f9d4-4d64-a5c7-1f2c12ef1f24 6ff5e4a6617445eeb098321c52bebafe f1a8500cf27945799996d986e9e8cb2c - - default default] Get all snapshots completed successfully.
2026-05-18 19:03:20.879 7 INFO cinder.api.openstack.wsgi [None req-21fde57e-f9d4-4d64-a5c7-1f2c12ef1f24 6ff5e4a6617445eeb098321c52bebafe f1a8500cf27945799996d986e9e8cb2c - - default default] http://cinder-api.openstack.svc.cluster.local:8776/v3/f1a8500cf27945799996d986e9e8cb2c/snapshots?all_tenants=true returned with HTTP 200 [pid: 7|app: 0|req: 494/988] 10.0.0.185 () {28 vars in 674 bytes} [Mon May 18 19:03:20 2026] GET /v3/f1a8500cf27945799996d986e9e8cb2c/snapshots?all_tenants=true => generated 17 bytes in 14 msecs (HTTP/1.1 200) 7 headers in 284 bytes (1 switches on core 0)
2026-05-18 19:03:20.891 8 INFO cinder.api.openstack.wsgi [None req-06f28811-a467-48fb-bd63-b8d8ba94f26e 6ff5e4a6617445eeb098321c52bebafe f1a8500cf27945799996d986e9e8cb2c - - default default] GET http://cinder-api.openstack.svc.cluster.local:8776/v3/f1a8500cf27945799996d986e9e8cb2c/os-services
2026-05-18 19:03:20.899 8 INFO cinder.api.openstack.wsgi [None req-06f28811-a467-48fb-bd63-b8d8ba94f26e 6ff5e4a6617445eeb098321c52bebafe f1a8500cf27945799996d986e9e8cb2c - - default default] http://cinder-api.openstack.svc.cluster.local:8776/v3/f1a8500cf27945799996d986e9e8cb2c/os-services returned with HTTP 200 [pid: 8|app: 0|req: 495/989] 10.0.0.185 () {28 vars in 645 bytes} [Mon May 18 19:03:20 2026] GET /v3/f1a8500cf27945799996d986e9e8cb2c/os-services => generated 646 bytes in 15 msecs (HTTP/1.1 200) 7 headers in 285 bytes (1 switches on core 0)
2026-05-18 19:03:20.908 7 INFO cinder.api.openstack.wsgi [None req-f1eae133-82e9-431c-b5a1-8f805a1943c0 6ff5e4a6617445eeb098321c52bebafe f1a8500cf27945799996d986e9e8cb2c - - default default] GET http://cinder-api.openstack.svc.cluster.local:8776/v3/f1a8500cf27945799996d986e9e8cb2c/volumes/detail?all_tenants=true
2026-05-18 19:03:20.921 7 INFO cinder.volume.api [None req-f1eae133-82e9-431c-b5a1-8f805a1943c0 6ff5e4a6617445eeb098321c52bebafe f1a8500cf27945799996d986e9e8cb2c - - default default] Get all volumes completed successfully. /var/lib/openstack/lib/python3.12/site-packages/oslo_context/context.py:101: DeprecationWarning: Policy enforcement is depending on the value of is_admin. This key is deprecated. Please update your policy file to use the standard policy values. warnings.warn(
2026-05-18 19:03:20.927 7 INFO cinder.api.openstack.wsgi [None req-f1eae133-82e9-431c-b5a1-8f805a1943c0 6ff5e4a6617445eeb098321c52bebafe f1a8500cf27945799996d986e9e8cb2c - - default default] http://cinder-api.openstack.svc.cluster.local:8776/v3/f1a8500cf27945799996d986e9e8cb2c/volumes/detail?all_tenants=true returned with HTTP 200 [pid: 7|app: 0|req: 495/990] 10.0.0.185 () {28 vars in 684 bytes} [Mon May 18 19:03:20 2026] GET /v3/f1a8500cf27945799996d986e9e8cb2c/volumes/detail?all_tenants=true => generated 1790 bytes in 26 msecs (HTTP/1.1 200) 7 headers in 286 bytes (1 switches on core 0)
2026-05-18 19:03:29.382 7 INFO cinder.api.openstack.wsgi [None req-f1eae133-82e9-431c-b5a1-8f805a1943c0 6ff5e4a6617445eeb098321c52bebafe f1a8500cf27945799996d986e9e8cb2c - - default default] GET http://10.0.0.177:8776/
2026-05-18 19:03:29.382 8 INFO cinder.api.openstack.wsgi [None req-06f28811-a467-48fb-bd63-b8d8ba94f26e 6ff5e4a6617445eeb098321c52bebafe f1a8500cf27945799996d986e9e8cb2c - - default default] GET http://10.0.0.177:8776/
2026-05-18 19:03:29.383 7 INFO cinder.api.openstack.wsgi [None req-f1eae133-82e9-431c-b5a1-8f805a1943c0 6ff5e4a6617445eeb098321c52bebafe f1a8500cf27945799996d986e9e8cb2c - - default default] http://10.0.0.177:8776/ returned with HTTP 300
2026-05-18 19:03:29.384 8 INFO cinder.api.openstack.wsgi [None req-06f28811-a467-48fb-bd63-b8d8ba94f26e 6ff5e4a6617445eeb098321c52bebafe f1a8500cf27945799996d986e9e8cb2c - - default default] http://10.0.0.177:8776/ returned with HTTP 300 /var/lib/openstack/lib/python3.12/site-packages/pycadf/identifier.py:70: UserWarning: Invalid uuid: cinderv3. To ensure interoperability, identifiers should be a valid uuid. warnings.warn(('Invalid uuid: %s. To ensure interoperability, '
2026-05-18 19:03:38.323 7 INFO cinder.api.openstack.wsgi [req-e5bb50fe-0fe7-4c67-b8f2-608320e2976e req-cd998539-9539-47e6-9cb4-a1bd527baad2 6ff5e4a6617445eeb098321c52bebafe f1a8500cf27945799996d986e9e8cb2c - - default default] DELETE http://cinder-api.openstack.svc.cluster.local:8776/v3/f1a8500cf27945799996d986e9e8cb2c/attachments/193e6e80-13e1-415d-a4a5-0b184f41859a /var/lib/openstack/lib/python3.12/site-packages/oslo_context/context.py:101: DeprecationWarning: Policy enforcement is depending on the value of is_admin. This key is deprecated. Please update your policy file to use the standard policy values. warnings.warn(
2026-05-18 19:03:38.871 7 INFO cinder.api.openstack.wsgi [req-e5bb50fe-0fe7-4c67-b8f2-608320e2976e req-cd998539-9539-47e6-9cb4-a1bd527baad2 6ff5e4a6617445eeb098321c52bebafe f1a8500cf27945799996d986e9e8cb2c - - default default] http://cinder-api.openstack.svc.cluster.local:8776/v3/f1a8500cf27945799996d986e9e8cb2c/attachments/193e6e80-13e1-415d-a4a5-0b184f41859a returned with HTTP 200 [pid: 7|app: 0|req: 497/993] 199.19.213.156 () {38 vars in 1103 bytes} [Mon May 18 19:03:38 2026] DELETE /v3/f1a8500cf27945799996d986e9e8cb2c/attachments/193e6e80-13e1-415d-a4a5-0b184f41859a => generated 19 bytes in 556 msecs (HTTP/1.1 200) 7 headers in 285 bytes (1 switches on core 0)
2026-05-18 19:03:38.885 8 INFO cinder.api.openstack.wsgi [req-e5bb50fe-0fe7-4c67-b8f2-608320e2976e req-f11aa653-9dce-4fa0-827d-ed2099905c96 6ff5e4a6617445eeb098321c52bebafe f1a8500cf27945799996d986e9e8cb2c - - default default] DELETE http://cinder-api.openstack.svc.cluster.local:8776/v3/f1a8500cf27945799996d986e9e8cb2c/volumes/2d11ae9c-5ba4-49ec-a9c6-8e417102b128
2026-05-18 19:03:38.885 8 INFO cinder.api.v3.volumes [req-e5bb50fe-0fe7-4c67-b8f2-608320e2976e req-f11aa653-9dce-4fa0-827d-ed2099905c96 6ff5e4a6617445eeb098321c52bebafe f1a8500cf27945799996d986e9e8cb2c - - default default] Delete volume with id: 2d11ae9c-5ba4-49ec-a9c6-8e417102b128 /var/lib/openstack/lib/python3.12/site-packages/oslo_context/context.py:101: DeprecationWarning: Policy enforcement is depending on the value of is_admin. This key is deprecated. Please update your policy file to use the standard policy values. warnings.warn(
2026-05-18 19:03:38.896 8 INFO cinder.volume.api [req-e5bb50fe-0fe7-4c67-b8f2-608320e2976e req-f11aa653-9dce-4fa0-827d-ed2099905c96 6ff5e4a6617445eeb098321c52bebafe f1a8500cf27945799996d986e9e8cb2c - - default default] Volume info retrieved successfully.
2026-05-18 19:03:38.916 8 INFO cinder.volume.api [req-e5bb50fe-0fe7-4c67-b8f2-608320e2976e req-f11aa653-9dce-4fa0-827d-ed2099905c96 6ff5e4a6617445eeb098321c52bebafe f1a8500cf27945799996d986e9e8cb2c - - default default] Delete volume request issued successfully.
2026-05-18 19:03:38.917 8 INFO cinder.api.openstack.wsgi [req-e5bb50fe-0fe7-4c67-b8f2-608320e2976e req-f11aa653-9dce-4fa0-827d-ed2099905c96 6ff5e4a6617445eeb098321c52bebafe f1a8500cf27945799996d986e9e8cb2c - - default default] http://cinder-api.openstack.svc.cluster.local:8776/v3/f1a8500cf27945799996d986e9e8cb2c/volumes/2d11ae9c-5ba4-49ec-a9c6-8e417102b128 returned with HTTP 202 [pid: 8|app: 0|req: 497/994] 199.19.213.156 () {36 vars in 1054 bytes} [Mon May 18 19:03:38 2026] DELETE /v3/f1a8500cf27945799996d986e9e8cb2c/volumes/2d11ae9c-5ba4-49ec-a9c6-8e417102b128 => generated 0 bytes in 39 msecs (HTTP/1.1 202) 6 headers in 233 bytes (1 switches on core 0)
2026-05-18 19:03:39.382 8 INFO cinder.api.openstack.wsgi [req-e5bb50fe-0fe7-4c67-b8f2-608320e2976e req-f11aa653-9dce-4fa0-827d-ed2099905c96 6ff5e4a6617445eeb098321c52bebafe f1a8500cf27945799996d986e9e8cb2c - - default default] GET http://10.0.0.177:8776/
2026-05-18 19:03:39.382 7 INFO cinder.api.openstack.wsgi [req-e5bb50fe-0fe7-4c67-b8f2-608320e2976e req-cd998539-9539-47e6-9cb4-a1bd527baad2 6ff5e4a6617445eeb098321c52bebafe f1a8500cf27945799996d986e9e8cb2c - - default default] GET http://10.0.0.177:8776/
2026-05-18 19:03:39.383 8 INFO cinder.api.openstack.wsgi [req-e5bb50fe-0fe7-4c67-b8f2-608320e2976e req-f11aa653-9dce-4fa0-827d-ed2099905c96 6ff5e4a6617445eeb098321c52bebafe f1a8500cf27945799996d986e9e8cb2c - - default default] http://10.0.0.177:8776/ returned with HTTP 300
2026-05-18 19:03:39.383 7 INFO cinder.api.openstack.wsgi [req-e5bb50fe-0fe7-4c67-b8f2-608320e2976e req-cd998539-9539-47e6-9cb4-a1bd527baad2 6ff5e4a6617445eeb098321c52bebafe f1a8500cf27945799996d986e9e8cb2c - - default default] http://10.0.0.177:8776/ returned with HTTP 300
2026-05-18 19:03:49.382 8 INFO cinder.api.openstack.wsgi [req-e5bb50fe-0fe7-4c67-b8f2-608320e2976e req-f11aa653-9dce-4fa0-827d-ed2099905c96 6ff5e4a6617445eeb098321c52bebafe f1a8500cf27945799996d986e9e8cb2c - - default default] GET http://10.0.0.177:8776/
2026-05-18 19:03:49.382 7 INFO cinder.api.openstack.wsgi [req-e5bb50fe-0fe7-4c67-b8f2-608320e2976e req-cd998539-9539-47e6-9cb4-a1bd527baad2 6ff5e4a6617445eeb098321c52bebafe f1a8500cf27945799996d986e9e8cb2c - - default default] GET http://10.0.0.177:8776/
2026-05-18 19:03:49.383 8 INFO cinder.api.openstack.wsgi [req-e5bb50fe-0fe7-4c67-b8f2-608320e2976e req-f11aa653-9dce-4fa0-827d-ed2099905c96 6ff5e4a6617445eeb098321c52bebafe f1a8500cf27945799996d986e9e8cb2c - - default default] http://10.0.0.177:8776/ returned with HTTP 300
2026-05-18 19:03:49.384 7 INFO cinder.api.openstack.wsgi [req-e5bb50fe-0fe7-4c67-b8f2-608320e2976e req-cd998539-9539-47e6-9cb4-a1bd527baad2 6ff5e4a6617445eeb098321c52bebafe f1a8500cf27945799996d986e9e8cb2c - - default default] http://10.0.0.177:8776/ returned with HTTP 300
2026-05-18 19:03:59.382 7 INFO cinder.api.openstack.wsgi [req-e5bb50fe-0fe7-4c67-b8f2-608320e2976e req-cd998539-9539-47e6-9cb4-a1bd527baad2 6ff5e4a6617445eeb098321c52bebafe f1a8500cf27945799996d986e9e8cb2c - - default default] GET http://10.0.0.177:8776/
2026-05-18 19:03:59.382 8 INFO cinder.api.openstack.wsgi [req-e5bb50fe-0fe7-4c67-b8f2-608320e2976e req-f11aa653-9dce-4fa0-827d-ed2099905c96 6ff5e4a6617445eeb098321c52bebafe f1a8500cf27945799996d986e9e8cb2c - - default default] GET http://10.0.0.177:8776/
2026-05-18 19:03:59.383 7 INFO cinder.api.openstack.wsgi [req-e5bb50fe-0fe7-4c67-b8f2-608320e2976e req-cd998539-9539-47e6-9cb4-a1bd527baad2 6ff5e4a6617445eeb098321c52bebafe f1a8500cf27945799996d986e9e8cb2c - - default default] http://10.0.0.177:8776/ returned with HTTP 300
2026-05-18 19:03:59.383 8 INFO cinder.api.openstack.wsgi [req-e5bb50fe-0fe7-4c67-b8f2-608320e2976e req-f11aa653-9dce-4fa0-827d-ed2099905c96 6ff5e4a6617445eeb098321c52bebafe f1a8500cf27945799996d986e9e8cb2c - - default default] http://10.0.0.177:8776/ returned with HTTP 300
2026-05-18 19:04:09.382 7 INFO cinder.api.openstack.wsgi [req-e5bb50fe-0fe7-4c67-b8f2-608320e2976e req-cd998539-9539-47e6-9cb4-a1bd527baad2 6ff5e4a6617445eeb098321c52bebafe f1a8500cf27945799996d986e9e8cb2c - - default default] GET http://10.0.0.177:8776/
2026-05-18 19:04:09.383 7 INFO cinder.api.openstack.wsgi [req-e5bb50fe-0fe7-4c67-b8f2-608320e2976e req-cd998539-9539-47e6-9cb4-a1bd527baad2 6ff5e4a6617445eeb098321c52bebafe f1a8500cf27945799996d986e9e8cb2c - - default default] http://10.0.0.177:8776/ returned with HTTP 300
2026-05-18 19:04:09.382 8 INFO cinder.api.openstack.wsgi [req-e5bb50fe-0fe7-4c67-b8f2-608320e2976e req-f11aa653-9dce-4fa0-827d-ed2099905c96 6ff5e4a6617445eeb098321c52bebafe f1a8500cf27945799996d986e9e8cb2c - - default default] GET http://10.0.0.177:8776/
2026-05-18 19:04:09.384 8 INFO cinder.api.openstack.wsgi [req-e5bb50fe-0fe7-4c67-b8f2-608320e2976e req-f11aa653-9dce-4fa0-827d-ed2099905c96 6ff5e4a6617445eeb098321c52bebafe f1a8500cf27945799996d986e9e8cb2c - - default default] http://10.0.0.177:8776/ returned with HTTP 300 /var/lib/openstack/lib/python3.12/site-packages/pycadf/identifier.py:70: UserWarning: Invalid uuid: cinderv3. To ensure interoperability, identifiers should be a valid uuid. warnings.warn(('Invalid uuid: %s. To ensure interoperability, '
2026-05-18 19:04:16.496 7 INFO cinder.api.openstack.wsgi [None req-5f8338f8-02a5-4ece-a3a2-7c34e432379b 6ff5e4a6617445eeb098321c52bebafe f1a8500cf27945799996d986e9e8cb2c - - default default] GET http://cinder-api.openstack.svc.cluster.local:8776/v3/f1a8500cf27945799996d986e9e8cb2c/snapshots /var/lib/openstack/lib/python3.12/site-packages/oslo_context/context.py:101: DeprecationWarning: Policy enforcement is depending on the value of is_admin. This key is deprecated. Please update your policy file to use the standard policy values. warnings.warn(
2026-05-18 19:04:16.504 7 INFO cinder.volume.api [None req-5f8338f8-02a5-4ece-a3a2-7c34e432379b 6ff5e4a6617445eeb098321c52bebafe f1a8500cf27945799996d986e9e8cb2c - - default default] Get all snapshots completed successfully.
2026-05-18 19:04:16.504 7 INFO cinder.api.openstack.wsgi [None req-5f8338f8-02a5-4ece-a3a2-7c34e432379b 6ff5e4a6617445eeb098321c52bebafe f1a8500cf27945799996d986e9e8cb2c - - default default] http://cinder-api.openstack.svc.cluster.local:8776/v3/f1a8500cf27945799996d986e9e8cb2c/snapshots returned with HTTP 200 [pid: 7|app: 0|req: 502/1003] 10.0.0.68 () {32 vars in 704 bytes} [Mon May 18 19:04:16 2026] GET /v3/f1a8500cf27945799996d986e9e8cb2c/snapshots => generated 17 bytes in 14 msecs (HTTP/1.1 200) 7 headers in 284 bytes (1 switches on core 0) /var/lib/openstack/lib/python3.12/site-packages/pycadf/identifier.py:70: UserWarning: Invalid uuid: cinderv3. To ensure interoperability, identifiers should be a valid uuid. warnings.warn(('Invalid uuid: %s. To ensure interoperability, '
2026-05-18 19:04:16.518 8 INFO cinder.api.openstack.wsgi [None req-f8cd70b1-efeb-47e8-92ea-92505c71f108 6ff5e4a6617445eeb098321c52bebafe f1a8500cf27945799996d986e9e8cb2c - - default default] GET http://cinder-api.openstack.svc.cluster.local:8776/v3/f1a8500cf27945799996d986e9e8cb2c/volumes
2026-05-18 19:04:16.527 8 INFO cinder.volume.api [None req-f8cd70b1-efeb-47e8-92ea-92505c71f108 6ff5e4a6617445eeb098321c52bebafe f1a8500cf27945799996d986e9e8cb2c - - default default] Get all volumes completed successfully.
2026-05-18 19:04:16.528 8 INFO cinder.api.openstack.wsgi [None req-f8cd70b1-efeb-47e8-92ea-92505c71f108 6ff5e4a6617445eeb098321c52bebafe f1a8500cf27945799996d986e9e8cb2c - - default default] http://cinder-api.openstack.svc.cluster.local:8776/v3/f1a8500cf27945799996d986e9e8cb2c/volumes returned with HTTP 200 [pid: 8|app: 0|req: 502/1004] 10.0.0.68 () {32 vars in 700 bytes} [Mon May 18 19:04:16 2026] GET /v3/f1a8500cf27945799996d986e9e8cb2c/volumes => generated 15 bytes in 17 msecs (HTTP/1.1 200) 7 headers in 284 bytes (1 switches on core 0)
2026-05-18 19:04:19.382 7 INFO cinder.api.openstack.wsgi [None req-5f8338f8-02a5-4ece-a3a2-7c34e432379b 6ff5e4a6617445eeb098321c52bebafe f1a8500cf27945799996d986e9e8cb2c - - default default] GET http://10.0.0.177:8776/
2026-05-18 19:04:19.382 7 INFO cinder.api.openstack.wsgi [None req-5f8338f8-02a5-4ece-a3a2-7c34e432379b 6ff5e4a6617445eeb098321c52bebafe f1a8500cf27945799996d986e9e8cb2c - - default default] http://10.0.0.177:8776/ returned with HTTP 300
2026-05-18 19:04:19.397 8 INFO cinder.api.openstack.wsgi [None req-f8cd70b1-efeb-47e8-92ea-92505c71f108 6ff5e4a6617445eeb098321c52bebafe f1a8500cf27945799996d986e9e8cb2c - - default default] GET http://10.0.0.177:8776/
2026-05-18 19:04:19.399 8 INFO cinder.api.openstack.wsgi [None req-f8cd70b1-efeb-47e8-92ea-92505c71f108 6ff5e4a6617445eeb098321c52bebafe f1a8500cf27945799996d986e9e8cb2c - - default default] http://10.0.0.177:8776/ returned with HTTP 300
2026-05-18 19:04:19.991 7 INFO cinder.api.openstack.wsgi [None req-523ec1d7-f559-4288-a8a7-9fb64e645e0e 6ff5e4a6617445eeb098321c52bebafe f1a8500cf27945799996d986e9e8cb2c - - default default] GET http://cinder-api.openstack.svc.cluster.local:8776/v3/f1a8500cf27945799996d986e9e8cb2c/snapshots?all_tenants=true
2026-05-18 19:04:19.996 7 INFO cinder.volume.api [None req-523ec1d7-f559-4288-a8a7-9fb64e645e0e 6ff5e4a6617445eeb098321c52bebafe f1a8500cf27945799996d986e9e8cb2c - - default default] Get all snapshots completed successfully.
2026-05-18 19:04:19.997 7 INFO cinder.api.openstack.wsgi [None req-523ec1d7-f559-4288-a8a7-9fb64e645e0e 6ff5e4a6617445eeb098321c52bebafe f1a8500cf27945799996d986e9e8cb2c - - default default] http://cinder-api.openstack.svc.cluster.local:8776/v3/f1a8500cf27945799996d986e9e8cb2c/snapshots?all_tenants=true returned with HTTP 200 [pid: 7|app: 0|req: 504/1007] 10.0.0.185 () {28 vars in 674 bytes} [Mon May 18 19:04:19 2026] GET /v3/f1a8500cf27945799996d986e9e8cb2c/snapshots?all_tenants=true => generated 17 bytes in 103 msecs (HTTP/1.1 200) 7 headers in 284 bytes (1 switches on core 0)
2026-05-18 19:04:20.008 8 INFO cinder.api.openstack.wsgi [None req-9d442285-7e0b-405f-b894-3fe50910aa80 6ff5e4a6617445eeb098321c52bebafe f1a8500cf27945799996d986e9e8cb2c - - default default] GET http://cinder-api.openstack.svc.cluster.local:8776/v3/f1a8500cf27945799996d986e9e8cb2c/os-services
2026-05-18 19:04:20.014 8 INFO cinder.api.openstack.wsgi [None req-9d442285-7e0b-405f-b894-3fe50910aa80 6ff5e4a6617445eeb098321c52bebafe f1a8500cf27945799996d986e9e8cb2c - - default default] http://cinder-api.openstack.svc.cluster.local:8776/v3/f1a8500cf27945799996d986e9e8cb2c/os-services returned with HTTP 200 [pid: 8|app: 0|req: 504/1008] 10.0.0.185 () {28 vars in 645 bytes} [Mon May 18 19:04:20 2026] GET /v3/f1a8500cf27945799996d986e9e8cb2c/os-services => generated 646 bytes in 12 msecs (HTTP/1.1 200) 7 headers in 285 bytes (1 switches on core 0)
2026-05-18 19:04:20.049 7 INFO cinder.api.openstack.wsgi [None req-d6d8892c-1c5b-467d-8141-57bb280ee97d 6ff5e4a6617445eeb098321c52bebafe f1a8500cf27945799996d986e9e8cb2c - - default default] GET http://cinder-api.openstack.svc.cluster.local:8776/v3/f1a8500cf27945799996d986e9e8cb2c/os-quota-sets/b2f75cd10ca7447781257323de35b5b5?usage=true
2026-05-18 19:04:20.073 7 INFO cinder.api.openstack.wsgi [None req-d6d8892c-1c5b-467d-8141-57bb280ee97d 6ff5e4a6617445eeb098321c52bebafe f1a8500cf27945799996d986e9e8cb2c - - default default] http://cinder-api.openstack.svc.cluster.local:8776/v3/f1a8500cf27945799996d986e9e8cb2c/os-quota-sets/b2f75cd10ca7447781257323de35b5b5?usage=true returned with HTTP 200 [pid: 7|app: 0|req: 505/1009] 10.0.0.185 () {28 vars in 736 bytes} [Mon May 18 19:04:20 2026] GET /v3/f1a8500cf27945799996d986e9e8cb2c/os-quota-sets/b2f75cd10ca7447781257323de35b5b5?usage=true => generated 847 bytes in 30 msecs (HTTP/1.1 200) 7 headers in 285 bytes (1 switches on core 0)
2026-05-18 19:04:20.086 8 INFO cinder.api.openstack.wsgi [None req-b419c721-3b5d-4784-a43e-05203359d279 6ff5e4a6617445eeb098321c52bebafe f1a8500cf27945799996d986e9e8cb2c - - default default] GET http://cinder-api.openstack.svc.cluster.local:8776/v3/f1a8500cf27945799996d986e9e8cb2c/os-quota-sets/f1a8500cf27945799996d986e9e8cb2c?usage=true
2026-05-18 19:04:20.111 8 INFO cinder.api.openstack.wsgi [None req-b419c721-3b5d-4784-a43e-05203359d279 6ff5e4a6617445eeb098321c52bebafe f1a8500cf27945799996d986e9e8cb2c - - default default] http://cinder-api.openstack.svc.cluster.local:8776/v3/f1a8500cf27945799996d986e9e8cb2c/os-quota-sets/f1a8500cf27945799996d986e9e8cb2c?usage=true returned with HTTP 200 [pid: 8|app: 0|req: 505/1010] 10.0.0.185 () {28 vars in 736 bytes} [Mon May 18 19:04:20 2026] GET /v3/f1a8500cf27945799996d986e9e8cb2c/os-quota-sets/f1a8500cf27945799996d986e9e8cb2c?usage=true => generated 845 bytes in 33 msecs (HTTP/1.1 200) 7 headers in 285 bytes (1 switches on core 0)
2026-05-18 19:04:20.123 7 INFO cinder.api.openstack.wsgi [None req-613eabcd-326b-4daa-9dea-3b4080955d17 6ff5e4a6617445eeb098321c52bebafe f1a8500cf27945799996d986e9e8cb2c - - default default] GET http://cinder-api.openstack.svc.cluster.local:8776/v3/f1a8500cf27945799996d986e9e8cb2c/os-quota-sets/fbe19afc0144483d844604f12ee4cb5a?usage=true
2026-05-18 19:04:20.143 7 INFO cinder.api.openstack.wsgi [None req-613eabcd-326b-4daa-9dea-3b4080955d17 6ff5e4a6617445eeb098321c52bebafe f1a8500cf27945799996d986e9e8cb2c - - default default] http://cinder-api.openstack.svc.cluster.local:8776/v3/f1a8500cf27945799996d986e9e8cb2c/os-quota-sets/fbe19afc0144483d844604f12ee4cb5a?usage=true returned with HTTP 200 [pid: 7|app: 0|req: 506/1011] 10.0.0.185 () {28 vars in 736 bytes} [Mon May 18 19:04:20 2026] GET /v3/f1a8500cf27945799996d986e9e8cb2c/os-quota-sets/fbe19afc0144483d844604f12ee4cb5a?usage=true => generated 845 bytes in 30 msecs (HTTP/1.1 200) 7 headers in 285 bytes (1 switches on core 0)
2026-05-18 19:04:20.156 8 INFO cinder.api.openstack.wsgi [None req-324ad7d7-cb09-4e74-895a-e4534a18466b 6ff5e4a6617445eeb098321c52bebafe f1a8500cf27945799996d986e9e8cb2c - - default default] GET http://cinder-api.openstack.svc.cluster.local:8776/v3/f1a8500cf27945799996d986e9e8cb2c/volumes/detail?all_tenants=true
2026-05-18 19:04:20.164 8 INFO cinder.volume.api [None req-324ad7d7-cb09-4e74-895a-e4534a18466b 6ff5e4a6617445eeb098321c52bebafe f1a8500cf27945799996d986e9e8cb2c - - default default] Get all volumes completed successfully.
2026-05-18 19:04:20.166 8 INFO cinder.api.openstack.wsgi [None req-324ad7d7-cb09-4e74-895a-e4534a18466b 6ff5e4a6617445eeb098321c52bebafe f1a8500cf27945799996d986e9e8cb2c - - default default] http://cinder-api.openstack.svc.cluster.local:8776/v3/f1a8500cf27945799996d986e9e8cb2c/volumes/detail?all_tenants=true returned with HTTP 200 [pid: 8|app: 0|req: 506/1012] 10.0.0.185 () {28 vars in 684 bytes} [Mon May 18 19:04:20 2026] GET /v3/f1a8500cf27945799996d986e9e8cb2c/volumes/detail?all_tenants=true => generated 15 bytes in 17 msecs (HTTP/1.1 200) 7 headers in 284 bytes (1 switches on core 0)
2026-05-18 19:04:20.175 7 INFO cinder.api.openstack.wsgi [None req-3298340c-e50d-4c10-bf49-36a55ebc8cf3 6ff5e4a6617445eeb098321c52bebafe f1a8500cf27945799996d986e9e8cb2c - - default default] GET http://cinder-api.openstack.svc.cluster.local:8776/v3/f1a8500cf27945799996d986e9e8cb2c/volumes/detail?all_tenants=true
2026-05-18 19:04:20.186 7 INFO cinder.volume.api [None req-3298340c-e50d-4c10-bf49-36a55ebc8cf3 6ff5e4a6617445eeb098321c52bebafe f1a8500cf27945799996d986e9e8cb2c - - default default] Get all volumes completed successfully.
2026-05-18 19:04:20.187 7 INFO cinder.api.openstack.wsgi [None req-3298340c-e50d-4c10-bf49-36a55ebc8cf3 6ff5e4a6617445eeb098321c52bebafe f1a8500cf27945799996d986e9e8cb2c - - default default] http://cinder-api.openstack.svc.cluster.local:8776/v3/f1a8500cf27945799996d986e9e8cb2c/volumes/detail?all_tenants=true returned with HTTP 200 [pid: 7|app: 0|req: 507/1013] 10.0.0.185 () {28 vars in 684 bytes} [Mon May 18 19:04:20 2026] GET /v3/f1a8500cf27945799996d986e9e8cb2c/volumes/detail?all_tenants=true => generated 15 bytes in 18 msecs (HTTP/1.1 200) 7 headers in 284 bytes (1 switches on core 0)
2026-05-18 19:04:20.196 8 INFO cinder.api.openstack.wsgi [None req-e2270b19-cf2c-4792-9db7-631263bdfe91 6ff5e4a6617445eeb098321c52bebafe f1a8500cf27945799996d986e9e8cb2c - - default default] GET http://cinder-api.openstack.svc.cluster.local:8776/v3/f1a8500cf27945799996d986e9e8cb2c/scheduler-stats/get_pools?detail=true
