2026-05-18 18:53:58.959 7 INFO placement.requestlog [req-85a0e763-be4f-494e-853e-52b093cb16a7 req-bceb09ff-4454-4951-87b4-57800fed2db4 e24d3abb00a748db93551ae3c7129ed9 fbe19afc0144483d844604f12ee4cb5a - - 22bed87055094a70a4cc13bd10ac2942 22bed87055094a70a4cc13bd10ac2942] 199.19.213.156 "GET /resource_providers/06625ad1-9ebc-46c7-9272-24f5b04d6495/allocations" status: 200 len: 54 microversion: 1.0 [pid: 7|app: 0|req: 291/581] 199.19.213.156 () {32 vars in 857 bytes} [Mon May 18 18:53:58 2026] GET /resource_providers/06625ad1-9ebc-46c7-9272-24f5b04d6495/allocations => generated 54 bytes in 116 msecs (HTTP/1.1 200) 6 headers in 223 bytes (1 switches on core 0)
2026-05-18 18:53:58.986 8 INFO placement.requestlog [req-85a0e763-be4f-494e-853e-52b093cb16a7 req-43a685f0-09ce-44a1-b1ba-08fd09d9886a e24d3abb00a748db93551ae3c7129ed9 fbe19afc0144483d844604f12ee4cb5a - - 22bed87055094a70a4cc13bd10ac2942 22bed87055094a70a4cc13bd10ac2942] 199.19.213.156 "GET /resource_providers?in_tree=06625ad1-9ebc-46c7-9272-24f5b04d6495" status: 200 len: 797 microversion: 1.14 [pid: 8|app: 0|req: 291/582] 199.19.213.156 () {34 vars in 892 bytes} [Mon May 18 18:53:58 2026] GET /resource_providers?in_tree=06625ad1-9ebc-46c7-9272-24f5b04d6495 => generated 797 bytes in 21 msecs (HTTP/1.1 200) 6 headers in 225 bytes (1 switches on core 0)
2026-05-18 18:53:59.005 7 INFO placement.requestlog [req-85a0e763-be4f-494e-853e-52b093cb16a7 req-e9d458be-e89e-4581-8e77-30232a2ffeb0 e24d3abb00a748db93551ae3c7129ed9 fbe19afc0144483d844604f12ee4cb5a - - 22bed87055094a70a4cc13bd10ac2942 22bed87055094a70a4cc13bd10ac2942] 199.19.213.156 "GET /resource_providers/06625ad1-9ebc-46c7-9272-24f5b04d6495/inventories" status: 200 len: 400 microversion: 1.0 [pid: 7|app: 0|req: 292/583] 199.19.213.156 () {32 vars in 857 bytes} [Mon May 18 18:53:58 2026] GET /resource_providers/06625ad1-9ebc-46c7-9272-24f5b04d6495/inventories => generated 400 bytes in 12 msecs (HTTP/1.1 200) 6 headers in 224 bytes (1 switches on core 0)
2026-05-18 18:53:59.020 8 INFO placement.requestlog [req-85a0e763-be4f-494e-853e-52b093cb16a7 req-3c4aad31-5623-40f1-884a-a8985d602dc4 e24d3abb00a748db93551ae3c7129ed9 fbe19afc0144483d844604f12ee4cb5a - - 22bed87055094a70a4cc13bd10ac2942 22bed87055094a70a4cc13bd10ac2942] 199.19.213.156 "GET /resource_providers/06625ad1-9ebc-46c7-9272-24f5b04d6495/aggregates" status: 200 len: 53 microversion: 1.19 [pid: 8|app: 0|req: 292/584] 199.19.213.156 () {34 vars in 899 bytes} [Mon May 18 18:53:59 2026] GET /resource_providers/06625ad1-9ebc-46c7-9272-24f5b04d6495/aggregates => generated 53 bytes in 10 msecs (HTTP/1.1 200) 8 headers in 295 bytes (1 switches on core 0)
2026-05-18 18:53:59.041 7 INFO placement.requestlog [req-85a0e763-be4f-494e-853e-52b093cb16a7 req-c635a8c9-9551-421b-aae3-6cfeb4a51010 e24d3abb00a748db93551ae3c7129ed9 fbe19afc0144483d844604f12ee4cb5a - - 22bed87055094a70a4cc13bd10ac2942 22bed87055094a70a4cc13bd10ac2942] 199.19.213.156 "GET /resource_providers/06625ad1-9ebc-46c7-9272-24f5b04d6495/traits" status: 200 len: 2316 microversion: 1.6 [pid: 7|app: 0|req: 293/585] 199.19.213.156 () {34 vars in 890 bytes} [Mon May 18 18:53:59 2026] GET /resource_providers/06625ad1-9ebc-46c7-9272-24f5b04d6495/traits => generated 2316 bytes in 16 msecs (HTTP/1.1 200) 6 headers in 225 bytes (1 switches on core 0)
2026-05-18 18:53:59.060 8 INFO placement.requestlog [req-85a0e763-be4f-494e-853e-52b093cb16a7 req-a3e6cde3-255f-4863-ad67-f8a59e330d0a e24d3abb00a748db93551ae3c7129ed9 fbe19afc0144483d844604f12ee4cb5a - - 22bed87055094a70a4cc13bd10ac2942 22bed87055094a70a4cc13bd10ac2942] 199.19.213.156 "GET /resource_providers/06625ad1-9ebc-46c7-9272-24f5b04d6495/allocations" status: 200 len: 54 microversion: 1.0 [pid: 8|app: 0|req: 293/586] 199.19.213.156 () {32 vars in 857 bytes} [Mon May 18 18:53:59 2026] GET /resource_providers/06625ad1-9ebc-46c7-9272-24f5b04d6495/allocations => generated 54 bytes in 13 msecs (HTTP/1.1 200) 6 headers in 223 bytes (1 switches on core 0)
2026-05-18 18:54:06.657 8 INFO placement.requestlog [None req-3dbdcff9-577d-43a8-90f9-1b44b69ea567 - - - - - -] 10.0.0.214 "GET /" status: 200 len: 136 microversion: 1.0
2026-05-18 18:54:06.657 7 INFO placement.requestlog [None req-ca606d5c-24d2-4a59-becc-9a4f3e5375f1 - - - - - -] 10.0.0.214 "GET /" status: 200 len: 136 microversion: 1.0
2026-05-18 18:54:16.656 7 INFO placement.requestlog [None req-2ad6b5eb-9445-42c8-a2ed-6e1e4f1cc878 - - - - - -] 10.0.0.214 "GET /" status: 200 len: 136 microversion: 1.0
2026-05-18 18:54:16.656 8 INFO placement.requestlog [None req-0590d404-38de-41bf-832e-320a85ceb751 - - - - - -] 10.0.0.214 "GET /" status: 200 len: 136 microversion: 1.0
2026-05-18 18:54:26.657 7 INFO placement.requestlog [None req-5a232252-c5ee-41d8-86f0-10fae63c77aa - - - - - -] 10.0.0.214 "GET /" status: 200 len: 136 microversion: 1.0
2026-05-18 18:54:26.658 8 INFO placement.requestlog [None req-232b2cbf-9aae-4532-8d48-00aa9bbf09e9 - - - - - -] 10.0.0.214 "GET /" status: 200 len: 136 microversion: 1.0
2026-05-18 18:54:36.657 7 INFO placement.requestlog [None req-a2f5e1c2-32b7-4259-a854-7b8f65f58037 - - - - - -] 10.0.0.214 "GET /" status: 200 len: 136 microversion: 1.0
2026-05-18 18:54:36.657 8 INFO placement.requestlog [None req-7c89595c-17bb-4e14-be8e-166b9eecf6fd - - - - - -] 10.0.0.214 "GET /" status: 200 len: 136 microversion: 1.0
2026-05-18 18:54:46.656 7 INFO placement.requestlog [None req-5ef1f026-65b0-4496-b955-e150fe75adf7 - - - - - -] 10.0.0.214 "GET /" status: 200 len: 136 microversion: 1.0
2026-05-18 18:54:46.656 8 INFO placement.requestlog [None req-3a25a573-bed9-4c90-9e4d-71e8ce0002c6 - - - - - -] 10.0.0.214 "GET /" status: 200 len: 136 microversion: 1.0
2026-05-18 18:54:56.656 8 INFO placement.requestlog [None req-8e08dc48-8fdb-4f96-aee7-0d8fd21fdc5f - - - - - -] 10.0.0.214 "GET /" status: 200 len: 136 microversion: 1.0
2026-05-18 18:54:56.657 7 INFO placement.requestlog [None req-63dc59da-854f-4ab7-a273-15599f84e987 - - - - - -] 10.0.0.214 "GET /" status: 200 len: 136 microversion: 1.0
2026-05-18 18:54:59.873 8 INFO placement.requestlog [req-288468c0-de64-4cd4-b9cf-b760fd21aee3 req-73bc6783-ca87-4995-adad-3af82570f1d9 e24d3abb00a748db93551ae3c7129ed9 fbe19afc0144483d844604f12ee4cb5a - - 22bed87055094a70a4cc13bd10ac2942 22bed87055094a70a4cc13bd10ac2942] 199.19.213.156 "GET /resource_providers/06625ad1-9ebc-46c7-9272-24f5b04d6495/allocations" status: 200 len: 54 microversion: 1.0 [pid: 8|app: 0|req: 300/599] 199.19.213.156 () {32 vars in 857 bytes} [Mon May 18 18:54:59 2026] GET /resource_providers/06625ad1-9ebc-46c7-9272-24f5b04d6495/allocations => generated 54 bytes in 15 msecs (HTTP/1.1 200) 6 headers in 223 bytes (1 switches on core 0)
2026-05-18 18:54:59.896 7 INFO placement.requestlog [req-288468c0-de64-4cd4-b9cf-b760fd21aee3 req-c8f09ab7-79fc-4a54-bc4c-1a0753c5e390 e24d3abb00a748db93551ae3c7129ed9 fbe19afc0144483d844604f12ee4cb5a - - 22bed87055094a70a4cc13bd10ac2942 22bed87055094a70a4cc13bd10ac2942] 199.19.213.156 "GET /resource_providers/06625ad1-9ebc-46c7-9272-24f5b04d6495/allocations" status: 200 len: 54 microversion: 1.0 [pid: 7|app: 0|req: 300/600] 199.19.213.156 () {32 vars in 857 bytes} [Mon May 18 18:54:59 2026] GET /resource_providers/06625ad1-9ebc-46c7-9272-24f5b04d6495/allocations => generated 54 bytes in 16 msecs (HTTP/1.1 200) 6 headers in 223 bytes (1 switches on core 0)
2026-05-18 18:55:06.657 8 INFO placement.requestlog [None req-65241c40-583a-43ef-bf2e-0bd8488a1be3 - - - - - -] 10.0.0.214 "GET /" status: 200 len: 136 microversion: 1.0
2026-05-18 18:55:06.657 7 INFO placement.requestlog [None req-2e843097-ed38-4cb8-9779-ec5b281be828 - - - - - -] 10.0.0.214 "GET /" status: 200 len: 136 microversion: 1.0
2026-05-18 18:55:16.657 7 INFO placement.requestlog [None req-9fe5c3a8-c567-4a53-90b4-076a57bcaf1e - - - - - -] 10.0.0.214 "GET /" status: 200 len: 136 microversion: 1.0
2026-05-18 18:55:16.657 8 INFO placement.requestlog [None req-ee266ff1-ca1b-45f2-9c57-d73bc48faf91 - - - - - -] 10.0.0.214 "GET /" status: 200 len: 136 microversion: 1.0
2026-05-18 18:55:26.656 7 INFO placement.requestlog [None req-cb50a1c8-a871-47bb-b09b-c2c590a8d52d - - - - - -] 10.0.0.214 "GET /" status: 200 len: 136 microversion: 1.0
2026-05-18 18:55:26.656 8 INFO placement.requestlog [None req-47945395-5f48-4413-8edf-ac3ec18c3814 - - - - - -] 10.0.0.214 "GET /" status: 200 len: 136 microversion: 1.0
2026-05-18 18:55:36.657 7 INFO placement.requestlog [None req-71474862-6f91-45cb-9ed2-0a00a5b9c836 - - - - - -] 10.0.0.214 "GET /" status: 200 len: 136 microversion: 1.0
2026-05-18 18:55:36.657 8 INFO placement.requestlog [None req-a928e694-9359-40b3-8421-667f4747a4e6 - - - - - -] 10.0.0.214 "GET /" status: 200 len: 136 microversion: 1.0
2026-05-18 18:55:46.657 7 INFO placement.requestlog [None req-482ae5c9-6a0c-4390-990e-ca65045b4cf3 - - - - - -] 10.0.0.214 "GET /" status: 200 len: 136 microversion: 1.0
2026-05-18 18:55:46.657 8 INFO placement.requestlog [None req-9340cda5-a826-47e5-a5a3-9376a53ae463 - - - - - -] 10.0.0.214 "GET /" status: 200 len: 136 microversion: 1.0
2026-05-18 18:55:56.656 8 INFO placement.requestlog [None req-86e21749-6755-451f-a351-cd7f04a2fb21 - - - - - -] 10.0.0.214 "GET /" status: 200 len: 136 microversion: 1.0
2026-05-18 18:55:56.656 7 INFO placement.requestlog [None req-7eb355b4-172e-4af2-82ab-32dcd86bbbb9 - - - - - -] 10.0.0.214 "GET /" status: 200 len: 136 microversion: 1.0
2026-05-18 18:56:00.927 8 INFO placement.requestlog [req-a4c92ae7-1728-47cc-b7cb-0cf04eb1d1a6 req-06f4d8b3-5633-4c22-a082-e295d35acc49 e24d3abb00a748db93551ae3c7129ed9 fbe19afc0144483d844604f12ee4cb5a - - 22bed87055094a70a4cc13bd10ac2942 22bed87055094a70a4cc13bd10ac2942] 199.19.213.156 "GET /resource_providers/06625ad1-9ebc-46c7-9272-24f5b04d6495/allocations" status: 200 len: 54 microversion: 1.0 [pid: 8|app: 0|req: 307/613] 199.19.213.156 () {32 vars in 857 bytes} [Mon May 18 18:56:00 2026] GET /resource_providers/06625ad1-9ebc-46c7-9272-24f5b04d6495/allocations => generated 54 bytes in 18 msecs (HTTP/1.1 200) 6 headers in 223 bytes (1 switches on core 0)
2026-05-18 18:56:00.949 7 INFO placement.requestlog [req-a4c92ae7-1728-47cc-b7cb-0cf04eb1d1a6 req-cdcbefee-8637-4a78-a674-03ef19c8bd90 e24d3abb00a748db93551ae3c7129ed9 fbe19afc0144483d844604f12ee4cb5a - - 22bed87055094a70a4cc13bd10ac2942 22bed87055094a70a4cc13bd10ac2942] 199.19.213.156 "GET /resource_providers/06625ad1-9ebc-46c7-9272-24f5b04d6495/allocations" status: 200 len: 54 microversion: 1.0 [pid: 7|app: 0|req: 307/614] 199.19.213.156 () {32 vars in 857 bytes} [Mon May 18 18:56:00 2026] GET /resource_providers/06625ad1-9ebc-46c7-9272-24f5b04d6495/allocations => generated 54 bytes in 14 msecs (HTTP/1.1 200) 6 headers in 223 bytes (1 switches on core 0)
2026-05-18 18:56:06.656 8 INFO placement.requestlog [None req-b726a7be-3b29-4aa1-b6d5-4e2a868968c6 - - - - - -] 10.0.0.214 "GET /" status: 200 len: 136 microversion: 1.0
2026-05-18 18:56:06.656 7 INFO placement.requestlog [None req-06ef067b-6b3d-4212-820c-b46814b3bec5 - - - - - -] 10.0.0.214 "GET /" status: 200 len: 136 microversion: 1.0
2026-05-18 18:56:16.657 8 INFO placement.requestlog [None req-f2aedbe6-aba5-48fc-8fce-0de14d5ef3e6 - - - - - -] 10.0.0.214 "GET /" status: 200 len: 136 microversion: 1.0
2026-05-18 18:56:16.657 7 INFO placement.requestlog [None req-b50ced28-eb1e-4908-8420-424179c36f87 - - - - - -] 10.0.0.214 "GET /" status: 200 len: 136 microversion: 1.0
2026-05-18 18:56:26.657 8 INFO placement.requestlog [None req-5f102f3b-d38f-4148-b0ab-1f9e681d1290 - - - - - -] 10.0.0.214 "GET /" status: 200 len: 136 microversion: 1.0
2026-05-18 18:56:26.657 7 INFO placement.requestlog [None req-450c71c7-6c5b-4574-8609-cb1a8745e7bf - - - - - -] 10.0.0.214 "GET /" status: 200 len: 136 microversion: 1.0
2026-05-18 18:56:36.656 7 INFO placement.requestlog [None req-b04bbc13-1a8d-40f5-8ab8-2c0dabe82492 - - - - - -] 10.0.0.214 "GET /" status: 200 len: 136 microversion: 1.0
2026-05-18 18:56:36.656 8 INFO placement.requestlog [None req-674638bc-abc7-4a04-8fe4-ceddf411ffdc - - - - - -] 10.0.0.214 "GET /" status: 200 len: 136 microversion: 1.0
2026-05-18 18:56:44.700 7 INFO placement.requestlog [req-40052ab5-4487-475e-a588-065276548010 req-7e1bf8ea-c865-4c31-8d7d-a1ea53872066 e24d3abb00a748db93551ae3c7129ed9 fbe19afc0144483d844604f12ee4cb5a - - 22bed87055094a70a4cc13bd10ac2942 22bed87055094a70a4cc13bd10ac2942] 10.0.0.61 "GET /allocation_candidates?limit=1000&resources=DISK_GB%3A1%2CMEMORY_MB%3A512%2CVCPU%3A1&root_required=%21COMPUTE_STATUS_DISABLED" status: 200 len: 2781 microversion: 1.36 [pid: 7|app: 0|req: 312/623] 10.0.0.61 () {34 vars in 1011 bytes} [Mon May 18 18:56:44 2026] GET /allocation_candidates?limit=1000&resources=DISK_GB%3A1%2CMEMORY_MB%3A512%2CVCPU%3A1&root_required=%21COMPUTE_STATUS_DISABLED => generated 2781 bytes in 210 msecs (HTTP/1.1 200) 8 headers in 297 bytes (1 switches on core 0)
2026-05-18 18:56:44.736 8 INFO placement.requestlog [req-40052ab5-4487-475e-a588-065276548010 req-49c58047-7708-483b-93ca-e34848c25778 e24d3abb00a748db93551ae3c7129ed9 fbe19afc0144483d844604f12ee4cb5a - - 22bed87055094a70a4cc13bd10ac2942 22bed87055094a70a4cc13bd10ac2942] 10.0.0.61 "GET /allocations/6541deab-0f4a-4913-bea2-928b67870cac" status: 200 len: 19 microversion: 1.28 [pid: 8|app: 0|req: 312/624] 10.0.0.61 () {34 vars in 860 bytes} [Mon May 18 18:56:44 2026] GET /allocations/6541deab-0f4a-4913-bea2-928b67870cac => generated 19 bytes in 11 msecs (HTTP/1.1 200) 8 headers in 295 bytes (1 switches on core 0)
2026-05-18 18:56:44.851 7 INFO placement.requestlog [req-40052ab5-4487-475e-a588-065276548010 req-52389c6f-bb6f-47fe-818a-bd555950ac3c e24d3abb00a748db93551ae3c7129ed9 fbe19afc0144483d844604f12ee4cb5a - - 22bed87055094a70a4cc13bd10ac2942 22bed87055094a70a4cc13bd10ac2942] 10.0.0.61 "PUT /allocations/6541deab-0f4a-4913-bea2-928b67870cac" status: 204 len: 0 microversion: 1.36 [pid: 7|app: 0|req: 313/625] 10.0.0.61 () {38 vars in 913 bytes} [Mon May 18 18:56:44 2026] PUT /allocations/6541deab-0f4a-4913-bea2-928b67870cac => generated 0 bytes in 106 msecs (HTTP/1.1 204) 5 headers in 199 bytes (1 switches on core 0)
2026-05-18 18:56:45.074 8 INFO placement.requestlog [req-3b5e0acb-b2cc-40d0-b770-376c8bf026c2 req-594c77ee-f8d4-493c-817d-02d1c122738d e24d3abb00a748db93551ae3c7129ed9 fbe19afc0144483d844604f12ee4cb5a - - 22bed87055094a70a4cc13bd10ac2942 22bed87055094a70a4cc13bd10ac2942] 10.0.0.61 "GET /allocation_candidates?limit=1000&resources=DISK_GB%3A1%2CMEMORY_MB%3A512%2CVCPU%3A1&root_required=%21COMPUTE_STATUS_DISABLED" status: 200 len: 2783 microversion: 1.36 [pid: 8|app: 0|req: 313/626] 10.0.0.61 () {34 vars in 1011 bytes} [Mon May 18 18:56:44 2026] GET /allocation_candidates?limit=1000&resources=DISK_GB%3A1%2CMEMORY_MB%3A512%2CVCPU%3A1&root_required=%21COMPUTE_STATUS_DISABLED => generated 2783 bytes in 79 msecs (HTTP/1.1 200) 8 headers in 297 bytes (1 switches on core 0)
2026-05-18 18:56:45.130 7 INFO placement.requestlog [req-3b5e0acb-b2cc-40d0-b770-376c8bf026c2 req-a318b1f7-8f76-47d3-af06-180ea0724145 e24d3abb00a748db93551ae3c7129ed9 fbe19afc0144483d844604f12ee4cb5a - - 22bed87055094a70a4cc13bd10ac2942 22bed87055094a70a4cc13bd10ac2942] 10.0.0.61 "GET /allocations/1031a95d-4e22-4844-9fb6-bd0bceb480a4" status: 200 len: 19 microversion: 1.28 [pid: 7|app: 0|req: 314/627] 10.0.0.61 () {34 vars in 860 bytes} [Mon May 18 18:56:45 2026] GET /allocations/1031a95d-4e22-4844-9fb6-bd0bceb480a4 => generated 19 bytes in 18 msecs (HTTP/1.1 200) 8 headers in 295 bytes (1 switches on core 0)
2026-05-18 18:56:45.227 8 INFO placement.requestlog [req-3b5e0acb-b2cc-40d0-b770-376c8bf026c2 req-e7da2cfa-fe75-4712-a138-e47c8d5e7c24 e24d3abb00a748db93551ae3c7129ed9 fbe19afc0144483d844604f12ee4cb5a - - 22bed87055094a70a4cc13bd10ac2942 22bed87055094a70a4cc13bd10ac2942] 10.0.0.61 "PUT /allocations/1031a95d-4e22-4844-9fb6-bd0bceb480a4" status: 204 len: 0 microversion: 1.36 [pid: 8|app: 0|req: 314/628] 10.0.0.61 () {38 vars in 913 bytes} [Mon May 18 18:56:45 2026] PUT /allocations/1031a95d-4e22-4844-9fb6-bd0bceb480a4 => generated 0 bytes in 87 msecs (HTTP/1.1 204) 5 headers in 199 bytes (1 switches on core 0)
2026-05-18 18:56:46.349 7 INFO placement.requestlog [req-40052ab5-4487-475e-a588-065276548010 req-93c0e5af-7b44-466b-bade-88d57157a551 e24d3abb00a748db93551ae3c7129ed9 fbe19afc0144483d844604f12ee4cb5a - - 22bed87055094a70a4cc13bd10ac2942 22bed87055094a70a4cc13bd10ac2942] 199.19.213.156 "GET /allocations/6541deab-0f4a-4913-bea2-928b67870cac" status: 200 len: 257 microversion: 1.28 [pid: 7|app: 0|req: 315/629] 199.19.213.156 () {34 vars in 863 bytes} [Mon May 18 18:56:46 2026] GET /allocations/6541deab-0f4a-4913-bea2-928b67870cac => generated 257 bytes in 15 msecs (HTTP/1.1 200) 8 headers in 296 bytes (1 switches on core 0)
2026-05-18 18:56:46.657 8 INFO placement.requestlog [None req-8615bf1e-a5de-4405-9a05-318fec0d771b - - - - - -] 10.0.0.214 "GET /" status: 200 len: 136 microversion: 1.0
2026-05-18 18:56:46.660 7 INFO placement.requestlog [None req-155e308a-144a-420e-85d9-328232328074 - - - - - -] 10.0.0.214 "GET /" status: 200 len: 136 microversion: 1.0
2026-05-18 18:56:46.879 8 INFO placement.requestlog [req-3b5e0acb-b2cc-40d0-b770-376c8bf026c2 req-961961ba-6dc4-4913-a1c9-77cc2adeacd1 e24d3abb00a748db93551ae3c7129ed9 fbe19afc0144483d844604f12ee4cb5a - - 22bed87055094a70a4cc13bd10ac2942 22bed87055094a70a4cc13bd10ac2942] 199.19.213.156 "GET /allocations/1031a95d-4e22-4844-9fb6-bd0bceb480a4" status: 200 len: 257 microversion: 1.28 [pid: 8|app: 0|req: 316/632] 199.19.213.156 () {34 vars in 863 bytes} [Mon May 18 18:56:46 2026] GET /allocations/1031a95d-4e22-4844-9fb6-bd0bceb480a4 => generated 257 bytes in 23 msecs (HTTP/1.1 200) 8 headers in 296 bytes (1 switches on core 0)
2026-05-18 18:56:47.383 7 INFO placement.requestlog [req-40052ab5-4487-475e-a588-065276548010 req-cfb1fd70-55ad-482d-bd00-b48e188f1686 e24d3abb00a748db93551ae3c7129ed9 fbe19afc0144483d844604f12ee4cb5a - - 22bed87055094a70a4cc13bd10ac2942 22bed87055094a70a4cc13bd10ac2942] 199.19.213.156 "GET /resource_providers/06625ad1-9ebc-46c7-9272-24f5b04d6495/allocations" status: 200 len: 252 microversion: 1.0 [pid: 7|app: 0|req: 317/633] 199.19.213.156 () {32 vars in 857 bytes} [Mon May 18 18:56:47 2026] GET /resource_providers/06625ad1-9ebc-46c7-9272-24f5b04d6495/allocations => generated 252 bytes in 16 msecs (HTTP/1.1 200) 6 headers in 224 bytes (1 switches on core 0)
2026-05-18 18:56:47.408 8 INFO placement.requestlog [req-40052ab5-4487-475e-a588-065276548010 req-e1f38c76-c9ae-426a-8518-e1f3a32af879 e24d3abb00a748db93551ae3c7129ed9 fbe19afc0144483d844604f12ee4cb5a - - 22bed87055094a70a4cc13bd10ac2942 22bed87055094a70a4cc13bd10ac2942] 199.19.213.156 "GET /allocations/6541deab-0f4a-4913-bea2-928b67870cac" status: 200 len: 257 microversion: 1.28 [pid: 8|app: 0|req: 317/634] 199.19.213.156 () {34 vars in 863 bytes} [Mon May 18 18:56:47 2026] GET /allocations/6541deab-0f4a-4913-bea2-928b67870cac => generated 257 bytes in 19 msecs (HTTP/1.1 200) 8 headers in 296 bytes (1 switches on core 0)
2026-05-18 18:56:47.432 7 INFO placement.requestlog [req-40052ab5-4487-475e-a588-065276548010 req-d495e0b6-a195-4f62-a65a-24781defba0f e24d3abb00a748db93551ae3c7129ed9 fbe19afc0144483d844604f12ee4cb5a - - 22bed87055094a70a4cc13bd10ac2942 22bed87055094a70a4cc13bd10ac2942] 199.19.213.156 "GET /allocations/1031a95d-4e22-4844-9fb6-bd0bceb480a4" status: 200 len: 257 microversion: 1.28 [pid: 7|app: 0|req: 318/635] 199.19.213.156 () {34 vars in 863 bytes} [Mon May 18 18:56:47 2026] GET /allocations/1031a95d-4e22-4844-9fb6-bd0bceb480a4 => generated 257 bytes in 17 msecs (HTTP/1.1 200) 8 headers in 296 bytes (1 switches on core 0)
2026-05-18 18:56:47.668 8 INFO placement.requestlog [None req-7581b8d7-3644-47db-971b-22b9ccf07c40 4d342886c6174499b6ab985f5f2db056 fbe19afc0144483d844604f12ee4cb5a - - 22bed87055094a70a4cc13bd10ac2942 22bed87055094a70a4cc13bd10ac2942] 10.0.0.184 "GET /resource_providers/1438b6a1-02cb-4daa-866b-007da090b1e9/aggregates" status: 404 len: 235 microversion: 1.1 [pid: 8|app: 0|req: 318/636] 10.0.0.184 () {32 vars in 816 bytes} [Mon May 18 18:56:47 2026] GET /resource_providers/1438b6a1-02cb-4daa-866b-007da090b1e9/aggregates => generated 235 bytes in 59 msecs (HTTP/1.1 404) 5 headers in 202 bytes (1 switches on core 0)
2026-05-18 18:56:47.668 7 INFO placement.requestlog [None req-4eb6b4fb-a976-474b-9df5-d1805348c2cc 4d342886c6174499b6ab985f5f2db056 fbe19afc0144483d844604f12ee4cb5a - - 22bed87055094a70a4cc13bd10ac2942 22bed87055094a70a4cc13bd10ac2942] 10.0.0.184 "GET /resource_providers/1438b6a1-02cb-4daa-866b-007da090b1e9/aggregates" status: 404 len: 235 microversion: 1.1 [pid: 7|app: 0|req: 319/637] 10.0.0.184 () {32 vars in 816 bytes} [Mon May 18 18:56:47 2026] GET /resource_providers/1438b6a1-02cb-4daa-866b-007da090b1e9/aggregates => generated 235 bytes in 41 msecs (HTTP/1.1 404) 5 headers in 202 bytes (1 switches on core 0)
2026-05-18 18:56:47.689 7 INFO placement.requestlog [None req-0d4c34b4-407c-455a-9e5d-cf7514e4c414 4d342886c6174499b6ab985f5f2db056 fbe19afc0144483d844604f12ee4cb5a - - 22bed87055094a70a4cc13bd10ac2942 22bed87055094a70a4cc13bd10ac2942] 10.0.0.184 "DELETE /resource_providers/1438b6a1-02cb-4daa-866b-007da090b1e9" status: 404 len: 246 microversion: 1.1
2026-05-18 18:56:47.689 8 INFO placement.requestlog [None req-2d28db0f-b0e3-4a2a-b876-b69bc4572898 4d342886c6174499b6ab985f5f2db056 fbe19afc0144483d844604f12ee4cb5a - - 22bed87055094a70a4cc13bd10ac2942 22bed87055094a70a4cc13bd10ac2942] 10.0.0.184 "DELETE /resource_providers/1438b6a1-02cb-4daa-866b-007da090b1e9" status: 404 len: 246 microversion: 1.1 [pid: 7|app: 0|req: 320/638] 10.0.0.184 () {34 vars in 816 bytes} [Mon May 18 18:56:47 2026] DELETE /resource_providers/1438b6a1-02cb-4daa-866b-007da090b1e9 => generated 246 bytes in 10 msecs (HTTP/1.1 404) 6 headers in 231 bytes (1 switches on core 0) [pid: 8|app: 0|req: 319/639] 10.0.0.184 () {34 vars in 816 bytes} [Mon May 18 18:56:47 2026] DELETE /resource_providers/1438b6a1-02cb-4daa-866b-007da090b1e9 => generated 246 bytes in 11 msecs (HTTP/1.1 404) 6 headers in 231 bytes (1 switches on core 0)
2026-05-18 18:56:49.501 7 INFO placement.requestlog [req-3b5e0acb-b2cc-40d0-b770-376c8bf026c2 req-44620d15-10da-4b0c-a689-1c3fb328999b e24d3abb00a748db93551ae3c7129ed9 fbe19afc0144483d844604f12ee4cb5a - - 22bed87055094a70a4cc13bd10ac2942 22bed87055094a70a4cc13bd10ac2942] 199.19.213.156 "GET /resource_providers/06625ad1-9ebc-46c7-9272-24f5b04d6495/allocations" status: 200 len: 252 microversion: 1.0 [pid: 7|app: 0|req: 321/640] 199.19.213.156 () {32 vars in 857 bytes} [Mon May 18 18:56:49 2026] GET /resource_providers/06625ad1-9ebc-46c7-9272-24f5b04d6495/allocations => generated 252 bytes in 14 msecs (HTTP/1.1 200) 6 headers in 224 bytes (1 switches on core 0)
2026-05-18 18:56:49.523 8 INFO placement.requestlog [req-3b5e0acb-b2cc-40d0-b770-376c8bf026c2 req-ea92f21e-1171-4218-a7a1-807fc62b8162 e24d3abb00a748db93551ae3c7129ed9 fbe19afc0144483d844604f12ee4cb5a - - 22bed87055094a70a4cc13bd10ac2942 22bed87055094a70a4cc13bd10ac2942] 199.19.213.156 "GET /allocations/6541deab-0f4a-4913-bea2-928b67870cac" status: 200 len: 257 microversion: 1.28 [pid: 8|app: 0|req: 320/641] 199.19.213.156 () {34 vars in 863 bytes} [Mon May 18 18:56:49 2026] GET /allocations/6541deab-0f4a-4913-bea2-928b67870cac => generated 257 bytes in 17 msecs (HTTP/1.1 200) 8 headers in 296 bytes (1 switches on core 0)
2026-05-18 18:56:49.542 7 INFO placement.requestlog [req-3b5e0acb-b2cc-40d0-b770-376c8bf026c2 req-4c86281c-4cd5-4f24-81bd-697e46e63a37 e24d3abb00a748db93551ae3c7129ed9 fbe19afc0144483d844604f12ee4cb5a - - 22bed87055094a70a4cc13bd10ac2942 22bed87055094a70a4cc13bd10ac2942] 199.19.213.156 "GET /allocations/1031a95d-4e22-4844-9fb6-bd0bceb480a4" status: 200 len: 257 microversion: 1.28 [pid: 7|app: 0|req: 322/642] 199.19.213.156 () {34 vars in 863 bytes} [Mon May 18 18:56:49 2026] GET /allocations/1031a95d-4e22-4844-9fb6-bd0bceb480a4 => generated 257 bytes in 13 msecs (HTTP/1.1 200) 8 headers in 296 bytes (1 switches on core 0)
2026-05-18 18:56:49.720 8 INFO placement.requestlog [None req-f17944a5-51e6-4e89-83d4-ebd1d57b324a 4d342886c6174499b6ab985f5f2db056 fbe19afc0144483d844604f12ee4cb5a - - 22bed87055094a70a4cc13bd10ac2942 22bed87055094a70a4cc13bd10ac2942] 10.0.0.184 "GET /resource_providers/e67d79ea-4c75-40a5-8eee-8db623a2f879/aggregates" status: 404 len: 235 microversion: 1.1 [pid: 8|app: 0|req: 321/643] 10.0.0.184 () {32 vars in 816 bytes} [Mon May 18 18:56:49 2026] GET /resource_providers/e67d79ea-4c75-40a5-8eee-8db623a2f879/aggregates => generated 235 bytes in 17 msecs (HTTP/1.1 404) 5 headers in 202 bytes (1 switches on core 0)
2026-05-18 18:56:49.726 7 INFO placement.requestlog [None req-66cbc446-0a0d-4b96-9d11-4ba11b78a50e 4d342886c6174499b6ab985f5f2db056 fbe19afc0144483d844604f12ee4cb5a - - 22bed87055094a70a4cc13bd10ac2942 22bed87055094a70a4cc13bd10ac2942] 10.0.0.184 "GET /resource_providers/e67d79ea-4c75-40a5-8eee-8db623a2f879/aggregates" status: 404 len: 235 microversion: 1.1 [pid: 7|app: 0|req: 323/644] 10.0.0.184 () {32 vars in 816 bytes} [Mon May 18 18:56:49 2026] GET /resource_providers/e67d79ea-4c75-40a5-8eee-8db623a2f879/aggregates => generated 235 bytes in 15 msecs (HTTP/1.1 404) 5 headers in 202 bytes (1 switches on core 0)
2026-05-18 18:56:49.752 8 INFO placement.requestlog [None req-1959926c-a733-4419-92ba-83b8631450a5 4d342886c6174499b6ab985f5f2db056 fbe19afc0144483d844604f12ee4cb5a - - 22bed87055094a70a4cc13bd10ac2942 22bed87055094a70a4cc13bd10ac2942] 10.0.0.184 "DELETE /resource_providers/e67d79ea-4c75-40a5-8eee-8db623a2f879" status: 404 len: 246 microversion: 1.1 [pid: 8|app: 0|req: 322/645] 10.0.0.184 () {34 vars in 816 bytes} [Mon May 18 18:56:49 2026] DELETE /resource_providers/e67d79ea-4c75-40a5-8eee-8db623a2f879 => generated 246 bytes in 9 msecs (HTTP/1.1 404) 6 headers in 231 bytes (1 switches on core 0)
2026-05-18 18:56:49.775 7 INFO placement.requestlog [None req-01d5661f-8b6d-4b9e-8523-b7ed536d9ac3 4d342886c6174499b6ab985f5f2db056 fbe19afc0144483d844604f12ee4cb5a - - 22bed87055094a70a4cc13bd10ac2942 22bed87055094a70a4cc13bd10ac2942] 10.0.0.184 "DELETE /resource_providers/e67d79ea-4c75-40a5-8eee-8db623a2f879" status: 404 len: 246 microversion: 1.1 [pid: 7|app: 0|req: 324/646] 10.0.0.184 () {34 vars in 816 bytes} [Mon May 18 18:56:49 2026] DELETE /resource_providers/e67d79ea-4c75-40a5-8eee-8db623a2f879 => generated 246 bytes in 8 msecs (HTTP/1.1 404) 6 headers in 231 bytes (1 switches on core 0)
2026-05-18 18:56:53.223 8 INFO placement.requestlog [req-38aefb27-deef-4436-a603-f1b8c46d02b9 req-2f5406bb-4de8-426c-ad9b-688ee7c66343 e24d3abb00a748db93551ae3c7129ed9 fbe19afc0144483d844604f12ee4cb5a - - 22bed87055094a70a4cc13bd10ac2942 22bed87055094a70a4cc13bd10ac2942] 10.0.0.61 "GET /allocation_candidates?limit=1000&resources=MEMORY_MB%3A512%2CVCPU%3A1&root_required=%21COMPUTE_STATUS_DISABLED" status: 200 len: 2770 microversion: 1.36 [pid: 8|app: 0|req: 323/647] 10.0.0.61 () {34 vars in 983 bytes} [Mon May 18 18:56:53 2026] GET /allocation_candidates?limit=1000&resources=MEMORY_MB%3A512%2CVCPU%3A1&root_required=%21COMPUTE_STATUS_DISABLED => generated 2770 bytes in 64 msecs (HTTP/1.1 200) 8 headers in 297 bytes (1 switches on core 0)
2026-05-18 18:56:53.277 7 INFO placement.requestlog [req-38aefb27-deef-4436-a603-f1b8c46d02b9 req-f2a25391-1854-467b-a91c-fac7ecf2bb23 e24d3abb00a748db93551ae3c7129ed9 fbe19afc0144483d844604f12ee4cb5a - - 22bed87055094a70a4cc13bd10ac2942 22bed87055094a70a4cc13bd10ac2942] 10.0.0.61 "GET /allocations/a89bbfac-d173-463b-a27f-5a0b14f6b4f2" status: 200 len: 19 microversion: 1.28 [pid: 7|app: 0|req: 325/648] 10.0.0.61 () {34 vars in 860 bytes} [Mon May 18 18:56:53 2026] GET /allocations/a89bbfac-d173-463b-a27f-5a0b14f6b4f2 => generated 19 bytes in 14 msecs (HTTP/1.1 200) 8 headers in 295 bytes (1 switches on core 0)
2026-05-18 18:56:53.356 8 INFO placement.requestlog [req-38aefb27-deef-4436-a603-f1b8c46d02b9 req-87ad33a9-acfb-4abb-9a61-9409eddfbe62 e24d3abb00a748db93551ae3c7129ed9 fbe19afc0144483d844604f12ee4cb5a - - 22bed87055094a70a4cc13bd10ac2942 22bed87055094a70a4cc13bd10ac2942] 10.0.0.61 "PUT /allocations/a89bbfac-d173-463b-a27f-5a0b14f6b4f2" status: 204 len: 0 microversion: 1.36 [pid: 8|app: 0|req: 324/649] 10.0.0.61 () {38 vars in 913 bytes} [Mon May 18 18:56:53 2026] PUT /allocations/a89bbfac-d173-463b-a27f-5a0b14f6b4f2 => generated 0 bytes in 70 msecs (HTTP/1.1 204) 5 headers in 199 bytes (1 switches on core 0)
2026-05-18 18:56:54.847 7 INFO placement.requestlog [req-38aefb27-deef-4436-a603-f1b8c46d02b9 req-1c1791ec-1046-4d56-bd94-21977600fca7 e24d3abb00a748db93551ae3c7129ed9 fbe19afc0144483d844604f12ee4cb5a - - 22bed87055094a70a4cc13bd10ac2942 22bed87055094a70a4cc13bd10ac2942] 199.19.213.156 "GET /allocations/a89bbfac-d173-463b-a27f-5a0b14f6b4f2" status: 200 len: 243 microversion: 1.28 [pid: 7|app: 0|req: 326/650] 199.19.213.156 () {34 vars in 863 bytes} [Mon May 18 18:56:54 2026] GET /allocations/a89bbfac-d173-463b-a27f-5a0b14f6b4f2 => generated 243 bytes in 12 msecs (HTTP/1.1 200) 8 headers in 296 bytes (1 switches on core 0)
2026-05-18 18:56:55.880 8 INFO placement.requestlog [req-38aefb27-deef-4436-a603-f1b8c46d02b9 req-be21c4f9-dbd6-48ab-b6da-0736c8a21adf e24d3abb00a748db93551ae3c7129ed9 fbe19afc0144483d844604f12ee4cb5a - - 22bed87055094a70a4cc13bd10ac2942 22bed87055094a70a4cc13bd10ac2942] 199.19.213.156 "GET /resource_providers/06625ad1-9ebc-46c7-9272-24f5b04d6495/allocations" status: 200 len: 338 microversion: 1.0 [pid: 8|app: 0|req: 325/651] 199.19.213.156 () {32 vars in 857 bytes} [Mon May 18 18:56:55 2026] GET /resource_providers/06625ad1-9ebc-46c7-9272-24f5b04d6495/allocations => generated 338 bytes in 12 msecs (HTTP/1.1 200) 6 headers in 224 bytes (1 switches on core 0)
2026-05-18 18:56:55.893 7 INFO placement.requestlog [req-38aefb27-deef-4436-a603-f1b8c46d02b9 req-f5a4c064-43a2-4fa3-a7da-842fd6b740c7 e24d3abb00a748db93551ae3c7129ed9 fbe19afc0144483d844604f12ee4cb5a - - 22bed87055094a70a4cc13bd10ac2942 22bed87055094a70a4cc13bd10ac2942] 199.19.213.156 "GET /allocations/6541deab-0f4a-4913-bea2-928b67870cac" status: 200 len: 257 microversion: 1.28 [pid: 7|app: 0|req: 327/652] 199.19.213.156 () {34 vars in 863 bytes} [Mon May 18 18:56:55 2026] GET /allocations/6541deab-0f4a-4913-bea2-928b67870cac => generated 257 bytes in 9 msecs (HTTP/1.1 200) 8 headers in 296 bytes (1 switches on core 0)
2026-05-18 18:56:55.905 8 INFO placement.requestlog [req-38aefb27-deef-4436-a603-f1b8c46d02b9 req-b81ae396-b571-4526-a815-db986e06196e e24d3abb00a748db93551ae3c7129ed9 fbe19afc0144483d844604f12ee4cb5a - - 22bed87055094a70a4cc13bd10ac2942 22bed87055094a70a4cc13bd10ac2942] 199.19.213.156 "GET /allocations/a89bbfac-d173-463b-a27f-5a0b14f6b4f2" status: 200 len: 243 microversion: 1.28 [pid: 8|app: 0|req: 326/653] 199.19.213.156 () {34 vars in 863 bytes} [Mon May 18 18:56:55 2026] GET /allocations/a89bbfac-d173-463b-a27f-5a0b14f6b4f2 => generated 243 bytes in 8 msecs (HTTP/1.1 200) 8 headers in 296 bytes (1 switches on core 0)
2026-05-18 18:56:55.920 7 INFO placement.requestlog [req-38aefb27-deef-4436-a603-f1b8c46d02b9 req-27459767-6bb8-4d32-b1ed-ed211c06b147 e24d3abb00a748db93551ae3c7129ed9 fbe19afc0144483d844604f12ee4cb5a - - 22bed87055094a70a4cc13bd10ac2942 22bed87055094a70a4cc13bd10ac2942] 199.19.213.156 "GET /allocations/1031a95d-4e22-4844-9fb6-bd0bceb480a4" status: 200 len: 257 microversion: 1.28 [pid: 7|app: 0|req: 328/654] 199.19.213.156 () {34 vars in 863 bytes} [Mon May 18 18:56:55 2026] GET /allocations/1031a95d-4e22-4844-9fb6-bd0bceb480a4 => generated 257 bytes in 11 msecs (HTTP/1.1 200) 8 headers in 296 bytes (1 switches on core 0)
2026-05-18 18:56:56.656 7 INFO placement.requestlog [None req-2fb787a7-5c58-4419-81df-41758de15f3e - - - - - -] 10.0.0.214 "GET /" status: 200 len: 136 microversion: 1.0
2026-05-18 18:56:56.657 8 INFO placement.requestlog [None req-67dc500b-7b0f-45f5-ad3c-8659e12ca164 - - - - - -] 10.0.0.214 "GET /" status: 200 len: 136 microversion: 1.0
2026-05-18 18:56:57.656 7 INFO placement.requestlog [None req-84e63694-dc3e-4795-93ea-ba6d85a3128e 4d342886c6174499b6ab985f5f2db056 fbe19afc0144483d844604f12ee4cb5a - - 22bed87055094a70a4cc13bd10ac2942 22bed87055094a70a4cc13bd10ac2942] 10.0.0.184 "GET /resource_providers/b91ecd3a-f1b4-4c89-aad2-18170e86d723/aggregates" status: 404 len: 235 microversion: 1.1 [pid: 7|app: 0|req: 330/657] 10.0.0.184 () {32 vars in 816 bytes} [Mon May 18 18:56:57 2026] GET /resource_providers/b91ecd3a-f1b4-4c89-aad2-18170e86d723/aggregates => generated 235 bytes in 13 msecs (HTTP/1.1 404) 5 headers in 202 bytes (1 switches on core 0)
2026-05-18 18:56:57.657 8 INFO placement.requestlog [None req-68367b90-0704-4d2d-9d1d-d1ed81680257 4d342886c6174499b6ab985f5f2db056 fbe19afc0144483d844604f12ee4cb5a - - 22bed87055094a70a4cc13bd10ac2942 22bed87055094a70a4cc13bd10ac2942] 10.0.0.184 "GET /resource_providers/b91ecd3a-f1b4-4c89-aad2-18170e86d723/aggregates" status: 404 len: 235 microversion: 1.1 [pid: 8|app: 0|req: 328/658] 10.0.0.184 () {32 vars in 816 bytes} [Mon May 18 18:56:57 2026] GET /resource_providers/b91ecd3a-f1b4-4c89-aad2-18170e86d723/aggregates => generated 235 bytes in 9 msecs (HTTP/1.1 404) 5 headers in 202 bytes (1 switches on core 0)
2026-05-18 18:56:57.685 7 INFO placement.requestlog [None req-1d768ea5-c016-417f-b8be-9ed6734806ea 4d342886c6174499b6ab985f5f2db056 fbe19afc0144483d844604f12ee4cb5a - - 22bed87055094a70a4cc13bd10ac2942 22bed87055094a70a4cc13bd10ac2942] 10.0.0.184 "DELETE /resource_providers/b91ecd3a-f1b4-4c89-aad2-18170e86d723" status: 404 len: 246 microversion: 1.1 [pid: 7|app: 0|req: 331/659] 10.0.0.184 () {34 vars in 816 bytes} [Mon May 18 18:56:57 2026] DELETE /resource_providers/b91ecd3a-f1b4-4c89-aad2-18170e86d723 => generated 246 bytes in 9 msecs (HTTP/1.1 404) 6 headers in 231 bytes (1 switches on core 0)
2026-05-18 18:56:57.692 8 INFO placement.requestlog [None req-f08cacc9-4b50-4160-a859-0b657b00c845 4d342886c6174499b6ab985f5f2db056 fbe19afc0144483d844604f12ee4cb5a - - 22bed87055094a70a4cc13bd10ac2942 22bed87055094a70a4cc13bd10ac2942] 10.0.0.184 "DELETE /resource_providers/b91ecd3a-f1b4-4c89-aad2-18170e86d723" status: 404 len: 246 microversion: 1.1 [pid: 8|app: 0|req: 329/660] 10.0.0.184 () {34 vars in 816 bytes} [Mon May 18 18:56:57 2026] DELETE /resource_providers/b91ecd3a-f1b4-4c89-aad2-18170e86d723 => generated 246 bytes in 16 msecs (HTTP/1.1 404) 6 headers in 231 bytes (1 switches on core 0)
2026-05-18 18:56:59.713 7 INFO placement.requestlog [None req-a32e3c73-a094-4791-9ba6-dce4f27e90ce 4d342886c6174499b6ab985f5f2db056 fbe19afc0144483d844604f12ee4cb5a - - 22bed87055094a70a4cc13bd10ac2942 22bed87055094a70a4cc13bd10ac2942] 10.0.0.184 "GET /resource_providers/176eefea-7192-406b-bdb3-e9d2a6c03da7/aggregates" status: 404 len: 235 microversion: 1.1 [pid: 7|app: 0|req: 332/661] 10.0.0.184 () {32 vars in 816 bytes} [Mon May 18 18:56:59 2026] GET /resource_providers/176eefea-7192-406b-bdb3-e9d2a6c03da7/aggregates => generated 235 bytes in 10 msecs (HTTP/1.1 404) 5 headers in 202 bytes (1 switches on core 0)
2026-05-18 18:56:59.725 7 INFO placement.requestlog [None req-0c11bc98-2700-4c9c-b2f2-08197e4c0e51 4d342886c6174499b6ab985f5f2db056 fbe19afc0144483d844604f12ee4cb5a - - 22bed87055094a70a4cc13bd10ac2942 22bed87055094a70a4cc13bd10ac2942] 10.0.0.184 "DELETE /resource_providers/176eefea-7192-406b-bdb3-e9d2a6c03da7" status: 404 len: 246 microversion: 1.1 [pid: 7|app: 0|req: 333/662] 10.0.0.184 () {34 vars in 816 bytes} [Mon May 18 18:56:59 2026] DELETE /resource_providers/176eefea-7192-406b-bdb3-e9d2a6c03da7 => generated 246 bytes in 6 msecs (HTTP/1.1 404) 6 headers in 231 bytes (1 switches on core 0)
2026-05-18 18:56:59.728 8 INFO placement.requestlog [None req-c0a1fc3e-a049-4bb8-a3da-530a8112c6f6 4d342886c6174499b6ab985f5f2db056 fbe19afc0144483d844604f12ee4cb5a - - 22bed87055094a70a4cc13bd10ac2942 22bed87055094a70a4cc13bd10ac2942] 10.0.0.184 "GET /resource_providers/176eefea-7192-406b-bdb3-e9d2a6c03da7/aggregates" status: 404 len: 235 microversion: 1.1 [pid: 8|app: 0|req: 330/663] 10.0.0.184 () {32 vars in 816 bytes} [Mon May 18 18:56:59 2026] GET /resource_providers/176eefea-7192-406b-bdb3-e9d2a6c03da7/aggregates => generated 235 bytes in 24 msecs (HTTP/1.1 404) 5 headers in 202 bytes (1 switches on core 0)
2026-05-18 18:56:59.744 7 INFO placement.requestlog [None req-b9721922-a89d-4f3b-b531-3df65fe078b2 4d342886c6174499b6ab985f5f2db056 fbe19afc0144483d844604f12ee4cb5a - - 22bed87055094a70a4cc13bd10ac2942 22bed87055094a70a4cc13bd10ac2942] 10.0.0.184 "DELETE /resource_providers/176eefea-7192-406b-bdb3-e9d2a6c03da7" status: 404 len: 246 microversion: 1.1 [pid: 7|app: 0|req: 334/664] 10.0.0.184 () {34 vars in 816 bytes} [Mon May 18 18:56:59 2026] DELETE /resource_providers/176eefea-7192-406b-bdb3-e9d2a6c03da7 => generated 246 bytes in 8 msecs (HTTP/1.1 404) 6 headers in 231 bytes (1 switches on core 0)
2026-05-18 18:57:02.531 8 INFO placement.requestlog [req-6c7e0afd-4e1a-4be3-a415-69acbac4eb6a req-57e713e7-4fd0-495e-9947-6731cce8c9d3 e24d3abb00a748db93551ae3c7129ed9 fbe19afc0144483d844604f12ee4cb5a - - 22bed87055094a70a4cc13bd10ac2942 22bed87055094a70a4cc13bd10ac2942] 199.19.213.156 "GET /resource_providers/06625ad1-9ebc-46c7-9272-24f5b04d6495/allocations" status: 200 len: 338 microversion: 1.0 [pid: 8|app: 0|req: 331/665] 199.19.213.156 () {32 vars in 857 bytes} [Mon May 18 18:57:02 2026] GET /resource_providers/06625ad1-9ebc-46c7-9272-24f5b04d6495/allocations => generated 338 bytes in 21 msecs (HTTP/1.1 200) 6 headers in 224 bytes (1 switches on core 0)
2026-05-18 18:57:02.565 7 INFO placement.requestlog [req-6c7e0afd-4e1a-4be3-a415-69acbac4eb6a req-48c9d290-606d-4a31-b959-89b8780cadb7 e24d3abb00a748db93551ae3c7129ed9 fbe19afc0144483d844604f12ee4cb5a - - 22bed87055094a70a4cc13bd10ac2942 22bed87055094a70a4cc13bd10ac2942] 199.19.213.156 "GET /resource_providers/06625ad1-9ebc-46c7-9272-24f5b04d6495/allocations" status: 200 len: 338 microversion: 1.0 [pid: 7|app: 0|req: 335/666] 199.19.213.156 () {32 vars in 857 bytes} [Mon May 18 18:57:02 2026] GET /resource_providers/06625ad1-9ebc-46c7-9272-24f5b04d6495/allocations => generated 338 bytes in 28 msecs (HTTP/1.1 200) 6 headers in 224 bytes (1 switches on core 0)
2026-05-18 18:57:02.584 8 INFO placement.requestlog [req-6c7e0afd-4e1a-4be3-a415-69acbac4eb6a req-3c190910-bfd0-4fd1-a0f9-9fb1a64a1f66 e24d3abb00a748db93551ae3c7129ed9 fbe19afc0144483d844604f12ee4cb5a - - 22bed87055094a70a4cc13bd10ac2942 22bed87055094a70a4cc13bd10ac2942] 199.19.213.156 "GET /allocations/6541deab-0f4a-4913-bea2-928b67870cac" status: 200 len: 257 microversion: 1.28 [pid: 8|app: 0|req: 332/667] 199.19.213.156 () {34 vars in 863 bytes} [Mon May 18 18:57:02 2026] GET /allocations/6541deab-0f4a-4913-bea2-928b67870cac => generated 257 bytes in 13 msecs (HTTP/1.1 200) 8 headers in 296 bytes (1 switches on core 0)
2026-05-18 18:57:02.606 7 INFO placement.requestlog [req-6c7e0afd-4e1a-4be3-a415-69acbac4eb6a req-afca94bd-84bc-476e-af01-2cd1eceab613 e24d3abb00a748db93551ae3c7129ed9 fbe19afc0144483d844604f12ee4cb5a - - 22bed87055094a70a4cc13bd10ac2942 22bed87055094a70a4cc13bd10ac2942] 199.19.213.156 "GET /allocations/a89bbfac-d173-463b-a27f-5a0b14f6b4f2" status: 200 len: 243 microversion: 1.28 [pid: 7|app: 0|req: 336/668] 199.19.213.156 () {34 vars in 863 bytes} [Mon May 18 18:57:02 2026] GET /allocations/a89bbfac-d173-463b-a27f-5a0b14f6b4f2 => generated 243 bytes in 15 msecs (HTTP/1.1 200) 8 headers in 296 bytes (1 switches on core 0)
2026-05-18 18:57:02.629 8 INFO placement.requestlog [req-6c7e0afd-4e1a-4be3-a415-69acbac4eb6a req-677185f4-c5a1-4c9d-8662-3c3161bb0fdf e24d3abb00a748db93551ae3c7129ed9 fbe19afc0144483d844604f12ee4cb5a - - 22bed87055094a70a4cc13bd10ac2942 22bed87055094a70a4cc13bd10ac2942] 199.19.213.156 "GET /allocations/1031a95d-4e22-4844-9fb6-bd0bceb480a4" status: 200 len: 257 microversion: 1.28 [pid: 8|app: 0|req: 333/669] 199.19.213.156 () {34 vars in 863 bytes} [Mon May 18 18:57:02 2026] GET /allocations/1031a95d-4e22-4844-9fb6-bd0bceb480a4 => generated 257 bytes in 12 msecs (HTTP/1.1 200) 8 headers in 296 bytes (1 switches on core 0)
2026-05-18 18:57:05.419 7 INFO placement.requestlog [req-3eeff944-96f5-41e3-97cf-5f096a89343e req-f320ce5d-524a-42d4-b460-13a3539aa012 e24d3abb00a748db93551ae3c7129ed9 fbe19afc0144483d844604f12ee4cb5a - - 22bed87055094a70a4cc13bd10ac2942 22bed87055094a70a4cc13bd10ac2942] 10.0.0.61 "GET /allocation_candidates?limit=1000&resources=DISK_GB%3A1%2CMEMORY_MB%3A512%2CVCPU%3A1&root_required=%21COMPUTE_STATUS_DISABLED" status: 200 len: 2784 microversion: 1.36 [pid: 7|app: 0|req: 337/670] 10.0.0.61 () {34 vars in 1011 bytes} [Mon May 18 18:57:05 2026] GET /allocation_candidates?limit=1000&resources=DISK_GB%3A1%2CMEMORY_MB%3A512%2CVCPU%3A1&root_required=%21COMPUTE_STATUS_DISABLED => generated 2784 bytes in 75 msecs (HTTP/1.1 200) 8 headers in 297 bytes (1 switches on core 0)
2026-05-18 18:57:05.451 8 INFO placement.requestlog [req-3eeff944-96f5-41e3-97cf-5f096a89343e req-a9715485-ade6-4ad5-869c-681f2af2d0ea e24d3abb00a748db93551ae3c7129ed9 fbe19afc0144483d844604f12ee4cb5a - - 22bed87055094a70a4cc13bd10ac2942 22bed87055094a70a4cc13bd10ac2942] 10.0.0.61 "GET /allocations/03f2e825-88f4-4a09-8353-cf7a537fcf7b" status: 200 len: 19 microversion: 1.28 [pid: 8|app: 0|req: 334/671] 10.0.0.61 () {34 vars in 860 bytes} [Mon May 18 18:57:05 2026] GET /allocations/03f2e825-88f4-4a09-8353-cf7a537fcf7b => generated 19 bytes in 10 msecs (HTTP/1.1 200) 8 headers in 295 bytes (1 switches on core 0)
2026-05-18 18:57:05.529 7 INFO placement.requestlog [req-3eeff944-96f5-41e3-97cf-5f096a89343e req-d2ebe967-69fa-417e-9bcc-fb483ba067b3 e24d3abb00a748db93551ae3c7129ed9 fbe19afc0144483d844604f12ee4cb5a - - 22bed87055094a70a4cc13bd10ac2942 22bed87055094a70a4cc13bd10ac2942] 10.0.0.61 "PUT /allocations/03f2e825-88f4-4a09-8353-cf7a537fcf7b" status: 204 len: 0 microversion: 1.36 [pid: 7|app: 0|req: 338/672] 10.0.0.61 () {38 vars in 913 bytes} [Mon May 18 18:57:05 2026] PUT /allocations/03f2e825-88f4-4a09-8353-cf7a537fcf7b => generated 0 bytes in 73 msecs (HTTP/1.1 204) 5 headers in 199 bytes (1 switches on core 0)
2026-05-18 18:57:06.656 8 INFO placement.requestlog [None req-30fe8977-09e6-44b8-ad23-b9cd988fceb7 - - - - - -] 10.0.0.214 "GET /" status: 200 len: 136 microversion: 1.0
2026-05-18 18:57:06.657 7 INFO placement.requestlog [None req-f29d33a7-fa52-49a0-a0eb-c48e505b06d0 - - - - - -] 10.0.0.214 "GET /" status: 200 len: 136 microversion: 1.0
2026-05-18 18:57:07.014 8 INFO placement.requestlog [req-3eeff944-96f5-41e3-97cf-5f096a89343e req-3c39fbaa-cfb8-4d97-beec-98fc517da751 e24d3abb00a748db93551ae3c7129ed9 fbe19afc0144483d844604f12ee4cb5a - - 22bed87055094a70a4cc13bd10ac2942 22bed87055094a70a4cc13bd10ac2942] 199.19.213.156 "GET /allocations/03f2e825-88f4-4a09-8353-cf7a537fcf7b" status: 200 len: 257 microversion: 1.28 [pid: 8|app: 0|req: 336/675] 199.19.213.156 () {34 vars in 863 bytes} [Mon May 18 18:57:06 2026] GET /allocations/03f2e825-88f4-4a09-8353-cf7a537fcf7b => generated 257 bytes in 26 msecs (HTTP/1.1 200) 8 headers in 296 bytes (1 switches on core 0)
2026-05-18 18:57:08.057 7 INFO placement.requestlog [req-3eeff944-96f5-41e3-97cf-5f096a89343e req-2d2ecee4-9aaa-4a9e-a2ac-5fcfb014cf85 e24d3abb00a748db93551ae3c7129ed9 fbe19afc0144483d844604f12ee4cb5a - - 22bed87055094a70a4cc13bd10ac2942 22bed87055094a70a4cc13bd10ac2942] 199.19.213.156 "GET /resource_providers/06625ad1-9ebc-46c7-9272-24f5b04d6495/allocations" status: 200 len: 438 microversion: 1.0 [pid: 7|app: 0|req: 340/676] 199.19.213.156 () {32 vars in 857 bytes} [Mon May 18 18:57:08 2026] GET /resource_providers/06625ad1-9ebc-46c7-9272-24f5b04d6495/allocations => generated 438 bytes in 16 msecs (HTTP/1.1 200) 6 headers in 224 bytes (1 switches on core 0)
2026-05-18 18:57:08.093 8 INFO placement.requestlog [req-3eeff944-96f5-41e3-97cf-5f096a89343e req-0bee7dcc-3983-41dd-b3fd-ec90842661c9 e24d3abb00a748db93551ae3c7129ed9 fbe19afc0144483d844604f12ee4cb5a - - 22bed87055094a70a4cc13bd10ac2942 22bed87055094a70a4cc13bd10ac2942] 199.19.213.156 "GET /allocations/6541deab-0f4a-4913-bea2-928b67870cac" status: 200 len: 257 microversion: 1.28 [pid: 8|app: 0|req: 337/677] 199.19.213.156 () {34 vars in 863 bytes} [Mon May 18 18:57:08 2026] GET /allocations/6541deab-0f4a-4913-bea2-928b67870cac => generated 257 bytes in 31 msecs (HTTP/1.1 200) 8 headers in 296 bytes (1 switches on core 0)
2026-05-18 18:57:08.112 7 INFO placement.requestlog [req-3eeff944-96f5-41e3-97cf-5f096a89343e req-087e54ac-6a5f-443d-801d-c74d7267ce92 e24d3abb00a748db93551ae3c7129ed9 fbe19afc0144483d844604f12ee4cb5a - - 22bed87055094a70a4cc13bd10ac2942 22bed87055094a70a4cc13bd10ac2942] 199.19.213.156 "GET /allocations/a89bbfac-d173-463b-a27f-5a0b14f6b4f2" status: 200 len: 243 microversion: 1.28 [pid: 7|app: 0|req: 341/678] 199.19.213.156 () {34 vars in 863 bytes} [Mon May 18 18:57:08 2026] GET /allocations/a89bbfac-d173-463b-a27f-5a0b14f6b4f2 => generated 243 bytes in 11 msecs (HTTP/1.1 200) 8 headers in 296 bytes (1 switches on core 0)
2026-05-18 18:57:08.144 8 INFO placement.requestlog [req-3eeff944-96f5-41e3-97cf-5f096a89343e req-3e246f90-ede3-4f86-b740-519cf02008da e24d3abb00a748db93551ae3c7129ed9 fbe19afc0144483d844604f12ee4cb5a - - 22bed87055094a70a4cc13bd10ac2942 22bed87055094a70a4cc13bd10ac2942] 199.19.213.156 "GET /allocations/1031a95d-4e22-4844-9fb6-bd0bceb480a4" status: 200 len: 257 microversion: 1.28 [pid: 8|app: 0|req: 338/679] 199.19.213.156 () {34 vars in 863 bytes} [Mon May 18 18:57:08 2026] GET /allocations/1031a95d-4e22-4844-9fb6-bd0bceb480a4 => generated 257 bytes in 24 msecs (HTTP/1.1 200) 8 headers in 296 bytes (1 switches on core 0)
2026-05-18 18:57:08.161 7 INFO placement.requestlog [req-3eeff944-96f5-41e3-97cf-5f096a89343e req-4f5f366c-8391-461e-b87a-f65af1dab80c e24d3abb00a748db93551ae3c7129ed9 fbe19afc0144483d844604f12ee4cb5a - - 22bed87055094a70a4cc13bd10ac2942 22bed87055094a70a4cc13bd10ac2942] 199.19.213.156 "GET /allocations/03f2e825-88f4-4a09-8353-cf7a537fcf7b" status: 200 len: 257 microversion: 1.28 [pid: 7|app: 0|req: 342/680] 199.19.213.156 () {34 vars in 863 bytes} [Mon May 18 18:57:08 2026] GET /allocations/03f2e825-88f4-4a09-8353-cf7a537fcf7b => generated 257 bytes in 9 msecs (HTTP/1.1 200) 8 headers in 296 bytes (1 switches on core 0)
2026-05-18 18:57:09.470 8 INFO placement.requestlog [req-28e8b769-8e9e-4a2c-9571-04aef4e9306c req-d487665b-2f8d-4028-bc34-39da42ad42d2 e24d3abb00a748db93551ae3c7129ed9 fbe19afc0144483d844604f12ee4cb5a - - 22bed87055094a70a4cc13bd10ac2942 22bed87055094a70a4cc13bd10ac2942] 199.19.213.156 "GET /resource_providers/06625ad1-9ebc-46c7-9272-24f5b04d6495/allocations" status: 200 len: 438 microversion: 1.0 [pid: 8|app: 0|req: 339/681] 199.19.213.156 () {32 vars in 857 bytes} [Mon May 18 18:57:09 2026] GET /resource_providers/06625ad1-9ebc-46c7-9272-24f5b04d6495/allocations => generated 438 bytes in 32 msecs (HTTP/1.1 200) 6 headers in 224 bytes (1 switches on core 0)
2026-05-18 18:57:09.492 7 INFO placement.requestlog [req-28e8b769-8e9e-4a2c-9571-04aef4e9306c req-1241a728-6bec-4015-bfd6-b4ca066a8659 e24d3abb00a748db93551ae3c7129ed9 fbe19afc0144483d844604f12ee4cb5a - - 22bed87055094a70a4cc13bd10ac2942 22bed87055094a70a4cc13bd10ac2942] 199.19.213.156 "GET /allocations/6541deab-0f4a-4913-bea2-928b67870cac" status: 200 len: 257 microversion: 1.28 [pid: 7|app: 0|req: 343/682] 199.19.213.156 () {34 vars in 863 bytes} [Mon May 18 18:57:09 2026] GET /allocations/6541deab-0f4a-4913-bea2-928b67870cac => generated 257 bytes in 14 msecs (HTTP/1.1 200) 8 headers in 296 bytes (1 switches on core 0)
2026-05-18 18:57:09.514 8 INFO placement.requestlog [req-28e8b769-8e9e-4a2c-9571-04aef4e9306c req-b6f78ee5-6a3a-48a7-947e-1c1c2533d29f e24d3abb00a748db93551ae3c7129ed9 fbe19afc0144483d844604f12ee4cb5a - - 22bed87055094a70a4cc13bd10ac2942 22bed87055094a70a4cc13bd10ac2942] 199.19.213.156 "GET /allocations/a89bbfac-d173-463b-a27f-5a0b14f6b4f2" status: 200 len: 243 microversion: 1.28 [pid: 8|app: 0|req: 340/683] 199.19.213.156 () {34 vars in 863 bytes} [Mon May 18 18:57:09 2026] GET /allocations/a89bbfac-d173-463b-a27f-5a0b14f6b4f2 => generated 243 bytes in 13 msecs (HTTP/1.1 200) 8 headers in 296 bytes (1 switches on core 0)
2026-05-18 18:57:09.533 7 INFO placement.requestlog [req-28e8b769-8e9e-4a2c-9571-04aef4e9306c req-7a1e022f-92c9-4c1c-aa00-ec611bcdeae1 e24d3abb00a748db93551ae3c7129ed9 fbe19afc0144483d844604f12ee4cb5a - - 22bed87055094a70a4cc13bd10ac2942 22bed87055094a70a4cc13bd10ac2942] 199.19.213.156 "GET /allocations/1031a95d-4e22-4844-9fb6-bd0bceb480a4" status: 200 len: 257 microversion: 1.28 [pid: 7|app: 0|req: 344/684] 199.19.213.156 () {34 vars in 863 bytes} [Mon May 18 18:57:09 2026] GET /allocations/1031a95d-4e22-4844-9fb6-bd0bceb480a4 => generated 257 bytes in 14 msecs (HTTP/1.1 200) 8 headers in 296 bytes (1 switches on core 0)
2026-05-18 18:57:09.552 8 INFO placement.requestlog [req-28e8b769-8e9e-4a2c-9571-04aef4e9306c req-36c24d27-a590-4347-be4c-521c49a9b653 e24d3abb00a748db93551ae3c7129ed9 fbe19afc0144483d844604f12ee4cb5a - - 22bed87055094a70a4cc13bd10ac2942 22bed87055094a70a4cc13bd10ac2942] 199.19.213.156 "GET /allocations/03f2e825-88f4-4a09-8353-cf7a537fcf7b" status: 200 len: 257 microversion: 1.28 [pid: 8|app: 0|req: 341/685] 199.19.213.156 () {34 vars in 863 bytes} [Mon May 18 18:57:09 2026] GET /allocations/03f2e825-88f4-4a09-8353-cf7a537fcf7b => generated 257 bytes in 15 msecs (HTTP/1.1 200) 8 headers in 296 bytes (1 switches on core 0)
