2026-08-14 09:48:15.129 7 INFO neutron.plugins.ml2.drivers.ovn.mech_driver.mech_driver [None req-79232066-9c91-4b06-bf44-9ae5f1bafdbd - - - - - -] OVN reports status down for port: 5590c1b9-e72e-4cb6-8dfb-1f43e3b8ee9d [pid: 8|app: 0|req: 1031/2104] 10.0.0.9 () {34 vars in 988 bytes} [Fri Aug 14 09:48:15 2026] GET /v2.0/ports?device_id=fa20afd4-05f4-475c-a4c6-959ade678329 => generated 971 bytes in 36 msecs (HTTP/1.1 200) 4 headers in 157 bytes (1 switches on core 0) [pid: 8|app: 0|req: 1032/2105] 10.0.0.9 () {34 vars in 1038 bytes} [Fri Aug 14 09:48:15 2026] GET /v2.0/security-groups?id=084da2b8-d06b-421f-a63e-e639e8a7e036&fields=id&fields=name => generated 113 bytes in 37 msecs (HTTP/1.1 200) 4 headers in 157 bytes (1 switches on core 0)
2026-08-14 09:48:15.337 7 WARNING neutron.scheduler.dhcp_agent_scheduler [None req-d1e08366-9e4f-402f-b377-aacb693ddbde b078137e2c3046e5aa35c5276b46bc97 14090fb43d2f40f897947e63bf338677 - - default default] No more DHCP agents
2026-08-14 09:48:15.344 7 WARNING neutron.api.rpc.agentnotifiers.dhcp_rpc_agent_api [None req-d1e08366-9e4f-402f-b377-aacb693ddbde b078137e2c3046e5aa35c5276b46bc97 14090fb43d2f40f897947e63bf338677 - - default default] Unable to schedule network 09e18972-5d56-4b89-8a89-25fdcfb582f4: no agents available; will retry on subsequent port and subnet creation events.
2026-08-14 09:48:15.395 7 INFO neutron.notifiers.nova [-] Nova event matching ['req-8b3c1652-9d02-4390-b3a6-1dd514db1258'] response: {'server_uuid': 'fa20afd4-05f4-475c-a4c6-959ade678329', 'name': 'network-vif-unplugged', 'status': 'completed', 'tag': '5590c1b9-e72e-4cb6-8dfb-1f43e3b8ee9d', 'code': 200}
2026-08-14 09:48:15.534 7 INFO neutron.db.ovn_revision_numbers_db [None req-d1e08366-9e4f-402f-b377-aacb693ddbde b078137e2c3046e5aa35c5276b46bc97 14090fb43d2f40f897947e63bf338677 - - default default] Successfully bumped revision number for resource 281fd2e4-e7a9-42f2-ba3a-1fe5aec1be3e (type: ports) to 1
2026-08-14 09:48:15.626 7 INFO neutron.db.ovn_revision_numbers_db [None req-79232066-9c91-4b06-bf44-9ae5f1bafdbd - - - - - -] Successfully bumped revision number for resource 5590c1b9-e72e-4cb6-8dfb-1f43e3b8ee9d (type: ports) to 8 [pid: 7|app: 0|req: 1074/2106] 10.0.0.32 () {34 vars in 663 bytes} [Fri Aug 14 09:48:14 2026] POST /v2.0/ports => generated 743 bytes in 643 msecs (HTTP/1.1 201) 4 headers in 162 bytes (1 switches on core 0)
2026-08-14 09:48:15.694 7 INFO neutron.plugins.ml2.drivers.ovn.mech_driver.mech_driver [None req-333d9be5-2a1b-43a9-a0e1-5f9a6567cc55 - - - - - -] OVN reports status down for port: 281fd2e4-e7a9-42f2-ba3a-1fe5aec1be3e [pid: 8|app: 0|req: 1033/2107] 10.0.0.32 () {34 vars in 746 bytes} [Fri Aug 14 09:48:15 2026] PUT /v2.0/ports/6c463ecd-5908-46fc-b476-5ec20d45da26/tags => generated 17 bytes in 63 msecs (HTTP/1.1 200) 4 headers in 156 bytes (1 switches on core 0) /var/lib/openstack/lib/python3.12/site-packages/pycadf/identifier.py:70: UserWarning: Invalid uuid: neutron. To ensure interoperability, identifiers should be a valid uuid. warnings.warn(('Invalid uuid: %s. To ensure interoperability, ' [pid: 7|app: 0|req: 1075/2108] 10.0.0.32 () {34 vars in 746 bytes} [Fri Aug 14 09:48:15 2026] PUT /v2.0/ports/36e17f8a-2df2-49a3-85c4-22d6a925d4a3/tags => generated 25 bytes in 97 msecs (HTTP/1.1 200) 4 headers in 156 bytes (1 switches on core 0) /var/lib/openstack/lib/python3.12/site-packages/pycadf/identifier.py:70: UserWarning: Invalid uuid: neutron. To ensure interoperability, identifiers should be a valid uuid. warnings.warn(('Invalid uuid: %s. To ensure interoperability, ' [pid: 8|app: 0|req: 1034/2109] 10.0.0.32 () {34 vars in 746 bytes} [Fri Aug 14 09:48:15 2026] PUT /v2.0/ports/a601011e-8be6-4c30-8607-358215385ae2/tags => generated 34 bytes in 61 msecs (HTTP/1.1 200) 4 headers in 156 bytes (1 switches on core 0) /var/lib/openstack/lib/python3.12/site-packages/pycadf/identifier.py:70: UserWarning: Invalid uuid: neutron. To ensure interoperability, identifiers should be a valid uuid. warnings.warn(('Invalid uuid: %s. To ensure interoperability, ' [pid: 7|app: 0|req: 1076/2110] 10.0.0.32 () {34 vars in 746 bytes} [Fri Aug 14 09:48:15 2026] PUT /v2.0/ports/f896b233-ee36-433d-86e7-66bdf2899709/tags => generated 19 bytes in 61 msecs (HTTP/1.1 200) 4 headers in 156 bytes (1 switches on core 0) /var/lib/openstack/lib/python3.12/site-packages/pycadf/identifier.py:70: UserWarning: Invalid uuid: neutron. To ensure interoperability, identifiers should be a valid uuid. warnings.warn(('Invalid uuid: %s. To ensure interoperability, ' [pid: 8|app: 0|req: 1035/2111] 10.0.0.32 () {32 vars in 659 bytes} [Fri Aug 14 09:48:15 2026] GET /v2.0/ports?tags=red => generated 2253 bytes in 152 msecs (HTTP/1.1 200) 4 headers in 158 bytes (1 switches on core 0) /var/lib/openstack/lib/python3.12/site-packages/pycadf/identifier.py:70: UserWarning: Invalid uuid: neutron. To ensure interoperability, identifiers should be a valid uuid. warnings.warn(('Invalid uuid: %s. To ensure interoperability, ' [pid: 7|app: 0|req: 1077/2112] 10.0.0.32 () {32 vars in 673 bytes} [Fri Aug 14 09:48:16 2026] GET /v2.0/ports?tags=red%2Cblue => generated 1513 bytes in 76 msecs (HTTP/1.1 200) 4 headers in 158 bytes (1 switches on core 0) [pid: 8|app: 0|req: 1036/2113] 10.0.0.32 () {32 vars in 669 bytes} [Fri Aug 14 09:48:16 2026] GET /v2.0/ports?tags-any=blue => generated 1513 bytes in 64 msecs (HTTP/1.1 200) 4 headers in 158 bytes (1 switches on core 0) [pid: 7|app: 0|req: 1078/2114] 10.0.0.32 () {32 vars in 681 bytes} [Fri Aug 14 09:48:16 2026] GET /v2.0/ports?tags-any=red%2Cblue => generated 2253 bytes in 69 msecs (HTTP/1.1 200) 4 headers in 158 bytes (1 switches on core 0) [pid: 8|app: 0|req: 1037/2115] 199.204.45.238 () {34 vars in 994 bytes} [Fri Aug 14 09:48:16 2026] GET /v2.0/ports?device_id=fa20afd4-05f4-475c-a4c6-959ade678329 => generated 969 bytes in 36 msecs (HTTP/1.1 200) 4 headers in 157 bytes (1 switches on core 0) [pid: 7|app: 0|req: 1079/2116] 10.0.0.32 () {32 vars in 667 bytes} [Fri Aug 14 09:48:16 2026] GET /v2.0/ports?not-tags=red => generated 5268 bytes in 100 msecs (HTTP/1.1 200) 4 headers in 158 bytes (1 switches on core 0)
2026-08-14 09:48:16.463 8 INFO neutron_taas.services.taas.taas_plugin [req-2d28d766-da39-4586-8fdc-a94e8f0a8b83 req-70ef9d2c-0284-4ee6-a703-8a3b55ef7b91 f1d0130c57204724b8f88e103f553481 7a5dbd0989ef4097b089a983e104ddc6 - - default default] TaaS: Handle Delete Port: 5590c1b9-e72e-4cb6-8dfb-1f43e3b8ee9d
2026-08-14 09:48:16.466 8 INFO neutron_taas.services.taas.tap_mirror_plugin [req-2d28d766-da39-4586-8fdc-a94e8f0a8b83 req-70ef9d2c-0284-4ee6-a703-8a3b55ef7b91 f1d0130c57204724b8f88e103f553481 7a5dbd0989ef4097b089a983e104ddc6 - - default default] Tap Mirror: Handle Delete Port: 5590c1b9-e72e-4cb6-8dfb-1f43e3b8ee9d [pid: 7|app: 0|req: 1080/2117] 10.0.0.9 () {34 vars in 988 bytes} [Fri Aug 14 09:48:16 2026] GET /v2.0/ports?device_id=fa20afd4-05f4-475c-a4c6-959ade678329 => generated 969 bytes in 94 msecs (HTTP/1.1 200) 4 headers in 157 bytes (1 switches on core 0) [pid: 7|app: 0|req: 1081/2118] 10.0.0.32 () {32 vars in 681 bytes} [Fri Aug 14 09:48:16 2026] GET /v2.0/ports?not-tags=red%2Cblue => generated 6008 bytes in 106 msecs (HTTP/1.1 200) 4 headers in 158 bytes (1 switches on core 0) [pid: 7|app: 0|req: 1082/2119] 10.0.0.9 () {34 vars in 1038 bytes} [Fri Aug 14 09:48:16 2026] GET /v2.0/security-groups?id=084da2b8-d06b-421f-a63e-e639e8a7e036&fields=id&fields=name => generated 113 bytes in 31 msecs (HTTP/1.1 200) 4 headers in 157 bytes (1 switches on core 0)
2026-08-14 09:48:16.714 8 INFO neutron.db.l3_db [req-2d28d766-da39-4586-8fdc-a94e8f0a8b83 req-70ef9d2c-0284-4ee6-a703-8a3b55ef7b91 f1d0130c57204724b8f88e103f553481 7a5dbd0989ef4097b089a983e104ddc6 - - default default] Floating IP 8b2235ab-1858-4f0f-a7eb-27dcea15f059 disassociated. External IP: 10.96.250.214, port: 5590c1b9-e72e-4cb6-8dfb-1f43e3b8ee9d. [pid: 7|app: 0|req: 1083/2120] 10.0.0.32 () {32 vars in 677 bytes} [Fri Aug 14 09:48:16 2026] GET /v2.0/ports?not-tags-any=blue => generated 6008 bytes in 89 msecs (HTTP/1.1 200) 4 headers in 158 bytes (1 switches on core 0) [pid: 8|app: 0|req: 1038/2121] 199.204.45.238 () {36 vars in 997 bytes} [Fri Aug 14 09:48:16 2026] DELETE /v2.0/ports/5590c1b9-e72e-4cb6-8dfb-1f43e3b8ee9d => generated 0 bytes in 504 msecs (HTTP/1.1 204) 3 headers in 131 bytes (1 switches on core 0) /var/lib/openstack/lib/python3.12/site-packages/pycadf/identifier.py:70: UserWarning: Invalid uuid: neutron. To ensure interoperability, identifiers should be a valid uuid. warnings.warn(('Invalid uuid: %s. To ensure interoperability, '
2026-08-14 09:48:16.899 8 INFO neutron.notifiers.nova [-] Nova event matching ['req-ada7b956-7778-4dbd-9dde-6fbafdb129b8'] response: {'server_uuid': 'fa20afd4-05f4-475c-a4c6-959ade678329', 'name': 'network-vif-deleted', 'tag': '5590c1b9-e72e-4cb6-8dfb-1f43e3b8ee9d', 'status': 'completed', 'code': 200}
2026-08-14 09:48:16.959 7 INFO neutron.db.ovn_revision_numbers_db [None req-2476f671-26b5-43aa-8da3-eebc6a7eda0e abe265e987134221a2571ee217f649bc a289be9c04604bcc9a38e1209d9bda41 - - default default] Successfully bumped revision number for resource 726bfbd0-9817-4f49-bfef-07442928656b (type: security_groups) to 1
2026-08-14 09:48:16.970 7 INFO neutron.db.ovn_revision_numbers_db [None req-2476f671-26b5-43aa-8da3-eebc6a7eda0e abe265e987134221a2571ee217f649bc a289be9c04604bcc9a38e1209d9bda41 - - default default] Successfully bumped revision number for resource 14242a0c-3525-4fe5-b7b6-d03ca09d4aca (type: security_group_rules) to 0
2026-08-14 09:48:16.979 7 INFO neutron.db.ovn_revision_numbers_db [None req-2476f671-26b5-43aa-8da3-eebc6a7eda0e abe265e987134221a2571ee217f649bc a289be9c04604bcc9a38e1209d9bda41 - - default default] Successfully bumped revision number for resource 2a7699df-aed1-4bcc-ac6b-db6d0d4a73b7 (type: security_group_rules) to 0
2026-08-14 09:48:16.987 7 INFO neutron.db.ovn_revision_numbers_db [None req-2476f671-26b5-43aa-8da3-eebc6a7eda0e abe265e987134221a2571ee217f649bc a289be9c04604bcc9a38e1209d9bda41 - - default default] Successfully bumped revision number for resource ad9e3f9c-2c8f-4214-813c-308b4f80f7eb (type: security_group_rules) to 0
2026-08-14 09:48:16.996 7 INFO neutron.db.ovn_revision_numbers_db [None req-2476f671-26b5-43aa-8da3-eebc6a7eda0e abe265e987134221a2571ee217f649bc a289be9c04604bcc9a38e1209d9bda41 - - default default] Successfully bumped revision number for resource f58f8454-221d-4212-9d9c-f0e7852f2826 (type: security_group_rules) to 0 [pid: 8|app: 0|req: 1039/2122] 10.0.0.32 () {32 vars in 689 bytes} [Fri Aug 14 09:48:16 2026] GET /v2.0/ports?not-tags-any=red%2Cblue => generated 5268 bytes in 158 msecs (HTTP/1.1 200) 4 headers in 158 bytes (1 switches on core 0) [pid: 7|app: 0|req: 1084/2123] 10.0.0.32 () {32 vars in 773 bytes} [Fri Aug 14 09:48:16 2026] GET /v2.0/security-groups?tenant_id=ca3abc373c084af4961ffd0625294a34&name=default => generated 2925 bytes in 274 msecs (HTTP/1.1 200) 4 headers in 158 bytes (1 switches on core 0)
2026-08-14 09:48:17.132 8 INFO neutron_taas.services.taas.taas_plugin [None req-6b382d05-bbff-4696-adbb-1d2152c6a165 b078137e2c3046e5aa35c5276b46bc97 14090fb43d2f40f897947e63bf338677 - - default default] TaaS: Handle Delete Port: 6c463ecd-5908-46fc-b476-5ec20d45da26
2026-08-14 09:48:17.135 8 INFO neutron_taas.services.taas.tap_mirror_plugin [None req-6b382d05-bbff-4696-adbb-1d2152c6a165 b078137e2c3046e5aa35c5276b46bc97 14090fb43d2f40f897947e63bf338677 - - default default] Tap Mirror: Handle Delete Port: 6c463ecd-5908-46fc-b476-5ec20d45da26 [pid: 7|app: 0|req: 1085/2124] 10.0.0.32 () {32 vars in 739 bytes} [Fri Aug 14 09:48:17 2026] DELETE /v2.0/security-groups/726bfbd0-9817-4f49-bfef-07442928656b => generated 0 bytes in 207 msecs (HTTP/1.1 204) 2 headers in 112 bytes (1 switches on core 0) [pid: 8|app: 0|req: 1040/2125] 10.0.0.32 () {32 vars in 719 bytes} [Fri Aug 14 09:48:17 2026] DELETE /v2.0/ports/6c463ecd-5908-46fc-b476-5ec20d45da26 => generated 0 bytes in 229 msecs (HTTP/1.1 204) 3 headers in 131 bytes (1 switches on core 0)
2026-08-14 09:48:17.360 7 INFO neutron_taas.services.taas.taas_plugin [None req-9d2f82d3-57b3-4c03-a739-b85bb4b24edf b078137e2c3046e5aa35c5276b46bc97 14090fb43d2f40f897947e63bf338677 - - default default] TaaS: Handle Delete Port: 36e17f8a-2df2-49a3-85c4-22d6a925d4a3
2026-08-14 09:48:17.363 7 INFO neutron_taas.services.taas.tap_mirror_plugin [None req-9d2f82d3-57b3-4c03-a739-b85bb4b24edf b078137e2c3046e5aa35c5276b46bc97 14090fb43d2f40f897947e63bf338677 - - default default] Tap Mirror: Handle Delete Port: 36e17f8a-2df2-49a3-85c4-22d6a925d4a3
2026-08-14 09:48:17.443 7 INFO neutron.notifiers.nova [-] Nova event matching ['req-24a3f52b-bd72-4e0b-9fe3-96cb881adae9'] response: {'server_uuid': 'fa20afd4-05f4-475c-a4c6-959ade678329', 'name': 'network-vif-unplugged', 'status': 'completed', 'tag': '5590c1b9-e72e-4cb6-8dfb-1f43e3b8ee9d', 'code': 200} [pid: 7|app: 0|req: 1086/2126] 10.0.0.32 () {32 vars in 719 bytes} [Fri Aug 14 09:48:17 2026] DELETE /v2.0/ports/36e17f8a-2df2-49a3-85c4-22d6a925d4a3 => generated 0 bytes in 221 msecs (HTTP/1.1 204) 3 headers in 131 bytes (1 switches on core 0)
2026-08-14 09:48:17.595 8 INFO neutron_taas.services.taas.taas_plugin [None req-bacc41a8-7e1c-411d-9937-1c59446a1cd2 b078137e2c3046e5aa35c5276b46bc97 14090fb43d2f40f897947e63bf338677 - - default default] TaaS: Handle Delete Port: a601011e-8be6-4c30-8607-358215385ae2
2026-08-14 09:48:17.598 8 INFO neutron_taas.services.taas.tap_mirror_plugin [None req-bacc41a8-7e1c-411d-9937-1c59446a1cd2 b078137e2c3046e5aa35c5276b46bc97 14090fb43d2f40f897947e63bf338677 - - default default] Tap Mirror: Handle Delete Port: a601011e-8be6-4c30-8607-358215385ae2 [pid: 8|app: 0|req: 1041/2127] 10.0.0.32 () {32 vars in 719 bytes} [Fri Aug 14 09:48:17 2026] DELETE /v2.0/ports/a601011e-8be6-4c30-8607-358215385ae2 => generated 0 bytes in 245 msecs (HTTP/1.1 204) 3 headers in 131 bytes (1 switches on core 0) [pid: 8|app: 0|req: 1042/2128] 10.0.0.9 () {34 vars in 988 bytes} [Fri Aug 14 09:48:17 2026] GET /v2.0/ports?device_id=fa20afd4-05f4-475c-a4c6-959ade678329 => generated 12 bytes in 18 msecs (HTTP/1.1 200) 4 headers in 156 bytes (1 switches on core 0)
2026-08-14 09:48:17.837 7 INFO neutron_taas.services.taas.taas_plugin [None req-963b26e7-83d1-49c6-affd-62068e765309 b078137e2c3046e5aa35c5276b46bc97 14090fb43d2f40f897947e63bf338677 - - default default] TaaS: Handle Delete Port: f896b233-ee36-433d-86e7-66bdf2899709
2026-08-14 09:48:17.841 7 INFO neutron_taas.services.taas.tap_mirror_plugin [None req-963b26e7-83d1-49c6-affd-62068e765309 b078137e2c3046e5aa35c5276b46bc97 14090fb43d2f40f897947e63bf338677 - - default default] Tap Mirror: Handle Delete Port: f896b233-ee36-433d-86e7-66bdf2899709 [pid: 7|app: 0|req: 1087/2129] 10.0.0.32 () {32 vars in 719 bytes} [Fri Aug 14 09:48:17 2026] DELETE /v2.0/ports/f896b233-ee36-433d-86e7-66bdf2899709 => generated 0 bytes in 238 msecs (HTTP/1.1 204) 3 headers in 131 bytes (1 switches on core 0)
2026-08-14 09:48:18.097 8 INFO neutron_taas.services.taas.taas_plugin [None req-167174f3-a6f2-4e62-aada-f4daf7e615a1 b078137e2c3046e5aa35c5276b46bc97 14090fb43d2f40f897947e63bf338677 - - default default] TaaS: Handle Delete Port: 281fd2e4-e7a9-42f2-ba3a-1fe5aec1be3e
2026-08-14 09:48:18.100 8 INFO neutron_taas.services.taas.tap_mirror_plugin [None req-167174f3-a6f2-4e62-aada-f4daf7e615a1 b078137e2c3046e5aa35c5276b46bc97 14090fb43d2f40f897947e63bf338677 - - default default] Tap Mirror: Handle Delete Port: 281fd2e4-e7a9-42f2-ba3a-1fe5aec1be3e [pid: 8|app: 0|req: 1043/2130] 10.0.0.32 () {32 vars in 719 bytes} [Fri Aug 14 09:48:17 2026] DELETE /v2.0/ports/281fd2e4-e7a9-42f2-ba3a-1fe5aec1be3e => generated 0 bytes in 225 msecs (HTTP/1.1 204) 3 headers in 131 bytes (1 switches on core 0)
2026-08-14 09:48:18.313 7 INFO neutron_taas.services.taas.taas_plugin [None req-4d52552d-1c34-4d92-9b04-40c210fef1e3 b078137e2c3046e5aa35c5276b46bc97 14090fb43d2f40f897947e63bf338677 - - default default] TaaS: Handle Delete Port: decce9a0-1dc6-4429-9e3f-2e596cb5e1c0
2026-08-14 09:48:18.316 7 INFO neutron_taas.services.taas.tap_mirror_plugin [None req-4d52552d-1c34-4d92-9b04-40c210fef1e3 b078137e2c3046e5aa35c5276b46bc97 14090fb43d2f40f897947e63bf338677 - - default default] Tap Mirror: Handle Delete Port: decce9a0-1dc6-4429-9e3f-2e596cb5e1c0
2026-08-14 09:48:18.496 7 INFO neutron.services.segments.plugin [-] Segment 01ffb01e-ac02-45b1-a7bc-63458aebf5c1 resource provider aggregate not found
2026-08-14 09:48:18.502 7 INFO neutron.services.segments.plugin [-] Segment 01ffb01e-ac02-45b1-a7bc-63458aebf5c1 resource provider aggregate not found
2026-08-14 09:48:18.514 7 INFO neutron.services.segments.plugin [-] Segment 01ffb01e-ac02-45b1-a7bc-63458aebf5c1 resource provider not found; error: Placement Client Error (4xx): {"errors": [{"status": 404, "title": "Not Found", "detail": "The resource could not be found.\n\n No resource provider with uuid 01ffb01e-ac02-45b1-a7bc-63458aebf5c1 found for delete ", "request_id": "req-ad99da80-905a-4a98-a065-62693c18d1d1"}]}
2026-08-14 09:48:18.517 7 INFO neutron.services.segments.plugin [-] Segment 01ffb01e-ac02-45b1-a7bc-63458aebf5c1 resource provider not found; error: Placement Client Error (4xx): {"errors": [{"status": 404, "title": "Not Found", "detail": "The resource could not be found.\n\n No resource provider with uuid 01ffb01e-ac02-45b1-a7bc-63458aebf5c1 found for delete ", "request_id": "req-f6e95c8e-28ff-4067-abd2-6b54121f985d"}]} [pid: 7|app: 0|req: 1088/2131] 10.0.0.32 () {32 vars in 725 bytes} [Fri Aug 14 09:48:18 2026] DELETE /v2.0/networks/e00eb4f7-aa50-4a22-b30d-bbaac257b8c5 => generated 0 bytes in 343 msecs (HTTP/1.1 204) 3 headers in 131 bytes (1 switches on core 0)
2026-08-14 09:48:18.662 8 INFO neutron_taas.services.taas.taas_plugin [None req-9301212a-0e9e-4c98-a54e-0536a707211c b078137e2c3046e5aa35c5276b46bc97 14090fb43d2f40f897947e63bf338677 - - default default] TaaS: Handle Delete Port: 86e9cd57-fe4f-405c-a444-470cae6da5bd
2026-08-14 09:48:18.665 8 INFO neutron_taas.services.taas.tap_mirror_plugin [None req-9301212a-0e9e-4c98-a54e-0536a707211c b078137e2c3046e5aa35c5276b46bc97 14090fb43d2f40f897947e63bf338677 - - default default] Tap Mirror: Handle Delete Port: 86e9cd57-fe4f-405c-a444-470cae6da5bd [pid: 7|app: 0|req: 1089/2132] 10.0.0.9 () {34 vars in 988 bytes} [Fri Aug 14 09:48:18 2026] GET /v2.0/ports?device_id=fa20afd4-05f4-475c-a4c6-959ade678329 => generated 12 bytes in 22 msecs (HTTP/1.1 200) 4 headers in 156 bytes (1 switches on core 0)
2026-08-14 09:48:18.851 8 INFO neutron.services.segments.plugin [-] Segment fe0473ed-3b6f-4b7e-b43b-61533b14461b resource provider aggregate not found
2026-08-14 09:48:18.857 8 INFO neutron.services.segments.plugin [-] Segment fe0473ed-3b6f-4b7e-b43b-61533b14461b resource provider aggregate not found
2026-08-14 09:48:18.875 8 INFO neutron.services.segments.plugin [-] Segment fe0473ed-3b6f-4b7e-b43b-61533b14461b resource provider not found; error: Placement Client Error (4xx): {"errors": [{"status": 404, "title": "Not Found", "detail": "The resource could not be found.\n\n No resource provider with uuid fe0473ed-3b6f-4b7e-b43b-61533b14461b found for delete ", "request_id": "req-68ce8fb4-0511-4449-afa2-106dd28f3b4b"}]}
2026-08-14 09:48:18.876 8 INFO neutron.services.segments.plugin [-] Segment fe0473ed-3b6f-4b7e-b43b-61533b14461b resource provider not found; error: Placement Client Error (4xx): {"errors": [{"status": 404, "title": "Not Found", "detail": "The resource could not be found.\n\n No resource provider with uuid fe0473ed-3b6f-4b7e-b43b-61533b14461b found for delete ", "request_id": "req-c81e84c6-947e-4497-beda-db1d05ce932e"}]} [pid: 8|app: 0|req: 1044/2133] 10.0.0.32 () {32 vars in 725 bytes} [Fri Aug 14 09:48:18 2026] DELETE /v2.0/networks/d2b529ed-8148-4853-be76-b8bbb0c2cae5 => generated 0 bytes in 356 msecs (HTTP/1.1 204) 3 headers in 131 bytes (1 switches on core 0)
2026-08-14 09:48:19.007 8 INFO neutron_taas.services.taas.taas_plugin [None req-2b838ae8-e0dd-4ef2-a00d-c5c5f9af7851 b078137e2c3046e5aa35c5276b46bc97 14090fb43d2f40f897947e63bf338677 - - default default] TaaS: Handle Delete Port: 46114a97-720a-427a-8fb4-b2e72dfdce69
2026-08-14 09:48:19.009 8 INFO neutron_taas.services.taas.tap_mirror_plugin [None req-2b838ae8-e0dd-4ef2-a00d-c5c5f9af7851 b078137e2c3046e5aa35c5276b46bc97 14090fb43d2f40f897947e63bf338677 - - default default] Tap Mirror: Handle Delete Port: 46114a97-720a-427a-8fb4-b2e72dfdce69
2026-08-14 09:48:19.229 7 INFO neutron.db.ovn_revision_numbers_db [None req-cfa9dc75-c810-465d-8723-06a0b758556d abe265e987134221a2571ee217f649bc a289be9c04604bcc9a38e1209d9bda41 - - default default] Successfully bumped revision number for resource 188584d1-9299-4d18-9813-d0a499d60e1f (type: security_groups) to 1 [pid: 8|app: 0|req: 1045/2134] 10.0.0.32 () {32 vars in 725 bytes} [Fri Aug 14 09:48:18 2026] DELETE /v2.0/networks/d4578aab-072c-4302-96f1-55ea6dd5f6a9 => generated 0 bytes in 328 msecs (HTTP/1.1 204) 3 headers in 131 bytes (1 switches on core 0)
2026-08-14 09:48:19.243 7 INFO neutron.db.ovn_revision_numbers_db [None req-cfa9dc75-c810-465d-8723-06a0b758556d abe265e987134221a2571ee217f649bc a289be9c04604bcc9a38e1209d9bda41 - - default default] Successfully bumped revision number for resource 377518a5-c183-43c4-9655-4bacdba48ed1 (type: security_group_rules) to 0
2026-08-14 09:48:19.254 7 INFO neutron.db.ovn_revision_numbers_db [None req-cfa9dc75-c810-465d-8723-06a0b758556d abe265e987134221a2571ee217f649bc a289be9c04604bcc9a38e1209d9bda41 - - default default] Successfully bumped revision number for resource 828fe474-2fe8-43f7-af3e-258e41a09c3f (type: security_group_rules) to 0
2026-08-14 09:48:19.266 7 INFO neutron.db.ovn_revision_numbers_db [None req-cfa9dc75-c810-465d-8723-06a0b758556d abe265e987134221a2571ee217f649bc a289be9c04604bcc9a38e1209d9bda41 - - default default] Successfully bumped revision number for resource 9e8953d1-6aa2-4893-8098-cd3c8b54c282 (type: security_group_rules) to 0
2026-08-14 09:48:19.278 7 INFO neutron.db.ovn_revision_numbers_db [None req-cfa9dc75-c810-465d-8723-06a0b758556d abe265e987134221a2571ee217f649bc a289be9c04604bcc9a38e1209d9bda41 - - default default] Successfully bumped revision number for resource fce95474-2213-4ffb-a8d4-f0108c966c24 (type: security_group_rules) to 0
2026-08-14 09:48:19.349 7 INFO neutron.db.segments_db [None req-cfa9dc75-c810-465d-8723-06a0b758556d abe265e987134221a2571ee217f649bc a289be9c04604bcc9a38e1209d9bda41 - - default default] Added segment b163c5f1-f11c-44b8-b972-39029c8e0060 of type geneve for network c429cefa-f27d-427a-a22d-6e4a2ce89d49
2026-08-14 09:48:19.353 8 INFO neutron_taas.services.taas.taas_plugin [None req-a9be2f0d-06c4-4663-a286-02c9773d0cde b078137e2c3046e5aa35c5276b46bc97 14090fb43d2f40f897947e63bf338677 - - default default] TaaS: Handle Delete Port: 019c15a6-947d-45c7-a4e4-f9bb1d2ae7c7
2026-08-14 09:48:19.355 8 INFO neutron_taas.services.taas.tap_mirror_plugin [None req-a9be2f0d-06c4-4663-a286-02c9773d0cde b078137e2c3046e5aa35c5276b46bc97 14090fb43d2f40f897947e63bf338677 - - default default] Tap Mirror: Handle Delete Port: 019c15a6-947d-45c7-a4e4-f9bb1d2ae7c7
2026-08-14 09:48:19.465 7 INFO neutron.db.ovn_revision_numbers_db [None req-cfa9dc75-c810-465d-8723-06a0b758556d abe265e987134221a2571ee217f649bc a289be9c04604bcc9a38e1209d9bda41 - - default default] Successfully bumped revision number for resource c429cefa-f27d-427a-a22d-6e4a2ce89d49 (type: networks) to 1 [pid: 8|app: 0|req: 1046/2135] 10.0.0.32 () {32 vars in 725 bytes} [Fri Aug 14 09:48:19 2026] DELETE /v2.0/networks/72cfeefa-975d-48a3-86ce-508f91319074 => generated 0 bytes in 325 msecs (HTTP/1.1 204) 3 headers in 131 bytes (1 switches on core 0)
2026-08-14 09:48:19.632 7 WARNING neutron.scheduler.dhcp_agent_scheduler [None req-cfa9dc75-c810-465d-8723-06a0b758556d abe265e987134221a2571ee217f649bc a289be9c04604bcc9a38e1209d9bda41 - - default default] No more DHCP agents
2026-08-14 09:48:19.633 7 WARNING neutron.api.rpc.agentnotifiers.dhcp_rpc_agent_api [None req-cfa9dc75-c810-465d-8723-06a0b758556d abe265e987134221a2571ee217f649bc a289be9c04604bcc9a38e1209d9bda41 - - default default] Unable to schedule network c429cefa-f27d-427a-a22d-6e4a2ce89d49: no agents available; will retry on subsequent port and subnet creation events.
2026-08-14 09:48:19.691 8 INFO neutron.plugins.ml2.drivers.ovn.mech_driver.mech_driver [None req-0f0f57e4-cdf6-49d1-9d54-1d78844d4784 - - - - - -] OVN reports status down for port: 161c36ef-be39-4170-b9cb-2816c2e34121
2026-08-14 09:48:19.719 7 INFO neutron.db.ovn_revision_numbers_db [None req-cfa9dc75-c810-465d-8723-06a0b758556d abe265e987134221a2571ee217f649bc a289be9c04604bcc9a38e1209d9bda41 - - default default] Successfully bumped revision number for resource 161c36ef-be39-4170-b9cb-2816c2e34121 (type: ports) to 1
2026-08-14 09:48:19.738 8 INFO neutron_taas.services.taas.taas_plugin [None req-3d65719a-af71-4e86-82b1-ed5936c3a987 b078137e2c3046e5aa35c5276b46bc97 14090fb43d2f40f897947e63bf338677 - - default default] TaaS: Handle Delete Port: 9ac83a58-1bbe-4d0a-ac01-8a1289727af2 [pid: 7|app: 0|req: 1090/2136] 10.0.0.32 () {34 vars in 670 bytes} [Fri Aug 14 09:48:18 2026] POST /v2.0/networks => generated 763 bytes in 852 msecs (HTTP/1.1 201) 4 headers in 162 bytes (1 switches on core 0)
2026-08-14 09:48:19.742 8 INFO neutron_taas.services.taas.tap_mirror_plugin [None req-3d65719a-af71-4e86-82b1-ed5936c3a987 b078137e2c3046e5aa35c5276b46bc97 14090fb43d2f40f897947e63bf338677 - - default default] Tap Mirror: Handle Delete Port: 9ac83a58-1bbe-4d0a-ac01-8a1289727af2
2026-08-14 09:48:19.901 7 WARNING neutron.scheduler.dhcp_agent_scheduler [None req-98c86fd4-6ca8-49f2-9e64-040a15d58f99 abe265e987134221a2571ee217f649bc a289be9c04604bcc9a38e1209d9bda41 - - default default] No more DHCP agents
2026-08-14 09:48:19.902 7 WARNING neutron.api.rpc.agentnotifiers.dhcp_rpc_agent_api [None req-98c86fd4-6ca8-49f2-9e64-040a15d58f99 abe265e987134221a2571ee217f649bc a289be9c04604bcc9a38e1209d9bda41 - - default default] Unable to schedule network c429cefa-f27d-427a-a22d-6e4a2ce89d49: no agents available; will retry on subsequent port and subnet creation events. [pid: 8|app: 0|req: 1047/2137] 10.0.0.32 () {32 vars in 725 bytes} [Fri Aug 14 09:48:19 2026] DELETE /v2.0/networks/09e18972-5d56-4b89-8a89-25fdcfb582f4 => generated 0 bytes in 380 msecs (HTTP/1.1 204) 3 headers in 131 bytes (1 switches on core 0) [pid: 8|app: 0|req: 1048/2138] 10.0.0.9 () {34 vars in 988 bytes} [Fri Aug 14 09:48:19 2026] GET /v2.0/ports?device_id=fa20afd4-05f4-475c-a4c6-959ade678329 => generated 12 bytes in 13 msecs (HTTP/1.1 200) 4 headers in 156 bytes (1 switches on core 0)
2026-08-14 09:48:20.309 7 INFO neutron.db.ovn_revision_numbers_db [None req-b44e91d0-085b-4302-a0b7-d6f3f5120d35 - - - - - -] Successfully bumped revision number for resource 161c36ef-be39-4170-b9cb-2816c2e34121 (type: ports) to 2
2026-08-14 09:48:20.344 7 INFO neutron.db.ovn_revision_numbers_db [None req-b44e91d0-085b-4302-a0b7-d6f3f5120d35 - - - - - -] Successfully bumped revision number for resource 143e0bf2-a8d1-47b3-a93b-ef49d4ee89ee (type: subnets) to 0 [pid: 7|app: 0|req: 1091/2139] 10.0.0.32 () {34 vars in 668 bytes} [Fri Aug 14 09:48:19 2026] POST /v2.0/subnets => generated 688 bytes in 615 msecs (HTTP/1.1 201) 4 headers in 162 bytes (1 switches on core 0)
2026-08-14 09:48:20.779 8 WARNING neutron.scheduler.dhcp_agent_scheduler [None req-ae262569-5b45-4882-aa61-2bb7fce284e8 abe265e987134221a2571ee217f649bc a289be9c04604bcc9a38e1209d9bda41 - - default default] No more DHCP agents
2026-08-14 09:48:20.781 8 WARNING neutron.api.rpc.agentnotifiers.dhcp_rpc_agent_api [None req-ae262569-5b45-4882-aa61-2bb7fce284e8 abe265e987134221a2571ee217f649bc a289be9c04604bcc9a38e1209d9bda41 - - default default] Unable to schedule network 1ffea9b9-f480-4650-b856-a35c4d08ef87: no agents available; will retry on subsequent port and subnet creation events. [pid: 7|app: 0|req: 1092/2140] 10.0.0.32 () {32 vars in 773 bytes} [Fri Aug 14 09:48:20 2026] GET /v2.0/security-groups?tenant_id=14090fb43d2f40f897947e63bf338677&name=default => generated 2925 bytes in 183 msecs (HTTP/1.1 200) 4 headers in 158 bytes (1 switches on core 0)
2026-08-14 09:48:20.886 7 INFO neutron.plugins.ml2.drivers.ovn.mech_driver.mech_driver [None req-333d9be5-2a1b-43a9-a0e1-5f9a6567cc55 - - - - - -] OVN reports status down for port: 42fdf997-ee91-4211-b8e2-d54662c8bfed
2026-08-14 09:48:20.899 8 INFO neutron.services.segments.plugin [-] Segment d7c80335-bb11-4d35-b2af-f617985df330 resource provider aggregate not found
2026-08-14 09:48:20.905 8 INFO neutron.services.segments.plugin [-] Segment d7c80335-bb11-4d35-b2af-f617985df330 resource provider aggregate not found
2026-08-14 09:48:20.918 8 INFO neutron.db.ovn_revision_numbers_db [None req-ae262569-5b45-4882-aa61-2bb7fce284e8 abe265e987134221a2571ee217f649bc a289be9c04604bcc9a38e1209d9bda41 - - default default] Successfully bumped revision number for resource 42fdf997-ee91-4211-b8e2-d54662c8bfed (type: ports) to 1
2026-08-14 09:48:20.924 8 INFO neutron.services.segments.plugin [-] Segment d7c80335-bb11-4d35-b2af-f617985df330 resource provider not found; error: Placement Client Error (4xx): {"errors": [{"status": 404, "title": "Not Found", "detail": "The resource could not be found.\n\n No resource provider with uuid d7c80335-bb11-4d35-b2af-f617985df330 found for delete ", "request_id": "req-f49a7f3c-7472-47ba-af0d-af495a4c5fe7"}]}
2026-08-14 09:48:20.924 8 INFO neutron.services.segments.plugin [-] Segment d7c80335-bb11-4d35-b2af-f617985df330 resource provider not found; error: Placement Client Error (4xx): {"errors": [{"status": 404, "title": "Not Found", "detail": "The resource could not be found.\n\n No resource provider with uuid d7c80335-bb11-4d35-b2af-f617985df330 found for delete ", "request_id": "req-a1083b9f-8f3e-45ce-9a30-06f9d1fe31c4"}]}
2026-08-14 09:48:20.956 8 INFO neutron.services.segments.plugin [-] Segment 6b98fe83-7610-49b6-a62c-192aca9d52cd resource provider aggregate not found
2026-08-14 09:48:20.962 8 INFO neutron.services.segments.plugin [-] Segment 6b98fe83-7610-49b6-a62c-192aca9d52cd resource provider aggregate not found
2026-08-14 09:48:20.984 8 INFO neutron.services.segments.plugin [-] Segment 6b98fe83-7610-49b6-a62c-192aca9d52cd resource provider not found; error: Placement Client Error (4xx): {"errors": [{"status": 404, "title": "Not Found", "detail": "The resource could not be found.\n\n No resource provider with uuid 6b98fe83-7610-49b6-a62c-192aca9d52cd found for delete ", "request_id": "req-e038e588-cad2-4fa9-a39a-50c91e563dac"}]}
2026-08-14 09:48:21.007 8 INFO neutron.services.segments.plugin [-] Segment 6b98fe83-7610-49b6-a62c-192aca9d52cd resource provider not found; error: Placement Client Error (4xx): {"errors": [{"status": 404, "title": "Not Found", "detail": "The resource could not be found.\n\n No resource provider with uuid 6b98fe83-7610-49b6-a62c-192aca9d52cd found for delete ", "request_id": "req-22ef8da1-4e20-49ba-ad9d-d67ee608ea40"}]}
2026-08-14 09:48:21.030 8 INFO neutron.services.segments.plugin [-] Segment 0091623c-cc37-4983-b3a3-f0283d4ee264 resource provider aggregate not found
2026-08-14 09:48:21.047 8 INFO neutron.services.segments.plugin [-] Segment 0091623c-cc37-4983-b3a3-f0283d4ee264 resource provider aggregate not found
2026-08-14 09:48:21.056 8 INFO neutron.services.segments.plugin [-] Segment 0091623c-cc37-4983-b3a3-f0283d4ee264 resource provider not found; error: Placement Client Error (4xx): {"errors": [{"status": 404, "title": "Not Found", "detail": "The resource could not be found.\n\n No resource provider with uuid 0091623c-cc37-4983-b3a3-f0283d4ee264 found for delete ", "request_id": "req-269ebe40-7d94-4c8d-a6d0-faec9fae01e2"}]}
2026-08-14 09:48:21.070 8 INFO neutron.services.segments.plugin [-] Segment 0091623c-cc37-4983-b3a3-f0283d4ee264 resource provider not found; error: Placement Client Error (4xx): {"errors": [{"status": 404, "title": "Not Found", "detail": "The resource could not be found.\n\n No resource provider with uuid 0091623c-cc37-4983-b3a3-f0283d4ee264 found for delete ", "request_id": "req-18ee39e1-41e0-42b9-8230-4da61e4567df"}]} [pid: 7|app: 0|req: 1093/2141] 10.0.0.32 () {32 vars in 739 bytes} [Fri Aug 14 09:48:20 2026] DELETE /v2.0/security-groups/a5275163-292d-4731-8caa-6afa0f9cdcef => generated 0 bytes in 285 msecs (HTTP/1.1 204) 2 headers in 112 bytes (1 switches on core 0) [pid: 7|app: 0|req: 1094/2142] 10.0.0.32 () {32 vars in 739 bytes} [Fri Aug 14 09:48:21 2026] DELETE /v2.0/security-groups/084da2b8-d06b-421f-a63e-e639e8a7e036 => generated 0 bytes in 134 msecs (HTTP/1.1 204) 2 headers in 112 bytes (1 switches on core 0)
2026-08-14 09:48:21.424 7 INFO neutron.db.ovn_revision_numbers_db [None req-85447dce-7787-44ce-86a7-fc048c858b10 abe265e987134221a2571ee217f649bc a289be9c04604bcc9a38e1209d9bda41 - - default default] Successfully bumped revision number for resource 63434a26-86d4-40f3-8388-d428db95ede1 (type: security_groups) to 1
2026-08-14 09:48:21.437 7 INFO neutron.db.ovn_revision_numbers_db [None req-85447dce-7787-44ce-86a7-fc048c858b10 abe265e987134221a2571ee217f649bc a289be9c04604bcc9a38e1209d9bda41 - - default default] Successfully bumped revision number for resource 4801f591-b067-4f2d-99bc-f34efd694427 (type: security_group_rules) to 0
2026-08-14 09:48:21.445 7 INFO neutron.db.ovn_revision_numbers_db [None req-85447dce-7787-44ce-86a7-fc048c858b10 abe265e987134221a2571ee217f649bc a289be9c04604bcc9a38e1209d9bda41 - - default default] Successfully bumped revision number for resource 92d4add4-68ee-4b3c-b197-1b8b20be5f59 (type: security_group_rules) to 0
2026-08-14 09:48:21.456 7 INFO neutron.db.ovn_revision_numbers_db [None req-85447dce-7787-44ce-86a7-fc048c858b10 abe265e987134221a2571ee217f649bc a289be9c04604bcc9a38e1209d9bda41 - - default default] Successfully bumped revision number for resource 9c4aed0b-17e6-4899-8e96-2ba87e9ab482 (type: security_group_rules) to 0
2026-08-14 09:48:21.466 7 INFO neutron.db.ovn_revision_numbers_db [None req-85447dce-7787-44ce-86a7-fc048c858b10 abe265e987134221a2571ee217f649bc a289be9c04604bcc9a38e1209d9bda41 - - default default] Successfully bumped revision number for resource b5bcd186-132c-4f41-9e11-c5f0ea879c16 (type: security_group_rules) to 0 [pid: 7|app: 0|req: 1095/2143] 10.0.0.32 () {32 vars in 773 bytes} [Fri Aug 14 09:48:21 2026] GET /v2.0/security-groups?tenant_id=181af3d4e7a3497d9552f8b68f285574&name=default => generated 2925 bytes in 205 msecs (HTTP/1.1 200) 4 headers in 158 bytes (1 switches on core 0)
2026-08-14 09:48:21.509 7 INFO neutron.api.v2.resource [None req-1831b0b9-d4f1-4e26-87a7-9013b8ceefbf f1d0130c57204724b8f88e103f553481 7a5dbd0989ef4097b089a983e104ddc6 - - default default] show failed (client error): The resource could not be found. [pid: 7|app: 0|req: 1096/2144] 10.0.0.32 () {32 vars in 736 bytes} [Fri Aug 14 09:48:21 2026] GET /v2.0/security-groups/084da2b8-d06b-421f-a63e-e639e8a7e036 => generated 146 bytes in 9 msecs (HTTP/1.1 404) 4 headers in 164 bytes (1 switches on core 0)
2026-08-14 09:48:21.670 8 INFO neutron.plugins.ml2.drivers.ovn.mech_driver.ovsdb.commands [None req-ed39ff18-d78a-467b-ab3c-9f74c99316de - - - - - -] Schedule LRP lrp-42fdf997-ee91-4211-b8e2-d54662c8bfed on gateway 7718391e-114d-4f58-8bf6-b14122bfc138 with priority 1
2026-08-14 09:48:21.725 7 INFO neutron.plugins.ml2.drivers.ovn.mech_driver.mech_driver [None req-333d9be5-2a1b-43a9-a0e1-5f9a6567cc55 - - - - - -] OVN reports status up for port: 42fdf997-ee91-4211-b8e2-d54662c8bfed
2026-08-14 09:48:21.738 7 INFO neutron.plugins.ml2.drivers.ovn.mech_driver.ovsdb.ovsdb_monitor [None req-76bb501b-292d-4cab-84c0-fb75ff483b56 - - - - - -] Router c60a5407-617d-43f6-9c43-b6505b8c4f54 is bound to host instance
2026-08-14 09:48:21.754 8 INFO neutron.db.ovn_revision_numbers_db [None req-ae262569-5b45-4882-aa61-2bb7fce284e8 abe265e987134221a2571ee217f649bc a289be9c04604bcc9a38e1209d9bda41 - - default default] Successfully bumped revision number for resource 42fdf997-ee91-4211-b8e2-d54662c8bfed (type: router_ports) to 1
2026-08-14 09:48:21.763 7 INFO neutron.plugins.ml2.plugin [None req-333d9be5-2a1b-43a9-a0e1-5f9a6567cc55 - - - - - -] Attempt 1 to provision port 42fdf997-ee91-4211-b8e2-d54662c8bfed [pid: 7|app: 0|req: 1097/2145] 10.0.0.32 () {32 vars in 739 bytes} [Fri Aug 14 09:48:21 2026] DELETE /v2.0/security-groups/63434a26-86d4-40f3-8388-d428db95ede1 => generated 0 bytes in 304 msecs (HTTP/1.1 204) 2 headers in 112 bytes (1 switches on core 0)
2026-08-14 09:48:21.817 8 INFO neutron.db.ovn_revision_numbers_db [None req-ae262569-5b45-4882-aa61-2bb7fce284e8 abe265e987134221a2571ee217f649bc a289be9c04604bcc9a38e1209d9bda41 - - default default] Successfully bumped revision number for resource c60a5407-617d-43f6-9c43-b6505b8c4f54 (type: routers) to 2 [pid: 8|app: 0|req: 1049/2146] 10.0.0.32 () {34 vars in 668 bytes} [Fri Aug 14 09:48:20 2026] POST /v2.0/routers => generated 966 bytes in 1467 msecs (HTTP/1.1 201) 4 headers in 162 bytes (1 switches on core 0)
2026-08-14 09:48:22.118 7 INFO neutron_taas.services.taas.taas_plugin [None req-1dc2e311-5fc8-4c26-bd61-eff7746aa7c1 f1d0130c57204724b8f88e103f553481 7a5dbd0989ef4097b089a983e104ddc6 - - default default] TaaS: Handle Delete Port: 1522f0c6-2302-405d-a466-6fcc6d5716ac
2026-08-14 09:48:22.135 7 INFO neutron_taas.services.taas.tap_mirror_plugin [None req-1dc2e311-5fc8-4c26-bd61-eff7746aa7c1 f1d0130c57204724b8f88e103f553481 7a5dbd0989ef4097b089a983e104ddc6 - - default default] Tap Mirror: Handle Delete Port: 1522f0c6-2302-405d-a466-6fcc6d5716ac
2026-08-14 09:48:22.252 8 WARNING neutron.scheduler.dhcp_agent_scheduler [None req-f918345e-540e-40a6-913e-7059cad1abf3 abe265e987134221a2571ee217f649bc a289be9c04604bcc9a38e1209d9bda41 - - default default] No more DHCP agents
2026-08-14 09:48:22.254 8 WARNING neutron.api.rpc.agentnotifiers.dhcp_rpc_agent_api [None req-f918345e-540e-40a6-913e-7059cad1abf3 abe265e987134221a2571ee217f649bc a289be9c04604bcc9a38e1209d9bda41 - - default default] Unable to schedule network c429cefa-f27d-427a-a22d-6e4a2ce89d49: no agents available; will retry on subsequent port and subnet creation events.
2026-08-14 09:48:22.379 8 INFO neutron.db.ovn_revision_numbers_db [None req-f918345e-540e-40a6-913e-7059cad1abf3 abe265e987134221a2571ee217f649bc a289be9c04604bcc9a38e1209d9bda41 - - default default] Successfully bumped revision number for resource d756a412-49ed-4c44-8177-f1cbf8bf3d45 (type: ports) to 1 [pid: 7|app: 0|req: 1098/2147] 10.0.0.32 () {32 vars in 731 bytes} [Fri Aug 14 09:48:21 2026] DELETE /v2.0/floatingips/8b2235ab-1858-4f0f-a7eb-27dcea15f059 => generated 0 bytes in 629 msecs (HTTP/1.1 204) 2 headers in 112 bytes (1 switches on core 0)
2026-08-14 09:48:22.666 7 INFO neutron.db.ovn_revision_numbers_db [None req-b81a5019-ef5e-480e-a9a9-88f04e77f1b8 abe265e987134221a2571ee217f649bc a289be9c04604bcc9a38e1209d9bda41 - - default default] Successfully bumped revision number for resource 1bc9f981-ca9e-4a18-abfe-3d2b0417d3fb (type: security_groups) to 1
2026-08-14 09:48:22.688 7 INFO neutron.db.ovn_revision_numbers_db [None req-b81a5019-ef5e-480e-a9a9-88f04e77f1b8 abe265e987134221a2571ee217f649bc a289be9c04604bcc9a38e1209d9bda41 - - default default] Successfully bumped revision number for resource 5a45205a-2b78-49c0-a478-44c19af7d546 (type: security_group_rules) to 0
2026-08-14 09:48:22.717 7 INFO neutron.db.ovn_revision_numbers_db [None req-b81a5019-ef5e-480e-a9a9-88f04e77f1b8 abe265e987134221a2571ee217f649bc a289be9c04604bcc9a38e1209d9bda41 - - default default] Successfully bumped revision number for resource 6dd57991-52a3-4cab-9c99-6ba74ab42a0b (type: security_group_rules) to 0
2026-08-14 09:48:22.747 7 INFO neutron.db.ovn_revision_numbers_db [None req-b81a5019-ef5e-480e-a9a9-88f04e77f1b8 abe265e987134221a2571ee217f649bc a289be9c04604bcc9a38e1209d9bda41 - - default default] Successfully bumped revision number for resource 6f3f79bc-3207-4ae2-ac18-70cdfbb01cd8 (type: security_group_rules) to 0
2026-08-14 09:48:22.765 7 INFO neutron.db.ovn_revision_numbers_db [None req-b81a5019-ef5e-480e-a9a9-88f04e77f1b8 abe265e987134221a2571ee217f649bc a289be9c04604bcc9a38e1209d9bda41 - - default default] Successfully bumped revision number for resource 776cfba0-a20d-4713-b6d7-f339f87bf0d3 (type: security_group_rules) to 0 [pid: 7|app: 0|req: 1099/2148] 10.0.0.32 () {32 vars in 773 bytes} [Fri Aug 14 09:48:22 2026] GET /v2.0/security-groups?tenant_id=54f30e085ac84c7cb6b664c35bffc23f&name=default => generated 2925 bytes in 385 msecs (HTTP/1.1 200) 4 headers in 158 bytes (1 switches on core 0)
2026-08-14 09:48:22.996 8 WARNING neutron.scheduler.dhcp_agent_scheduler [None req-f918345e-540e-40a6-913e-7059cad1abf3 abe265e987134221a2571ee217f649bc a289be9c04604bcc9a38e1209d9bda41 - - default default] No more DHCP agents
2026-08-14 09:48:22.998 8 WARNING neutron.api.rpc.agentnotifiers.dhcp_rpc_agent_api [None req-f918345e-540e-40a6-913e-7059cad1abf3 abe265e987134221a2571ee217f649bc a289be9c04604bcc9a38e1209d9bda41 - - default default] Unable to schedule network c429cefa-f27d-427a-a22d-6e4a2ce89d49: no agents available; will retry on subsequent port and subnet creation events.
2026-08-14 09:48:23.213 7 INFO neutron.db.ovn_revision_numbers_db [None req-09791a9f-dc56-4987-a452-7096b7026c2b - - - - - -] Successfully bumped revision number for resource 42fdf997-ee91-4211-b8e2-d54662c8bfed (type: ports) to 4
2026-08-14 09:48:23.359 7 INFO neutron_taas.services.taas.taas_plugin [None req-72b4ed0f-a8ef-4991-b740-4ec0b7e810cd abe265e987134221a2571ee217f649bc a289be9c04604bcc9a38e1209d9bda41 - - default default] TaaS: Handle Delete Port: 3fd2ca4c-5511-489b-9839-9b6892ddd466
2026-08-14 09:48:23.365 7 INFO neutron_taas.services.taas.tap_mirror_plugin [None req-72b4ed0f-a8ef-4991-b740-4ec0b7e810cd abe265e987134221a2571ee217f649bc a289be9c04604bcc9a38e1209d9bda41 - - default default] Tap Mirror: Handle Delete Port: 3fd2ca4c-5511-489b-9839-9b6892ddd466
2026-08-14 09:48:23.473 8 INFO neutron.db.ovn_revision_numbers_db [None req-f918345e-540e-40a6-913e-7059cad1abf3 abe265e987134221a2571ee217f649bc a289be9c04604bcc9a38e1209d9bda41 - - default default] Successfully bumped revision number for resource d756a412-49ed-4c44-8177-f1cbf8bf3d45 (type: router_ports) to 1 [pid: 8|app: 0|req: 1050/2151] 10.0.0.32 () {34 vars in 782 bytes} [Fri Aug 14 09:48:21 2026] PUT /v2.0/routers/c60a5407-617d-43f6-9c43-b6505b8c4f54/add_router_interface => generated 309 bytes in 1640 msecs (HTTP/1.1 200) 4 headers in 157 bytes (1 switches on core 0) [pid: 8|app: 0|req: 1051/2152] 10.0.0.32 () {32 vars in 739 bytes} [Fri Aug 14 09:48:23 2026] DELETE /v2.0/security-groups/1bc9f981-ca9e-4a18-abfe-3d2b0417d3fb => generated 0 bytes in 244 msecs (HTTP/1.1 204) 2 headers in 112 bytes (1 switches on core 0)
2026-08-14 09:48:23.919 7 INFO neutron.db.ovn_revision_numbers_db [None req-09791a9f-dc56-4987-a452-7096b7026c2b - - - - - -] Successfully bumped revision number for resource 42fdf997-ee91-4211-b8e2-d54662c8bfed (type: ports) to 5 [pid: 7|app: 0|req: 1102/2153] 10.0.0.32 () {34 vars in 788 bytes} [Fri Aug 14 09:48:22 2026] PUT /v2.0/routers/cd7a306e-1097-43f0-85dd-fbce62b4f9b8/remove_router_interface => generated 309 bytes in 1476 msecs (HTTP/1.1 200) 4 headers in 157 bytes (1 switches on core 0) /var/lib/openstack/lib/python3.12/site-packages/pycadf/identifier.py:70: UserWarning: Invalid uuid: neutron. To ensure interoperability, identifiers should be a valid uuid. warnings.warn(('Invalid uuid: %s. To ensure interoperability, '
2026-08-14 09:48:24.624 7 INFO neutron.db.ovn_revision_numbers_db [None req-8e33426a-a6f0-418b-ae6a-4aa62310e166 abe265e987134221a2571ee217f649bc a289be9c04604bcc9a38e1209d9bda41 - - default default] Successfully bumped revision number for resource 04e9831b-2fa0-4ba5-8063-09b541f788a7 (type: security_groups) to 1
2026-08-14 09:48:24.634 8 INFO neutron_taas.services.taas.taas_plugin [None req-33c6579b-4f04-4855-93dc-d4e5c12b0463 abe265e987134221a2571ee217f649bc a289be9c04604bcc9a38e1209d9bda41 - - default default] TaaS: Handle Delete Port: 46ebffe7-39da-4bc6-b70e-65d46e760b5c
2026-08-14 09:48:24.638 7 INFO neutron.db.ovn_revision_numbers_db [None req-8e33426a-a6f0-418b-ae6a-4aa62310e166 abe265e987134221a2571ee217f649bc a289be9c04604bcc9a38e1209d9bda41 - - default default] Successfully bumped revision number for resource 1512e8ac-e5b5-49b5-9363-22a9d66bc258 (type: security_group_rules) to 0
2026-08-14 09:48:24.641 8 INFO neutron_taas.services.taas.tap_mirror_plugin [None req-33c6579b-4f04-4855-93dc-d4e5c12b0463 abe265e987134221a2571ee217f649bc a289be9c04604bcc9a38e1209d9bda41 - - default default] Tap Mirror: Handle Delete Port: 46ebffe7-39da-4bc6-b70e-65d46e760b5c
2026-08-14 09:48:24.651 7 INFO neutron.db.ovn_revision_numbers_db [None req-8e33426a-a6f0-418b-ae6a-4aa62310e166 abe265e987134221a2571ee217f649bc a289be9c04604bcc9a38e1209d9bda41 - - default default] Successfully bumped revision number for resource 4ffe0d4c-dd0d-4a7b-967a-61e3da6bb031 (type: security_group_rules) to 0
2026-08-14 09:48:24.664 7 INFO neutron.db.ovn_revision_numbers_db [None req-8e33426a-a6f0-418b-ae6a-4aa62310e166 abe265e987134221a2571ee217f649bc a289be9c04604bcc9a38e1209d9bda41 - - default default] Successfully bumped revision number for resource becd2bb5-be22-4aa7-ba3d-929cea3b2e61 (type: security_group_rules) to 0
2026-08-14 09:48:24.675 7 INFO neutron.db.ovn_revision_numbers_db [None req-8e33426a-a6f0-418b-ae6a-4aa62310e166 abe265e987134221a2571ee217f649bc a289be9c04604bcc9a38e1209d9bda41 - - default default] Successfully bumped revision number for resource f3ecb912-bf46-4a10-97c3-40d2c7f2530e (type: security_group_rules) to 0
2026-08-14 09:48:24.751 7 INFO neutron.db.segments_db [None req-8e33426a-a6f0-418b-ae6a-4aa62310e166 abe265e987134221a2571ee217f649bc a289be9c04604bcc9a38e1209d9bda41 - - default default] Added segment 5934ee32-cd58-4065-864c-7d73d8d82c65 of type geneve for network 896edf55-bafb-4473-8152-fd3ba000e5c1
2026-08-14 09:48:24.839 7 INFO neutron.plugins.ml2.drivers.ovn.mech_driver.mech_driver [None req-333d9be5-2a1b-43a9-a0e1-5f9a6567cc55 - - - - - -] OVN reports status down for port: d756a412-49ed-4c44-8177-f1cbf8bf3d45
2026-08-14 09:48:24.939 7 WARNING neutron.plugins.ml2.drivers.ovn.mech_driver.ovsdb.ovn_client [None req-333d9be5-2a1b-43a9-a0e1-5f9a6567cc55 - - - - - -] Logical_Switch_Port %s host information not removed, the port state is up
2026-08-14 09:48:24.940 7 INFO neutron.plugins.ml2.drivers.ovn.mech_driver.mech_driver [None req-333d9be5-2a1b-43a9-a0e1-5f9a6567cc55 - - - - - -] OVN reports status up for port: d756a412-49ed-4c44-8177-f1cbf8bf3d45
2026-08-14 09:48:24.952 7 INFO neutron.db.ovn_revision_numbers_db [None req-8e33426a-a6f0-418b-ae6a-4aa62310e166 abe265e987134221a2571ee217f649bc a289be9c04604bcc9a38e1209d9bda41 - - default default] Successfully bumped revision number for resource 896edf55-bafb-4473-8152-fd3ba000e5c1 (type: networks) to 1
2026-08-14 09:48:24.956 7 INFO neutron.plugins.ml2.plugin [None req-333d9be5-2a1b-43a9-a0e1-5f9a6567cc55 - - - - - -] Attempt 1 to provision port d756a412-49ed-4c44-8177-f1cbf8bf3d45 [pid: 8|app: 0|req: 1052/2154] 10.0.0.32 () {32 vars in 723 bytes} [Fri Aug 14 09:48:24 2026] DELETE /v2.0/routers/cd7a306e-1097-43f0-85dd-fbce62b4f9b8 => generated 0 bytes in 722 msecs (HTTP/1.1 204) 2 headers in 112 bytes (1 switches on core 0) [pid: 8|app: 0|req: 1053/2155] 10.0.0.32 () {32 vars in 723 bytes} [Fri Aug 14 09:48:25 2026] DELETE /v2.0/subnets/9f5a02b6-1461-4ff5-8a64-fa2205259651 => generated 0 bytes in 138 msecs (HTTP/1.1 204) 3 headers in 131 bytes (1 switches on core 0)
2026-08-14 09:48:25.271 7 WARNING neutron.scheduler.dhcp_agent_scheduler [None req-8e33426a-a6f0-418b-ae6a-4aa62310e166 abe265e987134221a2571ee217f649bc a289be9c04604bcc9a38e1209d9bda41 - - default default] No more DHCP agents
2026-08-14 09:48:25.275 7 WARNING neutron.api.rpc.agentnotifiers.dhcp_rpc_agent_api [None req-8e33426a-a6f0-418b-ae6a-4aa62310e166 abe265e987134221a2571ee217f649bc a289be9c04604bcc9a38e1209d9bda41 - - default default] Unable to schedule network 896edf55-bafb-4473-8152-fd3ba000e5c1: no agents available; will retry on subsequent port and subnet creation events.
2026-08-14 09:48:25.345 8 INFO neutron_taas.services.taas.taas_plugin [None req-0d26d75c-1496-48ca-8d6d-c156ed195957 abe265e987134221a2571ee217f649bc a289be9c04604bcc9a38e1209d9bda41 - - default default] TaaS: Handle Delete Port: 9bf61a35-9b54-4d3c-88c5-fa15490f72c2
2026-08-14 09:48:25.356 8 INFO neutron.plugins.ml2.drivers.ovn.mech_driver.mech_driver [None req-0f0f57e4-cdf6-49d1-9d54-1d78844d4784 - - - - - -] OVN reports status down for port: 7d3dda9b-d374-48ed-8257-a5867798c114
2026-08-14 09:48:25.357 8 INFO neutron_taas.services.taas.tap_mirror_plugin [None req-0d26d75c-1496-48ca-8d6d-c156ed195957 abe265e987134221a2571ee217f649bc a289be9c04604bcc9a38e1209d9bda41 - - default default] Tap Mirror: Handle Delete Port: 9bf61a35-9b54-4d3c-88c5-fa15490f72c2
2026-08-14 09:48:25.397 7 INFO neutron.db.ovn_revision_numbers_db [None req-8e33426a-a6f0-418b-ae6a-4aa62310e166 abe265e987134221a2571ee217f649bc a289be9c04604bcc9a38e1209d9bda41 - - default default] Successfully bumped revision number for resource 7d3dda9b-d374-48ed-8257-a5867798c114 (type: ports) to 1 [pid: 7|app: 0|req: 1103/2156] 10.0.0.32 () {34 vars in 670 bytes} [Fri Aug 14 09:48:24 2026] POST /v2.0/networks => generated 763 bytes in 979 msecs (HTTP/1.1 201) 4 headers in 162 bytes (1 switches on core 0)
2026-08-14 09:48:25.596 8 INFO neutron.services.segments.plugin [-] Segment 1fe147bd-a822-4b22-a0d1-4ce6b51703d8 resource provider aggregate not found
2026-08-14 09:48:25.600 8 INFO neutron.services.segments.plugin [-] Segment 1fe147bd-a822-4b22-a0d1-4ce6b51703d8 resource provider aggregate not found
