2026-08-14 09:42:56.249 8 INFO neutron.api.v2.resource [None req-4f10355e-e02c-4ab7-bb5a-708d871e2cf9 abe265e987134221a2571ee217f649bc a289be9c04604bcc9a38e1209d9bda41 - - default default] show failed (client error): The resource could not be found. [pid: 8|app: 0|req: 278/556] 199.204.45.238 () {44 vars in 1075 bytes} [Fri Aug 14 09:42:56 2026] GET /v2.0/security-groups/manila-service-security-group?project_id=52d86cb0c95146158943074244e85c18 => generated 139 bytes in 49 msecs (HTTP/1.1 404) 4 headers in 164 bytes (1 switches on core 0) [pid: 7|app: 0|req: 279/557] 199.204.45.238 () {44 vars in 1098 bytes} [Fri Aug 14 09:42:56 2026] GET /v2.0/security-groups?name=manila-service-security-group&project_id=52d86cb0c95146158943074244e85c18 => generated 4072 bytes in 43 msecs (HTTP/1.1 200) 4 headers in 158 bytes (1 switches on core 0) [pid: 8|app: 0|req: 279/558] 199.204.45.238 () {44 vars in 1089 bytes} [Fri Aug 14 09:42:57 2026] GET /v2.0/security-groups/7635386e-9776-4f1f-af38-e3c290a1d1ce?project_id=52d86cb0c95146158943074244e85c18 => generated 4075 bytes in 57 msecs (HTTP/1.1 200) 4 headers in 158 bytes (1 switches on core 0) [pid: 7|app: 0|req: 280/559] 199.204.45.238 () {44 vars in 1002 bytes} [Fri Aug 14 09:42:57 2026] GET /v2.0/security-groups/7635386e-9776-4f1f-af38-e3c290a1d1ce => generated 4075 bytes in 35 msecs (HTTP/1.1 200) 4 headers in 158 bytes (1 switches on core 0) [pid: 8|app: 0|req: 280/560] 199.204.45.238 () {44 vars in 1012 bytes} [Fri Aug 14 09:42:57 2026] GET /v2.0/security-group-rules/7da8fa4d-a410-4fb7-836b-ca2fb08c46a7 => generated 597 bytes in 18 msecs (HTTP/1.1 200) 4 headers in 157 bytes (1 switches on core 0) [pid: 7|app: 0|req: 281/561] 199.204.45.238 () {44 vars in 1089 bytes} [Fri Aug 14 09:42:58 2026] GET /v2.0/security-groups/7635386e-9776-4f1f-af38-e3c290a1d1ce?project_id=52d86cb0c95146158943074244e85c18 => generated 4075 bytes in 62 msecs (HTTP/1.1 200) 4 headers in 158 bytes (1 switches on core 0) [pid: 8|app: 0|req: 281/562] 199.204.45.238 () {44 vars in 1002 bytes} [Fri Aug 14 09:42:58 2026] GET /v2.0/security-groups/7635386e-9776-4f1f-af38-e3c290a1d1ce => generated 4075 bytes in 25 msecs (HTTP/1.1 200) 4 headers in 158 bytes (1 switches on core 0) [pid: 7|app: 0|req: 282/563] 199.204.45.238 () {44 vars in 1012 bytes} [Fri Aug 14 09:42:58 2026] GET /v2.0/security-group-rules/69f0b3db-8fcc-45d7-b2a7-cbd058c2870d => generated 599 bytes in 230 msecs (HTTP/1.1 200) 4 headers in 157 bytes (1 switches on core 0) [pid: 8|app: 0|req: 282/564] 199.204.45.238 () {44 vars in 1089 bytes} [Fri Aug 14 09:42:59 2026] GET /v2.0/security-groups/7635386e-9776-4f1f-af38-e3c290a1d1ce?project_id=52d86cb0c95146158943074244e85c18 => generated 4075 bytes in 80 msecs (HTTP/1.1 200) 4 headers in 158 bytes (1 switches on core 0) [pid: 7|app: 0|req: 283/565] 199.204.45.238 () {44 vars in 1002 bytes} [Fri Aug 14 09:42:59 2026] GET /v2.0/security-groups/7635386e-9776-4f1f-af38-e3c290a1d1ce => generated 4075 bytes in 53 msecs (HTTP/1.1 200) 4 headers in 158 bytes (1 switches on core 0) [pid: 8|app: 0|req: 283/566] 199.204.45.238 () {44 vars in 1012 bytes} [Fri Aug 14 09:42:59 2026] GET /v2.0/security-group-rules/f1631079-de49-41cd-9500-00d901441781 => generated 601 bytes in 17 msecs (HTTP/1.1 200) 4 headers in 157 bytes (1 switches on core 0) [pid: 7|app: 0|req: 284/567] 199.204.45.238 () {44 vars in 1089 bytes} [Fri Aug 14 09:43:00 2026] GET /v2.0/security-groups/7635386e-9776-4f1f-af38-e3c290a1d1ce?project_id=52d86cb0c95146158943074244e85c18 => generated 4075 bytes in 58 msecs (HTTP/1.1 200) 4 headers in 158 bytes (1 switches on core 0) [pid: 8|app: 0|req: 284/568] 199.204.45.238 () {44 vars in 1002 bytes} [Fri Aug 14 09:43:00 2026] GET /v2.0/security-groups/7635386e-9776-4f1f-af38-e3c290a1d1ce => generated 4075 bytes in 43 msecs (HTTP/1.1 200) 4 headers in 158 bytes (1 switches on core 0) [pid: 7|app: 0|req: 285/569] 199.204.45.238 () {44 vars in 1012 bytes} [Fri Aug 14 09:43:00 2026] GET /v2.0/security-group-rules/6d1eddd7-1549-45c3-bec6-242a93321398 => generated 602 bytes in 15 msecs (HTTP/1.1 200) 4 headers in 157 bytes (1 switches on core 0) [pid: 7|app: 0|req: 287/572] 199.204.45.238 () {44 vars in 976 bytes} [Fri Aug 14 09:43:07 2026] GET /v2.0/quotas/52d86cb0c95146158943074244e85c18 => generated 291 bytes in 12 msecs (HTTP/1.1 200) 4 headers in 157 bytes (1 switches on core 0) [pid: 7|app: 0|req: 291/579] 10.0.0.19 () {28 vars in 590 bytes} [Fri Aug 14 09:43:54 2026] GET /v2.0/floatingips => generated 19 bytes in 54 msecs (HTTP/1.1 200) 4 headers in 156 bytes (1 switches on core 0) [pid: 8|app: 0|req: 289/580] 10.0.0.19 () {28 vars in 582 bytes} [Fri Aug 14 09:43:54 2026] GET /v2.0/routers => generated 15 bytes in 25 msecs (HTTP/1.1 200) 4 headers in 156 bytes (1 switches on core 0) [pid: 7|app: 0|req: 292/581] 10.0.0.19 () {28 vars in 623 bytes} [Fri Aug 14 09:43:54 2026] GET /v2.0/agents?binary=ovn-controller => generated 416 bytes in 47 msecs (HTTP/1.1 200) 4 headers in 157 bytes (1 switches on core 0) [pid: 8|app: 0|req: 290/582] 10.0.0.19 () {28 vars in 580 bytes} [Fri Aug 14 09:43:54 2026] GET /v2.0/agents => generated 1214 bytes in 20 msecs (HTTP/1.1 200) 4 headers in 158 bytes (1 switches on core 0) [pid: 7|app: 0|req: 293/583] 10.0.0.19 () {28 vars in 578 bytes} [Fri Aug 14 09:43:54 2026] GET /v2.0/ports => generated 5175 bytes in 49 msecs (HTTP/1.1 200) 4 headers in 158 bytes (1 switches on core 0) [pid: 8|app: 0|req: 291/584] 10.0.0.19 () {28 vars in 582 bytes} [Fri Aug 14 09:43:54 2026] GET /v2.0/subnets => generated 1308 bytes in 32 msecs (HTTP/1.1 200) 4 headers in 158 bytes (1 switches on core 0) [pid: 7|app: 0|req: 294/585] 10.0.0.19 () {28 vars in 590 bytes} [Fri Aug 14 09:43:54 2026] GET /v2.0/subnetpools => generated 19 bytes in 11 msecs (HTTP/1.1 200) 4 headers in 156 bytes (1 switches on core 0) [pid: 8|app: 0|req: 292/586] 10.0.0.19 () {28 vars in 584 bytes} [Fri Aug 14 09:43:54 2026] GET /v2.0/networks => generated 2288 bytes in 53 msecs (HTTP/1.1 200) 4 headers in 158 bytes (1 switches on core 0) [pid: 7|app: 0|req: 295/587] 10.0.0.19 () {28 vars in 582 bytes} [Fri Aug 14 09:43:54 2026] GET /v2.0/subnets => generated 1308 bytes in 43 msecs (HTTP/1.1 200) 4 headers in 158 bytes (1 switches on core 0) [pid: 8|app: 0|req: 293/588] 10.0.0.19 () {28 vars in 618 bytes} [Fri Aug 14 09:43:54 2026] GET /v2.0/network-ip-availabilities => generated 1104 bytes in 15 msecs (HTTP/1.1 200) 4 headers in 158 bytes (1 switches on core 0) [pid: 7|app: 0|req: 296/589] 10.0.0.19 () {28 vars in 598 bytes} [Fri Aug 14 09:43:54 2026] GET /v2.0/security-groups => generated 17401 bytes in 42 msecs (HTTP/1.1 200) 4 headers in 159 bytes (1 switches on core 0) [pid: 8|app: 0|req: 294/590] 199.204.45.238 () {44 vars in 950 bytes} [Fri Aug 14 09:43:57 2026] GET /v2.0/networks?name=public => generated 791 bytes in 75 msecs (HTTP/1.1 200) 4 headers in 157 bytes (1 switches on core 0) [pid: 8|app: 0|req: 297/595] 10.0.0.32 () {32 vars in 648 bytes} [Fri Aug 14 09:44:35 2026] GET /v2.0/networks => generated 2288 bytes in 131 msecs (HTTP/1.1 200) 4 headers in 158 bytes (1 switches on core 0) [pid: 7|app: 0|req: 299/596] 10.0.0.32 () {32 vars in 654 bytes} [Fri Aug 14 09:44:36 2026] GET /v2.0/floatingips => generated 19 bytes in 16 msecs (HTTP/1.1 200) 4 headers in 156 bytes (1 switches on core 0) [pid: 8|app: 0|req: 298/597] 10.0.0.32 () {32 vars in 646 bytes} [Fri Aug 14 09:44:36 2026] GET /v2.0/routers => generated 15 bytes in 15 msecs (HTTP/1.1 200) 4 headers in 156 bytes (1 switches on core 0) [pid: 7|app: 0|req: 300/598] 10.0.0.32 () {32 vars in 642 bytes} [Fri Aug 14 09:44:36 2026] GET /v2.0/ports => generated 5175 bytes in 46 msecs (HTTP/1.1 200) 4 headers in 158 bytes (1 switches on core 0) [pid: 8|app: 0|req: 299/599] 10.0.0.32 () {32 vars in 646 bytes} [Fri Aug 14 09:44:36 2026] GET /v2.0/subnets => generated 1308 bytes in 26 msecs (HTTP/1.1 200) 4 headers in 158 bytes (1 switches on core 0) [pid: 7|app: 0|req: 301/600] 10.0.0.32 () {32 vars in 648 bytes} [Fri Aug 14 09:44:36 2026] GET /v2.0/networks => generated 2288 bytes in 51 msecs (HTTP/1.1 200) 4 headers in 158 bytes (1 switches on core 0) [pid: 8|app: 0|req: 300/601] 10.0.0.32 () {32 vars in 662 bytes} [Fri Aug 14 09:44:36 2026] GET /v2.0/security-groups => generated 17401 bytes in 32 msecs (HTTP/1.1 200) 4 headers in 159 bytes (1 switches on core 0) [pid: 7|app: 0|req: 302/602] 10.0.0.32 () {32 vars in 654 bytes} [Fri Aug 14 09:44:36 2026] GET /v2.0/subnetpools => generated 19 bytes in 11 msecs (HTTP/1.1 200) 4 headers in 156 bytes (1 switches on core 0)
2026-08-14 09:44:47.280 8 INFO neutron.db.ovn_revision_numbers_db [None req-0a39247c-01fd-4954-b232-1a054a635dd1 abe265e987134221a2571ee217f649bc a289be9c04604bcc9a38e1209d9bda41 - - default default] Successfully bumped revision number for resource e6e56a8b-bb02-436a-a5cc-ad2effe7267b (type: security_groups) to 1
2026-08-14 09:44:47.290 8 INFO neutron.db.ovn_revision_numbers_db [None req-0a39247c-01fd-4954-b232-1a054a635dd1 abe265e987134221a2571ee217f649bc a289be9c04604bcc9a38e1209d9bda41 - - default default] Successfully bumped revision number for resource 1fdb2cae-b342-4350-ba0c-cb0b5a8fe7a5 (type: security_group_rules) to 0
2026-08-14 09:44:47.302 8 INFO neutron.db.ovn_revision_numbers_db [None req-0a39247c-01fd-4954-b232-1a054a635dd1 abe265e987134221a2571ee217f649bc a289be9c04604bcc9a38e1209d9bda41 - - default default] Successfully bumped revision number for resource 3212b68c-a904-4238-92b8-f7745368e317 (type: security_group_rules) to 0
2026-08-14 09:44:47.313 8 INFO neutron.db.ovn_revision_numbers_db [None req-0a39247c-01fd-4954-b232-1a054a635dd1 abe265e987134221a2571ee217f649bc a289be9c04604bcc9a38e1209d9bda41 - - default default] Successfully bumped revision number for resource ba85dec6-6748-4c6e-b29c-37fc5e9f9741 (type: security_group_rules) to 0
2026-08-14 09:44:47.322 8 INFO neutron.db.ovn_revision_numbers_db [None req-0a39247c-01fd-4954-b232-1a054a635dd1 abe265e987134221a2571ee217f649bc a289be9c04604bcc9a38e1209d9bda41 - - default default] Successfully bumped revision number for resource f6e90eaf-6bb0-43df-b4f3-0a49142fb78d (type: security_group_rules) to 0
2026-08-14 09:44:47.360 7 INFO neutron.db.ovn_revision_numbers_db [None req-43da2c88-a42b-48e1-84a2-97eb381b5d43 abe265e987134221a2571ee217f649bc a289be9c04604bcc9a38e1209d9bda41 - - default default] Successfully bumped revision number for resource ecb438f9-51ed-4ca6-9f6e-7382ec64935d (type: security_groups) to 1
2026-08-14 09:44:47.379 7 INFO neutron.db.ovn_revision_numbers_db [None req-43da2c88-a42b-48e1-84a2-97eb381b5d43 abe265e987134221a2571ee217f649bc a289be9c04604bcc9a38e1209d9bda41 - - default default] Successfully bumped revision number for resource 36ec4264-7a77-406c-9bd6-df5d40124d73 (type: security_group_rules) to 0
2026-08-14 09:44:47.393 7 INFO neutron.db.ovn_revision_numbers_db [None req-43da2c88-a42b-48e1-84a2-97eb381b5d43 abe265e987134221a2571ee217f649bc a289be9c04604bcc9a38e1209d9bda41 - - default default] Successfully bumped revision number for resource 72202f49-404f-41a9-885f-0bee74810ade (type: security_group_rules) to 0
2026-08-14 09:44:47.405 7 INFO neutron.db.ovn_revision_numbers_db [None req-43da2c88-a42b-48e1-84a2-97eb381b5d43 abe265e987134221a2571ee217f649bc a289be9c04604bcc9a38e1209d9bda41 - - default default] Successfully bumped revision number for resource b0df7311-b477-4d68-bc4a-87a15549145c (type: security_group_rules) to 0
2026-08-14 09:44:47.416 7 INFO neutron.db.ovn_revision_numbers_db [None req-43da2c88-a42b-48e1-84a2-97eb381b5d43 abe265e987134221a2571ee217f649bc a289be9c04604bcc9a38e1209d9bda41 - - default default] Successfully bumped revision number for resource b96ae9bf-01bc-424d-b167-bb151aeb76ca (type: security_group_rules) to 0
2026-08-14 09:44:47.447 8 INFO neutron.db.segments_db [None req-0a39247c-01fd-4954-b232-1a054a635dd1 abe265e987134221a2571ee217f649bc a289be9c04604bcc9a38e1209d9bda41 - - default default] Added segment 541fbad9-6010-4edc-a9c2-538efabafd2a of type geneve for network 3ad17fa6-7b27-4c62-9755-74ccfbcfd998
2026-08-14 09:44:47.508 7 INFO neutron.db.segments_db [None req-43da2c88-a42b-48e1-84a2-97eb381b5d43 abe265e987134221a2571ee217f649bc a289be9c04604bcc9a38e1209d9bda41 - - default default] Added segment 2ac8c1dd-2df7-49d9-ab6b-cd52f437ce48 of type geneve for network 97c3d4b4-4ecc-44da-bc7f-260de5d75719
2026-08-14 09:44:47.579 8 INFO neutron.db.ovn_revision_numbers_db [None req-0a39247c-01fd-4954-b232-1a054a635dd1 abe265e987134221a2571ee217f649bc a289be9c04604bcc9a38e1209d9bda41 - - default default] Successfully bumped revision number for resource 3ad17fa6-7b27-4c62-9755-74ccfbcfd998 (type: networks) to 1
2026-08-14 09:44:47.638 7 INFO neutron.db.ovn_revision_numbers_db [None req-43da2c88-a42b-48e1-84a2-97eb381b5d43 abe265e987134221a2571ee217f649bc a289be9c04604bcc9a38e1209d9bda41 - - default default] Successfully bumped revision number for resource 97c3d4b4-4ecc-44da-bc7f-260de5d75719 (type: networks) to 1
2026-08-14 09:44:47.760 8 WARNING neutron.scheduler.dhcp_agent_scheduler [None req-0a39247c-01fd-4954-b232-1a054a635dd1 abe265e987134221a2571ee217f649bc a289be9c04604bcc9a38e1209d9bda41 - - default default] No more DHCP agents
2026-08-14 09:44:47.762 8 WARNING neutron.api.rpc.agentnotifiers.dhcp_rpc_agent_api [None req-0a39247c-01fd-4954-b232-1a054a635dd1 abe265e987134221a2571ee217f649bc a289be9c04604bcc9a38e1209d9bda41 - - default default] Unable to schedule network 3ad17fa6-7b27-4c62-9755-74ccfbcfd998: no agents available; will retry on subsequent port and subnet creation events.
2026-08-14 09:44:47.785 7 WARNING neutron.scheduler.dhcp_agent_scheduler [None req-43da2c88-a42b-48e1-84a2-97eb381b5d43 abe265e987134221a2571ee217f649bc a289be9c04604bcc9a38e1209d9bda41 - - default default] No more DHCP agents
2026-08-14 09:44:47.786 7 WARNING neutron.api.rpc.agentnotifiers.dhcp_rpc_agent_api [None req-43da2c88-a42b-48e1-84a2-97eb381b5d43 abe265e987134221a2571ee217f649bc a289be9c04604bcc9a38e1209d9bda41 - - default default] Unable to schedule network 97c3d4b4-4ecc-44da-bc7f-260de5d75719: no agents available; will retry on subsequent port and subnet creation events.
2026-08-14 09:44:47.817 8 INFO neutron.plugins.ml2.drivers.ovn.mech_driver.mech_driver [None req-c778f65a-7c41-4bd4-a15a-720f4d9e545a - - - - - -] OVN reports status down for port: f664f982-ecb3-45c2-b7ef-8070ba1b9c69
2026-08-14 09:44:47.855 7 INFO neutron.plugins.ml2.drivers.ovn.mech_driver.mech_driver [None req-69ba1e5e-37e2-451c-9c79-f3adfff8a934 - - - - - -] OVN reports status down for port: 30680a75-b384-41e9-a3db-51da51bfb6d5
2026-08-14 09:44:47.902 8 INFO neutron.db.ovn_revision_numbers_db [None req-0a39247c-01fd-4954-b232-1a054a635dd1 abe265e987134221a2571ee217f649bc a289be9c04604bcc9a38e1209d9bda41 - - default default] Successfully bumped revision number for resource f664f982-ecb3-45c2-b7ef-8070ba1b9c69 (type: ports) to 1
2026-08-14 09:44:47.910 7 INFO neutron.db.ovn_revision_numbers_db [None req-43da2c88-a42b-48e1-84a2-97eb381b5d43 abe265e987134221a2571ee217f649bc a289be9c04604bcc9a38e1209d9bda41 - - default default] Successfully bumped revision number for resource 30680a75-b384-41e9-a3db-51da51bfb6d5 (type: ports) to 1 [pid: 8|app: 0|req: 302/605] 10.0.0.32 () {34 vars in 670 bytes} [Fri Aug 14 09:44:47 2026] POST /v2.0/networks => generated 771 bytes in 869 msecs (HTTP/1.1 201) 4 headers in 162 bytes (1 switches on core 0) [pid: 7|app: 0|req: 304/606] 10.0.0.32 () {34 vars in 670 bytes} [Fri Aug 14 09:44:47 2026] POST /v2.0/networks => generated 768 bytes in 792 msecs (HTTP/1.1 201) 4 headers in 162 bytes (1 switches on core 0)
2026-08-14 09:44:48.169 7 INFO neutron.db.ovn_revision_numbers_db [None req-369e2a40-94da-40a2-9e3c-62de62a2cade abe265e987134221a2571ee217f649bc a289be9c04604bcc9a38e1209d9bda41 - - default default] Successfully bumped revision number for resource c7b69edb-a08c-4a7e-9121-d125d2fe881e (type: security_groups) to 1
2026-08-14 09:44:48.183 8 INFO neutron.db.ovn_revision_numbers_db [None req-11d9ed96-e2b2-416c-9df1-6b39b646ef7a abe265e987134221a2571ee217f649bc a289be9c04604bcc9a38e1209d9bda41 - - default default] Successfully bumped revision number for resource dfe4d279-7967-4fc2-9f47-151d68c2d549 (type: security_groups) to 1
2026-08-14 09:44:48.185 7 INFO neutron.db.ovn_revision_numbers_db [None req-369e2a40-94da-40a2-9e3c-62de62a2cade abe265e987134221a2571ee217f649bc a289be9c04604bcc9a38e1209d9bda41 - - default default] Successfully bumped revision number for resource 9a2cff08-ac4a-4306-9783-9831e096570a (type: security_group_rules) to 0
2026-08-14 09:44:48.199 8 INFO neutron.db.ovn_revision_numbers_db [None req-11d9ed96-e2b2-416c-9df1-6b39b646ef7a abe265e987134221a2571ee217f649bc a289be9c04604bcc9a38e1209d9bda41 - - default default] Successfully bumped revision number for resource 3d45fffc-a313-4597-9ed0-2ddfb1adc08a (type: security_group_rules) to 0
2026-08-14 09:44:48.200 7 INFO neutron.db.ovn_revision_numbers_db [None req-369e2a40-94da-40a2-9e3c-62de62a2cade abe265e987134221a2571ee217f649bc a289be9c04604bcc9a38e1209d9bda41 - - default default] Successfully bumped revision number for resource bbca4639-ae9b-452b-9e69-512b29f04082 (type: security_group_rules) to 0
2026-08-14 09:44:48.211 8 INFO neutron.db.ovn_revision_numbers_db [None req-11d9ed96-e2b2-416c-9df1-6b39b646ef7a abe265e987134221a2571ee217f649bc a289be9c04604bcc9a38e1209d9bda41 - - default default] Successfully bumped revision number for resource a5431acb-c4e3-4cd0-99ac-ec1cfdcba3d4 (type: security_group_rules) to 0
2026-08-14 09:44:48.213 7 INFO neutron.db.ovn_revision_numbers_db [None req-369e2a40-94da-40a2-9e3c-62de62a2cade abe265e987134221a2571ee217f649bc a289be9c04604bcc9a38e1209d9bda41 - - default default] Successfully bumped revision number for resource cf2f813c-c4eb-4063-8451-1d9d4a13f76d (type: security_group_rules) to 0
2026-08-14 09:44:48.222 8 INFO neutron.db.ovn_revision_numbers_db [None req-11d9ed96-e2b2-416c-9df1-6b39b646ef7a abe265e987134221a2571ee217f649bc a289be9c04604bcc9a38e1209d9bda41 - - default default] Successfully bumped revision number for resource cfa8fc1f-f515-4e10-b852-1076c650100f (type: security_group_rules) to 0
2026-08-14 09:44:48.224 7 INFO neutron.db.ovn_revision_numbers_db [None req-369e2a40-94da-40a2-9e3c-62de62a2cade abe265e987134221a2571ee217f649bc a289be9c04604bcc9a38e1209d9bda41 - - default default] Successfully bumped revision number for resource e5e1d8d9-e7e7-4257-ad63-b9f0c54ab0e4 (type: security_group_rules) to 0
2026-08-14 09:44:48.233 8 INFO neutron.db.ovn_revision_numbers_db [None req-11d9ed96-e2b2-416c-9df1-6b39b646ef7a abe265e987134221a2571ee217f649bc a289be9c04604bcc9a38e1209d9bda41 - - default default] Successfully bumped revision number for resource e7963c07-20a0-4620-9bab-02531b9e935e (type: security_group_rules) to 0 [pid: 7|app: 0|req: 305/607] 10.0.0.32 () {32 vars in 773 bytes} [Fri Aug 14 09:44:47 2026] GET /v2.0/security-groups?tenant_id=3f543943e50947cd8aa57488e4068ee8&name=default => generated 2921 bytes in 309 msecs (HTTP/1.1 200) 4 headers in 158 bytes (1 switches on core 0)
2026-08-14 09:44:48.303 8 INFO neutron.db.segments_db [None req-11d9ed96-e2b2-416c-9df1-6b39b646ef7a abe265e987134221a2571ee217f649bc a289be9c04604bcc9a38e1209d9bda41 - - default default] Added segment 859badff-51d4-428f-82d4-2b46f1fd1cd6 of type geneve for network 64b157bb-2b83-46cc-97b3-4a53b9df0ed0
2026-08-14 09:44:48.400 8 INFO neutron.db.ovn_revision_numbers_db [None req-11d9ed96-e2b2-416c-9df1-6b39b646ef7a abe265e987134221a2571ee217f649bc a289be9c04604bcc9a38e1209d9bda41 - - default default] Successfully bumped revision number for resource 64b157bb-2b83-46cc-97b3-4a53b9df0ed0 (type: networks) to 1
2026-08-14 09:44:48.406 7 WARNING neutron.scheduler.dhcp_agent_scheduler [None req-0d4b2c3e-439f-47a2-866f-0786cf560802 abe265e987134221a2571ee217f649bc a289be9c04604bcc9a38e1209d9bda41 - - default default] No more DHCP agents
2026-08-14 09:44:48.408 7 WARNING neutron.api.rpc.agentnotifiers.dhcp_rpc_agent_api [None req-0d4b2c3e-439f-47a2-866f-0786cf560802 abe265e987134221a2571ee217f649bc a289be9c04604bcc9a38e1209d9bda41 - - default default] Unable to schedule network 3ad17fa6-7b27-4c62-9755-74ccfbcfd998: no agents available; will retry on subsequent port and subnet creation events.
2026-08-14 09:44:48.570 8 WARNING neutron.scheduler.dhcp_agent_scheduler [None req-11d9ed96-e2b2-416c-9df1-6b39b646ef7a abe265e987134221a2571ee217f649bc a289be9c04604bcc9a38e1209d9bda41 - - default default] No more DHCP agents
2026-08-14 09:44:48.573 8 WARNING neutron.api.rpc.agentnotifiers.dhcp_rpc_agent_api [None req-11d9ed96-e2b2-416c-9df1-6b39b646ef7a abe265e987134221a2571ee217f649bc a289be9c04604bcc9a38e1209d9bda41 - - default default] Unable to schedule network 64b157bb-2b83-46cc-97b3-4a53b9df0ed0: no agents available; will retry on subsequent port and subnet creation events.
2026-08-14 09:44:48.635 8 INFO neutron.plugins.ml2.drivers.ovn.mech_driver.mech_driver [None req-c778f65a-7c41-4bd4-a15a-720f4d9e545a - - - - - -] OVN reports status down for port: d498feba-96c5-4528-8436-7f1a5fd4c942
2026-08-14 09:44:48.687 8 INFO neutron.db.ovn_revision_numbers_db [None req-11d9ed96-e2b2-416c-9df1-6b39b646ef7a abe265e987134221a2571ee217f649bc a289be9c04604bcc9a38e1209d9bda41 - - default default] Successfully bumped revision number for resource d498feba-96c5-4528-8436-7f1a5fd4c942 (type: ports) to 1 [pid: 8|app: 0|req: 303/608] 10.0.0.32 () {34 vars in 670 bytes} [Fri Aug 14 09:44:47 2026] POST /v2.0/networks => generated 766 bytes in 783 msecs (HTTP/1.1 201) 4 headers in 162 bytes (1 switches on core 0)
2026-08-14 09:44:48.866 7 INFO neutron.db.ovn_revision_numbers_db [None req-ab941505-d147-47c8-937f-4556427e017e - - - - - -] Successfully bumped revision number for resource f664f982-ecb3-45c2-b7ef-8070ba1b9c69 (type: ports) to 2
2026-08-14 09:44:48.874 8 WARNING neutron.scheduler.dhcp_agent_scheduler [None req-27ddf6d4-6e21-4ba6-8b6b-cf13b1698209 abe265e987134221a2571ee217f649bc a289be9c04604bcc9a38e1209d9bda41 - - default default] No more DHCP agents
2026-08-14 09:44:48.876 8 WARNING neutron.api.rpc.agentnotifiers.dhcp_rpc_agent_api [None req-27ddf6d4-6e21-4ba6-8b6b-cf13b1698209 abe265e987134221a2571ee217f649bc a289be9c04604bcc9a38e1209d9bda41 - - default default] Unable to schedule network 97c3d4b4-4ecc-44da-bc7f-260de5d75719: no agents available; will retry on subsequent port and subnet creation events.
2026-08-14 09:44:48.909 7 INFO neutron.db.ovn_revision_numbers_db [None req-ab941505-d147-47c8-937f-4556427e017e - - - - - -] Successfully bumped revision number for resource 5ecb3ba1-046d-4a3d-aeec-89a6aaaa4912 (type: subnets) to 0 [pid: 7|app: 0|req: 306/609] 10.0.0.32 () {34 vars in 668 bytes} [Fri Aug 14 09:44:48 2026] POST /v2.0/subnets => generated 696 bytes in 658 msecs (HTTP/1.1 201) 4 headers in 162 bytes (1 switches on core 0) [pid: 7|app: 0|req: 307/610] 10.0.0.32 () {32 vars in 739 bytes} [Fri Aug 14 09:44:48 2026] DELETE /v2.0/security-groups/c7b69edb-a08c-4a7e-9121-d125d2fe881e => generated 0 bytes in 247 msecs (HTTP/1.1 204) 2 headers in 112 bytes (1 switches on core 0)
2026-08-14 09:44:49.284 8 INFO neutron.db.ovn_revision_numbers_db [None req-49cd79cf-bfc9-4060-a130-a471ee936f8d - - - - - -] Successfully bumped revision number for resource 30680a75-b384-41e9-a3db-51da51bfb6d5 (type: ports) to 2
2026-08-14 09:44:49.305 7 WARNING neutron.scheduler.dhcp_agent_scheduler [None req-a467fd43-7e53-438a-a098-57edbf22bf85 abe265e987134221a2571ee217f649bc a289be9c04604bcc9a38e1209d9bda41 - - default default] No more DHCP agents
2026-08-14 09:44:49.306 7 WARNING neutron.api.rpc.agentnotifiers.dhcp_rpc_agent_api [None req-a467fd43-7e53-438a-a098-57edbf22bf85 abe265e987134221a2571ee217f649bc a289be9c04604bcc9a38e1209d9bda41 - - default default] Unable to schedule network 64b157bb-2b83-46cc-97b3-4a53b9df0ed0: no agents available; will retry on subsequent port and subnet creation events.
2026-08-14 09:44:49.317 8 INFO neutron.db.ovn_revision_numbers_db [None req-49cd79cf-bfc9-4060-a130-a471ee936f8d - - - - - -] Successfully bumped revision number for resource ff35add6-448b-44eb-af2c-d3e581f41dfe (type: subnets) to 0 [pid: 8|app: 0|req: 304/611] 10.0.0.32 () {34 vars in 668 bytes} [Fri Aug 14 09:44:48 2026] POST /v2.0/subnets => generated 693 bytes in 613 msecs (HTTP/1.1 201) 4 headers in 162 bytes (1 switches on core 0)
2026-08-14 09:44:49.687 7 INFO neutron.db.ovn_revision_numbers_db [None req-2902da53-41f7-400d-8fb6-178726ba135e - - - - - -] Successfully bumped revision number for resource d498feba-96c5-4528-8436-7f1a5fd4c942 (type: ports) to 2
2026-08-14 09:44:49.719 7 INFO neutron.db.ovn_revision_numbers_db [None req-2902da53-41f7-400d-8fb6-178726ba135e - - - - - -] Successfully bumped revision number for resource 9663d62b-c813-49a4-b3ec-215021c2f642 (type: subnets) to 0 [pid: 7|app: 0|req: 308/612] 10.0.0.32 () {34 vars in 668 bytes} [Fri Aug 14 09:44:49 2026] POST /v2.0/subnets => generated 691 bytes in 570 msecs (HTTP/1.1 201) 4 headers in 162 bytes (1 switches on core 0)
2026-08-14 09:44:49.883 8 WARNING neutron.scheduler.dhcp_agent_scheduler [None req-5a3a9b91-1dd3-42f1-a56c-24e42a7101c0 abe265e987134221a2571ee217f649bc a289be9c04604bcc9a38e1209d9bda41 - - default default] No more DHCP agents
2026-08-14 09:44:49.885 8 WARNING neutron.api.rpc.agentnotifiers.dhcp_rpc_agent_api [None req-5a3a9b91-1dd3-42f1-a56c-24e42a7101c0 abe265e987134221a2571ee217f649bc a289be9c04604bcc9a38e1209d9bda41 - - default default] Unable to schedule network 1ffea9b9-f480-4650-b856-a35c4d08ef87: no agents available; will retry on subsequent port and subnet creation events.
2026-08-14 09:44:49.956 8 INFO neutron.plugins.ml2.drivers.ovn.mech_driver.mech_driver [None req-c778f65a-7c41-4bd4-a15a-720f4d9e545a - - - - - -] OVN reports status down for port: 2f2ca887-063e-462a-999c-5e9e5354d676
2026-08-14 09:44:50.014 8 INFO neutron.db.ovn_revision_numbers_db [None req-5a3a9b91-1dd3-42f1-a56c-24e42a7101c0 abe265e987134221a2571ee217f649bc a289be9c04604bcc9a38e1209d9bda41 - - default default] Successfully bumped revision number for resource 2f2ca887-063e-462a-999c-5e9e5354d676 (type: ports) to 1
2026-08-14 09:44:50.277 7 WARNING neutron.scheduler.dhcp_agent_scheduler [None req-b7dfb241-1b51-428c-8df1-2c66404fce5d abe265e987134221a2571ee217f649bc a289be9c04604bcc9a38e1209d9bda41 - - default default] No more DHCP agents
2026-08-14 09:44:50.279 7 WARNING neutron.api.rpc.agentnotifiers.dhcp_rpc_agent_api [None req-b7dfb241-1b51-428c-8df1-2c66404fce5d abe265e987134221a2571ee217f649bc a289be9c04604bcc9a38e1209d9bda41 - - default default] Unable to schedule network 1ffea9b9-f480-4650-b856-a35c4d08ef87: no agents available; will retry on subsequent port and subnet creation events.
2026-08-14 09:44:50.331 8 INFO neutron.plugins.ml2.drivers.ovn.mech_driver.ovsdb.extensions.qos [None req-5a3a9b91-1dd3-42f1-a56c-24e42a7101c0 abe265e987134221a2571ee217f649bc a289be9c04604bcc9a38e1209d9bda41 - - default default] Starting OVNClientQosExtension
2026-08-14 09:44:50.367 7 INFO neutron.plugins.ml2.drivers.ovn.mech_driver.mech_driver [None req-69ba1e5e-37e2-451c-9c79-f3adfff8a934 - - - - - -] OVN reports status down for port: 06c7c6d8-6625-4315-bcf6-fcdc63b11e8a
2026-08-14 09:44:50.420 7 INFO neutron.db.ovn_revision_numbers_db [None req-b7dfb241-1b51-428c-8df1-2c66404fce5d abe265e987134221a2571ee217f649bc a289be9c04604bcc9a38e1209d9bda41 - - default default] Successfully bumped revision number for resource 06c7c6d8-6625-4315-bcf6-fcdc63b11e8a (type: ports) to 1
2026-08-14 09:44:50.434 8 WARNING oslo_config.cfg [None req-5a3a9b91-1dd3-42f1-a56c-24e42a7101c0 abe265e987134221a2571ee217f649bc a289be9c04604bcc9a38e1209d9bda41 - - default default] Deprecated: Option "ovn_emit_need_to_frag" from group "ovn" is deprecated for removal (The option is useful only on very old Linux kernels (version < 5.2).). Its value may be silently ignored in the future.
2026-08-14 09:44:50.673 8 INFO neutron.plugins.ml2.drivers.ovn.mech_driver.ovsdb.commands [None req-ed39ff18-d78a-467b-ab3c-9f74c99316de - - - - - -] Schedule LRP lrp-2f2ca887-063e-462a-999c-5e9e5354d676 on gateway 7718391e-114d-4f58-8bf6-b14122bfc138 with priority 1
2026-08-14 09:44:50.697 8 INFO neutron.plugins.ml2.drivers.ovn.mech_driver.ovsdb.ovsdb_monitor [-] Router 92f11962-16e0-4b39-a7e3-70b483c62ba1 is bound to host instance
2026-08-14 09:44:50.766 8 INFO neutron.plugins.ml2.drivers.ovn.mech_driver.mech_driver [None req-c778f65a-7c41-4bd4-a15a-720f4d9e545a - - - - - -] OVN reports status up for port: 2f2ca887-063e-462a-999c-5e9e5354d676
2026-08-14 09:44:50.808 7 INFO neutron.plugins.ml2.drivers.ovn.mech_driver.ovsdb.extensions.qos [None req-b7dfb241-1b51-428c-8df1-2c66404fce5d abe265e987134221a2571ee217f649bc a289be9c04604bcc9a38e1209d9bda41 - - default default] Starting OVNClientQosExtension
2026-08-14 09:44:50.840 8 INFO neutron.plugins.ml2.plugin [None req-c778f65a-7c41-4bd4-a15a-720f4d9e545a - - - - - -] Attempt 1 to provision port 2f2ca887-063e-462a-999c-5e9e5354d676
2026-08-14 09:44:50.847 8 INFO neutron.db.ovn_revision_numbers_db [None req-5a3a9b91-1dd3-42f1-a56c-24e42a7101c0 abe265e987134221a2571ee217f649bc a289be9c04604bcc9a38e1209d9bda41 - - default default] Successfully bumped revision number for resource 2f2ca887-063e-462a-999c-5e9e5354d676 (type: router_ports) to 1
2026-08-14 09:44:50.902 7 WARNING oslo_config.cfg [None req-b7dfb241-1b51-428c-8df1-2c66404fce5d abe265e987134221a2571ee217f649bc a289be9c04604bcc9a38e1209d9bda41 - - default default] Deprecated: Option "ovn_emit_need_to_frag" from group "ovn" is deprecated for removal (The option is useful only on very old Linux kernels (version < 5.2).). Its value may be silently ignored in the future.
2026-08-14 09:44:51.036 8 INFO neutron.db.ovn_revision_numbers_db [None req-5a3a9b91-1dd3-42f1-a56c-24e42a7101c0 abe265e987134221a2571ee217f649bc a289be9c04604bcc9a38e1209d9bda41 - - default default] Successfully bumped revision number for resource 92f11962-16e0-4b39-a7e3-70b483c62ba1 (type: routers) to 2 [pid: 8|app: 0|req: 305/613] 10.0.0.32 () {34 vars in 668 bytes} [Fri Aug 14 09:44:49 2026] POST /v2.0/routers => generated 974 bytes in 1732 msecs (HTTP/1.1 201) 4 headers in 162 bytes (1 switches on core 0)
2026-08-14 09:44:51.143 7 INFO neutron.plugins.ml2.drivers.ovn.mech_driver.ovsdb.commands [None req-1f7e7310-bb51-45a9-bd9b-fea15fedf54c - - - - - -] Schedule LRP lrp-06c7c6d8-6625-4315-bcf6-fcdc63b11e8a on gateway 7718391e-114d-4f58-8bf6-b14122bfc138 with priority 1
2026-08-14 09:44:51.182 7 INFO neutron.plugins.ml2.drivers.ovn.mech_driver.mech_driver [None req-69ba1e5e-37e2-451c-9c79-f3adfff8a934 - - - - - -] OVN reports status up for port: 06c7c6d8-6625-4315-bcf6-fcdc63b11e8a
2026-08-14 09:44:51.211 7 INFO neutron.plugins.ml2.plugin [None req-69ba1e5e-37e2-451c-9c79-f3adfff8a934 - - - - - -] Attempt 1 to provision port 06c7c6d8-6625-4315-bcf6-fcdc63b11e8a
2026-08-14 09:44:51.238 7 INFO neutron.db.ovn_revision_numbers_db [None req-b7dfb241-1b51-428c-8df1-2c66404fce5d abe265e987134221a2571ee217f649bc a289be9c04604bcc9a38e1209d9bda41 - - default default] Successfully bumped revision number for resource 06c7c6d8-6625-4315-bcf6-fcdc63b11e8a (type: router_ports) to 1
2026-08-14 09:44:51.340 7 INFO neutron.db.ovn_revision_numbers_db [None req-b7dfb241-1b51-428c-8df1-2c66404fce5d abe265e987134221a2571ee217f649bc a289be9c04604bcc9a38e1209d9bda41 - - default default] Successfully bumped revision number for resource 483ee567-ef9c-4ac7-9b52-5ab284334ff8 (type: routers) to 2 [pid: 7|app: 0|req: 309/614] 10.0.0.32 () {34 vars in 668 bytes} [Fri Aug 14 09:44:49 2026] POST /v2.0/routers => generated 971 bytes in 1616 msecs (HTTP/1.1 201) 4 headers in 162 bytes (1 switches on core 0)
2026-08-14 09:44:51.618 7 INFO neutron.db.ovn_revision_numbers_db [None req-02f62bf3-565b-455a-9019-8c90afa4a515 abe265e987134221a2571ee217f649bc a289be9c04604bcc9a38e1209d9bda41 - - default default] Successfully bumped revision number for resource 56a9123c-5259-4434-82f3-61d2eb4e3a42 (type: security_groups) to 1
2026-08-14 09:44:51.635 7 INFO neutron.db.ovn_revision_numbers_db [None req-02f62bf3-565b-455a-9019-8c90afa4a515 abe265e987134221a2571ee217f649bc a289be9c04604bcc9a38e1209d9bda41 - - default default] Successfully bumped revision number for resource 19dcfaba-55b4-4e84-bb22-0edcb166c981 (type: security_group_rules) to 0
2026-08-14 09:44:51.654 7 INFO neutron.db.ovn_revision_numbers_db [None req-02f62bf3-565b-455a-9019-8c90afa4a515 abe265e987134221a2571ee217f649bc a289be9c04604bcc9a38e1209d9bda41 - - default default] Successfully bumped revision number for resource 2c20edc5-018c-4d40-a589-30037991f094 (type: security_group_rules) to 0
2026-08-14 09:44:51.666 7 INFO neutron.db.ovn_revision_numbers_db [None req-02f62bf3-565b-455a-9019-8c90afa4a515 abe265e987134221a2571ee217f649bc a289be9c04604bcc9a38e1209d9bda41 - - default default] Successfully bumped revision number for resource 5e30736f-d561-476b-b596-12e38739a02b (type: security_group_rules) to 0
2026-08-14 09:44:51.685 7 INFO neutron.db.ovn_revision_numbers_db [None req-02f62bf3-565b-455a-9019-8c90afa4a515 abe265e987134221a2571ee217f649bc a289be9c04604bcc9a38e1209d9bda41 - - default default] Successfully bumped revision number for resource 6fc81e6d-0591-4d9c-9511-a02d93b4e0ec (type: security_group_rules) to 0
2026-08-14 09:44:51.760 7 INFO neutron.db.segments_db [None req-02f62bf3-565b-455a-9019-8c90afa4a515 abe265e987134221a2571ee217f649bc a289be9c04604bcc9a38e1209d9bda41 - - default default] Added segment 82d8bd10-1c9f-440f-a743-fa6a1fe22552 of type geneve for network 2792ee5c-a32c-441e-ad86-f25a32caf8e4
2026-08-14 09:44:51.858 7 INFO neutron.db.ovn_revision_numbers_db [None req-02f62bf3-565b-455a-9019-8c90afa4a515 abe265e987134221a2571ee217f649bc a289be9c04604bcc9a38e1209d9bda41 - - default default] Successfully bumped revision number for resource 2792ee5c-a32c-441e-ad86-f25a32caf8e4 (type: networks) to 1
2026-08-14 09:44:51.996 7 WARNING neutron.scheduler.dhcp_agent_scheduler [None req-02f62bf3-565b-455a-9019-8c90afa4a515 abe265e987134221a2571ee217f649bc a289be9c04604bcc9a38e1209d9bda41 - - default default] No more DHCP agents
2026-08-14 09:44:51.998 7 WARNING neutron.api.rpc.agentnotifiers.dhcp_rpc_agent_api [None req-02f62bf3-565b-455a-9019-8c90afa4a515 abe265e987134221a2571ee217f649bc a289be9c04604bcc9a38e1209d9bda41 - - default default] Unable to schedule network 2792ee5c-a32c-441e-ad86-f25a32caf8e4: no agents available; will retry on subsequent port and subnet creation events.
2026-08-14 09:44:52.075 7 INFO neutron.db.ovn_revision_numbers_db [None req-02f62bf3-565b-455a-9019-8c90afa4a515 abe265e987134221a2571ee217f649bc a289be9c04604bcc9a38e1209d9bda41 - - default default] Successfully bumped revision number for resource 770ca172-0668-4873-9549-d857533e650e (type: ports) to 1 [pid: 7|app: 0|req: 310/615] 10.0.0.32 () {34 vars in 670 bytes} [Fri Aug 14 09:44:51 2026] POST /v2.0/networks => generated 774 bytes in 737 msecs (HTTP/1.1 201) 4 headers in 162 bytes (1 switches on core 0)
2026-08-14 09:44:52.196 8 WARNING neutron.scheduler.dhcp_agent_scheduler [None req-b2c43e10-205e-4202-acba-9081732a6738 abe265e987134221a2571ee217f649bc a289be9c04604bcc9a38e1209d9bda41 - - default default] No more DHCP agents
2026-08-14 09:44:52.200 8 WARNING neutron.api.rpc.agentnotifiers.dhcp_rpc_agent_api [None req-b2c43e10-205e-4202-acba-9081732a6738 abe265e987134221a2571ee217f649bc a289be9c04604bcc9a38e1209d9bda41 - - default default] Unable to schedule network 1ffea9b9-f480-4650-b856-a35c4d08ef87: no agents available; will retry on subsequent port and subnet creation events.
2026-08-14 09:44:52.402 8 INFO neutron.db.ovn_revision_numbers_db [None req-b2c43e10-205e-4202-acba-9081732a6738 abe265e987134221a2571ee217f649bc a289be9c04604bcc9a38e1209d9bda41 - - default default] Successfully bumped revision number for resource a2ce0ed7-2e3e-4aff-8445-61926bf77f6f (type: ports) to 1
2026-08-14 09:44:52.504 7 WARNING neutron.scheduler.dhcp_agent_scheduler [None req-7e358e6d-be59-4153-93e8-04aa134a7ec4 abe265e987134221a2571ee217f649bc a289be9c04604bcc9a38e1209d9bda41 - - default default] No more DHCP agents
2026-08-14 09:44:52.505 7 WARNING neutron.api.rpc.agentnotifiers.dhcp_rpc_agent_api [None req-7e358e6d-be59-4153-93e8-04aa134a7ec4 abe265e987134221a2571ee217f649bc a289be9c04604bcc9a38e1209d9bda41 - - default default] Unable to schedule network 3ad17fa6-7b27-4c62-9755-74ccfbcfd998: no agents available; will retry on subsequent port and subnet creation events.
2026-08-14 09:44:52.656 7 INFO neutron.db.ovn_revision_numbers_db [None req-7e358e6d-be59-4153-93e8-04aa134a7ec4 abe265e987134221a2571ee217f649bc a289be9c04604bcc9a38e1209d9bda41 - - default default] Successfully bumped revision number for resource ff5da290-1684-4854-bd9b-cc1078a4e0b4 (type: ports) to 1
2026-08-14 09:44:52.671 8 INFO neutron.db.ovn_revision_numbers_db [None req-e949858c-5c6b-45fb-a494-5b3284cff2d9 - - - - - -] Successfully bumped revision number for resource 2f2ca887-063e-462a-999c-5e9e5354d676 (type: ports) to 4
2026-08-14 09:44:53.345 8 INFO neutron.db.ovn_revision_numbers_db [None req-e949858c-5c6b-45fb-a494-5b3284cff2d9 - - - - - -] Successfully bumped revision number for resource 2f2ca887-063e-462a-999c-5e9e5354d676 (type: ports) to 5
2026-08-14 09:44:53.365 8 INFO neutron.plugins.ml2.drivers.ovn.mech_driver.mech_driver [None req-c778f65a-7c41-4bd4-a15a-720f4d9e545a - - - - - -] OVN reports status down for port: 770ca172-0668-4873-9549-d857533e650e
2026-08-14 09:44:53.538 8 INFO neutron.plugins.ml2.drivers.ovn.mech_driver.ovsdb.ovsdb_monitor [None req-e949858c-5c6b-45fb-a494-5b3284cff2d9 - - - - - -] Router 483ee567-ef9c-4ac7-9b52-5ab284334ff8 is bound to host instance
2026-08-14 09:44:53.545 7 WARNING neutron.scheduler.dhcp_agent_scheduler [None req-7e358e6d-be59-4153-93e8-04aa134a7ec4 abe265e987134221a2571ee217f649bc a289be9c04604bcc9a38e1209d9bda41 - - default default] No more DHCP agents
2026-08-14 09:44:53.546 7 WARNING neutron.api.rpc.agentnotifiers.dhcp_rpc_agent_api [None req-7e358e6d-be59-4153-93e8-04aa134a7ec4 abe265e987134221a2571ee217f649bc a289be9c04604bcc9a38e1209d9bda41 - - default default] Unable to schedule network 3ad17fa6-7b27-4c62-9755-74ccfbcfd998: no agents available; will retry on subsequent port and subnet creation events.
2026-08-14 09:44:53.546 8 INFO neutron.plugins.ml2.drivers.ovn.mech_driver.mech_driver [None req-c778f65a-7c41-4bd4-a15a-720f4d9e545a - - - - - -] OVN reports status down for port: a2ce0ed7-2e3e-4aff-8445-61926bf77f6f
2026-08-14 09:44:53.712 8 INFO neutron.plugins.ml2.drivers.ovn.mech_driver.ovsdb.commands [None req-ed39ff18-d78a-467b-ab3c-9f74c99316de - - - - - -] Schedule LRP lrp-a2ce0ed7-2e3e-4aff-8445-61926bf77f6f on gateway 7718391e-114d-4f58-8bf6-b14122bfc138 with priority 1
2026-08-14 09:44:53.803 8 WARNING neutron.plugins.ml2.drivers.ovn.mech_driver.ovsdb.ovn_client [None req-c778f65a-7c41-4bd4-a15a-720f4d9e545a - - - - - -] Logical_Switch_Port %s host information not removed, the port state is up
2026-08-14 09:44:53.804 8 INFO neutron.plugins.ml2.drivers.ovn.mech_driver.mech_driver [None req-c778f65a-7c41-4bd4-a15a-720f4d9e545a - - - - - -] OVN reports status up for port: a2ce0ed7-2e3e-4aff-8445-61926bf77f6f
2026-08-14 09:44:53.843 8 INFO neutron.plugins.ml2.plugin [None req-c778f65a-7c41-4bd4-a15a-720f4d9e545a - - - - - -] Attempt 1 to provision port a2ce0ed7-2e3e-4aff-8445-61926bf77f6f
2026-08-14 09:44:53.897 8 INFO neutron.db.ovn_revision_numbers_db [None req-b2c43e10-205e-4202-acba-9081732a6738 abe265e987134221a2571ee217f649bc a289be9c04604bcc9a38e1209d9bda41 - - default default] Successfully bumped revision number for resource a2ce0ed7-2e3e-4aff-8445-61926bf77f6f (type: router_ports) to 1
2026-08-14 09:44:54.118 8 INFO neutron.db.ovn_revision_numbers_db [None req-b2c43e10-205e-4202-acba-9081732a6738 abe265e987134221a2571ee217f649bc a289be9c04604bcc9a38e1209d9bda41 - - default default] Successfully bumped revision number for resource 07929fa9-f761-4c1d-910f-f96ebc2a70d5 (type: routers) to 2
2026-08-14 09:44:54.144 7 INFO neutron.db.ovn_revision_numbers_db [None req-7e358e6d-be59-4153-93e8-04aa134a7ec4 abe265e987134221a2571ee217f649bc a289be9c04604bcc9a38e1209d9bda41 - - default default] Successfully bumped revision number for resource ff5da290-1684-4854-bd9b-cc1078a4e0b4 (type: router_ports) to 1 [pid: 7|app: 0|req: 311/616] 10.0.0.32 () {34 vars in 782 bytes} [Fri Aug 14 09:44:52 2026] PUT /v2.0/routers/92f11962-16e0-4b39-a7e3-70b483c62ba1/add_router_interface => generated 309 bytes in 2057 msecs (HTTP/1.1 200) 4 headers in 157 bytes (1 switches on core 0) [pid: 8|app: 0|req: 306/617] 10.0.0.32 () {34 vars in 668 bytes} [Fri Aug 14 09:44:51 2026] POST /v2.0/routers => generated 969 bytes in 3097 msecs (HTTP/1.1 201) 4 headers in 162 bytes (1 switches on core 0)
2026-08-14 09:44:54.389 8 WARNING neutron.scheduler.dhcp_agent_scheduler [None req-9e57b142-bc4b-43ff-a908-d73f671f1a26 abe265e987134221a2571ee217f649bc a289be9c04604bcc9a38e1209d9bda41 - - default default] No more DHCP agents
2026-08-14 09:44:54.392 8 WARNING neutron.api.rpc.agentnotifiers.dhcp_rpc_agent_api [None req-9e57b142-bc4b-43ff-a908-d73f671f1a26 abe265e987134221a2571ee217f649bc a289be9c04604bcc9a38e1209d9bda41 - - default default] Unable to schedule network 2792ee5c-a32c-441e-ad86-f25a32caf8e4: no agents available; will retry on subsequent port and subnet creation events.
2026-08-14 09:44:54.611 7 WARNING neutron.scheduler.dhcp_agent_scheduler [None req-434e1eed-0388-4276-b985-15118a931d5c abe265e987134221a2571ee217f649bc a289be9c04604bcc9a38e1209d9bda41 - - default default] No more DHCP agents
2026-08-14 09:44:54.614 7 WARNING neutron.api.rpc.agentnotifiers.dhcp_rpc_agent_api [None req-434e1eed-0388-4276-b985-15118a931d5c abe265e987134221a2571ee217f649bc a289be9c04604bcc9a38e1209d9bda41 - - default default] Unable to schedule network 97c3d4b4-4ecc-44da-bc7f-260de5d75719: no agents available; will retry on subsequent port and subnet creation events.
2026-08-14 09:44:54.745 7 INFO neutron.db.ovn_revision_numbers_db [None req-434e1eed-0388-4276-b985-15118a931d5c abe265e987134221a2571ee217f649bc a289be9c04604bcc9a38e1209d9bda41 - - default default] Successfully bumped revision number for resource c732fdda-84f6-49b0-be30-90dd5c76c247 (type: ports) to 1
2026-08-14 09:44:55.242 8 INFO neutron.db.ovn_revision_numbers_db [None req-f8fb08c9-7ee2-4ed1-a7fc-6ebe0fa7a69f - - - - - -] Successfully bumped revision number for resource 06c7c6d8-6625-4315-bcf6-fcdc63b11e8a (type: ports) to 4
2026-08-14 09:44:55.250 8 INFO neutron.db.ovn_revision_numbers_db [None req-47395d75-d4c2-4d0e-9936-2ca26d838aaf - - - - - -] Successfully bumped revision number for resource 770ca172-0668-4873-9549-d857533e650e (type: ports) to 2
2026-08-14 09:44:55.321 8 INFO neutron.db.ovn_revision_numbers_db [None req-47395d75-d4c2-4d0e-9936-2ca26d838aaf - - - - - -] Successfully bumped revision number for resource 910fd30f-7468-4cdc-9f79-333f5e9e535c (type: subnets) to 0 [pid: 8|app: 0|req: 309/620] 10.0.0.32 () {34 vars in 668 bytes} [Fri Aug 14 09:44:54 2026] POST /v2.0/subnets => generated 699 bytes in 1179 msecs (HTTP/1.1 201) 4 headers in 162 bytes (1 switches on core 0)
2026-08-14 09:44:55.352 7 WARNING neutron.scheduler.dhcp_agent_scheduler [None req-434e1eed-0388-4276-b985-15118a931d5c abe265e987134221a2571ee217f649bc a289be9c04604bcc9a38e1209d9bda41 - - default default] No more DHCP agents
2026-08-14 09:44:55.353 7 WARNING neutron.api.rpc.agentnotifiers.dhcp_rpc_agent_api [None req-434e1eed-0388-4276-b985-15118a931d5c abe265e987134221a2571ee217f649bc a289be9c04604bcc9a38e1209d9bda41 - - default default] Unable to schedule network 97c3d4b4-4ecc-44da-bc7f-260de5d75719: no agents available; will retry on subsequent port and subnet creation events.
2026-08-14 09:44:55.809 7 INFO neutron.db.ovn_revision_numbers_db [None req-434e1eed-0388-4276-b985-15118a931d5c abe265e987134221a2571ee217f649bc a289be9c04604bcc9a38e1209d9bda41 - - default default] Successfully bumped revision number for resource c732fdda-84f6-49b0-be30-90dd5c76c247 (type: router_ports) to 1 [pid: 7|app: 0|req: 312/621] 10.0.0.32 () {34 vars in 782 bytes} [Fri Aug 14 09:44:54 2026] PUT /v2.0/routers/483ee567-ef9c-4ac7-9b52-5ab284334ff8/add_router_interface => generated 309 bytes in 1661 msecs (HTTP/1.1 200) 4 headers in 157 bytes (1 switches on core 0)
2026-08-14 09:44:55.829 8 INFO neutron.db.ovn_revision_numbers_db [None req-f8fb08c9-7ee2-4ed1-a7fc-6ebe0fa7a69f - - - - - -] Successfully bumped revision number for resource 06c7c6d8-6625-4315-bcf6-fcdc63b11e8a (type: ports) to 5 [pid: 7|app: 0|req: 313/622] 10.0.0.19 () {28 vars in 578 bytes} [Fri Aug 14 09:44:55 2026] GET /v2.0/ports => generated 14722 bytes in 93 msecs (HTTP/1.1 200) 4 headers in 159 bytes (1 switches on core 0)
2026-08-14 09:44:56.007 8 INFO neutron.plugins.ml2.drivers.ovn.mech_driver.ovsdb.ovsdb_monitor [None req-f8fb08c9-7ee2-4ed1-a7fc-6ebe0fa7a69f - - - - - -] Router 07929fa9-f761-4c1d-910f-f96ebc2a70d5 is bound to host instance
2026-08-14 09:44:56.036 7 INFO neutron.db.ovn_revision_numbers_db [req-38ae2c36-9a10-4e2b-b16f-c049d0707959 req-fca5efe0-5179-4a47-bbc4-6cd00b45f85c 73692c58a6e3412caa28fc434b7d66af f4ed6871e5b24c51925a0f9c7dfc4916 - - default default] Successfully bumped revision number for resource cfd0039a-9b91-4d2d-b554-38517911dacf (type: security_groups) to 1
2026-08-14 09:44:56.045 7 INFO neutron.db.ovn_revision_numbers_db [req-38ae2c36-9a10-4e2b-b16f-c049d0707959 req-fca5efe0-5179-4a47-bbc4-6cd00b45f85c 73692c58a6e3412caa28fc434b7d66af f4ed6871e5b24c51925a0f9c7dfc4916 - - default default] Successfully bumped revision number for resource 01a579b5-759d-4be2-9d36-98e172d4f17d (type: security_group_rules) to 0
2026-08-14 09:44:56.054 7 INFO neutron.db.ovn_revision_numbers_db [req-38ae2c36-9a10-4e2b-b16f-c049d0707959 req-fca5efe0-5179-4a47-bbc4-6cd00b45f85c 73692c58a6e3412caa28fc434b7d66af f4ed6871e5b24c51925a0f9c7dfc4916 - - default default] Successfully bumped revision number for resource 849d2d41-777d-4701-b42c-58424fa4ac0f (type: security_group_rules) to 0 [pid: 7|app: 0|req: 314/623] 10.0.0.9 () {38 vars in 969 bytes} [Fri Aug 14 09:44:55 2026] POST /v2.0/security-groups => generated 1683 bytes in 175 msecs (HTTP/1.1 201) 4 headers in 163 bytes (1 switches on core 0)
2026-08-14 09:44:56.202 8 WARNING neutron.scheduler.dhcp_agent_scheduler [None req-6d7810c8-7ad2-457d-90ba-3849b40d9676 abe265e987134221a2571ee217f649bc a289be9c04604bcc9a38e1209d9bda41 - - default default] No more DHCP agents
2026-08-14 09:44:56.205 8 WARNING neutron.api.rpc.agentnotifiers.dhcp_rpc_agent_api [None req-6d7810c8-7ad2-457d-90ba-3849b40d9676 abe265e987134221a2571ee217f649bc a289be9c04604bcc9a38e1209d9bda41 - - default default] Unable to schedule network 64b157bb-2b83-46cc-97b3-4a53b9df0ed0: no agents available; will retry on subsequent port and subnet creation events.
2026-08-14 09:44:56.407 7 WARNING neutron.scheduler.dhcp_agent_scheduler [None req-3bafd067-fba0-4d1b-a06f-fd21ed27c4f5 abe265e987134221a2571ee217f649bc a289be9c04604bcc9a38e1209d9bda41 - - default default] No more DHCP agents
2026-08-14 09:44:56.408 7 WARNING neutron.api.rpc.agentnotifiers.dhcp_rpc_agent_api [None req-3bafd067-fba0-4d1b-a06f-fd21ed27c4f5 abe265e987134221a2571ee217f649bc a289be9c04604bcc9a38e1209d9bda41 - - default default] Unable to schedule network 1ffea9b9-f480-4650-b856-a35c4d08ef87: no agents available; will retry on subsequent port and subnet creation events.
2026-08-14 09:44:56.414 8 INFO neutron.db.ovn_revision_numbers_db [None req-6d7810c8-7ad2-457d-90ba-3849b40d9676 abe265e987134221a2571ee217f649bc a289be9c04604bcc9a38e1209d9bda41 - - default default] Successfully bumped revision number for resource 77874455-bfb7-4b8f-a739-e5e1f05ca27d (type: ports) to 1
2026-08-14 09:44:56.508 7 INFO neutron.plugins.ml2.drivers.ovn.mech_driver.mech_driver [None req-69ba1e5e-37e2-451c-9c79-f3adfff8a934 - - - - - -] OVN reports status down for port: ff5da290-1684-4854-bd9b-cc1078a4e0b4
2026-08-14 09:44:56.553 7 INFO neutron.db.ovn_revision_numbers_db [None req-3bafd067-fba0-4d1b-a06f-fd21ed27c4f5 abe265e987134221a2571ee217f649bc a289be9c04604bcc9a38e1209d9bda41 - - default default] Successfully bumped revision number for resource 05d7363d-20e1-4ddb-8d3c-184fb137ab67 (type: ports) to 1
2026-08-14 09:44:56.642 7 WARNING neutron.plugins.ml2.drivers.ovn.mech_driver.ovsdb.ovn_client [None req-69ba1e5e-37e2-451c-9c79-f3adfff8a934 - - - - - -] Logical_Switch_Port %s host information not removed, the port state is up
2026-08-14 09:44:56.643 7 INFO neutron.plugins.ml2.drivers.ovn.mech_driver.mech_driver [None req-69ba1e5e-37e2-451c-9c79-f3adfff8a934 - - - - - -] OVN reports status up for port: ff5da290-1684-4854-bd9b-cc1078a4e0b4
2026-08-14 09:44:56.668 7 INFO neutron.plugins.ml2.plugin [None req-69ba1e5e-37e2-451c-9c79-f3adfff8a934 - - - - - -] Attempt 1 to provision port ff5da290-1684-4854-bd9b-cc1078a4e0b4
2026-08-14 09:44:57.103 8 INFO neutron.plugins.ml2.drivers.ovn.mech_driver.mech_driver [None req-c778f65a-7c41-4bd4-a15a-720f4d9e545a - - - - - -] OVN reports status down for port: c732fdda-84f6-49b0-be30-90dd5c76c247
2026-08-14 09:44:57.328 8 WARNING neutron.plugins.ml2.drivers.ovn.mech_driver.ovsdb.ovn_client [None req-c778f65a-7c41-4bd4-a15a-720f4d9e545a - - - - - -] Logical_Switch_Port %s host information not removed, the port state is up
2026-08-14 09:44:57.330 8 INFO neutron.plugins.ml2.drivers.ovn.mech_driver.mech_driver [None req-c778f65a-7c41-4bd4-a15a-720f4d9e545a - - - - - -] OVN reports status up for port: c732fdda-84f6-49b0-be30-90dd5c76c247
2026-08-14 09:44:57.367 8 INFO neutron.plugins.ml2.plugin [None req-c778f65a-7c41-4bd4-a15a-720f4d9e545a - - - - - -] Attempt 1 to provision port c732fdda-84f6-49b0-be30-90dd5c76c247
