Jun 09 08:42:04.983945 np0000179117 nova-scheduler[109030]: DEBUG cotyledon.oslo_config_glue [-] workarounds.libvirt_disable_apic = False {{(pid=109030) log_opt_values /opt/stack/data/venv/lib/python3.12/site-packages/oslo_config/cfg.py:3256}}
Jun 09 08:42:04.983945 np0000179117 nova-scheduler[109030]: DEBUG cotyledon.oslo_config_glue [-] workarounds.never_download_image_if_on_rbd = False {{(pid=109030) log_opt_values /opt/stack/data/venv/lib/python3.12/site-packages/oslo_config/cfg.py:3256}}
Jun 09 08:42:04.983945 np0000179117 nova-scheduler[109030]: DEBUG cotyledon.oslo_config_glue [-] workarounds.qemu_monitor_announce_self_count = 3 {{(pid=109030) log_opt_values /opt/stack/data/venv/lib/python3.12/site-packages/oslo_config/cfg.py:3256}}
Jun 09 08:42:04.983945 np0000179117 nova-scheduler[109030]: DEBUG cotyledon.oslo_config_glue [-] workarounds.qemu_monitor_announce_self_interval = 1 {{(pid=109030) log_opt_values /opt/stack/data/venv/lib/python3.12/site-packages/oslo_config/cfg.py:3256}}
Jun 09 08:42:04.983945 np0000179117 nova-scheduler[109030]: DEBUG cotyledon.oslo_config_glue [-] workarounds.reserve_disk_resource_for_image_cache = False {{(pid=109030) log_opt_values /opt/stack/data/venv/lib/python3.12/site-packages/oslo_config/cfg.py:3256}}
Jun 09 08:42:04.984181 np0000179117 nova-scheduler[109030]: DEBUG cotyledon.oslo_config_glue [-] workarounds.skip_cpu_compare_at_startup = False {{(pid=109030) log_opt_values /opt/stack/data/venv/lib/python3.12/site-packages/oslo_config/cfg.py:3256}}
Jun 09 08:42:04.984181 np0000179117 nova-scheduler[109030]: DEBUG cotyledon.oslo_config_glue [-] workarounds.skip_cpu_compare_on_dest = False {{(pid=109030) log_opt_values /opt/stack/data/venv/lib/python3.12/site-packages/oslo_config/cfg.py:3256}}
Jun 09 08:42:04.984181 np0000179117 nova-scheduler[109030]: DEBUG cotyledon.oslo_config_glue [-] workarounds.skip_hypervisor_version_check_on_lm = False {{(pid=109030) log_opt_values /opt/stack/data/venv/lib/python3.12/site-packages/oslo_config/cfg.py:3256}}
Jun 09 08:42:04.984181 np0000179117 nova-scheduler[109030]: DEBUG cotyledon.oslo_config_glue [-] workarounds.skip_reserve_in_use_ironic_nodes = False {{(pid=109030) log_opt_values /opt/stack/data/venv/lib/python3.12/site-packages/oslo_config/cfg.py:3256}}
Jun 09 08:42:04.984181 np0000179117 nova-scheduler[109030]: DEBUG cotyledon.oslo_config_glue [-] workarounds.unified_limits_count_pcpu_as_vcpu = False {{(pid=109030) log_opt_values /opt/stack/data/venv/lib/python3.12/site-packages/oslo_config/cfg.py:3256}}
Jun 09 08:42:04.984181 np0000179117 nova-scheduler[109030]: DEBUG cotyledon.oslo_config_glue [-] workarounds.wait_for_vif_plugged_event_during_hard_reboot = [] {{(pid=109030) log_opt_values /opt/stack/data/venv/lib/python3.12/site-packages/oslo_config/cfg.py:3256}}
Jun 09 08:42:04.984181 np0000179117 nova-scheduler[109030]: DEBUG cotyledon.oslo_config_glue [-] wsgi.api_paste_config = /etc/nova/api-paste.ini {{(pid=109030) log_opt_values /opt/stack/data/venv/lib/python3.12/site-packages/oslo_config/cfg.py:3256}}
Jun 09 08:42:04.984181 np0000179117 nova-scheduler[109030]: DEBUG cotyledon.oslo_config_glue [-] wsgi.secure_proxy_ssl_header = None {{(pid=109030) log_opt_values /opt/stack/data/venv/lib/python3.12/site-packages/oslo_config/cfg.py:3256}}
Jun 09 08:42:04.984181 np0000179117 nova-scheduler[109030]: DEBUG cotyledon.oslo_config_glue [-] zvm.ca_file = None {{(pid=109030) log_opt_values /opt/stack/data/venv/lib/python3.12/site-packages/oslo_config/cfg.py:3256}}
Jun 09 08:42:04.984408 np0000179117 nova-scheduler[109030]: DEBUG cotyledon.oslo_config_glue [-] zvm.cloud_connector_url = None {{(pid=109030) log_opt_values /opt/stack/data/venv/lib/python3.12/site-packages/oslo_config/cfg.py:3256}}
Jun 09 08:42:04.984408 np0000179117 nova-scheduler[109030]: DEBUG cotyledon.oslo_config_glue [-] zvm.image_tmp_path = /opt/stack/data/nova/images {{(pid=109030) log_opt_values /opt/stack/data/venv/lib/python3.12/site-packages/oslo_config/cfg.py:3256}}
Jun 09 08:42:04.984408 np0000179117 nova-scheduler[109030]: DEBUG cotyledon.oslo_config_glue [-] zvm.reachable_timeout = 300 {{(pid=109030) log_opt_values /opt/stack/data/venv/lib/python3.12/site-packages/oslo_config/cfg.py:3256}}
Jun 09 08:42:04.984408 np0000179117 nova-scheduler[109030]: DEBUG cotyledon.oslo_config_glue [-] oslo_versionedobjects.fatal_exception_format_errors = False {{(pid=109030) log_opt_values /opt/stack/data/venv/lib/python3.12/site-packages/oslo_config/cfg.py:3256}}
Jun 09 08:42:04.984408 np0000179117 nova-scheduler[109030]: DEBUG cotyledon.oslo_config_glue [-] oslo_middleware.http_basic_auth_user_file = /etc/htpasswd {{(pid=109030) log_opt_values /opt/stack/data/venv/lib/python3.12/site-packages/oslo_config/cfg.py:3256}}
Jun 09 08:42:04.984408 np0000179117 nova-scheduler[109030]: DEBUG cotyledon.oslo_config_glue [-] oslo_messaging_metrics.metrics_buffer_size = 1000 {{(pid=109030) log_opt_values /opt/stack/data/venv/lib/python3.12/site-packages/oslo_config/cfg.py:3256}}
Jun 09 08:42:04.984408 np0000179117 nova-scheduler[109030]: DEBUG cotyledon.oslo_config_glue [-] oslo_messaging_metrics.metrics_enabled = False {{(pid=109030) log_opt_values /opt/stack/data/venv/lib/python3.12/site-packages/oslo_config/cfg.py:3256}}
Jun 09 08:42:04.984408 np0000179117 nova-scheduler[109030]: DEBUG cotyledon.oslo_config_glue [-] oslo_messaging_metrics.metrics_process_name = {{(pid=109030) log_opt_values /opt/stack/data/venv/lib/python3.12/site-packages/oslo_config/cfg.py:3256}}
Jun 09 08:42:04.984615 np0000179117 nova-scheduler[109030]: DEBUG cotyledon.oslo_config_glue [-] oslo_messaging_metrics.metrics_socket_file = /var/tmp/metrics_collector.sock {{(pid=109030) log_opt_values /opt/stack/data/venv/lib/python3.12/site-packages/oslo_config/cfg.py:3256}}
Jun 09 08:42:04.984615 np0000179117 nova-scheduler[109030]: DEBUG cotyledon.oslo_config_glue [-] oslo_messaging_metrics.metrics_thread_stop_timeout = 10 {{(pid=109030) log_opt_values /opt/stack/data/venv/lib/python3.12/site-packages/oslo_config/cfg.py:3256}}
Jun 09 08:42:04.984615 np0000179117 nova-scheduler[109030]: DEBUG cotyledon.oslo_config_glue [-] profiler.connection_string = messaging:// {{(pid=109030) log_opt_values /opt/stack/data/venv/lib/python3.12/site-packages/oslo_config/cfg.py:3256}}
Jun 09 08:42:04.984615 np0000179117 nova-scheduler[109030]: DEBUG cotyledon.oslo_config_glue [-] profiler.enabled = False {{(pid=109030) log_opt_values /opt/stack/data/venv/lib/python3.12/site-packages/oslo_config/cfg.py:3256}}
Jun 09 08:42:04.984615 np0000179117 nova-scheduler[109030]: DEBUG cotyledon.oslo_config_glue [-] profiler.es_doc_type = notification {{(pid=109030) log_opt_values /opt/stack/data/venv/lib/python3.12/site-packages/oslo_config/cfg.py:3256}}
Jun 09 08:42:04.984615 np0000179117 nova-scheduler[109030]: DEBUG cotyledon.oslo_config_glue [-] profiler.es_scroll_size = 10000 {{(pid=109030) log_opt_values /opt/stack/data/venv/lib/python3.12/site-packages/oslo_config/cfg.py:3256}}
Jun 09 08:42:04.984615 np0000179117 nova-scheduler[109030]: DEBUG cotyledon.oslo_config_glue [-] profiler.es_scroll_time = 2m {{(pid=109030) log_opt_values /opt/stack/data/venv/lib/python3.12/site-packages/oslo_config/cfg.py:3256}}
Jun 09 08:42:04.984615 np0000179117 nova-scheduler[109030]: DEBUG cotyledon.oslo_config_glue [-] profiler.filter_error_trace = False {{(pid=109030) log_opt_values /opt/stack/data/venv/lib/python3.12/site-packages/oslo_config/cfg.py:3256}}
Jun 09 08:42:04.984615 np0000179117 nova-scheduler[109030]: DEBUG cotyledon.oslo_config_glue [-] profiler.hmac_keys = **** {{(pid=109030) log_opt_values /opt/stack/data/venv/lib/python3.12/site-packages/oslo_config/cfg.py:3256}}
Jun 09 08:42:04.984925 np0000179117 nova-scheduler[109030]: DEBUG cotyledon.oslo_config_glue [-] profiler.sentinel_service_name = mymaster {{(pid=109030) log_opt_values /opt/stack/data/venv/lib/python3.12/site-packages/oslo_config/cfg.py:3256}}
Jun 09 08:42:04.984925 np0000179117 nova-scheduler[109030]: DEBUG cotyledon.oslo_config_glue [-] profiler.socket_timeout = 0.1 {{(pid=109030) log_opt_values /opt/stack/data/venv/lib/python3.12/site-packages/oslo_config/cfg.py:3256}}
Jun 09 08:42:04.984925 np0000179117 nova-scheduler[109030]: DEBUG cotyledon.oslo_config_glue [-] profiler.trace_requests = False {{(pid=109030) log_opt_values /opt/stack/data/venv/lib/python3.12/site-packages/oslo_config/cfg.py:3256}}
Jun 09 08:42:04.984925 np0000179117 nova-scheduler[109030]: DEBUG cotyledon.oslo_config_glue [-] profiler.trace_sqlalchemy = False {{(pid=109030) log_opt_values /opt/stack/data/venv/lib/python3.12/site-packages/oslo_config/cfg.py:3256}}
Jun 09 08:42:04.984925 np0000179117 nova-scheduler[109030]: DEBUG cotyledon.oslo_config_glue [-] profiler_jaeger.process_tags = {} {{(pid=109030) log_opt_values /opt/stack/data/venv/lib/python3.12/site-packages/oslo_config/cfg.py:3256}}
Jun 09 08:42:04.984925 np0000179117 nova-scheduler[109030]: DEBUG cotyledon.oslo_config_glue [-] profiler_jaeger.service_name_prefix = None {{(pid=109030) log_opt_values /opt/stack/data/venv/lib/python3.12/site-packages/oslo_config/cfg.py:3256}}
Jun 09 08:42:04.984925 np0000179117 nova-scheduler[109030]: DEBUG cotyledon.oslo_config_glue [-] profiler_otlp.service_name_prefix = None {{(pid=109030) log_opt_values /opt/stack/data/venv/lib/python3.12/site-packages/oslo_config/cfg.py:3256}}
Jun 09 08:42:04.984925 np0000179117 nova-scheduler[109030]: DEBUG cotyledon.oslo_config_glue [-] oslo_messaging_rabbit.amqp_auto_delete = False {{(pid=109030) log_opt_values /opt/stack/data/venv/lib/python3.12/site-packages/oslo_config/cfg.py:3256}}
Jun 09 08:42:04.984925 np0000179117 nova-scheduler[109030]: DEBUG cotyledon.oslo_config_glue [-] oslo_messaging_rabbit.amqp_durable_queues = False {{(pid=109030) log_opt_values /opt/stack/data/venv/lib/python3.12/site-packages/oslo_config/cfg.py:3256}}
Jun 09 08:42:04.985145 np0000179117 nova-scheduler[109030]: DEBUG cotyledon.oslo_config_glue [-] oslo_messaging_rabbit.conn_pool_min_size = 2 {{(pid=109030) log_opt_values /opt/stack/data/venv/lib/python3.12/site-packages/oslo_config/cfg.py:3256}}
Jun 09 08:42:04.985145 np0000179117 nova-scheduler[109030]: DEBUG cotyledon.oslo_config_glue [-] oslo_messaging_rabbit.conn_pool_ttl = 1200 {{(pid=109030) log_opt_values /opt/stack/data/venv/lib/python3.12/site-packages/oslo_config/cfg.py:3256}}
Jun 09 08:42:04.985145 np0000179117 nova-scheduler[109030]: DEBUG cotyledon.oslo_config_glue [-] oslo_messaging_rabbit.direct_mandatory_flag = True {{(pid=109030) log_opt_values /opt/stack/data/venv/lib/python3.12/site-packages/oslo_config/cfg.py:3256}}
Jun 09 08:42:04.985145 np0000179117 nova-scheduler[109030]: DEBUG cotyledon.oslo_config_glue [-] oslo_messaging_rabbit.enable_cancel_on_failover = False {{(pid=109030) log_opt_values /opt/stack/data/venv/lib/python3.12/site-packages/oslo_config/cfg.py:3256}}
Jun 09 08:42:04.985145 np0000179117 nova-scheduler[109030]: DEBUG cotyledon.oslo_config_glue [-] oslo_messaging_rabbit.heartbeat_rate = 3 {{(pid=109030) log_opt_values /opt/stack/data/venv/lib/python3.12/site-packages/oslo_config/cfg.py:3256}}
Jun 09 08:42:04.985145 np0000179117 nova-scheduler[109030]: DEBUG cotyledon.oslo_config_glue [-] oslo_messaging_rabbit.heartbeat_timeout_threshold = 60 {{(pid=109030) log_opt_values /opt/stack/data/venv/lib/python3.12/site-packages/oslo_config/cfg.py:3256}}
Jun 09 08:42:04.985145 np0000179117 nova-scheduler[109030]: DEBUG cotyledon.oslo_config_glue [-] oslo_messaging_rabbit.hostname = np0000179117 {{(pid=109030) log_opt_values /opt/stack/data/venv/lib/python3.12/site-packages/oslo_config/cfg.py:3256}}
Jun 09 08:42:04.985145 np0000179117 nova-scheduler[109030]: DEBUG cotyledon.oslo_config_glue [-] oslo_messaging_rabbit.kombu_compression = None {{(pid=109030) log_opt_values /opt/stack/data/venv/lib/python3.12/site-packages/oslo_config/cfg.py:3256}}
Jun 09 08:42:04.985145 np0000179117 nova-scheduler[109030]: DEBUG cotyledon.oslo_config_glue [-] oslo_messaging_rabbit.kombu_failover_strategy = round-robin {{(pid=109030) log_opt_values /opt/stack/data/venv/lib/python3.12/site-packages/oslo_config/cfg.py:3256}}
Jun 09 08:42:04.985398 np0000179117 nova-scheduler[109030]: DEBUG cotyledon.oslo_config_glue [-] oslo_messaging_rabbit.kombu_missing_consumer_retry_timeout = 60 {{(pid=109030) log_opt_values /opt/stack/data/venv/lib/python3.12/site-packages/oslo_config/cfg.py:3256}}
Jun 09 08:42:04.985398 np0000179117 nova-scheduler[109030]: DEBUG cotyledon.oslo_config_glue [-] oslo_messaging_rabbit.kombu_reconnect_delay = 1.0 {{(pid=109030) log_opt_values /opt/stack/data/venv/lib/python3.12/site-packages/oslo_config/cfg.py:3256}}
Jun 09 08:42:04.985398 np0000179117 nova-scheduler[109030]: DEBUG cotyledon.oslo_config_glue [-] oslo_messaging_rabbit.kombu_reconnect_splay = 0.0 {{(pid=109030) log_opt_values /opt/stack/data/venv/lib/python3.12/site-packages/oslo_config/cfg.py:3256}}
Jun 09 08:42:04.985398 np0000179117 nova-scheduler[109030]: DEBUG cotyledon.oslo_config_glue [-] oslo_messaging_rabbit.processname = nova-scheduler {{(pid=109030) log_opt_values /opt/stack/data/venv/lib/python3.12/site-packages/oslo_config/cfg.py:3256}}
Jun 09 08:42:04.985398 np0000179117 nova-scheduler[109030]: DEBUG cotyledon.oslo_config_glue [-] oslo_messaging_rabbit.rabbit_ha_queues = False {{(pid=109030) log_opt_values /opt/stack/data/venv/lib/python3.12/site-packages/oslo_config/cfg.py:3256}}
Jun 09 08:42:04.985398 np0000179117 nova-scheduler[109030]: DEBUG cotyledon.oslo_config_glue [-] oslo_messaging_rabbit.rabbit_interval_max = 30 {{(pid=109030) log_opt_values /opt/stack/data/venv/lib/python3.12/site-packages/oslo_config/cfg.py:3256}}
Jun 09 08:42:04.985398 np0000179117 nova-scheduler[109030]: DEBUG cotyledon.oslo_config_glue [-] oslo_messaging_rabbit.rabbit_login_method = AMQPLAIN {{(pid=109030) log_opt_values /opt/stack/data/venv/lib/python3.12/site-packages/oslo_config/cfg.py:3256}}
Jun 09 08:42:04.985398 np0000179117 nova-scheduler[109030]: DEBUG cotyledon.oslo_config_glue [-] oslo_messaging_rabbit.rabbit_qos_prefetch_count = 0 {{(pid=109030) log_opt_values /opt/stack/data/venv/lib/python3.12/site-packages/oslo_config/cfg.py:3256}}
Jun 09 08:42:04.985607 np0000179117 nova-scheduler[109030]: DEBUG cotyledon.oslo_config_glue [-] oslo_messaging_rabbit.rabbit_quorum_delivery_limit = 0 {{(pid=109030) log_opt_values /opt/stack/data/venv/lib/python3.12/site-packages/oslo_config/cfg.py:3256}}
Jun 09 08:42:04.985607 np0000179117 nova-scheduler[109030]: DEBUG cotyledon.oslo_config_glue [-] oslo_messaging_rabbit.rabbit_quorum_max_memory_bytes = 0 {{(pid=109030) log_opt_values /opt/stack/data/venv/lib/python3.12/site-packages/oslo_config/cfg.py:3256}}
Jun 09 08:42:04.985607 np0000179117 nova-scheduler[109030]: DEBUG cotyledon.oslo_config_glue [-] oslo_messaging_rabbit.rabbit_quorum_max_memory_length = 0 {{(pid=109030) log_opt_values /opt/stack/data/venv/lib/python3.12/site-packages/oslo_config/cfg.py:3256}}
Jun 09 08:42:04.985607 np0000179117 nova-scheduler[109030]: DEBUG cotyledon.oslo_config_glue [-] oslo_messaging_rabbit.rabbit_quorum_queue = False {{(pid=109030) log_opt_values /opt/stack/data/venv/lib/python3.12/site-packages/oslo_config/cfg.py:3256}}
Jun 09 08:42:04.985607 np0000179117 nova-scheduler[109030]: DEBUG cotyledon.oslo_config_glue [-] oslo_messaging_rabbit.rabbit_retry_backoff = 2 {{(pid=109030) log_opt_values /opt/stack/data/venv/lib/python3.12/site-packages/oslo_config/cfg.py:3256}}
Jun 09 08:42:04.985607 np0000179117 nova-scheduler[109030]: DEBUG cotyledon.oslo_config_glue [-] oslo_messaging_rabbit.rabbit_retry_interval = 1 {{(pid=109030) log_opt_values /opt/stack/data/venv/lib/python3.12/site-packages/oslo_config/cfg.py:3256}}
Jun 09 08:42:04.985607 np0000179117 nova-scheduler[109030]: DEBUG cotyledon.oslo_config_glue [-] oslo_messaging_rabbit.rabbit_stream_fanout = False {{(pid=109030) log_opt_values /opt/stack/data/venv/lib/python3.12/site-packages/oslo_config/cfg.py:3256}}
Jun 09 08:42:04.985607 np0000179117 nova-scheduler[109030]: DEBUG cotyledon.oslo_config_glue [-] oslo_messaging_rabbit.rabbit_transient_queues_ttl = 1800 {{(pid=109030) log_opt_values /opt/stack/data/venv/lib/python3.12/site-packages/oslo_config/cfg.py:3256}}
Jun 09 08:42:04.985813 np0000179117 nova-scheduler[109030]: DEBUG cotyledon.oslo_config_glue [-] oslo_messaging_rabbit.rabbit_transient_quorum_queue = False {{(pid=109030) log_opt_values /opt/stack/data/venv/lib/python3.12/site-packages/oslo_config/cfg.py:3256}}
Jun 09 08:42:04.985813 np0000179117 nova-scheduler[109030]: DEBUG cotyledon.oslo_config_glue [-] oslo_messaging_rabbit.rpc_conn_pool_size = 30 {{(pid=109030) log_opt_values /opt/stack/data/venv/lib/python3.12/site-packages/oslo_config/cfg.py:3256}}
Jun 09 08:42:04.985813 np0000179117 nova-scheduler[109030]: DEBUG cotyledon.oslo_config_glue [-] oslo_messaging_rabbit.ssl = False {{(pid=109030) log_opt_values /opt/stack/data/venv/lib/python3.12/site-packages/oslo_config/cfg.py:3256}}
Jun 09 08:42:04.985813 np0000179117 nova-scheduler[109030]: DEBUG cotyledon.oslo_config_glue [-] oslo_messaging_rabbit.ssl_ca_file = {{(pid=109030) log_opt_values /opt/stack/data/venv/lib/python3.12/site-packages/oslo_config/cfg.py:3256}}
Jun 09 08:42:04.985813 np0000179117 nova-scheduler[109030]: DEBUG cotyledon.oslo_config_glue [-] oslo_messaging_rabbit.ssl_cert_file = {{(pid=109030) log_opt_values /opt/stack/data/venv/lib/python3.12/site-packages/oslo_config/cfg.py:3256}}
Jun 09 08:42:04.985813 np0000179117 nova-scheduler[109030]: DEBUG cotyledon.oslo_config_glue [-] oslo_messaging_rabbit.ssl_enforce_fips_mode = False {{(pid=109030) log_opt_values /opt/stack/data/venv/lib/python3.12/site-packages/oslo_config/cfg.py:3256}}
Jun 09 08:42:04.985813 np0000179117 nova-scheduler[109030]: DEBUG cotyledon.oslo_config_glue [-] oslo_messaging_rabbit.ssl_enforce_hostname_verification = True {{(pid=109030) log_opt_values /opt/stack/data/venv/lib/python3.12/site-packages/oslo_config/cfg.py:3256}}
Jun 09 08:42:04.985813 np0000179117 nova-scheduler[109030]: DEBUG cotyledon.oslo_config_glue [-] oslo_messaging_rabbit.ssl_key_file = {{(pid=109030) log_opt_values /opt/stack/data/venv/lib/python3.12/site-packages/oslo_config/cfg.py:3256}}
Jun 09 08:42:04.985813 np0000179117 nova-scheduler[109030]: DEBUG cotyledon.oslo_config_glue [-] oslo_messaging_rabbit.ssl_version = {{(pid=109030) log_opt_values /opt/stack/data/venv/lib/python3.12/site-packages/oslo_config/cfg.py:3256}}
Jun 09 08:42:04.986055 np0000179117 nova-scheduler[109030]: DEBUG cotyledon.oslo_config_glue [-] oslo_messaging_rabbit.use_queue_manager = False {{(pid=109030) log_opt_values /opt/stack/data/venv/lib/python3.12/site-packages/oslo_config/cfg.py:3256}}
Jun 09 08:42:04.986055 np0000179117 nova-scheduler[109030]: DEBUG cotyledon.oslo_config_glue [-] oslo_messaging_notifications.driver = ['messagingv2'] {{(pid=109030) log_opt_values /opt/stack/data/venv/lib/python3.12/site-packages/oslo_config/cfg.py:3256}}
Jun 09 08:42:04.986055 np0000179117 nova-scheduler[109030]: DEBUG cotyledon.oslo_config_glue [-] oslo_messaging_notifications.retry = -1 {{(pid=109030) log_opt_values /opt/stack/data/venv/lib/python3.12/site-packages/oslo_config/cfg.py:3256}}
Jun 09 08:42:04.986055 np0000179117 nova-scheduler[109030]: DEBUG cotyledon.oslo_config_glue [-] oslo_messaging_notifications.topics = ['notifications'] {{(pid=109030) log_opt_values /opt/stack/data/venv/lib/python3.12/site-packages/oslo_config/cfg.py:3256}}
Jun 09 08:42:04.986163 np0000179117 nova-scheduler[109003]: DEBUG oslo_db.sqlalchemy.engines [None req-eb3d3d1b-09c6-4d74-9af3-6fabcc324565 None None] MySQL server mode set to STRICT_TRANS_TABLES,STRICT_ALL_TABLES,NO_ZERO_IN_DATE,NO_ZERO_DATE,ERROR_FOR_DIVISION_BY_ZERO,TRADITIONAL,NO_ENGINE_SUBSTITUTION {{(pid=109003) _check_effective_sql_mode /opt/stack/data/venv/lib/python3.12/site-packages/oslo_db/sqlalchemy/engines.py:325}}
Jun 09 08:42:04.986214 np0000179117 nova-scheduler[109030]: DEBUG cotyledon.oslo_config_glue [-] oslo_messaging_notifications.transport_url = **** {{(pid=109030) log_opt_values /opt/stack/data/venv/lib/python3.12/site-packages/oslo_config/cfg.py:3256}}
Jun 09 08:42:04.986214 np0000179117 nova-scheduler[109030]: DEBUG cotyledon.oslo_config_glue [-] oslo_limit.auth_section = None {{(pid=109030) log_opt_values /opt/stack/data/venv/lib/python3.12/site-packages/oslo_config/cfg.py:3256}}
Jun 09 08:42:04.986214 np0000179117 nova-scheduler[109030]: DEBUG cotyledon.oslo_config_glue [-] oslo_limit.auth_type = None {{(pid=109030) log_opt_values /opt/stack/data/venv/lib/python3.12/site-packages/oslo_config/cfg.py:3256}}
Jun 09 08:42:04.986214 np0000179117 nova-scheduler[109030]: DEBUG cotyledon.oslo_config_glue [-] oslo_limit.cafile = None {{(pid=109030) log_opt_values /opt/stack/data/venv/lib/python3.12/site-packages/oslo_config/cfg.py:3256}}
Jun 09 08:42:04.986214 np0000179117 nova-scheduler[109030]: DEBUG cotyledon.oslo_config_glue [-] oslo_limit.certfile = None {{(pid=109030) log_opt_values /opt/stack/data/venv/lib/python3.12/site-packages/oslo_config/cfg.py:3256}}
Jun 09 08:42:04.986214 np0000179117 nova-scheduler[109030]: DEBUG cotyledon.oslo_config_glue [-] oslo_limit.collect_timing = False {{(pid=109030) log_opt_values /opt/stack/data/venv/lib/python3.12/site-packages/oslo_config/cfg.py:3256}}
Jun 09 08:42:04.986214 np0000179117 nova-scheduler[109030]: DEBUG cotyledon.oslo_config_glue [-] oslo_limit.connect_retries = None {{(pid=109030) log_opt_values /opt/stack/data/venv/lib/python3.12/site-packages/oslo_config/cfg.py:3256}}
Jun 09 08:42:04.986214 np0000179117 nova-scheduler[109030]: DEBUG cotyledon.oslo_config_glue [-] oslo_limit.connect_retry_delay = None {{(pid=109030) log_opt_values /opt/stack/data/venv/lib/python3.12/site-packages/oslo_config/cfg.py:3256}}
Jun 09 08:42:04.986214 np0000179117 nova-scheduler[109030]: DEBUG cotyledon.oslo_config_glue [-] oslo_limit.endpoint_id = None {{(pid=109030) log_opt_values /opt/stack/data/venv/lib/python3.12/site-packages/oslo_config/cfg.py:3256}}
Jun 09 08:42:04.986482 np0000179117 nova-scheduler[109030]: DEBUG cotyledon.oslo_config_glue [-] oslo_limit.endpoint_interface = public {{(pid=109030) log_opt_values /opt/stack/data/venv/lib/python3.12/site-packages/oslo_config/cfg.py:3256}}
Jun 09 08:42:04.986482 np0000179117 nova-scheduler[109030]: DEBUG cotyledon.oslo_config_glue [-] oslo_limit.endpoint_override = None {{(pid=109030) log_opt_values /opt/stack/data/venv/lib/python3.12/site-packages/oslo_config/cfg.py:3256}}
Jun 09 08:42:04.986482 np0000179117 nova-scheduler[109030]: DEBUG cotyledon.oslo_config_glue [-] oslo_limit.endpoint_region_name = None {{(pid=109030) log_opt_values /opt/stack/data/venv/lib/python3.12/site-packages/oslo_config/cfg.py:3256}}
Jun 09 08:42:04.986482 np0000179117 nova-scheduler[109030]: DEBUG cotyledon.oslo_config_glue [-] oslo_limit.endpoint_service_name = None {{(pid=109030) log_opt_values /opt/stack/data/venv/lib/python3.12/site-packages/oslo_config/cfg.py:3256}}
Jun 09 08:42:04.986482 np0000179117 nova-scheduler[109030]: DEBUG cotyledon.oslo_config_glue [-] oslo_limit.endpoint_service_type = None {{(pid=109030) log_opt_values /opt/stack/data/venv/lib/python3.12/site-packages/oslo_config/cfg.py:3256}}
Jun 09 08:42:04.986482 np0000179117 nova-scheduler[109030]: DEBUG cotyledon.oslo_config_glue [-] oslo_limit.insecure = False {{(pid=109030) log_opt_values /opt/stack/data/venv/lib/python3.12/site-packages/oslo_config/cfg.py:3256}}
Jun 09 08:42:04.986482 np0000179117 nova-scheduler[109030]: DEBUG cotyledon.oslo_config_glue [-] oslo_limit.keyfile = None {{(pid=109030) log_opt_values /opt/stack/data/venv/lib/python3.12/site-packages/oslo_config/cfg.py:3256}}
Jun 09 08:42:04.986482 np0000179117 nova-scheduler[109030]: DEBUG cotyledon.oslo_config_glue [-] oslo_limit.max_version = None {{(pid=109030) log_opt_values /opt/stack/data/venv/lib/python3.12/site-packages/oslo_config/cfg.py:3256}}
Jun 09 08:42:04.986482 np0000179117 nova-scheduler[109030]: DEBUG cotyledon.oslo_config_glue [-] oslo_limit.min_version = None {{(pid=109030) log_opt_values /opt/stack/data/venv/lib/python3.12/site-packages/oslo_config/cfg.py:3256}}
Jun 09 08:42:04.986783 np0000179117 nova-scheduler[109030]: DEBUG cotyledon.oslo_config_glue [-] oslo_limit.region_name = None {{(pid=109030) log_opt_values /opt/stack/data/venv/lib/python3.12/site-packages/oslo_config/cfg.py:3256}}
Jun 09 08:42:04.986783 np0000179117 nova-scheduler[109030]: DEBUG cotyledon.oslo_config_glue [-] oslo_limit.retriable_status_codes = None {{(pid=109030) log_opt_values /opt/stack/data/venv/lib/python3.12/site-packages/oslo_config/cfg.py:3256}}
Jun 09 08:42:04.986783 np0000179117 nova-scheduler[109030]: DEBUG cotyledon.oslo_config_glue [-] oslo_limit.service_name = None {{(pid=109030) log_opt_values /opt/stack/data/venv/lib/python3.12/site-packages/oslo_config/cfg.py:3256}}
Jun 09 08:42:04.986783 np0000179117 nova-scheduler[109030]: DEBUG cotyledon.oslo_config_glue [-] oslo_limit.service_type = None {{(pid=109030) log_opt_values /opt/stack/data/venv/lib/python3.12/site-packages/oslo_config/cfg.py:3256}}
Jun 09 08:42:04.986783 np0000179117 nova-scheduler[109030]: DEBUG cotyledon.oslo_config_glue [-] oslo_limit.split_loggers = False {{(pid=109030) log_opt_values /opt/stack/data/venv/lib/python3.12/site-packages/oslo_config/cfg.py:3256}}
Jun 09 08:42:04.986783 np0000179117 nova-scheduler[109030]: DEBUG cotyledon.oslo_config_glue [-] oslo_limit.status_code_retries = None {{(pid=109030) log_opt_values /opt/stack/data/venv/lib/python3.12/site-packages/oslo_config/cfg.py:3256}}
Jun 09 08:42:04.986783 np0000179117 nova-scheduler[109030]: DEBUG cotyledon.oslo_config_glue [-] oslo_limit.status_code_retry_delay = None {{(pid=109030) log_opt_values /opt/stack/data/venv/lib/python3.12/site-packages/oslo_config/cfg.py:3256}}
Jun 09 08:42:04.986783 np0000179117 nova-scheduler[109030]: DEBUG cotyledon.oslo_config_glue [-] oslo_limit.timeout = None {{(pid=109030) log_opt_values /opt/stack/data/venv/lib/python3.12/site-packages/oslo_config/cfg.py:3256}}
Jun 09 08:42:04.986783 np0000179117 nova-scheduler[109030]: DEBUG cotyledon.oslo_config_glue [-] oslo_limit.valid_interfaces = None {{(pid=109030) log_opt_values /opt/stack/data/venv/lib/python3.12/site-packages/oslo_config/cfg.py:3256}}
Jun 09 08:42:04.987079 np0000179117 nova-scheduler[109030]: DEBUG cotyledon.oslo_config_glue [-] oslo_limit.version = None {{(pid=109030) log_opt_values /opt/stack/data/venv/lib/python3.12/site-packages/oslo_config/cfg.py:3256}}
Jun 09 08:42:04.987079 np0000179117 nova-scheduler[109030]: DEBUG cotyledon.oslo_config_glue [-] oslo_reports.file_event_handler = None {{(pid=109030) log_opt_values /opt/stack/data/venv/lib/python3.12/site-packages/oslo_config/cfg.py:3256}}
Jun 09 08:42:04.987079 np0000179117 nova-scheduler[109030]: DEBUG cotyledon.oslo_config_glue [-] oslo_reports.file_event_handler_interval = 1 {{(pid=109030) log_opt_values /opt/stack/data/venv/lib/python3.12/site-packages/oslo_config/cfg.py:3256}}
Jun 09 08:42:04.987079 np0000179117 nova-scheduler[109030]: DEBUG cotyledon.oslo_config_glue [-] oslo_reports.log_dir = None {{(pid=109030) log_opt_values /opt/stack/data/venv/lib/python3.12/site-packages/oslo_config/cfg.py:3256}}
Jun 09 08:42:04.987079 np0000179117 nova-scheduler[109030]: DEBUG cotyledon.oslo_config_glue [-] ******************************************************************************** {{(pid=109030) log_opt_values /opt/stack/data/venv/lib/python3.12/site-packages/oslo_config/cfg.py:3263}}
Jun 09 08:42:04.987237 np0000179117 nova-scheduler[109013]: DEBUG oslo_db.sqlalchemy.engines [None req-d3183b3f-25c0-452e-bf93-ee7abe671bdd None None] MySQL server mode set to STRICT_TRANS_TABLES,STRICT_ALL_TABLES,NO_ZERO_IN_DATE,NO_ZERO_DATE,ERROR_FOR_DIVISION_BY_ZERO,TRADITIONAL,NO_ENGINE_SUBSTITUTION {{(pid=109013) _check_effective_sql_mode /opt/stack/data/venv/lib/python3.12/site-packages/oslo_db/sqlalchemy/engines.py:325}}
Jun 09 08:42:04.987274 np0000179117 nova-scheduler[109030]: DEBUG cotyledon._service_worker [-] Run service ServiceWrapper(3) [109030] {{(pid=109030) wait_forever /opt/stack/data/venv/lib/python3.12/site-packages/cotyledon/_service_worker.py:218}}
Jun 09 08:42:04.987274 np0000179117 nova-scheduler[109030]: INFO nova.service [-] Starting scheduler node (version 33.1.0)
Jun 09 08:42:04.987760 np0000179117 nova-scheduler[109030]: INFO dbcounter [None req-749c7f1e-5fa1-4f64-98c8-a37aaa347c17 None None] Registered counter for database nova_cell0
Jun 09 08:42:04.990602 np0000179117 nova-scheduler[109003]: DEBUG dbcounter [-] [109003] Writer thread running {{(pid=109003) stat_writer /opt/stack/data/venv/lib/python3.12/site-packages/dbcounter.py:102}}
Jun 09 08:42:04.995378 np0000179117 nova-scheduler[109013]: DEBUG dbcounter [-] [109013] Writer thread running {{(pid=109013) stat_writer /opt/stack/data/venv/lib/python3.12/site-packages/dbcounter.py:102}}
Jun 09 08:42:05.002067 np0000179117 nova-scheduler[109021]: DEBUG oslo_db.sqlalchemy.engines [None req-8bcc6c8e-3a86-4a20-a35d-b79cf81a41d8 None None] MySQL server mode set to STRICT_TRANS_TABLES,STRICT_ALL_TABLES,NO_ZERO_IN_DATE,NO_ZERO_DATE,ERROR_FOR_DIVISION_BY_ZERO,TRADITIONAL,NO_ENGINE_SUBSTITUTION {{(pid=109021) _check_effective_sql_mode /opt/stack/data/venv/lib/python3.12/site-packages/oslo_db/sqlalchemy/engines.py:325}}
Jun 09 08:42:05.008478 np0000179117 nova-scheduler[109003]: DEBUG nova.service [None req-eb3d3d1b-09c6-4d74-9af3-6fabcc324565 None None] Creating RPC server for service: nova-scheduler on topic: scheduler {{(pid=109003) start /opt/stack/nova/nova/service.py:195}}
Jun 09 08:42:05.019593 np0000179117 nova-scheduler[109021]: DEBUG dbcounter [-] [109021] Writer thread running {{(pid=109021) stat_writer /opt/stack/data/venv/lib/python3.12/site-packages/dbcounter.py:102}}
Jun 09 08:42:05.022122 np0000179117 nova-scheduler[109013]: DEBUG nova.service [None req-d3183b3f-25c0-452e-bf93-ee7abe671bdd None None] Creating RPC server for service: nova-scheduler on topic: scheduler {{(pid=109013) start /opt/stack/nova/nova/service.py:195}}
Jun 09 08:42:05.022826 np0000179117 nova-scheduler[109021]: DEBUG nova.service [None req-8bcc6c8e-3a86-4a20-a35d-b79cf81a41d8 None None] Creating RPC server for service: nova-scheduler on topic: scheduler {{(pid=109021) start /opt/stack/nova/nova/service.py:195}}
Jun 09 08:42:05.039253 np0000179117 nova-scheduler[109003]: DEBUG nova.service [None req-eb3d3d1b-09c6-4d74-9af3-6fabcc324565 None None] Join ServiceGroup membership for this service scheduler {{(pid=109003) start /opt/stack/nova/nova/service.py:221}}
Jun 09 08:42:05.039916 np0000179117 nova-scheduler[109003]: DEBUG nova.servicegroup.drivers.db [None req-eb3d3d1b-09c6-4d74-9af3-6fabcc324565 None None] DB_Driver: join new ServiceGroup member np0000179117 to the scheduler group, service = {{(pid=109003) join /opt/stack/nova/nova/servicegroup/drivers/db.py:44}}
Jun 09 08:42:05.043549 np0000179117 nova-scheduler[109030]: DEBUG oslo_db.sqlalchemy.engines [None req-749c7f1e-5fa1-4f64-98c8-a37aaa347c17 None None] MySQL server mode set to STRICT_TRANS_TABLES,STRICT_ALL_TABLES,NO_ZERO_IN_DATE,NO_ZERO_DATE,ERROR_FOR_DIVISION_BY_ZERO,TRADITIONAL,NO_ENGINE_SUBSTITUTION {{(pid=109030) _check_effective_sql_mode /opt/stack/data/venv/lib/python3.12/site-packages/oslo_db/sqlalchemy/engines.py:325}}
Jun 09 08:42:05.046963 np0000179117 nova-scheduler[109021]: DEBUG nova.service [None req-8bcc6c8e-3a86-4a20-a35d-b79cf81a41d8 None None] Join ServiceGroup membership for this service scheduler {{(pid=109021) start /opt/stack/nova/nova/service.py:221}}
Jun 09 08:42:05.047737 np0000179117 nova-scheduler[109021]: DEBUG nova.servicegroup.drivers.db [None req-8bcc6c8e-3a86-4a20-a35d-b79cf81a41d8 None None] DB_Driver: join new ServiceGroup member np0000179117 to the scheduler group, service = {{(pid=109021) join /opt/stack/nova/nova/servicegroup/drivers/db.py:44}}
Jun 09 08:42:05.052564 np0000179117 nova-scheduler[109013]: DEBUG nova.service [None req-d3183b3f-25c0-452e-bf93-ee7abe671bdd None None] Join ServiceGroup membership for this service scheduler {{(pid=109013) start /opt/stack/nova/nova/service.py:221}}
Jun 09 08:42:05.053547 np0000179117 nova-scheduler[109013]: DEBUG nova.servicegroup.drivers.db [None req-d3183b3f-25c0-452e-bf93-ee7abe671bdd None None] DB_Driver: join new ServiceGroup member np0000179117 to the scheduler group, service = {{(pid=109013) join /opt/stack/nova/nova/servicegroup/drivers/db.py:44}}
Jun 09 08:42:05.060478 np0000179117 nova-scheduler[109030]: DEBUG dbcounter [-] [109030] Writer thread running {{(pid=109030) stat_writer /opt/stack/data/venv/lib/python3.12/site-packages/dbcounter.py:102}}
Jun 09 08:42:05.063762 np0000179117 nova-scheduler[109030]: DEBUG nova.service [None req-749c7f1e-5fa1-4f64-98c8-a37aaa347c17 None None] Creating RPC server for service: nova-scheduler on topic: scheduler {{(pid=109030) start /opt/stack/nova/nova/service.py:195}}
Jun 09 08:42:05.084278 np0000179117 nova-scheduler[109030]: DEBUG nova.service [None req-749c7f1e-5fa1-4f64-98c8-a37aaa347c17 None None] Join ServiceGroup membership for this service scheduler {{(pid=109030) start /opt/stack/nova/nova/service.py:221}}
Jun 09 08:42:05.084535 np0000179117 nova-scheduler[109030]: DEBUG nova.servicegroup.drivers.db [None req-749c7f1e-5fa1-4f64-98c8-a37aaa347c17 None None] DB_Driver: join new ServiceGroup member np0000179117 to the scheduler group, service = {{(pid=109030) join /opt/stack/nova/nova/servicegroup/drivers/db.py:44}}
Jun 09 08:42:10.063356 np0000179117 nova-scheduler[109003]: DEBUG oslo.service.backend._threading.loopingcall [-] Fixed interval looping call 'nova.servicegroup.drivers.db.DbDriver._report_state' sleeping for 119.98 seconds {{(pid=109003) _run_loop /opt/stack/data/venv/lib/python3.12/site-packages/oslo_service/backend/_threading/loopingcall.py:125}}
Jun 09 08:42:10.065375 np0000179117 nova-scheduler[109021]: DEBUG oslo.service.backend._threading.loopingcall [-] Fixed interval looping call 'nova.servicegroup.drivers.db.DbDriver._report_state' sleeping for 119.98 seconds {{(pid=109021) _run_loop /opt/stack/data/venv/lib/python3.12/site-packages/oslo_service/backend/_threading/loopingcall.py:125}}
Jun 09 08:42:10.066166 np0000179117 nova-scheduler[109013]: DEBUG oslo.service.backend._threading.loopingcall [-] Fixed interval looping call 'nova.servicegroup.drivers.db.DbDriver._report_state' sleeping for 119.99 seconds {{(pid=109013) _run_loop /opt/stack/data/venv/lib/python3.12/site-packages/oslo_service/backend/_threading/loopingcall.py:125}}
Jun 09 08:42:10.101406 np0000179117 nova-scheduler[109030]: DEBUG oslo.service.backend._threading.loopingcall [-] Fixed interval looping call 'nova.servicegroup.drivers.db.DbDriver._report_state' sleeping for 119.99 seconds {{(pid=109030) _run_loop /opt/stack/data/venv/lib/python3.12/site-packages/oslo_service/backend/_threading/loopingcall.py:125}}
Jun 09 08:42:13.496581 np0000179117 nova-scheduler[108297]: DEBUG dbcounter [-] [108297] Writing DB stats nova_api:SELECT=3 {{(pid=108297) stat_writer /opt/stack/data/venv/lib/python3.12/site-packages/dbcounter.py:115}}
Jun 09 08:42:13.675849 np0000179117 nova-scheduler[108297]: DEBUG dbcounter [-] [108297] Writing DB stats nova_cell0:SELECT=1 {{(pid=108297) stat_writer /opt/stack/data/venv/lib/python3.12/site-packages/dbcounter.py:115}}
Jun 09 08:42:13.680141 np0000179117 nova-scheduler[108297]: DEBUG dbcounter [-] [108297] Writing DB stats nova_cell1:SELECT=1 {{(pid=108297) stat_writer /opt/stack/data/venv/lib/python3.12/site-packages/dbcounter.py:115}}
Jun 09 08:42:20.056942 np0000179117 nova-scheduler[109003]: DEBUG dbcounter [-] [109003] Writing DB stats nova_cell0:SELECT=4,nova_cell0:INSERT=1,nova_cell0:UPDATE=1 {{(pid=109003) stat_writer /opt/stack/data/venv/lib/python3.12/site-packages/dbcounter.py:115}}
Jun 09 08:42:20.063902 np0000179117 nova-scheduler[109021]: DEBUG dbcounter [-] [109021] Writing DB stats nova_cell0:SELECT=3,nova_cell0:UPDATE=1 {{(pid=109021) stat_writer /opt/stack/data/venv/lib/python3.12/site-packages/dbcounter.py:115}}
Jun 09 08:42:20.065530 np0000179117 nova-scheduler[109013]: DEBUG dbcounter [-] [109013] Writing DB stats nova_cell0:SELECT=5,nova_cell0:INSERT=1 {{(pid=109013) stat_writer /opt/stack/data/venv/lib/python3.12/site-packages/dbcounter.py:115}}
Jun 09 08:42:20.099613 np0000179117 nova-scheduler[109030]: DEBUG dbcounter [-] [109030] Writing DB stats nova_cell0:SELECT=3 {{(pid=109030) stat_writer /opt/stack/data/venv/lib/python3.12/site-packages/dbcounter.py:115}}
Jun 09 08:42:36.088964 np0000179117 nova-scheduler[109030]: DEBUG oslo.service.backend._threading.loopingcall [None req-c6331f56-a9c0-4d8f-b85e-f1ff7bf2efaa None None] Dynamic interval looping call 'nova.service.Service.periodic_tasks' sleeping for 60.00 seconds {{(pid=109030) _run_loop /opt/stack/data/venv/lib/python3.12/site-packages/oslo_service/backend/_threading/loopingcall.py:125}}
Jun 09 08:42:44.064801 np0000179117 nova-scheduler[109021]: DEBUG oslo.service.backend._threading.loopingcall [None req-f269ccb7-4b26-40a9-9aa2-4a6c1b11f603 None None] Dynamic interval looping call 'nova.service.Service.periodic_tasks' sleeping for 60.00 seconds {{(pid=109021) _run_loop /opt/stack/data/venv/lib/python3.12/site-packages/oslo_service/backend/_threading/loopingcall.py:125}}
Jun 09 08:43:00.044125 np0000179117 nova-scheduler[109003]: DEBUG oslo.service.backend._threading.loopingcall [None req-8ebfa996-b846-45c4-8b33-37d0cf5cb9a4 None None] Dynamic interval looping call 'nova.service.Service.periodic_tasks' sleeping for 60.00 seconds {{(pid=109003) _run_loop /opt/stack/data/venv/lib/python3.12/site-packages/oslo_service/backend/_threading/loopingcall.py:125}}
Jun 09 08:43:03.057345 np0000179117 nova-scheduler[109013]: DEBUG oslo.service.backend._threading.loopingcall [None req-0be86c5f-441c-436d-bfd1-47968c042e67 None None] Dynamic interval looping call 'nova.service.Service.periodic_tasks' sleeping for 60.00 seconds {{(pid=109013) _run_loop /opt/stack/data/venv/lib/python3.12/site-packages/oslo_service/backend/_threading/loopingcall.py:125}}
Jun 09 08:43:36.089968 np0000179117 nova-scheduler[109030]: DEBUG oslo.service.backend._threading.loopingcall [None req-c6331f56-a9c0-4d8f-b85e-f1ff7bf2efaa None None] Dynamic interval looping call 'nova.service.Service.periodic_tasks' sleeping for 60.00 seconds {{(pid=109030) _run_loop /opt/stack/data/venv/lib/python3.12/site-packages/oslo_service/backend/_threading/loopingcall.py:125}}
Jun 09 08:43:44.065859 np0000179117 nova-scheduler[109021]: DEBUG oslo.service.backend._threading.loopingcall [None req-f269ccb7-4b26-40a9-9aa2-4a6c1b11f603 None None] Dynamic interval looping call 'nova.service.Service.periodic_tasks' sleeping for 60.00 seconds {{(pid=109021) _run_loop /opt/stack/data/venv/lib/python3.12/site-packages/oslo_service/backend/_threading/loopingcall.py:125}}
Jun 09 08:44:00.044931 np0000179117 nova-scheduler[109003]: DEBUG oslo.service.backend._threading.loopingcall [None req-8ebfa996-b846-45c4-8b33-37d0cf5cb9a4 None None] Dynamic interval looping call 'nova.service.Service.periodic_tasks' sleeping for 60.00 seconds {{(pid=109003) _run_loop /opt/stack/data/venv/lib/python3.12/site-packages/oslo_service/backend/_threading/loopingcall.py:125}}
Jun 09 08:44:03.059786 np0000179117 nova-scheduler[109013]: DEBUG oslo.service.backend._threading.loopingcall [None req-0be86c5f-441c-436d-bfd1-47968c042e67 None None] Dynamic interval looping call 'nova.service.Service.periodic_tasks' sleeping for 60.00 seconds {{(pid=109013) _run_loop /opt/stack/data/venv/lib/python3.12/site-packages/oslo_service/backend/_threading/loopingcall.py:125}}
Jun 09 08:44:10.058042 np0000179117 nova-scheduler[109003]: DEBUG oslo.service.backend._threading.loopingcall [-] Fixed interval looping call 'nova.servicegroup.drivers.db.DbDriver._report_state' sleeping for 119.99 seconds {{(pid=109003) _run_loop /opt/stack/data/venv/lib/python3.12/site-packages/oslo_service/backend/_threading/loopingcall.py:125}}
Jun 09 08:44:10.058759 np0000179117 nova-scheduler[109021]: DEBUG oslo.service.backend._threading.loopingcall [-] Fixed interval looping call 'nova.servicegroup.drivers.db.DbDriver._report_state' sleeping for 119.99 seconds {{(pid=109021) _run_loop /opt/stack/data/venv/lib/python3.12/site-packages/oslo_service/backend/_threading/loopingcall.py:125}}
Jun 09 08:44:10.062589 np0000179117 nova-scheduler[109013]: DEBUG oslo.service.backend._threading.loopingcall [-] Fixed interval looping call 'nova.servicegroup.drivers.db.DbDriver._report_state' sleeping for 119.99 seconds {{(pid=109013) _run_loop /opt/stack/data/venv/lib/python3.12/site-packages/oslo_service/backend/_threading/loopingcall.py:125}}
Jun 09 08:44:10.099047 np0000179117 nova-scheduler[109030]: DEBUG oslo.service.backend._threading.loopingcall [-] Fixed interval looping call 'nova.servicegroup.drivers.db.DbDriver._report_state' sleeping for 119.99 seconds {{(pid=109030) _run_loop /opt/stack/data/venv/lib/python3.12/site-packages/oslo_service/backend/_threading/loopingcall.py:125}}
Jun 09 08:44:20.051412 np0000179117 nova-scheduler[109003]: DEBUG dbcounter [-] [109003] Writing DB stats nova_cell0:SELECT=1,nova_cell0:UPDATE=1 {{(pid=109003) stat_writer /opt/stack/data/venv/lib/python3.12/site-packages/dbcounter.py:115}}
Jun 09 08:44:20.052181 np0000179117 nova-scheduler[109021]: DEBUG dbcounter [-] [109021] Writing DB stats nova_cell0:SELECT=1,nova_cell0:UPDATE=1 {{(pid=109021) stat_writer /opt/stack/data/venv/lib/python3.12/site-packages/dbcounter.py:115}}
Jun 09 08:44:20.059886 np0000179117 nova-scheduler[109013]: DEBUG dbcounter [-] [109013] Writing DB stats nova_cell0:SELECT=1 {{(pid=109013) stat_writer /opt/stack/data/venv/lib/python3.12/site-packages/dbcounter.py:115}}
Jun 09 08:44:20.094985 np0000179117 nova-scheduler[109030]: DEBUG dbcounter [-] [109030] Writing DB stats nova_cell0:SELECT=1 {{(pid=109030) stat_writer /opt/stack/data/venv/lib/python3.12/site-packages/dbcounter.py:115}}
Jun 09 08:44:36.090945 np0000179117 nova-scheduler[109030]: DEBUG oslo.service.backend._threading.loopingcall [None req-c6331f56-a9c0-4d8f-b85e-f1ff7bf2efaa None None] Dynamic interval looping call 'nova.service.Service.periodic_tasks' sleeping for 60.00 seconds {{(pid=109030) _run_loop /opt/stack/data/venv/lib/python3.12/site-packages/oslo_service/backend/_threading/loopingcall.py:125}}
Jun 09 08:44:44.066714 np0000179117 nova-scheduler[109021]: DEBUG oslo.service.backend._threading.loopingcall [None req-f269ccb7-4b26-40a9-9aa2-4a6c1b11f603 None None] Dynamic interval looping call 'nova.service.Service.periodic_tasks' sleeping for 60.00 seconds {{(pid=109021) _run_loop /opt/stack/data/venv/lib/python3.12/site-packages/oslo_service/backend/_threading/loopingcall.py:125}}
Jun 09 08:45:00.045910 np0000179117 nova-scheduler[109003]: DEBUG oslo.service.backend._threading.loopingcall [None req-8ebfa996-b846-45c4-8b33-37d0cf5cb9a4 None None] Dynamic interval looping call 'nova.service.Service.periodic_tasks' sleeping for 60.00 seconds {{(pid=109003) _run_loop /opt/stack/data/venv/lib/python3.12/site-packages/oslo_service/backend/_threading/loopingcall.py:125}}
Jun 09 08:45:03.060708 np0000179117 nova-scheduler[109013]: DEBUG oslo.service.backend._threading.loopingcall [None req-0be86c5f-441c-436d-bfd1-47968c042e67 None None] Dynamic interval looping call 'nova.service.Service.periodic_tasks' sleeping for 60.00 seconds {{(pid=109013) _run_loop /opt/stack/data/venv/lib/python3.12/site-packages/oslo_service/backend/_threading/loopingcall.py:125}}
Jun 09 08:45:36.091861 np0000179117 nova-scheduler[109030]: DEBUG oslo.service.backend._threading.loopingcall [None req-c6331f56-a9c0-4d8f-b85e-f1ff7bf2efaa None None] Dynamic interval looping call 'nova.service.Service.periodic_tasks' sleeping for 60.00 seconds {{(pid=109030) _run_loop /opt/stack/data/venv/lib/python3.12/site-packages/oslo_service/backend/_threading/loopingcall.py:125}}
Jun 09 08:45:44.067605 np0000179117 nova-scheduler[109021]: DEBUG oslo.service.backend._threading.loopingcall [None req-f269ccb7-4b26-40a9-9aa2-4a6c1b11f603 None None] Dynamic interval looping call 'nova.service.Service.periodic_tasks' sleeping for 60.00 seconds {{(pid=109021) _run_loop /opt/stack/data/venv/lib/python3.12/site-packages/oslo_service/backend/_threading/loopingcall.py:125}}
Jun 09 08:46:00.046768 np0000179117 nova-scheduler[109003]: DEBUG oslo.service.backend._threading.loopingcall [None req-8ebfa996-b846-45c4-8b33-37d0cf5cb9a4 None None] Dynamic interval looping call 'nova.service.Service.periodic_tasks' sleeping for 60.00 seconds {{(pid=109003) _run_loop /opt/stack/data/venv/lib/python3.12/site-packages/oslo_service/backend/_threading/loopingcall.py:125}}
Jun 09 08:46:03.062385 np0000179117 nova-scheduler[109013]: DEBUG oslo.service.backend._threading.loopingcall [None req-0be86c5f-441c-436d-bfd1-47968c042e67 None None] Dynamic interval looping call 'nova.service.Service.periodic_tasks' sleeping for 60.00 seconds {{(pid=109013) _run_loop /opt/stack/data/venv/lib/python3.12/site-packages/oslo_service/backend/_threading/loopingcall.py:125}}
Jun 09 08:46:10.059687 np0000179117 nova-scheduler[109003]: DEBUG oslo.service.backend._threading.loopingcall [-] Fixed interval looping call 'nova.servicegroup.drivers.db.DbDriver._report_state' sleeping for 119.99 seconds {{(pid=109003) _run_loop /opt/stack/data/venv/lib/python3.12/site-packages/oslo_service/backend/_threading/loopingcall.py:125}}
Jun 09 08:46:10.060297 np0000179117 nova-scheduler[109021]: DEBUG oslo.service.backend._threading.loopingcall [-] Fixed interval looping call 'nova.servicegroup.drivers.db.DbDriver._report_state' sleeping for 119.99 seconds {{(pid=109021) _run_loop /opt/stack/data/venv/lib/python3.12/site-packages/oslo_service/backend/_threading/loopingcall.py:125}}
Jun 09 08:46:10.060695 np0000179117 nova-scheduler[109013]: DEBUG oslo.service.backend._threading.loopingcall [-] Fixed interval looping call 'nova.servicegroup.drivers.db.DbDriver._report_state' sleeping for 119.99 seconds {{(pid=109013) _run_loop /opt/stack/data/venv/lib/python3.12/site-packages/oslo_service/backend/_threading/loopingcall.py:125}}
Jun 09 08:46:10.095576 np0000179117 nova-scheduler[109030]: DEBUG oslo.service.backend._threading.loopingcall [-] Fixed interval looping call 'nova.servicegroup.drivers.db.DbDriver._report_state' sleeping for 119.99 seconds {{(pid=109030) _run_loop /opt/stack/data/venv/lib/python3.12/site-packages/oslo_service/backend/_threading/loopingcall.py:125}}